66.249.75.199 - - [13/Mar/2019:01:27:40 -0500] "GET /cyber/ecour/eco3a.htm HTTP/1.1" 404 1019
66.249.69.143 - - [13/Mar/2019:01:27:57 -0500] "GET /BLA/resoluciones/AUTOS%202017/0886.pdf HTTP/1.1" 304 -
66.249.69.141 - - [13/Mar/2019:01:28:15 -0500] "GET /PruebasSTORM/StormSDA_pruebas/userFiles/user_files.jnlp HTTP/1.1" 304 -
192.168.175.104 - - [13/Mar/2019:01:28:15 -0500] "GET / HTTP/1.1" 200 9990
66.249.69.143 - - [13/Mar/2019:01:28:18 -0500] "GET /resoluciones/RESOLUCIONES%202008/3425.pdf HTTP/1.1" 404 1018
66.249.69.141 - - [13/Mar/2019:01:28:21 -0500] "GET /BLA/resoluciones/RESOLUCIONES%202010/7264.pdf HTTP/1.1" 200 261320
54.36.150.33 - - [13/Mar/2019:01:28:24 -0500] "GET /BLA/resoluciones/RESOLUCIONES%202004/RES%202004%201751-1800/00001773.tif HTTP/1.1" 200 148860
69.162.124.233 - - [13/Mar/2019:01:28:24 -0500] "HEAD / HTTP/1.1" 200 -
218.75.37.20 - - [13/Mar/2019:01:28:34 -0500] "-" 408 -
66.249.69.144 - - [13/Mar/2019:01:28:51 -0500] "GET /BLA/resoluciones/AUTOS%202014/7200.pdf HTTP/1.1" 304 -
66.249.69.141 - - [13/Mar/2019:01:29:14 -0500] "GET /BLA/resoluciones/RESOLUCIONES%202010/6869.pdf HTTP/1.1" 200 188608
192.168.175.104 - - [13/Mar/2019:01:29:30 -0500] "GET / HTTP/1.0" 200 9990
66.249.69.143 - - [13/Mar/2019:01:29:46 -0500] "GET /BLA/resoluciones/RESOLUCIONES%202008/3817.pdf HTTP/1.1" 200 732975
152.61.128.50 - - [13/Mar/2019:01:29:54 -0500] "GET / HTTP/1.1" 200 9990
201.245.192.253 - - [13/Mar/2019:01:29:26 -0500] "POST /kwsrmcab/Wsrmcab HTTP/1.1" 200 29947
152.61.128.50 - - [13/Mar/2019:01:29:54 -0500] "GET /arcgis/services/Calidad_del_Agua_WQI/MapServer/WMSServer?request=GetCapabilities&service=WMS HTTP/1.1" 503 1020
152.61.128.50 - - [13/Mar/2019:01:30:15 -0500] "GET /arcgis/services/Calidad_del_Agua_WQI/MapServer/WMSServer?SERVICE=WMS&REQUEST=GetCapabilities HTTP/1.1" 503 1020
152.61.128.50 - - [13/Mar/2019:01:30:16 -0500] "GET /arcgis/services/Calidad_del_Agua_WQI/MapServer/WMSServer?WMTVER=1.0.0&REQUEST=capabilities HTTP/1.1" 503 1020
66.249.69.141 - - [13/Mar/2019:01:30:22 -0500] "GET /BLA/resoluciones/AUTOS%202015/2057.pdf HTTP/1.1" 304 -
66.249.69.141 - - [13/Mar/2019:01:30:27 -0500] "GET /BLA/resoluciones/RESOLUCIONES%202005/RES%202005%20%201601-1650/00001620.tif HTTP/1.1" 200 207876
66.249.69.141 - - [13/Mar/2019:01:30:59 -0500] "GET /videos/23demayo/ HTTP/1.1" 200 5973
66.249.69.141 - - [13/Mar/2019:01:31:10 -0500] "GET /BLA/resoluciones/RESOLUCIONES%202007/RES%202007%202501%20AL%202600/RESOLUCION%202544%20%20DE%202007.pdf HTTP/1.1" 200 694545
66.249.69.143 - - [13/Mar/2019:01:31:22 -0500] "GET /BLA/resoluciones/AUTOS%202011/5141.pdf HTTP/1.1" 200 1043803
66.249.75.203 - - [13/Mar/2019:01:31:33 -0500] "GET /cyber/ecour/eco6a.htm HTTP/1.1" 404 1019
54.36.148.64 - - [13/Mar/2019:01:31:38 -0500] "GET /BLA/resoluciones/index.php?dir=RESOLUCIONES%202019/&sort=name&order=asc HTTP/1.1" 200 5100
66.249.69.141 - - [13/Mar/2019:01:32:30 -0500] "GET /BLA/resoluciones/RESOLUCIONES%202007/RES%202007%202601%20AL%202700/RESOLUCION%202641%20DE%202007.pdf HTTP/1.1" 200 981546
66.249.69.141 - - [13/Mar/2019:01:32:50 -0500] "GET /BLA/resoluciones/AUTOS%202007/0724.pdf HTTP/1.1" 200 87139
66.249.69.141 - - [13/Mar/2019:01:33:00 -0500] "GET /BLA/resoluciones/RESOLUCIONES%202010/4014.pdf HTTP/1.1" 200 63874
66.249.69.141 - - [13/Mar/2019:01:33:06 -0500] "GET /BLA/resoluciones/RESOLUCIONES%202013/2054.pdf HTTP/1.1" 200 726789
192.168.175.104 - - [13/Mar/2019:01:33:13 -0500] "GET / HTTP/1.1" 200 9990
69.162.124.233 - - [13/Mar/2019:01:33:24 -0500] "HEAD / HTTP/1.1" 200 -
66.249.69.141 - - [13/Mar/2019:01:33:43 -0500] "GET /BLA/resoluciones/AUTOS%202014/3289.pdf HTTP/1.1" 200 488294
66.249.69.143 - - [13/Mar/2019:01:34:01 -0500] "GET /BLA/resoluciones/AUTOS%202016/1749.pdf HTTP/1.1" 200 534502
66.249.69.141 - - [13/Mar/2019:01:34:19 -0500] "GET /BLA/resoluciones/AUTOS%202008/2093.pdf HTTP/1.1" 200 84918
207.46.13.140 - - [13/Mar/2019:01:34:06 -0500] "GET /POT-2013/Cartografia/33_UPZ_2013_V1.pdf HTTP/1.1" 200 4878906
192.168.175.104 - - [13/Mar/2019:01:34:28 -0500] "GET / HTTP/1.0" 200 9990
66.249.69.141 - - [13/Mar/2019:01:34:37 -0500] "GET /sia/sia.jspx HTTP/1.1" 200 16434
66.249.69.141 - - [13/Mar/2019:01:35:14 -0500] "GET /BLA/resoluciones/AUTOS%202015/4905.pdf HTTP/1.1" 200 525195
66.249.75.203 - - [13/Mar/2019:01:35:28 -0500] "GET /cyber/ecour/eco1a.htm HTTP/1.1" 404 1019
191.109.163.162 - - [13/Mar/2019:01:35:43 -0500] "GET /galeria/galeria/jquery.fancybox.css?v=2.1.5 HTTP/1.1" 200 4895
191.109.163.162 - - [13/Mar/2019:01:35:43 -0500] "GET /BLA/boletinlegal/js/jquery.scrollShow.js HTTP/1.1" 200 4586
191.109.163.162 - - [13/Mar/2019:01:35:43 -0500] "GET /galeria/galeria/jquery.fancybox.js?v=2.1.5 HTTP/1.1" 200 48706
207.46.13.173 - - [13/Mar/2019:01:35:49 -0500] "GET /SIG/Comunicaciones/126PG02-PR09.pdf HTTP/1.1" 200 95162
66.249.69.143 - - [13/Mar/2019:01:35:50 -0500] "GET /BLA/resoluciones/AUTOS%202015/0928.pdf HTTP/1.1" 304 -
54.38.159.90 - - [13/Mar/2019:01:36:12 -0500] "GET / HTTP/1.1" 200 9990
54.36.148.88 - - [13/Mar/2019:01:36:12 -0500] "GET /BLA/resoluciones/RESOLUCIONES%202003/RES%202003%201501-1550/20031502.tif HTTP/1.1" 200 80232
66.249.69.143 - - [13/Mar/2019:01:36:16 -0500] "GET /BLA/resoluciones/RESOLUCIONES%202014/1180.pdf HTTP/1.1" 200 884124
66.249.69.143 - - [13/Mar/2019:01:36:18 -0500] "GET /BLA/resoluciones/AUTOS%202007/3075.pdf HTTP/1.1" 200 253621
66.249.69.141 - - [13/Mar/2019:01:36:26 -0500] "GET /BLA/resoluciones/RESOLUCIONES%202007/RES%202007%202701%20AL%202800/RESOLUCION%202740%20DE%202007.pdf HTTP/1.1" 200 187950
66.249.69.141 - - [13/Mar/2019:01:36:38 -0500] "GET /BLA/resoluciones/AUTOS%202010/4271.pdf HTTP/1.1" 200 238597
66.249.69.141 - - [13/Mar/2019:01:36:59 -0500] "GET /BLA/resoluciones/RESOLUCIONES%202005/RES%202005%20%201601-1650/00001624.tif HTTP/1.1" 200 139520
40.77.167.53 - - [13/Mar/2019:01:37:20 -0500] "GET /galeria/galeria/fotos/Encuentro-de-Movimientos7G.jpg HTTP/1.1" 200 139373
66.249.69.144 - - [13/Mar/2019:01:37:57 -0500] "GET /BLA/resoluciones/AUTOS%202011/2094.pdf HTTP/1.1" 200 144291
66.102.7.193 - - [13/Mar/2019:01:38:11 -0500] "GET /galeria/nivo-slider/demo/images/Rendicion.png HTTP/1.1" 200 262274
192.168.175.104 - - [13/Mar/2019:01:38:11 -0500] "GET / HTTP/1.1" 200 9990
66.249.69.141 - - [13/Mar/2019:01:38:16 -0500] "GET /BLA/resoluciones/RESOLUCIONES%202011/5852.pdf HTTP/1.1" 200 419286
54.36.148.224 - - [13/Mar/2019:01:38:16 -0500] "GET /BLA/resoluciones/RESOLUCIONES%202003/RES%202003%20351-400/377.tif HTTP/1.1" 200 250140
69.162.124.233 - - [13/Mar/2019:01:38:24 -0500] "HEAD / HTTP/1.1" 200 -
51.15.53.83 - - [13/Mar/2019:01:38:32 -0500] "GET / HTTP/1.1" 200 9990
123.126.113.94 - - [13/Mar/2019:01:38:36 -0500] "GET /robots.txt HTTP/1.1" 404 1015
123.126.113.94 - - [13/Mar/2019:01:38:36 -0500] "GET / HTTP/1.1" 304 -
66.249.69.144 - - [13/Mar/2019:01:38:52 -0500] "GET /BLA/resoluciones/AUTOS%202013/1406.pdf HTTP/1.1" 304 -
66.249.69.143 - - [13/Mar/2019:01:39:10 -0500] "GET /BLA/resoluciones/AUTOS%202009/2060.pdf HTTP/1.1" 304 -
181.142.42.98 - - [13/Mar/2019:01:39:15 -0500] "GET /BLA/resoluciones/AUTOS%202015/2881.pdf HTTP/1.1" 200 622436
181.142.42.98 - - [13/Mar/2019:01:39:16 -0500] "GET /favicon.ico HTTP/1.1" 200 7782
181.142.42.98 - - [13/Mar/2019:01:39:18 -0500] "GET /BLA/resoluciones/RESOLUCIONES%202017/0801.pdf HTTP/1.1" 200 508371
187.209.20.183 - - [13/Mar/2019:01:39:23 -0500] "GET /galeria/galeria/jquery.fancybox.css?v=2.1.5 HTTP/1.1" 200 4895
187.209.20.183 - - [13/Mar/2019:01:39:23 -0500] "GET /BLA/boletinlegal/js/jquery.scrollShow.js HTTP/1.1" 200 4586
187.209.20.183 - - [13/Mar/2019:01:39:24 -0500] "GET /galeria/galeria/jquery.fancybox.js?v=2.1.5 HTTP/1.1" 200 48706
66.249.75.201 - - [13/Mar/2019:01:39:24 -0500] "GET /cyber/ecour/eco8a.htm HTTP/1.1" 404 1019
192.168.175.104 - - [13/Mar/2019:01:39:26 -0500] "GET / HTTP/1.0" 200 9990
66.249.69.141 - - [13/Mar/2019:01:39:28 -0500] "GET /BLA/resoluciones/RESOLUCIONES%202008/4003.pdf HTTP/1.1" 304 -
181.55.234.178 - - [13/Mar/2019:01:39:36 -0500] "GET /galeria/galeria/jquery.fancybox.js?v=2.1.5 HTTP/1.1" 200 48706
181.55.234.178 - - [13/Mar/2019:01:39:36 -0500] "GET /BLA/boletinlegal/js/jquery.scrollShow.js HTTP/1.1" 200 4586
181.55.234.178 - - [13/Mar/2019:01:39:36 -0500] "GET /galeria/galeria/jquery.fancybox.css?v=2.1.5 HTTP/1.1" 200 4895
181.55.234.178 - - [13/Mar/2019:01:39:36 -0500] "GET /galeria/carrusel/Carrusel/jquery-ui-1.8.13.custom.min.js HTTP/1.1" 200 10800
181.55.234.178 - - [13/Mar/2019:01:39:36 -0500] "GET /galeria/carrusel/Carrusel/jquery.thumbnailScroller.css HTTP/1.1" 200 2066
181.55.234.178 - - [13/Mar/2019:01:39:36 -0500] "GET /galeria/carrusel/Carrusel/jquery.thumbnailScroller.js HTTP/1.1" 200 8157
181.55.234.178 - - [13/Mar/2019:01:39:39 -0500] "GET /galeria/nivo-slider/demo/demo.html HTTP/1.1" 200 23257
181.55.234.178 - - [13/Mar/2019:01:39:40 -0500] "GET /galeria/nivo-slider/themes/orman/orman.css HTTP/1.1" 200 2152
181.55.234.178 - - [13/Mar/2019:01:39:40 -0500] "GET /galeria/nivo-slider/themes/default/default.css HTTP/1.1" 200 1569
181.55.234.178 - - [13/Mar/2019:01:39:40 -0500] "GET /galeria/nivo-slider/themes/pascal/pascal.css HTTP/1.1" 200 2258
181.55.234.178 - - [13/Mar/2019:01:39:40 -0500] "GET /galeria/nivo-slider/demo/images/Trafico%20de%20fauna.jpg HTTP/1.1" 200 198327
181.55.234.178 - - [13/Mar/2019:01:39:40 -0500] "GET /galeria/nivo-slider/nivo-slider.css HTTP/1.1" 200 1507
181.55.234.178 - - [13/Mar/2019:01:39:40 -0500] "GET /galeria/nivo-slider/demo/style.css HTTP/1.1" 200 2222
181.55.234.178 - - [13/Mar/2019:01:39:40 -0500] "GET /galeria/nivo-slider/demo/scripts/jquery-1.7.1.min.js HTTP/1.1" 200 93868
181.55.234.178 - - [13/Mar/2019:01:39:40 -0500] "GET /galeria/nivo-slider/demo/images/Bannerweb_Tinguas.jpg HTTP/1.1" 200 258471
181.55.234.178 - - [13/Mar/2019:01:39:40 -0500] "GET /galeria/nivo-slider/jquery.nivo.slider.pack.js HTTP/1.1" 200 11561
181.55.234.178 - - [13/Mar/2019:01:39:40 -0500] "GET /galeria/nivo-slider/demo/images/Banner%20dia%20de%20la%20mujer.png HTTP/1.1" 200 208402
181.55.234.178 - - [13/Mar/2019:01:39:40 -0500] "GET /galeria/nivo-slider/demo/images/Banner%20socializacion%20mercurio.jpg HTTP/1.1" 200 157985
181.55.234.178 - - [13/Mar/2019:01:39:40 -0500] "GET /galeria/nivo-slider/demo/images/Caminatas%20marzo.png HTTP/1.1" 200 661357
181.55.234.178 - - [13/Mar/2019:01:39:40 -0500] "GET /galeria/nivo-slider/demo/images/PGAE%20banner.jpg HTTP/1.1" 200 258128
181.55.234.178 - - [13/Mar/2019:01:39:41 -0500] "GET /galeria/nivo-slider/demo/images/Banner%20Conpes.jpg HTTP/1.1" 200 55220
181.55.234.178 - - [13/Mar/2019:01:39:41 -0500] "GET /galeria/nivo-slider/demo/images/Banner%20practicas%20sostenibles.jpg HTTP/1.1" 200 142958
181.55.234.178 - - [13/Mar/2019:01:39:41 -0500] "GET /galeria/nivo-slider/demo/images/Banner%20POT.png HTTP/1.1" 200 418238
181.55.234.178 - - [13/Mar/2019:01:39:41 -0500] "GET /galeria/nivo-slider/demo/images/incendios-forestales.png HTTP/1.1" 200 61469
181.55.234.178 - - [13/Mar/2019:01:39:42 -0500] "GET /galeria/nivo-slider/demo/images/Pot_banner.jpg HTTP/1.1" 200 204736
181.55.234.178 - - [13/Mar/2019:01:39:42 -0500] "GET /galeria/nivo-slider/demo/images/BANNER%20punto.jpg HTTP/1.1" 200 75932
181.55.234.178 - - [13/Mar/2019:01:39:42 -0500] "GET /galeria/nivo-slider/demo/images/Banneranonimos.png HTTP/1.1" 200 109388
181.55.234.178 - - [13/Mar/2019:01:39:42 -0500] "GET /galeria/nivo-slider/demo/images/web%20ingreso%20humedales.png HTTP/1.1" 200 641193
181.55.234.178 - - [13/Mar/2019:01:39:43 -0500] "GET /galeria/nivo-slider/demo/images/gobierno%20digital-01.jpg HTTP/1.1" 200 116163
181.55.234.178 - - [13/Mar/2019:01:39:43 -0500] "GET /galeria/nivo-slider/demo/images/Otorgamiento-excelencia-ambiental-Jos%C3%A9-Celestino-Mutis-2.jpg HTTP/1.1" 200 276467
181.55.234.178 - - [13/Mar/2019:01:39:43 -0500] "GET /galeria/nivo-slider/demo/images/Banner_micrositio.png HTTP/1.1" 200 146950
181.55.234.178 - - [13/Mar/2019:01:39:43 -0500] "GET /galeria/nivo-slider/demo/images/avances-sentencias-rio-bogota-2.jpg HTTP/1.1" 200 304916
181.55.234.178 - - [13/Mar/2019:01:39:44 -0500] "GET /galeria/nivo-slider/demo/images/4Simple_Slider.png HTTP/1.1" 200 11722
181.55.234.178 - - [13/Mar/2019:01:39:44 -0500] "GET /galeria/nivo-slider/themes/default/loading.gif HTTP/1.1" 200 1737
181.55.234.178 - - [13/Mar/2019:01:39:44 -0500] "GET /galeria/nivo-slider/demo/images/BANNER%20VAN%20DER%20HAMMEN.jpg HTTP/1.1" 200 64172
181.55.234.178 - - [13/Mar/2019:01:39:44 -0500] "GET /galeria/nivo-slider/demo/images/banner-humedales-de-bogota.jpg HTTP/1.1" 200 292611
181.55.234.178 - - [13/Mar/2019:01:39:44 -0500] "GET /galeria/nivo-slider/demo/images/maximavelocidad.png HTTP/1.1" 200 880272
181.55.234.178 - - [13/Mar/2019:01:39:44 -0500] "GET /galeria/nivo-slider/demo/images/banner%20aceite%20vegetal%20usado.jpg HTTP/1.1" 200 169350
181.55.234.178 - - [13/Mar/2019:01:39:44 -0500] "GET /galeria/nivo-slider/demo/images/bannerlumina2017web.jpg HTTP/1.1" 200 198918
181.55.234.178 - - [13/Mar/2019:01:39:45 -0500] "GET /galeria/nivo-slider/demo/images/banner-bolsas-plasticas.jpg HTTP/1.1" 200 317939
66.249.69.143 - - [13/Mar/2019:01:39:47 -0500] "GET /BLA/resoluciones/RESOLUCIONES%202007/RES%202007%203301%20AL%203400/RESOLUCION%203376%20DE%202007.pdf HTTP/1.1" 304 -
181.55.234.178 - - [13/Mar/2019:01:39:47 -0500] "GET /galeria/nivo-slider/themes/default/arrows.png HTTP/1.1" 200 824
181.55.234.178 - - [13/Mar/2019:01:39:47 -0500] "GET /galeria/nivo-slider/themes/default/bullets.png HTTP/1.1" 200 1281
66.249.69.141 - - [13/Mar/2019:01:40:05 -0500] "GET /BLA/resoluciones/RESOLUCIONES%202007/RES%202007%203301%20AL%203400/RESOLUCION%203365%20DE%202007.pdf HTTP/1.1" 304 -
66.249.69.141 - - [13/Mar/2019:01:40:23 -0500] "GET /BLA/resoluciones/RESOLUCIONES%202007/RES%202007%202801%20AL%202900/RESOLUCION%202892%20DE%202007.pdf HTTP/1.1" 304 -
66.249.69.141 - - [13/Mar/2019:01:40:41 -0500] "GET /BLA/resoluciones/RESOLUCIONES%202009/8061.pdf HTTP/1.1" 304 -
66.249.69.141 - - [13/Mar/2019:01:41:18 -0500] "GET /BLA/resoluciones/RESOLUCIONES%202007/RES%202007%20401%20AL%20500/RESOLUCION%200495%20DE%202007.pdf HTTP/1.1" 304 -
157.55.39.133 - - [13/Mar/2019:01:41:31 -0500] "GET /galeria/nivo-slider/demo/images/BANNER-CONVOCATORIA-PREAD.jpg HTTP/1.1" 200 190396
66.249.69.144 - - [13/Mar/2019:01:41:54 -0500] "GET /BLA/resoluciones/AUTOS%202015/3696.pdf HTTP/1.1" 304 -
54.36.149.81 - - [13/Mar/2019:01:41:58 -0500] "GET /BLA/resoluciones/RESOLUCIONES%202006/RES%202006%20801-850/00000839.tif HTTP/1.1" 200 304614
66.249.88.91 - - [13/Mar/2019:01:42:02 -0500] "GET /galeria/galeria/jquery.fancybox.css?v=2.1.5 HTTP/1.1" 200 4895
66.249.88.89 - - [13/Mar/2019:01:42:02 -0500] "GET /BLA/boletinlegal/js/jquery.scrollShow.js HTTP/1.1" 200 4586
66.249.88.91 - - [13/Mar/2019:01:42:02 -0500] "GET /galeria/galeria/jquery.fancybox.js?v=2.1.5 HTTP/1.1" 200 48706
181.57.113.108 - - [13/Mar/2019:01:42:23 -0500] "GET /BLA/boletinlegal/js/jquery.scrollShow.js HTTP/1.1" 200 4586
181.57.113.108 - - [13/Mar/2019:01:42:24 -0500] "GET /galeria/galeria/jquery.fancybox.js?v=2.1.5 HTTP/1.1" 200 48706
181.57.113.108 - - [13/Mar/2019:01:42:24 -0500] "GET /galeria/galeria/jquery.fancybox.css?v=2.1.5 HTTP/1.1" 200 4895
66.249.69.144 - - [13/Mar/2019:01:42:49 -0500] "GET /BLA/resoluciones/RESOLUCIONES%202011/1996.pdf HTTP/1.1" 304 -
66.249.69.143 - - [13/Mar/2019:01:43:07 -0500] "GET /BLA/resoluciones/RESOLUCIONES%202016/2090.pdf HTTP/1.1" 200 522024
192.168.175.104 - - [13/Mar/2019:01:43:09 -0500] "GET / HTTP/1.1" 200 9990
66.249.75.201 - - [13/Mar/2019:01:43:20 -0500] "GET /cyber/ecour/eco10a.htm HTTP/1.1" 404 1019
69.162.124.233 - - [13/Mar/2019:01:43:24 -0500] "HEAD / HTTP/1.1" 200 -
66.249.69.141 - - [13/Mar/2019:01:43:32 -0500] "GET /BLA/resoluciones/RESOLUCIONES%202005/RES%202005%20%201601-1650/00001601.tif HTTP/1.1" 200 197986
179.32.245.39 - - [13/Mar/2019:01:43:40 -0500] "GET /galeria/galeria/fotos/Huemdal-el-Tunjo1P.jpg HTTP/1.1" 200 24430
179.32.245.39 - - [13/Mar/2019:01:43:40 -0500] "GET /galeria/galeria/fotos/Humedal-Tibanica2P.jpg HTTP/1.1" 200 29568
179.32.245.39 - - [13/Mar/2019:01:43:41 -0500] "GET /galeria/galeria/fotos/Huemdal-el-Tunjo3P.jpg HTTP/1.1" 200 20644
179.32.245.39 - - [13/Mar/2019:01:43:41 -0500] "GET /galeria/galeria/fotos/Huemdal-el-Tunjo4P.jpg HTTP/1.1" 200 18710
216.244.66.195 - - [13/Mar/2019:01:43:42 -0500] "GET /robots.txt HTTP/1.1" 404 1018
66.249.69.141 - - [13/Mar/2019:01:44:01 -0500] "GET /BLA/resoluciones/AUTOS%202013/0552.pdf HTTP/1.1" 304 -
66.249.69.141 - - [13/Mar/2019:01:44:11 -0500] "GET /BLA/resoluciones/RESOLUCIONES%202008/5236.pdf HTTP/1.1" 200 330160
40.124.32.44 - - [13/Mar/2019:01:44:17 -0500] "GET /BLA/boletinlegal/Circulares/2012/Circular%20No.%2013%20del%2006%20de%20Septiembre%20de%202012.pdf HTTP/1.1" 200 351421
201.245.211.48 - - [13/Mar/2019:01:44:18 -0500] "GET /galeria/galeria/jquery.fancybox.css?v=2.1.5 HTTP/1.1" 200 4895
201.245.211.48 - - [13/Mar/2019:01:44:18 -0500] "GET /BLA/boletinlegal/js/jquery.scrollShow.js HTTP/1.1" 200 4586
201.245.211.48 - - [13/Mar/2019:01:44:18 -0500] "GET /galeria/galeria/jquery.fancybox.js?v=2.1.5 HTTP/1.1" 200 48706
66.249.69.141 - - [13/Mar/2019:01:44:19 -0500] "GET /BLA/resoluciones/RESOLUCIONES%202013/1908.pdf HTTP/1.1" 304 -
192.168.175.104 - - [13/Mar/2019:01:44:23 -0500] "GET / HTTP/1.0" 200 9990
66.249.69.141 - - [13/Mar/2019:01:44:32 -0500] "GET /BLA/resoluciones/RESOLUCIONES%202011/3146.pdf HTTP/1.1" 200 381961
66.249.69.141 - - [13/Mar/2019:01:44:38 -0500] "GET /BLA/resoluciones/AUTOS%202009/3446.pdf HTTP/1.1" 304 -
66.249.69.141 - - [13/Mar/2019:01:44:56 -0500] "GET /BLA/resoluciones/RESOLUCIONES%202007/RES%202007%20901%20AL%201000/RESOLUCION%200994%20DE%202007.pdf HTTP/1.1" 304 -
179.32.245.39 - - [13/Mar/2019:01:44:56 -0500] "GET /galeria/galeria/fotos/MeandrodelSay1P.jpg HTTP/1.1" 200 27908
179.32.245.39 - - [13/Mar/2019:01:44:56 -0500] "GET /galeria/galeria/fotos/MeandrodelSay2P.jpg HTTP/1.1" 200 30394
179.32.245.39 - - [13/Mar/2019:01:44:57 -0500] "GET /galeria/galeria/fotos/MeandrodelSay3P.jpg HTTP/1.1" 200 32353
179.32.245.39 - - [13/Mar/2019:01:44:57 -0500] "GET /galeria/galeria/fotos/MeandrodelSay4P.jpg HTTP/1.1" 200 32545
66.249.69.143 - - [13/Mar/2019:01:45:14 -0500] "GET /BLA/resoluciones/AUTOS%202015/0121.pdf HTTP/1.1" 200 619661
54.36.148.150 - - [13/Mar/2019:01:45:22 -0500] "GET /BLA/resoluciones/RESOLUCIONES%202003/RES%202003%201751-1800/20031799.tif HTTP/1.1" 200 45800
66.249.69.141 - - [13/Mar/2019:01:45:32 -0500] "GET /BLA/resoluciones/AUTOS%202009/2903.pdf HTTP/1.1" 304 -
200.25.59.65 - - [13/Mar/2019:01:45:34 -0500] "GET /galeria/nivo-slider/demo/images/Banner%20Politica%20Publica%20CONPES%20(1).ai HTTP/1.1" 304 -
66.249.69.143 - - [13/Mar/2019:01:45:50 -0500] "GET /BLA/resoluciones/RESOLUCIONES%202007/RES%202007%204101%20AL%204200/RESOLUCION%204191%20DE%202007.pdf HTTP/1.1" 304 -
66.249.69.141 - - [13/Mar/2019:01:45:55 -0500] "GET /BLA/resoluciones/RESOLUCIONES%202007/RES%202007%201401%20AL%201500/RESOLUCION%201410%20DE%202007.pdf HTTP/1.1" 200 226083
66.249.69.141 - - [13/Mar/2019:01:46:04 -0500] "GET /BLA/resoluciones/RESOLUCIONES%202010/2225.pdf HTTP/1.1" 200 517062
54.36.148.80 - - [13/Mar/2019:01:46:04 -0500] "GET /BLA/resoluciones/RESOLUCIONES%202002/RES%202002%201001-1050/2002RES1031.tif HTTP/1.1" 200 552736
186.1.132.68 - - [13/Mar/2019:01:46:16 -0500] "GET /galeria/galeria/fotos/mirador2G.jpg HTTP/1.1" 206 2048
66.249.69.141 - - [13/Mar/2019:01:46:39 -0500] "GET /BLA/resoluciones/RESOLUCIONES%202007/RES%202007%20201%20AL%20300/RESOLUCION%200223%20DE%202007.pdf HTTP/1.1" 200 292652
66.249.69.141 - - [13/Mar/2019:01:46:56 -0500] "GET /BLA/resoluciones/RESOLUCIONES%202011/3923.pdf HTTP/1.1" 200 546874
66.249.69.141 - - [13/Mar/2019:01:47:03 -0500] "GET /BLA/resoluciones/RESOLUCIONES%202014/2603.pdf HTTP/1.1" 304 -
66.249.75.203 - - [13/Mar/2019:01:47:16 -0500] "GET /cyber/ecour/eco11a.htm HTTP/1.1" 404 1019
40.77.167.53 - - [13/Mar/2019:01:47:50 -0500] "GET /SIIPEV/Diseno%20de%20Elementos%20de%20Mobiliario%20Urbano/Registros/RegistrosNegados.html HTTP/1.1" 200 18569
66.249.69.143 - - [13/Mar/2019:01:47:58 -0500] "GET /BLA/resoluciones/RESOLUCIONES%202007/RES%202007%202401%20AL%202500/RESOLUCION%202488%20DE%202007.pdf HTTP/1.1" 304 -
192.168.175.104 - - [13/Mar/2019:01:48:08 -0500] "GET / HTTP/1.1" 200 9990
66.249.69.141 - - [13/Mar/2019:01:48:16 -0500] "GET /BLA/resoluciones/AUTOS%202007/2931.pdf HTTP/1.1" 304 -
69.162.124.233 - - [13/Mar/2019:01:48:24 -0500] "HEAD / HTTP/1.1" 200 -
65.51.121.2 - - [13/Mar/2019:01:48:33 -0500] "GET /dama/libreria/jpg/plantas/35.gif HTTP/1.1" 404 1019
66.249.69.141 - - [13/Mar/2019:01:48:34 -0500] "GET /BLA/boletinlegal/actos.php HTTP/1.1" 200 8778
65.51.121.2 - - [13/Mar/2019:01:48:35 -0500] "GET /dama/libreria/jpg/plantas/16.gif HTTP/1.1" 404 1019
65.51.121.2 - - [13/Mar/2019:01:48:36 -0500] "GET /dama/libreria/jpg/plantas/28.gif HTTP/1.1" 404 1019
66.249.69.141 - - [13/Mar/2019:01:48:45 -0500] "GET /BLA/resoluciones/Autos%202008/1614.pdf HTTP/1.1" 200 66108
66.249.69.141 - - [13/Mar/2019:01:48:52 -0500] "GET /BLA/resoluciones/AUTOS%202013/1729.pdf HTTP/1.1" 304 -
66.249.69.141 - - [13/Mar/2019:01:49:11 -0500] "GET /BLA/resoluciones/AUTOS%202014/5702.pdf HTTP/1.1" 200 3128293
54.36.148.175 - - [13/Mar/2019:01:49:16 -0500] "GET /BLA/resoluciones/RESOLUCIONES%202003/RES%202003%20751-800/783.tif HTTP/1.1" 200 115084
66.249.69.141 - - [13/Mar/2019:01:49:18 -0500] "GET /BLA/boletinlegal/js/popup.js HTTP/1.1" 200 1270
192.168.175.104 - - [13/Mar/2019:01:49:22 -0500] "GET / HTTP/1.0" 200 9990
66.249.69.144 - - [13/Mar/2019:01:49:29 -0500] "GET /BLA/resoluciones/RESOLUCIONES%202007/RES%202007%201001%20AL%201100/RESOLUCION%201001%20DE%202007.pdf HTTP/1.1" 200 325632
152.61.192.232 - - [13/Mar/2019:01:49:53 -0500] "GET / HTTP/1.1" 200 9990
54.36.150.38 - - [13/Mar/2019:01:50:01 -0500] "GET /BLA/resoluciones/RESOLUCIONES%202002/RES%202002%201351-1400/20021375.tif HTTP/1.1" 200 143106
66.249.69.143 - - [13/Mar/2019:01:50:05 -0500] "GET /BLA/resoluciones/RESOLUCIONES%202008/4443.pdf HTTP/1.1" 304 -
152.61.192.232 - - [13/Mar/2019:01:49:54 -0500] "GET /arcgis/services/Calidad_del_Agua_WQI/MapServer/WMSServer?request=GetCapabilities&service=WMS HTTP/1.1" 503 1020
152.61.192.232 - - [13/Mar/2019:01:50:15 -0500] "GET /arcgis/services/Calidad_del_Agua_WQI/MapServer/WMSServer?SERVICE=WMS&REQUEST=GetCapabilities HTTP/1.1" 503 1020
152.61.192.232 - - [13/Mar/2019:01:50:15 -0500] "GET /arcgis/services/Calidad_del_Agua_WQI/MapServer/WMSServer?WMTVER=1.0.0&REQUEST=capabilities HTTP/1.1" 503 1020
66.249.69.141 - - [13/Mar/2019:01:50:57 -0500] "GET /BLA/resoluciones/RESOLUCIONES%202010/2977.pdf HTTP/1.1" 200 1004009
66.249.69.141 - - [13/Mar/2019:01:51:00 -0500] "GET /BLA/resoluciones/RESOLUCIONES%202010/4013.pdf HTTP/1.1" 304 -
66.249.75.201 - - [13/Mar/2019:01:51:12 -0500] "GET /cyber/ecour/eco14a.htm HTTP/1.1" 404 1019
66.249.69.141 - - [13/Mar/2019:01:51:18 -0500] "GET /BLA/resoluciones/RESOLUCIONES%202014/3146.pdf HTTP/1.1" 304 -
66.249.69.141 - - [13/Mar/2019:01:51:36 -0500] "GET /BLA/resoluciones/RESOLUCIONES%202008/4319.pdf HTTP/1.1" 200 296050
157.55.39.133 - - [13/Mar/2019:01:51:56 -0500] "GET /BLA/boletinlegal/Circulares/2011/Circular%20003%20de%20Febrero%20de%202011.pdf HTTP/1.1" 200 224758
66.249.69.141 - - [13/Mar/2019:01:52:05 -0500] "GET /BLA/resoluciones/RESOLUCIONES%202010/7204.pdf HTTP/1.1" 200 979698
66.249.69.141 - - [13/Mar/2019:01:52:07 -0500] "GET /BLA/resoluciones/AUTOS%202014/3833.pdf HTTP/1.1" 200 754790
66.249.69.143 - - [13/Mar/2019:01:52:13 -0500] "GET /BLA/resoluciones/RESOLUCIONES%202007/RES%202007%204101%20AL%204200/RESOLUCION%204159%20DE%202007.pdf HTTP/1.1" 304 -
66.249.69.141 - - [13/Mar/2019:01:52:20 -0500] "GET /BLA/resoluciones/RESOLUCIONES%202011/5438.pdf HTTP/1.1" 200 542464
66.249.69.143 - - [13/Mar/2019:01:52:31 -0500] "GET /BLA/resoluciones/AUTOS%202012/1637.pdf HTTP/1.1" 304 -
192.168.175.104 - - [13/Mar/2019:01:53:06 -0500] "GET / HTTP/1.1" 200 9990
69.162.124.233 - - [13/Mar/2019:01:53:24 -0500] "HEAD / HTTP/1.1" 200 -
66.249.69.141 - - [13/Mar/2019:01:53:25 -0500] "GET /BLA/resoluciones/RESOLUCIONES%202008/1956.pdf HTTP/1.1" 200 569656
54.36.150.101 - - [13/Mar/2019:01:53:28 -0500] "GET /BLA/resoluciones/AUTOS%202006/AUTOS%202006%201001-1100/00001087.tif HTTP/1.1" 200 46246
66.249.69.141 - - [13/Mar/2019:01:53:31 -0500] "GET /BLA/resoluciones/AUTOS%202014/4427.pdf HTTP/1.1" 200 144051
66.249.69.141 - - [13/Mar/2019:01:53:35 -0500] "GET /BLA/resoluciones/AUTOS%202018/0110.pdf HTTP/1.1" 200 324875
66.249.69.143 - - [13/Mar/2019:01:53:44 -0500] "GET /BLA/resoluciones/RESOLUCIONES%202008/0176.pdf HTTP/1.1" 304 -
66.249.69.143 - - [13/Mar/2019:01:54:15 -0500] "GET /resoluciones/RESOLUCIONES%202010/2029.pdf HTTP/1.1" 404 1018
192.168.175.104 - - [13/Mar/2019:01:54:20 -0500] "GET / HTTP/1.0" 200 9990
66.249.69.141 - - [13/Mar/2019:01:54:26 -0500] "GET /sia/js/validador.js HTTP/1.1" 200 6483
66.249.69.141 - - [13/Mar/2019:01:54:26 -0500] "GET /sia/js/reportes.js HTTP/1.1" 200 3538
66.249.69.141 - - [13/Mar/2019:01:54:27 -0500] "GET /sia/css/adicional.css HTTP/1.1" 404 145
66.249.69.141 - - [13/Mar/2019:01:54:28 -0500] "GET /sia/css/sia.css HTTP/1.1" 200 66468
66.249.69.141 - - [13/Mar/2019:01:54:29 -0500] "GET /sia/js/funciones.js HTTP/1.1" 200 8862
66.249.69.141 - - [13/Mar/2019:01:54:30 -0500] "GET /sia/js/soliAmbi/CustExp/adicSolicitud.js HTTP/1.1" 200 8087
66.249.69.141 - - [13/Mar/2019:01:54:31 -0500] "GET /sia/js/visor.js HTTP/1.1" 404 139
66.249.69.141 - - [13/Mar/2019:01:54:32 -0500] "GET /sia/xmlhttp/icefaces-d2d.js HTTP/1.1" 200 56702
66.249.69.141 - - [13/Mar/2019:01:54:33 -0500] "GET /sia/xmlhttp/ice-extras.js HTTP/1.1" 200 120784
66.249.69.141 - - [13/Mar/2019:01:54:34 -0500] "GET /sia/xmlhttp/blank.iface HTTP/1.1" 200 28
201.141.9.250 - - [13/Mar/2019:01:54:57 -0500] "GET /galeria/galeria/jquery.fancybox.css?v=2.1.5 HTTP/1.1" 200 4895
201.141.9.250 - - [13/Mar/2019:01:54:57 -0500] "GET /BLA/boletinlegal/js/jquery.scrollShow.js HTTP/1.1" 200 4586
201.141.9.250 - - [13/Mar/2019:01:54:57 -0500] "GET /galeria/galeria/jquery.fancybox.js?v=2.1.5 HTTP/1.1" 200 48706
54.36.148.28 - - [13/Mar/2019:01:55:03 -0500] "GET /BLA/resoluciones/RESOLUCIONES%202005/RES%202005%201451-1500/00001460.tif HTTP/1.1" 200 156894
66.249.75.203 - - [13/Mar/2019:01:55:08 -0500] "GET /cyber/ecour/eco13a.htm HTTP/1.1" 404 1019
66.249.69.141 - - [13/Mar/2019:01:55:15 -0500] "GET /BLA/resoluciones/AUTOS%202015/4624.pdf HTTP/1.1" 304 -
66.249.69.141 - - [13/Mar/2019:01:55:33 -0500] "GET /BLA/resoluciones/AUTOS%202015/6544.pdf HTTP/1.1" 304 -
66.249.69.141 - - [13/Mar/2019:01:56:29 -0500] "GET /BLA/resoluciones/RESOLUCIONES%202011/3949.pdf HTTP/1.1" 200 862859
66.249.69.141 - - [13/Mar/2019:01:56:37 -0500] "GET /BLA/resoluciones/RESOLUCIONES%202005/RES%202005%20%201601-1650/00001642.tif HTTP/1.1" 200 151236
66.249.69.141 - - [13/Mar/2019:01:57:04 -0500] "GET /BLA/resoluciones/index.php?dir=RESOLUCIONES%202003/RES%202003%20051-100/&sort=size&order=asc HTTP/1.1" 200 11998
54.36.148.224 - - [13/Mar/2019:01:57:15 -0500] "GET /BLA/resoluciones/RESOLUCIONES%202006/RES%202006%202601-2650/00002638.tif HTTP/1.1" 200 255638
66.249.69.141 - - [13/Mar/2019:01:57:49 -0500] "GET /BLA/resoluciones/RESOLUCIONES%202011/4820.pdf HTTP/1.1" 200 171674
66.249.69.143 - - [13/Mar/2019:01:57:50 -0500] "GET /BLA/resoluciones/AUTOS%202010/6643.pdf HTTP/1.1" 200 154727
192.168.175.104 - - [13/Mar/2019:01:58:05 -0500] "GET / HTTP/1.1" 200 9990
69.162.124.233 - - [13/Mar/2019:01:58:24 -0500] "HEAD / HTTP/1.1" 200 -
66.249.69.143 - - [13/Mar/2019:01:58:35 -0500] "GET /BLA/resoluciones/RESOLUCIONES%202009/2675.pdf HTTP/1.1" 304 -
66.249.75.201 - - [13/Mar/2019:01:59:04 -0500] "GET /cyber/ecour/eco9aa.htm HTTP/1.1" 404 1019
66.249.69.141 - - [13/Mar/2019:01:59:11 -0500] "GET /videos/galeria-fotografica/index24.html HTTP/1.1" 304 -
192.168.175.104 - - [13/Mar/2019:01:59:17 -0500] "GET / HTTP/1.0" 200 9990
66.249.69.141 - - [13/Mar/2019:02:00:01 -0500] "GET /BLA/resoluciones/RESOLUCIONES%202010/1287.pdf HTTP/1.1" 200 96391
85.27.246.6 - - [13/Mar/2019:02:00:02 -0500] "GET /POT-2013/index.php?dir=Cartografia%2F'\" HTTP/1.1" 200 2883
85.27.246.6 - - [13/Mar/2019:02:00:02 -0500] "GET /POT-2013/index.php?dir=Cartografia%2F HTTP/1.1" 200 11465
85.27.246.6 - - [13/Mar/2019:02:00:03 -0500] "GET /POT-2013/index.php?dir=Cartografia%2F2121121121212.1 HTTP/1.1" 200 2922
66.249.69.141 - - [13/Mar/2019:02:00:06 -0500] "GET /transparencia/ HTTP/1.1" 200 1186
66.249.69.141 - - [13/Mar/2019:02:00:24 -0500] "GET /BLA/resoluciones/RESOLUCIONES%202007/RES%202007%201401%20AL%201500/RESOLUCION%201476%20DE%202007.pdf HTTP/1.1" 200 266759
66.249.69.141 - - [13/Mar/2019:02:00:32 -0500] "GET /BLA/resoluciones/AUTOS%202010/6635.pdf HTTP/1.1" 200 154597
66.249.69.143 - - [13/Mar/2019:02:00:42 -0500] "GET /BLA/resoluciones/RESOLUCIONES%202007/RES%202007%203201%20AL%203300/RESOLUCION%203233%20DE%202007.pdf HTTP/1.1" 200 143038
54.36.148.178 - - [13/Mar/2019:02:00:49 -0500] "GET /BLA/resoluciones/RESOLUCIONES%202006/RES%202006%202451-2500/00002497.tif HTTP/1.1" 200 114964
85.27.246.6 - - [13/Mar/2019:02:00:58 -0500] "GET /POT-2013/index.php?dir=Cartografia%2F and 1%3E1 HTTP/1.1" 200 11465
85.27.246.6 - - [13/Mar/2019:02:00:59 -0500] "GET /POT-2013/index.php?dir=Cartografia%2F%27 and %27x%27%3D%27x HTTP/1.1" 200 2880
85.27.246.6 - - [13/Mar/2019:02:01:00 -0500] "GET /POT-2013/index.php?dir=Cartografia%2F%27 and %27x%27%3D%27y HTTP/1.1" 200 2880
66.249.69.141 - - [13/Mar/2019:02:01:00 -0500] "GET /BLA/resoluciones/AUTOS%202018/0473.pdf HTTP/1.1" 304 -
85.27.246.6 - - [13/Mar/2019:02:01:01 -0500] "GET /POT-2013/index.php?dir=Cartografia%2F\" and \"x\"%3D\"x HTTP/1.1" 200 11515
85.27.246.6 - - [13/Mar/2019:02:01:02 -0500] "GET /POT-2013/index.php?dir=Cartografia%2F%22 and %22x%22%3D%22y HTTP/1.1" 200 11515
85.27.246.6 - - [13/Mar/2019:02:01:21 -0500] "GET /POT-2013/index.php?dir=Cartografia%2F HTTP/1.0" 200 11465
54.36.149.44 - - [13/Mar/2019:02:01:34 -0500] "GET /BLA/resoluciones/RESOLUCIONES%202003/RES%202003%201101-1150/1131.tif HTTP/1.1" 200 205536
66.249.69.141 - - [13/Mar/2019:02:01:37 -0500] "GET /videos/Vallasled/ HTTP/1.1" 200 1871
66.249.69.141 - - [13/Mar/2019:02:02:13 -0500] "GET /BLA/resoluciones/AUTOS%202015/5373.pdf HTTP/1.1" 200 527507
66.249.69.141 - - [13/Mar/2019:02:02:31 -0500] "GET /BLA/resoluciones/RESOLUCIONES%202007/RES%202007%201201%20AL%201300/RESOLUCION%201206%20DE%202007.pdf HTTP/1.1" 200 141288
54.36.150.135 - - [13/Mar/2019:02:02:40 -0500] "GET /BLA/resoluciones/RESOLUCIONES%202006/RES%202006%20851-900/00000891.tif HTTP/1.1" 200 66602
66.249.75.199 - - [13/Mar/2019:02:03:00 -0500] "GET /cyber/ecour/ecoeco.htm HTTP/1.1" 404 1019
192.168.175.104 - - [13/Mar/2019:02:03:03 -0500] "GET / HTTP/1.1" 200 9990
66.249.69.144 - - [13/Mar/2019:02:03:08 -0500] "GET /BLA/resoluciones/AUTOS%202015/2779.pdf HTTP/1.1" 200 774264
66.249.69.143 - - [13/Mar/2019:02:03:10 -0500] "GET /BLA/resoluciones/RESOLUCIONES%202005/RES%202005%20%201601-1650/00001606.tif HTTP/1.1" 200 540136
69.162.124.233 - - [13/Mar/2019:02:03:24 -0500] "HEAD / HTTP/1.1" 200 -
66.249.69.144 - - [13/Mar/2019:02:03:26 -0500] "GET /BLA/resoluciones/AUTOS%202007/2430.pdf HTTP/1.1" 200 27996
66.249.69.144 - - [13/Mar/2019:02:03:35 -0500] "GET /BLA/resoluciones/Autos%202008/3349.pdf HTTP/1.1" 200 91311
181.137.193.33 - - [13/Mar/2019:02:03:40 -0500] "GET /BLA/boletinlegal/js/jquery.scrollShow.js HTTP/1.1" 200 4586
181.137.193.33 - - [13/Mar/2019:02:03:40 -0500] "GET /galeria/galeria/jquery.fancybox.css?v=2.1.5 HTTP/1.1" 200 4895
181.137.193.33 - - [13/Mar/2019:02:03:40 -0500] "GET /galeria/galeria/jquery.fancybox.js?v=2.1.5 HTTP/1.1" 200 48706
181.137.193.33 - - [13/Mar/2019:02:03:43 -0500] "GET /galeria/galeria/jquery.fancybox.css?v=2.1.5 HTTP/1.1" 304 -
181.137.193.33 - - [13/Mar/2019:02:03:43 -0500] "GET /BLA/boletinlegal/js/jquery.scrollShow.js HTTP/1.1" 304 -
181.137.193.33 - - [13/Mar/2019:02:03:43 -0500] "GET /galeria/galeria/jquery.fancybox.js?v=2.1.5 HTTP/1.1" 304 -
66.249.69.143 - - [13/Mar/2019:02:03:44 -0500] "GET /BLA/resoluciones/AUTOS%202011/2984.pdf HTTP/1.1" 200 210074
66.249.69.143 - - [13/Mar/2019:02:03:52 -0500] "GET /BLA/resoluciones/RESOLUCIONES%202011/4502.pdf HTTP/1.1" 200 272096
66.249.69.141 - - [13/Mar/2019:02:04:02 -0500] "GET /BLA/resoluciones/AUTOS%202015/2268.pdf HTTP/1.1" 200 640738
161.10.2.220 - - [13/Mar/2019:02:04:12 -0500] "GET /galeria/galeria/jquery.fancybox.css?v=2.1.5 HTTP/1.1" 200 4895
161.10.2.220 - - [13/Mar/2019:02:04:12 -0500] "GET /BLA/boletinlegal/js/jquery.scrollShow.js HTTP/1.1" 200 4586
161.10.2.220 - - [13/Mar/2019:02:04:12 -0500] "GET /galeria/galeria/jquery.fancybox.js?v=2.1.5 HTTP/1.1" 200 48706
192.168.175.104 - - [13/Mar/2019:02:04:15 -0500] "GET / HTTP/1.0" 200 9990
207.46.13.69 - - [13/Mar/2019:02:03:58 -0500] "GET /BLA/boletinlegal/actas/466-2017.pdf HTTP/1.1" 200 9170724
66.249.69.141 - - [13/Mar/2019:02:05:15 -0500] "GET /BLA/resoluciones/AUTOS%202011/1995.pdf HTTP/1.1" 200 445970
66.249.69.141 - - [13/Mar/2019:02:06:46 -0500] "GET /BLA/resoluciones/RESOLUCIONES%20CONJUNTAS/RESOLUCION%20003%20DE%2014%20DE%20JULIO%202017.pdf HTTP/1.1" 200 4106337
66.249.75.203 - - [13/Mar/2019:02:06:56 -0500] "GET /cyber/ecour/ecoeval.htm HTTP/1.1" 404 1019
66.249.69.144 - - [13/Mar/2019:02:07:04 -0500] "GET /BLA/resoluciones/RESOLUCIONES%202010/2171.pdf HTTP/1.1" 304 -
66.249.69.141 - - [13/Mar/2019:02:07:22 -0500] "GET /BLA/resoluciones/RESOLUCIONES%202010/0597.pdf HTTP/1.1" 200 174416
35.241.138.178 - - [13/Mar/2019:02:07:34 -0500] "-" 408 -
66.249.69.141 - - [13/Mar/2019:02:07:41 -0500] "GET /BLA/resoluciones/RESOLUCIONES%202010/0726.pdf HTTP/1.1" 304 -
66.249.69.143 - - [13/Mar/2019:02:07:56 -0500] "GET /BLA/resoluciones/RESOLUCIONES%202007/RES%202007%204201%20AL%204300/RESOLUCION%204264%20DE%202007.pdf HTTP/1.1" 200 262563
66.249.69.144 - - [13/Mar/2019:02:07:59 -0500] "GET /BLA/resoluciones/RESOLUCIONES%202016/0701.pdf HTTP/1.1" 304 -
192.168.175.104 - - [13/Mar/2019:02:08:01 -0500] "GET / HTTP/1.1" 200 9990
40.77.167.109 - - [13/Mar/2019:02:08:14 -0500] "GET /galeria/galeria/fotos/Encuentro-de-Movimientos9G.jpg HTTP/1.1" 200 160621
66.249.69.143 - - [13/Mar/2019:02:08:14 -0500] "GET /BLA/resoluciones/RESOLUCIONES%202007/RES%202007%202501%20AL%202600/RESOLUCION%202540%20DE%202007.pdf HTTP/1.1" 200 430209
66.249.69.143 - - [13/Mar/2019:02:08:17 -0500] "GET /BLA/resoluciones/AUTOS%202014/4601.pdf HTTP/1.1" 200 525247
69.162.124.233 - - [13/Mar/2019:02:08:24 -0500] "HEAD / HTTP/1.1" 200 -
66.249.69.141 - - [13/Mar/2019:02:08:53 -0500] "GET /BLA/resoluciones/RESOLUCIONES%202008/2331.pdf HTTP/1.1" 304 -
192.168.175.104 - - [13/Mar/2019:02:09:13 -0500] "GET / HTTP/1.0" 200 9990
66.249.69.143 - - [13/Mar/2019:02:09:30 -0500] "GET /BLA/resoluciones/RESOLUCIONES%202007/RES%202007%20801%20AL%20900/RESOLUCION%200885%20DE%202007.pdf HTTP/1.1" 304 -
82.135.35.233 - - [13/Mar/2019:02:09:41 -0500] "GET /galeria/galeria/jquery.fancybox.css?v=2.1.5 HTTP/1.1" 200 4895
82.135.35.233 - - [13/Mar/2019:02:09:41 -0500] "GET /BLA/boletinlegal/js/jquery.scrollShow.js HTTP/1.1" 200 4586
82.135.35.233 - - [13/Mar/2019:02:09:41 -0500] "GET /galeria/galeria/jquery.fancybox.js?v=2.1.5 HTTP/1.1" 200 48706
66.249.69.141 - - [13/Mar/2019:02:09:43 -0500] "GET /BLA/resoluciones/RESOLUCIONES%202005/RES%202005%20%201601-1650/00001644.tif HTTP/1.1" 200 453772
216.244.66.195 - - [13/Mar/2019:02:09:48 -0500] "GET /BLA/resoluciones/AUTOS%202012/1197.pdf HTTP/1.1" 200 184435
66.249.69.143 - - [13/Mar/2019:02:09:48 -0500] "GET /BLA/resoluciones/RESOLUCIONES%202007/RES%202007%203801%20AL%203900/RESOLUCION%203806%20DE%202007.pdf HTTP/1.1" 304 -
216.244.66.195 - - [13/Mar/2019:02:09:51 -0500] "GET /BLA/resoluciones/AUTOS%202013/0369.pdf HTTP/1.1" 200 1029364
54.36.150.158 - - [13/Mar/2019:02:09:51 -0500] "GET /BLA/resoluciones/index.php?dir=Notificaciones%2FREGISTROS+2017%2F HTTP/1.1" 200 3333
216.244.66.195 - - [13/Mar/2019:02:09:52 -0500] "GET /BLA/resoluciones/AUTOS%202015/0531.pdf HTTP/1.1" 200 583525
216.244.66.195 - - [13/Mar/2019:02:09:56 -0500] "GET /BLA/resoluciones/RESOLUCIONES%202012/1114.pdf HTTP/1.1" 200 597433
66.249.75.199 - - [13/Mar/2019:02:10:24 -0500] "GET /SIG/ECS/126PM04-PR25.pdf HTTP/1.1" 304 -
66.249.69.143 - - [13/Mar/2019:02:10:43 -0500] "GET /BLA/resoluciones/RESOLUCIONES%202007/RES%202007%203701%20AL%203800/RESOLUCION%203702%20DE%202007.pdf HTTP/1.1" 304 -
198.204.244.90 - - [13/Mar/2019:02:10:46 -0500] "GET /robots.txt HTTP/1.1" 404 1015
66.249.69.181 - - [13/Mar/2019:02:10:53 -0500] "GET /galeria/juegos/desktop.ini HTTP/1.1" 200 402
66.249.69.143 - - [13/Mar/2019:02:11:01 -0500] "GET /BLA/resoluciones/AUTOS%202008/0924.pdf HTTP/1.1" 304 -
201.245.192.253 - - [13/Mar/2019:02:09:26 -0500] "POST /kwsrmcab/Wsrmcab HTTP/1.1" 200 29944
201.245.192.253 - - [13/Mar/2019:02:10:26 -0500] "POST /kwsrmcab/Wsrmcab HTTP/1.1" 200 27397
198.204.244.90 - - [13/Mar/2019:02:11:08 -0500] "GET /Anexos%20estudio%20Organizacional%20SDA/ANEXO%20No.%201-%20NORMAS%20LEGALES%20DE%20ESTRUCTURA%20Y%20PLANTA/Acuerdo%209%20de%201990%20Concejo%20de%20Bogot%C3%A1..htm HTTP/1.1" 200 34207
198.204.244.90 - - [13/Mar/2019:02:11:12 -0500] "GET /Autoliquidacion/Grupo%20Forestal%20-%20Silvicultura/Formulario%20%C3%BAnico%20nacional%20de%20solicitud%20de%20aprovechamiento%20forestal%20arboles%20aislados.xlsx HTTP/1.1" 200 1146411
198.204.244.90 - - [13/Mar/2019:02:11:15 -0500] "GET /Autoliquidacion/Grupo%20Forestal%20-%20Silvicultura/Solicitud%20y%20lista%20de%20chequeo%20Evaluaci%C3%B3n%20Silvicultural.xlsx HTTP/1.1" 404 1015
198.204.244.90 - - [13/Mar/2019:02:11:18 -0500] "GET /portalsiaccapacitaciones/Soportes%20Capacitaciones%202017/Gestio%CC%81n%20Integral%20RCD.pptx HTTP/1.1" 404 1015
66.249.69.141 - - [13/Mar/2019:02:11:19 -0500] "GET /BLA/resoluciones/RESOLUCIONES%202011/2212.pdf HTTP/1.1" 304 -
198.204.244.90 - - [13/Mar/2019:02:11:21 -0500] "GET /robots.txt HTTP/1.1" 404 1019
198.204.244.90 - - [13/Mar/2019:02:11:26 -0500] "GET /Anexos%20estudio%20Organizacional%20SDA/ANEXO%20No.%201-%20NORMAS%20LEGALES%20DE%20ESTRUCTURA%20Y%20PLANTA/Acuerdo%209%20de%201990%20Concejo%20de%20Bogot%C3%A1..htm HTTP/1.1" 200 34207
66.249.69.141 - - [13/Mar/2019:02:11:37 -0500] "GET /BLA/resoluciones/RESOLUCIONES%202007/RES%202007%201%20AL%20100/RESOLUCION%200007DE%202007.pdf HTTP/1.1" 304 -
66.249.69.144 - - [13/Mar/2019:02:11:55 -0500] "GET /BLA/resoluciones/AUTOS%202015/0988.pdf HTTP/1.1" 304 -
54.36.148.14 - - [13/Mar/2019:02:12:28 -0500] "GET /BLA/resoluciones/RESOLUCIONES%202002/RES%202002%20151-200/2002RES173.tif HTTP/1.1" 200 166104
54.36.148.226 - - [13/Mar/2019:02:12:33 -0500] "GET /BLA/resoluciones/RESOLUCIONES%202004/RES%202004%20551-600/00000595.tif HTTP/1.1" 200 111336
66.249.69.143 - - [13/Mar/2019:02:12:50 -0500] "GET /BLA/resoluciones/AUTOS%202016/0255.pdf HTTP/1.1" 200 571528
192.168.175.104 - - [13/Mar/2019:02:12:59 -0500] "GET / HTTP/1.1" 200 9990
198.204.244.90 - - [13/Mar/2019:02:13:13 -0500] "GET /Autoliquidacion/Grupo%20Forestal%20-%20Silvicultura/Formulario%20%C3%BAnico%20nacional%20de%20solicitud%20de%20aprovechamiento%20forestal%20arboles%20aislados.xlsx HTTP/1.1" 200 1146411
54.36.149.28 - - [13/Mar/2019:02:13:16 -0500] "GET /BLA/resoluciones/RESOLUCIONES%202004/RES%202004%2001-%2050/00000025.tif HTTP/1.1" 200 92082
198.204.244.90 - - [13/Mar/2019:02:13:16 -0500] "GET /Autoliquidacion/Grupo%20Forestal%20-%20Silvicultura/Solicitud%20y%20lista%20de%20chequeo%20Evaluaci%C3%B3n%20Silvicultural.xlsx HTTP/1.1" 404 1019
198.204.244.90 - - [13/Mar/2019:02:13:18 -0500] "GET /robots.txt HTTP/1.1" 404 1019
198.204.244.90 - - [13/Mar/2019:02:13:22 -0500] "GET /galeria/galeria/fotos/Humedal-Santa-Mar%C3%ADa-del-Lago1G.jpg HTTP/1.1" 200 290867
69.162.124.233 - - [13/Mar/2019:02:13:24 -0500] "HEAD / HTTP/1.1" 200 -
198.204.244.90 - - [13/Mar/2019:02:13:27 -0500] "GET /galeria/galeria/fotos/Humedal-Santa-Mar%C3%ADa-del-Lago1P.jpg HTTP/1.1" 200 26912
198.204.244.90 - - [13/Mar/2019:02:13:31 -0500] "GET /galeria/galeria/fotos/Humedal-Santa-Mar%C3%ADa-del-Lago2G.jpg HTTP/1.1" 200 313606
198.204.244.90 - - [13/Mar/2019:02:13:36 -0500] "GET /galeria/galeria/fotos/Humedal-Santa-Mar%C3%ADa-del-Lago2P.jpg HTTP/1.1" 200 37138
198.204.244.90 - - [13/Mar/2019:02:13:43 -0500] "GET /galeria/galeria/fotos/Humedal-Santa-Mar%C3%ADa-del-Lago3G.jpg HTTP/1.1" 200 271832
198.204.244.90 - - [13/Mar/2019:02:13:51 -0500] "GET /galeria/galeria/fotos/Humedal-Santa-Mar%C3%ADa-del-Lago3P.jpg HTTP/1.1" 200 30161
198.204.244.90 - - [13/Mar/2019:02:13:56 -0500] "GET /galeria/galeria/fotos/Humedal-Santa-Mar%C3%ADa-del-Lago4G.jpg HTTP/1.1" 200 361652
66.249.69.143 - - [13/Mar/2019:02:14:03 -0500] "GET /BLA/resoluciones/RESOLUCIONES%202007/RES%202007%201801%20AL%201900/RESOLUCION%201846%20DE%202007.pdf HTTP/1.1" 304 -
198.204.244.90 - - [13/Mar/2019:02:14:05 -0500] "GET /galeria/galeria/fotos/Humedal-Santa-Mar%C3%ADa-del-Lago4P.jpg HTTP/1.1" 200 33121
198.204.244.90 - - [13/Mar/2019:02:14:10 -0500] "GET /galeria/mapa/3MapaBogot%C3%A1.jpg HTTP/1.1" 200 688183
192.168.175.104 - - [13/Mar/2019:02:14:11 -0500] "GET / HTTP/1.0" 200 9990
198.204.244.90 - - [13/Mar/2019:02:14:18 -0500] "GET /galeria/mapa2/3MapaBogot%C3%A1.jpg HTTP/1.1" 200 641419
66.249.69.141 - - [13/Mar/2019:02:14:21 -0500] "GET /BLA/resoluciones/AUTOS%202014/4322.pdf HTTP/1.1" 200 745791
198.204.244.90 - - [13/Mar/2019:02:14:25 -0500] "GET /galeria/nivo-slider/demo/documents/Resultados%20Generales%20para%20las%20estrat%C3%A9gias%20de%20educaci%C3%B3n%20ambiental%20-%20FINAL%20FINAL.pdf HTTP/1.1" 200 11842840
66.249.69.177 - - [13/Mar/2019:02:14:49 -0500] "GET /PORTAL_SIAC/swf/counter4.swf HTTP/1.1" 200 58006
66.249.69.177 - - [13/Mar/2019:02:14:53 -0500] "GET /PORTAL_SIAC/swf/counter4.swf HTTP/1.1" 200 58006
66.249.69.141 - - [13/Mar/2019:02:14:57 -0500] "GET /BLA/resoluciones/AUTOS%202015/6822.pdf HTTP/1.1" 304 -
198.204.244.90 - - [13/Mar/2019:02:15:19 -0500] "GET /galeria/nivo-slider/demo/documents/rutas%20recolecci%C3%B3n%202018.pdf HTTP/1.1" 200 4396254
198.204.244.90 - - [13/Mar/2019:02:15:22 -0500] "GET /galeria/nivo-slider/demo/images/BANNERCAMPA%C3%91ACRUZDEMAYO.jpg HTTP/1.1" 200 336199
198.204.244.90 - - [13/Mar/2019:02:15:36 -0500] "GET /galeria/nivo-slider/demo/images/BOMBILLASDA%C3%91ADAS.jpg HTTP/1.1" 200 145923
198.204.244.90 - - [13/Mar/2019:02:15:40 -0500] "GET /galeria/nivo-slider/demo/images/Banner%20Capacitaci%C3%B3n%20RCD.png HTTP/1.1" 200 299783
66.249.69.144 - - [13/Mar/2019:02:15:51 -0500] "GET /BLA/resoluciones/RESOLUCIONES%202007/RES%202007%201%20AL%20100/RESOLUCION%200100%20DE%202007.pdf HTTP/1.1" 200 299754
198.204.244.90 - - [13/Mar/2019:02:15:55 -0500] "GET /galeria/nivo-slider/demo/images/Banner%20Capacitaci%C3%B3n%20RDC.png HTTP/1.1" 200 4254476
66.249.69.143 - - [13/Mar/2019:02:16:10 -0500] "GET /BLA/resoluciones/AUTOS%202016/1892.pdf HTTP/1.1" 304 -
66.249.69.141 - - [13/Mar/2019:02:16:16 -0500] "GET /BLA/resoluciones/RESOLUCIONES%202005/RES%202005%20%201601-1650/00001645.tif HTTP/1.1" 200 339290
66.249.69.141 - - [13/Mar/2019:02:17:41 -0500] "GET /BLA/resoluciones/RESOLUCIONES%202007/RES%202007%203001%20AL%203100/RESOLUCION%203036%20%20DE%202007.pdf HTTP/1.1" 304 -
192.168.175.104 - - [13/Mar/2019:02:17:57 -0500] "GET / HTTP/1.1" 200 9990
69.162.124.233 - - [13/Mar/2019:02:18:24 -0500] "HEAD / HTTP/1.1" 200 -
66.249.69.141 - - [13/Mar/2019:02:18:36 -0500] "GET /BLA/resoluciones/AUTOS%202015/7157.pdf HTTP/1.1" 304 -
181.57.18.187 - - [13/Mar/2019:02:18:37 -0500] "GET /galeria/galeria/fotos/Humedal-Tibanica4G.jpg HTTP/1.1" 200 442374
66.249.69.179 - - [13/Mar/2019:02:18:45 -0500] "GET /diaporelairelimpio/ HTTP/1.1" 404 1015
192.168.175.104 - - [13/Mar/2019:02:19:09 -0500] "GET / HTTP/1.0" 200 9990
198.204.244.90 - - [13/Mar/2019:02:19:11 -0500] "GET /galeria/nivo-slider/demo/images/Banner%20Construcci%C3%B3n%20Sostenible.jpg HTTP/1.1" 200 112255
54.36.148.135 - - [13/Mar/2019:02:19:19 -0500] "GET /BLA/resoluciones/RESOLUCIONES%202002/RES%202002%20601-650/00000649.tif HTTP/1.1" 200 76496
198.204.244.90 - - [13/Mar/2019:02:19:20 -0500] "GET /galeria/nivo-slider/demo/images/Banner-Participaci%C3%B3n-PYBA_sep.jpg HTTP/1.1" 200 172916
198.204.244.90 - - [13/Mar/2019:02:19:24 -0500] "GET /galeria/nivo-slider/demo/images/BannerCiclodeCapacitaci%C3%B3nes.jpg HTTP/1.1" 200 657001
198.204.244.90 - - [13/Mar/2019:02:19:27 -0500] "GET /galeria/nivo-slider/demo/images/Caminatas%20Ecol%C3%B3gicas%20AGOSTO-01.jpg HTTP/1.1" 200 143375
198.204.244.90 - - [13/Mar/2019:02:19:33 -0500] "GET /galeria/nivo-slider/demo/images/Caminatas%20Ecol%C3%B3gicas%20Diciembre.jpg HTTP/1.1" 200 437964
198.204.244.90 - - [13/Mar/2019:02:19:38 -0500] "GET /galeria/nivo-slider/demo/images/Caminatas%20Ecol%C3%B3gicas%20JULIO-01.jpg HTTP/1.1" 200 5074264
54.36.148.200 - - [13/Mar/2019:02:19:51 -0500] "GET /BLA/resoluciones/RESOLUCIONES%202002/RES%202002%2051-100/2002RES62.tif HTTP/1.1" 200 117070
201.245.192.253 - - [13/Mar/2019:02:19:25 -0500] "POST /kwsrmcab/Wsrmcab HTTP/1.1" 200 14746
198.204.244.90 - - [13/Mar/2019:02:20:38 -0500] "GET /galeria/nivo-slider/demo/images/Caminatas%20Ecol%C3%B3gicas%20JUNIO-01-01.jpg HTTP/1.1" 200 160587
198.204.244.90 - - [13/Mar/2019:02:20:41 -0500] "GET /galeria/nivo-slider/demo/images/Campa%C3%B1a-Incendios-Forestales.jpg HTTP/1.1" 200 239800
198.204.244.90 - - [13/Mar/2019:02:20:45 -0500] "GET /galeria/nivo-slider/demo/images/Encuentro-Orqu%C3%ADdeas01.jpg HTTP/1.1" 200 86179
198.204.244.90 - - [13/Mar/2019:02:21:00 -0500] "GET /galeria/nivo-slider/demo/images/Encuentro-Orqu%C3%ADdeas02.jpg HTTP/1.1" 200 85602
66.249.69.141 - - [13/Mar/2019:02:21:01 -0500] "GET /BLA/resoluciones/AUTOS%202012/2896.pdf HTTP/1.1" 304 -
198.204.244.90 - - [13/Mar/2019:02:21:04 -0500] "GET /galeria/nivo-slider/demo/images/Introducci%C3%B3n%20a%20la%20%C3%A9tica%20animal%20y%20ambiental%202.jpg HTTP/1.1" 200 371212
198.204.244.90 - - [13/Mar/2019:02:21:07 -0500] "GET /galeria/nivo-slider/demo/images/LP%E2%80%93079%E2%80%932017.jpg HTTP/1.1" 200 159216
198.204.244.90 - - [13/Mar/2019:02:21:11 -0500] "GET /galeria/nivo-slider/demo/images/Ni%C3%B1os01.jpg HTTP/1.1" 200 143176
198.204.244.90 - - [13/Mar/2019:02:21:14 -0500] "GET /galeria/nivo-slider/demo/images/Ni%C3%B1os02.jpg HTTP/1.1" 200 152461
198.204.244.90 - - [13/Mar/2019:02:21:17 -0500] "GET /galeria/nivo-slider/demo/images/Ni%C3%B1os03.jpg HTTP/1.1" 200 164616
66.249.69.141 - - [13/Mar/2019:02:21:19 -0500] "GET /transparencia/directorioservidores/ HTTP/1.1" 200 4539
198.204.244.90 - - [13/Mar/2019:02:21:20 -0500] "GET /galeria/nivo-slider/demo/images/Ni%C3%B1osCafam1_1.jpg HTTP/1.1" 200 199527
66.249.69.141 - - [13/Mar/2019:02:21:38 -0500] "GET /SIIPEV/Diseno%20de%20Elementos%20de%20Mobiliario%20Urbano/Cartilla%20de%20Mobiliario%20Urbano/ HTTP/1.1" 200 934
66.249.69.141 - - [13/Mar/2019:02:22:14 -0500] "GET /BLA/resoluciones/AUTOS%202016/1412.pdf HTTP/1.1" 304 -
54.36.150.51 - - [13/Mar/2019:02:22:14 -0500] "GET /BLA/resoluciones/AUTOS%202006/AUTOS%202006%20301-400/00000357.tif HTTP/1.1" 200 181044
198.204.244.90 - - [13/Mar/2019:02:22:22 -0500] "GET /galeria/nivo-slider/demo/images/Ni%C3%B1osCafam2_1.jpg HTTP/1.1" 200 182432
192.168.175.104 - - [13/Mar/2019:02:22:54 -0500] "GET / HTTP/1.1" 200 9990
69.162.124.233 - - [13/Mar/2019:02:23:24 -0500] "HEAD / HTTP/1.1" 200 -
54.36.150.156 - - [13/Mar/2019:02:23:42 -0500] "GET /BLA/resoluciones/RESOLUCIONES%202004/RES%202004%201851-1900/00001890.tif HTTP/1.1" 200 322900
192.168.175.104 - - [13/Mar/2019:02:24:08 -0500] "GET / HTTP/1.0" 200 9990
66.249.69.141 - - [13/Mar/2019:02:22:40 -0500] "GET /bla/boletinlegal/index.php HTTP/1.1" 200 65798
66.249.69.141 - - [13/Mar/2019:02:24:10 -0500] "GET /BLA/resoluciones/RESOLUCIONES%202005/RES%202005%20%201601-1650/00001640.tif HTTP/1.1" 200 152392
66.249.69.143 - - [13/Mar/2019:02:24:21 -0500] "GET /bla/boletinlegal/js/jquery.scrollShow.js HTTP/1.1" 200 4586
66.249.69.143 - - [13/Mar/2019:02:24:21 -0500] "GET /bla/boletinlegal/js/jquery.js HTTP/1.1" 200 57254
66.249.69.141 - - [13/Mar/2019:02:24:22 -0500] "GET /bla/boletinlegal/style.css HTTP/1.1" 200 9406
66.249.69.141 - - [13/Mar/2019:02:24:23 -0500] "GET /bla/boletinlegal/styles2.css HTTP/1.1" 200 1838
66.249.69.143 - - [13/Mar/2019:02:24:28 -0500] "GET /BLA/resoluciones/AUTOS%202018/0740.pdf HTTP/1.1" 200 310683
198.204.244.90 - - [13/Mar/2019:02:24:31 -0500] "GET /galeria/nivo-slider/demo/images/Ni%C3%B1osCafam3_1.jpg HTTP/1.1" 200 167996
66.249.69.143 - - [13/Mar/2019:02:24:40 -0500] "GET /BLA/resoluciones/RESOLUCIONES%202007/RES%202007%20201%20AL%20300/RESOLUCION%200282%20DE%202007.pdf HTTP/1.1" 304 -
66.249.69.144 - - [13/Mar/2019:02:24:58 -0500] "GET /BLA/resoluciones/RESOLUCIONES%202007/RES%202007%20701%20AL%20800/RESOLUCION%200705%20DE%202007.pdf HTTP/1.1" 200 1060513
66.249.69.143 - - [13/Mar/2019:02:25:34 -0500] "GET /BLA/resoluciones/Notificaciones/AUTOS%202014/0068.doc HTTP/1.1" 304 -
66.249.69.141 - - [13/Mar/2019:02:26:29 -0500] "GET /BLA/resoluciones/RESOLUCIONES%202007/RES%202007%203701%20AL%203800/RESOLUCION%203773%20DE%202007.pdf HTTP/1.1" 200 28468
207.46.13.140 - - [13/Mar/2019:02:26:36 -0500] "GET /dama/libreria/pdf/pdf_entrenubes/c2.pdf HTTP/1.1" 404 1019
66.249.75.199 - - [13/Mar/2019:02:26:36 -0500] "GET /StormSDA/storm/vssver2.scc HTTP/1.1" 200 491
198.23.235.126 - - [13/Mar/2019:02:26:44 -0500] "GET /BLA/resoluciones/AUTOS%202014/4603.pdf HTTP/1.1" 200 427724
66.249.69.141 - - [13/Mar/2019:02:26:47 -0500] "GET /BLA/resoluciones/AUTOS%202015/1713.pdf HTTP/1.1" 200 872689
66.249.69.141 - - [13/Mar/2019:02:27:05 -0500] "GET /BLA/resoluciones/AUTOS%202015/0059.pdf HTTP/1.1" 200 7052391
190.24.31.55 - - [13/Mar/2019:02:27:23 -0500] "GET /galeria/galeria/fotos/juan-amarillo4G.jpg HTTP/1.1" 200 202445
54.36.148.164 - - [13/Mar/2019:02:27:29 -0500] "GET /BLA/resoluciones/RESOLUCIONES%202006/RES%202006%202701-2750/00002707.tif HTTP/1.1" 200 193830
