201.245.192.253 - - [13/Mar/2019:08:22:57 -0500] "POST /sipse/faces/presentacion/financiero/solicitudProceso/listarSolicitudProceso.xhtml HTTP/1.1" 200 18304
201.245.179.194 - - [13/Mar/2019:08:22:57 -0500] "GET /galeria/nivo-slider/demo/images/Caminatas%20marzo.png HTTP/1.1" 206 312655
201.245.179.194 - - [13/Mar/2019:08:22:58 -0500] "GET /galeria/nivo-slider/demo/images/web%20ingreso%20humedales.png HTTP/1.1" 206 214299
201.245.179.194 - - [13/Mar/2019:08:22:58 -0500] "GET /galeria/nivo-slider/demo/images/maximavelocidad.png HTTP/1.1" 206 444690
201.245.179.194 - - [13/Mar/2019:08:22:59 -0500] "GET /galeria/nivo-slider/themes/default/arrows.png HTTP/1.1" 200 824
201.245.179.194 - - [13/Mar/2019:08:22:59 -0500] "GET /galeria/nivo-slider/themes/default/bullets.png HTTP/1.1" 200 1281
201.245.192.253 - - [13/Mar/2019:08:22:59 -0500] "POST /sipse/faces/presentacion/financiero/solicitudProceso/listarSolicitudProceso.xhtml HTTP/1.1" 200 7123
190.26.102.121 - - [13/Mar/2019:08:23:00 -0500] "GET /galeria/carrusel/Carrusel/jquery-ui-1.8.13.custom.min.js HTTP/1.1" 200 10800
190.26.102.121 - - [13/Mar/2019:08:23:01 -0500] "GET /galeria/carrusel/Carrusel/jquery.thumbnailScroller.js HTTP/1.1" 200 8157
186.155.232.65 - - [13/Mar/2019:08:23:03 -0500] "GET /POT-2013/Cartografia/09_EEP.pdf HTTP/1.1" 200 3326963
201.245.192.253 - - [13/Mar/2019:08:23:06 -0500] "POST /sipse/faces/presentacion/financiero/solicitudProceso/listarSolicitudProceso.xhtml HTTP/1.1" 200 32010
201.245.192.253 - - [13/Mar/2019:08:23:07 -0500] "POST /sipse/faces/presentacion/financiero/solicitudProceso/listarSolicitudProceso.xhtml HTTP/1.1" 200 32014
201.245.192.253 - - [13/Mar/2019:08:23:08 -0500] "POST /sipse/faces/presentacion/financiero/solicitudProceso/listarSolicitudProceso.xhtml HTTP/1.1" 200 23842
186.155.232.65 - - [13/Mar/2019:08:23:09 -0500] "GET /favicon.ico HTTP/1.1" 200 7782
201.245.192.253 - - [13/Mar/2019:08:23:09 -0500] "POST /sipse/faces/presentacion/financiero/solicitudProceso/listarSolicitudProceso.xhtml HTTP/1.1" 200 7080
191.95.54.242 - - [13/Mar/2019:08:23:10 -0500] "GET /galeria/galeria/jquery.fancybox.css?v=2.1.5 HTTP/1.1" 200 4895
191.95.54.242 - - [13/Mar/2019:08:23:10 -0500] "GET /BLA/boletinlegal/js/jquery.scrollShow.js HTTP/1.1" 200 4586
191.95.54.242 - - [13/Mar/2019:08:23:10 -0500] "GET /galeria/galeria/jquery.fancybox.js?v=2.1.5 HTTP/1.1" 200 48706
201.245.192.253 - - [13/Mar/2019:08:23:14 -0500] "POST /sipse/faces/presentacion/financiero/solicitudProceso/listarSolicitudProceso.xhtml HTTP/1.1" 200 32010
201.245.192.253 - - [13/Mar/2019:08:23:15 -0500] "POST /sipse/faces/presentacion/financiero/solicitudProceso/listarSolicitudProceso.xhtml HTTP/1.1" 200 7123
201.245.192.253 - - [13/Mar/2019:08:23:19 -0500] "POST /sipse/faces/presentacion/financiero/solicitudProceso/listarSolicitudProceso.xhtml HTTP/1.1" 200 32010
201.245.192.253 - - [13/Mar/2019:08:23:20 -0500] "POST /sipse/faces/presentacion/financiero/solicitudProceso/listarSolicitudProceso.xhtml HTTP/1.1" 200 32014
69.162.124.233 - - [13/Mar/2019:08:23:21 -0500] "HEAD / HTTP/1.1" 200 -
201.245.192.253 - - [13/Mar/2019:08:23:21 -0500] "POST /sipse/faces/presentacion/financiero/solicitudProceso/listarSolicitudProceso.xhtml HTTP/1.1" 200 7055
201.245.192.253 - - [13/Mar/2019:08:23:25 -0500] "POST /sipse/faces/presentacion/financiero/solicitudProceso/listarSolicitudProceso.xhtml HTTP/1.1" 200 32014
201.245.192.253 - - [13/Mar/2019:08:23:26 -0500] "POST /sipse/faces/presentacion/financiero/solicitudProceso/listarSolicitudProceso.xhtml HTTP/1.1" 200 26484
201.245.192.253 - - [13/Mar/2019:08:23:27 -0500] "POST /sipse/faces/presentacion/financiero/solicitudProceso/listarSolicitudProceso.xhtml HTTP/1.1" 200 7123
190.255.40.79 - - [13/Mar/2019:08:23:28 -0500] "GET /autoliquidacion/ HTTP/1.1" 200 6377
190.130.74.114 - - [13/Mar/2019:08:23:32 -0500] "GET /galeria/nivo-slider/demo/demo.html HTTP/1.1" 200 23257
190.130.74.114 - - [13/Mar/2019:08:23:33 -0500] "GET /galeria/nivo-slider/themes/default/default.css HTTP/1.1" 200 1569
190.130.74.114 - - [13/Mar/2019:08:23:33 -0500] "GET /galeria/nivo-slider/themes/pascal/pascal.css HTTP/1.1" 200 2258
190.130.74.114 - - [13/Mar/2019:08:23:33 -0500] "GET /galeria/nivo-slider/themes/orman/orman.css HTTP/1.1" 200 2152
190.130.74.114 - - [13/Mar/2019:08:23:33 -0500] "GET /galeria/nivo-slider/nivo-slider.css HTTP/1.1" 200 1507
190.130.74.114 - - [13/Mar/2019:08:23:33 -0500] "GET /galeria/nivo-slider/demo/style.css HTTP/1.1" 200 2222
190.130.74.114 - - [13/Mar/2019:08:23:33 -0500] "GET /galeria/nivo-slider/demo/images/Trafico%20de%20fauna.jpg HTTP/1.1" 200 198327
190.130.74.114 - - [13/Mar/2019:08:23:33 -0500] "GET /galeria/nivo-slider/demo/images/Bannerweb_Tinguas.jpg HTTP/1.1" 200 258471
190.130.74.114 - - [13/Mar/2019:08:23:33 -0500] "GET /galeria/nivo-slider/demo/images/Banner%20dia%20de%20la%20mujer.png HTTP/1.1" 200 208402
190.130.74.114 - - [13/Mar/2019:08:23:33 -0500] "GET /galeria/nivo-slider/demo/scripts/jquery-1.7.1.min.js HTTP/1.1" 200 93868
190.130.74.114 - - [13/Mar/2019:08:23:34 -0500] "GET /galeria/nivo-slider/jquery.nivo.slider.pack.js HTTP/1.1" 200 11561
190.130.74.114 - - [13/Mar/2019:08:23:34 -0500] "GET /galeria/nivo-slider/demo/images/Banner%20socializacion%20mercurio.jpg HTTP/1.1" 200 157985
190.130.74.114 - - [13/Mar/2019:08:23:34 -0500] "GET /galeria/nivo-slider/demo/images/Caminatas%20marzo.png HTTP/1.1" 200 661357
190.130.74.114 - - [13/Mar/2019:08:23:34 -0500] "GET /galeria/nivo-slider/demo/images/PGAE%20banner.jpg HTTP/1.1" 200 258128
190.130.74.114 - - [13/Mar/2019:08:23:35 -0500] "GET /galeria/nivo-slider/demo/images/Banner%20Conpes.jpg HTTP/1.1" 200 55220
186.147.240.33 - - [13/Mar/2019:08:23:35 -0500] "GET /BLA/boletinlegal/js/jquery.scrollShow.js HTTP/1.1" 200 4586
186.147.240.33 - - [13/Mar/2019:08:23:35 -0500] "GET /galeria/galeria/jquery.fancybox.css?v=2.1.5 HTTP/1.1" 200 4895
186.147.240.33 - - [13/Mar/2019:08:23:35 -0500] "GET /galeria/galeria/jquery.fancybox.js?v=2.1.5 HTTP/1.1" 200 48706
190.130.74.114 - - [13/Mar/2019:08:23:35 -0500] "GET /galeria/nivo-slider/demo/images/Banner%20POT.png HTTP/1.1" 200 418238
190.130.74.114 - - [13/Mar/2019:08:23:35 -0500] "GET /galeria/nivo-slider/demo/images/Banner%20practicas%20sostenibles.jpg HTTP/1.1" 200 142958
190.130.74.114 - - [13/Mar/2019:08:23:37 -0500] "GET /galeria/nivo-slider/demo/images/incendios-forestales.png HTTP/1.1" 200 61469
190.130.74.114 - - [13/Mar/2019:08:23:37 -0500] "GET /galeria/nivo-slider/demo/images/Pot_banner.jpg HTTP/1.1" 200 204736
190.130.74.114 - - [13/Mar/2019:08:23:37 -0500] "GET /galeria/nivo-slider/demo/images/BANNER%20punto.jpg HTTP/1.1" 200 75932
190.130.74.114 - - [13/Mar/2019:08:23:38 -0500] "GET /galeria/nivo-slider/demo/images/Banneranonimos.png HTTP/1.1" 200 109388
190.24.57.214 - - [13/Mar/2019:08:23:38 -0500] "GET /BLA/resoluciones/RESOLUCIONES%202007/RES%202007%202801%20AL%202900/RESOLUCION%202844%20DE%202007.pdf HTTP/1.1" 200 872806
190.24.57.214 - - [13/Mar/2019:08:23:38 -0500] "GET /favicon.ico HTTP/1.1" 200 7782
190.130.74.114 - - [13/Mar/2019:08:23:38 -0500] "GET /galeria/nivo-slider/demo/images/web%20ingreso%20humedales.png HTTP/1.1" 200 641193
191.95.48.231 - - [13/Mar/2019:08:23:39 -0500] "GET /galeria/galeria/fotos/1humedal-Burro1G.jpg HTTP/1.1" 200 132804
190.130.74.114 - - [13/Mar/2019:08:23:39 -0500] "GET /galeria/nivo-slider/demo/images/gobierno%20digital-01.jpg HTTP/1.1" 200 116163
190.130.74.114 - - [13/Mar/2019:08:23:40 -0500] "GET /galeria/nivo-slider/demo/images/Otorgamiento-excelencia-ambiental-Jos%C3%A9-Celestino-Mutis-2.jpg HTTP/1.1" 200 276467
190.130.74.114 - - [13/Mar/2019:08:23:43 -0500] "GET /galeria/nivo-slider/demo/images/Banner_micrositio.png HTTP/1.1" 200 146950
190.130.74.114 - - [13/Mar/2019:08:23:43 -0500] "GET /galeria/nivo-slider/demo/images/avances-sentencias-rio-bogota-2.jpg HTTP/1.1" 200 304916
190.130.74.114 - - [13/Mar/2019:08:23:44 -0500] "GET /galeria/nivo-slider/demo/images/BANNER%20VAN%20DER%20HAMMEN.jpg HTTP/1.1" 200 64172
190.130.74.114 - - [13/Mar/2019:08:23:44 -0500] "GET /galeria/nivo-slider/demo/images/banner-humedales-de-bogota.jpg HTTP/1.1" 200 292611
190.130.74.114 - - [13/Mar/2019:08:23:44 -0500] "GET /galeria/nivo-slider/demo/images/maximavelocidad.png HTTP/1.1" 200 880272
190.130.74.114 - - [13/Mar/2019:08:23:44 -0500] "GET /galeria/nivo-slider/demo/images/banner%20aceite%20vegetal%20usado.jpg HTTP/1.1" 200 169350
190.130.74.114 - - [13/Mar/2019:08:23:45 -0500] "GET /galeria/nivo-slider/demo/images/banner-bolsas-plasticas.jpg HTTP/1.1" 200 317939
190.130.74.114 - - [13/Mar/2019:08:23:45 -0500] "GET /galeria/nivo-slider/demo/images/bannerlumina2017web.jpg HTTP/1.1" 200 198918
190.130.74.114 - - [13/Mar/2019:08:23:45 -0500] "GET /galeria/nivo-slider/demo/images/4Simple_Slider.png HTTP/1.1" 200 11722
190.130.74.114 - - [13/Mar/2019:08:23:45 -0500] "GET /galeria/nivo-slider/themes/default/loading.gif HTTP/1.1" 200 1737
190.130.74.114 - - [13/Mar/2019:08:23:47 -0500] "GET /galeria/nivo-slider/themes/default/arrows.png HTTP/1.1" 200 824
190.130.74.114 - - [13/Mar/2019:08:23:47 -0500] "GET /galeria/nivo-slider/themes/default/bullets.png HTTP/1.1" 200 1281
37.143.148.151 - - [13/Mar/2019:08:23:52 -0500] "GET / HTTP/1.1" 200 9990
186.155.83.205 - - [13/Mar/2019:08:23:57 -0500] "GET /BLA/boletinlegal/js/jquery.scrollShow.js HTTP/1.1" 200 4586
186.155.83.205 - - [13/Mar/2019:08:23:57 -0500] "GET /galeria/galeria/jquery.fancybox.js?v=2.1.5 HTTP/1.1" 200 48706
186.155.83.205 - - [13/Mar/2019:08:23:57 -0500] "GET /galeria/galeria/jquery.fancybox.css?v=2.1.5 HTTP/1.1" 200 4895
186.155.83.205 - - [13/Mar/2019:08:24:00 -0500] "GET /BLA/boletinlegal/js/jquery.scrollShow.js HTTP/1.1" 304 -
186.155.83.205 - - [13/Mar/2019:08:24:00 -0500] "GET /galeria/galeria/jquery.fancybox.js?v=2.1.5 HTTP/1.1" 304 -
186.155.83.205 - - [13/Mar/2019:08:24:00 -0500] "GET /galeria/galeria/jquery.fancybox.css?v=2.1.5 HTTP/1.1" 304 -
66.249.75.14 - - [13/Mar/2019:08:24:02 -0500] "GET /silvicultura/12.pdf HTTP/1.1" 304 -
179.51.96.3 - - [13/Mar/2019:08:24:04 -0500] "GET /BLA/boletinlegal/js/jquery.scrollShow.js HTTP/1.1" 200 4586
179.51.96.3 - - [13/Mar/2019:08:24:04 -0500] "GET /galeria/galeria/jquery.fancybox.js?v=2.1.5 HTTP/1.1" 200 48706
179.51.96.3 - - [13/Mar/2019:08:24:04 -0500] "GET /galeria/galeria/jquery.fancybox.css?v=2.1.5 HTTP/1.1" 200 4895
179.51.96.3 - - [13/Mar/2019:08:24:05 -0500] "GET /galeria/carrusel/Carrusel/jquery.thumbnailScroller.css HTTP/1.1" 200 2066
179.51.96.3 - - [13/Mar/2019:08:24:05 -0500] "GET /galeria/carrusel/Carrusel/jquery-ui-1.8.13.custom.min.js HTTP/1.1" 200 10800
179.51.96.3 - - [13/Mar/2019:08:24:05 -0500] "GET /galeria/carrusel/Carrusel/jquery.thumbnailScroller.js HTTP/1.1" 200 8157
201.245.192.253 - - [13/Mar/2019:08:24:06 -0500] "POST /sipse/faces/presentacion/financiero/solicitudProceso/listarSolicitudProceso.xhtml HTTP/1.1" 200 9912
201.245.192.253 - - [13/Mar/2019:08:24:07 -0500] "POST /sipse/faces/presentacion/financiero/solicitudProceso/listarSolicitudProceso.xhtml HTTP/1.1" 200 7141
186.1.132.64 - - [13/Mar/2019:08:24:11 -0500] "GET /BLA/boletinlegal/js/jquery.scrollShow.js HTTP/1.1" 200 4586
186.1.132.64 - - [13/Mar/2019:08:24:11 -0500] "GET /galeria/galeria/jquery.fancybox.js?v=2.1.5 HTTP/1.1" 200 48706
186.1.132.64 - - [13/Mar/2019:08:24:11 -0500] "GET /galeria/galeria/jquery.fancybox.css?v=2.1.5 HTTP/1.1" 200 4895
201.245.192.253 - - [13/Mar/2019:08:24:12 -0500] "POST /sipse/faces/presentacion/financiero/solicitudProceso/listarSolicitudProceso.xhtml HTTP/1.1" 200 12724
186.1.132.66 - - [13/Mar/2019:08:24:12 -0500] "GET /BLA/boletinlegal/js/jquery.scrollShow.js HTTP/1.1" 200 4586
186.1.132.66 - - [13/Mar/2019:08:24:12 -0500] "GET /galeria/galeria/jquery.fancybox.css?v=2.1.5 HTTP/1.1" 200 4895
186.1.132.66 - - [13/Mar/2019:08:24:12 -0500] "GET /galeria/galeria/jquery.fancybox.js?v=2.1.5 HTTP/1.1" 200 48706
201.245.192.253 - - [13/Mar/2019:08:24:13 -0500] "POST /sipse/faces/presentacion/financiero/solicitudProceso/listarSolicitudProceso.xhtml HTTP/1.1" 200 32298
201.245.192.253 - - [13/Mar/2019:08:24:13 -0500] "POST /sipse/faces/presentacion/financiero/solicitudProceso/listarSolicitudProceso.xhtml HTTP/1.1" 200 32298
190.146.88.209 - - [13/Mar/2019:08:24:15 -0500] "GET /BLA/boletinlegal/js/jquery.scrollShow.js HTTP/1.1" 200 4586
190.146.88.209 - - [13/Mar/2019:08:24:15 -0500] "GET /galeria/galeria/jquery.fancybox.js?v=2.1.5 HTTP/1.1" 200 48706
190.146.88.209 - - [13/Mar/2019:08:24:15 -0500] "GET /galeria/galeria/jquery.fancybox.css?v=2.1.5 HTTP/1.1" 200 4895
201.245.192.253 - - [13/Mar/2019:08:24:15 -0500] "POST /sipse/faces/presentacion/financiero/solicitudProceso/listarSolicitudProceso.xhtml HTTP/1.1" 200 7157
190.146.88.209 - - [13/Mar/2019:08:24:16 -0500] "GET /BLA/boletinlegal/js/jquery.scrollShow.js HTTP/1.1" 200 4586
190.146.88.209 - - [13/Mar/2019:08:24:16 -0500] "GET /galeria/galeria/jquery.fancybox.css?v=2.1.5 HTTP/1.1" 200 4895
190.146.88.209 - - [13/Mar/2019:08:24:16 -0500] "GET /galeria/galeria/jquery.fancybox.js?v=2.1.5 HTTP/1.1" 200 48706
201.245.192.253 - - [13/Mar/2019:08:24:19 -0500] "POST /sipse/faces/presentacion/financiero/solicitudProceso/listarSolicitudProceso.xhtml HTTP/1.1" 200 32103
201.245.192.253 - - [13/Mar/2019:08:24:19 -0500] "POST /sipse/faces/presentacion/financiero/solicitudProceso/listarSolicitudProceso.xhtml HTTP/1.1" 200 12708
201.245.192.253 - - [13/Mar/2019:08:24:20 -0500] "POST /sipse/faces/presentacion/financiero/solicitudProceso/listarSolicitudProceso.xhtml HTTP/1.1" 200 12708
186.30.31.171 - - [13/Mar/2019:08:24:21 -0500] "GET /galeria/nivo-slider/demo/demo.html HTTP/1.1" 304 -
186.30.31.171 - - [13/Mar/2019:08:24:21 -0500] "GET /galeria/nivo-slider/demo/images/Banner%20socializacion%20mercurio.jpg HTTP/1.1" 304 -
201.245.192.253 - - [13/Mar/2019:08:24:21 -0500] "POST /sipse/faces/presentacion/financiero/solicitudProceso/listarSolicitudProceso.xhtml HTTP/1.1" 200 7093
186.30.31.171 - - [13/Mar/2019:08:24:21 -0500] "GET /galeria/nivo-slider/demo/images/Caminatas%20marzo.png HTTP/1.1" 304 -
186.30.31.171 - - [13/Mar/2019:08:24:21 -0500] "GET /galeria/nivo-slider/demo/images/PGAE%20banner.jpg HTTP/1.1" 304 -
186.30.31.171 - - [13/Mar/2019:08:24:21 -0500] "GET /galeria/nivo-slider/demo/images/Banner%20Conpes.jpg HTTP/1.1" 304 -
186.30.31.171 - - [13/Mar/2019:08:24:21 -0500] "GET /galeria/nivo-slider/demo/images/Banner%20practicas%20sostenibles.jpg HTTP/1.1" 304 -
186.30.31.171 - - [13/Mar/2019:08:24:21 -0500] "GET /galeria/nivo-slider/demo/images/Banner%20dia%20de%20la%20mujer.png HTTP/1.1" 304 -
66.249.88.62 - - [13/Mar/2019:08:24:32 -0500] "GET /galeria/carrusel/Carrusel/jquery.thumbnailScroller.css HTTP/1.1" 200 2066
66.249.88.61 - - [13/Mar/2019:08:24:33 -0500] "GET /galeria/carrusel/Carrusel/jquery-ui-1.8.13.custom.min.js HTTP/1.1" 200 10800
66.249.88.60 - - [13/Mar/2019:08:24:33 -0500] "GET /galeria/carrusel/Carrusel/jquery.thumbnailScroller.js HTTP/1.1" 200 8157
66.249.88.62 - - [13/Mar/2019:08:24:34 -0500] "GET /galeria/nivo-slider/demo/demo.html HTTP/1.1" 200 23257
66.249.88.61 - - [13/Mar/2019:08:24:34 -0500] "GET /galeria/nivo-slider/themes/pascal/pascal.css HTTP/1.1" 200 2258
66.249.88.60 - - [13/Mar/2019:08:24:34 -0500] "GET /galeria/nivo-slider/themes/default/default.css HTTP/1.1" 200 1569
66.249.88.62 - - [13/Mar/2019:08:24:34 -0500] "GET /galeria/nivo-slider/demo/style.css HTTP/1.1" 200 2222
66.249.88.61 - - [13/Mar/2019:08:24:34 -0500] "GET /galeria/nivo-slider/nivo-slider.css HTTP/1.1" 200 1507
66.249.88.62 - - [13/Mar/2019:08:24:34 -0500] "GET /galeria/nivo-slider/themes/orman/orman.css HTTP/1.1" 200 2152
66.249.88.62 - - [13/Mar/2019:08:24:34 -0500] "GET /galeria/nivo-slider/demo/images/Trafico%20de%20fauna.jpg HTTP/1.1" 200 198327
66.249.88.61 - - [13/Mar/2019:08:24:35 -0500] "GET /galeria/nivo-slider/demo/scripts/jquery-1.7.1.min.js HTTP/1.1" 200 93868
66.249.88.61 - - [13/Mar/2019:08:24:35 -0500] "GET /galeria/nivo-slider/jquery.nivo.slider.pack.js HTTP/1.1" 200 11561
66.249.88.60 - - [13/Mar/2019:08:24:35 -0500] "GET /galeria/nivo-slider/demo/images/Bannerweb_Tinguas.jpg HTTP/1.1" 200 258471
66.249.88.62 - - [13/Mar/2019:08:24:35 -0500] "GET /galeria/nivo-slider/demo/images/Banner%20dia%20de%20la%20mujer.png HTTP/1.1" 200 208402
66.249.88.61 - - [13/Mar/2019:08:24:35 -0500] "GET /galeria/nivo-slider/demo/images/4Simple_Slider.png HTTP/1.1" 200 11722
66.249.88.60 - - [13/Mar/2019:08:24:35 -0500] "GET /galeria/nivo-slider/demo/images/Banner%20socializacion%20mercurio.jpg HTTP/1.1" 200 157985
66.249.88.60 - - [13/Mar/2019:08:24:35 -0500] "GET /galeria/nivo-slider/themes/default/loading.gif HTTP/1.1" 200 1737
66.249.88.61 - - [13/Mar/2019:08:24:35 -0500] "GET /galeria/nivo-slider/demo/images/Caminatas%20marzo.png HTTP/1.1" 200 661357
66.249.88.61 - - [13/Mar/2019:08:24:36 -0500] "GET /galeria/nivo-slider/demo/images/PGAE%20banner.jpg HTTP/1.1" 200 258128
66.249.88.62 - - [13/Mar/2019:08:24:36 -0500] "GET /galeria/nivo-slider/demo/images/Banner%20Conpes.jpg HTTP/1.1" 200 55220
190.217.17.54 - - [13/Mar/2019:08:24:36 -0500] "GET /galeria/galeria/jquery.fancybox.css?v=2.1.5 HTTP/1.1" 200 4895
190.217.17.54 - - [13/Mar/2019:08:24:36 -0500] "GET /galeria/carrusel/Carrusel/jquery.thumbnailScroller.css HTTP/1.1" 200 2066
190.217.17.54 - - [13/Mar/2019:08:24:36 -0500] "GET /BLA/boletinlegal/js/jquery.scrollShow.js HTTP/1.1" 200 4586
190.217.17.54 - - [13/Mar/2019:08:24:36 -0500] "GET /galeria/galeria/jquery.fancybox.js?v=2.1.5 HTTP/1.1" 200 48706
190.217.17.54 - - [13/Mar/2019:08:24:36 -0500] "GET /BLA/boletinlegal/js/jquery.scrollShow.js HTTP/1.1" 200 4586
190.217.17.54 - - [13/Mar/2019:08:24:36 -0500] "GET /galeria/galeria/jquery.fancybox.js?v=2.1.5 HTTP/1.1" 200 48706
66.249.88.60 - - [13/Mar/2019:08:24:36 -0500] "GET /galeria/nivo-slider/demo/images/Banner%20practicas%20sostenibles.jpg HTTP/1.1" 200 142958
190.255.40.79 - - [13/Mar/2019:08:24:36 -0500] "GET /autoliquidacion/index.php?dir=TR%C1MITES+AGUAS+SUPERFICIALES%2F HTTP/1.1" 200 2647
190.217.17.54 - - [13/Mar/2019:08:24:37 -0500] "GET /galeria/carrusel/Carrusel/jquery-ui-1.8.13.custom.min.js HTTP/1.1" 200 10800
190.217.17.54 - - [13/Mar/2019:08:24:37 -0500] "GET /galeria/carrusel/Carrusel/jquery.thumbnailScroller.js HTTP/1.1" 200 8157
66.249.88.62 - - [13/Mar/2019:08:24:37 -0500] "GET /galeria/nivo-slider/demo/images/Banner%20POT.png HTTP/1.1" 200 418238
66.249.88.60 - - [13/Mar/2019:08:24:37 -0500] "GET /galeria/nivo-slider/demo/images/incendios-forestales.png HTTP/1.1" 200 61469
190.126.52.168 - - [13/Mar/2019:08:24:37 -0500] "GET /galeria/galeria/jquery.fancybox.css?v=2.1.5 HTTP/1.1" 304 -
190.126.52.168 - - [13/Mar/2019:08:24:37 -0500] "GET /BLA/boletinlegal/js/jquery.scrollShow.js HTTP/1.1" 304 -
190.126.52.168 - - [13/Mar/2019:08:24:37 -0500] "GET /galeria/galeria/jquery.fancybox.js?v=2.1.5 HTTP/1.1" 304 -
66.249.88.61 - - [13/Mar/2019:08:24:37 -0500] "GET /galeria/nivo-slider/demo/images/Pot_banner.jpg HTTP/1.1" 200 204736
66.249.88.62 - - [13/Mar/2019:08:24:38 -0500] "GET /galeria/nivo-slider/demo/images/BANNER%20punto.jpg HTTP/1.1" 200 75932
66.249.88.62 - - [13/Mar/2019:08:24:38 -0500] "GET /galeria/nivo-slider/demo/images/Banneranonimos.png HTTP/1.1" 200 109388
190.217.17.54 - - [13/Mar/2019:08:24:38 -0500] "GET /galeria/nivo-slider/demo/demo.html HTTP/1.1" 200 23257
190.217.17.54 - - [13/Mar/2019:08:24:38 -0500] "GET /galeria/nivo-slider/themes/default/default.css HTTP/1.1" 200 1569
190.217.17.54 - - [13/Mar/2019:08:24:38 -0500] "GET /galeria/nivo-slider/themes/pascal/pascal.css HTTP/1.1" 200 2258
190.217.17.54 - - [13/Mar/2019:08:24:38 -0500] "GET /galeria/nivo-slider/themes/orman/orman.css HTTP/1.1" 200 2152
190.217.17.54 - - [13/Mar/2019:08:24:38 -0500] "GET /galeria/nivo-slider/nivo-slider.css HTTP/1.1" 200 1507
190.217.17.54 - - [13/Mar/2019:08:24:38 -0500] "GET /galeria/nivo-slider/demo/style.css HTTP/1.1" 200 2222
190.217.17.54 - - [13/Mar/2019:08:24:38 -0500] "GET /galeria/nivo-slider/demo/images/Trafico%20de%20fauna.jpg HTTP/1.1" 200 198327
190.217.17.54 - - [13/Mar/2019:08:24:38 -0500] "GET /galeria/nivo-slider/demo/scripts/jquery-1.7.1.min.js HTTP/1.1" 200 93868
190.217.17.54 - - [13/Mar/2019:08:24:38 -0500] "GET /galeria/nivo-slider/jquery.nivo.slider.pack.js HTTP/1.1" 200 11561
66.249.88.61 - - [13/Mar/2019:08:24:38 -0500] "GET /galeria/nivo-slider/demo/images/web%20ingreso%20humedales.png HTTP/1.1" 200 641193
190.217.17.54 - - [13/Mar/2019:08:24:38 -0500] "GET /galeria/nivo-slider/demo/images/Bannerweb_Tinguas.jpg HTTP/1.1" 200 258471
190.217.17.54 - - [13/Mar/2019:08:24:38 -0500] "GET /galeria/nivo-slider/demo/images/Banner%20dia%20de%20la%20mujer.png HTTP/1.1" 200 208402
190.217.17.54 - - [13/Mar/2019:08:24:38 -0500] "GET /galeria/nivo-slider/demo/images/Banner%20socializacion%20mercurio.jpg HTTP/1.1" 200 157985
66.249.88.61 - - [13/Mar/2019:08:24:38 -0500] "GET /galeria/nivo-slider/demo/images/gobierno%20digital-01.jpg HTTP/1.1" 200 116163
190.217.17.54 - - [13/Mar/2019:08:24:38 -0500] "GET /galeria/nivo-slider/demo/images/Caminatas%20marzo.png HTTP/1.1" 200 661357
66.249.88.60 - - [13/Mar/2019:08:24:39 -0500] "GET /galeria/nivo-slider/demo/images/Otorgamiento-excelencia-ambiental-Jos%C3%A9-Celestino-Mutis-2.jpg HTTP/1.1" 200 276467
66.249.88.60 - - [13/Mar/2019:08:24:39 -0500] "GET /galeria/nivo-slider/demo/images/Banner_micrositio.png HTTP/1.1" 200 146950
190.217.17.54 - - [13/Mar/2019:08:24:39 -0500] "GET /galeria/nivo-slider/demo/images/4Simple_Slider.png HTTP/1.1" 200 11722
190.217.17.54 - - [13/Mar/2019:08:24:39 -0500] "GET /galeria/nivo-slider/themes/default/loading.gif HTTP/1.1" 200 1737
66.249.88.62 - - [13/Mar/2019:08:24:39 -0500] "GET /galeria/nivo-slider/demo/images/BANNER%20VAN%20DER%20HAMMEN.jpg HTTP/1.1" 200 64172
66.249.88.61 - - [13/Mar/2019:08:24:39 -0500] "GET /galeria/nivo-slider/demo/images/avances-sentencias-rio-bogota-2.jpg HTTP/1.1" 200 304916
190.217.17.54 - - [13/Mar/2019:08:24:39 -0500] "GET /galeria/nivo-slider/demo/images/PGAE%20banner.jpg HTTP/1.1" 200 258128
190.217.17.54 - - [13/Mar/2019:08:24:39 -0500] "GET /galeria/nivo-slider/demo/images/Banner%20Conpes.jpg HTTP/1.1" 200 55220
66.249.88.61 - - [13/Mar/2019:08:24:40 -0500] "GET /galeria/nivo-slider/demo/images/banner-humedales-de-bogota.jpg HTTP/1.1" 200 292611
190.217.17.54 - - [13/Mar/2019:08:24:40 -0500] "GET /galeria/nivo-slider/demo/images/Banner%20practicas%20sostenibles.jpg HTTP/1.1" 200 142958
66.249.88.62 - - [13/Mar/2019:08:24:40 -0500] "GET /galeria/nivo-slider/demo/images/maximavelocidad.png HTTP/1.1" 200 880272
190.217.17.54 - - [13/Mar/2019:08:24:41 -0500] "GET /galeria/nivo-slider/demo/images/Banner%20POT.png HTTP/1.1" 200 418238
190.217.17.54 - - [13/Mar/2019:08:24:41 -0500] "GET /galeria/nivo-slider/demo/images/incendios-forestales.png HTTP/1.1" 200 61469
66.249.88.62 - - [13/Mar/2019:08:24:41 -0500] "GET /galeria/nivo-slider/demo/images/banner%20aceite%20vegetal%20usado.jpg HTTP/1.1" 200 169350
66.249.88.60 - - [13/Mar/2019:08:24:41 -0500] "GET /galeria/nivo-slider/demo/images/bannerlumina2017web.jpg HTTP/1.1" 200 198918
66.249.88.61 - - [13/Mar/2019:08:24:41 -0500] "GET /galeria/nivo-slider/demo/images/banner-bolsas-plasticas.jpg HTTP/1.1" 200 317939
190.217.17.54 - - [13/Mar/2019:08:24:41 -0500] "GET /galeria/nivo-slider/demo/images/Pot_banner.jpg HTTP/1.1" 200 204736
190.217.17.54 - - [13/Mar/2019:08:24:41 -0500] "GET /galeria/nivo-slider/demo/images/BANNER%20punto.jpg HTTP/1.1" 200 75932
190.255.40.79 - - [13/Mar/2019:08:24:42 -0500] "GET /autoliquidacion/index.php?dir=TR%C1MITES+VERTIMIENTOS%2F HTTP/1.1" 200 1989
190.217.17.54 - - [13/Mar/2019:08:24:42 -0500] "GET /galeria/nivo-slider/demo/images/Banneranonimos.png HTTP/1.1" 200 109388
190.217.17.54 - - [13/Mar/2019:08:24:42 -0500] "GET /galeria/nivo-slider/demo/images/web%20ingreso%20humedales.png HTTP/1.1" 200 641193
190.217.17.54 - - [13/Mar/2019:08:24:42 -0500] "GET /galeria/nivo-slider/demo/images/gobierno%20digital-01.jpg HTTP/1.1" 200 116163
190.217.17.54 - - [13/Mar/2019:08:24:42 -0500] "GET /galeria/nivo-slider/demo/images/Otorgamiento-excelencia-ambiental-Jos%C3%A9-Celestino-Mutis-2.jpg HTTP/1.1" 200 276467
190.217.17.54 - - [13/Mar/2019:08:24:43 -0500] "GET /galeria/nivo-slider/demo/images/Banner_micrositio.png HTTP/1.1" 200 146950
190.217.17.54 - - [13/Mar/2019:08:24:43 -0500] "GET /galeria/nivo-slider/demo/images/avances-sentencias-rio-bogota-2.jpg HTTP/1.1" 200 304916
201.245.192.253 - - [13/Mar/2019:08:24:43 -0500] "POST /sipse/faces/presentacion/financiero/solicitudProceso/listarSolicitudProceso.xhtml HTTP/1.1" 200 32298
190.217.17.54 - - [13/Mar/2019:08:24:44 -0500] "GET /galeria/nivo-slider/demo/images/BANNER%20VAN%20DER%20HAMMEN.jpg HTTP/1.1" 200 64172
190.217.17.54 - - [13/Mar/2019:08:24:44 -0500] "GET /galeria/nivo-slider/demo/images/banner-humedales-de-bogota.jpg HTTP/1.1" 200 292611
190.255.40.79 - - [13/Mar/2019:08:24:44 -0500] "GET /autoliquidacion/index.php?dir= HTTP/1.1" 200 6377
201.245.192.253 - - [13/Mar/2019:08:24:44 -0500] "POST /sipse/faces/presentacion/financiero/solicitudProceso/listarSolicitudProceso.xhtml HTTP/1.1" 200 32298
190.217.17.54 - - [13/Mar/2019:08:24:44 -0500] "GET /galeria/nivo-slider/demo/images/maximavelocidad.png HTTP/1.1" 200 880272
190.217.17.54 - - [13/Mar/2019:08:24:45 -0500] "GET /galeria/nivo-slider/demo/images/banner%20aceite%20vegetal%20usado.jpg HTTP/1.1" 200 169350
190.217.17.54 - - [13/Mar/2019:08:24:45 -0500] "GET /galeria/nivo-slider/demo/images/bannerlumina2017web.jpg HTTP/1.1" 200 198918
201.245.192.253 - - [13/Mar/2019:08:24:45 -0500] "POST /sipse/faces/presentacion/financiero/solicitudProceso/listarSolicitudProceso.xhtml HTTP/1.1" 200 12724
190.217.17.54 - - [13/Mar/2019:08:24:46 -0500] "GET /galeria/nivo-slider/demo/images/banner-bolsas-plasticas.jpg HTTP/1.1" 200 317939
201.245.192.253 - - [13/Mar/2019:08:24:46 -0500] "POST /sipse/faces/presentacion/financiero/solicitudProceso/listarSolicitudProceso.xhtml HTTP/1.1" 200 12724
190.255.40.79 - - [13/Mar/2019:08:24:46 -0500] "GET /autoliquidacion/index.php?dir=TR%C1MITES+VERTIMIENTOS%2F HTTP/1.1" 200 1989
190.255.40.79 - - [13/Mar/2019:08:24:47 -0500] "GET /autoliquidacion/index.php?dir=TR%C1MITES+VERTIMIENTOS%2FPERMISOS+DE+VERTIMIENTOS%2F HTTP/1.1" 200 3692
201.245.192.253 - - [13/Mar/2019:08:24:47 -0500] "POST /sipse/faces/presentacion/financiero/solicitudProceso/listarSolicitudProceso.xhtml HTTP/1.1" 200 9912
190.217.17.54 - - [13/Mar/2019:08:24:48 -0500] "GET /galeria/nivo-slider/themes/default/arrows.png HTTP/1.1" 200 824
190.217.17.54 - - [13/Mar/2019:08:24:48 -0500] "GET /galeria/nivo-slider/themes/default/bullets.png HTTP/1.1" 200 1281
201.245.192.253 - - [13/Mar/2019:08:24:48 -0500] "POST /sipse/faces/presentacion/financiero/solicitudProceso/listarSolicitudProceso.xhtml HTTP/1.1" 200 7125
190.255.40.79 - - [13/Mar/2019:08:24:53 -0500] "GET /autoliquidacion/TR%C3%81MITES%20VERTIMIENTOS/PERMISOS%20DE%20VERTIMIENTOS/ANEXO%20%205.%20%20MATRIZ%20PAR%C3%81METROS%20ACTIVIDADES%20PRODUCTIVAS.xls HTTP/1.1" 200 77824
201.245.192.253 - - [13/Mar/2019:08:24:56 -0500] "POST /sipse/faces/presentacion/financiero/solicitudProceso/listarSolicitudProceso.xhtml HTTP/1.1" 200 18304
181.143.138.154 - - [13/Mar/2019:08:24:56 -0500] "GET /galeria/nivo-slider/demo/demo.html HTTP/1.1" 200 23257
201.245.192.253 - - [13/Mar/2019:08:24:57 -0500] "POST /sipse/faces/presentacion/financiero/solicitudProceso/listarSolicitudProceso.xhtml HTTP/1.1" 200 7174
192.168.175.104 - - [13/Mar/2019:08:24:57 -0500] "GET / HTTP/1.0" 200 9990
186.96.119.130 - - [13/Mar/2019:08:24:57 -0500] "GET /galeria/galeria/jquery.fancybox.css?v=2.1.5 HTTP/1.1" 200 4895
186.96.119.130 - - [13/Mar/2019:08:24:57 -0500] "GET /galeria/galeria/jquery.fancybox.js?v=2.1.5 HTTP/1.1" 200 48706
190.27.240.233 - - [13/Mar/2019:08:25:01 -0500] "GET /BLA/boletinlegal/js/jquery.scrollShow.js HTTP/1.1" 200 4586
190.27.240.233 - - [13/Mar/2019:08:25:01 -0500] "GET /galeria/galeria/jquery.fancybox.js?v=2.1.5 HTTP/1.1" 200 48706
190.27.240.233 - - [13/Mar/2019:08:25:01 -0500] "GET /galeria/galeria/jquery.fancybox.css?v=2.1.5 HTTP/1.1" 200 4895
201.245.192.253 - - [13/Mar/2019:08:25:03 -0500] "POST /sipse/faces/presentacion/financiero/solicitudProceso/listarSolicitudProceso.xhtml HTTP/1.1" 200 32010
201.245.192.253 - - [13/Mar/2019:08:25:04 -0500] "POST /sipse/faces/presentacion/financiero/solicitudProceso/listarSolicitudProceso.xhtml HTTP/1.1" 200 26174
201.245.192.253 - - [13/Mar/2019:08:25:04 -0500] "POST /sipse/faces/presentacion/financiero/solicitudProceso/listarSolicitudProceso.xhtml HTTP/1.1" 200 7051
66.249.88.60 - - [13/Mar/2019:08:25:07 -0500] "GET /galeria/nivo-slider/themes/default/arrows.png HTTP/1.1" 200 824
66.249.88.60 - - [13/Mar/2019:08:25:07 -0500] "GET /galeria/nivo-slider/themes/default/bullets.png HTTP/1.1" 200 1281
54.36.148.223 - - [13/Mar/2019:08:25:09 -0500] "GET /BLA/resoluciones/AUTOS%202006/AUTOS%202006%20301-400/INDEX.DAT HTTP/1.1" 200 4000
201.245.192.253 - - [13/Mar/2019:08:25:10 -0500] "POST /sipse/faces/presentacion/financiero/solicitudProceso/listarSolicitudProceso.xhtml HTTP/1.1" 200 26174
201.245.192.253 - - [13/Mar/2019:08:25:11 -0500] "POST /sipse/faces/presentacion/financiero/solicitudProceso/listarSolicitudProceso.xhtml HTTP/1.1" 200 7066
186.96.119.130 - - [13/Mar/2019:08:25:15 -0500] "GET /galeria/carrusel/Carrusel/jquery.thumbnailScroller.css HTTP/1.1" 200 2066
186.96.119.130 - - [13/Mar/2019:08:25:15 -0500] "GET /galeria/carrusel/Carrusel/jquery-ui-1.8.13.custom.min.js HTTP/1.1" 200 10800
186.96.119.130 - - [13/Mar/2019:08:25:15 -0500] "GET /galeria/carrusel/Carrusel/jquery.thumbnailScroller.js HTTP/1.1" 200 8157
186.96.119.130 - - [13/Mar/2019:08:25:15 -0500] "GET /galeria/nivo-slider/themes/default/default.css HTTP/1.1" 200 1569
186.96.119.130 - - [13/Mar/2019:08:25:15 -0500] "GET /galeria/nivo-slider/themes/pascal/pascal.css HTTP/1.1" 200 2258
186.96.119.130 - - [13/Mar/2019:08:25:15 -0500] "GET /galeria/nivo-slider/nivo-slider.css HTTP/1.1" 200 1507
186.96.119.130 - - [13/Mar/2019:08:25:15 -0500] "GET /galeria/nivo-slider/themes/orman/orman.css HTTP/1.1" 200 2152
186.96.119.130 - - [13/Mar/2019:08:25:15 -0500] "GET /galeria/nivo-slider/demo/images/Trafico%20de%20fauna.jpg HTTP/1.1" 200 198327
186.96.119.130 - - [13/Mar/2019:08:25:15 -0500] "GET /galeria/nivo-slider/demo/style.css HTTP/1.1" 200 2222
186.96.119.130 - - [13/Mar/2019:08:25:15 -0500] "GET /galeria/nivo-slider/demo/scripts/jquery-1.7.1.min.js HTTP/1.1" 200 93868
186.96.119.130 - - [13/Mar/2019:08:25:15 -0500] "GET /galeria/nivo-slider/jquery.nivo.slider.pack.js HTTP/1.1" 200 11561
186.96.119.130 - - [13/Mar/2019:08:25:15 -0500] "GET /galeria/nivo-slider/demo/images/Bannerweb_Tinguas.jpg HTTP/1.1" 200 258471
186.96.119.130 - - [13/Mar/2019:08:25:16 -0500] "GET /galeria/nivo-slider/demo/images/Banner%20POT.png HTTP/1.1" 200 418238
186.96.119.130 - - [13/Mar/2019:08:25:16 -0500] "GET /galeria/nivo-slider/demo/images/incendios-forestales.png HTTP/1.1" 200 61469
186.96.119.130 - - [13/Mar/2019:08:25:16 -0500] "GET /galeria/nivo-slider/demo/images/Pot_banner.jpg HTTP/1.1" 200 204736
186.96.119.130 - - [13/Mar/2019:08:25:16 -0500] "GET /galeria/nivo-slider/demo/images/BANNER%20punto.jpg HTTP/1.1" 200 75932
186.96.119.130 - - [13/Mar/2019:08:25:16 -0500] "GET /galeria/nivo-slider/demo/images/Banneranonimos.png HTTP/1.1" 200 109388
186.96.119.130 - - [13/Mar/2019:08:25:16 -0500] "GET /galeria/nivo-slider/demo/images/web%20ingreso%20humedales.png HTTP/1.1" 200 641193
186.96.119.130 - - [13/Mar/2019:08:25:17 -0500] "GET /galeria/nivo-slider/demo/images/gobierno%20digital-01.jpg HTTP/1.1" 200 116163
201.245.192.253 - - [13/Mar/2019:08:25:17 -0500] "POST /sipse/faces/presentacion/financiero/solicitudProceso/listarSolicitudProceso.xhtml HTTP/1.1" 200 32014
186.96.119.130 - - [13/Mar/2019:08:25:17 -0500] "GET /galeria/nivo-slider/demo/images/Otorgamiento-excelencia-ambiental-Jos%C3%A9-Celestino-Mutis-2.jpg HTTP/1.1" 200 276467
186.96.119.130 - - [13/Mar/2019:08:25:17 -0500] "GET /galeria/nivo-slider/demo/images/Banner_micrositio.png HTTP/1.1" 200 146950
186.96.119.130 - - [13/Mar/2019:08:25:18 -0500] "GET /galeria/nivo-slider/demo/images/avances-sentencias-rio-bogota-2.jpg HTTP/1.1" 200 304916
186.96.119.130 - - [13/Mar/2019:08:25:18 -0500] "GET /galeria/nivo-slider/demo/images/BANNER%20VAN%20DER%20HAMMEN.jpg HTTP/1.1" 200 64172
186.96.119.130 - - [13/Mar/2019:08:25:18 -0500] "GET /galeria/nivo-slider/demo/images/banner-humedales-de-bogota.jpg HTTP/1.1" 200 292611
186.96.119.130 - - [13/Mar/2019:08:25:18 -0500] "GET /galeria/nivo-slider/demo/images/maximavelocidad.png HTTP/1.1" 200 880272
186.96.119.130 - - [13/Mar/2019:08:25:18 -0500] "GET /galeria/nivo-slider/demo/images/banner%20aceite%20vegetal%20usado.jpg HTTP/1.1" 200 169350
201.245.192.253 - - [13/Mar/2019:08:25:18 -0500] "POST /sipse/faces/presentacion/financiero/solicitudProceso/listarSolicitudProceso.xhtml HTTP/1.1" 200 12670
190.255.40.79 - - [13/Mar/2019:08:25:18 -0500] "GET /autoliquidacion/TR%C3%81MITES%20VERTIMIENTOS/PERMISOS%20DE%20VERTIMIENTOS/ANEXO%203.%20LISTA%20DE%20CHEQUEO%20PERMISO%20VERT.%20ALCANTARILLADO.pdf HTTP/1.1" 200 39957
201.245.192.253 - - [13/Mar/2019:08:25:18 -0500] "POST /sipse/faces/presentacion/financiero/solicitudProceso/listarSolicitudProceso.xhtml HTTP/1.1" 200 12670
23.100.232.233 - - [13/Mar/2019:08:25:19 -0500] "GET /BLA/boletinlegal/js/jquery.scrollShow.js HTTP/1.1" 200 4586
23.100.232.233 - - [13/Mar/2019:08:25:19 -0500] "GET /galeria/galeria/jquery.fancybox.js?v=2.1.5 HTTP/1.1" 200 48706
186.96.119.130 - - [13/Mar/2019:08:25:19 -0500] "GET /galeria/nivo-slider/demo/images/bannerlumina2017web.jpg HTTP/1.1" 200 198918
23.100.232.233 - - [13/Mar/2019:08:25:19 -0500] "GET /galeria/galeria/jquery.fancybox.css?v=2.1.5 HTTP/1.1" 200 4895
186.96.119.130 - - [13/Mar/2019:08:25:19 -0500] "GET /galeria/nivo-slider/demo/images/banner-bolsas-plasticas.jpg HTTP/1.1" 200 317939
186.96.119.130 - - [13/Mar/2019:08:25:19 -0500] "GET /galeria/nivo-slider/demo/images/4Simple_Slider.png HTTP/1.1" 200 11722
186.96.119.130 - - [13/Mar/2019:08:25:20 -0500] "GET /galeria/nivo-slider/themes/default/loading.gif HTTP/1.1" 200 1737
201.245.192.253 - - [13/Mar/2019:08:25:21 -0500] "POST /sipse/faces/presentacion/financiero/solicitudProceso/listarSolicitudProceso.xhtml HTTP/1.1" 200 7132
186.96.119.130 - - [13/Mar/2019:08:25:21 -0500] "GET /galeria/nivo-slider/themes/default/arrows.png HTTP/1.1" 200 824
186.96.119.130 - - [13/Mar/2019:08:25:21 -0500] "GET /galeria/nivo-slider/themes/default/bullets.png HTTP/1.1" 200 1281
190.255.40.79 - - [13/Mar/2019:08:25:23 -0500] "GET /autoliquidacion/ HTTP/1.1" 200 6377
66.249.75.27 - - [13/Mar/2019:08:25:25 -0500] "GET /BLA/boletinlegal/jurisprudencia/analisis/G__Jurisp.%20Junio%202014_ANALISIS%20JURISPRUDENCIA%20C-634-12%20DECOMISO.docx HTTP/1.1" 200 27045
201.245.192.253 - - [13/Mar/2019:08:25:25 -0500] "POST /sipse/faces/presentacion/financiero/solicitudProceso/listarSolicitudProceso.xhtml HTTP/1.1" 200 32014
190.27.240.233 - - [13/Mar/2019:08:25:25 -0500] "GET /galeria/galeria/jquery.fancybox.js?v=2.1.5 HTTP/1.1" 200 48706
190.27.240.233 - - [13/Mar/2019:08:25:25 -0500] "GET /BLA/boletinlegal/js/jquery.scrollShow.js HTTP/1.1" 200 4586
190.27.240.233 - - [13/Mar/2019:08:25:25 -0500] "GET /galeria/galeria/jquery.fancybox.css?v=2.1.5 HTTP/1.1" 200 4895
190.255.40.79 - - [13/Mar/2019:08:25:25 -0500] "GET /autoliquidacion/index.php?dir=TR%C1MITES+VERTIMIENTOS%2F HTTP/1.1" 200 1989
190.24.149.230 - - [13/Mar/2019:08:25:25 -0500] "GET /BLA/boletinlegal/Circulares/2019/Circular%20No.%200003%20del%2031%20de%20Enero%20de%202019.pdf HTTP/1.1" 200 164676
23.100.232.233 - - [13/Mar/2019:08:25:26 -0500] "GET /galeria/galeria/jquery.fancybox.js?v=2.1.5 HTTP/1.1" 200 48706
23.100.232.233 - - [13/Mar/2019:08:25:26 -0500] "GET /BLA/boletinlegal/js/jquery.scrollShow.js HTTP/1.1" 200 4586
23.100.232.233 - - [13/Mar/2019:08:25:26 -0500] "GET /galeria/galeria/jquery.fancybox.css?v=2.1.5 HTTP/1.1" 200 4895
201.245.192.253 - - [13/Mar/2019:08:25:26 -0500] "POST /sipse/faces/presentacion/financiero/solicitudProceso/listarSolicitudProceso.xhtml HTTP/1.1" 200 20920
190.255.40.79 - - [13/Mar/2019:08:25:27 -0500] "GET /autoliquidacion/index.php?dir=TR%C1MITES+VERTIMIENTOS%2FPERMISOS+DE+VERTIMIENTOS%2F HTTP/1.1" 200 3692
201.245.192.253 - - [13/Mar/2019:08:25:27 -0500] "POST /sipse/faces/presentacion/financiero/solicitudProceso/listarSolicitudProceso.xhtml HTTP/1.1" 200 7110
201.245.192.253 - - [13/Mar/2019:08:25:32 -0500] "POST /sipse/faces/presentacion/financiero/solicitudProceso/listarSolicitudProceso.xhtml HTTP/1.1" 200 32014
201.245.192.253 - - [13/Mar/2019:08:25:33 -0500] "POST /sipse/faces/presentacion/financiero/solicitudProceso/listarSolicitudProceso.xhtml HTTP/1.1" 200 32014
192.168.175.104 - - [13/Mar/2019:08:25:34 -0500] "GET / HTTP/1.1" 200 9990
201.245.192.253 - - [13/Mar/2019:08:25:35 -0500] "POST /sipse/faces/presentacion/financiero/solicitudProceso/listarSolicitudProceso.xhtml HTTP/1.1" 200 7091
201.245.192.253 - - [13/Mar/2019:08:25:36 -0500] "POST /sipse/faces/presentacion/financiero/solicitudProceso/listarSolicitudProceso.xhtml HTTP/1.1" 200 7087
201.245.192.253 - - [13/Mar/2019:08:25:41 -0500] "POST /sipse/faces/presentacion/financiero/solicitudProceso/listarSolicitudProceso.xhtml HTTP/1.1" 200 32014
201.245.192.253 - - [13/Mar/2019:08:25:42 -0500] "POST /sipse/faces/presentacion/financiero/solicitudProceso/listarSolicitudProceso.xhtml HTTP/1.1" 200 26484
201.245.192.253 - - [13/Mar/2019:08:25:42 -0500] "POST /sipse/faces/presentacion/financiero/solicitudProceso/listarSolicitudProceso.xhtml HTTP/1.1" 200 26484
201.245.192.253 - - [13/Mar/2019:08:25:43 -0500] "POST /sipse/faces/presentacion/financiero/solicitudProceso/listarSolicitudProceso.xhtml HTTP/1.1" 200 7099
201.245.192.253 - - [13/Mar/2019:08:25:48 -0500] "POST /sipse/faces/presentacion/financiero/solicitudProceso/listarSolicitudProceso.xhtml HTTP/1.1" 200 32010
201.245.192.253 - - [13/Mar/2019:08:25:48 -0500] "POST /sipse/faces/presentacion/financiero/solicitudProceso/listarSolicitudProceso.xhtml HTTP/1.1" 200 26484
201.245.192.253 - - [13/Mar/2019:08:25:49 -0500] "POST /sipse/faces/presentacion/financiero/solicitudProceso/listarSolicitudProceso.xhtml HTTP/1.1" 200 7136
201.245.192.253 - - [13/Mar/2019:08:25:55 -0500] "POST /sipse/faces/presentacion/financiero/solicitudProceso/listarSolicitudProceso.xhtml HTTP/1.1" 200 32014
201.245.192.253 - - [13/Mar/2019:08:25:56 -0500] "POST /sipse/faces/presentacion/financiero/solicitudProceso/listarSolicitudProceso.xhtml HTTP/1.1" 200 26174
201.245.192.253 - - [13/Mar/2019:08:25:56 -0500] "POST /sipse/faces/presentacion/financiero/solicitudProceso/listarSolicitudProceso.xhtml HTTP/1.1" 200 7062
190.255.40.79 - - [13/Mar/2019:08:25:56 -0500] "GET /autoliquidacion/ HTTP/1.1" 200 6377
54.36.149.97 - - [13/Mar/2019:08:25:57 -0500] "GET /BLA/resoluciones/RESOLUCIONES%202004/RES%202004%20151-200/00000188.tif HTTP/1.1" 200 143090
181.143.138.154 - - [13/Mar/2019:08:25:58 -0500] "GET /galeria/nivo-slider/demo/demo.html HTTP/1.1" 200 23257
201.245.192.253 - - [13/Mar/2019:08:26:00 -0500] "POST /sipse/faces/presentacion/financiero/solicitudProceso/listarSolicitudProceso.xhtml HTTP/1.1" 200 32010
190.255.40.79 - - [13/Mar/2019:08:26:00 -0500] "GET /autoliquidacion/index.php?dir=Solicitud+de+Licencia+Ambiental%2F HTTP/1.1" 200 2553
201.245.192.253 - - [13/Mar/2019:08:26:01 -0500] "POST /sipse/faces/presentacion/financiero/solicitudProceso/listarSolicitudProceso.xhtml HTTP/1.1" 200 20920
201.245.192.253 - - [13/Mar/2019:08:26:02 -0500] "POST /sipse/faces/presentacion/financiero/solicitudProceso/listarSolicitudProceso.xhtml HTTP/1.1" 200 20920
190.255.40.79 - - [13/Mar/2019:08:26:03 -0500] "GET /autoliquidacion/Solicitud%20de%20Licencia%20Ambiental/Solicitud%20de%20licencia%20ambiental.....pdf HTTP/1.1" 200 99744
186.30.31.187 - - [13/Mar/2019:08:26:03 -0500] "GET /galeria/nivo-slider/demo/demo.html HTTP/1.1" 304 -
201.245.192.253 - - [13/Mar/2019:08:26:03 -0500] "POST /sipse/faces/presentacion/financiero/solicitudProceso/listarSolicitudProceso.xhtml HTTP/1.1" 200 7110
186.30.31.187 - - [13/Mar/2019:08:26:04 -0500] "GET /galeria/nivo-slider/demo/images/PGAE%20banner.jpg HTTP/1.1" 304 -
186.30.31.187 - - [13/Mar/2019:08:26:04 -0500] "GET /galeria/nivo-slider/demo/images/Banner%20socializacion%20mercurio.jpg HTTP/1.1" 304 -
186.30.31.187 - - [13/Mar/2019:08:26:04 -0500] "GET /galeria/nivo-slider/demo/images/Banner%20dia%20de%20la%20mujer.png HTTP/1.1" 304 -
201.245.192.253 - - [13/Mar/2019:08:26:08 -0500] "POST /sipse/faces/presentacion/financiero/solicitudProceso/listarSolicitudProceso.xhtml HTTP/1.1" 200 20920
181.143.138.154 - - [13/Mar/2019:08:26:09 -0500] "GET /galeria/nivo-slider/themes/orman/orman.css HTTP/1.1" 200 2152
181.143.138.154 - - [13/Mar/2019:08:26:09 -0500] "GET /galeria/nivo-slider/nivo-slider.css HTTP/1.1" 200 1507
181.143.138.154 - - [13/Mar/2019:08:26:09 -0500] "GET /galeria/nivo-slider/themes/pascal/pascal.css HTTP/1.1" 200 2258
181.143.138.154 - - [13/Mar/2019:08:26:09 -0500] "GET /galeria/nivo-slider/themes/default/default.css HTTP/1.1" 200 1569
181.143.138.154 - - [13/Mar/2019:08:26:09 -0500] "GET /galeria/nivo-slider/demo/images/Trafico%20de%20fauna.jpg HTTP/1.1" 200 198327
181.143.138.154 - - [13/Mar/2019:08:26:09 -0500] "GET /galeria/nivo-slider/demo/scripts/jquery-1.7.1.min.js HTTP/1.1" 200 93868
201.245.192.253 - - [13/Mar/2019:08:26:09 -0500] "POST /sipse/faces/presentacion/financiero/solicitudProceso/listarSolicitudProceso.xhtml HTTP/1.1" 200 7110
181.143.138.154 - - [13/Mar/2019:08:26:10 -0500] "GET /galeria/nivo-slider/jquery.nivo.slider.pack.js HTTP/1.1" 200 11561
181.143.138.154 - - [13/Mar/2019:08:26:10 -0500] "GET /galeria/nivo-slider/demo/images/Bannerweb_Tinguas.jpg HTTP/1.1" 200 258471
181.143.138.154 - - [13/Mar/2019:08:26:10 -0500] "GET /galeria/nivo-slider/demo/style.css HTTP/1.1" 200 2222
181.143.138.154 - - [13/Mar/2019:08:26:10 -0500] "GET /galeria/nivo-slider/demo/images/avances-sentencias-rio-bogota-2.jpg HTTP/1.1" 200 304916
190.255.40.79 - - [13/Mar/2019:08:26:10 -0500] "GET /autoliquidacion/index.php?dir=TR%C1MITES+VERTIMIENTOS%2F HTTP/1.1" 200 1989
190.255.40.79 - - [13/Mar/2019:08:26:11 -0500] "GET /autoliquidacion/index.php?dir=TR%C1MITES+VERTIMIENTOS%2FPERMISOS+DE+VERTIMIENTOS%2F HTTP/1.1" 200 3692
181.143.138.154 - - [13/Mar/2019:08:26:12 -0500] "GET /galeria/nivo-slider/demo/images/gobierno%20digital-01.jpg HTTP/1.1" 200 116163
181.143.138.154 - - [13/Mar/2019:08:26:13 -0500] "GET /galeria/nivo-slider/demo/images/Banner%20practicas%20sostenibles.jpg HTTP/1.1" 200 142958
181.143.138.154 - - [13/Mar/2019:08:26:13 -0500] "GET /galeria/nivo-slider/demo/images/web%20ingreso%20humedales.png HTTP/1.1" 200 641193
181.143.138.154 - - [13/Mar/2019:08:26:17 -0500] "GET /galeria/nivo-slider/demo/images/PGAE%20banner.jpg HTTP/1.1" 200 258128
181.143.138.154 - - [13/Mar/2019:08:26:20 -0500] "GET /galeria/nivo-slider/demo/images/bannerlumina2017web.jpg HTTP/1.1" 200 198918
201.245.192.253 - - [13/Mar/2019:08:26:21 -0500] "POST /sipse/faces/presentacion/financiero/solicitudProceso/listarSolicitudProceso.xhtml HTTP/1.1" 200 32010
186.96.98.83 - - [13/Mar/2019:08:26:21 -0500] "GET /galeria/galeria/jquery.fancybox.js?v=2.1.5 HTTP/1.1" 200 48706
186.96.98.83 - - [13/Mar/2019:08:26:21 -0500] "GET /BLA/boletinlegal/js/jquery.scrollShow.js HTTP/1.1" 200 4586
186.96.98.83 - - [13/Mar/2019:08:26:21 -0500] "GET /galeria/galeria/jquery.fancybox.css?v=2.1.5 HTTP/1.1" 200 4895
201.245.192.253 - - [13/Mar/2019:08:26:22 -0500] "POST /sipse/faces/presentacion/financiero/solicitudProceso/listarSolicitudProceso.xhtml HTTP/1.1" 200 4458
190.85.74.50 - - [13/Mar/2019:08:26:22 -0500] "GET /galeria/carrusel/Carrusel/jquery.thumbnailScroller.js HTTP/1.1" 200 8157
190.85.74.50 - - [13/Mar/2019:08:26:22 -0500] "GET /BLA/boletinlegal/js/jquery.scrollShow.js HTTP/1.1" 200 4586
190.85.74.50 - - [13/Mar/2019:08:26:22 -0500] "GET /galeria/galeria/jquery.fancybox.css?v=2.1.5 HTTP/1.1" 200 4895
190.85.74.50 - - [13/Mar/2019:08:26:22 -0500] "GET /galeria/galeria/jquery.fancybox.js?v=2.1.5 HTTP/1.1" 200 48706
190.85.74.50 - - [13/Mar/2019:08:26:22 -0500] "GET /galeria/carrusel/Carrusel/jquery.thumbnailScroller.css HTTP/1.1" 200 2066
190.85.74.50 - - [13/Mar/2019:08:26:22 -0500] "GET /galeria/carrusel/Carrusel/jquery-ui-1.8.13.custom.min.js HTTP/1.1" 200 10800
201.245.192.253 - - [13/Mar/2019:08:26:23 -0500] "POST /sipse/faces/presentacion/financiero/solicitudProceso/listarSolicitudProceso.xhtml HTTP/1.1" 200 4458
190.85.74.50 - - [13/Mar/2019:08:26:23 -0500] "GET /galeria/nivo-slider/demo/demo.html HTTP/1.1" 200 23257
190.85.74.50 - - [13/Mar/2019:08:26:23 -0500] "GET /galeria/nivo-slider/themes/default/default.css HTTP/1.1" 200 1569
190.85.74.50 - - [13/Mar/2019:08:26:23 -0500] "GET /galeria/nivo-slider/nivo-slider.css HTTP/1.1" 200 1507
190.85.74.50 - - [13/Mar/2019:08:26:23 -0500] "GET /galeria/nivo-slider/themes/orman/orman.css HTTP/1.1" 200 2152
190.85.74.50 - - [13/Mar/2019:08:26:23 -0500] "GET /galeria/nivo-slider/themes/pascal/pascal.css HTTP/1.1" 200 2258
190.85.74.50 - - [13/Mar/2019:08:26:23 -0500] "GET /galeria/nivo-slider/demo/style.css HTTP/1.1" 200 2222
190.85.74.50 - - [13/Mar/2019:08:26:23 -0500] "GET /galeria/nivo-slider/demo/images/Trafico%20de%20fauna.jpg HTTP/1.1" 200 198327
190.85.74.50 - - [13/Mar/2019:08:26:23 -0500] "GET /galeria/nivo-slider/demo/images/Banner%20dia%20de%20la%20mujer.png HTTP/1.1" 200 208402
190.85.74.50 - - [13/Mar/2019:08:26:23 -0500] "GET /galeria/nivo-slider/demo/images/Bannerweb_Tinguas.jpg HTTP/1.1" 200 258471
190.85.74.50 - - [13/Mar/2019:08:26:23 -0500] "GET /galeria/nivo-slider/demo/images/Banner%20socializacion%20mercurio.jpg HTTP/1.1" 200 157985
190.85.74.50 - - [13/Mar/2019:08:26:23 -0500] "GET /galeria/nivo-slider/demo/images/PGAE%20banner.jpg HTTP/1.1" 200 258128
201.245.192.253 - - [13/Mar/2019:08:26:24 -0500] "POST /sipse/faces/presentacion/financiero/solicitudProceso/listarSolicitudProceso.xhtml HTTP/1.1" 200 7136
190.85.74.50 - - [13/Mar/2019:08:26:24 -0500] "GET /galeria/nivo-slider/demo/images/Caminatas%20marzo.png HTTP/1.1" 304 -
190.85.74.50 - - [13/Mar/2019:08:26:24 -0500] "GET /galeria/nivo-slider/demo/images/Banner_micrositio.png HTTP/1.1" 200 146950
181.143.138.154 - - [13/Mar/2019:08:26:26 -0500] "GET /galeria/nivo-slider/demo/images/banner-bolsas-plasticas.jpg HTTP/1.1" 200 317939
201.228.154.179 - - [13/Mar/2019:08:26:28 -0500] "GET /Autoliquidacion/Grupo%20Forestal%20-%20Silvicultura/Formulario%20%C3%BAnico%20nacional%20de%20solicitud%20de%20aprovechamiento%20forestal%20arboles%20aislados.xlsx HTTP/1.1" 200 1146411
190.85.74.50 - - [13/Mar/2019:08:26:28 -0500] "GET /galeria/nivo-slider/themes/default/arrows.png HTTP/1.1" 200 824
190.85.74.50 - - [13/Mar/2019:08:26:29 -0500] "GET /galeria/nivo-slider/themes/default/bullets.png HTTP/1.1" 200 1281
190.85.74.50 - - [13/Mar/2019:08:26:29 -0500] "GET /BLA/boletinlegal/js/jquery.scrollShow.js HTTP/1.1" 200 4586
186.28.45.174 - - [13/Mar/2019:08:26:30 -0500] "GET /BLA/resoluciones/AUTOS%202015/2488.pdf HTTP/1.1" 200 1016084
190.85.74.50 - - [13/Mar/2019:08:26:30 -0500] "GET /BLA/boletinlegal/js/jquery.scrollShow.js HTTP/1.1" 200 4586
190.85.74.50 - - [13/Mar/2019:08:26:30 -0500] "GET /galeria/galeria/jquery.fancybox.js?v=2.1.5 HTTP/1.1" 200 48706
190.85.74.50 - - [13/Mar/2019:08:26:30 -0500] "GET /galeria/galeria/jquery.fancybox.css?v=2.1.5 HTTP/1.1" 200 4895
186.28.45.174 - - [13/Mar/2019:08:26:30 -0500] "GET /favicon.ico HTTP/1.1" 200 7782
181.143.138.154 - - [13/Mar/2019:08:26:32 -0500] "GET /galeria/nivo-slider/demo/images/Banneranonimos.png HTTP/1.1" 200 109388
181.143.138.154 - - [13/Mar/2019:08:26:32 -0500] "GET /galeria/nivo-slider/demo/images/maximavelocidad.png HTTP/1.1" 200 880272
181.143.138.154 - - [13/Mar/2019:08:26:33 -0500] "GET /galeria/nivo-slider/demo/images/incendios-forestales.png HTTP/1.1" 200 61469
201.245.192.253 - - [13/Mar/2019:08:26:37 -0500] "POST /sipse/faces/presentacion/financiero/solicitudProceso/listarSolicitudProceso.xhtml HTTP/1.1" 200 32348
207.46.13.173 - - [13/Mar/2019:08:26:37 -0500] "GET /BLA/boletinlegal/Circulares/2011/Circular%20No.%206%20del%2023%20de%20Septiembre%20de%202011.pdf HTTP/1.1" 200 252800
201.245.192.253 - - [13/Mar/2019:08:26:38 -0500] "POST /sipse/faces/presentacion/financiero/solicitudProceso/listarSolicitudProceso.xhtml HTTP/1.1" 200 7120
181.143.138.154 - - [13/Mar/2019:08:26:40 -0500] "GET /galeria/nivo-slider/demo/images/Banner_micrositio.png HTTP/1.1" 200 146950
181.143.138.154 - - [13/Mar/2019:08:26:44 -0500] "GET /galeria/nivo-slider/demo/images/Pot_banner.jpg HTTP/1.1" 200 204736
201.245.192.253 - - [13/Mar/2019:08:26:44 -0500] "POST /sipse/faces/presentacion/financiero/solicitudProceso/listarSolicitudProceso.xhtml HTTP/1.1" 200 32348
201.245.192.253 - - [13/Mar/2019:08:26:45 -0500] "POST /sipse/faces/presentacion/financiero/solicitudProceso/listarSolicitudProceso.xhtml HTTP/1.1" 200 26802
201.245.192.253 - - [13/Mar/2019:08:26:46 -0500] "POST /sipse/faces/presentacion/financiero/solicitudProceso/listarSolicitudProceso.xhtml HTTP/1.1" 200 7225
181.143.138.154 - - [13/Mar/2019:08:26:47 -0500] "GET /galeria/nivo-slider/demo/images/BANNER%20punto.jpg HTTP/1.1" 200 75932
201.236.222.90 - - [13/Mar/2019:08:26:49 -0500] "GET /galeria/galeria/jquery.fancybox.css?v=2.1.5 HTTP/1.1" 200 4895
201.236.222.90 - - [13/Mar/2019:08:26:49 -0500] "GET /BLA/boletinlegal/js/jquery.scrollShow.js HTTP/1.1" 200 4586
201.236.222.90 - - [13/Mar/2019:08:26:49 -0500] "GET /galeria/galeria/jquery.fancybox.js?v=2.1.5 HTTP/1.1" 200 48706
181.143.138.154 - - [13/Mar/2019:08:26:50 -0500] "GET /galeria/nivo-slider/demo/images/BANNER%20VAN%20DER%20HAMMEN.jpg HTTP/1.1" 200 64172
181.143.138.154 - - [13/Mar/2019:08:26:51 -0500] "GET /galeria/nivo-slider/demo/images/Banner%20POT.png HTTP/1.1" 200 418238
