181.53.12.87 - - [12/May/2019:00:57:10 -0500] "GET /galeria/nivo-slider/demo/images/Banneranonimos.png HTTP/1.1" 200 109388
181.53.12.87 - - [12/May/2019:00:57:10 -0500] "GET /galeria/nivo-slider/demo/images/web%20ingreso%20humedales.png HTTP/1.1" 200 641193
181.53.12.87 - - [12/May/2019:00:57:10 -0500] "GET /galeria/nivo-slider/demo/images/gobierno%20digital-01.jpg HTTP/1.1" 200 116163
181.53.12.87 - - [12/May/2019:00:57:10 -0500] "GET /galeria/nivo-slider/demo/images/Otorgamiento-excelencia-ambiental-Jos%C3%A9-Celestino-Mutis-2.jpg HTTP/1.1" 200 276467
181.53.12.87 - - [12/May/2019:00:57:11 -0500] "GET /galeria/nivo-slider/demo/images/Banner_micrositio.png HTTP/1.1" 200 146950
181.53.12.87 - - [12/May/2019:00:57:11 -0500] "GET /galeria/nivo-slider/demo/images/avances-sentencias-rio-bogota-2.jpg HTTP/1.1" 200 304916
181.53.12.87 - - [12/May/2019:00:57:11 -0500] "GET /galeria/nivo-slider/demo/images/BANNER%20VAN%20DER%20HAMMEN.jpg HTTP/1.1" 200 64172
181.53.12.87 - - [12/May/2019:00:57:11 -0500] "GET /galeria/nivo-slider/demo/images/banner-humedales-de-bogota.jpg HTTP/1.1" 200 292611
181.53.12.87 - - [12/May/2019:00:57:11 -0500] "GET /galeria/nivo-slider/demo/images/maximavelocidad.png HTTP/1.1" 200 880272
181.53.12.87 - - [12/May/2019:00:57:12 -0500] "GET /galeria/nivo-slider/demo/images/banner%20aceite%20vegetal%20usado.jpg HTTP/1.1" 200 169350
66.249.66.219 - - [12/May/2019:00:57:12 -0500] "GET /BLA/resoluciones/AUTOS%202013/1603.pdf HTTP/1.1" 200 140600
181.53.12.87 - - [12/May/2019:00:57:12 -0500] "GET /galeria/nivo-slider/demo/images/bannerlumina2017web.jpg HTTP/1.1" 200 198918
66.249.66.219 - - [12/May/2019:00:57:14 -0500] "GET /BLA/resoluciones/RESOLUCIONES%202007/RES%202007%203401%20AL%203500/RESOLUCION%203465%20DE%202007.pdf HTTP/1.1" 200 585244
66.249.66.219 - - [12/May/2019:00:57:43 -0500] "GET /BLA/resoluciones/RESOLUCIONES%202007/RES%202007%202601%20AL%202700/RESOLUCION%202697%20DE%202007.pdf HTTP/1.1" 200 233427
66.249.66.73 - - [12/May/2019:00:58:11 -0500] "GET /BLA/boletinlegal/Circulares/2011/Circular%20No.%203%20del%2023%20de%20Junio%20de%202011.pdf HTTP/1.1" 304 -
66.249.66.221 - - [12/May/2019:00:58:31 -0500] "GET /BLA/resoluciones/RESOLUCIONES%202011/2245.pdf HTTP/1.1" 200 767008
66.249.66.219 - - [12/May/2019:00:58:44 -0500] "GET /BLA/resoluciones/AUTOS%202010/0806.pdf HTTP/1.1" 200 182993
66.249.66.221 - - [12/May/2019:00:58:48 -0500] "GET /BLA/resoluciones/RESOLUCIONES%202011/5010.pdf HTTP/1.1" 200 390763
66.249.66.219 - - [12/May/2019:00:58:57 -0500] "GET /BLA/resoluciones/AUTOS%202008/0791.pdf HTTP/1.1" 200 79305
66.249.66.221 - - [12/May/2019:00:59:00 -0500] "GET /BLA/resoluciones/RESOLUCIONES%202007/RES%202007%201001%20AL%201100/RESOLUCION%201077%20DE%202007.pdf HTTP/1.1" 200 418662
66.249.66.215 - - [12/May/2019:00:59:05 -0500] "GET /robots.txt HTTP/1.1" 404 1031
66.249.66.215 - - [12/May/2019:00:59:05 -0500] "GET /Autoliquidacion/dlf/styles.css HTTP/1.1" 200 3045
192.168.175.104 - - [12/May/2019:00:59:07 -0500] "GET / HTTP/1.1" 200 9990
66.249.66.137 - - [12/May/2019:00:59:25 -0500] "GET /BLA/boletinlegal/Circulares/2017/Circular%20No.%201%20del%2030%20de%20Marzo%20de%202017.pdf HTTP/1.1" 200 668532
66.249.66.219 - - [12/May/2019:00:59:27 -0500] "GET /BLA/resoluciones/RESOLUCIONES%202007/RES%202007%201201%20AL%201300/RESOLUCION%201240%20DE%202007.pdf HTTP/1.1" 200 657860
181.174.42.27 - - [12/May/2019:00:59:33 -0500] "GET /siipev/Diseno%20de%20Elementos%20de%20Mobiliario%20Urbano/Otros%20Elementos/PARTE%20B/Dise%C3%B1o%20de%20Elementos%20M-90.pdf HTTP/1.1" 200 251796
66.249.66.219 - - [12/May/2019:00:59:45 -0500] "GET /BLA/resoluciones/AUTOS%202012/2622.pdf HTTP/1.1" 200 1294300
66.249.66.221 - - [12/May/2019:01:00:03 -0500] "GET /BLA/resoluciones/AUTOS%202012/2667.pdf HTTP/1.1" 200 291693
66.249.66.73 - - [12/May/2019:01:00:05 -0500] "GET /BLA/boletinlegal/Directivas/2017/Directiva%20No.%2006%20del%2016%20de%20Agosto%20de%202017.pdf HTTP/1.1" 304 -
66.249.66.221 - - [12/May/2019:01:00:17 -0500] "GET /resoluciones/RESOLUCIONES%202008/1031.pdf HTTP/1.1" 404 1018
189.151.37.169 - - [12/May/2019:01:00:23 -0500] "GET /BLA/boletinlegal/js/jquery.scrollShow.js HTTP/1.1" 200 4586
189.151.37.169 - - [12/May/2019:01:00:23 -0500] "GET /galeria/galeria/jquery.fancybox.css?v=2.1.5 HTTP/1.1" 200 4895
189.151.37.169 - - [12/May/2019:01:00:23 -0500] "GET /galeria/galeria/jquery.fancybox.js?v=2.1.5 HTTP/1.1" 200 48706
181.60.40.37 - - [12/May/2019:01:00:27 -0500] "GET /galeria/galeria/jquery.fancybox.css?v=2.1.5 HTTP/1.1" 200 4895
181.60.40.37 - - [12/May/2019:01:00:29 -0500] "GET /BLA/boletinlegal/js/jquery.scrollShow.js HTTP/1.1" 200 4586
181.60.40.37 - - [12/May/2019:01:00:30 -0500] "GET /galeria/galeria/jquery.fancybox.js?v=2.1.5 HTTP/1.1" 200 48706
181.57.250.117 - - [12/May/2019:01:00:32 -0500] "GET /BLA/resoluciones/RESOLUCIONES%202011/6971.pdf HTTP/1.1" 200 637749
66.249.66.221 - - [12/May/2019:01:00:33 -0500] "GET /BLA/resoluciones/RESOLUCIONES%202007/RES%202007%204101%20AL%204200/RESOLUCION%204128%20DE%202007.pdf HTTP/1.1" 200 1447012
181.57.250.117 - - [12/May/2019:01:00:33 -0500] "GET /favicon.ico HTTP/1.1" 200 7782
192.168.175.104 - - [12/May/2019:01:00:36 -0500] "GET / HTTP/1.0" 200 9990
66.249.66.219 - - [12/May/2019:01:01:21 -0500] "GET /BLA/resoluciones/AUTOS%202013/3059.pdf HTTP/1.1" 200 1194595
69.162.124.233 - - [12/May/2019:01:01:31 -0500] "HEAD / HTTP/1.1" 200 -
66.249.66.219 - - [12/May/2019:01:01:31 -0500] "GET /BLA/resoluciones/AUTOS%202008/1699.pdf HTTP/1.1" 200 112382
157.55.39.119 - - [12/May/2019:01:01:47 -0500] "GET /galeria/galeria/fotos/Humedal-la-conejera1G.jpg HTTP/1.1" 200 340987
66.249.66.219 - - [12/May/2019:01:01:57 -0500] "GET /BLA/resoluciones/RESOLUCIONES%202014/3485.pdf HTTP/1.1" 200 613520
66.249.66.219 - - [12/May/2019:01:02:06 -0500] "GET /BLA/boletinlegal/directivas/2011/6.pdf HTTP/1.1" 200 996625
66.249.66.221 - - [12/May/2019:01:02:35 -0500] "GET /BLA/resoluciones/RESOLUCIONES%202007/RES%202007%202201%20AL%202300/RESOLUCION%202287%20DE%202007.pdf HTTP/1.1" 200 713419
66.249.66.221 - - [12/May/2019:01:02:37 -0500] "GET /BLA/resoluciones/RESOLUCIONES%202009/6008.pdf HTTP/1.1" 200 1129048
66.249.66.219 - - [12/May/2019:01:02:50 -0500] "GET /BLA/resoluciones/RESOLUCIONES%202010/1400.pdf HTTP/1.1" 200 573182
66.249.66.219 - - [12/May/2019:01:02:59 -0500] "GET /BLA/resoluciones/RESOLUCIONES%202007/RES%202007%203501%20AL%203600/RESOLUCION%203562%20DE%202007.pdf HTTP/1.1" 200 709005
66.249.66.219 - - [12/May/2019:01:03:15 -0500] "GET /BLA/resoluciones/RESOLUCIONES%202011/5053.pdf HTTP/1.1" 200 501527
66.249.66.221 - - [12/May/2019:01:03:49 -0500] "GET /BLA/resoluciones/RESOLUCIONES%202008/2910.pdf HTTP/1.1" 200 639754
66.249.66.221 - - [12/May/2019:01:03:53 -0500] "GET /BLA/resoluciones/AUTOS%202007/0820.pdf HTTP/1.1" 200 67463
66.249.66.219 - - [12/May/2019:01:03:55 -0500] "GET /resoluciones/RESOLUCIONES%202008/3902.pdf HTTP/1.1" 404 1018
192.168.175.104 - - [12/May/2019:01:04:05 -0500] "GET / HTTP/1.1" 200 9990
66.249.66.219 - - [12/May/2019:01:04:06 -0500] "GET /BLA/resoluciones/RESOLUCIONES%202008/3367.pdf HTTP/1.1" 200 498692
66.249.66.219 - - [12/May/2019:01:04:10 -0500] "GET /BLA/resoluciones/RESOLUCIONES%202007/RES%202007%203501%20AL%203600/RESOLUCION%203538%20DE%202007.pdf HTTP/1.1" 200 1231833
66.249.66.219 - - [12/May/2019:01:04:30 -0500] "GET /BLA/resoluciones/AUTOS%202013/2140.pdf HTTP/1.1" 200 987476
66.249.66.219 - - [12/May/2019:01:04:32 -0500] "GET /BLA/resoluciones/RESOLUCIONES%202008/5167.pdf HTTP/1.1" 200 211038
66.249.66.221 - - [12/May/2019:01:04:37 -0500] "GET /BLA/resoluciones/RESOLUCIONES%202008/2931.pdf HTTP/1.1" 200 179234
66.249.66.137 - - [12/May/2019:01:04:48 -0500] "GET /BLA/boletinlegal/Directivas/2017/Directiva%20No.%2004%20del%2028%20de%20Abril%20de%202017.pdf HTTP/1.1" 200 8194919
66.249.66.219 - - [12/May/2019:01:04:54 -0500] "GET /BLA/resoluciones/RESOLUCIONES%202008/1413.pdf HTTP/1.1" 200 208549
66.249.66.219 - - [12/May/2019:01:05:10 -0500] "GET /BLA/resoluciones/AUTOS%202018/4971.pdf HTTP/1.1" 200 290791
66.249.66.221 - - [12/May/2019:01:05:13 -0500] "GET /BLA/resoluciones/AUTOS%202012/2770.pdf HTTP/1.1" 200 264816
192.168.175.104 - - [12/May/2019:01:05:34 -0500] "GET / HTTP/1.0" 200 9990
66.249.66.219 - - [12/May/2019:01:06:19 -0500] "GET /BLA/resoluciones/AUTOS%202012/2963.pdf HTTP/1.1" 200 282251
66.249.66.221 - - [12/May/2019:01:06:26 -0500] "GET /BLA/resoluciones/RESOLUCIONES%202014/3463.pdf HTTP/1.1" 200 712250
69.162.124.233 - - [12/May/2019:01:06:31 -0500] "HEAD / HTTP/1.1" 200 -
34.66.95.149 - - [12/May/2019:01:06:32 -0500] "GET /robots.txt HTTP/1.1" 404 1018
66.249.66.219 - - [12/May/2019:01:06:35 -0500] "GET /BLA/resoluciones/RESOLUCIONES%202007/RES%202007%202701%20AL%202800/RESOLUCION%202773%20DE%202007.pdf HTTP/1.1" 200 228589
66.249.66.219 - - [12/May/2019:01:06:51 -0500] "GET /BLA/resoluciones/AUTOS%202008/0588.pdf HTTP/1.1" 200 127699
66.249.66.219 - - [12/May/2019:01:07:07 -0500] "GET /BLA/resoluciones/AUTOS%202008/2063.pdf HTTP/1.1" 200 158636
66.249.66.219 - - [12/May/2019:01:07:49 -0500] "GET /BLA/resoluciones/RESOLUCIONES%202013/1096.pdf HTTP/1.1" 200 808726
66.249.66.219 - - [12/May/2019:01:07:55 -0500] "GET /BLA/resoluciones/AUTOS%202008/0510.pdf HTTP/1.1" 200 89944
66.249.66.219 - - [12/May/2019:01:08:10 -0500] "GET /BLA/resoluciones/AUTOS%202007/2984.pdf HTTP/1.1" 200 79395
66.249.66.219 - - [12/May/2019:01:08:58 -0500] "GET /BLA/resoluciones/AUTOS%202015/4443.pdf HTTP/1.1" 200 574469
192.168.175.104 - - [12/May/2019:01:09:03 -0500] "GET / HTTP/1.1" 200 9990
66.249.66.221 - - [12/May/2019:01:09:36 -0500] "GET /portalsiaccapacitaciones/Listas%20de%20Asistencia%202015/L.A-MT11-23Jun2015.pdf HTTP/1.1" 304 -
201.245.192.253 - - [12/May/2019:01:09:33 -0500] "POST /kwsrmcab/Wsrmcab HTTP/1.1" 200 29500
201.245.192.253 - - [12/May/2019:01:09:33 -0500] "POST /kwsrmcab/Wsrmcab HTTP/1.1" 200 29500
66.249.66.219 - - [12/May/2019:01:10:19 -0500] "GET /BLA/resoluciones/AUTOS%202008/2791.pdf HTTP/1.1" 200 117946
66.249.66.219 - - [12/May/2019:01:10:26 -0500] "GET /BLA/resoluciones/AUTOS%202008/2481.pdf HTTP/1.1" 200 363431
66.249.66.219 - - [12/May/2019:01:10:26 -0500] "GET /BLA/resoluciones/AUTOS%202011/2754.pdf HTTP/1.1" 200 210951
192.168.175.104 - - [12/May/2019:01:10:32 -0500] "GET / HTTP/1.0" 200 9990
66.249.66.219 - - [12/May/2019:01:10:36 -0500] "GET /BLA/resoluciones/RESOLUCIONES%202009/2338.pdf HTTP/1.1" 200 626382
201.245.192.253 - - [12/May/2019:01:10:06 -0500] "POST /kwsrmcab/Wsrmcab HTTP/1.1" 200 31743
201.245.192.253 - - [12/May/2019:01:10:07 -0500] "POST /kwsrmcab/Wsrmcab HTTP/1.1" 200 31743
66.249.66.221 - - [12/May/2019:01:10:45 -0500] "GET /BLA/resoluciones/AUTOS%202014/5828.pdf HTTP/1.1" 200 121744
66.249.66.221 - - [12/May/2019:01:10:52 -0500] "GET /portalsiaccapacitaciones/list.php HTTP/1.1" 200 5422
66.249.66.219 - - [12/May/2019:01:10:54 -0500] "GET /BLA/resoluciones/RESOLUCIONES%202011/3416.pdf HTTP/1.1" 200 553654
66.249.66.219 - - [12/May/2019:01:11:21 -0500] "GET /BLA/resoluciones/AUTOS%202012/2932.pdf HTTP/1.1" 200 378388
69.162.124.233 - - [12/May/2019:01:11:31 -0500] "HEAD / HTTP/1.1" 200 -
66.249.66.219 - - [12/May/2019:01:11:37 -0500] "GET /BLA/resoluciones/AUTOS%202012/2956.pdf HTTP/1.1" 200 198608
66.249.66.219 - - [12/May/2019:01:12:08 -0500] "GET /BLA/resoluciones/RESOLUCIONES%202010/5832.pdf HTTP/1.1" 304 -
66.249.83.10 - - [12/May/2019:01:12:23 -0500] "-" 408 -
119.96.27.20 - - [12/May/2019:01:12:41 -0500] "-" 408 -
66.249.66.219 - - [12/May/2019:01:12:53 -0500] "GET /BLA/resoluciones/RESOLUCIONES%202007/RES%202007%20901%20AL%201000/RESOLUCION%200907%20DE%202007.pdf HTTP/1.1" 200 308246
66.249.66.71 - - [12/May/2019:01:12:54 -0500] "GET /galeria/nivo-slider/demo/style.css HTTP/1.1" 200 2222
66.249.66.74 - - [12/May/2019:01:12:54 -0500] "GET /galeria/nivo-slider/themes/default/default.css HTTP/1.1" 200 1569
66.249.66.74 - - [12/May/2019:01:12:55 -0500] "GET /galeria/nivo-slider/demo/scripts/jquery-1.7.1.min.js HTTP/1.1" 200 93868
66.249.66.71 - - [12/May/2019:01:12:56 -0500] "GET /galeria/nivo-slider/themes/pascal/pascal.css HTTP/1.1" 200 2258
66.249.66.71 - - [12/May/2019:01:12:57 -0500] "GET /galeria/nivo-slider/nivo-slider.css HTTP/1.1" 200 1507
66.249.66.73 - - [12/May/2019:01:12:58 -0500] "GET /galeria/nivo-slider/themes/orman/orman.css HTTP/1.1" 200 2152
66.249.66.71 - - [12/May/2019:01:12:59 -0500] "GET /galeria/nivo-slider/jquery.nivo.slider.pack.js HTTP/1.1" 200 11561
181.55.18.154 - - [12/May/2019:01:13:00 -0500] "GET /Residuos/curtiembres/files/guia_curtiembres.pdf HTTP/1.1" 200 13618642
181.55.18.154 - - [12/May/2019:01:13:00 -0500] "GET /favicon.ico HTTP/1.1" 200 7782
181.174.42.27 - - [12/May/2019:01:13:41 -0500] "GET /siipev/Diseno%20de%20Elementos%20de%20Mobiliario%20Urbano/Diseno%20pertenecientes%20al%20mobiliario%20urbano%20M10-M160/PARTE%20A/Dise%C3%B1o%20de%20Elementos%20M-63.pdf HTTP/1.1" 200 553263
66.249.66.219 - - [12/May/2019:01:13:56 -0500] "GET /BLA/resoluciones/RESOLUCIONES%202014/3277.pdf HTTP/1.1" 200 682732
192.168.175.104 - - [12/May/2019:01:14:01 -0500] "GET / HTTP/1.1" 200 9990
66.249.66.219 - - [12/May/2019:01:14:05 -0500] "GET /BLA/resoluciones/RESOLUCIONES%202011/1535.pdf HTTP/1.1" 200 73667
181.53.12.176 - - [12/May/2019:01:14:20 -0500] "GET /BLA/resoluciones/RESOLUCIONES%202013/1223.pdf HTTP/1.1" 200 419872
181.53.12.176 - - [12/May/2019:01:14:21 -0500] "GET /favicon.ico HTTP/1.1" 200 7782
66.249.66.219 - - [12/May/2019:01:14:22 -0500] "GET /BLA/resoluciones/RESOLUCIONES%202011/5255.pdf HTTP/1.1" 200 563354
190.25.97.201 - - [12/May/2019:01:14:39 -0500] "GET /galeria/galeria/jquery.fancybox.css?v=2.1.5 HTTP/1.1" 200 4895
190.25.97.201 - - [12/May/2019:01:14:39 -0500] "GET /BLA/boletinlegal/js/jquery.scrollShow.js HTTP/1.1" 200 4586
190.25.97.201 - - [12/May/2019:01:14:39 -0500] "GET /galeria/galeria/jquery.fancybox.js?v=2.1.5 HTTP/1.1" 200 48706
66.249.66.219 - - [12/May/2019:01:14:40 -0500] "GET /BLA/resoluciones/RESOLUCIONES%202017/0211.pdf HTTP/1.1" 304 -
66.249.88.61 - - [12/May/2019:01:14:50 -0500] "GET /BLA/boletinlegal/js/jquery.scrollShow.js HTTP/1.1" 200 4586
66.249.88.62 - - [12/May/2019:01:14:50 -0500] "GET /galeria/galeria/jquery.fancybox.css?v=2.1.5 HTTP/1.1" 200 4895
66.249.88.60 - - [12/May/2019:01:14:50 -0500] "GET /galeria/carrusel/Carrusel/jquery.thumbnailScroller.css HTTP/1.1" 200 2066
66.249.88.62 - - [12/May/2019:01:14:50 -0500] "GET /galeria/galeria/jquery.fancybox.js?v=2.1.5 HTTP/1.1" 200 48706
66.249.88.60 - - [12/May/2019:01:14:50 -0500] "GET /galeria/carrusel/Carrusel/jquery-ui-1.8.13.custom.min.js HTTP/1.1" 200 10800
66.249.88.61 - - [12/May/2019:01:14:51 -0500] "GET /galeria/carrusel/Carrusel/jquery.thumbnailScroller.js HTTP/1.1" 200 8157
66.249.88.62 - - [12/May/2019:01:14:51 -0500] "GET /galeria/nivo-slider/demo/demo.html HTTP/1.1" 200 24715
66.249.88.60 - - [12/May/2019:01:14:52 -0500] "GET /galeria/nivo-slider/themes/default/default.css HTTP/1.1" 200 1569
66.249.88.62 - - [12/May/2019:01:14:52 -0500] "GET /galeria/nivo-slider/themes/pascal/pascal.css HTTP/1.1" 200 2258
66.249.88.62 - - [12/May/2019:01:14:52 -0500] "GET /galeria/nivo-slider/demo/style.css HTTP/1.1" 200 2222
66.249.88.60 - - [12/May/2019:01:14:52 -0500] "GET /galeria/nivo-slider/themes/orman/orman.css HTTP/1.1" 200 2152
66.249.88.60 - - [12/May/2019:01:14:52 -0500] "GET /galeria/nivo-slider/nivo-slider.css HTTP/1.1" 200 1507
66.249.88.61 - - [12/May/2019:01:14:52 -0500] "GET /galeria/nivo-slider/demo/images/banner%20lluvias.jpg HTTP/1.1" 200 254815
66.249.88.60 - - [12/May/2019:01:14:52 -0500] "GET /galeria/nivo-slider/demo/scripts/jquery-1.7.1.min.js HTTP/1.1" 200 93868
66.249.88.61 - - [12/May/2019:01:14:52 -0500] "GET /galeria/nivo-slider/demo/images/Banner%20servicios.jpg HTTP/1.1" 200 173312
66.249.88.61 - - [12/May/2019:01:14:52 -0500] "GET /galeria/nivo-slider/jquery.nivo.slider.pack.js HTTP/1.1" 200 11561
66.249.88.61 - - [12/May/2019:01:14:52 -0500] "GET /galeria/nivo-slider/demo/images/Banner%20rio%20bogot%C3%A1.jpg HTTP/1.1" 200 247732
66.249.88.60 - - [12/May/2019:01:14:52 -0500] "GET /galeria/nivo-slider/demo/images/Caminatas%20mayo.png HTTP/1.1" 200 689328
66.249.88.61 - - [12/May/2019:01:14:52 -0500] "GET /galeria/nivo-slider/themes/default/loading.gif HTTP/1.1" 200 1737
66.249.88.61 - - [12/May/2019:01:14:52 -0500] "GET /galeria/nivo-slider/demo/images/4Simple_Slider.png HTTP/1.1" 200 11722
66.249.88.62 - - [12/May/2019:01:14:53 -0500] "GET /galeria/nivo-slider/demo/images/Banner%20reciclaton.jpg HTTP/1.1" 200 215982
66.249.88.60 - - [12/May/2019:01:14:53 -0500] "GET /galeria/nivo-slider/demo/images/bannersectorambiente.png HTTP/1.1" 200 308540
66.249.88.61 - - [12/May/2019:01:14:53 -0500] "GET /galeria/nivo-slider/demo/images/Banner%20RCD.jpg HTTP/1.1" 200 92197
66.249.88.62 - - [12/May/2019:01:14:53 -0500] "GET /galeria/nivo-slider/demo/images/Banner%20curso%20incendios%20forestales.png HTTP/1.1" 200 544153
66.249.88.60 - - [12/May/2019:01:14:53 -0500] "GET /galeria/nivo-slider/demo/images/bannertinguasweb.jpg HTTP/1.1" 200 258471
66.249.88.61 - - [12/May/2019:01:14:54 -0500] "GET /galeria/nivo-slider/demo/images/Banner%20Conpes.jpg HTTP/1.1" 200 55220
66.249.88.61 - - [12/May/2019:01:14:54 -0500] "GET /galeria/nivo-slider/demo/images/Banner%20practicas%20sostenibles.jpg HTTP/1.1" 200 142958
66.249.88.61 - - [12/May/2019:01:14:54 -0500] "GET /galeria/nivo-slider/demo/images/incendios-forestales.png HTTP/1.1" 200 61469
66.249.88.62 - - [12/May/2019:01:14:54 -0500] "GET /galeria/nivo-slider/demo/images/Banner%20POT.png HTTP/1.1" 200 418238
66.249.88.60 - - [12/May/2019:01:14:55 -0500] "GET /galeria/nivo-slider/demo/images/Pot_banner.jpg HTTP/1.1" 200 204736
66.249.88.60 - - [12/May/2019:01:14:55 -0500] "GET /galeria/nivo-slider/demo/images/BANNER%20punto.jpg HTTP/1.1" 200 75932
66.249.88.60 - - [12/May/2019:01:14:55 -0500] "GET /galeria/nivo-slider/demo/images/Banneranonimos.png HTTP/1.1" 200 109388
66.249.88.62 - - [12/May/2019:01:14:55 -0500] "GET /galeria/nivo-slider/demo/images/web%20ingreso%20humedales.png HTTP/1.1" 200 641193
66.249.88.62 - - [12/May/2019:01:14:55 -0500] "GET /galeria/nivo-slider/demo/images/gobierno%20digital-01.jpg HTTP/1.1" 200 116163
66.249.88.61 - - [12/May/2019:01:14:55 -0500] "GET /galeria/nivo-slider/demo/images/Otorgamiento-excelencia-ambiental-Jos%C3%A9-Celestino-Mutis-2.jpg HTTP/1.1" 200 276467
66.249.88.60 - - [12/May/2019:01:14:56 -0500] "GET /galeria/nivo-slider/demo/images/Banner_micrositio.png HTTP/1.1" 200 146950
66.249.88.60 - - [12/May/2019:01:14:56 -0500] "GET /galeria/nivo-slider/demo/images/avances-sentencias-rio-bogota-2.jpg HTTP/1.1" 200 304916
66.249.88.60 - - [12/May/2019:01:14:56 -0500] "GET /galeria/nivo-slider/demo/images/BANNER%20VAN%20DER%20HAMMEN.jpg HTTP/1.1" 200 64172
66.249.88.61 - - [12/May/2019:01:14:56 -0500] "GET /galeria/nivo-slider/demo/images/banner-humedales-de-bogota.jpg HTTP/1.1" 200 292611
66.249.88.62 - - [12/May/2019:01:14:57 -0500] "GET /galeria/nivo-slider/demo/images/maximavelocidad.png HTTP/1.1" 200 880272
66.249.88.60 - - [12/May/2019:01:14:57 -0500] "GET /galeria/nivo-slider/demo/images/banner%20aceite%20vegetal%20usado.jpg HTTP/1.1" 200 169350
66.249.88.62 - - [12/May/2019:01:14:57 -0500] "GET /galeria/nivo-slider/demo/images/bannerlumina2017web.jpg HTTP/1.1" 200 198918
66.249.88.62 - - [12/May/2019:01:14:57 -0500] "GET /galeria/nivo-slider/demo/images/banner-bolsas-plasticas.jpg HTTP/1.1" 200 317939
66.249.88.60 - - [12/May/2019:01:14:59 -0500] "GET /galeria/nivo-slider/themes/default/arrows.png HTTP/1.1" 200 824
66.249.88.61 - - [12/May/2019:01:14:59 -0500] "GET /galeria/nivo-slider/themes/default/bullets.png HTTP/1.1" 200 1281
66.249.66.219 - - [12/May/2019:01:15:01 -0500] "GET /BLA/resoluciones/RESOLUCIONES%202008/3908.pdf HTTP/1.1" 200 381188
66.249.66.221 - - [12/May/2019:01:15:21 -0500] "GET /BLA/resoluciones/AUTOS%202008/1271.pdf HTTP/1.1" 200 61106
192.168.175.104 - - [12/May/2019:01:15:30 -0500] "GET / HTTP/1.0" 200 9990
66.249.66.219 - - [12/May/2019:01:15:36 -0500] "GET /BLA/resoluciones/RESOLUCIONES%202007/RES%202007%20701%20AL%20800/RESOLUCION%200775%20DE%202007.pdf HTTP/1.1" 200 234185
66.249.66.221 - - [12/May/2019:01:15:51 -0500] "GET /BLA/resoluciones/AUTOS%202008/2328.pdf HTTP/1.1" 200 209584
190.250.100.125 - - [12/May/2019:01:15:53 -0500] "GET /BLA/boletinlegal/js/jquery.scrollShow.js HTTP/1.1" 200 4586
190.250.100.125 - - [12/May/2019:01:15:54 -0500] "GET /galeria/galeria/jquery.fancybox.js?v=2.1.5 HTTP/1.1" 200 48706
190.250.100.125 - - [12/May/2019:01:15:54 -0500] "GET /galeria/galeria/jquery.fancybox.css?v=2.1.5 HTTP/1.1" 200 4895
190.250.100.125 - - [12/May/2019:01:15:54 -0500] "GET /galeria/carrusel/Carrusel/jquery.thumbnailScroller.css HTTP/1.1" 200 2066
190.250.100.125 - - [12/May/2019:01:15:54 -0500] "GET /galeria/carrusel/Carrusel/jquery-ui-1.8.13.custom.min.js HTTP/1.1" 200 10800
190.250.100.125 - - [12/May/2019:01:15:54 -0500] "GET /galeria/carrusel/Carrusel/jquery.thumbnailScroller.js HTTP/1.1" 200 8157
66.249.66.221 - - [12/May/2019:01:16:03 -0500] "GET /BLA/resoluciones/AUTOS%202008/1803.pdf HTTP/1.1" 200 124147
190.250.100.125 - - [12/May/2019:01:16:10 -0500] "GET /galeria/nivo-slider/demo/demo.html HTTP/1.1" 200 24715
190.250.100.125 - - [12/May/2019:01:16:11 -0500] "GET /galeria/nivo-slider/themes/default/default.css HTTP/1.1" 200 1569
190.250.100.125 - - [12/May/2019:01:16:13 -0500] "GET /galeria/nivo-slider/nivo-slider.css HTTP/1.1" 200 1507
190.250.100.125 - - [12/May/2019:01:16:13 -0500] "GET /galeria/nivo-slider/themes/orman/orman.css HTTP/1.1" 200 2152
190.250.100.125 - - [12/May/2019:01:16:13 -0500] "GET /galeria/nivo-slider/themes/pascal/pascal.css HTTP/1.1" 200 2258
190.250.100.125 - - [12/May/2019:01:16:13 -0500] "GET /galeria/nivo-slider/demo/style.css HTTP/1.1" 200 2222
190.250.100.125 - - [12/May/2019:01:16:13 -0500] "GET /galeria/nivo-slider/demo/images/banner%20lluvias.jpg HTTP/1.1" 200 254815
190.250.100.125 - - [12/May/2019:01:16:13 -0500] "GET /galeria/nivo-slider/demo/images/Banner%20servicios.jpg HTTP/1.1" 200 173312
190.250.100.125 - - [12/May/2019:01:16:13 -0500] "GET /galeria/nivo-slider/demo/images/Banner%20rio%20bogot%C3%A1.jpg HTTP/1.1" 200 247732
190.250.100.125 - - [12/May/2019:01:16:13 -0500] "GET /galeria/nivo-slider/demo/images/Caminatas%20mayo.png HTTP/1.1" 200 689328
190.250.100.125 - - [12/May/2019:01:16:13 -0500] "GET /galeria/nivo-slider/demo/images/bannersectorambiente.png HTTP/1.1" 200 308540
190.250.100.125 - - [12/May/2019:01:16:13 -0500] "GET /galeria/nivo-slider/demo/images/Banner%20reciclaton.jpg HTTP/1.1" 200 215982
190.250.100.125 - - [12/May/2019:01:16:27 -0500] "GET /galeria/nivo-slider/demo/scripts/jquery-1.7.1.min.js HTTP/1.1" 200 93868
190.250.100.125 - - [12/May/2019:01:16:30 -0500] "GET /galeria/nivo-slider/themes/default/loading.gif HTTP/1.1" 200 1737
190.250.100.125 - - [12/May/2019:01:16:30 -0500] "GET /galeria/nivo-slider/demo/images/4Simple_Slider.png HTTP/1.1" 200 11722
190.250.100.125 - - [12/May/2019:01:16:30 -0500] "GET /galeria/nivo-slider/jquery.nivo.slider.pack.js HTTP/1.1" 200 11561
190.250.100.125 - - [12/May/2019:01:16:30 -0500] "GET /galeria/nivo-slider/demo/images/Banner%20RCD.jpg HTTP/1.1" 200 92197
66.249.88.62 - - [12/May/2019:01:16:31 -0500] "GET /galeria/galeria/jquery.fancybox.css?v=2.1.5 HTTP/1.1" 200 4895
66.249.88.61 - - [12/May/2019:01:16:31 -0500] "GET /BLA/boletinlegal/js/jquery.scrollShow.js HTTP/1.1" 200 4586
66.249.88.61 - - [12/May/2019:01:16:31 -0500] "GET /galeria/galeria/jquery.fancybox.js?v=2.1.5 HTTP/1.1" 200 48706
69.162.124.233 - - [12/May/2019:01:16:31 -0500] "HEAD / HTTP/1.1" 200 -
190.250.100.125 - - [12/May/2019:01:16:32 -0500] "GET /galeria/nivo-slider/demo/images/Banner%20curso%20incendios%20forestales.png HTTP/1.1" 200 544153
190.250.100.125 - - [12/May/2019:01:16:32 -0500] "GET /galeria/nivo-slider/demo/images/bannertinguasweb.jpg HTTP/1.1" 200 258471
190.250.100.125 - - [12/May/2019:01:16:34 -0500] "GET /galeria/nivo-slider/demo/images/Banner%20Conpes.jpg HTTP/1.1" 200 55220
190.250.100.125 - - [12/May/2019:01:16:36 -0500] "GET /galeria/nivo-slider/demo/images/Banner%20practicas%20sostenibles.jpg HTTP/1.1" 200 142958
66.249.66.219 - - [12/May/2019:01:16:37 -0500] "GET /BLA/resoluciones/RESOLUCIONES%202011/1357.pdf HTTP/1.1" 200 64241
190.250.100.125 - - [12/May/2019:01:16:37 -0500] "GET /galeria/nivo-slider/demo/images/Banner%20POT.png HTTP/1.1" 200 418238
190.250.100.125 - - [12/May/2019:01:16:41 -0500] "GET /galeria/nivo-slider/demo/images/incendios-forestales.png HTTP/1.1" 200 61469
190.250.100.125 - - [12/May/2019:01:16:45 -0500] "GET /galeria/nivo-slider/demo/images/Pot_banner.jpg HTTP/1.1" 200 204736
190.250.100.125 - - [12/May/2019:01:16:47 -0500] "GET /galeria/nivo-slider/demo/images/BANNER%20punto.jpg HTTP/1.1" 200 75932
190.250.100.125 - - [12/May/2019:01:16:47 -0500] "GET /galeria/nivo-slider/demo/images/Banneranonimos.png HTTP/1.1" 200 109388
190.250.100.125 - - [12/May/2019:01:16:48 -0500] "GET /galeria/nivo-slider/demo/images/web%20ingreso%20humedales.png HTTP/1.1" 200 641193
190.250.100.125 - - [12/May/2019:01:16:49 -0500] "GET /galeria/nivo-slider/demo/images/gobierno%20digital-01.jpg HTTP/1.1" 200 116163
66.249.66.221 - - [12/May/2019:01:16:52 -0500] "GET /BLA/resoluciones/AUTOS%202008/0682.pdf HTTP/1.1" 200 115390
190.250.100.125 - - [12/May/2019:01:16:52 -0500] "GET /galeria/nivo-slider/demo/images/Otorgamiento-excelencia-ambiental-Jos%C3%A9-Celestino-Mutis-2.jpg HTTP/1.1" 200 276467
66.249.66.221 - - [12/May/2019:01:17:51 -0500] "GET /BLA/resoluciones/RESOLUCIONES%202007/RES%202007%203201%20AL%203300/RESOLUCION%203246%20DE%202007.pdf HTTP/1.1" 200 690500
5.255.250.75 - - [12/May/2019:01:18:35 -0500] "GET / HTTP/1.1" 200 9990
5.255.250.75 - - [12/May/2019:01:18:36 -0500] "GET /robots.txt HTTP/1.1" 404 1015
5.255.250.154 - - [12/May/2019:01:18:36 -0500] "GET /robots.txt HTTP/1.1" 404 1015
5.255.250.75 - - [12/May/2019:01:18:36 -0500] "GET /robots.txt HTTP/1.1" 404 1019
66.249.66.219 - - [12/May/2019:01:18:39 -0500] "GET /BLA/resoluciones/AUTOS%202013/1437.pdf HTTP/1.1" 200 1052243
141.8.143.138 - - [12/May/2019:01:18:39 -0500] "GET / HTTP/1.1" 200 9990
93.158.161.142 - - [12/May/2019:01:18:40 -0500] "GET / HTTP/1.1" 200 9990
141.8.144.21 - - [12/May/2019:01:18:40 -0500] "GET / HTTP/1.1" 200 9990
192.168.175.104 - - [12/May/2019:01:18:59 -0500] "GET / HTTP/1.1" 200 9990
40.77.167.196 - - [12/May/2019:01:19:01 -0500] "GET /galeria/galeria/fotos/diaSC10.jpg HTTP/1.1" 200 150830
66.249.66.219 - - [12/May/2019:01:19:06 -0500] "GET /BLA/resoluciones/AUTOS%202013/0135.pdf HTTP/1.1" 304 -
66.249.66.221 - - [12/May/2019:01:19:20 -0500] "GET /menu/css/demo.css HTTP/1.1" 404 1222
66.249.66.221 - - [12/May/2019:01:19:22 -0500] "GET /BLA/resoluciones/AUTOS%202008/3079.pdf HTTP/1.1" 200 60442
201.245.192.253 - - [12/May/2019:01:19:33 -0500] "POST /kwsrmcab/Wsrmcab HTTP/1.1" 200 29500
201.245.192.253 - - [12/May/2019:01:19:33 -0500] "POST /kwsrmcab/Wsrmcab HTTP/1.1" 200 29500
192.168.175.104 - - [12/May/2019:01:20:28 -0500] "GET / HTTP/1.0" 200 9990
66.249.66.219 - - [12/May/2019:01:20:34 -0500] "GET /BLA/resoluciones/RESOLUCIONES%202010/3070.pdf HTTP/1.1" 200 616635
66.249.88.62 - - [12/May/2019:01:20:36 -0500] "GET /galeria/galeria/jquery.fancybox.css?v=2.1.5 HTTP/1.1" 200 4895
66.249.88.60 - - [12/May/2019:01:20:36 -0500] "GET /galeria/carrusel/Carrusel/jquery.thumbnailScroller.css HTTP/1.1" 200 2066
66.249.88.60 - - [12/May/2019:01:20:38 -0500] "GET /BLA/boletinlegal/js/jquery.scrollShow.js HTTP/1.1" 200 4586
66.249.88.61 - - [12/May/2019:01:20:38 -0500] "GET /galeria/galeria/jquery.fancybox.js?v=2.1.5 HTTP/1.1" 200 48706
66.249.88.60 - - [12/May/2019:01:20:38 -0500] "GET /galeria/carrusel/Carrusel/jquery-ui-1.8.13.custom.min.js HTTP/1.1" 200 10800
66.249.88.60 - - [12/May/2019:01:20:38 -0500] "GET /galeria/carrusel/Carrusel/jquery.thumbnailScroller.js HTTP/1.1" 200 8157
66.249.88.62 - - [12/May/2019:01:20:38 -0500] "GET /galeria/nivo-slider/demo/demo.html HTTP/1.1" 200 24715
66.249.88.60 - - [12/May/2019:01:20:39 -0500] "GET /galeria/nivo-slider/themes/pascal/pascal.css HTTP/1.1" 200 2258
66.249.88.61 - - [12/May/2019:01:20:39 -0500] "GET /galeria/nivo-slider/themes/default/default.css HTTP/1.1" 200 1569
66.249.88.62 - - [12/May/2019:01:20:40 -0500] "GET /galeria/nivo-slider/themes/orman/orman.css HTTP/1.1" 200 2152
66.249.88.60 - - [12/May/2019:01:20:40 -0500] "GET /galeria/nivo-slider/nivo-slider.css HTTP/1.1" 200 1507
66.249.88.61 - - [12/May/2019:01:20:40 -0500] "GET /galeria/nivo-slider/demo/style.css HTTP/1.1" 200 2222
66.249.88.62 - - [12/May/2019:01:20:40 -0500] "GET /galeria/nivo-slider/demo/images/banner%20lluvias.jpg HTTP/1.1" 200 254815
66.249.88.62 - - [12/May/2019:01:20:40 -0500] "GET /galeria/nivo-slider/demo/images/Banner%20servicios.jpg HTTP/1.1" 200 173312
66.249.88.61 - - [12/May/2019:01:20:41 -0500] "GET /galeria/nivo-slider/demo/images/Banner%20rio%20bogot%C3%A1.jpg HTTP/1.1" 200 247732
66.249.88.62 - - [12/May/2019:01:20:41 -0500] "GET /galeria/nivo-slider/demo/images/Caminatas%20mayo.png HTTP/1.1" 200 689328
66.249.88.62 - - [12/May/2019:01:20:42 -0500] "GET /galeria/nivo-slider/demo/images/4Simple_Slider.png HTTP/1.1" 200 11722
66.249.88.61 - - [12/May/2019:01:20:42 -0500] "GET /galeria/nivo-slider/themes/default/loading.gif HTTP/1.1" 200 1737
66.249.88.60 - - [12/May/2019:01:20:42 -0500] "GET /galeria/nivo-slider/demo/images/Banner%20reciclaton.jpg HTTP/1.1" 200 215982
66.249.88.62 - - [12/May/2019:01:20:43 -0500] "GET /galeria/nivo-slider/demo/images/bannersectorambiente.png HTTP/1.1" 200 308540
66.249.88.61 - - [12/May/2019:01:20:43 -0500] "GET /galeria/nivo-slider/demo/images/Banner%20RCD.jpg HTTP/1.1" 200 92197
66.249.88.61 - - [12/May/2019:01:20:44 -0500] "GET /galeria/nivo-slider/demo/images/Banner%20curso%20incendios%20forestales.png HTTP/1.1" 200 544153
66.249.88.62 - - [12/May/2019:01:20:44 -0500] "GET /galeria/nivo-slider/demo/images/bannertinguasweb.jpg HTTP/1.1" 200 258471
66.249.88.62 - - [12/May/2019:01:20:45 -0500] "GET /galeria/nivo-slider/demo/images/Banner%20Conpes.jpg HTTP/1.1" 200 55220
66.249.88.60 - - [12/May/2019:01:20:45 -0500] "GET /galeria/nivo-slider/demo/images/Banner%20practicas%20sostenibles.jpg HTTP/1.1" 200 142958
66.249.88.60 - - [12/May/2019:01:20:45 -0500] "GET /galeria/nivo-slider/demo/images/Banner%20POT.png HTTP/1.1" 200 418238
66.249.88.60 - - [12/May/2019:01:20:46 -0500] "GET /galeria/nivo-slider/demo/images/incendios-forestales.png HTTP/1.1" 200 61469
66.249.88.60 - - [12/May/2019:01:20:46 -0500] "GET /galeria/nivo-slider/demo/images/Pot_banner.jpg HTTP/1.1" 200 204736
66.249.88.60 - - [12/May/2019:01:20:46 -0500] "GET /galeria/nivo-slider/demo/images/Banneranonimos.png HTTP/1.1" 200 109388
66.249.88.60 - - [12/May/2019:01:20:46 -0500] "GET /galeria/nivo-slider/demo/images/BANNER%20punto.jpg HTTP/1.1" 200 75932
66.249.88.60 - - [12/May/2019:01:20:46 -0500] "GET /galeria/nivo-slider/demo/images/web%20ingreso%20humedales.png HTTP/1.1" 200 641193
66.249.88.62 - - [12/May/2019:01:20:47 -0500] "GET /galeria/nivo-slider/demo/images/gobierno%20digital-01.jpg HTTP/1.1" 200 116163
66.249.88.62 - - [12/May/2019:01:20:47 -0500] "GET /galeria/nivo-slider/demo/images/Otorgamiento-excelencia-ambiental-Jos%C3%A9-Celestino-Mutis-2.jpg HTTP/1.1" 200 276467
66.249.88.62 - - [12/May/2019:01:20:48 -0500] "GET /galeria/nivo-slider/demo/images/avances-sentencias-rio-bogota-2.jpg HTTP/1.1" 200 304916
66.249.88.60 - - [12/May/2019:01:20:48 -0500] "GET /galeria/nivo-slider/demo/images/Banner_micrositio.png HTTP/1.1" 200 146950
66.249.88.60 - - [12/May/2019:01:20:49 -0500] "GET /galeria/nivo-slider/demo/images/BANNER%20VAN%20DER%20HAMMEN.jpg HTTP/1.1" 200 64172
66.249.88.60 - - [12/May/2019:01:20:49 -0500] "GET /galeria/nivo-slider/demo/images/banner-humedales-de-bogota.jpg HTTP/1.1" 200 292611
66.249.88.61 - - [12/May/2019:01:20:50 -0500] "GET /galeria/nivo-slider/demo/images/maximavelocidad.png HTTP/1.1" 200 880272
66.249.66.223 - - [12/May/2019:01:20:50 -0500] "GET /BLA/resoluciones/AUTOS%202012/2605.pdf HTTP/1.1" 200 386349
66.249.88.62 - - [12/May/2019:01:20:50 -0500] "GET /galeria/nivo-slider/demo/images/banner%20aceite%20vegetal%20usado.jpg HTTP/1.1" 200 169350
66.249.88.60 - - [12/May/2019:01:20:51 -0500] "GET /galeria/nivo-slider/demo/images/bannerlumina2017web.jpg HTTP/1.1" 200 198918
66.249.88.61 - - [12/May/2019:01:20:51 -0500] "GET /galeria/nivo-slider/demo/images/banner-bolsas-plasticas.jpg HTTP/1.1" 200 317939
66.249.88.62 - - [12/May/2019:01:20:51 -0500] "GET /galeria/nivo-slider/demo/scripts/jquery-1.7.1.min.js HTTP/1.1" 200 93868
66.249.88.60 - - [12/May/2019:01:20:52 -0500] "GET /galeria/nivo-slider/jquery.nivo.slider.pack.js HTTP/1.1" 200 11561
66.249.88.62 - - [12/May/2019:01:20:52 -0500] "GET /galeria/nivo-slider/themes/default/arrows.png HTTP/1.1" 200 824
66.249.88.60 - - [12/May/2019:01:20:52 -0500] "GET /galeria/nivo-slider/themes/default/bullets.png HTTP/1.1" 200 1281
157.55.39.119 - - [12/May/2019:01:21:00 -0500] "GET /BLA/resoluciones/RESOLUCIONES%202010/0377.pdf HTTP/1.1" 200 110086
66.249.66.76 - - [12/May/2019:01:21:07 -0500] "GET /Anexos%20estudio%20Organizacional%20SDA/ANEXO%20No.%201-%20NORMAS%20LEGALES%20DE%20ESTRUCTURA%20Y%20PLANTA/Acuerdo%209%20de%201990%20Concejo%20de%20Bogot%C3%A1._files/screen.css HTTP/1.1" 200 2444
66.249.66.75 - - [12/May/2019:01:21:08 -0500] "GET /Anexos%20estudio%20Organizacional%20SDA/ANEXO%20No.%201-%20NORMAS%20LEGALES%20DE%20ESTRUCTURA%20Y%20PLANTA/Acuerdo%209%20de%201990%20Concejo%20de%20Bogot%C3%A1._files/jquery-1.js HTTP/1.1" 200 57254
66.249.66.77 - - [12/May/2019:01:21:09 -0500] "GET /Anexos%20estudio%20Organizacional%20SDA/ANEXO%20No.%201-%20NORMAS%20LEGALES%20DE%20ESTRUCTURA%20Y%20PLANTA/Acuerdo%209%20de%201990%20Concejo%20de%20Bogot%C3%A1._files/sisjur.htm HTTP/1.1" 200 1077
66.249.66.76 - - [12/May/2019:01:21:10 -0500] "GET /Anexos%20estudio%20Organizacional%20SDA/ANEXO%20No.%201-%20NORMAS%20LEGALES%20DE%20ESTRUCTURA%20Y%20PLANTA/Acuerdo%209%20de%201990%20Concejo%20de%20Bogot%C3%A1._files/jquery.css HTTP/1.1" 200 4557
66.249.66.221 - - [12/May/2019:01:21:11 -0500] "GET /BLA/resoluciones/AUTOS%202012/2586.pdf HTTP/1.1" 200 316370
66.249.66.75 - - [12/May/2019:01:21:12 -0500] "GET /Anexos%20estudio%20Organizacional%20SDA/ANEXO%20No.%201-%20NORMAS%20LEGALES%20DE%20ESTRUCTURA%20Y%20PLANTA/Acuerdo%209%20de%201990%20Concejo%20de%20Bogot%C3%A1._files/ladc.css HTTP/1.1" 200 5119
66.249.66.76 - - [12/May/2019:01:21:12 -0500] "GET /Anexos%20estudio%20Organizacional%20SDA/ANEXO%20No.%201-%20NORMAS%20LEGALES%20DE%20ESTRUCTURA%20Y%20PLANTA/Acuerdo%209%20de%201990%20Concejo%20de%20Bogot%C3%A1._files/ladc.htm HTTP/1.1" 200 1071
66.249.66.76 - - [12/May/2019:01:21:14 -0500] "GET /Anexos%20estudio%20Organizacional%20SDA/ANEXO%20No.%201-%20NORMAS%20LEGALES%20DE%20ESTRUCTURA%20Y%20PLANTA/Acuerdo%209%20de%201990%20Concejo%20de%20Bogot%C3%A1._files/jquery.js HTTP/1.1" 200 18179
66.249.66.76 - - [12/May/2019:01:21:15 -0500] "GET /Anexos%20estudio%20Organizacional%20SDA/ANEXO%20No.%201-%20NORMAS%20LEGALES%20DE%20ESTRUCTURA%20Y%20PLANTA/Acuerdo%209%20de%201990%20Concejo%20de%20Bogot%C3%A1._files/AjaxRequest.js HTTP/1.1" 200 17069
66.249.66.75 - - [12/May/2019:01:21:17 -0500] "GET /Anexos%20estudio%20Organizacional%20SDA/ANEXO%20No.%201-%20NORMAS%20LEGALES%20DE%20ESTRUCTURA%20Y%20PLANTA/norma_ajax.jsp?showBar=true&AjaxRequestUniqueId=15255648000240 HTTP/1.1" 404 1559
69.162.124.233 - - [12/May/2019:01:21:31 -0500] "HEAD / HTTP/1.1" 200 -
66.249.66.219 - - [12/May/2019:01:21:38 -0500] "GET /BLA/resoluciones/RESOLUCIONES%202016/0198.pdf HTTP/1.1" 304 -
66.249.66.221 - - [12/May/2019:01:22:16 -0500] "GET /BLA/resoluciones/RESOLUCIONES%202010/7206.pdf HTTP/1.1" 304 -
66.249.66.219 - - [12/May/2019:01:22:27 -0500] "GET /BLA/resoluciones/RESOLUCIONES%202007/RES%202007%201726%20AL%201800/RESOLUCION%201756%20DE%202007.pdf HTTP/1.1" 200 94263
66.249.66.221 - - [12/May/2019:01:22:29 -0500] "GET /BLA/resoluciones/RESOLUCIONES%202013/1779.pdf HTTP/1.1" 200 540465
157.55.39.119 - - [12/May/2019:01:22:50 -0500] "GET /galeria/galeria/fotos/Capellania3G.jpg HTTP/1.1" 200 515718
40.77.167.22 - - [12/May/2019:01:22:55 -0500] "GET /Publicaciones/2019EE04381.pdf HTTP/1.1" 404 227
66.249.66.219 - - [12/May/2019:01:23:34 -0500] "GET /BLA/resoluciones/RESOLUCIONES%202010/0889.pdf HTTP/1.1" 200 108412
66.249.66.219 - - [12/May/2019:01:23:41 -0500] "GET /BLA/resoluciones/AUTOS%202007/0811.pdf HTTP/1.1" 200 221976
192.168.175.104 - - [12/May/2019:01:23:57 -0500] "GET / HTTP/1.1" 200 9990
66.249.66.219 - - [12/May/2019:01:24:16 -0500] "GET /BLA/resoluciones/RESOLUCIONES%202007/RES%202007%203801%20AL%203900/RESOLUCION%203829%20DE%202007.pdf HTTP/1.1" 200 248371
66.249.66.219 - - [12/May/2019:01:24:32 -0500] "GET /BLA/resoluciones/RESOLUCIONES%202010/0835.pdf HTTP/1.1" 200 123286
192.168.175.104 - - [12/May/2019:01:25:26 -0500] "GET / HTTP/1.0" 200 9990
35.178.192.66 - - [12/May/2019:01:25:29 -0500] "GET / HTTP/1.1" 200 9990
66.249.66.219 - - [12/May/2019:01:25:52 -0500] "GET /BLA/resoluciones/AUTOS%202008/2426.pdf HTTP/1.1" 200 253712
66.249.66.221 - - [12/May/2019:01:26:03 -0500] "GET /BLA/resoluciones/RESOLUCIONES%202007/RES%202007%202101%20AL%202200/RESOLUCION%202130%20DE%202007.pdf HTTP/1.1" 200 471833
69.162.124.233 - - [12/May/2019:01:26:31 -0500] "HEAD / HTTP/1.1" 200 -
181.53.12.248 - - [12/May/2019:01:26:58 -0500] "GET /galeria/galeria/jquery.fancybox.css?v=2.1.5 HTTP/1.1" 200 4895
181.53.12.248 - - [12/May/2019:01:26:58 -0500] "GET /BLA/boletinlegal/js/jquery.scrollShow.js HTTP/1.1" 200 4586
181.53.12.248 - - [12/May/2019:01:26:58 -0500] "GET /galeria/galeria/jquery.fancybox.js?v=2.1.5 HTTP/1.1" 200 48706
66.249.66.219 - - [12/May/2019:01:27:00 -0500] "GET /BLA/resoluciones/AUTOS%202012/2852.pdf HTTP/1.1" 200 288933
66.249.66.223 - - [12/May/2019:01:28:21 -0500] "GET /BLA/resoluciones/AUTOS%202014/0641.pdf HTTP/1.1" 200 551424
66.249.66.219 - - [12/May/2019:01:28:24 -0500] "GET /BLA/resoluciones/AUTOS%202008/0503.pdf HTTP/1.1" 200 70198
192.168.175.104 - - [12/May/2019:01:28:55 -0500] "GET / HTTP/1.1" 200 9990
66.249.66.215 - - [12/May/2019:01:29:15 -0500] "GET / HTTP/1.1" 200 9990
186.87.146.26 - - [12/May/2019:01:29:27 -0500] "GET /galeria/galeria/jquery.fancybox.css?v=2.1.5 HTTP/1.1" 200 4895
186.87.146.26 - - [12/May/2019:01:29:27 -0500] "GET /BLA/boletinlegal/js/jquery.scrollShow.js HTTP/1.1" 200 4586
186.87.146.26 - - [12/May/2019:01:29:28 -0500] "GET /galeria/galeria/jquery.fancybox.js?v=2.1.5 HTTP/1.1" 200 48706
66.249.66.221 - - [12/May/2019:01:29:37 -0500] "GET /BLA/resoluciones/AUTOS%202012/1407.pdf HTTP/1.1" 200 234112
66.249.66.73 - - [12/May/2019:01:29:53 -0500] "GET /BLA/boletinlegal/Directivas/2016/Directiva%20No.%2002%20del%2019%20de%20Abril%20de%202016.pdf HTTP/1.1" 304 -
66.249.66.212 - - [12/May/2019:01:29:55 -0500] "GET /BLA/boletinlegal/style.css HTTP/1.1" 200 9406
66.249.66.212 - - [12/May/2019:01:29:55 -0500] "GET /BLA/boletinlegal/js/ajax_normativa.js HTTP/1.1" 200 1154
66.249.66.212 - - [12/May/2019:01:29:56 -0500] "GET /BLA/boletinlegal/niceforms.js HTTP/1.1" 200 22876
66.249.66.212 - - [12/May/2019:01:29:57 -0500] "GET /BLA/boletinlegal/styles2.css HTTP/1.1" 200 1838
66.249.66.212 - - [12/May/2019:01:29:58 -0500] "GET /BLA/boletinlegal/niceforms-default.css HTTP/1.1" 200 6694
216.244.66.195 - - [12/May/2019:01:30:01 -0500] "GET /BLA/resoluciones/AUTOS%202008/1412.pdf HTTP/1.1" 200 340105
216.244.66.195 - - [12/May/2019:01:30:04 -0500] "GET /BLA/resoluciones/AUTOS%202013/0128.pdf HTTP/1.1" 200 2158572
201.245.192.253 - - [12/May/2019:01:29:33 -0500] "POST /kwsrmcab/Wsrmcab HTTP/1.1" 200 29500
216.244.66.195 - - [12/May/2019:01:30:06 -0500] "GET /BLA/resoluciones/AUTOS%202016/0617.pdf HTTP/1.1" 200 524033
201.245.192.253 - - [12/May/2019:01:29:33 -0500] "POST /kwsrmcab/Wsrmcab HTTP/1.1" 200 29500
192.168.175.104 - - [12/May/2019:01:30:24 -0500] "GET / HTTP/1.0" 200 9990
66.249.66.71 - - [12/May/2019:01:30:31 -0500] "GET /portalsiaccapacitaciones/Soportes%20Capacitaciones%202015/0004.%20Matriz%20HC_MVC.xlsx HTTP/1.1" 304 -
66.249.66.219 - - [12/May/2019:01:30:34 -0500] "GET /BLA/resoluciones/RESOLUCIONES%202007/RES%202007%202201%20AL%202300/RESOLUCION%202269%20DE%202007.pdf HTTP/1.1" 200 702188
216.244.66.195 - - [12/May/2019:01:30:39 -0500] "GET /BLA/resoluciones/RESOLUCIONES%202011/1022.pdf HTTP/1.1" 200 436060
190.84.120.194 - - [12/May/2019:01:31:07 -0500] "-" 408 -
66.249.66.219 - - [12/May/2019:01:31:20 -0500] "GET /BLA/resoluciones/RESOLUCIONES%202014/2965.pdf HTTP/1.1" 200 4377676
69.162.124.233 - - [12/May/2019:01:31:31 -0500] "HEAD / HTTP/1.1" 200 -
66.249.66.219 - - [12/May/2019:01:32:40 -0500] "GET /BLA/resoluciones/AUTOS%202012/2920.pdf HTTP/1.1" 200 286010
181.130.200.244 - - [12/May/2019:01:32:56 -0500] "GET /galeria/carrusel/Carrusel/jquery.thumbnailScroller.css HTTP/1.1" 200 2066
181.130.200.244 - - [12/May/2019:01:32:56 -0500] "GET /galeria/galeria/jquery.fancybox.css?v=2.1.5 HTTP/1.1" 200 4895
181.130.200.244 - - [12/May/2019:01:32:56 -0500] "GET /BLA/boletinlegal/js/jquery.scrollShow.js HTTP/1.1" 200 4586
181.130.200.244 - - [12/May/2019:01:32:56 -0500] "GET /galeria/galeria/jquery.fancybox.js?v=2.1.5 HTTP/1.1" 200 48706
181.130.200.244 - - [12/May/2019:01:32:56 -0500] "GET /galeria/carrusel/Carrusel/jquery-ui-1.8.13.custom.min.js HTTP/1.1" 200 10800
181.130.200.244 - - [12/May/2019:01:32:56 -0500] "GET /galeria/carrusel/Carrusel/jquery.thumbnailScroller.js HTTP/1.1" 200 8157
181.130.200.244 - - [12/May/2019:01:32:57 -0500] "GET /galeria/nivo-slider/demo/demo.html HTTP/1.1" 200 24715
181.130.200.244 - - [12/May/2019:01:32:57 -0500] "GET /galeria/nivo-slider/themes/default/default.css HTTP/1.1" 200 1569
181.130.200.244 - - [12/May/2019:01:32:57 -0500] "GET /galeria/nivo-slider/themes/pascal/pascal.css HTTP/1.1" 200 2258
181.130.200.244 - - [12/May/2019:01:32:57 -0500] "GET /galeria/nivo-slider/nivo-slider.css HTTP/1.1" 200 1507
181.130.200.244 - - [12/May/2019:01:32:57 -0500] "GET /galeria/nivo-slider/themes/orman/orman.css HTTP/1.1" 200 2152
181.130.200.244 - - [12/May/2019:01:32:57 -0500] "GET /galeria/nivo-slider/demo/style.css HTTP/1.1" 200 2222
181.130.200.244 - - [12/May/2019:01:32:57 -0500] "GET /galeria/nivo-slider/demo/images/banner%20lluvias.jpg HTTP/1.1" 200 254815
181.130.200.244 - - [12/May/2019:01:32:57 -0500] "GET /galeria/nivo-slider/jquery.nivo.slider.pack.js HTTP/1.1" 200 11561
181.130.200.244 - - [12/May/2019:01:32:57 -0500] "GET /galeria/nivo-slider/demo/scripts/jquery-1.7.1.min.js HTTP/1.1" 200 93868
181.130.200.244 - - [12/May/2019:01:32:57 -0500] "GET /galeria/nivo-slider/demo/images/Banner%20servicios.jpg HTTP/1.1" 200 173312
181.130.200.244 - - [12/May/2019:01:32:58 -0500] "GET /galeria/nivo-slider/demo/images/Caminatas%20mayo.png HTTP/1.1" 200 689328
181.130.200.244 - - [12/May/2019:01:32:58 -0500] "GET /galeria/nivo-slider/demo/images/Banner%20rio%20bogot%C3%A1.jpg HTTP/1.1" 200 247732
181.130.200.244 - - [12/May/2019:01:32:58 -0500] "GET /galeria/nivo-slider/demo/images/Banner%20reciclaton.jpg HTTP/1.1" 200 215982
181.130.200.244 - - [12/May/2019:01:32:58 -0500] "GET /galeria/nivo-slider/demo/images/4Simple_Slider.png HTTP/1.1" 200 11722
181.130.200.244 - - [12/May/2019:01:32:59 -0500] "GET /galeria/nivo-slider/themes/default/loading.gif HTTP/1.1" 200 1737
181.130.200.244 - - [12/May/2019:01:32:59 -0500] "GET /galeria/nivo-slider/demo/images/bannersectorambiente.png HTTP/1.1" 200 308540
181.130.200.244 - - [12/May/2019:01:33:00 -0500] "GET /galeria/nivo-slider/demo/images/Banner%20RCD.jpg HTTP/1.1" 200 92197
181.130.200.244 - - [12/May/2019:01:33:00 -0500] "GET /galeria/nivo-slider/demo/images/Banner%20curso%20incendios%20forestales.png HTTP/1.1" 200 544153
181.130.200.244 - - [12/May/2019:01:33:00 -0500] "GET /galeria/nivo-slider/demo/images/bannertinguasweb.jpg HTTP/1.1" 200 258471
181.130.200.244 - - [12/May/2019:01:33:01 -0500] "GET /galeria/nivo-slider/demo/images/Banner%20Conpes.jpg HTTP/1.1" 200 55220
181.130.200.244 - - [12/May/2019:01:33:01 -0500] "GET /galeria/nivo-slider/demo/images/Banner%20practicas%20sostenibles.jpg HTTP/1.1" 200 142958
66.249.66.221 - - [12/May/2019:01:33:01 -0500] "GET /BLA/resoluciones/AUTOS%202014/3439.pdf HTTP/1.1" 200 517791
181.130.200.244 - - [12/May/2019:01:33:02 -0500] "GET /galeria/nivo-slider/demo/images/Banner%20POT.png HTTP/1.1" 200 418238
181.130.200.244 - - [12/May/2019:01:33:02 -0500] "GET /galeria/nivo-slider/demo/images/incendios-forestales.png HTTP/1.1" 200 61469
181.130.200.244 - - [12/May/2019:01:33:02 -0500] "GET /galeria/nivo-slider/demo/images/Pot_banner.jpg HTTP/1.1" 200 204736
181.130.200.244 - - [12/May/2019:01:33:03 -0500] "GET /galeria/nivo-slider/demo/images/BANNER%20punto.jpg HTTP/1.1" 200 75932
181.130.200.244 - - [12/May/2019:01:33:03 -0500] "GET /galeria/nivo-slider/demo/images/Banneranonimos.png HTTP/1.1" 200 109388
181.130.200.244 - - [12/May/2019:01:33:03 -0500] "GET /galeria/nivo-slider/demo/images/web%20ingreso%20humedales.png HTTP/1.1" 200 641193
181.130.200.244 - - [12/May/2019:01:33:04 -0500] "GET /galeria/nivo-slider/demo/images/gobierno%20digital-01.jpg HTTP/1.1" 200 116163
181.130.200.244 - - [12/May/2019:01:33:05 -0500] "GET /galeria/nivo-slider/demo/images/Otorgamiento-excelencia-ambiental-Jos%C3%A9-Celestino-Mutis-2.jpg HTTP/1.1" 200 276467
181.130.200.244 - - [12/May/2019:01:33:05 -0500] "GET /galeria/nivo-slider/demo/images/Banner_micrositio.png HTTP/1.1" 200 146950
181.130.200.244 - - [12/May/2019:01:33:05 -0500] "GET /galeria/nivo-slider/demo/images/avances-sentencias-rio-bogota-2.jpg HTTP/1.1" 200 304916
66.249.66.74 - - [12/May/2019:01:33:41 -0500] "GET /BLA/boletinlegal/Circulares/2012/Circular%20No.%2012%20del%2028%20de%20Agosto%20de%202012.pdf HTTP/1.1" 200 369945
192.168.175.104 - - [12/May/2019:01:33:52 -0500] "GET / HTTP/1.1" 200 9990
66.249.66.219 - - [12/May/2019:01:34:13 -0500] "GET /BLA/resoluciones/RESOLUCIONES%202011/0822.pdf HTTP/1.1" 200 304461
190.159.102.158 - - [12/May/2019:01:34:37 -0500] "GET /BLA/resoluciones/AUTOS%202013/1960.pdf HTTP/1.1" 200 847916
157.55.39.93 - - [12/May/2019:01:35:00 -0500] "GET /SIG/Comunicaciones/126PG02-PR09.pdf HTTP/1.1" 200 95162
66.102.6.254 - - [12/May/2019:01:35:04 -0500] "-" 408 -
66.102.6.250 - - [12/May/2019:01:35:04 -0500] "-" 408 -
192.168.175.104 - - [12/May/2019:01:35:22 -0500] "GET / HTTP/1.0" 200 9990
190.159.102.158 - - [12/May/2019:01:35:32 -0500] "GET /BLA/resoluciones/AUTOS%202015/5125.pdf HTTP/1.1" 200 547747
69.162.124.233 - - [12/May/2019:01:36:31 -0500] "HEAD / HTTP/1.1" 200 -
66.249.66.221 - - [12/May/2019:01:37:09 -0500] "GET /BLA/resoluciones/AUTOS%202016/0646.pdf HTTP/1.1" 200 618744
35.205.75.161 - - [12/May/2019:01:37:31 -0500] "-" 408 -
66.249.66.73 - - [12/May/2019:01:38:45 -0500] "GET /Autoliquidacion/index.php?dir=Solicitudes+relacionadas+con+calidad+del+aire+auditiva+y+visual%2FEvaluaci%F3n+certificado+de+Intensidad+Auditiva%2F HTTP/1.1" 200 2811
192.168.175.104 - - [12/May/2019:01:38:50 -0500] "GET / HTTP/1.1" 200 9990
181.53.12.176 - - [12/May/2019:01:39:21 -0500] "GET /galeria/galeria/jquery.fancybox.css?v=2.1.5 HTTP/1.1" 200 4895
181.53.12.176 - - [12/May/2019:01:39:21 -0500] "GET /BLA/boletinlegal/js/jquery.scrollShow.js HTTP/1.1" 200 4586
181.53.12.176 - - [12/May/2019:01:39:21 -0500] "GET /galeria/galeria/jquery.fancybox.js?v=2.1.5 HTTP/1.1" 200 48706
189.163.23.191 - - [12/May/2019:01:39:40 -0500] "GET /galeria/galeria/jquery.fancybox.css?v=2.1.5 HTTP/1.1" 200 4895
189.163.23.191 - - [12/May/2019:01:39:41 -0500] "GET /BLA/boletinlegal/js/jquery.scrollShow.js HTTP/1.1" 200 4586
189.163.23.191 - - [12/May/2019:01:39:41 -0500] "GET /galeria/galeria/jquery.fancybox.js?v=2.1.5 HTTP/1.1" 200 48706
192.95.16.35 - - [12/May/2019:01:39:57 -0500] "GET /robots.txt HTTP/1.1" 404 1019
66.249.66.223 - - [12/May/2019:01:40:01 -0500] "GET /BLA/resoluciones/Notificaciones/REGISTROS%202014/1709.doc HTTP/1.1" 304 -
66.249.66.223 - - [12/May/2019:01:40:05 -0500] "GET /BLA/resoluciones/AUTOS%202013/3275.pdf HTTP/1.1" 200 315491
192.95.16.35 - - [12/May/2019:01:40:05 -0500] "GET / HTTP/1.1" 200 9990
192.95.16.35 - - [12/May/2019:01:40:15 -0500] "GET /catalogoisis/ HTTP/1.1" 200 8575
192.168.175.104 - - [12/May/2019:01:40:20 -0500] "GET / HTTP/1.0" 200 9990
192.95.16.35 - - [12/May/2019:01:40:25 -0500] "GET /BLA/boletinlegal/ HTTP/1.1" 200 16331
192.95.16.35 - - [12/May/2019:01:40:42 -0500] "GET /www.bogota.gov.co/sdqs HTTP/1.1" 404 1019
192.95.16.35 - - [12/May/2019:01:40:52 -0500] "GET /www.ambientebogota.gov.co/ HTTP/1.1" 404 1019
66.249.88.62 - - [12/May/2019:01:41:00 -0500] "GET /BLA/boletinlegal/js/jquery.scrollShow.js HTTP/1.1" 200 4586
66.249.88.62 - - [12/May/2019:01:41:00 -0500] "GET /galeria/galeria/jquery.fancybox.css?v=2.1.5 HTTP/1.1" 200 4895
66.249.88.61 - - [12/May/2019:01:41:00 -0500] "GET /galeria/galeria/jquery.fancybox.js?v=2.1.5 HTTP/1.1" 200 48706
192.95.16.35 - - [12/May/2019:01:41:02 -0500] "GET /www.ambientebogota.gov.co:81/ HTTP/1.1" 403 1021
66.249.88.61 - - [12/May/2019:01:41:05 -0500] "GET /BLA/resoluciones/AUTOS%202015/5125.pdf HTTP/1.1" 200 547747
66.249.66.219 - - [12/May/2019:01:41:17 -0500] "GET /BLA/resoluciones/AUTOS%202015/0997.pdf HTTP/1.1" 304 -
66.249.66.223 - - [12/May/2019:01:41:19 -0500] "GET /BLA/resoluciones/AUTOS%202007/3781.pdf HTTP/1.1" 200 139450
69.162.124.233 - - [12/May/2019:01:41:31 -0500] "HEAD / HTTP/1.1" 200 -
66.249.88.60 - - [12/May/2019:01:41:32 -0500] "GET /BLA/boletinlegal/js/jquery.scrollShow.js HTTP/1.1" 200 4586
66.249.88.61 - - [12/May/2019:01:41:32 -0500] "GET /galeria/galeria/jquery.fancybox.css?v=2.1.5 HTTP/1.1" 200 4895
66.249.88.62 - - [12/May/2019:01:41:32 -0500] "GET /galeria/galeria/jquery.fancybox.js?v=2.1.5 HTTP/1.1" 200 48706
40.77.167.22 - - [12/May/2019:01:41:39 -0500] "GET /BLA/resoluciones/RESOLUCIONES%202010/2240.pdf HTTP/1.1" 200 342880
