54.186.97.170 - - [20/May/2019:03:40:15 -0500] "GET /BLA/resoluciones/index.php?dir=AUTOS%202009/sort=dateorder=asc/sort=sizeorder=asc/sort=sizeorder=asc/sort=sizeorder=asc/sort=sizeorder=asc/sort=nameorder=desc/sort=sizeorder=asc/sort=dateorder=asc/sort=nameorder=desc/sort=dateorder=asc HTTP/1.1" 200 12868
192.168.175.104 - - [20/May/2019:03:40:20 -0500] "GET / HTTP/1.1" 200 9990
216.244.66.195 - - [20/May/2019:03:40:30 -0500] "GET /robots.txt HTTP/1.1" 404 1018
34.219.140.87 - - [20/May/2019:03:40:33 -0500] "GET /BLA/resoluciones/index.php?dir=AUTOS%202009/sort=dateorder=asc/sort=sizeorder=asc/sort=sizeorder=asc/sort=sizeorder=asc/sort=sizeorder=asc/sort=nameorder=desc/sort=sizeorder=asc/sort=dateorder=asc/sort=nameorder=desc/sort=nameorder=desc HTTP/1.1" 200 12871
69.162.124.233 - - [20/May/2019:03:41:08 -0500] "HEAD / HTTP/1.1" 200 -
66.249.88.127 - - [20/May/2019:03:41:34 -0500] "GET /BLA/boletinlegal/js/jquery.scrollShow.js HTTP/1.1" 200 4586
66.249.88.127 - - [20/May/2019:03:41:34 -0500] "GET /galeria/galeria/jquery.fancybox.css?v=2.1.5 HTTP/1.1" 200 4895
66.249.88.123 - - [20/May/2019:03:41:34 -0500] "GET /galeria/galeria/jquery.fancybox.js?v=2.1.5 HTTP/1.1" 200 48706
54.70.46.142 - - [20/May/2019:03:41:35 -0500] "GET /BLA/resoluciones/index.php?dir=AUTOS%202009/sort=nameorder=desc/sort=sizeorder=asc/sort=dateorder=asc/sort=sizeorder=asc/sort=nameorder=desc/sort=sizeorder=asc/sort=nameorder=desc/sort=sizeorder=asc/sort=dateorder=asc/sort=nameorder=desc HTTP/1.1" 200 12875
34.219.165.132 - - [20/May/2019:03:41:46 -0500] "GET /BLA/resoluciones/index.php?dir=AUTOS%202009/sort=nameorder=desc/sort=sizeorder=asc/sort=dateorder=asc/sort=sizeorder=asc/sort=nameorder=desc/sort=sizeorder=asc/sort=nameorder=desc/sort=sizeorder=asc/sort=dateorder=asc/sort=sizeorder=asc HTTP/1.1" 200 12872
179.6.55.34 - - [20/May/2019:03:41:57 -0500] "GET /galeria/galeria/jquery.fancybox.css?v=2.1.5 HTTP/1.1" 200 4895
179.6.55.34 - - [20/May/2019:03:41:57 -0500] "GET /BLA/boletinlegal/js/jquery.scrollShow.js HTTP/1.1" 200 4586
179.6.55.34 - - [20/May/2019:03:41:57 -0500] "GET /galeria/galeria/jquery.fancybox.js?v=2.1.5 HTTP/1.1" 200 48706
34.219.165.132 - - [20/May/2019:03:42:34 -0500] "GET /BLA/resoluciones/index.php?dir=AUTOS+2009%2Fsort%3Dnameorder%3Ddesc%2Fsort%3Dsizeorder%3Dasc%2Fsort%3Ddateorder%3Dasc%2Fsort%3Dsizeorder%3Dasc%2Fsort%3Dnameorder%3Ddesc%2Fsort%3Dsizeorder%3Dasc%2Fsort%3Dnameorder%3Ddesc%2Fsort%3Dsizeorder%3Dasc%2F HTTP/1.1" 200 12708
192.168.175.104 - - [20/May/2019:03:42:40 -0500] "GET / HTTP/1.0" 200 9990
66.249.65.193 - - [20/May/2019:03:42:46 -0500] "GET /BLA/resoluciones/RESOLUCIONES%202014/1181.pdf HTTP/1.1" 200 879905
18.237.81.156 - - [20/May/2019:03:42:56 -0500] "GET /BLA/resoluciones/index.php?dir=AUTOS%202009/sort=dateorder=asc/sort=sizeorder=asc/sort=sizeorder=asc/sort=sizeorder=asc/sort=sizeorder=asc/sort=nameorder=desc/sort=sizeorder=asc/sort=dateorder=asc/sort=sizeorder=asc/sort=nameorder=desc HTTP/1.1" 200 12867
66.249.65.223 - - [20/May/2019:03:42:57 -0500] "GET /BLA/resoluciones/RESOLUCIONES%202010/2208.pdf HTTP/1.1" 200 500365
66.249.65.193 - - [20/May/2019:03:43:45 -0500] "GET /BLA/resoluciones/AUTOS%202016/2332.pdf HTTP/1.1" 200 556108
34.213.86.128 - - [20/May/2019:03:44:03 -0500] "GET /BLA/resoluciones/index.php?dir=AUTOS%202009/sort=nameorder=desc/sort=sizeorder=asc/sort=dateorder=asc/sort=sizeorder=asc/sort=nameorder=desc/sort=sizeorder=asc/sort=sizeorder=asc/sort=sizeorder=asc/sort=dateorder=asc/sort=nameorder=desc HTTP/1.1" 200 12871
207.46.13.124 - - [20/May/2019:03:44:22 -0500] "GET /BLA/resoluciones/RESOLUCIONES%202017/0520.pdf HTTP/1.1" 200 407112
193.146.50.254 - - [20/May/2019:03:45:10 -0500] "GET /galeria/galeria/jquery.fancybox.css?v=2.1.5 HTTP/1.1" 200 4895
193.146.50.254 - - [20/May/2019:03:45:10 -0500] "GET /BLA/boletinlegal/js/jquery.scrollShow.js HTTP/1.1" 200 4586
193.146.50.254 - - [20/May/2019:03:45:10 -0500] "GET /galeria/galeria/jquery.fancybox.js?v=2.1.5 HTTP/1.1" 200 48706
193.146.50.254 - - [20/May/2019:03:45:15 -0500] "GET /BLA/boletinlegal/js/jquery.scrollShow.js HTTP/1.1" 200 4586
193.146.50.254 - - [20/May/2019:03:45:15 -0500] "GET /galeria/galeria/jquery.fancybox.js?v=2.1.5 HTTP/1.1" 200 48706
193.146.50.254 - - [20/May/2019:03:45:15 -0500] "GET /galeria/galeria/jquery.fancybox.css?v=2.1.5 HTTP/1.1" 200 4895
192.168.175.104 - - [20/May/2019:03:45:19 -0500] "GET / HTTP/1.1" 200 9990
52.44.86.2 - - [20/May/2019:03:45:38 -0500] "GET /wp-login.php HTTP/1.1" 404 1015
69.162.124.233 - - [20/May/2019:03:46:08 -0500] "HEAD / HTTP/1.1" 200 -
186.113.10.19 - - [20/May/2019:03:46:11 -0500] "GET /galeria/nivo-slider/demo/images/Banner%20curso%20incendios%20forestales.png HTTP/1.1" 304 -
52.24.165.110 - - [20/May/2019:03:46:18 -0500] "GET /BLA/resoluciones/index.php?dir=AUTOS%202009/sort=nameorder=desc/sort=sizeorder=asc/sort=dateorder=asc/sort=sizeorder=asc/sort=nameorder=desc/sort=sizeorder=asc/sort=nameorder=desc/sort=sizeorder=asc/sort=nameorder=desc/sort=nameorder=desc HTTP/1.1" 200 12879
34.222.149.152 - - [20/May/2019:03:46:40 -0500] "GET /BLA/resoluciones/index.php?dir=AUTOS%202009/sort=nameorder=desc/sort=sizeorder=asc/sort=dateorder=asc/sort=sizeorder=asc/sort=nameorder=desc/sort=sizeorder=asc/sort=nameorder=desc/sort=sizeorder=asc/sort=nameorder=desc/sort=dateorder=asc HTTP/1.1" 200 12876
66.249.65.223 - - [20/May/2019:03:46:54 -0500] "GET /BLA/resoluciones/AUTOS%202014/3637.pdf HTTP/1.1" 200 456672
66.249.65.223 - - [20/May/2019:03:47:10 -0500] "GET /BLA/resoluciones/RESOLUCIONES%202014/3918.pdf HTTP/1.1" 200 344460
52.34.103.153 - - [20/May/2019:03:47:15 -0500] "GET /BLA/resoluciones/index.php?dir=AUTOS%202009/sort=nameorder=desc/sort=sizeorder=asc/sort=nameorder=desc/sort=sizeorder=asc/sort=nameorder=desc/sort=dateorder=asc/sort=nameorder=desc/sort=sizeorder=asc/sort=sizeorder=asc/sort=nameorder=desc/sort=dateorder=asc HTTP/1.1" 200 12962
192.168.175.104 - - [20/May/2019:03:47:38 -0500] "GET / HTTP/1.0" 200 9990
34.221.93.105 - - [20/May/2019:03:47:40 -0500] "GET /BLA/resoluciones/index.php?dir=AUTOS+2009%2Fsort%3Dnameorder%3Ddesc%2Fsort%3Dsizeorder%3Dasc%2Fsort%3Ddateorder%3Dasc%2Fsort%3Dsizeorder%3Dasc%2Fsort%3Dnameorder%3Ddesc%2Fsort%3Dsizeorder%3Dasc%2Fsort%3Dsizeorder%3Dasc%2Fsort%3Dsizeorder%3Dasc%2F HTTP/1.1" 200 12704
40.77.252.63 - - [20/May/2019:03:47:24 -0500] "GET /POT-2013/Cartografia/20_Sistema%20de%20Alcantarillado_FEB.pdf HTTP/1.1" 200 4849299
52.33.138.158 - - [20/May/2019:03:48:12 -0500] "GET /BLA/resoluciones/index.php?dir=AUTOS%202009/sort=nameorder=desc/sort=sizeorder=asc/sort=nameorder=desc/sort=sizeorder=asc/sort=nameorder=desc/sort=dateorder=asc/sort=nameorder=desc/sort=sizeorder=asc/sort=sizeorder=asc/sort=sizeorder=asc/sort=nameorder=desc HTTP/1.1" 200 12961
23.100.232.233 - - [20/May/2019:03:48:37 -0500] "GET /BLA/resoluciones/AUTOS%202015/1052.pdf HTTP/1.1" 200 2210866
217.115.34.254 - - [20/May/2019:03:48:38 -0500] "GET /BLA/resoluciones/RESOLUCIONES%202017/1268.pdf HTTP/1.1" 200 1396935
217.115.34.254 - - [20/May/2019:03:48:39 -0500] "GET /BLA/resoluciones/RESOLUCIONES%202007/RES%202007%201301%20AL%201400/RESOLUCION%201311%20DE%202007.pdf HTTP/1.1" 200 137481
157.55.39.38 - - [20/May/2019:03:48:51 -0500] "GET /robots.txt HTTP/1.1" 404 1018
207.46.13.124 - - [20/May/2019:03:49:28 -0500] "GET /BLA/resoluciones/RESOLUCIONES%202015/1042.pdf HTTP/1.1" 200 486040
66.249.88.123 - - [20/May/2019:03:49:30 -0500] "GET /galeria/galeria/jquery.fancybox.css?v=2.1.5 HTTP/1.1" 200 4895
66.249.88.127 - - [20/May/2019:03:49:30 -0500] "GET /BLA/boletinlegal/js/jquery.scrollShow.js HTTP/1.1" 200 4586
66.249.88.125 - - [20/May/2019:03:49:30 -0500] "GET /galeria/galeria/jquery.fancybox.js?v=2.1.5 HTTP/1.1" 200 48706
34.219.165.132 - - [20/May/2019:03:49:56 -0500] "GET /BLA/resoluciones/index.php?dir=AUTOS%202009/sort=nameorder=desc/sort=sizeorder=asc/sort=dateorder=asc/sort=sizeorder=asc/sort=nameorder=desc/sort=sizeorder=asc/sort=sizeorder=asc/sort=sizeorder=asc/sort=dateorder=asc/sort=dateorder=asc HTTP/1.1" 200 12868
66.249.65.222 - - [20/May/2019:03:50:04 -0500] "GET /BLA/resoluciones/AUTOS%202015/0652.pdf HTTP/1.1" 200 567810
34.219.140.87 - - [20/May/2019:03:50:07 -0500] "GET /BLA/resoluciones/index.php?dir=AUTOS+2009%2Fsort%3Dnameorder%3Ddesc%2Fsort%3Dsizeorder%3Dasc%2Fsort%3Ddateorder%3Dasc%2Fsort%3Dsizeorder%3Dasc%2Fsort%3Dnameorder%3Ddesc%2Fsort%3Ddateorder%3Dasc%2Fsort%3Ddateorder%3Dasc%2Fsort%3Ddateorder%3Dasc%2F HTTP/1.1" 200 12704
34.216.109.54 - - [20/May/2019:03:50:12 -0500] "GET /BLA/resoluciones/index.php?dir=AUTOS%202009/sort=nameorder=desc/sort=sizeorder=asc/sort=dateorder=asc/sort=sizeorder=asc/sort=nameorder=desc/sort=dateorder=asc/sort=dateorder=asc/sort=dateorder=asc/sort=sizeorder=asc/sort=sizeorder=asc HTTP/1.1" 200 12868
192.168.175.104 - - [20/May/2019:03:50:16 -0500] "GET / HTTP/1.1" 200 9990
54.184.99.84 - - [20/May/2019:03:50:19 -0500] "GET /BLA/resoluciones/index.php?dir=AUTOS%202009/sort=nameorder=desc/sort=sizeorder=asc/sort=dateorder=asc/sort=sizeorder=asc/sort=nameorder=desc/sort=sizeorder=asc/sort=nameorder=desc/sort=sizeorder=asc/sort=nameorder=desc/sort=sizeorder=asc HTTP/1.1" 200 12876
157.55.39.200 - - [20/May/2019:03:50:34 -0500] "GET /Autoliquidacion/index.php?dir=Solicitud+de+Clasificaci%F3n+de+Impacto+Ambiental%2F HTTP/1.1" 200 2877
69.162.124.233 - - [20/May/2019:03:51:08 -0500] "HEAD / HTTP/1.1" 200 -
18.236.69.162 - - [20/May/2019:03:51:51 -0500] "GET /BLA/resoluciones/index.php?dir=AUTOS%202009/sort=nameorder=desc/sort=sizeorder=asc/sort=dateorder=asc/sort=sizeorder=asc/sort=nameorder=desc/sort=sizeorder=asc/sort=nameorder=desc/sort=sizeorder=asc/sort=sizeorder=asc/sort=dateorder=asc HTTP/1.1" 200 12872
157.55.39.203 - - [20/May/2019:03:51:50 -0500] "GET /BLA/boletinlegal/Circulares/2011/Circular%20No.%201%20del%2012%20de%20Abril%20de%202011.pdf HTTP/1.1" 200 366269
66.249.65.222 - - [20/May/2019:03:52:14 -0500] "GET /BLA/resoluciones/AUTOS%202016/0957.pdf HTTP/1.1" 200 478877
54.213.240.92 - - [20/May/2019:03:52:32 -0500] "GET /BLA/resoluciones/index.php?dir=AUTOS%202009/sort=nameorder=desc/sort=sizeorder=asc/sort=dateorder=asc/sort=sizeorder=asc/sort=nameorder=desc/sort=sizeorder=asc/sort=nameorder=desc/sort=sizeorder=asc/sort=sizeorder=asc/sort=nameorder=desc HTTP/1.1" 200 12875
192.168.175.104 - - [20/May/2019:03:52:36 -0500] "GET / HTTP/1.0" 200 9990
34.219.72.171 - - [20/May/2019:03:52:36 -0500] "GET /BLA/resoluciones/index.php?dir=AUTOS%202009/sort=dateorder=asc/sort=sizeorder=asc/sort=sizeorder=asc/sort=sizeorder=asc/sort=sizeorder=asc/sort=nameorder=desc/sort=sizeorder=asc/sort=dateorder=asc/sort=sizeorder=asc/sort=sizeorder=asc HTTP/1.1" 200 12864
201.240.68.117 - - [20/May/2019:03:52:45 -0500] "-" 408 -
201.240.68.117 - - [20/May/2019:03:52:45 -0500] "-" 408 -
193.42.19.12 - - [20/May/2019:03:52:46 -0500] "GET /BLA/resoluciones/AUTOS%202014/0161.pdf HTTP/1.1" 200 512397
193.42.19.12 - - [20/May/2019:03:52:48 -0500] "GET /favicon.ico HTTP/1.1" 200 7782
34.220.247.249 - - [20/May/2019:03:52:53 -0500] "GET /BLA/resoluciones/index.php?dir=AUTOS%202009/sort=nameorder=desc/sort=sizeorder=asc/sort=dateorder=asc/sort=sizeorder=asc/sort=sizeorder=asc/sort=dateorder=asc/sort=nameorder=desc/sort=nameorder=desc/sort=sizeorder=asc/sort=dateorder=asc HTTP/1.1" 200 12872
69.30.211.2 - - [20/May/2019:03:53:07 -0500] "GET /robots.txt HTTP/1.1" 404 1015
69.30.211.2 - - [20/May/2019:03:53:17 -0500] "GET /Autoliquidacion/Grupo%20Forestal%20-%20Silvicultura/Entrega%20del%20cronograma%20para%20el%20control%20a%20la%20ejecucion%20actividades%20silviculturales.xlsx HTTP/1.1" 200 75158
34.221.93.105 - - [20/May/2019:03:53:27 -0500] "GET /BLA/resoluciones/index.php?dir=AUTOS%202009/sort=nameorder=desc/sort=sizeorder=asc/sort=dateorder=asc/sort=sizeorder=asc/sort=nameorder=desc/sort=dateorder=asc/sort=dateorder=asc/sort=dateorder=asc/sort=sizeorder=asc/sort=dateorder=asc HTTP/1.1" 200 12868
69.30.211.2 - - [20/May/2019:03:53:28 -0500] "GET /Autoliquidacion/index.php?dir=Fauna%20Silvestre/Manual%20tramite%20en%20linea/ HTTP/1.1" 200 2520
69.30.211.2 - - [20/May/2019:03:53:39 -0500] "GET /PruebasSTORM/Pruebas/?C=D;O=A HTTP/1.1" 200 772
69.30.211.2 - - [20/May/2019:03:53:48 -0500] "GET /PruebasSTORM/StormSDA_pruebas/StormUser21.jar HTTP/1.1" 200 207223
54.36.148.13 - - [20/May/2019:03:53:50 -0500] "GET /www.bogota.gov.co/sdqs HTTP/1.1" 404 1019
69.30.211.2 - - [20/May/2019:03:53:58 -0500] "GET /PruebasSTORM/StormSDA_pruebas/StormUser21_bk.jar HTTP/1.1" 200 207204
69.30.211.2 - - [20/May/2019:03:54:12 -0500] "GET /PruebasSTORM/StormSDA_pruebas/lib/AbsoluteLayout.jar HTTP/1.1" 200 2850
54.187.197.71 - - [20/May/2019:03:54:37 -0500] "GET /BLA/resoluciones/index.php?dir=AUTOS%202009/sort=nameorder=desc/sort=sizeorder=asc/sort=dateorder=asc/sort=sizeorder=asc/sort=nameorder=desc/sort=sizeorder=asc/sort=nameorder=desc/sort=sizeorder=asc/sort=sizeorder=asc/sort=sizeorder=asc HTTP/1.1" 200 12872
192.168.175.104 - - [20/May/2019:03:55:15 -0500] "GET / HTTP/1.1" 200 9990
69.162.124.233 - - [20/May/2019:03:56:08 -0500] "HEAD / HTTP/1.1" 200 -
111.206.221.113 - - [20/May/2019:03:56:30 -0500] "GET /galeria/nivo-slider/demo/demo.html HTTP/1.1" 200 24928
111.206.198.37 - - [20/May/2019:03:56:32 -0500] "GET /galeria/nivo-slider/demo/images/Banner%20rio%20bogot%C3%A1.jpg HTTP/1.1" 200 247732
111.206.198.126 - - [20/May/2019:03:56:32 -0500] "GET /galeria/nivo-slider/demo/images/Otorgamiento-excelencia-ambiental-Jos%C3%A9-Celestino-Mutis-2.jpg HTTP/1.1" 200 276467
111.206.198.4 - - [20/May/2019:03:56:35 -0500] "GET /galeria/nivo-slider/demo/images/BANNER%20punto.jpg HTTP/1.1" 200 75932
111.206.198.30 - - [20/May/2019:03:56:35 -0500] "GET /galeria/nivo-slider/demo/images/Banner_micrositio.png HTTP/1.1" 200 146950
111.206.198.85 - - [20/May/2019:03:56:37 -0500] "GET /galeria/nivo-slider/demo/images/Pot_banner.jpg HTTP/1.1" 200 204736
66.249.65.222 - - [20/May/2019:03:56:38 -0500] "GET /BLA/resoluciones/AUTOS%202010/3476.pdf HTTP/1.1" 200 351011
111.206.198.30 - - [20/May/2019:03:56:39 -0500] "GET /galeria/nivo-slider/demo/images/bannerlumina2017web.jpg HTTP/1.1" 200 198918
192.168.175.104 - - [20/May/2019:03:57:34 -0500] "GET / HTTP/1.0" 200 9990
34.218.241.47 - - [20/May/2019:03:57:36 -0500] "GET /BLA/resoluciones/index.php?dir=AUTOS%202009/sort=nameorder=desc/sort=sizeorder=asc/sort=nameorder=desc/sort=sizeorder=asc/sort=nameorder=desc/sort=dateorder=asc/sort=nameorder=desc/sort=sizeorder=asc/sort=nameorder=desc/sort=nameorder=desc/sort=sizeorder=asc HTTP/1.1" 200 12966
40.77.167.190 - - [20/May/2019:03:57:51 -0500] "GET /galeria/galeria/jquery.fancybox.js?v=2.1.5 HTTP/1.1" 200 48706
52.37.172.250 - - [20/May/2019:03:58:02 -0500] "GET /BLA/resoluciones/index.php?dir=AUTOS%202009/sort=dateorder=asc/sort=sizeorder=asc/sort=sizeorder=asc/sort=sizeorder=asc/sort=sizeorder=asc/sort=nameorder=desc/sort=sizeorder=asc/sort=sizeorder=asc/sort=sizeorder=asc/sort=dateorder=asc HTTP/1.1" 200 12864
54.188.5.101 - - [20/May/2019:03:58:49 -0500] "GET /BLA/resoluciones/index.php?dir=AUTOS%202009/sort=dateorder=asc/sort=sizeorder=asc/sort=sizeorder=asc/sort=sizeorder=asc/sort=sizeorder=asc/sort=nameorder=desc/sort=sizeorder=asc/sort=dateorder=asc/sort=sizeorder=asc/sort=dateorder=asc HTTP/1.1" 200 12864
54.213.240.92 - - [20/May/2019:03:58:52 -0500] "GET /BLA/resoluciones/index.php?dir=AUTOS%202009/sort=nameorder=desc/sort=sizeorder=asc/sort=nameorder=desc/sort=sizeorder=asc/sort=nameorder=desc/sort=dateorder=asc/sort=nameorder=desc/sort=sizeorder=asc/sort=nameorder=desc/sort=nameorder=desc/sort=dateorder=asc HTTP/1.1" 200 12966
52.33.138.158 - - [20/May/2019:03:59:15 -0500] "GET /BLA/resoluciones/index.php?dir=AUTOS%202009/sort=nameorder=desc/sort=sizeorder=asc/sort=dateorder=asc/sort=sizeorder=asc/sort=nameorder=desc/sort=dateorder=asc/sort=dateorder=asc/sort=dateorder=asc/sort=nameorder=desc/sort=sizeorder=asc HTTP/1.1" 200 12872
66.249.65.223 - - [20/May/2019:03:59:44 -0500] "GET /BLA/resoluciones/AUTOS%202007/3316.pdf HTTP/1.1" 200 182598
34.220.247.249 - - [20/May/2019:04:00:00 -0500] "GET /BLA/resoluciones/index.php?dir=AUTOS%202009/sort=nameorder=desc/sort=sizeorder=asc/sort=dateorder=asc/sort=sizeorder=asc/sort=nameorder=desc/sort=dateorder=asc/sort=dateorder=asc/sort=dateorder=asc/sort=nameorder=desc/sort=nameorder=desc HTTP/1.1" 200 12875
89.130.191.41 - - [20/May/2019:04:00:01 -0500] "GET /galeria/galeria/jquery.fancybox.css?v=2.1.5 HTTP/1.1" 200 4895
89.130.191.41 - - [20/May/2019:04:00:01 -0500] "GET /BLA/boletinlegal/js/jquery.scrollShow.js HTTP/1.1" 200 4586
89.130.191.41 - - [20/May/2019:04:00:01 -0500] "GET /galeria/galeria/jquery.fancybox.js?v=2.1.5 HTTP/1.1" 200 48706
192.168.175.104 - - [20/May/2019:04:00:12 -0500] "GET / HTTP/1.1" 200 9990
23.100.232.233 - - [20/May/2019:04:00:28 -0500] "GET /BLA/boletinlegal/Circulares/2018/CIRCULAR%20COJUNTA%20042%20DE%202018.pdf HTTP/1.1" 200 515008
46.229.168.135 - - [20/May/2019:04:00:34 -0500] "GET /robots.txt HTTP/1.1" 404 1019
46.229.168.147 - - [20/May/2019:04:00:34 -0500] "GET /logos/logos.htm HTTP/1.1" 404 1019
69.162.124.233 - - [20/May/2019:04:01:08 -0500] "HEAD / HTTP/1.1" 200 -
66.249.65.223 - - [20/May/2019:04:01:25 -0500] "GET /BLA/resoluciones/RESOLUCIONES%202009/2858.pdf HTTP/1.1" 304 -
35.241.138.178 - - [20/May/2019:04:01:38 -0500] "-" 408 -
66.249.65.222 - - [20/May/2019:04:01:42 -0500] "GET /BLA/resoluciones/RESOLUCIONES%202008/0894.pdf HTTP/1.1" 200 986425
157.55.39.203 - - [20/May/2019:04:01:43 -0500] "GET /SIG/ECS/126PM04-PR84.pdf HTTP/1.1" 200 1758042
198.108.66.176 - - [20/May/2019:04:01:56 -0500] "GET / HTTP/1.1" 200 9990
54.191.222.204 - - [20/May/2019:04:02:13 -0500] "GET /BLA/resoluciones/index.php?dir=AUTOS%202009/sort=nameorder=desc/sort=sizeorder=asc/sort=dateorder=asc/sort=sizeorder=asc/sort=nameorder=desc/sort=dateorder=asc/sort=dateorder=asc/sort=dateorder=asc/sort=nameorder=desc/sort=dateorder=asc HTTP/1.1" 200 12872
192.168.175.104 - - [20/May/2019:04:02:32 -0500] "GET / HTTP/1.0" 200 9990
54.213.88.171 - - [20/May/2019:04:03:02 -0500] "GET /BLA/resoluciones/index.php?dir=AUTOS%202009/sort=nameorder=desc/sort=sizeorder=asc/sort=dateorder=asc/sort=sizeorder=asc/sort=nameorder=desc/sort=sizeorder=asc/sort=sizeorder=asc/sort=sizeorder=asc/sort=nameorder=desc/sort=sizeorder=asc HTTP/1.1" 200 12872
23.100.232.233 - - [20/May/2019:04:03:03 -0500] "GET /SIG/ECS/126PM04-PR20.pdf HTTP/1.1" 200 713190
66.249.65.222 - - [20/May/2019:04:03:06 -0500] "GET /BLA/resoluciones/AUTOS%202017/1403.pdf HTTP/1.1" 200 315600
54.186.97.170 - - [20/May/2019:04:04:18 -0500] "GET /BLA/resoluciones/index.php?dir=AUTOS%202009/sort=nameorder=desc/sort=sizeorder=asc/sort=dateorder=asc/sort=sizeorder=asc/sort=nameorder=desc/sort=dateorder=asc/sort=dateorder=asc/sort=dateorder=asc/sort=sizeorder=asc/sort=nameorder=desc HTTP/1.1" 200 12871
54.213.246.82 - - [20/May/2019:04:05:04 -0500] "GET /BLA/resoluciones/index.php?dir=AUTOS%202009/sort=nameorder=desc/sort=sizeorder=asc/sort=dateorder=asc/sort=sizeorder=asc/sort=sizeorder=asc/sort=dateorder=asc/sort=nameorder=desc/sort=nameorder=desc/sort=sizeorder=asc/sort=sizeorder=asc HTTP/1.1" 200 12872
192.168.175.104 - - [20/May/2019:04:05:11 -0500] "GET / HTTP/1.1" 200 9990
66.249.65.193 - - [20/May/2019:04:05:38 -0500] "GET /BLA/resoluciones/AUTOS%202015/4357.pdf HTTP/1.1" 200 503708
18.236.175.67 - - [20/May/2019:04:05:44 -0500] "GET /BLA/resoluciones/index.php?dir=AUTOS%202009/sort=nameorder=desc/sort=sizeorder=asc/sort=dateorder=asc/sort=sizeorder=asc/sort=sizeorder=asc/sort=dateorder=asc/sort=nameorder=desc/sort=nameorder=desc/sort=sizeorder=asc/sort=nameorder=desc HTTP/1.1" 200 12875
35.160.168.153 - - [20/May/2019:04:05:59 -0500] "GET /BLA/resoluciones/index.php?dir=AUTOS%202009/sort=dateorder=asc/sort=sizeorder=asc/sort=sizeorder=asc/sort=sizeorder=asc/sort=sizeorder=asc/sort=nameorder=desc/sort=sizeorder=asc/sort=sizeorder=asc/sort=sizeorder=asc/sort=sizeorder=asc HTTP/1.1" 200 12864
66.249.65.222 - - [20/May/2019:04:06:06 -0500] "GET /BLA/resoluciones/RESOLUCIONES%202010/7292.pdf HTTP/1.1" 200 338215
69.162.124.233 - - [20/May/2019:04:06:08 -0500] "HEAD / HTTP/1.1" 200 -
34.220.148.111 - - [20/May/2019:04:06:20 -0500] "GET /BLA/resoluciones/index.php?dir=AUTOS%202009/sort=nameorder=desc/sort=sizeorder=asc/sort=dateorder=asc/sort=sizeorder=asc/sort=nameorder=desc/sort=sizeorder=asc/sort=nameorder=desc/sort=nameorder=desc/sort=dateorder=asc/sort=dateorder=asc HTTP/1.1" 200 12876
66.249.65.223 - - [20/May/2019:04:06:28 -0500] "GET /BLA/resoluciones/RESOLUCIONES%202014/0528.pdf HTTP/1.1" 304 -
54.191.222.204 - - [20/May/2019:04:06:48 -0500] "GET /BLA/resoluciones/index.php?dir=AUTOS%202009/sort=nameorder=desc/sort=sizeorder=asc/sort=dateorder=asc/sort=sizeorder=asc/sort=nameorder=desc/sort=sizeorder=asc/sort=nameorder=desc/sort=dateorder=asc/sort=nameorder=desc/sort=dateorder=asc HTTP/1.1" 200 12876
81.37.99.43 - - [20/May/2019:04:06:59 -0500] "GET /galeria/galeria/fotos/JornadaG.jpg HTTP/1.1" 200 50761
66.249.65.223 - - [20/May/2019:04:07:19 -0500] "GET /BLA/resoluciones/AUTOS%202014/4888.pdf HTTP/1.1" 200 546921
192.168.175.104 - - [20/May/2019:04:07:29 -0500] "GET / HTTP/1.0" 200 9990
35.165.191.123 - - [20/May/2019:04:08:25 -0500] "GET /BLA/resoluciones/index.php?dir=AUTOS%202009/sort=nameorder=desc/sort=sizeorder=asc/sort=dateorder=asc/sort=sizeorder=asc/sort=nameorder=desc/sort=sizeorder=asc/sort=sizeorder=asc/sort=dateorder=asc/sort=dateorder=asc/sort=nameorder=desc HTTP/1.1" 200 12871
54.185.15.18 - - [20/May/2019:04:09:19 -0500] "GET /BLA/resoluciones/index.php?dir=AUTOS+2009%2Fsort%3Dnameorder%3Ddesc%2Fsort%3Dsizeorder%3Dasc%2Fsort%3Ddateorder%3Dasc%2Fsort%3Dsizeorder%3Dasc%2Fsort%3Dnameorder%3Ddesc%2Fsort%3Dsizeorder%3Dasc%2Fsort%3Dnameorder%3Ddesc%2Fsort%3Ddateorder%3Dasc%2F HTTP/1.1" 200 12708
2.136.62.198 - - [20/May/2019:04:09:24 -0500] "-" 408 -
34.220.197.35 - - [20/May/2019:04:09:28 -0500] "GET /BLA/resoluciones/index.php?dir=AUTOS%202009/sort=nameorder=desc/sort=sizeorder=asc/sort=dateorder=asc/sort=sizeorder=asc/sort=nameorder=desc/sort=sizeorder=asc/sort=sizeorder=asc/sort=sizeorder=asc/sort=nameorder=desc/sort=dateorder=asc HTTP/1.1" 200 12872
201.245.192.253 - - [20/May/2019:04:08:57 -0500] "POST /kwsrmcab/Wsrmcab HTTP/1.1" 200 29334
201.245.192.253 - - [20/May/2019:04:08:57 -0500] "POST /kwsrmcab/Wsrmcab HTTP/1.1" 200 29334
35.160.71.162 - - [20/May/2019:04:09:51 -0500] "GET /BLA/resoluciones/index.php?dir=AUTOS%202009/sort=nameorder=desc/sort=sizeorder=asc/sort=dateorder=asc/sort=sizeorder=asc/sort=nameorder=desc/sort=sizeorder=asc/sort=nameorder=desc/sort=dateorder=asc/sort=nameorder=desc/sort=nameorder=desc HTTP/1.1" 200 12879
201.245.192.253 - - [20/May/2019:04:09:32 -0500] "POST /kwsrmcab/Wsrmcab HTTP/1.1" 200 29505
201.245.192.253 - - [20/May/2019:04:09:31 -0500] "POST /kwsrmcab/Wsrmcab HTTP/1.1" 200 29505
192.168.175.104 - - [20/May/2019:04:10:10 -0500] "GET / HTTP/1.1" 200 9990
54.184.99.84 - - [20/May/2019:04:10:20 -0500] "GET /BLA/resoluciones/index.php?dir=AUTOS%202009/sort=dateorder=asc/sort=sizeorder=asc/sort=sizeorder=asc/sort=sizeorder=asc/sort=sizeorder=asc/sort=nameorder=desc/sort=sizeorder=asc/sort=dateorder=asc/sort=dateorder=asc/sort=sizeorder=asc HTTP/1.1" 200 12864
54.187.197.71 - - [20/May/2019:04:10:27 -0500] "GET /BLA/resoluciones/index.php?dir=AUTOS%202009/sort=dateorder=asc/sort=sizeorder=asc/sort=sizeorder=asc/sort=sizeorder=asc/sort=sizeorder=asc/sort=nameorder=desc/sort=sizeorder=asc/sort=dateorder=asc/sort=dateorder=asc/sort=nameorder=desc HTTP/1.1" 200 12867
18.237.81.156 - - [20/May/2019:04:10:41 -0500] "GET /BLA/resoluciones/index.php?dir=AUTOS%202009/sort=dateorder=asc/sort=sizeorder=asc/sort=sizeorder=asc/sort=sizeorder=asc/sort=sizeorder=asc/sort=nameorder=desc/sort=sizeorder=asc/sort=sizeorder=asc/sort=sizeorder=asc/sort=nameorder=desc HTTP/1.1" 200 12867
66.249.65.222 - - [20/May/2019:04:11:10 -0500] "GET /BLA/resoluciones/AUTOS%202016/2171.pdf HTTP/1.1" 200 607654
35.160.71.162 - - [20/May/2019:04:11:17 -0500] "GET /BLA/resoluciones/index.php?dir=AUTOS%202009/sort=nameorder=desc/sort=sizeorder=asc/sort=dateorder=asc/sort=sizeorder=asc/sort=nameorder=desc/sort=sizeorder=asc/sort=sizeorder=asc/sort=sizeorder=asc/sort=nameorder=desc/sort=nameorder=desc HTTP/1.1" 200 12875
66.249.73.27 - - [20/May/2019:04:11:44 -0500] "GET /BLA/boletinlegal/ajax.js HTTP/1.1" 200 577
66.249.73.29 - - [20/May/2019:04:11:45 -0500] "GET /BLA/boletinlegal/js/ajax_documentos.js HTTP/1.1" 200 1155
157.55.39.203 - - [20/May/2019:04:11:46 -0500] "GET /portalsiaccapacitaciones/Soportes%20Capacitaciones%202015/0011.%20Pres.%20MT-PIGA-19-10-2015.pdf HTTP/1.1" 200 1301572
192.168.175.104 - - [20/May/2019:04:12:27 -0500] "GET / HTTP/1.0" 200 9990
69.162.124.233 - - [20/May/2019:04:13:07 -0500] "HEAD / HTTP/1.1" 200 -
66.249.65.222 - - [20/May/2019:04:14:53 -0500] "GET /BLA/resoluciones/RESOLUCIONES%202010/6111.pdf HTTP/1.1" 304 -
34.219.168.191 - - [20/May/2019:04:15:01 -0500] "GET /BLA/resoluciones/index.php?dir=AUTOS%202009/sort=nameorder=desc/sort=sizeorder=asc/sort=dateorder=asc/sort=sizeorder=asc/sort=nameorder=desc/sort=sizeorder=asc/sort=sizeorder=asc/sort=nameorder=desc/sort=dateorder=asc/sort=nameorder=desc HTTP/1.1" 200 12875
192.168.175.104 - - [20/May/2019:04:15:07 -0500] "GET / HTTP/1.1" 200 9990
34.213.86.128 - - [20/May/2019:04:15:13 -0500] "GET /BLA/resoluciones/index.php?dir=AUTOS%202009/sort=nameorder=desc/sort=sizeorder=asc/sort=dateorder=asc/sort=sizeorder=asc/sort=nameorder=desc/sort=sizeorder=asc/sort=sizeorder=asc/sort=dateorder=asc/sort=dateorder=asc/sort=dateorder=asc HTTP/1.1" 200 12868
54.188.120.23 - - [20/May/2019:04:15:17 -0500] "GET /BLA/resoluciones/index.php?dir=AUTOS%202009/sort=nameorder=desc/sort=sizeorder=asc/sort=dateorder=asc/sort=sizeorder=asc/sort=nameorder=desc/sort=sizeorder=asc/sort=nameorder=desc/sort=sizeorder=asc/sort=dateorder=asc/sort=dateorder=asc HTTP/1.1" 200 12872
66.249.65.223 - - [20/May/2019:04:15:34 -0500] "GET /BLA/resoluciones/AUTOS%202014/3727.pdf HTTP/1.1" 200 473004
54.218.53.250 - - [20/May/2019:04:15:47 -0500] "GET /BLA/resoluciones/index.php?dir=AUTOS%202009/sort=nameorder=desc/sort=sizeorder=asc/sort=nameorder=desc/sort=sizeorder=asc/sort=nameorder=desc/sort=dateorder=asc/sort=dateorder=asc/sort=dateorder=asc/sort=nameorder=desc/sort=dateorder=asc/sort=sizeorder=asc HTTP/1.1" 200 12958
190.24.67.246 - - [20/May/2019:04:16:42 -0500] "GET /galeria/galeria/jquery.fancybox.js?v=2.1.5 HTTP/1.1" 200 48706
54.218.53.250 - - [20/May/2019:04:17:01 -0500] "GET /BLA/resoluciones/index.php?dir=AUTOS%202009/sort=dateorder=asc/sort=sizeorder=asc/sort=sizeorder=asc/sort=sizeorder=asc/sort=sizeorder=asc/sort=nameorder=desc/sort=sizeorder=asc/sort=dateorder=asc/sort=dateorder=asc/sort=dateorder=asc HTTP/1.1" 200 12864
50.112.54.138 - - [20/May/2019:04:17:22 -0500] "GET /BLA/resoluciones/index.php?dir=AUTOS+2009%2Fsort%3Dnameorder%3Ddesc%2Fsort%3Dsizeorder%3Dasc%2Fsort%3Ddateorder%3Dasc%2Fsort%3Dsizeorder%3Dasc%2Fsort%3Dnameorder%3Ddesc%2Fsort%3Dsizeorder%3Dasc%2Fsort%3Dsizeorder%3Dasc%2Fsort%3Ddateorder%3Dasc%2F HTTP/1.1" 200 12704
192.168.175.104 - - [20/May/2019:04:17:26 -0500] "GET / HTTP/1.0" 200 9990
46.229.168.147 - - [20/May/2019:04:17:34 -0500] "GET /BLA/boletinlegal/jurisprudencia.php HTTP/1.1" 200 17573
54.191.180.230 - - [20/May/2019:04:17:47 -0500] "GET /BLA/resoluciones/index.php?dir=AUTOS%202009/sort=nameorder=desc/sort=sizeorder=asc/sort=dateorder=asc/sort=sizeorder=asc/sort=nameorder=desc/sort=sizeorder=asc/sort=sizeorder=asc/sort=dateorder=asc/sort=dateorder=asc/sort=sizeorder=asc HTTP/1.1" 200 12868
157.55.39.203 - - [20/May/2019:04:18:05 -0500] "GET / HTTP/1.1" 304 -
69.162.124.233 - - [20/May/2019:04:18:07 -0500] "HEAD / HTTP/1.1" 200 -
18.236.69.162 - - [20/May/2019:04:18:21 -0500] "GET /BLA/resoluciones/index.php?dir=AUTOS%202009/sort=nameorder=desc/sort=sizeorder=asc/sort=dateorder=asc/sort=sizeorder=asc/sort=nameorder=desc/sort=sizeorder=asc/sort=sizeorder=asc/sort=nameorder=desc/sort=dateorder=asc/sort=sizeorder=asc HTTP/1.1" 200 12872
54.191.180.230 - - [20/May/2019:04:19:05 -0500] "GET /BLA/resoluciones/index.php?dir=AUTOS%202009/sort=nameorder=desc/sort=sizeorder=asc/sort=dateorder=asc/sort=sizeorder=asc/sort=nameorder=desc/sort=sizeorder=asc/sort=sizeorder=asc/sort=nameorder=desc/sort=dateorder=asc/sort=dateorder=asc HTTP/1.1" 200 12872
186.170.192.115 - - [20/May/2019:04:19:14 -0500] "GET /siipev/Diseno%20de%20Elementos%20de%20Mobiliario%20Urbano/Diseno%20pertenecientes%20al%20mobiliario%20urbano%20M10-M160/PARTE%20A/Dise%C3%B1o%20de%20Elementos%20M-121.pdf HTTP/1.1" 200 947242
186.170.192.115 - - [20/May/2019:04:19:15 -0500] "GET /favicon.ico HTTP/1.1" 200 7782
201.245.192.253 - - [20/May/2019:04:18:58 -0500] "POST /kwsrmcab/Wsrmcab HTTP/1.1" 200 29334
201.245.192.253 - - [20/May/2019:04:18:57 -0500] "POST /kwsrmcab/Wsrmcab HTTP/1.1" 200 29334
165.225.80.249 - - [20/May/2019:04:19:53 -0500] "GET /dama/libreria/php/imagenes/10.jpg HTTP/1.1" 404 1019
165.225.80.249 - - [20/May/2019:04:19:54 -0500] "GET /dama/libreria/php/imagenes/10.jpg HTTP/1.1" 404 1019
165.225.80.249 - - [20/May/2019:04:19:54 -0500] "GET /dama/libreria/php/imagenes/10.jpg HTTP/1.1" 404 1019
165.225.80.249 - - [20/May/2019:04:19:54 -0500] "GET /dama/libreria/php/imagenes/10.jpg HTTP/1.1" 404 1019
165.225.80.249 - - [20/May/2019:04:19:54 -0500] "GET /dama/libreria/php/imagenes/10.jpg HTTP/1.1" 404 1019
165.225.80.249 - - [20/May/2019:04:19:55 -0500] "GET /dama/libreria/php/imagenes/10.jpg HTTP/1.1" 404 1019
165.225.80.249 - - [20/May/2019:04:19:55 -0500] "GET /dama/libreria/php/imagenes/10.jpg HTTP/1.1" 404 1019
54.213.88.171 - - [20/May/2019:04:19:55 -0500] "GET /BLA/resoluciones/index.php?dir=AUTOS%202009/sort=nameorder=desc/sort=sizeorder=asc/sort=nameorder=desc/sort=sizeorder=asc/sort=nameorder=desc/sort=dateorder=asc/sort=dateorder=asc/sort=dateorder=asc/sort=nameorder=desc/sort=nameorder=desc/sort=dateorder=asc HTTP/1.1" 200 12962
165.225.80.249 - - [20/May/2019:04:19:55 -0500] "GET /dama/libreria/php/imagenes/10.jpg HTTP/1.1" 404 1019
165.225.80.249 - - [20/May/2019:04:19:56 -0500] "GET /dama/libreria/php/imagenes/10.jpg HTTP/1.1" 404 1019
192.168.175.104 - - [20/May/2019:04:20:04 -0500] "GET / HTTP/1.1" 200 9990
181.59.141.153 - - [20/May/2019:04:20:14 -0500] "GET /galeria/galeria/jquery.fancybox.css?v=2.1.5 HTTP/1.1" 200 4895
181.59.141.153 - - [20/May/2019:04:20:14 -0500] "GET /BLA/boletinlegal/js/jquery.scrollShow.js HTTP/1.1" 200 4586
181.59.141.153 - - [20/May/2019:04:20:14 -0500] "GET /galeria/galeria/jquery.fancybox.js?v=2.1.5 HTTP/1.1" 200 48706
52.32.189.165 - - [20/May/2019:04:20:33 -0500] "GET /BLA/resoluciones/index.php?dir=AUTOS+2009%2Fsort%3Dnameorder%3Ddesc%2Fsort%3Dsizeorder%3Dasc%2Fsort%3Dnameorder%3Ddesc%2Fsort%3Dsizeorder%3Dasc%2Fsort%3Dnameorder%3Ddesc%2Fsort%3Ddateorder%3Dasc%2Fsort%3Ddateorder%3Dasc%2Fsort%3Ddateorder%3Dasc%2Fsort%3Dnameorder%3Ddesc%2F HTTP/1.1" 200 12793
66.249.65.193 - - [20/May/2019:04:20:38 -0500] "GET /BLA/resoluciones/RESOLUCIONES%202007/RES%202007%203301%20AL%203400/RESOLUCION%203329%20DE%202007.pdf HTTP/1.1" 200 230664
54.189.173.26 - - [20/May/2019:04:20:58 -0500] "GET /BLA/resoluciones/index.php?dir=AUTOS%202009/sort=nameorder=desc/sort=sizeorder=asc/sort=dateorder=asc/sort=sizeorder=asc/sort=nameorder=desc/sort=sizeorder=asc/sort=nameorder=desc/sort=dateorder=asc/sort=nameorder=desc/sort=sizeorder=asc HTTP/1.1" 200 12876
34.222.149.152 - - [20/May/2019:04:21:36 -0500] "GET /BLA/resoluciones/index.php?dir=AUTOS%202009/sort=nameorder=desc/sort=sizeorder=asc/sort=nameorder=desc/sort=sizeorder=asc/sort=nameorder=desc/sort=dateorder=asc/sort=dateorder=asc/sort=dateorder=asc/sort=nameorder=desc/sort=nameorder=desc/sort=nameorder=desc HTTP/1.1" 200 12965
34.222.157.220 - - [20/May/2019:04:21:37 -0500] "GET /BLA/resoluciones/index.php?dir=AUTOS%202009/sort=nameorder=desc/sort=sizeorder=asc/sort=nameorder=desc/sort=sizeorder=asc/sort=nameorder=desc/sort=dateorder=asc/sort=nameorder=desc/sort=sizeorder=asc/sort=nameorder=desc/sort=nameorder=desc/sort=nameorder=desc HTTP/1.1" 200 12969
54.68.224.252 - - [20/May/2019:04:22:15 -0500] "GET /BLA/resoluciones/index.php?dir=AUTOS%202009/sort=nameorder=desc/sort=sizeorder=asc/sort=nameorder=desc/sort=sizeorder=asc/sort=nameorder=desc/sort=dateorder=asc/sort=dateorder=asc/sort=dateorder=asc/sort=nameorder=desc/sort=dateorder=asc/sort=nameorder=desc HTTP/1.1" 200 12961
192.168.175.104 - - [20/May/2019:04:22:23 -0500] "GET / HTTP/1.0" 200 9990
66.249.65.193 - - [20/May/2019:04:22:27 -0500] "GET /BLA/resoluciones/RESOLUCIONES%202009/2143.pdf HTTP/1.1" 200 477471
52.25.163.0 - - [20/May/2019:04:22:55 -0500] "GET /BLA/resoluciones/index.php?dir=AUTOS%202009/sort=nameorder=desc/sort=sizeorder=asc/sort=dateorder=asc/sort=sizeorder=asc/sort=nameorder=desc/sort=sizeorder=asc/sort=sizeorder=asc/sort=dateorder=asc/sort=sizeorder=asc/sort=nameorder=desc HTTP/1.1" 200 12871
207.46.13.124 - - [20/May/2019:04:23:07 -0500] "GET /BLA/resoluciones/AUTOS%202015/1052.pdf HTTP/1.1" 304 -
69.162.124.233 - - [20/May/2019:04:23:07 -0500] "HEAD / HTTP/1.1" 200 -
201.245.192.253 - - [20/May/2019:04:23:10 -0500] "GET /BLA/boletinlegal/js/jquery.scrollShow.js HTTP/1.1" 200 4586
201.245.192.253 - - [20/May/2019:04:23:10 -0500] "GET /galeria/galeria/jquery.fancybox.js?v=2.1.5 HTTP/1.1" 200 48706
201.245.192.253 - - [20/May/2019:04:23:10 -0500] "GET /galeria/galeria/jquery.fancybox.css?v=2.1.5 HTTP/1.1" 200 4895
201.245.192.253 - - [20/May/2019:04:23:10 -0500] "GET /galeria/carrusel/Carrusel/jquery.thumbnailScroller.css HTTP/1.1" 200 2066
201.245.192.253 - - [20/May/2019:04:23:10 -0500] "GET /galeria/carrusel/Carrusel/jquery-ui-1.8.13.custom.min.js HTTP/1.1" 200 10800
201.245.192.253 - - [20/May/2019:04:23:10 -0500] "GET /galeria/carrusel/Carrusel/jquery.thumbnailScroller.js HTTP/1.1" 200 8157
50.112.54.138 - - [20/May/2019:04:23:10 -0500] "GET /BLA/resoluciones/index.php?dir=AUTOS%202009/sort=nameorder=desc/sort=sizeorder=asc/sort=dateorder=asc/sort=sizeorder=asc/sort=nameorder=desc/sort=sizeorder=asc/sort=sizeorder=asc/sort=sizeorder=asc/sort=sizeorder=asc/sort=dateorder=asc HTTP/1.1" 200 12868
201.245.192.253 - - [20/May/2019:04:23:13 -0500] "GET /galeria/nivo-slider/demo/demo.html HTTP/1.1" 200 24928
201.245.192.253 - - [20/May/2019:04:23:13 -0500] "GET /galeria/nivo-slider/themes/default/default.css HTTP/1.1" 200 1569
201.245.192.253 - - [20/May/2019:04:23:13 -0500] "GET /galeria/nivo-slider/themes/pascal/pascal.css HTTP/1.1" 200 2258
201.245.192.253 - - [20/May/2019:04:23:13 -0500] "GET /galeria/nivo-slider/themes/orman/orman.css HTTP/1.1" 200 2152
201.245.192.253 - - [20/May/2019:04:23:13 -0500] "GET /galeria/nivo-slider/nivo-slider.css HTTP/1.1" 200 1507
201.245.192.253 - - [20/May/2019:04:23:13 -0500] "GET /galeria/nivo-slider/demo/style.css HTTP/1.1" 200 2222
201.245.192.253 - - [20/May/2019:04:23:13 -0500] "GET /galeria/nivo-slider/demo/images/Banner%20rio%20bogot%C3%A1.jpg HTTP/1.1" 200 247732
201.245.192.253 - - [20/May/2019:04:23:13 -0500] "GET /galeria/nivo-slider/demo/images/banner%20lluvias.jpg HTTP/1.1" 200 254815
201.245.192.253 - - [20/May/2019:04:23:13 -0500] "GET /galeria/nivo-slider/demo/images/Banner%20Segae%20Sumapaz.jpg HTTP/1.1" 200 252165
201.245.192.253 - - [20/May/2019:04:23:13 -0500] "GET /galeria/nivo-slider/demo/images/Caminatas%20mayo.png HTTP/1.1" 200 689328
201.245.192.253 - - [20/May/2019:04:23:13 -0500] "GET /galeria/nivo-slider/demo/images/Banner%20reciclaton.jpg HTTP/1.1" 200 215982
201.245.192.253 - - [20/May/2019:04:23:13 -0500] "GET /galeria/nivo-slider/demo/images/bannersectorambiente.png HTTP/1.1" 200 308540
201.245.192.253 - - [20/May/2019:04:23:14 -0500] "GET /galeria/nivo-slider/demo/images/4Simple_Slider.png HTTP/1.1" 200 11722
201.245.192.253 - - [20/May/2019:04:23:14 -0500] "GET /galeria/nivo-slider/themes/default/loading.gif HTTP/1.1" 200 1737
201.245.192.253 - - [20/May/2019:04:23:14 -0500] "GET /galeria/nivo-slider/demo/scripts/jquery-1.7.1.min.js HTTP/1.1" 200 93868
201.245.192.253 - - [20/May/2019:04:23:14 -0500] "GET /galeria/nivo-slider/jquery.nivo.slider.pack.js HTTP/1.1" 200 11561
201.245.192.253 - - [20/May/2019:04:23:15 -0500] "GET /galeria/nivo-slider/demo/images/Banner%20RCD.jpg HTTP/1.1" 200 92197
201.245.192.253 - - [20/May/2019:04:23:15 -0500] "GET /galeria/nivo-slider/demo/images/bannertinguasweb.jpg HTTP/1.1" 200 258471
201.245.192.253 - - [20/May/2019:04:23:15 -0500] "GET /galeria/nivo-slider/demo/images/Banner%20Conpes.jpg HTTP/1.1" 200 55220
201.245.192.253 - - [20/May/2019:04:23:15 -0500] "GET /galeria/nivo-slider/demo/images/Banner%20practicas%20sostenibles.jpg HTTP/1.1" 200 142958
201.245.192.253 - - [20/May/2019:04:23:15 -0500] "GET /galeria/nivo-slider/demo/images/Banner%20POT.png HTTP/1.1" 200 418238
201.245.192.253 - - [20/May/2019:04:23:15 -0500] "GET /galeria/nivo-slider/demo/images/incendios-forestales.png HTTP/1.1" 200 61469
201.245.192.253 - - [20/May/2019:04:23:16 -0500] "GET /galeria/nivo-slider/demo/images/Pot_banner.jpg HTTP/1.1" 200 204736
201.245.192.253 - - [20/May/2019:04:23:16 -0500] "GET /galeria/nivo-slider/demo/images/web%20ingreso%20humedales.png HTTP/1.1" 200 641193
201.245.192.253 - - [20/May/2019:04:23:16 -0500] "GET /galeria/nivo-slider/demo/images/Banneranonimos.png HTTP/1.1" 200 109388
201.245.192.253 - - [20/May/2019:04:23:16 -0500] "GET /galeria/nivo-slider/demo/images/BANNER%20punto.jpg HTTP/1.1" 200 75932
201.245.192.253 - - [20/May/2019:04:23:16 -0500] "GET /galeria/nivo-slider/demo/images/gobierno%20digital-01.jpg HTTP/1.1" 200 116163
201.245.192.253 - - [20/May/2019:04:23:16 -0500] "GET /galeria/nivo-slider/demo/images/Otorgamiento-excelencia-ambiental-Jos%C3%A9-Celestino-Mutis-2.jpg HTTP/1.1" 200 276467
201.245.192.253 - - [20/May/2019:04:23:16 -0500] "GET /galeria/nivo-slider/demo/images/Banner_micrositio.png HTTP/1.1" 200 146950
201.245.192.253 - - [20/May/2019:04:23:16 -0500] "GET /galeria/nivo-slider/demo/images/avances-sentencias-rio-bogota-2.jpg HTTP/1.1" 200 304916
201.245.192.253 - - [20/May/2019:04:23:16 -0500] "GET /galeria/nivo-slider/demo/images/BANNER%20VAN%20DER%20HAMMEN.jpg HTTP/1.1" 200 64172
201.245.192.253 - - [20/May/2019:04:23:16 -0500] "GET /galeria/nivo-slider/demo/images/maximavelocidad.png HTTP/1.1" 200 880272
201.245.192.253 - - [20/May/2019:04:23:16 -0500] "GET /galeria/nivo-slider/demo/images/banner-humedales-de-bogota.jpg HTTP/1.1" 200 292611
201.245.192.253 - - [20/May/2019:04:23:17 -0500] "GET /galeria/nivo-slider/demo/images/banner%20aceite%20vegetal%20usado.jpg HTTP/1.1" 200 169350
201.245.192.253 - - [20/May/2019:04:23:17 -0500] "GET /galeria/nivo-slider/demo/images/bannerlumina2017web.jpg HTTP/1.1" 200 198918
201.245.192.253 - - [20/May/2019:04:23:17 -0500] "GET /galeria/nivo-slider/demo/images/banner-bolsas-plasticas.jpg HTTP/1.1" 200 317939
201.245.192.253 - - [20/May/2019:04:23:20 -0500] "GET /galeria/nivo-slider/themes/default/arrows.png HTTP/1.1" 200 824
201.245.192.253 - - [20/May/2019:04:23:20 -0500] "GET /galeria/nivo-slider/themes/default/bullets.png HTTP/1.1" 200 1281
54.244.38.25 - - [20/May/2019:04:23:26 -0500] "GET /BLA/resoluciones/index.php?dir=AUTOS%202009/sort=nameorder=desc/sort=sizeorder=asc/sort=dateorder=asc/sort=sizeorder=asc/sort=nameorder=desc/sort=sizeorder=asc/sort=sizeorder=asc/sort=sizeorder=asc/sort=sizeorder=asc/sort=sizeorder=asc HTTP/1.1" 200 12868
40.77.167.57 - - [20/May/2019:04:23:19 -0500] "GET /portalsiaccapacitaciones/soportes%20capacitaciones%202015/0010.%20taller%20eficiencia%20energetica%20caem%20sda.pdf HTTP/1.1" 200 6176468
54.184.99.84 - - [20/May/2019:04:23:32 -0500] "GET /BLA/resoluciones/index.php?dir=AUTOS%202009/sort=nameorder=desc/sort=sizeorder=asc/sort=dateorder=asc/sort=sizeorder=asc/sort=nameorder=desc/sort=dateorder=asc/sort=dateorder=asc/sort=dateorder=asc/sort=dateorder=asc/sort=nameorder=desc HTTP/1.1" 200 12871
52.24.165.110 - - [20/May/2019:04:23:40 -0500] "GET /BLA/resoluciones/index.php?dir=AUTOS%202009/sort=nameorder=desc/sort=sizeorder=asc/sort=nameorder=desc/sort=sizeorder=asc/sort=nameorder=desc/sort=dateorder=asc/sort=dateorder=asc/sort=dateorder=asc/sort=nameorder=desc/sort=nameorder=desc/sort=sizeorder=asc HTTP/1.1" 200 12962
34.219.165.132 - - [20/May/2019:04:24:00 -0500] "GET /BLA/resoluciones/index.php?dir=AUTOS%202009/sort=nameorder=desc/sort=sizeorder=asc/sort=dateorder=asc/sort=sizeorder=asc/sort=nameorder=desc/sort=sizeorder=asc/sort=nameorder=desc/sort=dateorder=asc/sort=sizeorder=asc/sort=sizeorder=asc HTTP/1.1" 200 12872
54.244.75.62 - - [20/May/2019:04:24:19 -0500] "GET /BLA/resoluciones/index.php?dir=AUTOS%202009/sort=nameorder=desc/sort=sizeorder=asc/sort=dateorder=asc/sort=sizeorder=asc/sort=nameorder=desc/sort=dateorder=asc/sort=dateorder=asc/sort=dateorder=asc/sort=dateorder=asc/sort=dateorder=asc HTTP/1.1" 200 12868
66.249.65.222 - - [20/May/2019:04:25:02 -0500] "GET /BLA/resoluciones/AUTOS%202015/3433.pdf HTTP/1.1" 200 643460
192.168.175.104 - - [20/May/2019:04:25:02 -0500] "GET / HTTP/1.1" 200 9990
186.29.1.106 - - [20/May/2019:04:25:33 -0500] "GET /galeria/galeria/jquery.fancybox.js?v=2.1.5 HTTP/1.1" 200 48706
186.29.1.106 - - [20/May/2019:04:25:33 -0500] "GET /galeria/galeria/jquery.fancybox.css?v=2.1.5 HTTP/1.1" 200 4895
186.29.1.106 - - [20/May/2019:04:25:33 -0500] "GET /BLA/boletinlegal/js/jquery.scrollShow.js HTTP/1.1" 200 4586
40.77.167.163 - - [20/May/2019:04:25:34 -0500] "GET /galeria/galeria/fotos/Jaboque4P.jpg HTTP/1.1" 200 27446
52.24.165.110 - - [20/May/2019:04:26:07 -0500] "GET /BLA/resoluciones/index.php?dir=AUTOS%202009/sort=nameorder=desc/sort=sizeorder=asc/sort=nameorder=desc/sort=sizeorder=asc/sort=nameorder=desc/sort=dateorder=asc/sort=dateorder=asc/sort=dateorder=asc/sort=nameorder=desc/sort=dateorder=asc/sort=dateorder=asc HTTP/1.1" 200 12958
35.165.230.10 - - [20/May/2019:04:26:11 -0500] "GET /BLA/resoluciones/index.php?dir=AUTOS%202009/sort=nameorder=desc/sort=sizeorder=asc/sort=dateorder=asc/sort=sizeorder=asc/sort=nameorder=desc/sort=sizeorder=asc/sort=sizeorder=asc/sort=dateorder=asc/sort=sizeorder=asc/sort=sizeorder=asc HTTP/1.1" 200 12868
192.168.175.104 - - [20/May/2019:04:27:20 -0500] "GET / HTTP/1.0" 200 9990
54.191.180.230 - - [20/May/2019:04:27:24 -0500] "GET /BLA/resoluciones/index.php?dir=AUTOS%202009/sort=nameorder=desc/sort=sizeorder=asc/sort=dateorder=asc/sort=sizeorder=asc/sort=nameorder=desc/sort=sizeorder=asc/sort=sizeorder=asc/sort=dateorder=asc/sort=sizeorder=asc/sort=dateorder=asc HTTP/1.1" 200 12868
66.249.65.223 - - [20/May/2019:04:27:30 -0500] "GET /BLA/resoluciones/RESOLUCIONES%202011/5579.pdf HTTP/1.1" 200 449420
186.155.12.252 - - [20/May/2019:04:27:59 -0500] "GET /galeria/galeria/fotos/GuaymaralTorca4G.jpg HTTP/1.1" 200 373786
186.155.12.252 - - [20/May/2019:04:27:59 -0500] "GET /galeria/galeria/fotos/GuaymaralTorca3G.jpg HTTP/1.1" 200 330310
69.162.124.233 - - [20/May/2019:04:28:07 -0500] "HEAD / HTTP/1.1" 200 -
66.249.65.223 - - [20/May/2019:04:28:20 -0500] "GET /BLA/resoluciones/RESOLUCIONES%202017/2948.pdf HTTP/1.1" 304 -
201.245.192.253 - - [20/May/2019:04:28:57 -0500] "POST /kwsrmcab/Wsrmcab HTTP/1.1" 200 29334
201.245.192.253 - - [20/May/2019:04:28:57 -0500] "POST /kwsrmcab/Wsrmcab HTTP/1.1" 200 29334
192.168.175.104 - - [20/May/2019:04:30:00 -0500] "GET / HTTP/1.1" 200 9990
66.249.65.222 - - [20/May/2019:04:30:06 -0500] "GET /BLA/resoluciones/RESOLUCIONES%202014/1742.pdf HTTP/1.1" 200 494055
190.40.185.88 - - [20/May/2019:04:30:56 -0500] "GET /galeria/galeria/jquery.fancybox.css?v=2.1.5 HTTP/1.1" 200 4895
190.40.185.88 - - [20/May/2019:04:30:56 -0500] "GET /BLA/boletinlegal/js/jquery.scrollShow.js HTTP/1.1" 200 4586
190.40.185.88 - - [20/May/2019:04:30:56 -0500] "GET /galeria/galeria/jquery.fancybox.js?v=2.1.5 HTTP/1.1" 200 48706
54.189.173.26 - - [20/May/2019:04:31:04 -0500] "GET /BLA/resoluciones/index.php?dir=AUTOS%202009/sort=nameorder=desc/sort=sizeorder=asc/sort=dateorder=asc/sort=sizeorder=asc/sort=nameorder=desc/sort=sizeorder=asc/sort=sizeorder=asc/sort=dateorder=asc/sort=nameorder=desc/sort=dateorder=asc HTTP/1.1" 200 12872
186.155.12.252 - - [20/May/2019:04:31:19 -0500] "GET /galeria/galeria/fotos/3GuaymaralTorcaG3.jpg HTTP/1.1" 200 39105
186.155.12.252 - - [20/May/2019:04:31:55 -0500] "GET /galeria/galeria/fotos/4humedal-Burro4G.jpg HTTP/1.1" 200 98452
186.155.12.252 - - [20/May/2019:04:32:18 -0500] "GET /galeria/galeria/fotos/GuaymaralTorca2G.jpg HTTP/1.1" 200 352295
192.168.175.104 - - [20/May/2019:04:32:18 -0500] "GET / HTTP/1.0" 200 9990
186.155.12.252 - - [20/May/2019:04:32:27 -0500] "GET /galeria/galeria/fotos/Humedal-vaca6G.jpg HTTP/1.1" 200 176858
18.236.175.67 - - [20/May/2019:04:32:40 -0500] "GET /BLA/resoluciones/index.php?dir=AUTOS%202009/sort=nameorder=desc/sort=sizeorder=asc/sort=dateorder=asc/sort=sizeorder=asc/sort=nameorder=desc/sort=sizeorder=asc/sort=nameorder=desc/sort=dateorder=asc/sort=sizeorder=asc/sort=nameorder=desc HTTP/1.1" 200 12875
34.218.241.47 - - [20/May/2019:04:32:48 -0500] "GET /BLA/resoluciones/index.php?dir=AUTOS%202009/sort=nameorder=desc/sort=sizeorder=asc/sort=dateorder=asc/sort=sizeorder=asc/sort=nameorder=desc/sort=sizeorder=asc/sort=sizeorder=asc/sort=sizeorder=asc/sort=sizeorder=asc/sort=nameorder=desc HTTP/1.1" 200 12871
69.162.124.233 - - [20/May/2019:04:33:07 -0500] "HEAD / HTTP/1.1" 200 -
18.237.72.155 - - [20/May/2019:04:33:22 -0500] "GET /BLA/resoluciones/index.php?dir=AUTOS%202009/sort=nameorder=desc/sort=sizeorder=asc/sort=dateorder=asc/sort=sizeorder=asc/sort=nameorder=desc/sort=sizeorder=asc/sort=sizeorder=asc/sort=dateorder=asc/sort=nameorder=desc/sort=nameorder=desc HTTP/1.1" 200 12875
186.155.12.252 - - [20/May/2019:04:33:23 -0500] "GET /galeria/galeria/fotos/Humedal-la-conejera1G.jpg HTTP/1.1" 200 340987
35.160.168.153 - - [20/May/2019:04:33:42 -0500] "GET /BLA/resoluciones/index.php?dir=AUTOS%202009/sort=nameorder=desc/sort=sizeorder=asc/sort=dateorder=asc/sort=sizeorder=asc/sort=nameorder=desc/sort=sizeorder=asc/sort=sizeorder=asc/sort=dateorder=asc/sort=nameorder=desc/sort=sizeorder=asc HTTP/1.1" 200 12872
34.218.241.47 - - [20/May/2019:04:34:03 -0500] "GET /BLA/resoluciones/index.php?dir=AUTOS%202009/sort=nameorder=desc/sort=sizeorder=asc/sort=dateorder=asc/sort=sizeorder=asc/sort=nameorder=desc/sort=sizeorder=asc/sort=nameorder=desc/sort=dateorder=asc/sort=sizeorder=asc/sort=dateorder=asc HTTP/1.1" 200 12872
23.100.232.233 - - [20/May/2019:04:34:09 -0500] "GET /BLA/boletinlegal/Circulares/2018/CIRCULAR%20COJUNTA%20042%20DE%202018.pdf HTTP/1.1" 200 515008
66.249.65.223 - - [20/May/2019:04:34:14 -0500] "GET /BLA/resoluciones/AUTOS%202015/5342.pdf HTTP/1.1" 200 523204
54.70.46.142 - - [20/May/2019:04:34:16 -0500] "GET /BLA/resoluciones/index.php?dir=AUTOS%202009/sort=nameorder=desc/sort=sizeorder=asc/sort=dateorder=asc/sort=sizeorder=asc/sort=nameorder=desc/sort=sizeorder=asc/sort=nameorder=desc/sort=dateorder=asc/sort=dateorder=asc/sort=dateorder=asc HTTP/1.1" 200 12872
66.249.65.223 - - [20/May/2019:04:34:30 -0500] "GET /BLA/resoluciones/AUTOS%202015/5575.pdf HTTP/1.1" 200 505781
40.77.167.208 - - [20/May/2019:04:34:31 -0500] "GET /galeria/galeria/fotos/Capellania4G.jpg HTTP/1.1" 200 567842
18.237.94.107 - - [20/May/2019:04:34:53 -0500] "GET /BLA/resoluciones/index.php?dir=AUTOS%202009/sort=nameorder=desc/sort=sizeorder=asc/sort=dateorder=asc/sort=sizeorder=asc/sort=nameorder=desc/sort=sizeorder=asc/sort=nameorder=desc/sort=dateorder=asc/sort=dateorder=asc/sort=nameorder=desc HTTP/1.1" 200 12875
192.168.175.104 - - [20/May/2019:04:34:58 -0500] "GET / HTTP/1.1" 200 9990
66.249.65.222 - - [20/May/2019:04:35:04 -0500] "GET /BLA/resoluciones/RESOLUCIONES%202007/RES%202007%20301%20AL%20400/RESOLUCION%200387%20DE%202007.pdf HTTP/1.1" 200 291613
54.213.240.92 - - [20/May/2019:04:35:45 -0500] "GET /BLA/resoluciones/index.php?dir=AUTOS%202009/sort=nameorder=desc/sort=sizeorder=asc/sort=dateorder=asc/sort=sizeorder=asc/sort=nameorder=desc/sort=sizeorder=asc/sort=dateorder=asc/sort=dateorder=asc/sort=dateorder=asc/sort=nameorder=desc HTTP/1.1" 200 12871
66.249.65.222 - - [20/May/2019:04:36:45 -0500] "GET /BLA/resoluciones/AUTOS%202018/2501.pdf HTTP/1.1" 200 273436
103.73.182.230 - - [20/May/2019:04:36:46 -0500] "GET / HTTP/1.1" 200 9990
35.165.191.123 - - [20/May/2019:04:37:15 -0500] "GET /BLA/resoluciones/index.php?dir=AUTOS%202009/sort=nameorder=desc/sort=sizeorder=asc/sort=dateorder=asc/sort=sizeorder=asc/sort=nameorder=desc/sort=dateorder=asc/sort=dateorder=asc/sort=dateorder=asc/sort=dateorder=asc/sort=sizeorder=asc HTTP/1.1" 200 12868
192.168.175.104 - - [20/May/2019:04:37:16 -0500] "GET / HTTP/1.0" 200 9990
69.162.124.233 - - [20/May/2019:04:38:07 -0500] "HEAD / HTTP/1.1" 200 -
66.249.65.223 - - [20/May/2019:04:38:26 -0500] "GET /BLA/resoluciones/RESOLUCIONES%202008/4462.pdf HTTP/1.1" 200 696783
35.160.168.153 - - [20/May/2019:04:38:55 -0500] "GET /BLA/resoluciones/index.php?dir=AUTOS%202009/sort=nameorder=desc/sort=sizeorder=asc/sort=dateorder=asc/sort=sizeorder=asc/sort=nameorder=desc/sort=dateorder=asc/sort=dateorder=asc/sort=nameorder=desc/sort=dateorder=asc/sort=sizeorder=asc HTTP/1.1" 200 12872
193.146.50.254 - - [20/May/2019:04:38:57 -0500] "GET /BLA/boletinlegal/js/jquery.scrollShow.js HTTP/1.1" 200 4586
66.249.65.222 - - [20/May/2019:04:39:16 -0500] "GET /BLA/resoluciones/Notificaciones/AUTOS%202017/01791.pdf HTTP/1.1" 200 305412
66.249.65.223 - - [20/May/2019:04:39:34 -0500] "GET /BLA/resoluciones/AUTOS%202014/3112.pdf HTTP/1.1" 200 210405
18.237.81.156 - - [20/May/2019:04:39:55 -0500] "GET /BLA/resoluciones/index.php?dir=AUTOS%202009/sort=nameorder=desc/sort=sizeorder=asc/sort=nameorder=desc/sort=sizeorder=asc/sort=nameorder=desc/sort=dateorder=asc/sort=dateorder=asc/sort=dateorder=asc/sort=dateorder=asc/sort=nameorder=desc/sort=nameorder=desc HTTP/1.1" 200 12961
192.168.175.104 - - [20/May/2019:04:39:56 -0500] "GET / HTTP/1.1" 200 9990
