201.245.192.253 - - [20/May/2019:06:58:24 -0500] "GET /sipse/css/imagen/logoSDG.png HTTP/1.1" 200 18199
201.245.192.253 - - [20/May/2019:06:58:26 -0500] "GET /sipse/css/imagen/loginimg.png HTTP/1.1" 200 104836
201.245.192.253 - - [20/May/2019:06:58:26 -0500] "GET /sipse/faces/javax.faces.resource/images/ui-icons_898989_256x240.png?ln=primefaces-aristo HTTP/1.1" 200 5355
201.245.192.253 - - [20/May/2019:06:58:26 -0500] "GET /sipse/faces/index.xhtml HTTP/1.1" 200 677
201.245.192.253 - - [20/May/2019:06:58:26 -0500] "GET /sipse/faces/javax.faces.resource/theme.css?ln=primefaces-sipse HTTP/1.1" 304 -
18.237.94.107 - - [20/May/2019:06:58:29 -0500] "GET /BLA/resoluciones/index.php?dir=AUTOS%202009/sort=nameorder=desc/sort=sizeorder=asc/sort=dateorder=asc/sort=sizeorder=asc/sort=nameorder=desc/sort=sizeorder=asc/sort=dateorder=asc/sort=sizeorder=asc/sort=nameorder=desc/sort=sizeorder=asc HTTP/1.1" 200 12872
190.255.40.77 - - [20/May/2019:06:58:40 -0500] "GET /BLA/resoluciones/RESOLUCIONES%202014/3469.pdf HTTP/1.1" 200 764916
190.255.40.77 - - [20/May/2019:06:58:40 -0500] "GET /favicon.ico HTTP/1.1" 200 7782
192.168.175.104 - - [20/May/2019:06:59:03 -0500] "GET / HTTP/1.1" 200 9990
52.32.189.165 - - [20/May/2019:06:59:14 -0500] "GET /BLA/resoluciones/index.php?dir=AUTOS+2009%2Fsort%3Dnameorder%3Ddesc%2Fsort%3Dsizeorder%3Dasc%2Fsort%3Dnameorder%3Ddesc%2Fsort%3Dsizeorder%3Dasc%2Fsort%3Dnameorder%3Ddesc%2Fsort%3Ddateorder%3Dasc%2Fsort%3Ddateorder%3Dasc%2Fsort%3Dnameorder%3Ddesc%2Fsort%3Dsizeorder%3Dasc%2F HTTP/1.1" 200 12794
190.67.239.194 - - [20/May/2019:06:59:22 -0500] "GET /galeria/galeria/fotos/Humedal-Santa-Mar%C3%ADa-del-Lago1G.jpg HTTP/1.1" 200 290867
54.188.5.101 - - [20/May/2019:07:00:10 -0500] "GET /BLA/resoluciones/index.php?dir=AUTOS%202009/sort=dateorder=asc/sort=dateorder=asc/sort=dateorder=asc/sort=dateorder=asc/sort=nameorder=desc/sort=dateorder=asc/sort=dateorder=asc/sort=sizeorder=asc/sort=sizeorder=asc/sort=nameorder=desc HTTP/1.1" 200 12867
66.249.65.161 - - [20/May/2019:06:58:54 -0500] "GET /BLA/boletinlegal/ HTTP/1.1" 200 66596
66.249.65.222 - - [20/May/2019:07:00:39 -0500] "GET /BLA/resoluciones/RESOLUCIONES%202010/6983.pdf HTTP/1.1" 200 63971
190.93.137.233 - - [20/May/2019:07:01:08 -0500] "GET /BLA/resoluciones/RESOLUCIONES%202017/2089.pdf HTTP/1.1" 200 273832
190.93.137.233 - - [20/May/2019:07:01:09 -0500] "GET /BLA/resoluciones/RESOLUCIONES%202017/2095.pdf HTTP/1.1" 200 280450
190.93.137.233 - - [20/May/2019:07:01:10 -0500] "GET /BLA/resoluciones/RESOLUCIONES%202017/2098.pdf HTTP/1.1" 200 270563
190.93.137.233 - - [20/May/2019:07:01:13 -0500] "GET /BLA/resoluciones/RESOLUCIONES%202017/2102.pdf HTTP/1.1" 200 419528
190.93.137.233 - - [20/May/2019:07:01:14 -0500] "GET /BLA/resoluciones/RESOLUCIONES%202017/2105.pdf HTTP/1.1" 200 450403
192.168.175.104 - - [20/May/2019:07:01:21 -0500] "GET / HTTP/1.0" 200 9990
54.68.224.252 - - [20/May/2019:07:01:25 -0500] "GET /BLA/resoluciones/index.php?dir=AUTOS%202009/sort=dateorder=asc/sort=dateorder=asc/sort=dateorder=asc/sort=dateorder=asc/sort=nameorder=desc/sort=dateorder=asc/sort=dateorder=asc/sort=sizeorder=asc/sort=dateorder=asc/sort=nameorder=desc HTTP/1.1" 200 12867
201.245.192.253 - - [20/May/2019:07:01:29 -0500] "GET /galeria/galeria/jquery.fancybox.css?v=2.1.5 HTTP/1.1" 200 4895
201.245.192.253 - - [20/May/2019:07:01:29 -0500] "GET /BLA/boletinlegal/js/jquery.scrollShow.js HTTP/1.1" 200 4586
201.245.192.253 - - [20/May/2019:07:01:29 -0500] "GET /galeria/carrusel/Carrusel/jquery.thumbnailScroller.css HTTP/1.1" 200 2066
201.245.192.253 - - [20/May/2019:07:01:29 -0500] "GET /galeria/galeria/jquery.fancybox.js?v=2.1.5 HTTP/1.1" 200 48706
201.245.192.253 - - [20/May/2019:07:01:29 -0500] "GET /galeria/carrusel/Carrusel/jquery-ui-1.8.13.custom.min.js HTTP/1.1" 200 10800
201.245.192.253 - - [20/May/2019:07:01:29 -0500] "GET /galeria/carrusel/Carrusel/jquery.thumbnailScroller.js HTTP/1.1" 200 8157
201.245.192.253 - - [20/May/2019:07:01:30 -0500] "GET /galeria/nivo-slider/demo/demo.html HTTP/1.1" 200 24928
201.245.192.253 - - [20/May/2019:07:01:30 -0500] "GET /galeria/nivo-slider/themes/default/default.css HTTP/1.1" 200 1569
201.245.192.253 - - [20/May/2019:07:01:30 -0500] "GET /galeria/nivo-slider/nivo-slider.css HTTP/1.1" 200 1507
201.245.192.253 - - [20/May/2019:07:01:30 -0500] "GET /galeria/nivo-slider/themes/pascal/pascal.css HTTP/1.1" 200 2258
201.245.192.253 - - [20/May/2019:07:01:30 -0500] "GET /galeria/nivo-slider/themes/orman/orman.css HTTP/1.1" 200 2152
201.245.192.253 - - [20/May/2019:07:01:30 -0500] "GET /galeria/nivo-slider/demo/style.css HTTP/1.1" 200 2222
201.245.192.253 - - [20/May/2019:07:01:30 -0500] "GET /galeria/nivo-slider/demo/images/banner%20lluvias.jpg HTTP/1.1" 200 254815
201.245.192.253 - - [20/May/2019:07:01:30 -0500] "GET /galeria/nivo-slider/demo/images/Banner%20rio%20bogot%C3%A1.jpg HTTP/1.1" 200 247732
201.245.192.253 - - [20/May/2019:07:01:30 -0500] "GET /galeria/nivo-slider/demo/scripts/jquery-1.7.1.min.js HTTP/1.1" 200 93868
201.245.192.253 - - [20/May/2019:07:01:30 -0500] "GET /galeria/nivo-slider/jquery.nivo.slider.pack.js HTTP/1.1" 200 11561
201.245.192.253 - - [20/May/2019:07:01:30 -0500] "GET /galeria/nivo-slider/demo/images/Banner%20Segae%20Sumapaz.jpg HTTP/1.1" 200 252165
201.245.192.253 - - [20/May/2019:07:01:30 -0500] "GET /galeria/nivo-slider/demo/images/Caminatas%20mayo.png HTTP/1.1" 200 689328
201.245.192.253 - - [20/May/2019:07:01:30 -0500] "GET /galeria/nivo-slider/demo/images/Banner%20reciclaton.jpg HTTP/1.1" 200 215982
201.245.192.253 - - [20/May/2019:07:01:31 -0500] "GET /galeria/nivo-slider/themes/default/loading.gif HTTP/1.1" 200 1737
201.245.192.253 - - [20/May/2019:07:01:31 -0500] "GET /galeria/nivo-slider/demo/images/4Simple_Slider.png HTTP/1.1" 200 11722
201.245.192.253 - - [20/May/2019:07:01:31 -0500] "GET /galeria/nivo-slider/demo/images/bannersectorambiente.png HTTP/1.1" 200 308540
201.245.192.253 - - [20/May/2019:07:01:31 -0500] "GET /galeria/nivo-slider/demo/images/Banner%20RCD.jpg HTTP/1.1" 200 92197
201.245.192.253 - - [20/May/2019:07:01:31 -0500] "GET /galeria/nivo-slider/demo/images/bannertinguasweb.jpg HTTP/1.1" 200 258471
201.245.192.253 - - [20/May/2019:07:01:31 -0500] "GET /galeria/nivo-slider/demo/images/Banner%20Conpes.jpg HTTP/1.1" 200 55220
201.245.192.253 - - [20/May/2019:07:01:32 -0500] "GET /galeria/nivo-slider/demo/images/Banner%20practicas%20sostenibles.jpg HTTP/1.1" 200 142958
201.245.192.253 - - [20/May/2019:07:01:32 -0500] "GET /galeria/nivo-slider/demo/images/Banner%20POT.png HTTP/1.1" 200 418238
201.245.192.253 - - [20/May/2019:07:01:32 -0500] "GET /galeria/nivo-slider/demo/images/incendios-forestales.png HTTP/1.1" 200 61469
201.245.192.253 - - [20/May/2019:07:01:32 -0500] "GET /galeria/nivo-slider/demo/images/Pot_banner.jpg HTTP/1.1" 200 204736
201.245.192.253 - - [20/May/2019:07:01:32 -0500] "GET /galeria/nivo-slider/demo/images/Banneranonimos.png HTTP/1.1" 200 109388
201.245.192.253 - - [20/May/2019:07:01:32 -0500] "GET /galeria/nivo-slider/demo/images/BANNER%20punto.jpg HTTP/1.1" 200 75932
201.245.192.253 - - [20/May/2019:07:01:33 -0500] "GET /galeria/nivo-slider/demo/images/web%20ingreso%20humedales.png HTTP/1.1" 200 641193
201.245.192.253 - - [20/May/2019:07:01:33 -0500] "GET /galeria/nivo-slider/demo/images/gobierno%20digital-01.jpg HTTP/1.1" 200 116163
201.245.192.253 - - [20/May/2019:07:01:33 -0500] "GET /galeria/nivo-slider/demo/images/Otorgamiento-excelencia-ambiental-Jos%C3%A9-Celestino-Mutis-2.jpg HTTP/1.1" 200 276467
201.245.192.253 - - [20/May/2019:07:01:33 -0500] "GET /galeria/nivo-slider/demo/images/Banner_micrositio.png HTTP/1.1" 200 146950
201.245.192.253 - - [20/May/2019:07:01:33 -0500] "GET /galeria/nivo-slider/demo/images/avances-sentencias-rio-bogota-2.jpg HTTP/1.1" 200 304916
201.245.192.253 - - [20/May/2019:07:01:34 -0500] "GET /galeria/nivo-slider/demo/images/BANNER%20VAN%20DER%20HAMMEN.jpg HTTP/1.1" 200 64172
201.245.192.253 - - [20/May/2019:07:01:34 -0500] "GET /galeria/nivo-slider/demo/images/banner-humedales-de-bogota.jpg HTTP/1.1" 200 292611
201.245.192.253 - - [20/May/2019:07:01:34 -0500] "GET /galeria/nivo-slider/demo/images/maximavelocidad.png HTTP/1.1" 200 880272
201.245.192.253 - - [20/May/2019:07:01:34 -0500] "GET /galeria/nivo-slider/demo/images/banner%20aceite%20vegetal%20usado.jpg HTTP/1.1" 200 169350
201.245.192.253 - - [20/May/2019:07:01:34 -0500] "GET /galeria/nivo-slider/demo/images/bannerlumina2017web.jpg HTTP/1.1" 200 198918
201.245.192.253 - - [20/May/2019:07:01:34 -0500] "GET /galeria/nivo-slider/demo/images/banner-bolsas-plasticas.jpg HTTP/1.1" 200 317939
66.249.65.222 - - [20/May/2019:07:01:36 -0500] "GET /BLA/resoluciones/AUTOS%202010/3125.pdf HTTP/1.1" 200 134640
201.245.192.253 - - [20/May/2019:07:01:36 -0500] "GET /galeria/nivo-slider/themes/default/arrows.png HTTP/1.1" 200 824
201.245.192.253 - - [20/May/2019:07:01:36 -0500] "GET /galeria/nivo-slider/themes/default/bullets.png HTTP/1.1" 200 1281
54.188.5.101 - - [20/May/2019:07:01:41 -0500] "GET /BLA/resoluciones/index.php?dir=AUTOS%202009/sort=dateorder=asc/sort=dateorder=asc/sort=dateorder=asc/sort=dateorder=asc/sort=nameorder=desc/sort=dateorder=asc/sort=dateorder=asc/sort=sizeorder=asc/sort=sizeorder=asc/sort=sizeorder=asc HTTP/1.1" 200 12864
190.93.137.233 - - [20/May/2019:07:01:55 -0500] "GET /BLA/resoluciones/RESOLUCIONES%202017/2106.pdf HTTP/1.1" 200 304474
190.93.137.233 - - [20/May/2019:07:01:56 -0500] "GET /BLA/resoluciones/RESOLUCIONES%202017/2109.pdf HTTP/1.1" 200 4017544
190.93.137.233 - - [20/May/2019:07:01:56 -0500] "GET /BLA/resoluciones/RESOLUCIONES%202017/2112.pdf HTTP/1.1" 200 7097497
54.244.75.62 - - [20/May/2019:07:01:57 -0500] "GET /BLA/resoluciones/index.php?dir=AUTOS%202009/sort=dateorder=asc/sort=dateorder=asc/sort=dateorder=asc/sort=dateorder=asc/sort=nameorder=desc/sort=dateorder=asc/sort=dateorder=asc/sort=sizeorder=asc/sort=sizeorder=asc/sort=dateorder=asc HTTP/1.1" 200 12864
52.13.16.100 - - [20/May/2019:07:02:05 -0500] "GET /BLA/resoluciones/index.php?dir=AUTOS%202009/sort=nameorder=desc/sort=sizeorder=asc/sort=nameorder=desc/sort=sizeorder=asc/sort=nameorder=desc/sort=dateorder=asc/sort=nameorder=desc/sort=nameorder=desc/sort=dateorder=asc/sort=nameorder=desc/sort=dateorder=asc HTTP/1.1" 200 12966
190.93.137.233 - - [20/May/2019:07:02:18 -0500] "GET /BLA/resoluciones/RESOLUCIONES%202017/2114.pdf HTTP/1.1" 200 696394
190.93.137.233 - - [20/May/2019:07:02:20 -0500] "GET /BLA/resoluciones/RESOLUCIONES%202017/2117.pdf HTTP/1.1" 200 477568
190.93.137.233 - - [20/May/2019:07:02:21 -0500] "GET /BLA/resoluciones/RESOLUCIONES%202017/2118.pdf HTTP/1.1" 200 2207173
190.93.137.233 - - [20/May/2019:07:02:23 -0500] "GET /BLA/resoluciones/RESOLUCIONES%202017/2120.pdf HTTP/1.1" 200 2915155
190.93.137.233 - - [20/May/2019:07:02:25 -0500] "GET /BLA/resoluciones/RESOLUCIONES%202017/2124.pdf HTTP/1.1" 200 295239
54.188.51.229 - - [20/May/2019:07:02:26 -0500] "GET /BLA/resoluciones/index.php?dir=AUTOS%202009/sort=dateorder=asc/sort=dateorder=asc/sort=dateorder=asc/sort=dateorder=asc/sort=nameorder=desc/sort=dateorder=asc/sort=dateorder=asc/sort=sizeorder=asc/sort=dateorder=asc/sort=sizeorder=asc HTTP/1.1" 200 12864
190.93.137.233 - - [20/May/2019:07:02:27 -0500] "GET /BLA/resoluciones/RESOLUCIONES%202017/2128.pdf HTTP/1.1" 200 311592
190.93.137.233 - - [20/May/2019:07:02:28 -0500] "GET /BLA/resoluciones/RESOLUCIONES%202017/2153.pdf HTTP/1.1" 200 1691904
34.219.140.87 - - [20/May/2019:07:02:35 -0500] "GET /BLA/resoluciones/index.php?dir=AUTOS%202009/sort=dateorder=asc/sort=dateorder=asc/sort=dateorder=asc/sort=dateorder=asc/sort=nameorder=desc/sort=dateorder=asc/sort=dateorder=asc/sort=sizeorder=asc/sort=dateorder=asc/sort=dateorder=asc HTTP/1.1" 200 12864
186.155.98.57 - - [20/May/2019:07:02:57 -0500] "GET /POT-2013/Cartografia/09_EEP.pdf HTTP/1.1" 200 3326963
190.93.137.233 - - [20/May/2019:07:02:58 -0500] "GET /BLA/resoluciones/RESOLUCIONES%202017/2160.pdf HTTP/1.1" 200 279323
190.93.137.233 - - [20/May/2019:07:02:59 -0500] "GET /BLA/resoluciones/RESOLUCIONES%202017/2164.pdf HTTP/1.1" 200 279476
186.155.98.57 - - [20/May/2019:07:03:00 -0500] "GET /favicon.ico HTTP/1.1" 200 7782
190.93.137.233 - - [20/May/2019:07:03:01 -0500] "GET /BLA/resoluciones/RESOLUCIONES%202017/2198.pdf HTTP/1.1" 200 282147
69.162.124.233 - - [20/May/2019:07:03:08 -0500] "HEAD / HTTP/1.1" 200 -
186.29.164.43 - - [20/May/2019:07:03:15 -0500] "GET /galeria/galeria/jquery.fancybox.css?v=2.1.5 HTTP/1.1" 200 4895
186.29.164.43 - - [20/May/2019:07:03:15 -0500] "GET /BLA/boletinlegal/js/jquery.scrollShow.js HTTP/1.1" 200 4586
186.29.164.43 - - [20/May/2019:07:03:15 -0500] "GET /galeria/galeria/jquery.fancybox.js?v=2.1.5 HTTP/1.1" 200 48706
66.249.65.223 - - [20/May/2019:07:03:56 -0500] "GET /BLA/resoluciones/AUTOS%202016/2722.pdf HTTP/1.1" 200 389138
54.191.180.230 - - [20/May/2019:07:03:59 -0500] "GET /BLA/resoluciones/index.php?dir=AUTOS%202009/sort=nameorder=desc/sort=sizeorder=asc/sort=dateorder=asc/sort=sizeorder=asc/sort=nameorder=desc/sort=sizeorder=asc/sort=dateorder=asc/sort=sizeorder=asc/sort=nameorder=desc/sort=dateorder=asc HTTP/1.1" 200 12872
192.168.175.104 - - [20/May/2019:07:04:01 -0500] "GET / HTTP/1.1" 200 9990
190.93.137.233 - - [20/May/2019:07:04:04 -0500] "GET /BLA/resoluciones/RESOLUCIONES%202017/2201.pdf HTTP/1.1" 200 274592
190.93.137.233 - - [20/May/2019:07:04:06 -0500] "GET /BLA/resoluciones/RESOLUCIONES%202017/2229.pdf HTTP/1.1" 200 1241537
190.93.137.233 - - [20/May/2019:07:04:07 -0500] "GET /BLA/resoluciones/RESOLUCIONES%202017/2230.pdf HTTP/1.1" 200 359930
190.93.137.233 - - [20/May/2019:07:04:08 -0500] "GET /BLA/resoluciones/RESOLUCIONES%202017/2235.pdf HTTP/1.1" 200 331573
190.93.137.233 - - [20/May/2019:07:04:10 -0500] "GET /BLA/resoluciones/RESOLUCIONES%202017/2236.pdf HTTP/1.1" 200 260990
34.220.197.35 - - [20/May/2019:07:04:10 -0500] "GET /BLA/resoluciones/index.php?dir=AUTOS%202009/sort=dateorder=asc/sort=dateorder=asc/sort=dateorder=asc/sort=dateorder=asc/sort=nameorder=desc/sort=nameorder=desc/sort=sizeorder=asc/sort=dateorder=asc/sort=sizeorder=asc/sort=nameorder=desc HTTP/1.1" 200 12871
152.201.177.150 - - [20/May/2019:07:04:11 -0500] "GET /BLA/boletinlegal/js/jquery.scrollShow.js HTTP/1.1" 200 4586
152.201.177.150 - - [20/May/2019:07:04:11 -0500] "GET /galeria/galeria/jquery.fancybox.css?v=2.1.5 HTTP/1.1" 200 4895
152.201.177.150 - - [20/May/2019:07:04:11 -0500] "GET /galeria/carrusel/Carrusel/jquery.thumbnailScroller.css HTTP/1.1" 200 2066
152.201.177.150 - - [20/May/2019:07:04:11 -0500] "GET /galeria/galeria/jquery.fancybox.js?v=2.1.5 HTTP/1.1" 200 48706
152.201.177.150 - - [20/May/2019:07:04:11 -0500] "GET /galeria/carrusel/Carrusel/jquery-ui-1.8.13.custom.min.js HTTP/1.1" 200 10800
190.93.137.233 - - [20/May/2019:07:04:11 -0500] "GET /BLA/resoluciones/RESOLUCIONES%202017/2237.pdf HTTP/1.1" 200 629556
152.201.177.150 - - [20/May/2019:07:04:11 -0500] "GET /galeria/carrusel/Carrusel/jquery.thumbnailScroller.js HTTP/1.1" 200 8157
152.201.177.150 - - [20/May/2019:07:04:12 -0500] "GET /galeria/nivo-slider/demo/demo.html HTTP/1.1" 200 24928
152.201.177.150 - - [20/May/2019:07:04:12 -0500] "GET /galeria/nivo-slider/themes/pascal/pascal.css HTTP/1.1" 200 2258
152.201.177.150 - - [20/May/2019:07:04:12 -0500] "GET /galeria/nivo-slider/themes/default/default.css HTTP/1.1" 200 1569
152.201.177.150 - - [20/May/2019:07:04:12 -0500] "GET /galeria/nivo-slider/nivo-slider.css HTTP/1.1" 200 1507
152.201.177.150 - - [20/May/2019:07:04:12 -0500] "GET /galeria/nivo-slider/themes/orman/orman.css HTTP/1.1" 200 2152
152.201.177.150 - - [20/May/2019:07:04:12 -0500] "GET /galeria/nivo-slider/demo/style.css HTTP/1.1" 200 2222
152.201.177.150 - - [20/May/2019:07:04:12 -0500] "GET /galeria/nivo-slider/demo/scripts/jquery-1.7.1.min.js HTTP/1.1" 200 93868
152.201.177.150 - - [20/May/2019:07:04:12 -0500] "GET /galeria/nivo-slider/jquery.nivo.slider.pack.js HTTP/1.1" 200 11561
152.201.177.150 - - [20/May/2019:07:04:12 -0500] "GET /galeria/nivo-slider/demo/images/banner%20lluvias.jpg HTTP/1.1" 200 254815
152.201.177.150 - - [20/May/2019:07:04:12 -0500] "GET /galeria/nivo-slider/demo/images/Otorgamiento-excelencia-ambiental-Jos%C3%A9-Celestino-Mutis-2.jpg HTTP/1.1" 200 276467
152.201.177.150 - - [20/May/2019:07:04:13 -0500] "GET /galeria/nivo-slider/demo/images/incendios-forestales.png HTTP/1.1" 200 61469
152.201.177.150 - - [20/May/2019:07:04:13 -0500] "GET /galeria/nivo-slider/demo/images/banner-bolsas-plasticas.jpg HTTP/1.1" 200 317939
190.93.137.233 - - [20/May/2019:07:04:13 -0500] "GET /BLA/resoluciones/RESOLUCIONES%202017/2238.pdf HTTP/1.1" 200 6843144
152.201.177.150 - - [20/May/2019:07:04:13 -0500] "GET /galeria/nivo-slider/demo/images/Banner%20Segae%20Sumapaz.jpg HTTP/1.1" 200 252165
152.201.177.150 - - [20/May/2019:07:04:14 -0500] "GET /galeria/nivo-slider/demo/images/avances-sentencias-rio-bogota-2.jpg HTTP/1.1" 200 304916
190.93.137.233 - - [20/May/2019:07:04:14 -0500] "GET /BLA/resoluciones/RESOLUCIONES%202017/2239.pdf HTTP/1.1" 200 887683
181.61.56.146 - - [20/May/2019:07:04:15 -0500] "GET /galeria/galeria/jquery.fancybox.css?v=2.1.5 HTTP/1.1" 200 4895
181.61.56.146 - - [20/May/2019:07:04:15 -0500] "GET /galeria/galeria/jquery.fancybox.js?v=2.1.5 HTTP/1.1" 200 48706
181.61.56.146 - - [20/May/2019:07:04:15 -0500] "GET /BLA/boletinlegal/js/jquery.scrollShow.js HTTP/1.1" 200 4586
152.201.177.150 - - [20/May/2019:07:04:15 -0500] "GET /galeria/nivo-slider/demo/images/Banner%20Conpes.jpg HTTP/1.1" 200 55220
190.93.137.233 - - [20/May/2019:07:04:15 -0500] "GET /BLA/resoluciones/RESOLUCIONES%202017/2243.pdf HTTP/1.1" 200 424778
190.93.137.233 - - [20/May/2019:07:04:17 -0500] "GET /BLA/resoluciones/RESOLUCIONES%202017/2244.pdf HTTP/1.1" 200 323874
190.93.137.233 - - [20/May/2019:07:04:18 -0500] "GET /BLA/resoluciones/RESOLUCIONES%202017/2246.pdf HTTP/1.1" 200 328343
152.201.177.150 - - [20/May/2019:07:04:19 -0500] "GET /galeria/nivo-slider/demo/images/Banner%20RCD.jpg HTTP/1.1" 200 92197
152.201.177.150 - - [20/May/2019:07:04:20 -0500] "GET /galeria/nivo-slider/demo/images/Banner_micrositio.png HTTP/1.1" 200 146950
190.93.137.233 - - [20/May/2019:07:04:20 -0500] "GET /BLA/resoluciones/RESOLUCIONES%202017/2247.pdf HTTP/1.1" 200 304632
152.201.177.150 - - [20/May/2019:07:04:21 -0500] "GET /galeria/nivo-slider/demo/images/Pot_banner.jpg HTTP/1.1" 200 204736
152.201.177.150 - - [20/May/2019:07:04:21 -0500] "GET /galeria/nivo-slider/demo/images/gobierno%20digital-01.jpg HTTP/1.1" 200 116163
190.93.137.233 - - [20/May/2019:07:04:21 -0500] "GET /BLA/resoluciones/RESOLUCIONES%202017/2249.pdf HTTP/1.1" 200 305729
152.201.177.150 - - [20/May/2019:07:04:23 -0500] "GET /galeria/nivo-slider/demo/images/maximavelocidad.png HTTP/1.1" 200 880272
152.201.177.150 - - [20/May/2019:07:04:23 -0500] "GET /galeria/nivo-slider/demo/images/Caminatas%20mayo.png HTTP/1.1" 200 689328
190.93.137.233 - - [20/May/2019:07:04:23 -0500] "GET /BLA/resoluciones/RESOLUCIONES%202017/2254.pdf HTTP/1.1" 200 295082
152.201.177.150 - - [20/May/2019:07:04:24 -0500] "GET /galeria/nivo-slider/demo/images/Banner%20reciclaton.jpg HTTP/1.1" 200 215982
152.201.177.150 - - [20/May/2019:07:04:25 -0500] "GET /galeria/nivo-slider/demo/images/BANNER%20VAN%20DER%20HAMMEN.jpg HTTP/1.1" 200 64172
152.201.177.150 - - [20/May/2019:07:04:26 -0500] "GET /galeria/nivo-slider/demo/images/web%20ingreso%20humedales.png HTTP/1.1" 200 641193
152.201.177.150 - - [20/May/2019:07:04:26 -0500] "GET /galeria/nivo-slider/demo/images/banner%20aceite%20vegetal%20usado.jpg HTTP/1.1" 200 169350
152.201.177.150 - - [20/May/2019:07:04:27 -0500] "GET /galeria/nivo-slider/demo/images/Banner%20POT.png HTTP/1.1" 200 418238
152.201.177.150 - - [20/May/2019:07:04:28 -0500] "GET /galeria/nivo-slider/demo/images/bannersectorambiente.png HTTP/1.1" 200 308540
190.93.137.233 - - [20/May/2019:07:04:29 -0500] "GET /BLA/resoluciones/RESOLUCIONES%202017/2256.pdf HTTP/1.1" 200 418019
190.93.137.233 - - [20/May/2019:07:04:31 -0500] "GET /BLA/resoluciones/RESOLUCIONES%202017/2258.pdf HTTP/1.1" 200 304288
152.201.177.150 - - [20/May/2019:07:04:31 -0500] "GET /galeria/nivo-slider/demo/images/Banner%20practicas%20sostenibles.jpg HTTP/1.1" 200 142958
190.93.137.233 - - [20/May/2019:07:04:32 -0500] "GET /BLA/resoluciones/RESOLUCIONES%202017/2259.pdf HTTP/1.1" 200 304046
152.201.177.150 - - [20/May/2019:07:04:33 -0500] "GET /galeria/nivo-slider/demo/images/BANNER%20punto.jpg HTTP/1.1" 200 75932
152.201.177.150 - - [20/May/2019:07:04:33 -0500] "GET /galeria/nivo-slider/demo/images/bannerlumina2017web.jpg HTTP/1.1" 200 198918
152.201.177.150 - - [20/May/2019:07:04:33 -0500] "GET /galeria/nivo-slider/demo/images/Banneranonimos.png HTTP/1.1" 200 109388
190.93.137.233 - - [20/May/2019:07:04:33 -0500] "GET /BLA/resoluciones/RESOLUCIONES%202017/2264.pdf HTTP/1.1" 200 303230
152.201.177.150 - - [20/May/2019:07:04:34 -0500] "GET /galeria/nivo-slider/demo/images/bannertinguasweb.jpg HTTP/1.1" 200 258471
152.201.177.150 - - [20/May/2019:07:04:35 -0500] "GET /galeria/nivo-slider/demo/images/Banner%20rio%20bogot%C3%A1.jpg HTTP/1.1" 200 247732
190.93.137.233 - - [20/May/2019:07:04:35 -0500] "GET /BLA/resoluciones/RESOLUCIONES%202017/2265.pdf HTTP/1.1" 200 303126
54.189.173.26 - - [20/May/2019:07:04:35 -0500] "GET /BLA/resoluciones/index.php?dir=AUTOS+2009%2Fsort%3Ddateorder%3Dasc%2Fsort%3Ddateorder%3Dasc%2Fsort%3Ddateorder%3Dasc%2Fsort%3Ddateorder%3Dasc%2Fsort%3Dnameorder%3Ddesc%2Fsort%3Ddateorder%3Dasc%2Fsort%3Ddateorder%3Dasc%2Fsort%3Dsizeorder%3Dasc%2F HTTP/1.1" 200 12700
152.201.177.150 - - [20/May/2019:07:04:36 -0500] "GET /galeria/nivo-slider/demo/images/banner-humedales-de-bogota.jpg HTTP/1.1" 200 292611
152.201.177.150 - - [20/May/2019:07:04:36 -0500] "GET /galeria/nivo-slider/themes/default/loading.gif HTTP/1.1" 200 1737
152.201.177.150 - - [20/May/2019:07:04:37 -0500] "GET /galeria/nivo-slider/demo/images/4Simple_Slider.png HTTP/1.1" 200 11722
152.201.177.150 - - [20/May/2019:07:04:43 -0500] "GET /galeria/nivo-slider/themes/default/bullets.png HTTP/1.1" 200 1281
152.201.177.150 - - [20/May/2019:07:04:43 -0500] "GET /galeria/nivo-slider/themes/default/arrows.png HTTP/1.1" 200 824
190.93.137.233 - - [20/May/2019:07:04:45 -0500] "GET /BLA/resoluciones/RESOLUCIONES%202017/2266.pdf HTTP/1.1" 200 307929
66.249.65.222 - - [20/May/2019:07:04:47 -0500] "GET /BLA/resoluciones/RESOLUCIONES%202009/1552.pdf HTTP/1.1" 200 699934
190.93.137.233 - - [20/May/2019:07:04:47 -0500] "GET /BLA/resoluciones/RESOLUCIONES%202017/2267.pdf HTTP/1.1" 200 305037
190.93.137.233 - - [20/May/2019:07:04:48 -0500] "GET /BLA/resoluciones/RESOLUCIONES%202017/2272.pdf HTTP/1.1" 200 329191
190.69.156.162 - - [20/May/2019:07:04:50 -0500] "GET / HTTP/1.1" 200 9990
190.69.156.162 - - [20/May/2019:07:04:50 -0500] "GET /images/INTERNET.jpg HTTP/1.1" 200 34880
190.69.156.162 - - [20/May/2019:07:04:50 -0500] "GET /css/bootstrap.min.css HTTP/1.1" 200 105939
190.69.156.162 - - [20/May/2019:07:04:50 -0500] "GET /css/style.css HTTP/1.1" 200 3610
190.69.156.162 - - [20/May/2019:07:04:50 -0500] "GET /images/SDA.jpg HTTP/1.1" 200 48976
190.69.156.162 - - [20/May/2019:07:04:50 -0500] "GET /images/LINEA.jpg HTTP/1.1" 200 33035
190.69.156.162 - - [20/May/2019:07:04:50 -0500] "GET /images/INTRANET.jpg HTTP/1.1" 200 37297
190.69.156.162 - - [20/May/2019:07:04:50 -0500] "GET /js/jquery.js HTTP/1.1" 200 97120
190.69.156.162 - - [20/May/2019:07:04:50 -0500] "GET /js/bootstrap.min.js HTTP/1.1" 200 28538
190.93.137.233 - - [20/May/2019:07:04:50 -0500] "GET /BLA/resoluciones/RESOLUCIONES%202017/2274.pdf HTTP/1.1" 200 1089779
190.69.156.162 - - [20/May/2019:07:04:50 -0500] "GET /images/NINOS.jpg HTTP/1.1" 200 44828
190.69.156.162 - - [20/May/2019:07:04:50 -0500] "GET /images/FOREST.jpg HTTP/1.1" 200 33277
190.69.156.162 - - [20/May/2019:07:04:50 -0500] "GET /images/RMCAB.jpg HTTP/1.1" 200 49926
190.69.156.162 - - [20/May/2019:07:04:50 -0500] "GET /images/BLA.jpg HTTP/1.1" 200 34672
190.69.156.162 - - [20/May/2019:07:04:50 -0500] "GET /images/SDQS.jpg HTTP/1.1" 200 47976
190.69.156.162 - - [20/May/2019:07:04:50 -0500] "GET /images/CORREO.jpg HTTP/1.1" 200 39337
190.69.156.162 - - [20/May/2019:07:04:50 -0500] "GET /images/FORMATOS.jpg HTTP/1.1" 200 41585
190.69.156.162 - - [20/May/2019:07:04:50 -0500] "GET /images/CATALOGO.jpg HTTP/1.1" 200 35661
190.93.137.233 - - [20/May/2019:07:04:51 -0500] "GET /BLA/resoluciones/RESOLUCIONES%202017/2278.pdf HTTP/1.1" 200 779795
190.69.156.162 - - [20/May/2019:07:04:52 -0500] "GET /favicon.ico HTTP/1.1" 200 7782
45.70.169.84 - - [20/May/2019:07:05:07 -0500] "GET /galeria/galeria/fotos/JornadaG.jpg HTTP/1.1" 200 50761
195.154.123.23 - - [20/May/2019:07:05:12 -0500] "GET /galeria/galeria/jquery.fancybox.css?v=2.1.5 HTTP/1.1" 200 4895
195.154.123.23 - - [20/May/2019:07:05:12 -0500] "GET /galeria/carrusel/Carrusel/jquery.thumbnailScroller.css HTTP/1.1" 200 2066
195.154.123.23 - - [20/May/2019:07:05:12 -0500] "GET /BLA/boletinlegal/js/jquery.scrollShow.js HTTP/1.1" 200 4586
195.154.123.23 - - [20/May/2019:07:05:12 -0500] "GET /galeria/galeria/jquery.fancybox.js?v=2.1.5 HTTP/1.1" 200 48706
195.154.123.23 - - [20/May/2019:07:05:13 -0500] "GET /galeria/carrusel/Carrusel/jquery-ui-1.8.13.custom.min.js HTTP/1.1" 200 10800
195.154.123.23 - - [20/May/2019:07:05:14 -0500] "GET /galeria/carrusel/Carrusel/jquery.thumbnailScroller.js HTTP/1.1" 200 8157
34.213.86.128 - - [20/May/2019:07:05:13 -0500] "GET /BLA/resoluciones/index.php?dir=AUTOS%202009/sort=nameorder=desc/sort=sizeorder=asc/sort=nameorder=desc/sort=sizeorder=asc/sort=nameorder=desc/sort=dateorder=asc/sort=nameorder=desc/sort=nameorder=desc/sort=dateorder=asc/sort=dateorder=asc/sort=nameorder=desc HTTP/1.1" 200 12965
195.154.123.23 - - [20/May/2019:07:05:14 -0500] "GET /galeria/nivo-slider/demo/demo.html HTTP/1.1" 200 24928
195.154.123.23 - - [20/May/2019:07:05:14 -0500] "GET /galeria/nivo-slider/themes/default/default.css HTTP/1.1" 200 1569
195.154.123.23 - - [20/May/2019:07:05:14 -0500] "GET /galeria/nivo-slider/themes/orman/orman.css HTTP/1.1" 200 2152
195.154.123.23 - - [20/May/2019:07:05:14 -0500] "GET /galeria/nivo-slider/themes/pascal/pascal.css HTTP/1.1" 200 2258
195.154.123.23 - - [20/May/2019:07:05:14 -0500] "GET /galeria/nivo-slider/nivo-slider.css HTTP/1.1" 200 1507
195.154.123.23 - - [20/May/2019:07:05:14 -0500] "GET /galeria/nivo-slider/demo/style.css HTTP/1.1" 200 2222
195.154.123.23 - - [20/May/2019:07:05:14 -0500] "GET /galeria/nivo-slider/demo/scripts/jquery-1.7.1.min.js HTTP/1.1" 200 93868
195.154.123.23 - - [20/May/2019:07:05:14 -0500] "GET /galeria/nivo-slider/jquery.nivo.slider.pack.js HTTP/1.1" 200 11561
66.249.88.123 - - [20/May/2019:07:05:18 -0500] "GET /BLA/boletinlegal/js/jquery.scrollShow.js HTTP/1.1" 200 4586
66.249.88.127 - - [20/May/2019:07:05:18 -0500] "GET /galeria/galeria/jquery.fancybox.css?v=2.1.5 HTTP/1.1" 200 4895
66.249.88.127 - - [20/May/2019:07:05:18 -0500] "GET /galeria/galeria/jquery.fancybox.js?v=2.1.5 HTTP/1.1" 200 48706
66.249.65.193 - - [20/May/2019:07:05:37 -0500] "GET /BLA/resoluciones/RESOLUCIONES%202014/3911.pdf HTTP/1.1" 200 571412
66.249.88.127 - - [20/May/2019:07:05:52 -0500] "GET /galeria/galeria/jquery.fancybox.css?v=2.1.5 HTTP/1.1" 200 4895
66.249.88.127 - - [20/May/2019:07:05:52 -0500] "GET /BLA/boletinlegal/js/jquery.scrollShow.js HTTP/1.1" 200 4586
66.249.88.123 - - [20/May/2019:07:05:52 -0500] "GET /galeria/galeria/jquery.fancybox.js?v=2.1.5 HTTP/1.1" 200 48706
66.249.65.223 - - [20/May/2019:07:05:57 -0500] "GET /BLA/resoluciones/RESOLUCIONES%202014/1959.pdf HTTP/1.1" 200 649810
18.236.95.178 - - [20/May/2019:07:06:04 -0500] "GET /BLA/resoluciones/index.php?dir=AUTOS%202009/sort=nameorder=desc/sort=sizeorder=asc/sort=nameorder=desc/sort=sizeorder=asc/sort=nameorder=desc/sort=dateorder=asc/sort=nameorder=desc/sort=nameorder=desc/sort=nameorder=desc/sort=nameorder=desc/sort=sizeorder=asc HTTP/1.1" 200 12970
192.168.175.104 - - [20/May/2019:07:06:18 -0500] "GET / HTTP/1.0" 200 9990
34.220.119.54 - - [20/May/2019:07:06:27 -0500] "GET /BLA/resoluciones/index.php?dir=AUTOS+2009%2Fsort%3Dnameorder%3Ddesc%2Fsort%3Dsizeorder%3Dasc%2Fsort%3Dnameorder%3Ddesc%2Fsort%3Dsizeorder%3Dasc%2Fsort%3Dnameorder%3Ddesc%2Fsort%3Ddateorder%3Dasc%2Fsort%3Dnameorder%3Ddesc%2Fsort%3Dnameorder%3Ddesc%2Fsort%3Dnameorder%3Ddesc%2F HTTP/1.1" 200 12801
18.237.94.107 - - [20/May/2019:07:06:37 -0500] "GET /BLA/resoluciones/index.php?dir=AUTOS%202009/sort=nameorder=desc/sort=sizeorder=asc/sort=nameorder=desc/sort=sizeorder=asc/sort=nameorder=desc/sort=dateorder=asc/sort=dateorder=asc/sort=nameorder=desc/sort=sizeorder=asc/sort=nameorder=desc/sort=sizeorder=asc HTTP/1.1" 200 12962
190.24.146.194 - - [20/May/2019:07:06:52 -0500] "GET /galeria/galeria/fotos/Humedal-Tibanica1G.jpg HTTP/1.1" 200 541579
190.93.137.233 - - [20/May/2019:07:06:56 -0500] "GET /BLA/resoluciones/RESOLUCIONES%202017/2286.pdf HTTP/1.1" 200 284664
190.93.137.233 - - [20/May/2019:07:06:57 -0500] "GET /BLA/resoluciones/RESOLUCIONES%202017/2289.pdf HTTP/1.1" 200 996022
181.48.106.126 - - [20/May/2019:07:06:57 -0500] "GET /BLA/boletinlegal/js/jquery.scrollShow.js HTTP/1.1" 200 4586
181.48.106.126 - - [20/May/2019:07:06:57 -0500] "GET /galeria/galeria/jquery.fancybox.css?v=2.1.5 HTTP/1.1" 200 4895
181.48.106.126 - - [20/May/2019:07:06:57 -0500] "GET /galeria/galeria/jquery.fancybox.js?v=2.1.5 HTTP/1.1" 200 48706
190.93.137.233 - - [20/May/2019:07:06:58 -0500] "GET /BLA/resoluciones/RESOLUCIONES%202017/2292.pdf HTTP/1.1" 200 744819
190.93.137.233 - - [20/May/2019:07:07:00 -0500] "GET /BLA/resoluciones/RESOLUCIONES%202017/2296.pdf HTTP/1.1" 200 330420
190.93.137.233 - - [20/May/2019:07:07:01 -0500] "GET /BLA/resoluciones/RESOLUCIONES%202017/2297.pdf HTTP/1.1" 200 931484
190.93.137.233 - - [20/May/2019:07:07:03 -0500] "GET /BLA/resoluciones/RESOLUCIONES%202017/2298.pdf HTTP/1.1" 200 514070
190.93.137.233 - - [20/May/2019:07:07:04 -0500] "GET /BLA/resoluciones/RESOLUCIONES%202017/2308.pdf HTTP/1.1" 200 435363
190.93.137.233 - - [20/May/2019:07:07:06 -0500] "GET /BLA/resoluciones/RESOLUCIONES%202017/2309.pdf HTTP/1.1" 200 305110
190.93.137.233 - - [20/May/2019:07:07:08 -0500] "GET /BLA/resoluciones/RESOLUCIONES%202017/2310.pdf HTTP/1.1" 200 304002
190.93.137.233 - - [20/May/2019:07:07:09 -0500] "GET /BLA/resoluciones/RESOLUCIONES%202017/2314.pdf HTTP/1.1" 200 304736
190.93.137.233 - - [20/May/2019:07:07:10 -0500] "GET /BLA/resoluciones/RESOLUCIONES%202017/2315.pdf HTTP/1.1" 200 550908
190.93.137.233 - - [20/May/2019:07:07:12 -0500] "GET /BLA/resoluciones/RESOLUCIONES%202017/2316.pdf HTTP/1.1" 200 2004717
190.93.137.233 - - [20/May/2019:07:07:13 -0500] "GET /BLA/resoluciones/RESOLUCIONES%202017/2317.pdf HTTP/1.1" 200 664346
190.93.137.233 - - [20/May/2019:07:07:16 -0500] "GET /BLA/resoluciones/RESOLUCIONES%202017/2318.pdf HTTP/1.1" 200 877220
66.102.7.193 - - [20/May/2019:07:07:17 -0500] "GET /galeria/carrusel/Carrusel/jquery-ui-1.8.13.custom.min.js HTTP/1.1" 200 10800
66.102.7.222 - - [20/May/2019:07:07:17 -0500] "GET /galeria/carrusel/Carrusel/jquery.thumbnailScroller.css HTTP/1.1" 200 2066
66.102.7.222 - - [20/May/2019:07:07:17 -0500] "GET /galeria/carrusel/Carrusel/jquery.thumbnailScroller.js HTTP/1.1" 200 8157
66.102.7.222 - - [20/May/2019:07:07:17 -0500] "GET /galeria/nivo-slider/demo/demo.html HTTP/1.1" 200 24928
66.102.7.193 - - [20/May/2019:07:07:17 -0500] "GET /galeria/nivo-slider/demo/images/Banner%20RCD.jpg HTTP/1.1" 200 92197
66.102.7.222 - - [20/May/2019:07:07:17 -0500] "GET /galeria/nivo-slider/demo/images/Banner%20rio%20bogot%C3%A1.jpg HTTP/1.1" 200 247732
66.102.7.222 - - [20/May/2019:07:07:17 -0500] "GET /galeria/nivo-slider/jquery.nivo.slider.pack.js HTTP/1.1" 200 11561
66.102.7.222 - - [20/May/2019:07:07:17 -0500] "GET /galeria/nivo-slider/demo/images/BANNER%20punto.jpg HTTP/1.1" 200 75932
66.102.7.223 - - [20/May/2019:07:07:17 -0500] "GET /galeria/nivo-slider/nivo-slider.css HTTP/1.1" 200 1507
66.102.7.193 - - [20/May/2019:07:07:17 -0500] "GET /galeria/nivo-slider/demo/images/Banner%20Segae%20Sumapaz.jpg HTTP/1.1" 200 252165
66.102.7.223 - - [20/May/2019:07:07:17 -0500] "GET /galeria/nivo-slider/themes/orman/orman.css HTTP/1.1" 200 2152
66.102.7.193 - - [20/May/2019:07:07:17 -0500] "GET /galeria/nivo-slider/themes/pascal/pascal.css HTTP/1.1" 200 2258
66.102.7.222 - - [20/May/2019:07:07:17 -0500] "GET /galeria/nivo-slider/demo/images/incendios-forestales.png HTTP/1.1" 200 61469
66.102.7.222 - - [20/May/2019:07:07:17 -0500] "GET /galeria/nivo-slider/demo/images/Pot_banner.jpg HTTP/1.1" 200 204736
66.102.7.223 - - [20/May/2019:07:07:17 -0500] "GET /galeria/nivo-slider/themes/default/default.css HTTP/1.1" 200 1569
66.102.7.222 - - [20/May/2019:07:07:17 -0500] "GET /galeria/nivo-slider/demo/style.css HTTP/1.1" 200 2222
66.102.7.222 - - [20/May/2019:07:07:17 -0500] "GET /galeria/nivo-slider/demo/images/Banner%20reciclaton.jpg HTTP/1.1" 200 215982
66.102.7.222 - - [20/May/2019:07:07:17 -0500] "GET /galeria/nivo-slider/demo/images/Banner%20POT.png HTTP/1.1" 200 418238
66.102.7.222 - - [20/May/2019:07:07:17 -0500] "GET /galeria/nivo-slider/demo/scripts/jquery-1.7.1.min.js HTTP/1.1" 200 93868
66.102.7.223 - - [20/May/2019:07:07:17 -0500] "GET /galeria/nivo-slider/demo/images/Banner%20practicas%20sostenibles.jpg HTTP/1.1" 200 142958
66.102.7.223 - - [20/May/2019:07:07:17 -0500] "GET /galeria/nivo-slider/demo/images/bannersectorambiente.png HTTP/1.1" 200 308540
66.102.7.222 - - [20/May/2019:07:07:17 -0500] "GET /galeria/nivo-slider/demo/images/Banner%20Conpes.jpg HTTP/1.1" 200 55220
66.102.7.223 - - [20/May/2019:07:07:17 -0500] "GET /galeria/nivo-slider/demo/images/banner%20lluvias.jpg HTTP/1.1" 200 254815
66.102.7.223 - - [20/May/2019:07:07:17 -0500] "GET /galeria/nivo-slider/demo/images/Caminatas%20mayo.png HTTP/1.1" 200 689328
66.102.7.223 - - [20/May/2019:07:07:17 -0500] "GET /galeria/nivo-slider/demo/images/bannertinguasweb.jpg HTTP/1.1" 200 258471
66.102.7.222 - - [20/May/2019:07:07:17 -0500] "GET /galeria/nivo-slider/demo/images/Banneranonimos.png HTTP/1.1" 200 109388
66.102.7.193 - - [20/May/2019:07:07:17 -0500] "GET /galeria/nivo-slider/demo/images/gobierno%20digital-01.jpg HTTP/1.1" 200 116163
66.102.7.223 - - [20/May/2019:07:07:17 -0500] "GET /galeria/nivo-slider/demo/images/web%20ingreso%20humedales.png HTTP/1.1" 200 641193
66.102.7.222 - - [20/May/2019:07:07:18 -0500] "GET /galeria/nivo-slider/demo/images/Banner_micrositio.png HTTP/1.1" 200 146950
66.102.7.193 - - [20/May/2019:07:07:18 -0500] "GET /galeria/nivo-slider/demo/images/Otorgamiento-excelencia-ambiental-Jos%C3%A9-Celestino-Mutis-2.jpg HTTP/1.1" 200 276467
66.102.7.223 - - [20/May/2019:07:07:18 -0500] "GET /galeria/nivo-slider/demo/images/avances-sentencias-rio-bogota-2.jpg HTTP/1.1" 200 304916
66.102.7.222 - - [20/May/2019:07:07:18 -0500] "GET /galeria/nivo-slider/demo/images/BANNER%20VAN%20DER%20HAMMEN.jpg HTTP/1.1" 200 64172
66.102.7.223 - - [20/May/2019:07:07:18 -0500] "GET /galeria/nivo-slider/demo/images/banner-humedales-de-bogota.jpg HTTP/1.1" 200 292611
66.249.65.222 - - [20/May/2019:07:07:18 -0500] "GET /Residuos/textiles/files/guia_textiles.pdf HTTP/1.1" 200 12356716
66.102.7.223 - - [20/May/2019:07:07:19 -0500] "GET /galeria/nivo-slider/demo/images/maximavelocidad.png HTTP/1.1" 200 880272
66.102.7.222 - - [20/May/2019:07:07:19 -0500] "GET /galeria/nivo-slider/demo/images/banner%20aceite%20vegetal%20usado.jpg HTTP/1.1" 200 169350
66.102.7.222 - - [20/May/2019:07:07:19 -0500] "GET /galeria/nivo-slider/demo/images/bannerlumina2017web.jpg HTTP/1.1" 200 198918
66.102.7.193 - - [20/May/2019:07:07:20 -0500] "GET /galeria/nivo-slider/demo/images/4Simple_Slider.png HTTP/1.1" 200 11722
66.102.7.223 - - [20/May/2019:07:07:20 -0500] "GET /galeria/nivo-slider/demo/images/banner-bolsas-plasticas.jpg HTTP/1.1" 200 317939
66.102.7.193 - - [20/May/2019:07:07:20 -0500] "GET /galeria/nivo-slider/themes/default/loading.gif HTTP/1.1" 200 1737
190.93.137.233 - - [20/May/2019:07:07:28 -0500] "GET /BLA/resoluciones/RESOLUCIONES%202017/2326.pdf HTTP/1.1" 200 304386
190.93.137.233 - - [20/May/2019:07:07:30 -0500] "GET /BLA/resoluciones/RESOLUCIONES%202017/2327.pdf HTTP/1.1" 200 304950
190.93.137.233 - - [20/May/2019:07:07:31 -0500] "GET /BLA/resoluciones/RESOLUCIONES%202017/2328.pdf HTTP/1.1" 200 304962
190.93.137.233 - - [20/May/2019:07:07:31 -0500] "GET /BLA/resoluciones/RESOLUCIONES%202017/2333.pdf HTTP/1.1" 200 304434
190.93.137.233 - - [20/May/2019:07:07:32 -0500] "GET /BLA/resoluciones/RESOLUCIONES%202017/2335.pdf HTTP/1.1" 200 541691
190.93.137.233 - - [20/May/2019:07:07:43 -0500] "GET /BLA/resoluciones/RESOLUCIONES%202017/2339.pdf HTTP/1.1" 200 236811
190.93.137.233 - - [20/May/2019:07:07:44 -0500] "GET /BLA/resoluciones/RESOLUCIONES%202017/2347.pdf HTTP/1.1" 200 562381
190.24.146.194 - - [20/May/2019:07:07:50 -0500] "GET /galeria/galeria/fotos/Humedal-Tibanica2G.jpg HTTP/1.1" 200 535148
69.162.124.233 - - [20/May/2019:07:08:05 -0500] "HEAD / HTTP/1.1" 200 -
35.165.191.123 - - [20/May/2019:07:08:08 -0500] "GET /BLA/resoluciones/index.php?dir=AUTOS%202009/sort=nameorder=desc/sort=sizeorder=asc/sort=nameorder=desc/sort=sizeorder=asc/sort=nameorder=desc/sort=dateorder=asc/sort=nameorder=desc/sort=nameorder=desc/sort=nameorder=desc/sort=nameorder=desc/sort=nameorder=desc HTTP/1.1" 200 12973
190.93.137.233 - - [20/May/2019:07:08:16 -0500] "GET /BLA/resoluciones/RESOLUCIONES%202017/2348.pdf HTTP/1.1" 200 574452
190.93.137.233 - - [20/May/2019:07:08:17 -0500] "GET /BLA/resoluciones/RESOLUCIONES%202017/2349.pdf HTTP/1.1" 200 262261
66.249.88.123 - - [20/May/2019:07:08:17 -0500] "GET /galeria/galeria/jquery.fancybox.css?v=2.1.5 HTTP/1.1" 200 4895
66.249.88.125 - - [20/May/2019:07:08:17 -0500] "GET /BLA/boletinlegal/js/jquery.scrollShow.js HTTP/1.1" 200 4586
66.249.88.127 - - [20/May/2019:07:08:17 -0500] "GET /galeria/galeria/jquery.fancybox.js?v=2.1.5 HTTP/1.1" 200 48706
190.93.137.233 - - [20/May/2019:07:08:18 -0500] "GET /BLA/resoluciones/RESOLUCIONES%202017/2350.pdf HTTP/1.1" 200 250894
54.188.51.229 - - [20/May/2019:07:08:46 -0500] "GET /BLA/resoluciones/index.php?dir=AUTOS%202009/sort=nameorder=desc/sort=sizeorder=asc/sort=nameorder=desc/sort=sizeorder=asc/sort=nameorder=desc/sort=dateorder=asc/sort=dateorder=asc/sort=nameorder=desc/sort=sizeorder=asc/sort=sizeorder=asc/sort=nameorder=desc HTTP/1.1" 200 12961
192.168.175.104 - - [20/May/2019:07:08:59 -0500] "GET / HTTP/1.1" 200 9990
190.93.137.233 - - [20/May/2019:07:09:08 -0500] "GET /BLA/resoluciones/RESOLUCIONES%202017/2351.pdf HTTP/1.1" 200 375058
190.93.137.233 - - [20/May/2019:07:09:09 -0500] "GET /BLA/resoluciones/RESOLUCIONES%202017/2356.pdf HTTP/1.1" 200 1021366
190.93.137.233 - - [20/May/2019:07:09:10 -0500] "GET /BLA/resoluciones/RESOLUCIONES%202017/2357.pdf HTTP/1.1" 200 708315
190.93.137.233 - - [20/May/2019:07:09:12 -0500] "GET /BLA/resoluciones/RESOLUCIONES%202017/2358.pdf HTTP/1.1" 200 2549694
190.93.137.233 - - [20/May/2019:07:09:13 -0500] "GET /BLA/resoluciones/RESOLUCIONES%202017/2368.pdf HTTP/1.1" 200 312947
190.93.137.233 - - [20/May/2019:07:09:14 -0500] "GET /BLA/resoluciones/RESOLUCIONES%202017/2370.pdf HTTP/1.1" 200 279723
190.93.137.233 - - [20/May/2019:07:09:16 -0500] "GET /BLA/resoluciones/RESOLUCIONES%202017/2371.pdf HTTP/1.1" 200 305140
190.93.137.233 - - [20/May/2019:07:09:17 -0500] "GET /BLA/resoluciones/RESOLUCIONES%202017/2372.pdf HTTP/1.1" 200 304363
190.93.137.233 - - [20/May/2019:07:09:20 -0500] "GET /BLA/resoluciones/RESOLUCIONES%202017/2373.pdf HTTP/1.1" 200 512520
190.93.137.233 - - [20/May/2019:07:09:21 -0500] "GET /BLA/resoluciones/RESOLUCIONES%202017/2374.pdf HTTP/1.1" 200 304364
190.93.137.233 - - [20/May/2019:07:09:23 -0500] "GET /BLA/resoluciones/RESOLUCIONES%202017/2375.pdf HTTP/1.1" 200 304586
168.227.105.72 - - [20/May/2019:07:09:24 -0500] "GET /galeria/galeria/jquery.fancybox.css?v=2.1.5 HTTP/1.1" 200 4895
168.227.105.72 - - [20/May/2019:07:09:24 -0500] "GET /galeria/galeria/jquery.fancybox.js?v=2.1.5 HTTP/1.1" 200 48706
168.227.105.72 - - [20/May/2019:07:09:24 -0500] "GET /BLA/boletinlegal/js/jquery.scrollShow.js HTTP/1.1" 200 4586
168.227.105.72 - - [20/May/2019:07:09:24 -0500] "GET /galeria/carrusel/Carrusel/jquery.thumbnailScroller.js HTTP/1.1" 200 8157
168.227.105.72 - - [20/May/2019:07:09:24 -0500] "GET /galeria/carrusel/Carrusel/jquery.thumbnailScroller.css HTTP/1.1" 200 2066
168.227.105.72 - - [20/May/2019:07:09:24 -0500] "GET /galeria/carrusel/Carrusel/jquery-ui-1.8.13.custom.min.js HTTP/1.1" 200 10800
190.93.137.233 - - [20/May/2019:07:09:24 -0500] "GET /BLA/resoluciones/RESOLUCIONES%202017/2383.pdf HTTP/1.1" 200 288729
190.93.137.233 - - [20/May/2019:07:09:25 -0500] "GET /BLA/resoluciones/RESOLUCIONES%202017/2386.pdf HTTP/1.1" 200 2229002
190.93.137.233 - - [20/May/2019:07:09:27 -0500] "GET /BLA/resoluciones/RESOLUCIONES%202017/2387.pdf HTTP/1.1" 200 11483042
201.245.192.253 - - [20/May/2019:07:08:56 -0500] "POST /kwsrmcab/Wsrmcab HTTP/1.1" 200 29366
190.93.137.233 - - [20/May/2019:07:09:29 -0500] "GET /BLA/resoluciones/RESOLUCIONES%202017/2388.pdf HTTP/1.1" 200 449087
201.245.192.253 - - [20/May/2019:07:08:57 -0500] "POST /kwsrmcab/Wsrmcab HTTP/1.1" 200 29366
168.227.105.72 - - [20/May/2019:07:09:31 -0500] "GET /galeria/nivo-slider/demo/demo.html HTTP/1.1" 200 24928
190.93.137.233 - - [20/May/2019:07:09:31 -0500] "GET /BLA/resoluciones/RESOLUCIONES%202017/2390.pdf HTTP/1.1" 200 406387
168.227.105.72 - - [20/May/2019:07:09:32 -0500] "GET /galeria/nivo-slider/themes/pascal/pascal.css HTTP/1.1" 200 2258
168.227.105.72 - - [20/May/2019:07:09:32 -0500] "GET /galeria/nivo-slider/themes/default/default.css HTTP/1.1" 200 1569
168.227.105.72 - - [20/May/2019:07:09:32 -0500] "GET /galeria/nivo-slider/nivo-slider.css HTTP/1.1" 200 1507
168.227.105.72 - - [20/May/2019:07:09:32 -0500] "GET /galeria/nivo-slider/themes/orman/orman.css HTTP/1.1" 200 2152
168.227.105.72 - - [20/May/2019:07:09:32 -0500] "GET /galeria/nivo-slider/demo/style.css HTTP/1.1" 200 2222
168.227.105.72 - - [20/May/2019:07:09:32 -0500] "GET /galeria/nivo-slider/demo/images/banner%20lluvias.jpg HTTP/1.1" 200 254815
168.227.105.72 - - [20/May/2019:07:09:32 -0500] "GET /galeria/nivo-slider/jquery.nivo.slider.pack.js HTTP/1.1" 200 11561
168.227.105.72 - - [20/May/2019:07:09:32 -0500] "GET /galeria/nivo-slider/demo/images/Banner%20rio%20bogot%C3%A1.jpg HTTP/1.1" 200 247732
168.227.105.72 - - [20/May/2019:07:09:32 -0500] "GET /galeria/nivo-slider/demo/scripts/jquery-1.7.1.min.js HTTP/1.1" 200 93868
168.227.105.72 - - [20/May/2019:07:09:33 -0500] "GET /galeria/nivo-slider/demo/images/Banner%20Segae%20Sumapaz.jpg HTTP/1.1" 200 252165
190.93.137.233 - - [20/May/2019:07:09:33 -0500] "GET /BLA/resoluciones/RESOLUCIONES%202017/2395.pdf HTTP/1.1" 200 312924
168.227.105.72 - - [20/May/2019:07:09:33 -0500] "GET /galeria/nivo-slider/demo/images/Banner%20reciclaton.jpg HTTP/1.1" 200 215982
168.227.105.72 - - [20/May/2019:07:09:33 -0500] "GET /galeria/nivo-slider/demo/images/Caminatas%20mayo.png HTTP/1.1" 200 689328
168.227.105.72 - - [20/May/2019:07:09:33 -0500] "GET /galeria/nivo-slider/demo/images/bannersectorambiente.png HTTP/1.1" 200 308540
168.227.105.72 - - [20/May/2019:07:09:34 -0500] "GET /galeria/nivo-slider/demo/images/4Simple_Slider.png HTTP/1.1" 200 11722
168.227.105.72 - - [20/May/2019:07:09:34 -0500] "GET /galeria/nivo-slider/demo/images/Banner%20Conpes.jpg HTTP/1.1" 200 55220
168.227.105.72 - - [20/May/2019:07:09:34 -0500] "GET /galeria/nivo-slider/themes/default/loading.gif HTTP/1.1" 200 1737
168.227.105.72 - - [20/May/2019:07:09:34 -0500] "GET /galeria/nivo-slider/demo/images/bannertinguasweb.jpg HTTP/1.1" 200 258471
168.227.105.72 - - [20/May/2019:07:09:34 -0500] "GET /galeria/nivo-slider/demo/images/Banner%20practicas%20sostenibles.jpg HTTP/1.1" 200 142958
190.93.137.233 - - [20/May/2019:07:09:34 -0500] "GET /BLA/resoluciones/RESOLUCIONES%202017/2396.pdf HTTP/1.1" 200 273676
168.227.105.72 - - [20/May/2019:07:09:34 -0500] "GET /galeria/nivo-slider/demo/images/Banner%20POT.png HTTP/1.1" 200 418238
168.227.105.72 - - [20/May/2019:07:09:34 -0500] "GET /galeria/nivo-slider/demo/images/Pot_banner.jpg HTTP/1.1" 200 204736
168.227.105.72 - - [20/May/2019:07:09:34 -0500] "GET /galeria/nivo-slider/demo/images/incendios-forestales.png HTTP/1.1" 200 61469
168.227.105.72 - - [20/May/2019:07:09:35 -0500] "GET /galeria/nivo-slider/demo/images/BANNER%20punto.jpg HTTP/1.1" 200 75932
168.227.105.72 - - [20/May/2019:07:09:35 -0500] "GET /galeria/nivo-slider/demo/images/Banneranonimos.png HTTP/1.1" 200 109388
168.227.105.72 - - [20/May/2019:07:09:35 -0500] "GET /galeria/nivo-slider/demo/images/web%20ingreso%20humedales.png HTTP/1.1" 200 641193
168.227.105.72 - - [20/May/2019:07:09:35 -0500] "GET /galeria/nivo-slider/demo/images/Banner%20RCD.jpg HTTP/1.1" 200 92197
168.227.105.72 - - [20/May/2019:07:09:35 -0500] "GET /galeria/nivo-slider/demo/images/gobierno%20digital-01.jpg HTTP/1.1" 200 116163
168.227.105.72 - - [20/May/2019:07:09:36 -0500] "GET /galeria/nivo-slider/demo/images/Banner_micrositio.png HTTP/1.1" 200 146950
168.227.105.72 - - [20/May/2019:07:09:36 -0500] "GET /galeria/nivo-slider/demo/images/avances-sentencias-rio-bogota-2.jpg HTTP/1.1" 200 304916
168.227.105.72 - - [20/May/2019:07:09:36 -0500] "GET /galeria/nivo-slider/demo/images/Otorgamiento-excelencia-ambiental-Jos%C3%A9-Celestino-Mutis-2.jpg HTTP/1.1" 200 276467
190.93.137.233 - - [20/May/2019:07:09:36 -0500] "GET /BLA/resoluciones/RESOLUCIONES%202017/2401.pdf HTTP/1.1" 200 312845
168.227.105.72 - - [20/May/2019:07:09:36 -0500] "GET /galeria/nivo-slider/demo/images/BANNER%20VAN%20DER%20HAMMEN.jpg HTTP/1.1" 200 64172
168.227.105.72 - - [20/May/2019:07:09:37 -0500] "GET /galeria/nivo-slider/demo/images/banner-humedales-de-bogota.jpg HTTP/1.1" 200 292611
168.227.105.72 - - [20/May/2019:07:09:38 -0500] "GET /galeria/nivo-slider/demo/images/maximavelocidad.png HTTP/1.1" 200 880272
168.227.105.72 - - [20/May/2019:07:09:39 -0500] "GET /galeria/nivo-slider/demo/images/banner%20aceite%20vegetal%20usado.jpg HTTP/1.1" 200 169350
168.227.105.72 - - [20/May/2019:07:09:40 -0500] "GET /galeria/nivo-slider/demo/images/bannerlumina2017web.jpg HTTP/1.1" 200 198918
168.227.105.72 - - [20/May/2019:07:09:40 -0500] "GET /galeria/nivo-slider/demo/images/banner-bolsas-plasticas.jpg HTTP/1.1" 200 317939
66.249.88.127 - - [20/May/2019:07:09:41 -0500] "GET /BLA/boletinlegal/js/jquery.scrollShow.js HTTP/1.1" 200 4586
66.249.88.125 - - [20/May/2019:07:09:41 -0500] "GET /galeria/galeria/jquery.fancybox.js?v=2.1.5 HTTP/1.1" 200 48706
66.249.88.123 - - [20/May/2019:07:09:41 -0500] "GET /galeria/galeria/jquery.fancybox.css?v=2.1.5 HTTP/1.1" 200 4895
66.249.88.123 - - [20/May/2019:07:09:45 -0500] "GET /galeria/galeria/jquery.fancybox.js?v=2.1.5 HTTP/1.1" 200 48706
168.227.105.72 - - [20/May/2019:07:09:45 -0500] "GET /galeria/nivo-slider/themes/default/bullets.png HTTP/1.1" 200 1281
190.93.137.233 - - [20/May/2019:07:09:45 -0500] "GET /BLA/resoluciones/RESOLUCIONES%202017/2403.pdf HTTP/1.1" 200 1826616
66.249.65.193 - - [20/May/2019:07:09:50 -0500] "GET /BLA/resoluciones/RESOLUCIONES%202018/0183.pdf HTTP/1.1" 200 2949076
66.249.88.125 - - [20/May/2019:07:09:53 -0500] "GET /BLA/boletinlegal/js/jquery.scrollShow.js HTTP/1.1" 200 4586
66.249.88.127 - - [20/May/2019:07:09:53 -0500] "GET /galeria/galeria/jquery.fancybox.js?v=2.1.5 HTTP/1.1" 200 48706
66.249.88.125 - - [20/May/2019:07:09:53 -0500] "GET /galeria/galeria/jquery.fancybox.css?v=2.1.5 HTTP/1.1" 200 4895
181.57.113.56 - - [20/May/2019:07:09:57 -0500] "GET /BLA/resoluciones/AUTOS%202015/0568.pdf HTTP/1.1" 200 628853
181.57.113.56 - - [20/May/2019:07:09:59 -0500] "GET /favicon.ico HTTP/1.1" 200 7782
190.93.137.233 - - [20/May/2019:07:10:00 -0500] "GET /BLA/resoluciones/RESOLUCIONES%202017/2404.pdf HTTP/1.1" 200 1568370
201.245.192.253 - - [20/May/2019:07:09:30 -0500] "POST /kwsrmcab/Wsrmcab HTTP/1.1" 200 26518
201.245.192.253 - - [20/May/2019:07:09:31 -0500] "POST /kwsrmcab/Wsrmcab HTTP/1.1" 200 26518
190.93.137.233 - - [20/May/2019:07:10:06 -0500] "GET /BLA/resoluciones/RESOLUCIONES%202017/2406.pdf HTTP/1.1" 200 312297
190.93.137.233 - - [20/May/2019:07:10:06 -0500] "GET /BLA/resoluciones/RESOLUCIONES%202017/2410.pdf HTTP/1.1" 200 313274
181.57.113.56 - - [20/May/2019:07:10:10 -0500] "GET /BLA/resoluciones/RESOLUCIONES%202017/0568.pdf HTTP/1.1" 200 692967
200.122.242.3 - - [20/May/2019:07:10:32 -0500] "GET /galeria/carrusel/Carrusel/jquery-ui-1.8.13.custom.min.js HTTP/1.1" 200 10800
200.122.242.3 - - [20/May/2019:07:10:32 -0500] "GET /galeria/carrusel/Carrusel/jquery.thumbnailScroller.css HTTP/1.1" 200 2066
200.122.242.3 - - [20/May/2019:07:10:32 -0500] "GET /galeria/carrusel/Carrusel/jquery.thumbnailScroller.js HTTP/1.1" 200 8157
168.227.105.72 - - [20/May/2019:07:10:34 -0500] "GET /galeria/nivo-slider/themes/default/arrows.png HTTP/1.1" 200 824
66.249.73.27 - - [20/May/2019:07:10:40 -0500] "GET / HTTP/1.1" 200 9990
168.227.105.72 - - [20/May/2019:07:11:01 -0500] "GET /BLA/boletinlegal/js/jquery.scrollShow.js HTTP/1.1" 200 4586
168.227.105.72 - - [20/May/2019:07:11:01 -0500] "GET /galeria/galeria/jquery.fancybox.css?v=2.1.5 HTTP/1.1" 200 4895
168.227.105.72 - - [20/May/2019:07:11:01 -0500] "GET /galeria/galeria/jquery.fancybox.js?v=2.1.5 HTTP/1.1" 200 48706
66.249.65.223 - - [20/May/2019:07:11:02 -0500] "GET /BLA/resoluciones/RESOLUCIONES%202007/RES%202007%203801%20AL%203900/RESOLUCION%203851%20DE%202007.pdf HTTP/1.1" 200 216828
181.135.66.77 - - [20/May/2019:07:11:10 -0500] "GET /galeria/galeria/jquery.fancybox.css?v=2.1.5 HTTP/1.1" 200 4895
181.135.66.77 - - [20/May/2019:07:11:10 -0500] "GET /BLA/boletinlegal/js/jquery.scrollShow.js HTTP/1.1" 200 4586
181.135.66.77 - - [20/May/2019:07:11:10 -0500] "GET /galeria/galeria/jquery.fancybox.js?v=2.1.5 HTTP/1.1" 200 48706
