54.188.5.101 - - [20/May/2019:07:31:03 -0500] "GET /BLA/resoluciones/index.php?dir=AUTOS%202009/sort=nameorder=desc/sort=sizeorder=asc/sort=nameorder=desc/sort=sizeorder=asc/sort=nameorder=desc/sort=dateorder=asc/sort=dateorder=asc/sort=nameorder=desc/sort=dateorder=asc/sort=dateorder=asc/sort=sizeorder=asc HTTP/1.1" 200 12958
181.55.246.242 - - [20/May/2019:07:31:06 -0500] "GET /BLA/boletinlegal/js/jquery.scrollShow.js HTTP/1.1" 200 4586
181.55.246.242 - - [20/May/2019:07:31:06 -0500] "GET /galeria/galeria/jquery.fancybox.js?v=2.1.5 HTTP/1.1" 200 48706
181.55.246.242 - - [20/May/2019:07:31:06 -0500] "GET /galeria/galeria/jquery.fancybox.css?v=2.1.5 HTTP/1.1" 200 4895
186.86.32.39 - - [20/May/2019:07:31:06 -0500] "GET /BLA/boletinlegal/js/jquery.scrollShow.js HTTP/1.1" 304 -
186.86.32.39 - - [20/May/2019:07:31:06 -0500] "GET /galeria/galeria/jquery.fancybox.js?v=2.1.5 HTTP/1.1" 304 -
186.86.32.39 - - [20/May/2019:07:31:06 -0500] "GET /galeria/galeria/jquery.fancybox.css?v=2.1.5 HTTP/1.1" 304 -
192.168.175.104 - - [20/May/2019:07:31:09 -0500] "GET / HTTP/1.0" 200 9990
66.249.88.127 - - [20/May/2019:07:31:13 -0500] "GET /galeria/galeria/jquery.fancybox.css?v=2.1.5 HTTP/1.1" 200 4895
66.249.88.127 - - [20/May/2019:07:31:13 -0500] "GET /galeria/galeria/jquery.fancybox.js?v=2.1.5 HTTP/1.1" 200 48706
66.249.88.125 - - [20/May/2019:07:31:13 -0500] "GET /BLA/boletinlegal/js/jquery.scrollShow.js HTTP/1.1" 200 4586
181.55.246.242 - - [20/May/2019:07:31:14 -0500] "GET /galeria/galeria/jquery.fancybox.js?v=2.1.5 HTTP/1.1" 200 48706
181.55.246.242 - - [20/May/2019:07:31:14 -0500] "GET /BLA/boletinlegal/js/jquery.scrollShow.js HTTP/1.1" 200 4586
181.55.246.242 - - [20/May/2019:07:31:14 -0500] "GET /galeria/galeria/jquery.fancybox.css?v=2.1.5 HTTP/1.1" 200 4895
130.211.103.4 - - [20/May/2019:07:31:38 -0500] "-" 408 -
190.144.123.194 - - [20/May/2019:07:31:39 -0500] "GET /galeria/carrusel/Carrusel/jquery.thumbnailScroller.css HTTP/1.1" 200 2066
190.144.123.194 - - [20/May/2019:07:31:39 -0500] "GET /BLA/boletinlegal/js/jquery.scrollShow.js HTTP/1.1" 200 4586
190.144.123.194 - - [20/May/2019:07:31:39 -0500] "GET /galeria/galeria/jquery.fancybox.js?v=2.1.5 HTTP/1.1" 200 48706
190.144.123.194 - - [20/May/2019:07:31:39 -0500] "GET /galeria/carrusel/Carrusel/jquery-ui-1.8.13.custom.min.js HTTP/1.1" 200 10800
190.144.123.194 - - [20/May/2019:07:31:39 -0500] "GET /galeria/carrusel/Carrusel/jquery.thumbnailScroller.js HTTP/1.1" 200 8157
190.144.123.194 - - [20/May/2019:07:31:39 -0500] "GET /galeria/nivo-slider/demo/demo.html HTTP/1.1" 200 24928
190.144.123.194 - - [20/May/2019:07:31:39 -0500] "GET /galeria/nivo-slider/themes/default/default.css HTTP/1.1" 200 1569
190.144.123.194 - - [20/May/2019:07:31:39 -0500] "GET /galeria/nivo-slider/themes/pascal/pascal.css HTTP/1.1" 200 2258
190.144.123.194 - - [20/May/2019:07:31:40 -0500] "GET /galeria/nivo-slider/themes/orman/orman.css HTTP/1.1" 200 2152
190.144.123.194 - - [20/May/2019:07:31:40 -0500] "GET /galeria/nivo-slider/nivo-slider.css HTTP/1.1" 200 1507
190.144.123.194 - - [20/May/2019:07:31:40 -0500] "GET /galeria/nivo-slider/demo/style.css HTTP/1.1" 200 2222
190.144.123.194 - - [20/May/2019:07:31:40 -0500] "GET /galeria/nivo-slider/demo/scripts/jquery-1.7.1.min.js HTTP/1.1" 200 93868
190.144.123.194 - - [20/May/2019:07:31:40 -0500] "GET /galeria/nivo-slider/jquery.nivo.slider.pack.js HTTP/1.1" 200 11561
190.144.123.194 - - [20/May/2019:07:31:40 -0500] "GET /galeria/nivo-slider/demo/images/banner%20lluvias.jpg HTTP/1.1" 200 254815
190.144.123.194 - - [20/May/2019:07:31:40 -0500] "GET /galeria/nivo-slider/demo/images/Banner%20rio%20bogot%C3%A1.jpg HTTP/1.1" 200 247732
190.144.123.194 - - [20/May/2019:07:31:40 -0500] "GET /galeria/nivo-slider/demo/images/Caminatas%20mayo.png HTTP/1.1" 200 689328
190.144.123.194 - - [20/May/2019:07:31:40 -0500] "GET /galeria/nivo-slider/demo/images/Banner%20Segae%20Sumapaz.jpg HTTP/1.1" 200 252165
190.144.123.194 - - [20/May/2019:07:31:41 -0500] "GET /galeria/nivo-slider/demo/images/4Simple_Slider.png HTTP/1.1" 200 11722
190.144.123.194 - - [20/May/2019:07:31:41 -0500] "GET /galeria/nivo-slider/themes/default/loading.gif HTTP/1.1" 200 1737
190.144.123.194 - - [20/May/2019:07:31:41 -0500] "GET /galeria/nivo-slider/demo/images/Banner%20reciclaton.jpg HTTP/1.1" 200 215982
190.144.123.194 - - [20/May/2019:07:31:41 -0500] "GET /galeria/nivo-slider/demo/images/bannersectorambiente.png HTTP/1.1" 200 308540
190.144.123.194 - - [20/May/2019:07:31:42 -0500] "GET /galeria/nivo-slider/demo/images/Banner%20RCD.jpg HTTP/1.1" 200 92197
190.144.123.194 - - [20/May/2019:07:31:42 -0500] "GET /galeria/nivo-slider/demo/images/bannertinguasweb.jpg HTTP/1.1" 200 258471
190.144.123.194 - - [20/May/2019:07:31:42 -0500] "GET /galeria/nivo-slider/demo/images/Banner%20Conpes.jpg HTTP/1.1" 200 55220
190.144.123.194 - - [20/May/2019:07:31:42 -0500] "GET /galeria/nivo-slider/demo/images/Banner%20practicas%20sostenibles.jpg HTTP/1.1" 200 142958
190.144.123.194 - - [20/May/2019:07:31:42 -0500] "GET /galeria/nivo-slider/demo/images/Banner%20POT.png HTTP/1.1" 200 418238
190.144.123.194 - - [20/May/2019:07:31:43 -0500] "GET /galeria/nivo-slider/demo/images/incendios-forestales.png HTTP/1.1" 200 61469
179.25.107.206 - - [20/May/2019:07:31:43 -0500] "GET /galeria/galeria/fotos/2GuaymaralTorcaG2.jpg HTTP/1.1" 200 28916
190.144.123.194 - - [20/May/2019:07:31:43 -0500] "GET /galeria/nivo-slider/demo/images/Pot_banner.jpg HTTP/1.1" 200 204736
190.144.123.194 - - [20/May/2019:07:31:43 -0500] "GET /galeria/nivo-slider/demo/images/BANNER%20punto.jpg HTTP/1.1" 200 75932
190.144.123.194 - - [20/May/2019:07:31:43 -0500] "GET /galeria/nivo-slider/demo/images/Banneranonimos.png HTTP/1.1" 200 109388
190.144.123.194 - - [20/May/2019:07:31:43 -0500] "GET /galeria/nivo-slider/demo/images/web%20ingreso%20humedales.png HTTP/1.1" 200 641193
190.144.123.194 - - [20/May/2019:07:31:44 -0500] "GET /galeria/nivo-slider/demo/images/gobierno%20digital-01.jpg HTTP/1.1" 200 116163
190.144.123.194 - - [20/May/2019:07:31:44 -0500] "GET /galeria/nivo-slider/demo/images/Otorgamiento-excelencia-ambiental-Jos%C3%A9-Celestino-Mutis-2.jpg HTTP/1.1" 200 276467
190.144.123.194 - - [20/May/2019:07:31:45 -0500] "GET /galeria/nivo-slider/demo/images/Banner_micrositio.png HTTP/1.1" 200 146950
190.144.123.194 - - [20/May/2019:07:31:45 -0500] "GET /galeria/nivo-slider/demo/images/avances-sentencias-rio-bogota-2.jpg HTTP/1.1" 200 304916
190.144.123.194 - - [20/May/2019:07:31:45 -0500] "GET /galeria/nivo-slider/demo/images/BANNER%20VAN%20DER%20HAMMEN.jpg HTTP/1.1" 200 64172
190.144.123.194 - - [20/May/2019:07:31:45 -0500] "GET /galeria/nivo-slider/demo/images/banner-humedales-de-bogota.jpg HTTP/1.1" 200 292611
190.144.123.194 - - [20/May/2019:07:31:45 -0500] "GET /galeria/nivo-slider/demo/images/maximavelocidad.png HTTP/1.1" 200 880272
190.144.123.194 - - [20/May/2019:07:31:46 -0500] "GET /galeria/nivo-slider/demo/images/banner%20aceite%20vegetal%20usado.jpg HTTP/1.1" 200 169350
190.144.123.194 - - [20/May/2019:07:31:46 -0500] "GET /galeria/nivo-slider/demo/images/bannerlumina2017web.jpg HTTP/1.1" 200 198918
190.144.123.194 - - [20/May/2019:07:31:46 -0500] "GET /galeria/nivo-slider/demo/images/banner-bolsas-plasticas.jpg HTTP/1.1" 200 317939
190.144.123.194 - - [20/May/2019:07:31:48 -0500] "GET /galeria/nivo-slider/themes/default/arrows.png HTTP/1.1" 200 824
190.144.123.194 - - [20/May/2019:07:31:48 -0500] "GET /galeria/nivo-slider/themes/default/bullets.png HTTP/1.1" 200 1281
181.49.55.66 - - [20/May/2019:07:32:00 -0500] "GET /BLA/boletinlegal/js/jquery.scrollShow.js HTTP/1.1" 200 4586
181.49.55.66 - - [20/May/2019:07:32:00 -0500] "GET /galeria/galeria/jquery.fancybox.js?v=2.1.5 HTTP/1.1" 200 48706
181.49.55.66 - - [20/May/2019:07:32:00 -0500] "GET /galeria/galeria/jquery.fancybox.css?v=2.1.5 HTTP/1.1" 200 4895
181.49.55.66 - - [20/May/2019:07:32:04 -0500] "GET /BLA/boletinlegal/js/jquery.scrollShow.js HTTP/1.1" 200 4586
181.49.55.66 - - [20/May/2019:07:32:04 -0500] "GET /galeria/galeria/jquery.fancybox.js?v=2.1.5 HTTP/1.1" 200 48706
181.49.55.66 - - [20/May/2019:07:32:04 -0500] "GET /galeria/galeria/jquery.fancybox.css?v=2.1.5 HTTP/1.1" 200 4895
54.213.240.92 - - [20/May/2019:07:32:04 -0500] "GET /BLA/resoluciones/index.php?dir=AUTOS%202009/sort=nameorder=desc/sort=sizeorder=asc/sort=dateorder=asc/sort=nameorder=desc/sort=nameorder=desc/sort=sizeorder=asc/sort=dateorder=asc/sort=sizeorder=asc/sort=sizeorder=asc/sort=nameorder=desc HTTP/1.1" 200 12875
190.93.137.233 - - [20/May/2019:07:32:19 -0500] "GET /BLA/resoluciones/RESOLUCIONES%202017/2866.pdf HTTP/1.1" 200 279901
190.93.137.233 - - [20/May/2019:07:32:21 -0500] "GET /BLA/resoluciones/RESOLUCIONES%202017/2873.pdf HTTP/1.1" 200 279567
190.93.137.233 - - [20/May/2019:07:32:22 -0500] "GET /BLA/resoluciones/RESOLUCIONES%202017/2874.pdf HTTP/1.1" 200 280127
190.93.137.233 - - [20/May/2019:07:32:23 -0500] "GET /BLA/resoluciones/RESOLUCIONES%202017/2875.pdf HTTP/1.1" 200 279017
190.93.137.233 - - [20/May/2019:07:32:24 -0500] "GET /BLA/resoluciones/RESOLUCIONES%202017/2876.pdf HTTP/1.1" 200 281067
186.113.121.117 - - [20/May/2019:07:32:25 -0500] "GET /galeria/galeria/jquery.fancybox.css?v=2.1.5 HTTP/1.1" 200 4895
186.113.121.117 - - [20/May/2019:07:32:25 -0500] "GET /galeria/carrusel/Carrusel/jquery.thumbnailScroller.css HTTP/1.1" 200 2066
186.113.121.117 - - [20/May/2019:07:32:25 -0500] "GET /BLA/boletinlegal/js/jquery.scrollShow.js HTTP/1.1" 200 4586
186.113.121.117 - - [20/May/2019:07:32:25 -0500] "GET /galeria/galeria/jquery.fancybox.js?v=2.1.5 HTTP/1.1" 200 48706
190.93.137.233 - - [20/May/2019:07:32:25 -0500] "GET /BLA/resoluciones/RESOLUCIONES%202017/2877.pdf HTTP/1.1" 200 1361876
190.93.137.233 - - [20/May/2019:07:32:27 -0500] "GET /BLA/resoluciones/RESOLUCIONES%202017/2879.pdf HTTP/1.1" 200 290302
186.113.121.117 - - [20/May/2019:07:32:29 -0500] "GET /galeria/carrusel/Carrusel/jquery-ui-1.8.13.custom.min.js HTTP/1.1" 200 10800
190.93.137.233 - - [20/May/2019:07:32:29 -0500] "GET /BLA/resoluciones/RESOLUCIONES%202017/2881.pdf HTTP/1.1" 200 338373
18.236.175.67 - - [20/May/2019:07:32:29 -0500] "GET /BLA/resoluciones/index.php?dir=AUTOS%202009/sort=dateorder=asc/sort=dateorder=asc/sort=dateorder=asc/sort=dateorder=asc/sort=nameorder=desc/sort=dateorder=asc/sort=dateorder=asc/sort=dateorder=asc/sort=sizeorder=asc/sort=nameorder=desc HTTP/1.1" 200 12867
190.93.137.233 - - [20/May/2019:07:32:30 -0500] "GET /BLA/resoluciones/RESOLUCIONES%202017/2888.pdf HTTP/1.1" 200 283804
186.113.121.117 - - [20/May/2019:07:32:32 -0500] "GET /galeria/carrusel/Carrusel/jquery.thumbnailScroller.js HTTP/1.1" 200 8157
186.113.121.117 - - [20/May/2019:07:32:32 -0500] "GET /galeria/nivo-slider/demo/demo.html HTTP/1.1" 200 24928
190.93.137.233 - - [20/May/2019:07:32:32 -0500] "GET /BLA/resoluciones/RESOLUCIONES%202017/2890.pdf HTTP/1.1" 200 289196
66.249.65.222 - - [20/May/2019:07:32:32 -0500] "GET /BLA/resoluciones/AUTOS%202014/2092.pdf HTTP/1.1" 200 867920
190.93.137.233 - - [20/May/2019:07:32:33 -0500] "GET /BLA/resoluciones/RESOLUCIONES%202017/2902.pdf HTTP/1.1" 200 279650
190.93.137.233 - - [20/May/2019:07:32:35 -0500] "GET /BLA/resoluciones/RESOLUCIONES%202017/2909.pdf HTTP/1.1" 200 271797
190.93.137.233 - - [20/May/2019:07:32:36 -0500] "GET /BLA/resoluciones/RESOLUCIONES%202017/2913.pdf HTTP/1.1" 200 272315
190.93.137.233 - - [20/May/2019:07:32:37 -0500] "GET /BLA/resoluciones/RESOLUCIONES%202017/2915.pdf HTTP/1.1" 200 367766
186.113.121.117 - - [20/May/2019:07:32:39 -0500] "GET /galeria/nivo-slider/themes/default/default.css HTTP/1.1" 200 1569
186.113.121.117 - - [20/May/2019:07:32:39 -0500] "GET /galeria/nivo-slider/themes/pascal/pascal.css HTTP/1.1" 200 2258
186.113.121.117 - - [20/May/2019:07:32:39 -0500] "GET /galeria/nivo-slider/themes/orman/orman.css HTTP/1.1" 200 2152
186.113.121.117 - - [20/May/2019:07:32:39 -0500] "GET /galeria/nivo-slider/nivo-slider.css HTTP/1.1" 200 1507
186.113.121.117 - - [20/May/2019:07:32:39 -0500] "GET /galeria/nivo-slider/demo/style.css HTTP/1.1" 200 2222
190.93.137.233 - - [20/May/2019:07:32:39 -0500] "GET /BLA/resoluciones/RESOLUCIONES%202017/2918.pdf HTTP/1.1" 200 297700
190.93.137.233 - - [20/May/2019:07:32:41 -0500] "GET /BLA/resoluciones/RESOLUCIONES%202017/2919.pdf HTTP/1.1" 200 266594
190.255.40.74 - - [20/May/2019:07:32:41 -0500] "GET /galeria/galeria/jquery.fancybox.css?v=2.1.5 HTTP/1.1" 200 4895
190.255.40.74 - - [20/May/2019:07:32:41 -0500] "GET /BLA/boletinlegal/js/jquery.scrollShow.js HTTP/1.1" 200 4586
190.255.40.74 - - [20/May/2019:07:32:41 -0500] "GET /galeria/galeria/jquery.fancybox.js?v=2.1.5 HTTP/1.1" 200 48706
186.113.121.117 - - [20/May/2019:07:32:42 -0500] "GET /galeria/nivo-slider/demo/scripts/jquery-1.7.1.min.js HTTP/1.1" 200 93868
186.113.121.117 - - [20/May/2019:07:32:42 -0500] "GET /galeria/nivo-slider/jquery.nivo.slider.pack.js HTTP/1.1" 200 11561
186.113.121.117 - - [20/May/2019:07:32:42 -0500] "GET /galeria/nivo-slider/demo/images/banner%20lluvias.jpg HTTP/1.1" 200 254815
186.113.121.117 - - [20/May/2019:07:32:42 -0500] "GET /galeria/nivo-slider/demo/images/Banner%20rio%20bogot%C3%A1.jpg HTTP/1.1" 200 247732
186.113.121.117 - - [20/May/2019:07:32:42 -0500] "GET /galeria/nivo-slider/demo/images/Caminatas%20mayo.png HTTP/1.1" 200 689328
186.113.121.117 - - [20/May/2019:07:32:42 -0500] "GET /galeria/nivo-slider/demo/images/Banner%20Segae%20Sumapaz.jpg HTTP/1.1" 200 252165
190.93.137.233 - - [20/May/2019:07:32:42 -0500] "GET /BLA/resoluciones/RESOLUCIONES%202017/2920.pdf HTTP/1.1" 200 306549
186.155.228.34 - - [20/May/2019:07:32:44 -0500] "GET /galeria/nivo-slider/demo/images/banner-humedales-de-bogota.jpg HTTP/1.1" 206 1
186.155.228.34 - - [20/May/2019:07:32:44 -0500] "GET /galeria/nivo-slider/demo/images/banner-humedales-de-bogota.jpg HTTP/1.1" 206 212578
186.113.121.117 - - [20/May/2019:07:32:44 -0500] "GET /galeria/nivo-slider/demo/images/Banner%20reciclaton.jpg HTTP/1.1" 200 215982
190.93.137.233 - - [20/May/2019:07:32:44 -0500] "GET /BLA/resoluciones/RESOLUCIONES%202017/2921.pdf HTTP/1.1" 200 259466
186.113.121.117 - - [20/May/2019:07:32:44 -0500] "GET /galeria/nivo-slider/demo/images/bannersectorambiente.png HTTP/1.1" 200 308540
190.93.137.233 - - [20/May/2019:07:32:45 -0500] "GET /BLA/resoluciones/RESOLUCIONES%202017/2922.pdf HTTP/1.1" 200 260979
190.93.137.233 - - [20/May/2019:07:32:47 -0500] "GET /BLA/resoluciones/RESOLUCIONES%202017/2925.pdf HTTP/1.1" 200 388752
186.113.121.117 - - [20/May/2019:07:32:47 -0500] "GET /galeria/nivo-slider/demo/images/4Simple_Slider.png HTTP/1.1" 200 11722
186.113.121.117 - - [20/May/2019:07:32:48 -0500] "GET /galeria/nivo-slider/themes/default/loading.gif HTTP/1.1" 200 1737
186.113.121.117 - - [20/May/2019:07:32:48 -0500] "GET /galeria/nivo-slider/demo/images/Banner%20RCD.jpg HTTP/1.1" 200 92197
190.93.137.233 - - [20/May/2019:07:32:49 -0500] "GET /BLA/resoluciones/RESOLUCIONES%202017/2927.pdf HTTP/1.1" 200 338437
186.113.121.117 - - [20/May/2019:07:32:50 -0500] "GET /galeria/nivo-slider/demo/images/bannertinguasweb.jpg HTTP/1.1" 200 258471
186.113.121.117 - - [20/May/2019:07:32:50 -0500] "GET /galeria/nivo-slider/demo/images/Banner%20Conpes.jpg HTTP/1.1" 200 55220
190.93.137.233 - - [20/May/2019:07:32:50 -0500] "GET /BLA/resoluciones/RESOLUCIONES%202017/2933.pdf HTTP/1.1" 200 949087
186.113.121.117 - - [20/May/2019:07:32:51 -0500] "GET /galeria/nivo-slider/demo/images/Banner%20practicas%20sostenibles.jpg HTTP/1.1" 200 142958
190.93.137.233 - - [20/May/2019:07:32:52 -0500] "GET /BLA/resoluciones/RESOLUCIONES%202017/2936.pdf HTTP/1.1" 200 386553
186.113.121.117 - - [20/May/2019:07:32:53 -0500] "GET /galeria/nivo-slider/demo/images/Banner%20POT.png HTTP/1.1" 200 418238
186.113.121.117 - - [20/May/2019:07:32:53 -0500] "GET /galeria/nivo-slider/demo/images/incendios-forestales.png HTTP/1.1" 200 61469
190.93.137.233 - - [20/May/2019:07:32:54 -0500] "GET /BLA/resoluciones/RESOLUCIONES%202017/2937.pdf HTTP/1.1" 200 3212581
186.113.121.117 - - [20/May/2019:07:32:54 -0500] "GET /galeria/nivo-slider/demo/images/Pot_banner.jpg HTTP/1.1" 200 204736
200.93.165.123 - - [20/May/2019:07:31:23 -0500] "GET /BLA/boletinlegal/ HTTP/1.1" 200 66596
200.93.165.123 - - [20/May/2019:07:32:56 -0500] "GET /BLA/boletinlegal/style.css HTTP/1.1" 200 9406
200.93.165.123 - - [20/May/2019:07:32:56 -0500] "GET /BLA/boletinlegal/styles2.css HTTP/1.1" 200 1838
200.93.165.123 - - [20/May/2019:07:32:56 -0500] "GET /BLA/boletinlegal/js/jquery.js HTTP/1.1" 200 57254
190.93.137.233 - - [20/May/2019:07:32:56 -0500] "GET /BLA/resoluciones/RESOLUCIONES%202017/2939.pdf HTTP/1.1" 200 250424
200.93.165.123 - - [20/May/2019:07:32:56 -0500] "GET /BLA/boletinlegal/js/jquery.scrollTo-min.js HTTP/1.1" 200 1150
200.93.165.123 - - [20/May/2019:07:32:56 -0500] "GET /BLA/boletinlegal/js/jquery.scrollShow.js HTTP/1.1" 200 4586
200.93.165.123 - - [20/May/2019:07:32:56 -0500] "GET /BLA/boletinlegal/images/cabezote%20BLEGAL.jpg HTTP/1.1" 200 118164
200.93.165.123 - - [20/May/2019:07:32:56 -0500] "GET /BLA/boletinlegal/images/subscribe-icon-big.png HTTP/1.1" 200 47702
200.93.165.123 - - [20/May/2019:07:32:56 -0500] "GET /BLA/boletinlegal/images/historia.png HTTP/1.1" 200 52775
200.93.165.123 - - [20/May/2019:07:32:56 -0500] "GET /BLA/boletinlegal/images/registro-usuarios.png HTTP/1.1" 200 8106
200.93.165.123 - - [20/May/2019:07:32:56 -0500] "GET /BLA/boletinlegal/images/arr_l.jpg HTTP/1.1" 200 1979
200.93.165.123 - - [20/May/2019:07:32:56 -0500] "GET /BLA/boletinlegal/images/screen_1.png HTTP/1.1" 200 202547
200.93.165.123 - - [20/May/2019:07:32:56 -0500] "GET /BLA/boletinlegal/images/launch.jpg HTTP/1.1" 200 14577
200.93.165.123 - - [20/May/2019:07:32:56 -0500] "GET /BLA/boletinlegal/images/screen_2.png HTTP/1.1" 200 362502
200.93.165.123 - - [20/May/2019:07:32:56 -0500] "GET /BLA/boletinlegal/images/screen_3.png HTTP/1.1" 200 210620
200.93.165.123 - - [20/May/2019:07:32:56 -0500] "GET /BLA/boletinlegal/images/screen_5.png HTTP/1.1" 200 368876
200.93.165.123 - - [20/May/2019:07:32:56 -0500] "GET /BLA/boletinlegal/images/arr_r.jpg HTTP/1.1" 200 1998
200.93.165.123 - - [20/May/2019:07:32:56 -0500] "GET /BLA/boletinlegal/images/pdf.gif HTTP/1.1" 200 567
200.93.165.123 - - [20/May/2019:07:32:56 -0500] "GET /BLA/boletinlegal/images/img_1.jpg HTTP/1.1" 200 8067
200.93.165.123 - - [20/May/2019:07:32:56 -0500] "GET /BLA/boletinlegal/images/body_bg.jpg HTTP/1.1" 200 1601
200.93.165.123 - - [20/May/2019:07:32:57 -0500] "GET /BLA/boletinlegal/images/menu_lft.gif HTTP/1.1" 200 1713
200.93.165.123 - - [20/May/2019:07:32:57 -0500] "GET /BLA/boletinlegal/images/menu_rght.gif HTTP/1.1" 200 1627
200.93.165.123 - - [20/May/2019:07:32:57 -0500] "GET /BLA/boletinlegal/images/hover.jpg HTTP/1.1" 200 640
200.93.165.123 - - [20/May/2019:07:32:57 -0500] "GET /BLA/boletinlegal/images/bg_top.jpg HTTP/1.1" 200 522
200.93.165.123 - - [20/May/2019:07:32:57 -0500] "GET /BLA/boletinlegal/images/text.jpg HTTP/1.1" 200 568
200.93.165.123 - - [20/May/2019:07:32:57 -0500] "GET /BLA/boletinlegal/images/menu_bg.jpg HTTP/1.1" 200 620
200.93.165.123 - - [20/May/2019:07:32:57 -0500] "GET /BLA/boletinlegal/images/tel.png HTTP/1.1" 200 14477
200.93.165.123 - - [20/May/2019:07:32:57 -0500] "GET /BLA/boletinlegal/images/icono-email.png HTTP/1.1" 200 5544
200.93.165.123 - - [20/May/2019:07:32:57 -0500] "GET /BLA/boletinlegal/images/img_3.jpg HTTP/1.1" 200 1841
200.93.165.123 - - [20/May/2019:07:32:57 -0500] "GET /BLA/boletinlegal/images/footer_bg.jpg HTTP/1.1" 200 586
200.93.165.123 - - [20/May/2019:07:32:57 -0500] "GET /BLA/boletinlegal/images/footer_bg_l.jpg HTTP/1.1" 200 776
190.93.137.233 - - [20/May/2019:07:32:57 -0500] "GET /BLA/resoluciones/RESOLUCIONES%202017/2940.pdf HTTP/1.1" 200 288759
186.113.121.117 - - [20/May/2019:07:32:57 -0500] "GET /galeria/nivo-slider/demo/images/BANNER%20punto.jpg HTTP/1.1" 200 75932
186.113.121.117 - - [20/May/2019:07:32:57 -0500] "GET /galeria/nivo-slider/demo/images/Banneranonimos.png HTTP/1.1" 200 109388
186.113.121.117 - - [20/May/2019:07:32:58 -0500] "GET /galeria/nivo-slider/demo/images/web%20ingreso%20humedales.png HTTP/1.1" 200 641193
200.93.165.123 - - [20/May/2019:07:32:59 -0500] "GET /favicon.ico HTTP/1.1" 200 7782
186.113.121.117 - - [20/May/2019:07:33:00 -0500] "GET /galeria/nivo-slider/demo/images/gobierno%20digital-01.jpg HTTP/1.1" 200 116163
186.113.121.117 - - [20/May/2019:07:33:00 -0500] "GET /galeria/nivo-slider/demo/images/Otorgamiento-excelencia-ambiental-Jos%C3%A9-Celestino-Mutis-2.jpg HTTP/1.1" 200 276467
186.113.121.117 - - [20/May/2019:07:33:02 -0500] "GET /galeria/nivo-slider/demo/images/Banner_micrositio.png HTTP/1.1" 200 146950
186.113.121.117 - - [20/May/2019:07:33:03 -0500] "GET /galeria/nivo-slider/demo/images/avances-sentencias-rio-bogota-2.jpg HTTP/1.1" 200 304916
186.113.121.117 - - [20/May/2019:07:33:05 -0500] "GET /galeria/nivo-slider/demo/images/BANNER%20VAN%20DER%20HAMMEN.jpg HTTP/1.1" 200 64172
186.113.121.117 - - [20/May/2019:07:33:05 -0500] "GET /galeria/nivo-slider/demo/images/banner-humedales-de-bogota.jpg HTTP/1.1" 200 292611
69.162.124.233 - - [20/May/2019:07:33:05 -0500] "HEAD / HTTP/1.1" 200 -
186.113.121.117 - - [20/May/2019:07:33:05 -0500] "GET /galeria/nivo-slider/demo/images/maximavelocidad.png HTTP/1.1" 200 880272
190.93.137.233 - - [20/May/2019:07:33:06 -0500] "GET /BLA/resoluciones/RESOLUCIONES%202017/2947.pdf HTTP/1.1" 200 306063
186.113.121.117 - - [20/May/2019:07:33:06 -0500] "GET /galeria/nivo-slider/demo/images/banner%20aceite%20vegetal%20usado.jpg HTTP/1.1" 200 169350
200.93.165.123 - - [20/May/2019:07:33:06 -0500] "GET /BLA/boletinlegal/actos.php HTTP/1.1" 200 8778
186.113.121.117 - - [20/May/2019:07:33:06 -0500] "GET /galeria/nivo-slider/demo/images/bannerlumina2017web.jpg HTTP/1.1" 200 198918
200.93.165.123 - - [20/May/2019:07:33:07 -0500] "GET /BLA/boletinlegal/js/ajax_actos.js HTTP/1.1" 200 1322
200.93.165.123 - - [20/May/2019:07:33:07 -0500] "GET /BLA/boletinlegal/niceforms-default.css HTTP/1.1" 200 6694
200.93.165.123 - - [20/May/2019:07:33:07 -0500] "GET /BLA/boletinlegal/niceforms.js HTTP/1.1" 200 22876
200.93.165.123 - - [20/May/2019:07:33:07 -0500] "GET /BLA/boletinlegal/js/lib.js HTTP/1.1" 200 6474
200.93.165.123 - - [20/May/2019:07:33:07 -0500] "GET /BLA/boletinlegal/js/popup.js HTTP/1.1" 200 1270
200.93.165.123 - - [20/May/2019:07:33:07 -0500] "GET /BLA/boletinlegal/js/jquery1.js HTTP/1.1" 200 29846
200.93.165.123 - - [20/May/2019:07:33:07 -0500] "GET /BLA/boletinlegal/images/green-yellow-blue-pink-th.png HTTP/1.1" 200 7394
200.93.165.123 - - [20/May/2019:07:33:07 -0500] "GET /BLA/boletinlegal/images/abajo.png HTTP/1.1" 200 96676
200.93.165.123 - - [20/May/2019:07:33:07 -0500] "GET /BLA/boletinlegal/img/0.png HTTP/1.1" 200 110
200.93.165.123 - - [20/May/2019:07:33:07 -0500] "GET /BLA/boletinlegal/img/select-right.png HTTP/1.1" 200 44019
200.93.165.123 - - [20/May/2019:07:33:07 -0500] "GET /BLA/boletinlegal/img/select-left.png HTTP/1.1" 200 263
200.93.165.123 - - [20/May/2019:07:33:07 -0500] "GET /BLA/boletinlegal/img/button-left.png HTTP/1.1" 200 57071
200.93.165.123 - - [20/May/2019:07:33:07 -0500] "GET /BLA/boletinlegal/img/button.png HTTP/1.1" 200 43241
200.93.165.123 - - [20/May/2019:07:33:07 -0500] "GET /BLA/boletinlegal/img/button-right.png HTTP/1.1" 200 57878
190.93.137.233 - - [20/May/2019:07:33:07 -0500] "GET /BLA/resoluciones/RESOLUCIONES%202017/2948.pdf HTTP/1.1" 200 382962
190.93.137.233 - - [20/May/2019:07:33:08 -0500] "GET /BLA/resoluciones/RESOLUCIONES%202017/2949.pdf HTTP/1.1" 200 540897
186.113.121.117 - - [20/May/2019:07:33:08 -0500] "GET /galeria/nivo-slider/demo/images/banner-bolsas-plasticas.jpg HTTP/1.1" 200 317939
190.93.137.233 - - [20/May/2019:07:33:10 -0500] "GET /BLA/resoluciones/RESOLUCIONES%202017/2952.pdf HTTP/1.1" 200 5531676
190.93.137.233 - - [20/May/2019:07:33:11 -0500] "GET /BLA/resoluciones/RESOLUCIONES%202017/2953.pdf HTTP/1.1" 200 308392
186.155.209.58 - - [20/May/2019:07:33:15 -0500] "GET /galeria/galeria/jquery.fancybox.css?v=2.1.5 HTTP/1.1" 200 4895
186.155.209.58 - - [20/May/2019:07:33:15 -0500] "GET /galeria/galeria/jquery.fancybox.js?v=2.1.5 HTTP/1.1" 200 48706
186.155.209.58 - - [20/May/2019:07:33:15 -0500] "GET /BLA/boletinlegal/js/jquery.scrollShow.js HTTP/1.1" 200 4586
186.113.121.117 - - [20/May/2019:07:33:19 -0500] "GET /galeria/nivo-slider/themes/default/arrows.png HTTP/1.1" 200 824
186.113.121.117 - - [20/May/2019:07:33:19 -0500] "GET /galeria/nivo-slider/themes/default/bullets.png HTTP/1.1" 200 1281
190.93.137.233 - - [20/May/2019:07:33:21 -0500] "GET /BLA/resoluciones/RESOLUCIONES%202017/2958.pdf HTTP/1.1" 200 292027
179.32.152.12 - - [20/May/2019:07:33:22 -0500] "GET /galeria/galeria/jquery.fancybox.css?v=2.1.5 HTTP/1.1" 200 4895
179.32.152.12 - - [20/May/2019:07:33:22 -0500] "GET /BLA/boletinlegal/js/jquery.scrollShow.js HTTP/1.1" 200 4586
179.32.152.12 - - [20/May/2019:07:33:22 -0500] "GET /galeria/galeria/jquery.fancybox.js?v=2.1.5 HTTP/1.1" 200 48706
66.249.65.222 - - [20/May/2019:07:33:23 -0500] "GET /BLA/resoluciones/AUTOS%202018/3100.pdf HTTP/1.1" 200 278169
18.236.175.67 - - [20/May/2019:07:33:26 -0500] "GET /BLA/resoluciones/index.php?dir=AUTOS%202009/sort=nameorder=desc/sort=sizeorder=asc/sort=dateorder=asc/sort=nameorder=desc/sort=nameorder=desc/sort=sizeorder=asc/sort=dateorder=asc/sort=sizeorder=asc/sort=nameorder=desc/sort=sizeorder=asc HTTP/1.1" 200 12876
190.26.162.130 - - [20/May/2019:07:33:43 -0500] "GET /galeria/galeria/jquery.fancybox.css?v=2.1.5 HTTP/1.1" 200 4895
190.26.162.130 - - [20/May/2019:07:33:43 -0500] "GET /galeria/carrusel/Carrusel/jquery.thumbnailScroller.css HTTP/1.1" 200 2066
190.26.162.130 - - [20/May/2019:07:33:43 -0500] "GET /BLA/boletinlegal/js/jquery.scrollShow.js HTTP/1.1" 200 4586
190.26.162.130 - - [20/May/2019:07:33:43 -0500] "GET /galeria/galeria/jquery.fancybox.js?v=2.1.5 HTTP/1.1" 200 48706
190.26.162.130 - - [20/May/2019:07:33:43 -0500] "GET /galeria/carrusel/Carrusel/jquery-ui-1.8.13.custom.min.js HTTP/1.1" 200 10800
190.26.162.130 - - [20/May/2019:07:33:43 -0500] "GET /galeria/carrusel/Carrusel/jquery.thumbnailScroller.js HTTP/1.1" 200 8157
190.26.162.130 - - [20/May/2019:07:33:44 -0500] "GET /galeria/nivo-slider/demo/demo.html HTTP/1.1" 200 24928
190.26.162.130 - - [20/May/2019:07:33:45 -0500] "GET /galeria/nivo-slider/themes/default/default.css HTTP/1.1" 200 1569
190.26.162.130 - - [20/May/2019:07:33:45 -0500] "GET /galeria/nivo-slider/themes/pascal/pascal.css HTTP/1.1" 200 2258
190.26.162.130 - - [20/May/2019:07:33:45 -0500] "GET /galeria/nivo-slider/themes/orman/orman.css HTTP/1.1" 200 2152
190.26.162.130 - - [20/May/2019:07:33:45 -0500] "GET /galeria/nivo-slider/nivo-slider.css HTTP/1.1" 200 1507
190.26.162.130 - - [20/May/2019:07:33:46 -0500] "GET /galeria/nivo-slider/demo/style.css HTTP/1.1" 200 2222
190.26.162.130 - - [20/May/2019:07:33:46 -0500] "GET /galeria/nivo-slider/demo/scripts/jquery-1.7.1.min.js HTTP/1.1" 200 93868
190.26.162.130 - - [20/May/2019:07:33:46 -0500] "GET /galeria/nivo-slider/demo/images/Banner%20RCD.jpg HTTP/1.1" 200 92197
190.26.162.130 - - [20/May/2019:07:33:46 -0500] "GET /galeria/nivo-slider/demo/images/BANNER%20VAN%20DER%20HAMMEN.jpg HTTP/1.1" 200 64172
190.26.162.130 - - [20/May/2019:07:33:46 -0500] "GET /galeria/nivo-slider/demo/images/Banneranonimos.png HTTP/1.1" 200 109388
190.26.162.130 - - [20/May/2019:07:33:46 -0500] "GET /galeria/nivo-slider/demo/images/bannerlumina2017web.jpg HTTP/1.1" 200 198918
190.26.162.130 - - [20/May/2019:07:33:46 -0500] "GET /galeria/nivo-slider/demo/images/banner-bolsas-plasticas.jpg HTTP/1.1" 200 317939
190.130.122.184 - - [20/May/2019:07:33:46 -0500] "GET /galeria/galeria/jquery.fancybox.css?v=2.1.5 HTTP/1.1" 200 4895
190.130.122.184 - - [20/May/2019:07:33:46 -0500] "GET /BLA/boletinlegal/js/jquery.scrollShow.js HTTP/1.1" 200 4586
190.130.122.184 - - [20/May/2019:07:33:46 -0500] "GET /galeria/galeria/jquery.fancybox.js?v=2.1.5 HTTP/1.1" 200 48706
190.26.162.130 - - [20/May/2019:07:33:47 -0500] "GET /galeria/nivo-slider/demo/images/web%20ingreso%20humedales.png HTTP/1.1" 200 641193
190.26.162.130 - - [20/May/2019:07:33:47 -0500] "GET /galeria/nivo-slider/demo/images/bannersectorambiente.png HTTP/1.1" 200 308540
190.26.162.130 - - [20/May/2019:07:33:47 -0500] "GET /galeria/nivo-slider/demo/images/bannertinguasweb.jpg HTTP/1.1" 200 258471
190.26.162.130 - - [20/May/2019:07:33:47 -0500] "GET /galeria/nivo-slider/demo/images/Banner%20reciclaton.jpg HTTP/1.1" 200 215982
190.26.162.130 - - [20/May/2019:07:33:49 -0500] "GET /galeria/nivo-slider/demo/images/avances-sentencias-rio-bogota-2.jpg HTTP/1.1" 200 304916
190.26.162.130 - - [20/May/2019:07:33:49 -0500] "GET /galeria/nivo-slider/demo/images/Banner_micrositio.png HTTP/1.1" 200 146950
192.168.175.104 - - [20/May/2019:07:33:49 -0500] "GET / HTTP/1.1" 200 9990
190.26.162.130 - - [20/May/2019:07:33:50 -0500] "GET /galeria/nivo-slider/demo/images/gobierno%20digital-01.jpg HTTP/1.1" 200 116163
190.26.162.130 - - [20/May/2019:07:33:51 -0500] "GET /galeria/nivo-slider/demo/images/Pot_banner.jpg HTTP/1.1" 200 204736
190.26.162.130 - - [20/May/2019:07:33:52 -0500] "GET /galeria/nivo-slider/demo/images/Banner%20Segae%20Sumapaz.jpg HTTP/1.1" 200 252165
190.26.162.130 - - [20/May/2019:07:33:53 -0500] "GET /galeria/nivo-slider/demo/images/BANNER%20punto.jpg HTTP/1.1" 200 75932
190.26.162.130 - - [20/May/2019:07:33:53 -0500] "GET /galeria/nivo-slider/demo/images/Caminatas%20mayo.png HTTP/1.1" 200 689328
190.26.162.130 - - [20/May/2019:07:33:53 -0500] "GET /galeria/nivo-slider/demo/images/Banner%20POT.png HTTP/1.1" 200 418238
190.26.162.130 - - [20/May/2019:07:33:53 -0500] "GET /galeria/nivo-slider/demo/images/incendios-forestales.png HTTP/1.1" 200 61469
190.26.162.130 - - [20/May/2019:07:33:54 -0500] "GET /galeria/nivo-slider/demo/images/banner-humedales-de-bogota.jpg HTTP/1.1" 200 292611
190.26.162.130 - - [20/May/2019:07:33:54 -0500] "GET /galeria/nivo-slider/demo/images/Banner%20Conpes.jpg HTTP/1.1" 200 55220
190.26.162.130 - - [20/May/2019:07:33:54 -0500] "GET /galeria/nivo-slider/demo/images/maximavelocidad.png HTTP/1.1" 200 880272
190.26.162.130 - - [20/May/2019:07:33:55 -0500] "GET /galeria/nivo-slider/demo/images/Otorgamiento-excelencia-ambiental-Jos%C3%A9-Celestino-Mutis-2.jpg HTTP/1.1" 200 276467
190.26.162.130 - - [20/May/2019:07:33:55 -0500] "GET /galeria/nivo-slider/demo/images/Banner%20practicas%20sostenibles.jpg HTTP/1.1" 200 142958
190.68.153.220 - - [20/May/2019:07:33:56 -0500] "GET /galeria/galeria/jquery.fancybox.css?v=2.1.5 HTTP/1.1" 200 4895
190.26.162.130 - - [20/May/2019:07:33:56 -0500] "GET /galeria/nivo-slider/demo/images/banner%20aceite%20vegetal%20usado.jpg HTTP/1.1" 200 169350
190.26.162.130 - - [20/May/2019:07:33:57 -0500] "GET /galeria/nivo-slider/demo/images/Banner%20rio%20bogot%C3%A1.jpg HTTP/1.1" 200 247732
190.26.162.130 - - [20/May/2019:07:33:58 -0500] "GET /galeria/nivo-slider/themes/default/loading.gif HTTP/1.1" 200 1737
190.26.162.130 - - [20/May/2019:07:33:58 -0500] "GET /galeria/nivo-slider/demo/images/4Simple_Slider.png HTTP/1.1" 200 11722
190.26.162.130 - - [20/May/2019:07:33:59 -0500] "GET /galeria/nivo-slider/jquery.nivo.slider.pack.js HTTP/1.1" 200 11561
190.26.162.130 - - [20/May/2019:07:33:59 -0500] "GET /galeria/nivo-slider/demo/images/banner%20lluvias.jpg HTTP/1.1" 200 254815
52.25.163.0 - - [20/May/2019:07:34:00 -0500] "GET /BLA/resoluciones/index.php?dir=AUTOS%202009/sort=nameorder=desc/sort=sizeorder=asc/sort=nameorder=desc/sort=sizeorder=asc/sort=nameorder=desc/sort=dateorder=asc/sort=nameorder=desc/sort=nameorder=desc/sort=nameorder=desc/sort=dateorder=asc/sort=sizeorder=asc HTTP/1.1" 200 12966
190.26.162.130 - - [20/May/2019:07:34:04 -0500] "GET /galeria/nivo-slider/themes/default/arrows.png HTTP/1.1" 200 824
190.26.162.130 - - [20/May/2019:07:34:04 -0500] "GET /galeria/nivo-slider/themes/default/bullets.png HTTP/1.1" 200 1281
190.68.153.220 - - [20/May/2019:07:34:19 -0500] "GET /galeria/galeria/jquery.fancybox.css?v=2.1.5 HTTP/1.1" 200 4895
200.93.165.123 - - [20/May/2019:07:34:20 -0500] "GET /BLA/boletinlegal/consulta_actos.php?tipo=autos&no=2773&usuario=comestibles%20ricos&sector=VERTIMIENTOS&fecha=2017&resuelve= HTTP/1.1" 200 626
66.249.65.222 - - [20/May/2019:07:34:21 -0500] "GET /BLA/resoluciones/RESOLUCIONES%202011/3973.pdf HTTP/1.1" 200 698800
190.68.153.220 - - [20/May/2019:07:34:32 -0500] "GET /galeria/galeria/jquery.fancybox.css?v=2.1.5 HTTP/1.1" 200 4895
200.93.165.123 - - [20/May/2019:07:34:50 -0500] "GET /BLA/boletinlegal/consulta_actos.php?tipo=autos&no=2773&usuario=comestibles%20ricos&sector=VERTIMIENTOS&fecha=2017&resuelve= HTTP/1.1" 200 626
200.93.165.123 - - [20/May/2019:07:34:53 -0500] "GET /BLA/boletinlegal/consulta_actos.php?tipo=autos&no=2773&usuario=&sector=VERTIMIENTOS&fecha=2017&resuelve= HTTP/1.1" 200 626
200.93.165.123 - - [20/May/2019:07:34:54 -0500] "GET /BLA/boletinlegal/consulta_actos.php?tipo=autos&no=2773&usuario=&sector=VERTIMIENTOS&fecha=2017&resuelve= HTTP/1.1" 200 626
200.93.165.123 - - [20/May/2019:07:34:55 -0500] "GET /BLA/boletinlegal/consulta_actos.php?tipo=autos&no=2773&usuario=&sector=VERTIMIENTOS&fecha=2017&resuelve= HTTP/1.1" 200 626
200.93.165.123 - - [20/May/2019:07:34:55 -0500] "GET /BLA/boletinlegal/consulta_actos.php?tipo=autos&no=2773&usuario=&sector=VERTIMIENTOS&fecha=2017&resuelve= HTTP/1.1" 200 626
200.93.165.123 - - [20/May/2019:07:34:55 -0500] "GET /BLA/boletinlegal/consulta_actos.php?tipo=autos&no=2773&usuario=&sector=VERTIMIENTOS&fecha=2017&resuelve= HTTP/1.1" 200 626
200.93.165.123 - - [20/May/2019:07:34:55 -0500] "GET /BLA/boletinlegal/consulta_actos.php?tipo=autos&no=2773&usuario=&sector=VERTIMIENTOS&fecha=2017&resuelve= HTTP/1.1" 200 626
200.93.165.123 - - [20/May/2019:07:34:55 -0500] "GET /BLA/boletinlegal/consulta_actos.php?tipo=autos&no=2773&usuario=&sector=VERTIMIENTOS&fecha=2017&resuelve= HTTP/1.1" 200 626
200.93.165.123 - - [20/May/2019:07:34:56 -0500] "GET /BLA/boletinlegal/consulta_actos.php?tipo=autos&no=2773&usuario=&sector=VERTIMIENTOS&fecha=2017&resuelve= HTTP/1.1" 200 626
200.93.165.123 - - [20/May/2019:07:34:56 -0500] "GET /BLA/boletinlegal/consulta_actos.php?tipo=autos&no=2773&usuario=&sector=VERTIMIENTOS&fecha=2017&resuelve= HTTP/1.1" 200 626
200.93.165.123 - - [20/May/2019:07:34:58 -0500] "GET /BLA/boletinlegal/consulta_actos.php?tipo=autos&no=2773&usuario=&sector=VERTIMIENTOS&fecha=2017&resuelve= HTTP/1.1" 200 626
190.68.153.220 - - [20/May/2019:07:35:03 -0500] "GET /galeria/galeria/jquery.fancybox.css?v=2.1.5 HTTP/1.1" 200 4895
190.68.153.220 - - [20/May/2019:07:35:03 -0500] "GET /galeria/carrusel/Carrusel/jquery.thumbnailScroller.css HTTP/1.1" 200 2066
66.249.65.222 - - [20/May/2019:07:35:04 -0500] "GET /BLA/resoluciones/RESOLUCIONES%202014/3801.pdf HTTP/1.1" 200 1959629
190.68.153.220 - - [20/May/2019:07:35:04 -0500] "GET /galeria/nivo-slider/demo/demo.html HTTP/1.1" 200 24928
190.68.153.220 - - [20/May/2019:07:35:04 -0500] "GET /galeria/nivo-slider/themes/default/default.css HTTP/1.1" 200 1569
190.68.153.220 - - [20/May/2019:07:35:04 -0500] "GET /galeria/nivo-slider/demo/images/banner%20lluvias.jpg HTTP/1.1" 200 254815
190.68.153.220 - - [20/May/2019:07:35:05 -0500] "GET /galeria/nivo-slider/demo/images/Banner%20reciclaton.jpg HTTP/1.1" 200 215982
190.68.153.220 - - [20/May/2019:07:35:05 -0500] "GET /galeria/nivo-slider/demo/images/Banner%20rio%20bogot%C3%A1.jpg HTTP/1.1" 200 247732
190.68.153.220 - - [20/May/2019:07:35:05 -0500] "GET /galeria/nivo-slider/demo/images/Banner%20Segae%20Sumapaz.jpg HTTP/1.1" 200 252165
190.68.153.220 - - [20/May/2019:07:35:05 -0500] "GET /galeria/nivo-slider/demo/images/Caminatas%20mayo.png HTTP/1.1" 200 689328
190.68.153.222 - - [20/May/2019:07:35:05 -0500] "GET /galeria/galeria/jquery.fancybox.js?v=2.1.5 HTTP/1.1" 200 48706
190.68.153.222 - - [20/May/2019:07:35:05 -0500] "GET /BLA/boletinlegal/js/jquery.scrollShow.js HTTP/1.1" 200 4586
190.68.153.222 - - [20/May/2019:07:35:05 -0500] "GET /galeria/galeria/jquery.fancybox.css?v=2.1.5 HTTP/1.1" 200 4895
190.68.153.220 - - [20/May/2019:07:35:08 -0500] "GET /galeria/nivo-slider/demo/images/banner-bolsas-plasticas.jpg HTTP/1.1" 200 317939
200.125.49.78 - - [20/May/2019:07:35:16 -0500] "GET /galeria/galeria/fotos/2GuaymaralTorcaG2.jpg HTTP/1.1" 200 28916
190.93.137.233 - - [20/May/2019:07:35:27 -0500] "GET /BLA/resoluciones/RESOLUCIONES%202017/2959.pdf HTTP/1.1" 200 294927
181.61.205.29 - - [20/May/2019:07:35:27 -0500] "GET /galeria/galeria/jquery.fancybox.css?v=2.1.5 HTTP/1.1" 200 4895
190.93.137.233 - - [20/May/2019:07:35:28 -0500] "GET /BLA/resoluciones/RESOLUCIONES%202017/2960.pdf HTTP/1.1" 200 664703
190.93.137.233 - - [20/May/2019:07:35:29 -0500] "GET /BLA/resoluciones/RESOLUCIONES%202017/2961.pdf HTTP/1.1" 200 301755
181.61.205.29 - - [20/May/2019:07:35:29 -0500] "GET /BLA/boletinlegal/js/jquery.scrollShow.js HTTP/1.1" 200 4586
181.61.205.29 - - [20/May/2019:07:35:29 -0500] "GET /galeria/galeria/jquery.fancybox.js?v=2.1.5 HTTP/1.1" 200 48706
190.93.137.233 - - [20/May/2019:07:35:30 -0500] "GET /BLA/resoluciones/RESOLUCIONES%202017/2962.pdf HTTP/1.1" 200 1872373
191.156.27.108 - - [20/May/2019:07:35:30 -0500] "GET /galeria/galeria/jquery.fancybox.css?v=2.1.5 HTTP/1.1" 200 4895
191.156.27.108 - - [20/May/2019:07:35:30 -0500] "GET /BLA/boletinlegal/js/jquery.scrollShow.js HTTP/1.1" 200 4586
191.156.27.108 - - [20/May/2019:07:35:30 -0500] "GET /galeria/galeria/jquery.fancybox.js?v=2.1.5 HTTP/1.1" 200 48706
190.93.137.233 - - [20/May/2019:07:35:31 -0500] "GET /BLA/resoluciones/RESOLUCIONES%202017/2963.pdf HTTP/1.1" 200 1041973
190.93.137.233 - - [20/May/2019:07:35:32 -0500] "GET /BLA/resoluciones/RESOLUCIONES%202017/2964.pdf HTTP/1.1" 200 304498
190.93.137.233 - - [20/May/2019:07:35:34 -0500] "GET /BLA/resoluciones/RESOLUCIONES%202017/2965.pdf HTTP/1.1" 200 302990
190.68.153.220 - - [20/May/2019:07:35:34 -0500] "GET /galeria/nivo-slider/demo/scripts/jquery-1.7.1.min.js HTTP/1.1" 200 93868
190.93.137.233 - - [20/May/2019:07:35:35 -0500] "GET /BLA/resoluciones/RESOLUCIONES%202017/2966.pdf HTTP/1.1" 200 263884
54.188.51.229 - - [20/May/2019:07:35:36 -0500] "GET /BLA/resoluciones/index.php?dir=AUTOS%202009/sort=nameorder=desc/sort=sizeorder=asc/sort=nameorder=desc/sort=sizeorder=asc/sort=nameorder=desc/sort=dateorder=asc/sort=dateorder=asc/sort=nameorder=desc/sort=sizeorder=asc/sort=dateorder=asc/sort=dateorder=asc HTTP/1.1" 200 12958
190.93.137.233 - - [20/May/2019:07:35:36 -0500] "GET /BLA/resoluciones/RESOLUCIONES%202017/2967.pdf HTTP/1.1" 200 267191
190.68.153.220 - - [20/May/2019:07:35:36 -0500] "GET /galeria/nivo-slider/demo/images/bannersectorambiente.png HTTP/1.1" 200 308540
190.93.137.233 - - [20/May/2019:07:35:38 -0500] "GET /BLA/resoluciones/RESOLUCIONES%202017/2974.pdf HTTP/1.1" 200 306358
190.93.137.233 - - [20/May/2019:07:35:40 -0500] "GET /BLA/resoluciones/RESOLUCIONES%202017/2976.pdf HTTP/1.1" 200 305258
200.122.234.211 - - [20/May/2019:07:35:45 -0500] "GET /BLA/boletinlegal/consulta_actos.php?tipo=autos&no=2773&usuario=&sector=RESIDUOS&fecha=2017&resuelve= HTTP/1.1" 200 1070
70.42.131.189 - - [20/May/2019:07:35:47 -0500] "GET /galeria/galeria/jquery.fancybox.css?v=2.1.5 HTTP/1.1" 200 4895
70.42.131.189 - - [20/May/2019:07:35:47 -0500] "GET /galeria/carrusel/Carrusel/jquery.thumbnailScroller.css HTTP/1.1" 200 2066
70.42.131.189 - - [20/May/2019:07:35:47 -0500] "GET /BLA/boletinlegal/js/jquery.scrollShow.js HTTP/1.1" 200 4586
70.42.131.189 - - [20/May/2019:07:35:47 -0500] "GET /galeria/galeria/jquery.fancybox.js?v=2.1.5 HTTP/1.1" 200 48706
70.42.131.189 - - [20/May/2019:07:35:48 -0500] "GET /galeria/carrusel/Carrusel/jquery-ui-1.8.13.custom.min.js HTTP/1.1" 200 10800
200.122.234.211 - - [20/May/2019:07:35:48 -0500] "GET /BLA/resoluciones/AUTOS%202017/2773.pdf HTTP/1.1" 200 352123
190.85.95.220 - - [20/May/2019:07:35:48 -0500] "GET /BLA/resoluciones/RESOLUCIONES%202016/1226.pdf HTTP/1.1" 200 640684
70.42.131.189 - - [20/May/2019:07:35:48 -0500] "GET /galeria/carrusel/Carrusel/jquery.thumbnailScroller.js HTTP/1.1" 200 8157
70.42.131.189 - - [20/May/2019:07:35:49 -0500] "GET /galeria/nivo-slider/demo/demo.html HTTP/1.1" 200 24928
190.85.95.220 - - [20/May/2019:07:35:49 -0500] "GET /favicon.ico HTTP/1.1" 200 7782
70.42.131.189 - - [20/May/2019:07:35:49 -0500] "GET /galeria/nivo-slider/nivo-slider.css HTTP/1.1" 200 1507
70.42.131.189 - - [20/May/2019:07:35:49 -0500] "GET /galeria/nivo-slider/themes/orman/orman.css HTTP/1.1" 200 2152
70.42.131.189 - - [20/May/2019:07:35:49 -0500] "GET /galeria/nivo-slider/themes/default/default.css HTTP/1.1" 200 1569
70.42.131.189 - - [20/May/2019:07:35:49 -0500] "GET /galeria/nivo-slider/themes/pascal/pascal.css HTTP/1.1" 200 2258
70.42.131.189 - - [20/May/2019:07:35:49 -0500] "GET /galeria/nivo-slider/demo/style.css HTTP/1.1" 200 2222
70.42.131.189 - - [20/May/2019:07:35:49 -0500] "GET /galeria/nivo-slider/demo/scripts/jquery-1.7.1.min.js HTTP/1.1" 200 93868
70.42.131.189 - - [20/May/2019:07:35:49 -0500] "GET /galeria/nivo-slider/demo/images/banner%20lluvias.jpg HTTP/1.1" 200 254815
200.122.234.211 - - [20/May/2019:07:35:49 -0500] "GET /favicon.ico HTTP/1.1" 200 7782
70.42.131.189 - - [20/May/2019:07:35:49 -0500] "GET /galeria/nivo-slider/jquery.nivo.slider.pack.js HTTP/1.1" 200 11561
70.42.131.189 - - [20/May/2019:07:35:49 -0500] "GET /galeria/nivo-slider/demo/images/4Simple_Slider.png HTTP/1.1" 200 11722
70.42.131.189 - - [20/May/2019:07:35:49 -0500] "GET /galeria/nivo-slider/themes/default/loading.gif HTTP/1.1" 200 1737
70.42.131.189 - - [20/May/2019:07:35:49 -0500] "GET /galeria/nivo-slider/demo/images/Banner%20rio%20bogot%C3%A1.jpg HTTP/1.1" 200 247732
70.42.131.189 - - [20/May/2019:07:35:49 -0500] "GET /galeria/nivo-slider/demo/images/Caminatas%20mayo.png HTTP/1.1" 200 689328
70.42.131.189 - - [20/May/2019:07:35:50 -0500] "GET /galeria/nivo-slider/demo/images/Banner%20Segae%20Sumapaz.jpg HTTP/1.1" 200 252165
70.42.131.189 - - [20/May/2019:07:35:50 -0500] "GET /galeria/nivo-slider/demo/images/Banner%20reciclaton.jpg HTTP/1.1" 200 215982
190.93.137.233 - - [20/May/2019:07:35:51 -0500] "GET /BLA/resoluciones/RESOLUCIONES%202017/2977.pdf HTTP/1.1" 200 305313
70.42.131.189 - - [20/May/2019:07:35:52 -0500] "GET /galeria/nivo-slider/demo/images/bannersectorambiente.png HTTP/1.1" 200 308540
70.42.131.189 - - [20/May/2019:07:35:52 -0500] "GET /galeria/nivo-slider/demo/images/Banner%20RCD.jpg HTTP/1.1" 200 92197
190.93.137.233 - - [20/May/2019:07:35:52 -0500] "GET /BLA/resoluciones/RESOLUCIONES%202017/2981.pdf HTTP/1.1" 200 382855
190.93.137.233 - - [20/May/2019:07:35:53 -0500] "GET /BLA/resoluciones/RESOLUCIONES%202017/2982.pdf HTTP/1.1" 200 431020
70.42.131.189 - - [20/May/2019:07:35:53 -0500] "GET /galeria/nivo-slider/demo/images/bannertinguasweb.jpg HTTP/1.1" 200 258471
70.42.131.189 - - [20/May/2019:07:35:53 -0500] "GET /galeria/nivo-slider/demo/images/Banner%20Conpes.jpg HTTP/1.1" 200 55220
70.42.131.189 - - [20/May/2019:07:35:53 -0500] "GET /galeria/nivo-slider/demo/images/Banner%20practicas%20sostenibles.jpg HTTP/1.1" 200 142958
70.42.131.189 - - [20/May/2019:07:35:54 -0500] "GET /galeria/nivo-slider/demo/images/Banner%20POT.png HTTP/1.1" 200 418238
66.249.65.223 - - [20/May/2019:07:35:54 -0500] "GET /BLA/resoluciones/RESOLUCIONES%202009/0093.pdf HTTP/1.1" 200 283365
190.93.137.233 - - [20/May/2019:07:35:54 -0500] "GET /BLA/resoluciones/RESOLUCIONES%202017/2983.pdf HTTP/1.1" 200 305886
70.42.131.189 - - [20/May/2019:07:35:54 -0500] "GET /galeria/nivo-slider/demo/images/incendios-forestales.png HTTP/1.1" 200 61469
70.42.131.189 - - [20/May/2019:07:35:55 -0500] "GET /galeria/nivo-slider/demo/images/Pot_banner.jpg HTTP/1.1" 200 204736
70.42.131.189 - - [20/May/2019:07:35:55 -0500] "GET /galeria/nivo-slider/demo/images/BANNER%20punto.jpg HTTP/1.1" 200 75932
70.42.131.189 - - [20/May/2019:07:35:55 -0500] "GET /galeria/nivo-slider/demo/images/Banneranonimos.png HTTP/1.1" 200 109388
70.42.131.189 - - [20/May/2019:07:35:55 -0500] "GET /galeria/nivo-slider/demo/images/web%20ingreso%20humedales.png HTTP/1.1" 200 641193
70.42.131.189 - - [20/May/2019:07:35:55 -0500] "GET /galeria/nivo-slider/demo/images/gobierno%20digital-01.jpg HTTP/1.1" 200 116163
70.42.131.189 - - [20/May/2019:07:35:55 -0500] "GET /galeria/nivo-slider/demo/images/Otorgamiento-excelencia-ambiental-Jos%C3%A9-Celestino-Mutis-2.jpg HTTP/1.1" 200 276467
70.42.131.189 - - [20/May/2019:07:35:55 -0500] "GET /galeria/nivo-slider/demo/images/Banner_micrositio.png HTTP/1.1" 200 146950
70.42.131.189 - - [20/May/2019:07:35:55 -0500] "GET /galeria/nivo-slider/demo/images/avances-sentencias-rio-bogota-2.jpg HTTP/1.1" 200 304916
70.42.131.189 - - [20/May/2019:07:35:56 -0500] "GET /galeria/nivo-slider/demo/images/BANNER%20VAN%20DER%20HAMMEN.jpg HTTP/1.1" 200 64172
70.42.131.189 - - [20/May/2019:07:35:56 -0500] "GET /galeria/nivo-slider/demo/images/banner-humedales-de-bogota.jpg HTTP/1.1" 200 292611
70.42.131.189 - - [20/May/2019:07:35:56 -0500] "GET /galeria/nivo-slider/demo/images/maximavelocidad.png HTTP/1.1" 200 880272
70.42.131.189 - - [20/May/2019:07:35:56 -0500] "GET /galeria/nivo-slider/demo/images/banner%20aceite%20vegetal%20usado.jpg HTTP/1.1" 200 169350
70.42.131.189 - - [20/May/2019:07:35:57 -0500] "GET /galeria/nivo-slider/demo/images/bannerlumina2017web.jpg HTTP/1.1" 200 198918
190.93.137.233 - - [20/May/2019:07:35:57 -0500] "GET /BLA/resoluciones/RESOLUCIONES%202017/2984.pdf HTTP/1.1" 200 260940
70.42.131.189 - - [20/May/2019:07:35:58 -0500] "GET /galeria/nivo-slider/demo/images/banner-bolsas-plasticas.jpg HTTP/1.1" 200 317939
190.93.137.233 - - [20/May/2019:07:35:58 -0500] "GET /BLA/resoluciones/RESOLUCIONES%202017/2991.pdf HTTP/1.1" 200 6995812
190.93.137.233 - - [20/May/2019:07:35:59 -0500] "GET /BLA/resoluciones/RESOLUCIONES%202017/2992.pdf HTTP/1.1" 200 756881
190.93.137.233 - - [20/May/2019:07:36:01 -0500] "GET /BLA/resoluciones/RESOLUCIONES%202017/3001.pdf HTTP/1.1" 200 308004
70.42.131.189 - - [20/May/2019:07:36:02 -0500] "GET /galeria/nivo-slider/themes/default/bullets.png HTTP/1.1" 200 1281
70.42.131.189 - - [20/May/2019:07:36:02 -0500] "GET /galeria/nivo-slider/themes/default/arrows.png HTTP/1.1" 200 824
190.93.137.233 - - [20/May/2019:07:36:02 -0500] "GET /BLA/resoluciones/RESOLUCIONES%202017/3002.pdf HTTP/1.1" 200 307060
190.93.137.233 - - [20/May/2019:07:36:03 -0500] "GET /BLA/resoluciones/RESOLUCIONES%202017/3004.pdf HTTP/1.1" 200 306582
190.93.137.233 - - [20/May/2019:07:36:05 -0500] "GET /BLA/resoluciones/RESOLUCIONES%202017/3006.pdf HTTP/1.1" 200 305550
190.93.137.233 - - [20/May/2019:07:36:06 -0500] "GET /BLA/resoluciones/RESOLUCIONES%202017/3007.pdf HTTP/1.1" 200 307088
192.168.175.104 - - [20/May/2019:07:36:07 -0500] "GET / HTTP/1.0" 200 9990
190.93.137.233 - - [20/May/2019:07:36:08 -0500] "GET /BLA/resoluciones/RESOLUCIONES%202017/3008.pdf HTTP/1.1" 200 306751
190.68.153.220 - - [20/May/2019:07:36:09 -0500] "GET /galeria/nivo-slider/demo/images/Banner%20RCD.jpg HTTP/1.1" 200 92197
190.93.137.233 - - [20/May/2019:07:36:11 -0500] "GET /BLA/resoluciones/RESOLUCIONES%202017/3009.pdf HTTP/1.1" 200 306069
190.68.153.220 - - [20/May/2019:07:36:12 -0500] "GET /galeria/nivo-slider/demo/images/bannertinguasweb.jpg HTTP/1.1" 200 258471
190.93.137.233 - - [20/May/2019:07:36:12 -0500] "GET /BLA/resoluciones/RESOLUCIONES%202017/3010.pdf HTTP/1.1" 200 305181
54.191.180.230 - - [20/May/2019:07:36:14 -0500] "GET /BLA/resoluciones/index.php?dir=AUTOS%202009/sort=nameorder=desc/sort=sizeorder=asc/sort=dateorder=asc/sort=nameorder=desc/sort=nameorder=desc/sort=sizeorder=asc/sort=dateorder=asc/sort=sizeorder=asc/sort=nameorder=desc/sort=dateorder=asc HTTP/1.1" 200 12876
190.93.137.233 - - [20/May/2019:07:36:19 -0500] "GET /BLA/resoluciones/RESOLUCIONES%202017/3011.pdf HTTP/1.1" 200 304005
201.245.192.253 - - [20/May/2019:07:36:30 -0500] "GET /galeria/galeria/jquery.fancybox.css?v=2.1.5 HTTP/1.1" 200 4895
211.1.233.151 - - [20/May/2019:07:36:31 -0500] "GET /wp-login.php HTTP/1.1" 404 1018
66.249.65.193 - - [20/May/2019:07:36:44 -0500] "GET /BLA/resoluciones/RESOLUCIONES%202008/2581.pdf HTTP/1.1" 200 49695
190.68.153.220 - - [20/May/2019:07:36:47 -0500] "GET /galeria/nivo-slider/demo/images/Banner%20Conpes.jpg HTTP/1.1" 200 55220
190.68.153.220 - - [20/May/2019:07:36:48 -0500] "GET /galeria/nivo-slider/demo/images/Banner%20practicas%20sostenibles.jpg HTTP/1.1" 200 142958
190.68.153.220 - - [20/May/2019:07:36:52 -0500] "GET /galeria/nivo-slider/demo/images/Banner%20POT.png HTTP/1.1" 200 418238
190.68.153.220 - - [20/May/2019:07:37:01 -0500] "GET /galeria/nivo-slider/demo/images/incendios-forestales.png HTTP/1.1" 200 61469
64.233.172.147 - - [20/May/2019:07:37:11 -0500] "GET /galeria/galeria/jquery.fancybox.css?v=2.1.5 HTTP/1.1" 200 4895
64.233.172.149 - - [20/May/2019:07:37:11 -0500] "GET /BLA/boletinlegal/js/jquery.scrollShow.js HTTP/1.1" 200 4586
64.233.172.149 - - [20/May/2019:07:37:11 -0500] "GET /galeria/galeria/jquery.fancybox.js?v=2.1.5 HTTP/1.1" 200 48706
54.218.53.250 - - [20/May/2019:07:37:17 -0500] "GET /BLA/resoluciones/index.php?dir=AUTOS+2009%2Fsort%3Dnameorder%3Ddesc%2Fsort%3Dsizeorder%3Dasc%2Fsort%3Dnameorder%3Ddesc%2Fsort%3Dsizeorder%3Dasc%2Fsort%3Dnameorder%3Ddesc%2Fsort%3Ddateorder%3Dasc%2Fsort%3Ddateorder%3Dasc%2Fsort%3Dnameorder%3Ddesc%2Fsort%3Ddateorder%3Dasc%2F HTTP/1.1" 200 12794
66.249.65.223 - - [20/May/2019:07:37:35 -0500] "GET /BLA/resoluciones/AUTOS%202011/3926.pdf HTTP/1.1" 200 245685
200.93.165.123 - - [20/May/2019:07:37:35 -0500] "GET /BLA/boletinlegal/consulta_actos.php?tipo=resoluciones&no=3957&usuario=comestibles%20ricos&sector=VERTIMIENTOS&fecha=2009&resuelve= HTTP/1.1" 200 626
190.68.153.220 - - [20/May/2019:07:37:40 -0500] "GET /galeria/nivo-slider/demo/images/Pot_banner.jpg HTTP/1.1" 200 204736
190.68.153.220 - - [20/May/2019:07:37:41 -0500] "GET /galeria/nivo-slider/demo/images/BANNER%20punto.jpg HTTP/1.1" 200 75932
190.68.153.220 - - [20/May/2019:07:37:43 -0500] "GET /galeria/nivo-slider/demo/images/Banneranonimos.png HTTP/1.1" 200 109388
216.244.66.195 - - [20/May/2019:07:37:46 -0500] "GET /robots.txt HTTP/1.1" 404 1018
