52.34.103.153 - - [22/May/2019:02:54:15 -0500] "GET /BLA/resoluciones/index.php?dir=AUTOS%202009/sort=nameorder=desc/sort=sizeorder=asc/sort=nameorder=desc/sort=sizeorder=asc/sort=nameorder=desc/sort=dateorder=asc/sort=dateorder=asc/sort=dateorder=asc/sort=sizeorder=asc/sort=nameorder=desc/sort=dateorder=asc/sort=dateorder=asc/sort=dateorder=asc/sort=dateorder=asc HTTP/1.1" 200 13204
18.236.69.162 - - [22/May/2019:02:54:26 -0500] "GET /BLA/resoluciones/index.php?dir=AUTOS%202009/sort=dateorder=asc/sort=dateorder=asc/sort=dateorder=asc/sort=dateorder=asc/sort=nameorder=desc/sort=nameorder=desc/sort=sizeorder=asc/sort=sizeorder=asc/sort=sizeorder=asc/sort=dateorder=asc/sort=sizeorder=asc/sort=nameorder=desc/sort=nameorder=desc HTTP/1.1" 200 13121
190.235.124.79 - - [22/May/2019:02:54:45 -0500] "GET /galeria/galeria/jquery.fancybox.css?v=2.1.5 HTTP/1.1" 200 4895
190.235.124.79 - - [22/May/2019:02:54:47 -0500] "GET /BLA/boletinlegal/js/jquery.scrollShow.js HTTP/1.1" 200 4586
66.249.65.222 - - [22/May/2019:02:54:47 -0500] "GET /BLA/resoluciones/RESOLUCIONES%202010/2399.pdf HTTP/1.1" 200 514050
190.235.124.79 - - [22/May/2019:02:54:48 -0500] "GET /galeria/galeria/jquery.fancybox.js?v=2.1.5 HTTP/1.1" 200 48706
52.25.163.0 - - [22/May/2019:02:55:20 -0500] "GET /BLA/resoluciones/index.php?dir=AUTOS%202009/sort=nameorder=desc/sort=sizeorder=asc/sort=nameorder=desc/sort=sizeorder=asc/sort=nameorder=desc/sort=dateorder=asc/sort=dateorder=asc/sort=dateorder=asc/sort=sizeorder=asc/sort=nameorder=desc/sort=dateorder=asc/sort=sizeorder=asc/sort=nameorder=desc/sort=dateorder=asc HTTP/1.1" 200 13208
34.219.168.191 - - [22/May/2019:02:55:27 -0500] "GET /BLA/resoluciones/index.php?dir=AUTOS%202009/sort=dateorder=asc/sort=dateorder=asc/sort=dateorder=asc/sort=dateorder=asc/sort=nameorder=desc/sort=nameorder=desc/sort=sizeorder=asc/sort=sizeorder=asc/sort=sizeorder=asc/sort=dateorder=asc/sort=sizeorder=asc/sort=dateorder=asc/sort=sizeorder=asc HTTP/1.1" 200 13114
69.162.124.233 - - [22/May/2019:02:55:44 -0500] "HEAD / HTTP/1.1" 200 -
54.68.224.252 - - [22/May/2019:02:55:50 -0500] "GET /BLA/resoluciones/index.php?dir=AUTOS%202009/sort=nameorder=desc/sort=sizeorder=asc/sort=nameorder=desc/sort=sizeorder=asc/sort=nameorder=desc/sort=dateorder=asc/sort=dateorder=asc/sort=dateorder=asc/sort=sizeorder=asc/sort=nameorder=desc/sort=dateorder=asc/sort=sizeorder=asc/sort=nameorder=desc/sort=nameorder=desc HTTP/1.1" 200 13211
186.117.120.188 - - [22/May/2019:02:55:55 -0500] "GET /galeria/galeria/jquery.fancybox.css?v=2.1.5 HTTP/1.1" 200 4895
186.117.120.188 - - [22/May/2019:02:55:55 -0500] "GET /galeria/galeria/jquery.fancybox.js?v=2.1.5 HTTP/1.1" 200 48706
186.117.120.188 - - [22/May/2019:02:55:55 -0500] "GET /BLA/boletinlegal/js/jquery.scrollShow.js HTTP/1.1" 200 4586
66.249.65.193 - - [22/May/2019:02:56:22 -0500] "GET /BLA/resoluciones/AUTOS%202011/3682.pdf HTTP/1.1" 200 410358
192.168.175.104 - - [22/May/2019:02:56:34 -0500] "GET / HTTP/1.1" 200 9990
54.213.246.82 - - [22/May/2019:02:56:36 -0500] "GET /BLA/resoluciones/index.php?dir=AUTOS%202009/sort=dateorder=asc/sort=dateorder=asc/sort=dateorder=asc/sort=dateorder=asc/sort=nameorder=desc/sort=nameorder=desc/sort=sizeorder=asc/sort=sizeorder=asc/sort=sizeorder=asc/sort=dateorder=asc/sort=sizeorder=asc/sort=dateorder=asc/sort=dateorder=asc HTTP/1.1" 200 13114
66.249.65.223 - - [22/May/2019:02:56:58 -0500] "GET /BLA/resoluciones/AUTOS%202010/0435.pdf HTTP/1.1" 200 274941
216.244.66.195 - - [22/May/2019:02:57:02 -0500] "GET /robots.txt HTTP/1.1" 404 1018
66.249.65.193 - - [22/May/2019:02:57:51 -0500] "GET /BLA/resoluciones/RESOLUCIONES%202014/0678.pdf HTTP/1.1" 200 578456
207.46.13.101 - - [22/May/2019:02:58:06 -0500] "GET / HTTP/1.1" 200 9990
54.213.88.171 - - [22/May/2019:02:58:23 -0500] "GET /BLA/resoluciones/index.php?dir=AUTOS%202009/sort=nameorder=desc/sort=sizeorder=asc/sort=nameorder=desc/sort=sizeorder=asc/sort=nameorder=desc/sort=dateorder=asc/sort=dateorder=asc/sort=dateorder=asc/sort=sizeorder=asc/sort=dateorder=asc/sort=nameorder=desc/sort=nameorder=desc/sort=dateorder=asc/sort=nameorder=desc HTTP/1.1" 200 13211
192.168.175.104 - - [22/May/2019:02:58:42 -0500] "GET / HTTP/1.0" 200 9990
52.32.189.165 - - [22/May/2019:02:58:52 -0500] "GET /BLA/resoluciones/index.php?dir=AUTOS%202009/sort=nameorder=desc/sort=sizeorder=asc/sort=nameorder=desc/sort=sizeorder=asc/sort=nameorder=desc/sort=dateorder=asc/sort=dateorder=asc/sort=dateorder=asc/sort=sizeorder=asc/sort=nameorder=desc/sort=dateorder=asc/sort=dateorder=asc/sort=nameorder=desc/sort=nameorder=desc HTTP/1.1" 200 13211
66.249.65.193 - - [22/May/2019:02:59:30 -0500] "GET /BLA/resoluciones/RESOLUCIONES%202011/0817.pdf HTTP/1.1" 200 301642
207.46.13.108 - - [22/May/2019:02:59:39 -0500] "GET /BLA/boletinlegal/Circulares/2012/Circular%20No.%2010%20del%2022%20de%20Agosto%20de%202012.pdf HTTP/1.1" 200 1563219
66.249.65.222 - - [22/May/2019:03:00:38 -0500] "GET /BLA/resoluciones/RESOLUCIONES%202009/7890.pdf HTTP/1.1" 200 573960
34.218.241.47 - - [22/May/2019:03:00:39 -0500] "GET /BLA/resoluciones/index.php?dir=AUTOS%202009/sort=dateorder=asc/sort=dateorder=asc/sort=dateorder=asc/sort=dateorder=asc/sort=nameorder=desc/sort=nameorder=desc/sort=sizeorder=asc/sort=sizeorder=asc/sort=sizeorder=asc/sort=dateorder=asc/sort=sizeorder=asc/sort=nameorder=desc/sort=dateorder=asc HTTP/1.1" 200 13118
69.162.124.233 - - [22/May/2019:03:00:44 -0500] "HEAD / HTTP/1.1" 200 -
66.249.65.223 - - [22/May/2019:03:00:49 -0500] "GET /BLA/resoluciones/RESOLUCIONES%202007/RES%202007%201301%20AL%201400/RESOLUCION%201318%20DE%202007.pdf HTTP/1.1" 200 322351
157.55.39.100 - - [22/May/2019:03:00:50 -0500] "GET /BLA/boletinlegal/normativa.php HTTP/1.1" 200 8156
192.168.175.104 - - [22/May/2019:03:01:33 -0500] "GET / HTTP/1.1" 200 9990
66.249.65.223 - - [22/May/2019:03:02:20 -0500] "GET /BLA/resoluciones/AUTOS%202015/0476.pdf HTTP/1.1" 304 -
66.249.65.193 - - [22/May/2019:03:02:24 -0500] "GET /BLA/resoluciones/AUTOS%202007/2099.pdf HTTP/1.1" 200 87764
66.249.65.222 - - [22/May/2019:03:02:48 -0500] "GET /BLA/resoluciones/RESOLUCIONES%202007/RES%202007%202201%20AL%202300/RESOLUCION%202274%20DE%202007.pdf HTTP/1.1" 200 785153
66.249.65.223 - - [22/May/2019:03:02:49 -0500] "GET /BLA/resoluciones/AUTOS%202008/2123.pdf HTTP/1.1" 200 98648
66.249.88.125 - - [22/May/2019:03:02:50 -0500] "GET /BLA/boletinlegal/js/jquery.scrollShow.js HTTP/1.1" 200 4586
66.249.88.127 - - [22/May/2019:03:02:50 -0500] "GET /galeria/galeria/jquery.fancybox.js?v=2.1.5 HTTP/1.1" 200 48706
66.249.88.123 - - [22/May/2019:03:02:50 -0500] "GET /galeria/galeria/jquery.fancybox.css?v=2.1.5 HTTP/1.1" 200 4895
40.77.167.182 - - [22/May/2019:03:02:55 -0500] "GET /galeria/galeria/fotos/3GuaymaralTorcaG3.jpg HTTP/1.1" 200 39105
34.219.165.132 - - [22/May/2019:03:03:11 -0500] "GET /BLA/resoluciones/index.php?dir=AUTOS%202009/sort=nameorder=desc/sort=sizeorder=asc/sort=nameorder=desc/sort=sizeorder=asc/sort=nameorder=desc/sort=dateorder=asc/sort=dateorder=asc/sort=dateorder=asc/sort=sizeorder=asc/sort=nameorder=desc/sort=dateorder=asc/sort=dateorder=asc/sort=sizeorder=asc/sort=sizeorder=asc HTTP/1.1" 200 13204
192.168.175.104 - - [22/May/2019:03:03:41 -0500] "GET / HTTP/1.0" 200 9990
66.249.88.123 - - [22/May/2019:03:03:42 -0500] "GET /BLA/resoluciones/AUTOS%202013/0321.pdf HTTP/1.1" 200 1231087
157.55.39.196 - - [22/May/2019:03:04:13 -0500] "GET /BLA/boletinlegal/Circulares/2011/Circular%20No.%204%20del%2012%20de%20Agosto%20de%202011.pdf HTTP/1.1" 304 -
52.25.163.0 - - [22/May/2019:03:04:18 -0500] "GET /BLA/resoluciones/index.php?dir=AUTOS%202009/sort=nameorder=desc/sort=sizeorder=asc/sort=nameorder=desc/sort=sizeorder=asc/sort=nameorder=desc/sort=dateorder=asc/sort=dateorder=asc/sort=dateorder=asc/sort=sizeorder=asc/sort=nameorder=desc/sort=dateorder=asc/sort=dateorder=asc/sort=nameorder=desc/sort=dateorder=asc HTTP/1.1" 200 13208
52.33.138.158 - - [22/May/2019:03:04:25 -0500] "GET /BLA/resoluciones/index.php?dir=AUTOS%202009/sort=nameorder=desc/sort=sizeorder=asc/sort=nameorder=desc/sort=sizeorder=asc/sort=nameorder=desc/sort=dateorder=asc/sort=nameorder=desc/sort=nameorder=desc/sort=sizeorder=asc/sort=sizeorder=asc/sort=nameorder=desc/sort=dateorder=asc/sort=nameorder=desc/sort=sizeorder=asc HTTP/1.1" 200 13216
54.70.46.142 - - [22/May/2019:03:04:46 -0500] "GET /BLA/resoluciones/index.php?dir=AUTOS%202009/sort=nameorder=desc/sort=sizeorder=asc/sort=nameorder=desc/sort=sizeorder=asc/sort=nameorder=desc/sort=dateorder=asc/sort=nameorder=desc/sort=nameorder=desc/sort=sizeorder=asc/sort=sizeorder=asc/sort=nameorder=desc/sort=dateorder=asc/sort=nameorder=desc/sort=dateorder=asc HTTP/1.1" 200 13216
40.77.167.0 - - [22/May/2019:03:05:04 -0500] "GET /POT-2013/Cartografia/03_Suelos%20de%20Protecci%C3%B3n.pdf HTTP/1.1" 200 3680887
66.249.65.193 - - [22/May/2019:03:05:15 -0500] "GET /BLA/resoluciones/AUTOS%202010/0376.pdf HTTP/1.1" 200 180667
66.249.65.222 - - [22/May/2019:03:05:24 -0500] "GET /BLA/resoluciones/RESOLUCIONES%202015/1007.pdf HTTP/1.1" 304 -
66.249.65.222 - - [22/May/2019:03:05:30 -0500] "GET /BLA/resoluciones/AUTOS%202007/0925.pdf HTTP/1.1" 200 157717
18.236.175.67 - - [22/May/2019:03:05:35 -0500] "GET /BLA/resoluciones/index.php?dir=AUTOS%202009/sort=nameorder=desc/sort=sizeorder=asc/sort=nameorder=desc/sort=sizeorder=asc/sort=nameorder=desc/sort=dateorder=asc/sort=dateorder=asc/sort=dateorder=asc/sort=sizeorder=asc/sort=nameorder=desc/sort=dateorder=asc/sort=dateorder=asc/sort=nameorder=desc/sort=sizeorder=asc HTTP/1.1" 200 13208
54.187.197.71 - - [22/May/2019:03:05:42 -0500] "GET /BLA/resoluciones/index.php?dir=AUTOS%202009/sort=nameorder=desc/sort=sizeorder=asc/sort=nameorder=desc/sort=sizeorder=asc/sort=nameorder=desc/sort=dateorder=asc/sort=dateorder=asc/sort=dateorder=asc/sort=sizeorder=asc/sort=nameorder=desc/sort=dateorder=asc/sort=dateorder=asc/sort=sizeorder=asc/sort=dateorder=asc HTTP/1.1" 200 13204
69.162.124.233 - - [22/May/2019:03:05:44 -0500] "HEAD / HTTP/1.1" 200 -
66.249.65.193 - - [22/May/2019:03:06:23 -0500] "GET /BLA/resoluciones/RESOLUCIONES%202011/5818.pdf HTTP/1.1" 200 343641
54.188.51.229 - - [22/May/2019:03:06:31 -0500] "GET /BLA/resoluciones/index.php?dir=AUTOS+2009%2Fsort%3Dnameorder%3Ddesc%2Fsort%3Dsizeorder%3Dasc%2Fsort%3Dnameorder%3Ddesc%2Fsort%3Dsizeorder%3Dasc%2Fsort%3Dnameorder%3Ddesc%2Fsort%3Ddateorder%3Dasc%2Fsort%3Dnameorder%3Ddesc%2Fsort%3Dnameorder%3Ddesc%2Fsort%3Dsizeorder%3Dasc%2Fsort%3Dsizeorder%3Dasc%2Fsort%3Dnameorder%3Ddesc%2Fsort%3Ddateorder%3Dasc%2F HTTP/1.1" 200 13048
192.168.175.104 - - [22/May/2019:03:06:32 -0500] "GET / HTTP/1.1" 200 9990
54.189.173.26 - - [22/May/2019:03:06:35 -0500] "GET /BLA/resoluciones/index.php?dir=AUTOS%202009/sort=nameorder=desc/sort=sizeorder=asc/sort=nameorder=desc/sort=sizeorder=asc/sort=nameorder=desc/sort=dateorder=asc/sort=dateorder=asc/sort=dateorder=asc/sort=sizeorder=asc/sort=nameorder=desc/sort=dateorder=asc/sort=sizeorder=asc/sort=nameorder=desc/sort=sizeorder=asc HTTP/1.1" 200 13208
66.249.65.222 - - [22/May/2019:03:07:19 -0500] "GET /BLA/resoluciones/RESOLUCIONES%202014/2242.pdf HTTP/1.1" 200 2473845
52.34.103.153 - - [22/May/2019:03:07:58 -0500] "GET /BLA/resoluciones/index.php?dir=AUTOS+2009%2Fsort%3Dnameorder%3Ddesc%2Fsort%3Dsizeorder%3Dasc%2Fsort%3Dnameorder%3Ddesc%2Fsort%3Dsizeorder%3Dasc%2Fsort%3Dnameorder%3Ddesc%2Fsort%3Ddateorder%3Dasc%2Fsort%3Ddateorder%3Dasc%2Fsort%3Ddateorder%3Dasc%2Fsort%3Dsizeorder%3Dasc%2Fsort%3Ddateorder%3Dasc%2Fsort%3Dnameorder%3Ddesc%2Fsort%3Dsizeorder%3Dasc%2F HTTP/1.1" 200 13040
54.213.240.92 - - [22/May/2019:03:08:18 -0500] "GET /BLA/resoluciones/index.php?dir=AUTOS%202009/sort=nameorder=desc/sort=sizeorder=asc/sort=nameorder=desc/sort=sizeorder=asc/sort=nameorder=desc/sort=dateorder=asc/sort=dateorder=asc/sort=dateorder=asc/sort=sizeorder=asc/sort=dateorder=asc/sort=nameorder=desc/sort=sizeorder=asc/sort=nameorder=desc/sort=nameorder=desc HTTP/1.1" 200 13211
52.37.172.250 - - [22/May/2019:03:08:25 -0500] "GET /BLA/resoluciones/index.php?dir=AUTOS%202009/sort=nameorder=desc/sort=sizeorder=asc/sort=nameorder=desc/sort=sizeorder=asc/sort=nameorder=desc/sort=dateorder=asc/sort=nameorder=desc/sort=nameorder=desc/sort=sizeorder=asc/sort=sizeorder=asc/sort=nameorder=desc/sort=dateorder=asc/sort=dateorder=asc/sort=nameorder=desc HTTP/1.1" 200 13215
54.188.120.23 - - [22/May/2019:03:08:27 -0500] "GET /BLA/resoluciones/index.php?dir=AUTOS%202009/sort=nameorder=desc/sort=sizeorder=asc/sort=nameorder=desc/sort=sizeorder=asc/sort=nameorder=desc/sort=dateorder=asc/sort=dateorder=asc/sort=dateorder=asc/sort=sizeorder=asc/sort=dateorder=asc/sort=nameorder=desc/sort=dateorder=asc/sort=dateorder=asc/sort=nameorder=desc HTTP/1.1" 200 13207
192.168.175.104 - - [22/May/2019:03:08:38 -0500] "GET / HTTP/1.0" 200 9990
66.249.65.223 - - [22/May/2019:03:08:58 -0500] "GET /BLA/resoluciones/RESOLUCIONES%202011/4690.pdf HTTP/1.1" 200 1088543
201.245.192.253 - - [22/May/2019:03:08:49 -0500] "POST /kwsrmcab/Wsrmcab HTTP/1.1" 200 31437
201.245.192.253 - - [22/May/2019:03:08:48 -0500] "POST /kwsrmcab/Wsrmcab HTTP/1.1" 200 31437
35.165.230.10 - - [22/May/2019:03:09:45 -0500] "GET /BLA/resoluciones/index.php?dir=AUTOS%202009/sort=nameorder=desc/sort=sizeorder=asc/sort=nameorder=desc/sort=sizeorder=asc/sort=nameorder=desc/sort=dateorder=asc/sort=dateorder=asc/sort=dateorder=asc/sort=sizeorder=asc/sort=nameorder=desc/sort=dateorder=asc/sort=dateorder=asc/sort=sizeorder=asc/sort=nameorder=desc HTTP/1.1" 200 13207
186.144.241.246 - - [22/May/2019:03:09:58 -0500] "GET /galeria/galeria/jquery.fancybox.css?v=2.1.5 HTTP/1.1" 200 4895
186.144.241.246 - - [22/May/2019:03:09:58 -0500] "GET /BLA/boletinlegal/js/jquery.scrollShow.js HTTP/1.1" 200 4586
186.144.241.246 - - [22/May/2019:03:09:58 -0500] "GET /galeria/galeria/jquery.fancybox.js?v=2.1.5 HTTP/1.1" 200 48706
201.245.192.253 - - [22/May/2019:03:09:38 -0500] "POST /kwsrmcab/Wsrmcab HTTP/1.1" 200 29501
201.245.192.253 - - [22/May/2019:03:09:38 -0500] "POST /kwsrmcab/Wsrmcab HTTP/1.1" 200 29501
69.162.124.233 - - [22/May/2019:03:10:44 -0500] "HEAD / HTTP/1.1" 200 -
52.34.103.153 - - [22/May/2019:03:10:53 -0500] "GET /BLA/resoluciones/index.php?dir=AUTOS%202009/sort=nameorder=desc/sort=sizeorder=asc/sort=nameorder=desc/sort=sizeorder=asc/sort=nameorder=desc/sort=dateorder=asc/sort=nameorder=desc/sort=nameorder=desc/sort=sizeorder=asc/sort=sizeorder=asc/sort=nameorder=desc/sort=nameorder=desc/sort=nameorder=desc/sort=dateorder=asc HTTP/1.1" 200 13220
54.187.197.71 - - [22/May/2019:03:11:16 -0500] "GET /BLA/resoluciones/index.php?dir=AUTOS%202009/sort=nameorder=desc/sort=sizeorder=asc/sort=nameorder=desc/sort=sizeorder=asc/sort=nameorder=desc/sort=dateorder=asc/sort=nameorder=desc/sort=nameorder=desc/sort=sizeorder=asc/sort=sizeorder=asc/sort=nameorder=desc/sort=nameorder=desc/sort=nameorder=desc/sort=sizeorder=asc HTTP/1.1" 200 13220
192.168.175.104 - - [22/May/2019:03:11:30 -0500] "GET / HTTP/1.1" 200 9990
186.28.106.157 - - [22/May/2019:03:11:41 -0500] "GET /galeria/galeria/jquery.fancybox.css?v=2.1.5 HTTP/1.1" 200 4895
186.28.106.157 - - [22/May/2019:03:11:41 -0500] "GET /BLA/boletinlegal/js/jquery.scrollShow.js HTTP/1.1" 200 4586
186.28.106.157 - - [22/May/2019:03:11:41 -0500] "GET /galeria/galeria/jquery.fancybox.js?v=2.1.5 HTTP/1.1" 200 48706
186.28.106.157 - - [22/May/2019:03:11:42 -0500] "GET /autoliquidacion HTTP/1.1" 301 310
186.28.106.157 - - [22/May/2019:03:11:42 -0500] "GET /autoliquidacion/ HTTP/1.1" 200 6377
186.28.106.157 - - [22/May/2019:03:11:43 -0500] "GET /autoliquidacion/dlf/styles.css HTTP/1.1" 200 3045
186.28.106.157 - - [22/May/2019:03:11:43 -0500] "GET /autoliquidacion/dlf/folder.png HTTP/1.1" 200 410
186.28.106.157 - - [22/May/2019:03:11:43 -0500] "GET /autoliquidacion/dlf/bg.gif HTTP/1.1" 200 54
186.28.106.157 - - [22/May/2019:03:11:45 -0500] "GET /autoliquidacion/ HTTP/1.1" 200 6377
186.28.106.157 - - [22/May/2019:03:12:00 -0500] "GET /autoliquidacion/index.php?dir=Solicitud+de+Licencia+Ambiental%2F HTTP/1.1" 200 2553
186.28.106.157 - - [22/May/2019:03:12:00 -0500] "GET /autoliquidacion/dlf/html.gif HTTP/1.1" 200 632
186.28.106.157 - - [22/May/2019:03:12:00 -0500] "GET /autoliquidacion/dlf/dirup.png HTTP/1.1" 200 644
186.28.106.157 - - [22/May/2019:03:12:00 -0500] "GET /autoliquidacion/dlf/xls.gif HTTP/1.1" 200 636
186.28.106.157 - - [22/May/2019:03:12:00 -0500] "GET /autoliquidacion/dlf/pdf.gif HTTP/1.1" 200 272
186.28.106.157 - - [22/May/2019:03:12:05 -0500] "GET /autoliquidacion/Solicitud%20de%20Licencia%20Ambiental/Solicitud%20de%20licencia%20ambiental.....pdf HTTP/1.1" 200 99744
18.237.94.107 - - [22/May/2019:03:12:25 -0500] "GET /BLA/resoluciones/index.php?dir=AUTOS%202009/sort=nameorder=desc/sort=sizeorder=asc/sort=nameorder=desc/sort=sizeorder=asc/sort=nameorder=desc/sort=dateorder=asc/sort=nameorder=desc/sort=nameorder=desc/sort=sizeorder=asc/sort=sizeorder=asc/sort=nameorder=desc/sort=nameorder=desc/sort=nameorder=desc/sort=nameorder=desc HTTP/1.1" 200 13223
66.249.65.222 - - [22/May/2019:03:12:45 -0500] "GET /BLA/resoluciones/RESOLUCIONES%202009/1445.pdf HTTP/1.1" 200 376080
66.249.65.222 - - [22/May/2019:03:12:46 -0500] "GET /BLA/resoluciones/AUTOS%202015/5522.pdf HTTP/1.1" 200 433669
66.249.65.222 - - [22/May/2019:03:12:47 -0500] "GET /BLA/resoluciones/RESOLUCIONES%202008/0932.pdf HTTP/1.1" 200 27385
186.29.214.102 - - [22/May/2019:03:12:52 -0500] "GET /BLA/boletinlegal/js/jquery.scrollShow.js HTTP/1.1" 200 4586
186.29.214.102 - - [22/May/2019:03:12:52 -0500] "GET /galeria/galeria/jquery.fancybox.js?v=2.1.5 HTTP/1.1" 200 48706
186.29.214.102 - - [22/May/2019:03:12:52 -0500] "GET /galeria/galeria/jquery.fancybox.css?v=2.1.5 HTTP/1.1" 200 4895
186.29.214.102 - - [22/May/2019:03:12:52 -0500] "GET /galeria/carrusel/Carrusel/jquery.thumbnailScroller.css HTTP/1.1" 200 2066
186.29.214.102 - - [22/May/2019:03:12:53 -0500] "GET /galeria/carrusel/Carrusel/jquery-ui-1.8.13.custom.min.js HTTP/1.1" 200 10800
186.29.214.102 - - [22/May/2019:03:12:53 -0500] "GET /galeria/carrusel/Carrusel/jquery.thumbnailScroller.js HTTP/1.1" 200 8157
186.29.214.102 - - [22/May/2019:03:12:55 -0500] "GET /galeria/nivo-slider/demo/demo.html HTTP/1.1" 200 25168
186.29.214.102 - - [22/May/2019:03:13:01 -0500] "GET /galeria/nivo-slider/themes/default/default.css HTTP/1.1" 200 1569
186.29.214.102 - - [22/May/2019:03:13:01 -0500] "GET /galeria/nivo-slider/themes/pascal/pascal.css HTTP/1.1" 200 2258
186.29.214.102 - - [22/May/2019:03:13:01 -0500] "GET /galeria/nivo-slider/themes/orman/orman.css HTTP/1.1" 200 2152
186.29.214.102 - - [22/May/2019:03:13:01 -0500] "GET /galeria/nivo-slider/nivo-slider.css HTTP/1.1" 200 1507
186.29.214.102 - - [22/May/2019:03:13:01 -0500] "GET /galeria/nivo-slider/demo/style.css HTTP/1.1" 200 2222
186.29.214.102 - - [22/May/2019:03:13:01 -0500] "GET /galeria/nivo-slider/demo/images/banner%20lluvias.jpg HTTP/1.1" 200 254815
186.29.214.102 - - [22/May/2019:03:13:01 -0500] "GET /galeria/nivo-slider/demo/scripts/jquery-1.7.1.min.js HTTP/1.1" 200 93868
186.29.214.102 - - [22/May/2019:03:13:01 -0500] "GET /galeria/nivo-slider/jquery.nivo.slider.pack.js HTTP/1.1" 200 11561
186.29.214.102 - - [22/May/2019:03:13:01 -0500] "GET /galeria/nivo-slider/demo/images/Banner%20rio%20bogot%C3%A1.jpg HTTP/1.1" 200 247732
186.29.214.102 - - [22/May/2019:03:13:01 -0500] "GET /galeria/nivo-slider/demo/images/Caminatas%20mayo.png HTTP/1.1" 200 689328
186.29.214.102 - - [22/May/2019:03:13:01 -0500] "GET /galeria/nivo-slider/demo/images/Banner%20Segae%20Sumapaz.jpg HTTP/1.1" 200 252165
186.29.214.102 - - [22/May/2019:03:13:01 -0500] "GET /galeria/nivo-slider/demo/images/Banner%20reciclaton.jpg HTTP/1.1" 200 215982
186.29.214.102 - - [22/May/2019:03:13:02 -0500] "GET /galeria/nivo-slider/demo/images/Banner%20consumo%20sostenible%20final.jpg HTTP/1.1" 200 364746
186.29.214.102 - - [22/May/2019:03:13:02 -0500] "GET /galeria/nivo-slider/demo/images/bannersectorambiente.png HTTP/1.1" 200 308540
186.29.214.102 - - [22/May/2019:03:13:02 -0500] "GET /galeria/nivo-slider/demo/images/bannertinguasweb.jpg HTTP/1.1" 200 258471
186.29.214.102 - - [22/May/2019:03:13:02 -0500] "GET /galeria/nivo-slider/demo/images/Banner%20RCD.jpg HTTP/1.1" 200 92197
186.29.214.102 - - [22/May/2019:03:13:02 -0500] "GET /galeria/nivo-slider/demo/images/Banner%20Conpes.jpg HTTP/1.1" 200 55220
186.29.214.102 - - [22/May/2019:03:13:03 -0500] "GET /galeria/nivo-slider/demo/images/Banner%20practicas%20sostenibles.jpg HTTP/1.1" 200 142958
186.29.214.102 - - [22/May/2019:03:13:03 -0500] "GET /galeria/nivo-slider/demo/images/Banner%20POT.png HTTP/1.1" 200 418238
186.29.214.102 - - [22/May/2019:03:13:03 -0500] "GET /galeria/nivo-slider/demo/images/incendios-forestales.png HTTP/1.1" 200 61469
186.29.214.102 - - [22/May/2019:03:13:03 -0500] "GET /galeria/nivo-slider/demo/images/Pot_banner.jpg HTTP/1.1" 200 204736
186.29.214.102 - - [22/May/2019:03:13:04 -0500] "GET /galeria/nivo-slider/demo/images/Banneranonimos.png HTTP/1.1" 200 109388
186.29.214.102 - - [22/May/2019:03:13:04 -0500] "GET /galeria/nivo-slider/demo/images/BANNER%20punto.jpg HTTP/1.1" 200 75932
186.29.214.102 - - [22/May/2019:03:13:04 -0500] "GET /galeria/nivo-slider/demo/images/web%20ingreso%20humedales.png HTTP/1.1" 200 641193
186.29.214.102 - - [22/May/2019:03:13:04 -0500] "GET /galeria/nivo-slider/demo/images/gobierno%20digital-01.jpg HTTP/1.1" 200 116163
186.29.214.102 - - [22/May/2019:03:13:04 -0500] "GET /galeria/nivo-slider/demo/images/4Simple_Slider.png HTTP/1.1" 200 11722
186.29.214.102 - - [22/May/2019:03:13:04 -0500] "GET /galeria/nivo-slider/themes/default/loading.gif HTTP/1.1" 200 1737
186.29.214.102 - - [22/May/2019:03:13:04 -0500] "GET /galeria/nivo-slider/demo/images/Otorgamiento-excelencia-ambiental-Jos%C3%A9-Celestino-Mutis-2.jpg HTTP/1.1" 200 276467
186.29.214.102 - - [22/May/2019:03:13:04 -0500] "GET /galeria/nivo-slider/demo/images/Banner_micrositio.png HTTP/1.1" 200 146950
186.29.214.102 - - [22/May/2019:03:13:04 -0500] "GET /galeria/nivo-slider/demo/images/avances-sentencias-rio-bogota-2.jpg HTTP/1.1" 200 304916
186.29.214.102 - - [22/May/2019:03:13:04 -0500] "GET /galeria/nivo-slider/demo/images/BANNER%20VAN%20DER%20HAMMEN.jpg HTTP/1.1" 200 64172
186.29.214.102 - - [22/May/2019:03:13:05 -0500] "GET /galeria/nivo-slider/demo/images/banner-humedales-de-bogota.jpg HTTP/1.1" 200 292611
186.29.214.102 - - [22/May/2019:03:13:05 -0500] "GET /galeria/nivo-slider/demo/images/maximavelocidad.png HTTP/1.1" 200 880272
186.29.214.102 - - [22/May/2019:03:13:06 -0500] "GET /galeria/nivo-slider/demo/images/banner%20aceite%20vegetal%20usado.jpg HTTP/1.1" 200 169350
186.29.214.102 - - [22/May/2019:03:13:07 -0500] "GET /galeria/nivo-slider/demo/images/bannerlumina2017web.jpg HTTP/1.1" 200 198918
186.29.214.102 - - [22/May/2019:03:13:07 -0500] "GET /galeria/nivo-slider/demo/images/banner-bolsas-plasticas.jpg HTTP/1.1" 200 317939
186.29.214.102 - - [22/May/2019:03:13:18 -0500] "GET /galeria/nivo-slider/themes/default/arrows.png HTTP/1.1" 200 824
186.29.214.102 - - [22/May/2019:03:13:18 -0500] "GET /galeria/nivo-slider/themes/default/bullets.png HTTP/1.1" 200 1281
192.168.175.104 - - [22/May/2019:03:13:36 -0500] "GET / HTTP/1.0" 200 9990
186.29.214.102 - - [22/May/2019:03:13:58 -0500] "GET /BLA/boletinlegal/style.css HTTP/1.1" 200 9406
186.29.214.102 - - [22/May/2019:03:13:58 -0500] "GET /BLA/boletinlegal/js/jquery.scrollTo-min.js HTTP/1.1" 200 1150
186.29.214.102 - - [22/May/2019:03:13:58 -0500] "GET /BLA/boletinlegal/styles2.css HTTP/1.1" 200 1838
186.29.214.102 - - [22/May/2019:03:13:58 -0500] "GET /BLA/boletinlegal/js/jquery.js HTTP/1.1" 200 57254
186.29.214.102 - - [22/May/2019:03:13:58 -0500] "GET /BLA/boletinlegal/images/cabezote%20BLEGAL.jpg HTTP/1.1" 200 118164
186.29.214.102 - - [22/May/2019:03:13:58 -0500] "GET /BLA/boletinlegal/images/subscribe-icon-big.png HTTP/1.1" 200 47702
186.29.214.102 - - [22/May/2019:03:13:59 -0500] "GET /BLA/boletinlegal/images/historia.png HTTP/1.1" 200 52775
186.29.214.102 - - [22/May/2019:03:13:59 -0500] "GET /BLA/boletinlegal/images/registro-usuarios.png HTTP/1.1" 200 8106
186.29.214.102 - - [22/May/2019:03:13:59 -0500] "GET /BLA/boletinlegal/images/arr_l.jpg HTTP/1.1" 200 1979
186.29.214.102 - - [22/May/2019:03:13:59 -0500] "GET /BLA/boletinlegal/images/screen_1.png HTTP/1.1" 200 202547
186.29.214.102 - - [22/May/2019:03:13:59 -0500] "GET /BLA/boletinlegal/images/launch.jpg HTTP/1.1" 200 14577
186.29.214.102 - - [22/May/2019:03:13:59 -0500] "GET /BLA/boletinlegal/images/body_bg.jpg HTTP/1.1" 200 1601
186.29.214.102 - - [22/May/2019:03:13:59 -0500] "GET /BLA/boletinlegal/images/menu_lft.gif HTTP/1.1" 200 1713
186.29.214.102 - - [22/May/2019:03:13:59 -0500] "GET /BLA/boletinlegal/images/menu_rght.gif HTTP/1.1" 200 1627
186.29.214.102 - - [22/May/2019:03:13:59 -0500] "GET /BLA/boletinlegal/images/bg_top.jpg HTTP/1.1" 200 522
186.29.214.102 - - [22/May/2019:03:13:59 -0500] "GET /BLA/boletinlegal/images/menu_bg.jpg HTTP/1.1" 200 620
186.29.214.102 - - [22/May/2019:03:13:59 -0500] "GET /BLA/boletinlegal/images/hover.jpg HTTP/1.1" 200 640
186.29.214.102 - - [22/May/2019:03:13:59 -0500] "GET /BLA/boletinlegal/images/text.jpg HTTP/1.1" 200 568
186.29.214.102 - - [22/May/2019:03:14:05 -0500] "GET /BLA/boletinlegal/images/screen_2.png HTTP/1.1" 200 362502
186.29.214.102 - - [22/May/2019:03:14:05 -0500] "GET /BLA/boletinlegal/images/screen_3.png HTTP/1.1" 200 210620
186.29.214.102 - - [22/May/2019:03:14:05 -0500] "GET /BLA/boletinlegal/images/screen_5.png HTTP/1.1" 200 368876
186.29.214.102 - - [22/May/2019:03:14:05 -0500] "GET /BLA/boletinlegal/images/arr_r.jpg HTTP/1.1" 200 1998
186.29.214.102 - - [22/May/2019:03:14:05 -0500] "GET /BLA/boletinlegal/images/footer_bg.jpg HTTP/1.1" 200 586
186.29.214.102 - - [22/May/2019:03:14:12 -0500] "GET /BLA/boletinlegal/images/pdf.gif HTTP/1.1" 200 567
186.29.214.102 - - [22/May/2019:03:14:16 -0500] "GET /BLA/boletinlegal/actos.php HTTP/1.1" 200 8778
186.29.214.102 - - [22/May/2019:03:14:16 -0500] "GET /BLA/boletinlegal/js/ajax_actos.js HTTP/1.1" 200 1322
186.29.214.102 - - [22/May/2019:03:14:16 -0500] "GET /BLA/boletinlegal/niceforms.js HTTP/1.1" 200 22876
186.29.214.102 - - [22/May/2019:03:14:16 -0500] "GET /BLA/boletinlegal/niceforms-default.css HTTP/1.1" 200 6694
186.29.214.102 - - [22/May/2019:03:14:16 -0500] "GET /BLA/boletinlegal/js/jquery1.js HTTP/1.1" 200 29846
186.29.214.102 - - [22/May/2019:03:14:16 -0500] "GET /BLA/boletinlegal/js/lib.js HTTP/1.1" 200 6474
186.29.214.102 - - [22/May/2019:03:14:16 -0500] "GET /BLA/boletinlegal/js/popup.js HTTP/1.1" 200 1270
186.29.214.102 - - [22/May/2019:03:14:16 -0500] "GET /BLA/boletinlegal/images/green-yellow-blue-pink-th.png HTTP/1.1" 200 7394
186.29.214.102 - - [22/May/2019:03:14:16 -0500] "GET /BLA/boletinlegal/images/abajo.png HTTP/1.1" 200 96676
186.29.214.102 - - [22/May/2019:03:14:17 -0500] "GET /BLA/boletinlegal/images/tel.png HTTP/1.1" 200 14477
186.29.214.102 - - [22/May/2019:03:14:17 -0500] "GET /BLA/boletinlegal/images/icono-email.png HTTP/1.1" 200 5544
186.29.214.102 - - [22/May/2019:03:14:17 -0500] "GET /BLA/boletinlegal/images/footer_bg_l.jpg HTTP/1.1" 200 776
186.29.214.102 - - [22/May/2019:03:14:18 -0500] "GET /BLA/boletinlegal/img/0.png HTTP/1.1" 200 110
186.29.214.102 - - [22/May/2019:03:14:18 -0500] "GET /BLA/boletinlegal/img/select-left.png HTTP/1.1" 200 263
186.29.214.102 - - [22/May/2019:03:14:18 -0500] "GET /BLA/boletinlegal/img/select-right.png HTTP/1.1" 200 44019
186.29.214.102 - - [22/May/2019:03:14:18 -0500] "GET /BLA/boletinlegal/img/button-left.png HTTP/1.1" 200 57071
186.29.214.102 - - [22/May/2019:03:14:18 -0500] "GET /BLA/boletinlegal/img/button.png HTTP/1.1" 200 43241
186.29.214.102 - - [22/May/2019:03:14:18 -0500] "GET /BLA/boletinlegal/img/button-right.png HTTP/1.1" 200 57878
186.29.214.102 - - [22/May/2019:03:14:19 -0500] "GET /favicon.ico HTTP/1.1" 200 7782
54.244.38.25 - - [22/May/2019:03:14:23 -0500] "GET /BLA/resoluciones/index.php?dir=AUTOS%202009/sort=nameorder=desc/sort=sizeorder=asc/sort=nameorder=desc/sort=sizeorder=asc/sort=nameorder=desc/sort=dateorder=asc/sort=nameorder=desc/sort=nameorder=desc/sort=sizeorder=asc/sort=sizeorder=asc/sort=nameorder=desc/sort=dateorder=asc/sort=dateorder=asc/sort=sizeorder=asc HTTP/1.1" 200 13212
186.29.214.102 - - [22/May/2019:03:13:58 -0500] "GET /BLA/boletinlegal/index.php? HTTP/1.1" 200 28619
181.80.200.110 - - [22/May/2019:03:14:33 -0500] "GET /galeria/galeria/fotos/Capellania3G.jpg HTTP/1.1" 200 515718
186.29.214.102 - - [22/May/2019:03:14:37 -0500] "GET /BLA/boletinlegal/consulta_actos.php?tipo=autos&no=&usuario=&sector=AIRE&fecha=2019&resuelve= HTTP/1.1" 200 626
52.32.189.165 - - [22/May/2019:03:14:38 -0500] "GET /BLA/resoluciones/index.php?dir=AUTOS%202009/sort=nameorder=desc/sort=sizeorder=asc/sort=nameorder=desc/sort=sizeorder=asc/sort=nameorder=desc/sort=dateorder=asc/sort=nameorder=desc/sort=nameorder=desc/sort=sizeorder=asc/sort=sizeorder=asc/sort=nameorder=desc/sort=dateorder=asc/sort=nameorder=desc/sort=nameorder=desc HTTP/1.1" 200 13219
186.29.214.102 - - [22/May/2019:03:14:49 -0500] "GET /BLA/boletinlegal/consulta_actos.php?tipo=autos&no=&usuario=&sector=AIRE&fecha=2019&resuelve= HTTP/1.1" 200 626
186.29.214.102 - - [22/May/2019:03:14:54 -0500] "GET /BLA/boletinlegal/consulta_actos.php?tipo=autos&no=&usuario=&sector=AIRE&fecha=2018&resuelve= HTTP/1.1" 200 88736
186.29.214.102 - - [22/May/2019:03:14:54 -0500] "GET /BLA/boletinlegal/images/background.gif HTTP/1.1" 200 -
34.219.165.132 - - [22/May/2019:03:14:58 -0500] "GET /BLA/resoluciones/index.php?dir=AUTOS%202009/sort=nameorder=desc/sort=sizeorder=asc/sort=nameorder=desc/sort=sizeorder=asc/sort=nameorder=desc/sort=dateorder=asc/sort=nameorder=desc/sort=nameorder=desc/sort=sizeorder=asc/sort=sizeorder=asc/sort=nameorder=desc/sort=dateorder=asc/sort=dateorder=asc/sort=dateorder=asc HTTP/1.1" 200 13212
18.237.81.156 - - [22/May/2019:03:15:03 -0500] "GET /BLA/resoluciones/index.php?dir=AUTOS%202009/sort=nameorder=desc/sort=sizeorder=asc/sort=nameorder=desc/sort=sizeorder=asc/sort=nameorder=desc/sort=dateorder=asc/sort=nameorder=desc/sort=nameorder=desc/sort=sizeorder=asc/sort=sizeorder=asc/sort=nameorder=desc/sort=dateorder=asc/sort=sizeorder=asc/sort=dateorder=asc HTTP/1.1" 200 13212
186.29.214.102 - - [22/May/2019:03:15:11 -0500] "GET /BLA/resoluciones/AUTOS%202018/6010.pdf HTTP/1.1" 200 2341494
184.154.47.2 - - [22/May/2019:03:15:30 -0500] "GET / HTTP/1.1" 200 9990
52.24.165.110 - - [22/May/2019:03:15:30 -0500] "GET /BLA/resoluciones/index.php?dir=AUTOS%202009/sort=nameorder=desc/sort=sizeorder=asc/sort=nameorder=desc/sort=sizeorder=asc/sort=nameorder=desc/sort=dateorder=asc/sort=nameorder=desc/sort=nameorder=desc/sort=sizeorder=asc/sort=sizeorder=asc/sort=nameorder=desc/sort=dateorder=asc/sort=sizeorder=asc/sort=sizeorder=asc HTTP/1.1" 200 13212
69.162.124.233 - - [22/May/2019:03:15:44 -0500] "HEAD / HTTP/1.1" 200 -
34.219.165.132 - - [22/May/2019:03:16:07 -0500] "GET /BLA/resoluciones/index.php?dir=AUTOS%202009/sort=nameorder=desc/sort=sizeorder=asc/sort=nameorder=desc/sort=sizeorder=asc/sort=nameorder=desc/sort=dateorder=asc/sort=nameorder=desc/sort=nameorder=desc/sort=sizeorder=asc/sort=sizeorder=asc/sort=nameorder=desc/sort=dateorder=asc/sort=sizeorder=asc/sort=nameorder=desc HTTP/1.1" 200 13215
34.220.247.249 - - [22/May/2019:03:16:12 -0500] "GET /BLA/resoluciones/index.php?dir=AUTOS%202009/sort=nameorder=desc/sort=sizeorder=asc/sort=nameorder=desc/sort=sizeorder=asc/sort=nameorder=desc/sort=dateorder=asc/sort=nameorder=desc/sort=nameorder=desc/sort=sizeorder=asc/sort=sizeorder=asc/sort=sizeorder=asc/sort=dateorder=asc/sort=sizeorder=asc/sort=nameorder=desc HTTP/1.1" 200 13211
54.188.5.101 - - [22/May/2019:03:16:19 -0500] "GET /BLA/resoluciones/index.php?dir=AUTOS+2009%2Fsort%3Dnameorder%3Ddesc%2Fsort%3Dsizeorder%3Dasc%2Fsort%3Dnameorder%3Ddesc%2Fsort%3Dsizeorder%3Dasc%2Fsort%3Dnameorder%3Ddesc%2Fsort%3Ddateorder%3Dasc%2Fsort%3Ddateorder%3Dasc%2Fsort%3Ddateorder%3Dasc%2Fsort%3Dsizeorder%3Dasc%2Fsort%3Ddateorder%3Dasc%2Fsort%3Dnameorder%3Ddesc%2Fsort%3Ddateorder%3Dasc%2F HTTP/1.1" 200 13040
192.168.175.104 - - [22/May/2019:03:16:29 -0500] "GET / HTTP/1.1" 200 9990
54.213.246.82 - - [22/May/2019:03:16:37 -0500] "GET /BLA/resoluciones/index.php?dir=AUTOS%202009/sort=nameorder=desc/sort=sizeorder=asc/sort=nameorder=desc/sort=sizeorder=asc/sort=nameorder=desc/sort=dateorder=asc/sort=nameorder=desc/sort=nameorder=desc/sort=sizeorder=asc/sort=sizeorder=asc/sort=nameorder=desc/sort=nameorder=desc/sort=sizeorder=asc/sort=dateorder=asc HTTP/1.1" 200 13216
66.249.65.193 - - [22/May/2019:03:16:47 -0500] "GET /BLA/resoluciones/AUTOS%202013/0335.pdf HTTP/1.1" 200 1687303
66.249.65.223 - - [22/May/2019:03:16:51 -0500] "GET /BLA/resoluciones/RESOLUCIONES%202013/0132.pdf HTTP/1.1" 304 -
66.249.65.222 - - [22/May/2019:03:18:26 -0500] "GET /BLA/resoluciones/RESOLUCIONES%202011/0978.pdf HTTP/1.1" 200 252261
192.168.175.104 - - [22/May/2019:03:18:34 -0500] "GET / HTTP/1.0" 200 9990
34.216.109.54 - - [22/May/2019:03:19:04 -0500] "GET /BLA/resoluciones/index.php?dir=AUTOS%202009/sort=nameorder=desc/sort=sizeorder=asc/sort=nameorder=desc/sort=sizeorder=asc/sort=nameorder=desc/sort=dateorder=asc/sort=nameorder=desc/sort=nameorder=desc/sort=sizeorder=asc/sort=sizeorder=asc/sort=sizeorder=asc/sort=dateorder=asc/sort=sizeorder=asc/sort=sizeorder=asc HTTP/1.1" 200 13208
54.68.224.252 - - [22/May/2019:03:19:17 -0500] "GET /BLA/resoluciones/index.php?dir=AUTOS%202009/sort=nameorder=desc/sort=sizeorder=asc/sort=nameorder=desc/sort=sizeorder=asc/sort=nameorder=desc/sort=dateorder=asc/sort=nameorder=desc/sort=nameorder=desc/sort=sizeorder=asc/sort=sizeorder=asc/sort=sizeorder=asc/sort=dateorder=asc/sort=sizeorder=asc/sort=dateorder=asc HTTP/1.1" 200 13208
52.34.103.153 - - [22/May/2019:03:19:18 -0500] "GET /BLA/resoluciones/index.php?dir=AUTOS%202009/sort=nameorder=desc/sort=sizeorder=asc/sort=nameorder=desc/sort=sizeorder=asc/sort=nameorder=desc/sort=dateorder=asc/sort=dateorder=asc/sort=dateorder=asc/sort=sizeorder=asc/sort=dateorder=asc/sort=nameorder=desc/sort=dateorder=asc/sort=dateorder=asc/sort=sizeorder=asc HTTP/1.1" 200 13204
201.245.192.253 - - [22/May/2019:03:18:48 -0500] "POST /kwsrmcab/Wsrmcab HTTP/1.1" 200 31437
201.245.192.253 - - [22/May/2019:03:18:49 -0500] "POST /kwsrmcab/Wsrmcab HTTP/1.1" 200 31437
69.162.124.233 - - [22/May/2019:03:20:44 -0500] "HEAD / HTTP/1.1" 200 -
192.168.175.104 - - [22/May/2019:03:21:27 -0500] "GET / HTTP/1.1" 200 9990
54.191.180.230 - - [22/May/2019:03:21:46 -0500] "GET /BLA/resoluciones/index.php?dir=AUTOS%202009/sort=nameorder=desc/sort=sizeorder=asc/sort=nameorder=desc/sort=sizeorder=asc/sort=nameorder=desc/sort=dateorder=asc/sort=dateorder=asc/sort=dateorder=asc/sort=sizeorder=asc/sort=dateorder=asc/sort=nameorder=desc/sort=sizeorder=asc/sort=nameorder=desc/sort=dateorder=asc HTTP/1.1" 200 13208
54.191.180.230 - - [22/May/2019:03:22:32 -0500] "GET /BLA/resoluciones/index.php?dir=AUTOS%202009/sort=nameorder=desc/sort=sizeorder=asc/sort=nameorder=desc/sort=sizeorder=asc/sort=nameorder=desc/sort=dateorder=asc/sort=nameorder=desc/sort=nameorder=desc/sort=sizeorder=asc/sort=sizeorder=asc/sort=nameorder=desc/sort=nameorder=desc/sort=sizeorder=asc/sort=sizeorder=asc HTTP/1.1" 200 13216
18.236.95.178 - - [22/May/2019:03:22:53 -0500] "GET /BLA/resoluciones/index.php?dir=AUTOS+2009%2Fsort%3Dnameorder%3Ddesc%2Fsort%3Dsizeorder%3Dasc%2Fsort%3Dnameorder%3Ddesc%2Fsort%3Dsizeorder%3Dasc%2Fsort%3Dnameorder%3Ddesc%2Fsort%3Ddateorder%3Dasc%2Fsort%3Dnameorder%3Ddesc%2Fsort%3Dnameorder%3Ddesc%2Fsort%3Dsizeorder%3Dasc%2Fsort%3Dsizeorder%3Dasc%2Fsort%3Dsizeorder%3Dasc%2Fsort%3Ddateorder%3Dasc%2F HTTP/1.1" 200 13044
66.249.65.222 - - [22/May/2019:03:22:54 -0500] "GET /BLA/resoluciones/AUTOS%202014/5732.pdf HTTP/1.1" 200 430165
192.168.175.104 - - [22/May/2019:03:23:33 -0500] "GET / HTTP/1.0" 200 9990
54.189.189.75 - - [22/May/2019:03:23:40 -0500] "GET /BLA/resoluciones/index.php?dir=AUTOS%202009/sort=nameorder=desc/sort=sizeorder=asc/sort=nameorder=desc/sort=sizeorder=asc/sort=nameorder=desc/sort=dateorder=asc/sort=dateorder=asc/sort=dateorder=asc/sort=sizeorder=asc/sort=dateorder=asc/sort=nameorder=desc/sort=dateorder=asc/sort=nameorder=desc/sort=sizeorder=asc HTTP/1.1" 200 13208
54.218.53.250 - - [22/May/2019:03:23:53 -0500] "GET /BLA/resoluciones/index.php?dir=AUTOS%202009/sort=nameorder=desc/sort=sizeorder=asc/sort=nameorder=desc/sort=sizeorder=asc/sort=nameorder=desc/sort=dateorder=asc/sort=nameorder=desc/sort=nameorder=desc/sort=sizeorder=asc/sort=sizeorder=asc/sort=sizeorder=asc/sort=dateorder=asc/sort=dateorder=asc/sort=dateorder=asc HTTP/1.1" 200 13208
66.249.65.223 - - [22/May/2019:03:23:58 -0500] "GET /BLA/resoluciones/AUTOS%202015/0937.pdf HTTP/1.1" 200 494745
34.66.95.149 - - [22/May/2019:03:24:03 -0500] "GET /robots.txt HTTP/1.1" 404 1018
207.46.13.198 - - [22/May/2019:03:24:51 -0500] "GET /SIG/ECS/126PM04-PR109.pdf HTTP/1.1" 200 3746786
34.213.86.128 - - [22/May/2019:03:25:17 -0500] "GET /BLA/resoluciones/index.php?dir=AUTOS%202009/sort=nameorder=desc/sort=sizeorder=asc/sort=nameorder=desc/sort=sizeorder=asc/sort=nameorder=desc/sort=dateorder=asc/sort=nameorder=desc/sort=nameorder=desc/sort=sizeorder=asc/sort=sizeorder=asc/sort=nameorder=desc/sort=nameorder=desc/sort=sizeorder=asc/sort=nameorder=desc HTTP/1.1" 200 13219
69.162.124.233 - - [22/May/2019:03:25:44 -0500] "HEAD / HTTP/1.1" 200 -
181.136.69.233 - - [22/May/2019:03:25:46 -0500] "GET /BLA/boletinlegal/js/jquery.scrollShow.js HTTP/1.1" 200 4586
181.136.69.233 - - [22/May/2019:03:25:46 -0500] "GET /galeria/galeria/jquery.fancybox.js?v=2.1.5 HTTP/1.1" 200 48706
181.136.69.233 - - [22/May/2019:03:25:46 -0500] "GET /galeria/galeria/jquery.fancybox.css?v=2.1.5 HTTP/1.1" 200 4895
207.102.138.158 - - [22/May/2019:03:25:47 -0500] "GET /BLA/boletinlegal/js/jquery.scrollShow.js HTTP/1.1" 200 4586
207.102.138.158 - - [22/May/2019:03:25:47 -0500] "GET /galeria/galeria/jquery.fancybox.js?v=2.1.5 HTTP/1.1" 200 48706
207.102.138.158 - - [22/May/2019:03:25:47 -0500] "GET /galeria/galeria/jquery.fancybox.css?v=2.1.5 HTTP/1.1" 200 4895
207.102.138.158 - - [22/May/2019:03:25:50 -0500] "GET /galeria/galeria/jquery.fancybox.css?v=2.1.5 HTTP/1.1" 200 4895
207.102.138.158 - - [22/May/2019:03:25:50 -0500] "GET /BLA/boletinlegal/js/jquery.scrollShow.js HTTP/1.1" 200 4586
207.102.138.158 - - [22/May/2019:03:25:50 -0500] "GET /galeria/galeria/jquery.fancybox.js?v=2.1.5 HTTP/1.1" 200 48706
66.249.65.193 - - [22/May/2019:03:26:15 -0500] "GET /BLA/resoluciones/RESOLUCIONES%202007/RES%202007%202401%20AL%202500/RESOLUCION%202412%20DE%202007.pdf HTTP/1.1" 200 699195
192.168.175.104 - - [22/May/2019:03:26:25 -0500] "GET / HTTP/1.1" 200 9990
50.112.54.138 - - [22/May/2019:03:27:36 -0500] "GET /BLA/resoluciones/index.php?dir=AUTOS%202009/sort=nameorder=desc/sort=sizeorder=asc/sort=nameorder=desc/sort=sizeorder=asc/sort=nameorder=desc/sort=dateorder=asc/sort=dateorder=asc/sort=dateorder=asc/sort=sizeorder=asc/sort=dateorder=asc/sort=nameorder=desc/sort=sizeorder=asc/sort=nameorder=desc/sort=sizeorder=asc HTTP/1.1" 200 13208
18.236.69.162 - - [22/May/2019:03:27:37 -0500] "GET /BLA/resoluciones/index.php?dir=AUTOS%202009/sort=nameorder=desc/sort=sizeorder=asc/sort=nameorder=desc/sort=sizeorder=asc/sort=nameorder=desc/sort=dateorder=asc/sort=nameorder=desc/sort=nameorder=desc/sort=sizeorder=asc/sort=sizeorder=asc/sort=sizeorder=asc/sort=dateorder=asc/sort=dateorder=asc/sort=nameorder=desc HTTP/1.1" 200 13211
52.32.189.165 - - [22/May/2019:03:27:49 -0500] "GET /BLA/resoluciones/index.php?dir=AUTOS%202009/sort=nameorder=desc/sort=sizeorder=asc/sort=nameorder=desc/sort=sizeorder=asc/sort=nameorder=desc/sort=dateorder=asc/sort=dateorder=asc/sort=dateorder=asc/sort=sizeorder=asc/sort=nameorder=desc/sort=dateorder=asc/sort=sizeorder=asc/sort=dateorder=asc/sort=dateorder=asc HTTP/1.1" 200 13204
66.249.65.193 - - [22/May/2019:03:27:54 -0500] "GET /BLA/resoluciones/AUTOS%202010/2487.pdf HTTP/1.1" 200 254120
5.255.250.154 - - [22/May/2019:03:28:07 -0500] "GET /robots.txt HTTP/1.1" 404 1019
5.255.250.154 - - [22/May/2019:03:28:11 -0500] "GET /galeria/nivo-slider/demo/images/BANNERINVITACIONECOLECTA.jpg HTTP/1.1" 200 685443
34.222.149.152 - - [22/May/2019:03:28:14 -0500] "GET /BLA/resoluciones/index.php?dir=AUTOS%202009/sort=nameorder=desc/sort=sizeorder=asc/sort=nameorder=desc/sort=sizeorder=asc/sort=nameorder=desc/sort=dateorder=asc/sort=dateorder=asc/sort=dateorder=asc/sort=sizeorder=asc/sort=dateorder=asc/sort=nameorder=desc/sort=dateorder=asc/sort=nameorder=desc/sort=nameorder=desc HTTP/1.1" 200 13211
18.236.175.67 - - [22/May/2019:03:28:28 -0500] "GET /BLA/resoluciones/index.php?dir=AUTOS%202009/sort=nameorder=desc/sort=sizeorder=asc/sort=nameorder=desc/sort=sizeorder=asc/sort=nameorder=desc/sort=dateorder=asc/sort=dateorder=asc/sort=dateorder=asc/sort=sizeorder=asc/sort=nameorder=desc/sort=dateorder=asc/sort=sizeorder=asc/sort=dateorder=asc/sort=sizeorder=asc HTTP/1.1" 200 13204
192.168.175.104 - - [22/May/2019:03:28:33 -0500] "GET / HTTP/1.0" 200 9990
18.236.95.178 - - [22/May/2019:03:28:42 -0500] "GET /BLA/resoluciones/index.php?dir=AUTOS%202009/sort=nameorder=desc/sort=sizeorder=asc/sort=nameorder=desc/sort=sizeorder=asc/sort=nameorder=desc/sort=dateorder=asc/sort=dateorder=asc/sort=dateorder=asc/sort=sizeorder=asc/sort=nameorder=desc/sort=dateorder=asc/sort=sizeorder=asc/sort=dateorder=asc/sort=nameorder=desc HTTP/1.1" 200 13207
54.70.46.142 - - [22/May/2019:03:28:58 -0500] "GET /BLA/resoluciones/index.php?dir=AUTOS%202009/sort=nameorder=desc/sort=sizeorder=asc/sort=nameorder=desc/sort=sizeorder=asc/sort=nameorder=desc/sort=dateorder=asc/sort=dateorder=asc/sort=dateorder=asc/sort=sizeorder=asc/sort=dateorder=asc/sort=nameorder=desc/sort=dateorder=asc/sort=dateorder=asc/sort=dateorder=asc HTTP/1.1" 200 13204
66.249.65.191 - - [22/May/2019:03:29:03 -0500] "GET /robots.txt HTTP/1.1" 404 1019
66.249.65.191 - - [22/May/2019:03:29:03 -0500] "GET /galeria/bibloteca/ HTTP/1.1" 200 3275
201.245.192.253 - - [22/May/2019:03:28:48 -0500] "POST /kwsrmcab/Wsrmcab HTTP/1.1" 200 31437
201.245.192.253 - - [22/May/2019:03:28:49 -0500] "POST /kwsrmcab/Wsrmcab HTTP/1.1" 200 31437
201.244.228.147 - - [22/May/2019:03:29:40 -0500] "GET /galeria/galeria/jquery.fancybox.css?v=2.1.5 HTTP/1.1" 200 4895
201.244.228.147 - - [22/May/2019:03:29:40 -0500] "GET /BLA/boletinlegal/js/jquery.scrollShow.js HTTP/1.1" 200 4586
201.244.228.147 - - [22/May/2019:03:29:40 -0500] "GET /galeria/galeria/jquery.fancybox.js?v=2.1.5 HTTP/1.1" 200 48706
54.188.51.229 - - [22/May/2019:03:30:42 -0500] "GET /BLA/resoluciones/index.php?dir=AUTOS%202009/sort=nameorder=desc/sort=sizeorder=asc/sort=nameorder=desc/sort=sizeorder=asc/sort=nameorder=desc/sort=dateorder=asc/sort=dateorder=asc/sort=dateorder=asc/sort=sizeorder=asc/sort=dateorder=asc/sort=nameorder=desc/sort=dateorder=asc/sort=nameorder=desc/sort=dateorder=asc HTTP/1.1" 200 13208
69.162.124.233 - - [22/May/2019:03:30:44 -0500] "HEAD / HTTP/1.1" 200 -
54.218.53.250 - - [22/May/2019:03:30:45 -0500] "GET /BLA/resoluciones/index.php?dir=AUTOS%202009/sort=nameorder=desc/sort=sizeorder=asc/sort=nameorder=desc/sort=sizeorder=asc/sort=nameorder=desc/sort=dateorder=asc/sort=nameorder=desc/sort=nameorder=desc/sort=sizeorder=asc/sort=sizeorder=asc/sort=sizeorder=asc/sort=nameorder=desc/sort=nameorder=desc/sort=sizeorder=asc HTTP/1.1" 200 13216
192.168.175.104 - - [22/May/2019:03:31:23 -0500] "GET / HTTP/1.1" 200 9990
18.237.94.107 - - [22/May/2019:03:31:51 -0500] "GET /BLA/resoluciones/index.php?dir=AUTOS%202009/sort=nameorder=desc/sort=sizeorder=asc/sort=nameorder=desc/sort=sizeorder=asc/sort=nameorder=desc/sort=dateorder=asc/sort=nameorder=desc/sort=nameorder=desc/sort=sizeorder=asc/sort=sizeorder=asc/sort=sizeorder=asc/sort=nameorder=desc/sort=nameorder=desc/sort=dateorder=asc HTTP/1.1" 200 13216
35.187.180.136 - - [22/May/2019:03:32:33 -0500] "-" 408 -
54.213.88.171 - - [22/May/2019:03:32:41 -0500] "GET /BLA/resoluciones/index.php?dir=AUTOS%202009/sort=nameorder=desc/sort=sizeorder=asc/sort=nameorder=desc/sort=sizeorder=asc/sort=nameorder=desc/sort=dateorder=asc/sort=nameorder=desc/sort=nameorder=desc/sort=sizeorder=asc/sort=sizeorder=asc/sort=sizeorder=asc/sort=nameorder=desc/sort=nameorder=desc/sort=nameorder=desc HTTP/1.1" 200 13219
66.249.65.222 - - [22/May/2019:03:32:56 -0500] "GET /BLA/resoluciones/AUTOS%202015/0169.pdf HTTP/1.1" 304 -
66.249.65.222 - - [22/May/2019:03:33:18 -0500] "GET /BLA/resoluciones/AUTOS%202014/0009.pdf HTTP/1.1" 200 609728
66.249.65.222 - - [22/May/2019:03:33:20 -0500] "GET /BLA/resoluciones/AUTOS%202015/2343.pdf HTTP/1.1" 304 -
192.168.175.104 - - [22/May/2019:03:33:31 -0500] "GET / HTTP/1.0" 200 9990
66.249.65.223 - - [22/May/2019:03:34:56 -0500] "GET /BLA/resoluciones/RESOLUCIONES%202017/2582.pdf HTTP/1.1" 200 324335
54.213.246.82 - - [22/May/2019:03:34:57 -0500] "GET /BLA/resoluciones/index.php?dir=AUTOS%202009/sort=nameorder=desc/sort=sizeorder=asc/sort=nameorder=desc/sort=sizeorder=asc/sort=nameorder=desc/sort=dateorder=asc/sort=nameorder=desc/sort=nameorder=desc/sort=sizeorder=asc/sort=sizeorder=asc/sort=nameorder=desc/sort=nameorder=desc/sort=dateorder=asc/sort=dateorder=asc HTTP/1.1" 200 13216
34.213.86.128 - - [22/May/2019:03:35:38 -0500] "GET /BLA/resoluciones/index.php?dir=AUTOS+2009%2Fsort%3Dnameorder%3Ddesc%2Fsort%3Dsizeorder%3Dasc%2Fsort%3Dnameorder%3Ddesc%2Fsort%3Dsizeorder%3Dasc%2Fsort%3Dnameorder%3Ddesc%2Fsort%3Ddateorder%3Dasc%2Fsort%3Dnameorder%3Ddesc%2Fsort%3Dnameorder%3Ddesc%2Fsort%3Dsizeorder%3Dasc%2Fsort%3Dsizeorder%3Dasc%2Fsort%3Dsizeorder%3Dasc%2Fsort%3Dnameorder%3Ddesc%2F HTTP/1.1" 200 13047
66.249.65.222 - - [22/May/2019:03:35:43 -0500] "GET /BLA/resoluciones/AUTOS%202016/2812.pdf HTTP/1.1" 200 565117
69.162.124.233 - - [22/May/2019:03:35:44 -0500] "HEAD / HTTP/1.1" 200 -
34.219.165.132 - - [22/May/2019:03:36:15 -0500] "GET /BLA/resoluciones/index.php?dir=AUTOS%202009/sort=nameorder=desc/sort=sizeorder=asc/sort=nameorder=desc/sort=sizeorder=asc/sort=nameorder=desc/sort=dateorder=asc/sort=nameorder=desc/sort=nameorder=desc/sort=sizeorder=asc/sort=sizeorder=asc/sort=nameorder=desc/sort=nameorder=desc/sort=dateorder=asc/sort=nameorder=desc HTTP/1.1" 200 13219
192.168.175.104 - - [22/May/2019:03:36:21 -0500] "GET / HTTP/1.1" 200 9990
54.213.246.82 - - [22/May/2019:03:36:26 -0500] "GET /BLA/resoluciones/index.php?dir=AUTOS%202009/sort=nameorder=desc/sort=sizeorder=asc/sort=nameorder=desc/sort=sizeorder=asc/sort=nameorder=desc/sort=dateorder=asc/sort=nameorder=desc/sort=nameorder=desc/sort=sizeorder=asc/sort=sizeorder=asc/sort=sizeorder=asc/sort=nameorder=desc/sort=sizeorder=asc/sort=nameorder=desc HTTP/1.1" 200 13215
66.249.65.223 - - [22/May/2019:03:37:22 -0500] "GET /BLA/resoluciones/AUTOS%202014/1110.pdf HTTP/1.1" 200 359068
52.13.16.100 - - [22/May/2019:03:37:39 -0500] "GET /BLA/resoluciones/index.php?dir=AUTOS%202009/sort=nameorder=desc/sort=sizeorder=asc/sort=nameorder=desc/sort=sizeorder=asc/sort=nameorder=desc/sort=dateorder=asc/sort=nameorder=desc/sort=nameorder=desc/sort=sizeorder=asc/sort=sizeorder=asc/sort=sizeorder=asc/sort=nameorder=desc/sort=sizeorder=asc/sort=dateorder=asc HTTP/1.1" 200 13212
209.17.97.66 - - [22/May/2019:03:37:44 -0500] "GET / HTTP/1.1" 200 9990
192.168.175.104 - - [22/May/2019:03:38:29 -0500] "GET / HTTP/1.0" 200 9990
54.68.224.252 - - [22/May/2019:03:38:45 -0500] "GET /BLA/resoluciones/index.php?dir=AUTOS%202009/sort=nameorder=desc/sort=sizeorder=asc/sort=nameorder=desc/sort=sizeorder=asc/sort=nameorder=desc/sort=dateorder=asc/sort=dateorder=asc/sort=dateorder=asc/sort=sizeorder=asc/sort=dateorder=asc/sort=nameorder=desc/sort=dateorder=asc/sort=sizeorder=asc/sort=sizeorder=asc HTTP/1.1" 200 13204
34.219.72.171 - - [22/May/2019:03:38:53 -0500] "GET /BLA/resoluciones/index.php?dir=AUTOS%202009/sort=nameorder=desc/sort=sizeorder=asc/sort=nameorder=desc/sort=sizeorder=asc/sort=nameorder=desc/sort=dateorder=asc/sort=nameorder=desc/sort=nameorder=desc/sort=sizeorder=asc/sort=sizeorder=asc/sort=sizeorder=asc/sort=dateorder=asc/sort=dateorder=asc/sort=sizeorder=asc HTTP/1.1" 200 13208
34.219.165.132 - - [22/May/2019:03:39:03 -0500] "GET /BLA/resoluciones/index.php?dir=AUTOS%202009/sort=nameorder=desc/sort=sizeorder=asc/sort=nameorder=desc/sort=sizeorder=asc/sort=nameorder=desc/sort=dateorder=asc/sort=nameorder=desc/sort=nameorder=desc/sort=sizeorder=asc/sort=sizeorder=asc/sort=sizeorder=asc/sort=nameorder=desc/sort=sizeorder=asc/sort=sizeorder=asc HTTP/1.1" 200 13212
5.255.250.75 - - [22/May/2019:03:39:05 -0500] "GET /StormSDA/userFiles%20-%20Copy%2019-07-2012/user_files/90/?C=D;O=A HTTP/1.1" 200 877
54.213.88.171 - - [22/May/2019:03:39:07 -0500] "GET /BLA/resoluciones/index.php?dir=AUTOS%202009/sort=nameorder=desc/sort=sizeorder=asc/sort=nameorder=desc/sort=sizeorder=asc/sort=nameorder=desc/sort=dateorder=asc/sort=nameorder=desc/sort=nameorder=desc/sort=sizeorder=asc/sort=sizeorder=asc/sort=nameorder=desc/sort=nameorder=desc/sort=dateorder=asc/sort=sizeorder=asc HTTP/1.1" 200 13216
5.255.250.154 - - [22/May/2019:03:40:18 -0500] "GET /favicon.ico HTTP/1.1" 200 7782
54.188.5.101 - - [22/May/2019:03:40:29 -0500] "GET /BLA/resoluciones/index.php?dir=AUTOS+2009%2Fsort%3Dnameorder%3Ddesc%2Fsort%3Dsizeorder%3Dasc%2Fsort%3Ddateorder%3Dasc%2Fsort%3Dsizeorder%3Dasc%2Fsort%3Dnameorder%3Ddesc%2Fsort%3Dsizeorder%3Dasc%2Fsort%3Ddateorder%3Dasc%2Fsort%3Dsizeorder%3Dasc%2Fsort%3Dsizeorder%3Dasc%2Fsort%3Dnameorder%3Ddesc%2Fsort%3Dnameorder%3Ddesc%2F HTTP/1.1" 200 12957
201.245.192.253 - - [22/May/2019:03:40:43 -0500] "GET /galeria/nivo-slider/demo/images/Banner%20Segae%20Sumapaz.jpg HTTP/1.1" 304 -
69.162.124.233 - - [22/May/2019:03:40:44 -0500] "HEAD / HTTP/1.1" 200 -
192.168.175.104 - - [22/May/2019:03:41:19 -0500] "GET / HTTP/1.1" 200 9990
181.188.178.28 - - [22/May/2019:03:41:39 -0500] "GET /galeria/galeria/jquery.fancybox.css?v=2.1.5 HTTP/1.1" 200 4895
181.188.178.28 - - [22/May/2019:03:41:39 -0500] "GET /BLA/boletinlegal/js/jquery.scrollShow.js HTTP/1.1" 200 4586
