186.85.57.233 - - [19/Jun/2019:03:01:39 -0500] "GET /BLA/boletinlegal/js/jquery.scrollShow.js HTTP/1.1" 200 4586
186.85.57.233 - - [19/Jun/2019:03:01:39 -0500] "GET /galeria/galeria/jquery.fancybox.js?v=2.1.5 HTTP/1.1" 200 48706
208.94.232.6 - - [19/Jun/2019:03:01:39 -0500] "HEAD /BLA/resoluciones/RESOLUCIONES%202011/5062.pdf HTTP/1.1" 200 -
208.94.232.6 - - [19/Jun/2019:03:01:41 -0500] "HEAD /BLA/resoluciones/RESOLUCIONES%202011/5095.pdf HTTP/1.1" 200 -
54.36.149.101 - - [19/Jun/2019:03:01:53 -0500] "GET /BLA/resoluciones/RESOLUCIONES%202004/RES%202004%201351-1400/00001375.tif HTTP/1.1" 200 46338
66.249.65.223 - - [19/Jun/2019:03:03:02 -0500] "GET /BLA/resoluciones/RESOLUCIONES%202008/5234.pdf HTTP/1.1" 200 338063
192.168.175.104 - - [19/Jun/2019:03:03:33 -0500] "GET / HTTP/1.0" 200 9990
69.162.124.233 - - [19/Jun/2019:03:04:03 -0500] "HEAD / HTTP/1.1" 200 -
190.76.127.222 - - [19/Jun/2019:03:04:39 -0500] "GET /BLA/boletinlegal/js/jquery.scrollShow.js HTTP/1.1" 200 4586
190.76.127.222 - - [19/Jun/2019:03:04:39 -0500] "GET /galeria/galeria/jquery.fancybox.css?v=2.1.5 HTTP/1.1" 200 4895
190.76.127.222 - - [19/Jun/2019:03:04:39 -0500] "GET /galeria/galeria/jquery.fancybox.js?v=2.1.5 HTTP/1.1" 200 48706
192.168.175.104 - - [19/Jun/2019:03:05:12 -0500] "GET / HTTP/1.1" 200 9990
54.36.150.111 - - [19/Jun/2019:03:05:22 -0500] "GET /BLA/resoluciones/RESOLUCIONES%202005/RES%202005%202451-2500/00002453.tif HTTP/1.1" 200 330066
54.36.150.36 - - [19/Jun/2019:03:05:24 -0500] "GET /BLA/resoluciones/index.php?dir=RESOLUCIONES%202003/RES%202003%201101-1150/&sort=size&order=asc HTTP/1.1" 200 11572
157.55.39.62 - - [19/Jun/2019:03:05:32 -0500] "GET /POT-2013/Cartografia/28_USOS%20Y%20AREAS%20DE%20ACTIVIDAD.pdf HTTP/1.1" 200 3754922
157.55.39.93 - - [19/Jun/2019:03:05:47 -0500] "GET /www.ambientebogota.gov.co:81/ HTTP/1.1" 403 1020
207.46.13.208 - - [19/Jun/2019:03:06:09 -0500] "GET /Anexos%20estudio%20Organizacional%20SDA/ANEXO%20No.%204%20-%20ENCUESTA%20DE%20AN%C3%81LISIS%20ORGANIZACIONAL/PROCESAMIENTO%20CONSOLIDADO%20ENCUESTA%20AN%C3%81LISIS%20ORGANIZACIONAL.doc HTTP/1.1" 304 -
208.94.232.6 - - [19/Jun/2019:03:06:13 -0500] "HEAD /BLA/resoluciones/RESOLUCIONES%202011/5093.pdf HTTP/1.1" 200 -
35.241.138.178 - - [19/Jun/2019:03:07:26 -0500] "-" 408 -
207.46.13.120 - - [19/Jun/2019:03:07:45 -0500] "GET /BLA/boletinlegal/Circulares/2012/Circular%20No.%2010%20del%2022%20de%20Agosto%20de%202012.pdf HTTP/1.1" 200 1563219
192.168.175.104 - - [19/Jun/2019:03:08:31 -0500] "GET / HTTP/1.0" 200 9990
66.249.65.222 - - [19/Jun/2019:03:08:35 -0500] "GET /BLA/resoluciones/RESOLUCIONES%202008/3334.pdf HTTP/1.1" 200 366281
69.162.124.233 - - [19/Jun/2019:03:09:02 -0500] "HEAD / HTTP/1.1" 200 -
201.245.192.253 - - [19/Jun/2019:03:08:44 -0500] "POST /kwsrmcab/Wsrmcab HTTP/1.1" 200 29320
201.245.192.253 - - [19/Jun/2019:03:08:44 -0500] "POST /kwsrmcab/Wsrmcab HTTP/1.1" 200 29320
54.36.148.241 - - [19/Jun/2019:03:09:33 -0500] "GET /BLA/resoluciones/index.php?dir=RESOLUCIONES+2012%2F HTTP/1.1" 200 139214
208.94.232.6 - - [19/Jun/2019:03:09:45 -0500] "HEAD /BLA/resoluciones/RESOLUCIONES%202011/5003.pdf HTTP/1.1" 200 -
201.245.192.253 - - [19/Jun/2019:03:09:26 -0500] "POST /kwsrmcab/Wsrmcab HTTP/1.1" 200 29635
201.245.192.253 - - [19/Jun/2019:03:09:27 -0500] "POST /kwsrmcab/Wsrmcab HTTP/1.1" 200 29635
192.168.175.104 - - [19/Jun/2019:03:10:10 -0500] "GET / HTTP/1.1" 200 9990
66.249.65.223 - - [19/Jun/2019:03:10:11 -0500] "GET /Autoliquidacion/index.php?dir=Cobro+Clasificacion+Uso+De+Vivenda+En+Suelo+Restringido%2FCOMPATIBILIDAD+USO+DE+VIVIENDA%2F HTTP/1.1" 200 2705
54.36.149.105 - - [19/Jun/2019:03:10:41 -0500] "GET /BLA/resoluciones/index.php?dir=RESOLUCIONES%202003/RES%202003%201101-1150/&sort=date&order=asc HTTP/1.1" 200 11572
208.94.232.6 - - [19/Jun/2019:03:11:22 -0500] "HEAD /BLA/resoluciones/RESOLUCIONES%202011/5045.pdf HTTP/1.1" 200 -
157.55.39.62 - - [19/Jun/2019:03:13:07 -0500] "GET /SIG/ECS/126PM04-PR94.pdf HTTP/1.1" 200 4156368
192.168.175.104 - - [19/Jun/2019:03:13:29 -0500] "GET / HTTP/1.0" 200 9990
66.249.65.193 - - [19/Jun/2019:03:13:58 -0500] "GET /BLA/resoluciones/AUTOS%202014/0288.pdf HTTP/1.1" 200 925227
69.162.124.233 - - [19/Jun/2019:03:14:03 -0500] "HEAD / HTTP/1.1" 200 -
54.36.150.15 - - [19/Jun/2019:03:14:33 -0500] "GET /BLA/resoluciones/RESOLUCIONES%202004/RES%202004%201351-1400/00001377.tif HTTP/1.1" 200 176692
192.168.175.104 - - [19/Jun/2019:03:15:08 -0500] "GET / HTTP/1.1" 200 9990
208.94.232.6 - - [19/Jun/2019:03:16:44 -0500] "HEAD /BLA/resoluciones/RESOLUCIONES%202011/5063.pdf HTTP/1.1" 200 -
208.94.232.6 - - [19/Jun/2019:03:16:57 -0500] "HEAD /BLA/resoluciones/RESOLUCIONES%202011/5109.pdf HTTP/1.1" 200 -
87.156.74.154 - - [19/Jun/2019:03:16:59 -0500] "GET /galeria/galeria/jquery.fancybox.css?v=2.1.5 HTTP/1.1" 200 4895
87.156.74.154 - - [19/Jun/2019:03:16:59 -0500] "GET /BLA/boletinlegal/js/jquery.scrollShow.js HTTP/1.1" 200 4586
87.156.74.154 - - [19/Jun/2019:03:16:59 -0500] "GET /galeria/galeria/jquery.fancybox.js?v=2.1.5 HTTP/1.1" 200 48706
87.156.74.154 - - [19/Jun/2019:03:17:08 -0500] "GET /galeria/galeria/jquery.fancybox.css?v=2.1.5 HTTP/1.1" 200 4895
87.156.74.154 - - [19/Jun/2019:03:17:08 -0500] "GET /galeria/galeria/jquery.fancybox.js?v=2.1.5 HTTP/1.1" 200 48706
87.156.74.154 - - [19/Jun/2019:03:17:08 -0500] "GET /BLA/boletinlegal/js/jquery.scrollShow.js HTTP/1.1" 200 4586
66.249.65.222 - - [19/Jun/2019:03:18:03 -0500] "GET /BLA/resoluciones/RESOLUCIONES%202008/0826.pdf HTTP/1.1" 200 449155
208.94.232.6 - - [19/Jun/2019:03:18:10 -0500] "HEAD /BLA/resoluciones/RESOLUCIONES%202011/5237.pdf HTTP/1.1" 200 -
192.168.175.104 - - [19/Jun/2019:03:18:26 -0500] "GET / HTTP/1.0" 200 9990
46.229.168.148 - - [19/Jun/2019:03:18:34 -0500] "GET /robots.txt HTTP/1.1" 404 1019
46.229.168.129 - - [19/Jun/2019:03:18:35 -0500] "GET /Autoliquidacion/index.php?dir=Permiso%2Bde%2Bocupaci%C3%83%C2%83%C3%82%C2%B3n%2Bde%2Bcauce%2F&order=asc&sort=date HTTP/1.1" 200 6640
69.162.124.233 - - [19/Jun/2019:03:19:03 -0500] "HEAD / HTTP/1.1" 200 -
208.94.232.6 - - [19/Jun/2019:03:19:08 -0500] "HEAD /BLA/resoluciones/RESOLUCIONES%202011/5066.pdf HTTP/1.1" 200 -
201.245.192.253 - - [19/Jun/2019:03:18:44 -0500] "POST /kwsrmcab/Wsrmcab HTTP/1.1" 200 29320
201.245.192.253 - - [19/Jun/2019:03:18:44 -0500] "POST /kwsrmcab/Wsrmcab HTTP/1.1" 200 29320
66.249.65.222 - - [19/Jun/2019:03:19:26 -0500] "GET /BLA/resoluciones/AUTOS%202014/5432.pdf HTTP/1.1" 200 457396
208.94.232.6 - - [19/Jun/2019:03:19:34 -0500] "HEAD /BLA/resoluciones/RESOLUCIONES%202011/4998.pdf HTTP/1.1" 200 -
192.168.175.104 - - [19/Jun/2019:03:20:06 -0500] "GET / HTTP/1.1" 200 9990
208.94.232.6 - - [19/Jun/2019:03:20:29 -0500] "HEAD /BLA/resoluciones/RESOLUCIONES%202011/5032.pdf HTTP/1.1" 200 -
54.36.148.218 - - [19/Jun/2019:03:20:50 -0500] "GET /BLA/resoluciones/RESOLUCIONES%202002/RES%202002%201751-1800/20021772.tif HTTP/1.1" 200 332144
157.55.39.62 - - [19/Jun/2019:03:21:54 -0500] "GET /SIG/Gesti%C3%B3n%20Talento%20Humano/126PA01-PR22.pdf HTTP/1.1" 200 70378
54.36.149.105 - - [19/Jun/2019:03:22:10 -0500] "GET /huelladecarbono/imagenes_descargas/avatar.jpg HTTP/1.1" 200 40409
54.36.148.60 - - [19/Jun/2019:03:22:12 -0500] "GET /BLA/resoluciones/RESOLUCIONES%202003/RES%202003%20951-1000/989.tif HTTP/1.1" 200 457884
157.55.39.64 - - [19/Jun/2019:03:22:33 -0500] "GET /SIG/Gesti%C3%B3n%20Talento%20Humano/126PA01-PR30.pdf HTTP/1.1" 200 46548
54.36.150.60 - - [19/Jun/2019:03:22:40 -0500] "GET /BLA/resoluciones/RESOLUCIONES%202006/RES%202006%201551-1600/00001566.tif HTTP/1.1" 200 188520
103.224.187.102 - - [19/Jun/2019:03:23:13 -0500] "GET / HTTP/1.1" 200 9990
192.168.175.104 - - [19/Jun/2019:03:23:24 -0500] "GET / HTTP/1.0" 200 9990
54.36.150.153 - - [19/Jun/2019:03:23:50 -0500] "GET /BLA/resoluciones/RESOLUCIONES%202004/RES%202004%201351-1400/00001399.tif HTTP/1.1" 200 113298
190.24.134.19 - - [19/Jun/2019:03:23:51 -0500] "GET /galeria/galeria/jquery.fancybox.js?v=2.1.5 HTTP/1.1" 200 48706
190.24.134.19 - - [19/Jun/2019:03:23:51 -0500] "GET /galeria/galeria/jquery.fancybox.css?v=2.1.5 HTTP/1.1" 200 4895
190.24.134.19 - - [19/Jun/2019:03:23:51 -0500] "GET /BLA/boletinlegal/js/jquery.scrollShow.js HTTP/1.1" 200 4586
208.94.232.6 - - [19/Jun/2019:03:23:55 -0500] "HEAD /BLA/resoluciones/RESOLUCIONES%202011/5068.pdf HTTP/1.1" 200 -
69.162.124.233 - - [19/Jun/2019:03:24:03 -0500] "HEAD / HTTP/1.1" 200 -
66.249.65.222 - - [19/Jun/2019:03:24:54 -0500] "GET /BLA/resoluciones/AUTOS%202011/6051.pdf HTTP/1.1" 200 268320
207.46.13.120 - - [19/Jun/2019:03:24:57 -0500] "GET /galeria/carrusel/Carrusel/jquery-ui- HTTP/1.1" 404 1018
192.168.175.104 - - [19/Jun/2019:03:25:04 -0500] "GET / HTTP/1.1" 200 9990
140.82.10.185 - - [19/Jun/2019:03:26:10 -0500] "GET / HTTP/1.0" 200 9990
208.94.232.6 - - [19/Jun/2019:03:26:12 -0500] "HEAD /BLA/resoluciones/RESOLUCIONES%202011/4982.pdf HTTP/1.1" 200 -
66.249.65.223 - - [19/Jun/2019:03:27:32 -0500] "GET /POT-2013/Cartografia/Anexo01_Sistema_Hidrico.pdf HTTP/1.1" 200 5860035
192.168.175.104 - - [19/Jun/2019:03:28:22 -0500] "GET / HTTP/1.0" 200 9990
208.94.232.6 - - [19/Jun/2019:03:28:23 -0500] "HEAD /BLA/resoluciones/RESOLUCIONES%202011/5111.pdf HTTP/1.1" 200 -
208.94.232.6 - - [19/Jun/2019:03:28:28 -0500] "HEAD /BLA/resoluciones/RESOLUCIONES%202011/5040.pdf HTTP/1.1" 200 -
69.162.124.233 - - [19/Jun/2019:03:29:03 -0500] "HEAD / HTTP/1.1" 200 -
201.245.192.253 - - [19/Jun/2019:03:28:43 -0500] "POST /kwsrmcab/Wsrmcab HTTP/1.1" 200 29320
201.245.192.253 - - [19/Jun/2019:03:28:44 -0500] "POST /kwsrmcab/Wsrmcab HTTP/1.1" 200 29320
54.36.148.149 - - [19/Jun/2019:03:29:26 -0500] "GET /BLA/resoluciones/RESOLUCIONES%202002/RES%202002%201601-1650/20021605.tif HTTP/1.1" 200 262916
192.168.175.104 - - [19/Jun/2019:03:30:02 -0500] "GET / HTTP/1.1" 200 9990
186.86.32.181 - - [19/Jun/2019:03:30:09 -0500] "GET /galeria/galeria/jquery.fancybox.css?v=2.1.5 HTTP/1.1" 200 4895
186.86.32.181 - - [19/Jun/2019:03:30:09 -0500] "GET /BLA/boletinlegal/js/jquery.scrollShow.js HTTP/1.1" 200 4586
186.86.32.181 - - [19/Jun/2019:03:30:09 -0500] "GET /galeria/galeria/jquery.fancybox.js?v=2.1.5 HTTP/1.1" 200 48706
190.144.220.228 - - [19/Jun/2019:03:30:12 -0500] "GET /galeria/galeria/jquery.fancybox.css?v=2.1.5 HTTP/1.1" 200 4895
190.144.220.228 - - [19/Jun/2019:03:30:12 -0500] "GET /BLA/boletinlegal/js/jquery.scrollShow.js HTTP/1.1" 200 4586
190.144.220.228 - - [19/Jun/2019:03:30:12 -0500] "GET /galeria/galeria/jquery.fancybox.js?v=2.1.5 HTTP/1.1" 200 48706
208.94.232.6 - - [19/Jun/2019:03:30:13 -0500] "HEAD /BLA/resoluciones/RESOLUCIONES%202011/5005.pdf HTTP/1.1" 200 -
66.249.65.223 - - [19/Jun/2019:03:30:18 -0500] "GET /BLA/resoluciones/RESOLUCIONES%202014/2737.pdf HTTP/1.1" 200 206017
66.249.65.222 - - [19/Jun/2019:03:30:22 -0500] "GET /BLA/resoluciones/RESOLUCIONES%202015/1575.pdf HTTP/1.1" 200 1095115
208.94.232.6 - - [19/Jun/2019:03:30:27 -0500] "HEAD /BLA/resoluciones/RESOLUCIONES%202011/5044.pdf HTTP/1.1" 200 -
192.168.175.104 - - [19/Jun/2019:03:33:20 -0500] "GET / HTTP/1.0" 200 9990
216.244.66.195 - - [19/Jun/2019:03:33:31 -0500] "GET /robots.txt HTTP/1.1" 404 1018
208.94.232.6 - - [19/Jun/2019:03:33:32 -0500] "HEAD /BLA/resoluciones/RESOLUCIONES%202011/5060.pdf HTTP/1.1" 200 -
40.77.167.152 - - [19/Jun/2019:03:33:57 -0500] "GET /galeria/galeria/fotos/diaSC4.jpg HTTP/1.1" 200 157834
69.162.124.233 - - [19/Jun/2019:03:34:03 -0500] "HEAD / HTTP/1.1" 200 -
192.168.175.104 - - [19/Jun/2019:03:35:00 -0500] "GET / HTTP/1.1" 200 9990
208.94.232.6 - - [19/Jun/2019:03:35:09 -0500] "HEAD /BLA/resoluciones/RESOLUCIONES%202011/5010.pdf HTTP/1.1" 200 -
195.154.122.3 - - [19/Jun/2019:03:35:38 -0500] "GET /galeria/galeria/jquery.fancybox.css?v=2.1.5 HTTP/1.1" 200 4895
195.154.122.3 - - [19/Jun/2019:03:35:38 -0500] "GET /galeria/carrusel/Carrusel/jquery.thumbnailScroller.css HTTP/1.1" 200 2066
195.154.122.3 - - [19/Jun/2019:03:35:38 -0500] "GET /BLA/boletinlegal/js/jquery.scrollShow.js HTTP/1.1" 200 4586
195.154.122.3 - - [19/Jun/2019:03:35:38 -0500] "GET /galeria/galeria/jquery.fancybox.js?v=2.1.5 HTTP/1.1" 200 48706
195.154.122.3 - - [19/Jun/2019:03:35:39 -0500] "GET /galeria/carrusel/Carrusel/jquery-ui-1.8.13.custom.min.js HTTP/1.1" 200 10800
195.154.122.3 - - [19/Jun/2019:03:35:39 -0500] "GET /galeria/carrusel/Carrusel/jquery.thumbnailScroller.js HTTP/1.1" 200 8157
195.154.122.3 - - [19/Jun/2019:03:35:39 -0500] "GET /galeria/nivo-slider/demo/demo.html HTTP/1.1" 200 4093
195.154.122.3 - - [19/Jun/2019:03:35:40 -0500] "GET /galeria/nivo-slider/themes/default/default.css HTTP/1.1" 200 1569
195.154.122.3 - - [19/Jun/2019:03:35:40 -0500] "GET /galeria/nivo-slider/themes/pascal/pascal.css HTTP/1.1" 200 2258
195.154.122.3 - - [19/Jun/2019:03:35:40 -0500] "GET /galeria/nivo-slider/themes/orman/orman.css HTTP/1.1" 200 2152
195.154.122.3 - - [19/Jun/2019:03:35:40 -0500] "GET /galeria/nivo-slider/nivo-slider.css HTTP/1.1" 200 1507
195.154.122.3 - - [19/Jun/2019:03:35:40 -0500] "GET /galeria/nivo-slider/demo/style.css HTTP/1.1" 200 2222
195.154.122.3 - - [19/Jun/2019:03:35:40 -0500] "GET /galeria/nivo-slider/demo/scripts/jquery-1.7.1.min.js HTTP/1.1" 200 93868
195.154.122.3 - - [19/Jun/2019:03:35:40 -0500] "GET /galeria/nivo-slider/jquery.nivo.slider.pack.js HTTP/1.1" 200 11561
66.249.73.27 - - [19/Jun/2019:03:35:52 -0500] "GET /Autoliquidacion/index.php?dir=Solicitudes+relacionadas+con+calidad+del+aire+auditiva+y+visual%2F HTTP/1.1" 200 5748
46.229.168.142 - - [19/Jun/2019:03:35:56 -0500] "GET /robots.txt HTTP/1.1" 404 1031
208.94.232.6 - - [19/Jun/2019:03:36:36 -0500] "HEAD /BLA/resoluciones/RESOLUCIONES%202011/5030.pdf HTTP/1.1" 200 -
46.229.168.135 - - [19/Jun/2019:03:35:56 -0500] "GET /BLA/boletinlegal/ HTTP/1.1" 200 49099
66.249.65.222 - - [19/Jun/2019:03:36:59 -0500] "GET /isolucionsda/bancoconocimiento/C/Controly HTTP/1.1" 503 1020
66.249.65.222 - - [19/Jun/2019:03:37:21 -0500] "GET /BLA/resoluciones/RESOLUCIONES%202013/1138.pdf HTTP/1.1" 304 -
66.249.65.222 - - [19/Jun/2019:03:37:24 -0500] "GET /BLA/resoluciones/Notificaciones/REGISTROS%202015/2292.doc HTTP/1.1" 304 -
208.94.232.6 - - [19/Jun/2019:03:37:33 -0500] "HEAD /BLA/resoluciones/RESOLUCIONES%202011/5065.pdf HTTP/1.1" 200 -
66.249.65.222 - - [19/Jun/2019:03:38:07 -0500] "GET /BLA/resoluciones/AUTOS%202013/0710.pdf HTTP/1.1" 304 -
46.229.168.135 - - [19/Jun/2019:03:36:56 -0500] "GET /BLA/boletinlegal/ HTTP/1.1" 200 49099
208.94.232.6 - - [19/Jun/2019:03:38:12 -0500] "HEAD /BLA/resoluciones/RESOLUCIONES%202011/5137.pdf HTTP/1.1" 200 -
192.168.175.104 - - [19/Jun/2019:03:38:18 -0500] "GET / HTTP/1.0" 200 9990
66.249.65.222 - - [19/Jun/2019:03:38:22 -0500] "GET /BLA/resoluciones/AUTOS%202013/0956.pdf HTTP/1.1" 304 -
66.249.65.222 - - [19/Jun/2019:03:38:31 -0500] "GET /Residuos/farmaceutica/files/search/searchtext.xml HTTP/1.1" 200 204187
66.249.65.222 - - [19/Jun/2019:03:38:45 -0500] "GET /BLA/ HTTP/1.1" 200 538
66.249.65.222 - - [19/Jun/2019:03:39:01 -0500] "GET /BLA/boletinlegal/js/jquery.js HTTP/1.1" 200 57254
54.36.148.19 - - [19/Jun/2019:03:39:01 -0500] "GET /BLA/resoluciones/RESOLUCIONES%202002/RES%202002%20751-800/2002RES776.tif HTTP/1.1" 200 319768
69.162.124.233 - - [19/Jun/2019:03:39:03 -0500] "HEAD / HTTP/1.1" 200 -
66.249.65.222 - - [19/Jun/2019:03:39:08 -0500] "GET /BLA/resoluciones/RESOLUCIONES%202007/RES%202007%202401%20AL%202500/RESOLUCION%202403%20DE%202007.pdf HTTP/1.1" 304 -
161.22.148.55 - - [19/Jun/2019:03:39:09 -0500] "GET /galeria/galeria/jquery.fancybox.css?v=2.1.5 HTTP/1.1" 200 4895
161.22.148.55 - - [19/Jun/2019:03:39:09 -0500] "GET /BLA/boletinlegal/js/jquery.scrollShow.js HTTP/1.1" 200 4586
161.22.148.55 - - [19/Jun/2019:03:39:09 -0500] "GET /galeria/galeria/jquery.fancybox.js?v=2.1.5 HTTP/1.1" 200 48706
66.249.65.222 - - [19/Jun/2019:03:38:48 -0500] "GET /BLA/boletinlegal/index.php HTTP/1.1" 200 24523
208.94.232.6 - - [19/Jun/2019:03:39:24 -0500] "HEAD /BLA/resoluciones/RESOLUCIONES%202011/5113.pdf HTTP/1.1" 200 -
186.80.101.114 - - [19/Jun/2019:03:39:38 -0500] "GET /BLA/boletinlegal/js/jquery.scrollShow.js HTTP/1.1" 200 4586
186.80.101.114 - - [19/Jun/2019:03:39:38 -0500] "GET /galeria/galeria/jquery.fancybox.css?v=2.1.5 HTTP/1.1" 200 4895
186.80.101.114 - - [19/Jun/2019:03:39:38 -0500] "GET /galeria/galeria/jquery.fancybox.js?v=2.1.5 HTTP/1.1" 200 48706
192.168.175.104 - - [19/Jun/2019:03:39:58 -0500] "GET / HTTP/1.1" 200 9990
208.94.232.6 - - [19/Jun/2019:03:41:09 -0500] "HEAD /BLA/resoluciones/RESOLUCIONES%202011/5031.pdf HTTP/1.1" 200 -
66.249.65.193 - - [19/Jun/2019:03:41:18 -0500] "GET /BLA/resoluciones/RESOLUCIONES%202011/1579.pdf HTTP/1.1" 200 66585
181.62.236.246 - - [19/Jun/2019:03:41:48 -0500] "GET /BLA/resoluciones/AUTOS%202017/0859.pdf HTTP/1.1" 200 1692876
40.77.167.59 - - [19/Jun/2019:03:41:51 -0500] "GET /portalsiaccapacitaciones/Soportes%20Capacitaciones%202015/0002.%20Taller%20HC%20Corporativa%20SDA%2006-04-2015.pdf HTTP/1.1" 200 12264646
88.20.130.236 - - [19/Jun/2019:03:42:34 -0500] "GET /galeria/galeria/fotos/2humedal-Burro2G.jpg HTTP/1.1" 200 140889
192.168.175.104 - - [19/Jun/2019:03:43:16 -0500] "GET / HTTP/1.0" 200 9990
69.162.124.233 - - [19/Jun/2019:03:44:03 -0500] "HEAD / HTTP/1.1" 200 -
54.36.148.133 - - [19/Jun/2019:03:44:05 -0500] "GET /BLA/resoluciones/index.php?dir=RESOLUCIONES+2002%2FRES+2002+601-650%2F HTTP/1.1" 200 12037
46.222.43.197 - - [19/Jun/2019:03:44:46 -0500] "GET /BLA/boletinlegal/js/jquery.scrollShow.js HTTP/1.1" 200 4586
46.222.43.197 - - [19/Jun/2019:03:44:46 -0500] "GET /galeria/galeria/jquery.fancybox.js?v=2.1.5 HTTP/1.1" 200 48706
46.222.43.197 - - [19/Jun/2019:03:44:46 -0500] "GET /galeria/galeria/jquery.fancybox.css?v=2.1.5 HTTP/1.1" 200 4895
192.168.175.104 - - [19/Jun/2019:03:44:56 -0500] "GET / HTTP/1.1" 200 9990
208.94.232.6 - - [19/Jun/2019:03:45:41 -0500] "HEAD /BLA/resoluciones/RESOLUCIONES%202011/4964.pdf HTTP/1.1" 200 -
66.249.65.223 - - [19/Jun/2019:03:46:27 -0500] "GET /BLA/resoluciones/RESOLUCIONES%202010/2664.pdf HTTP/1.1" 200 381316
208.94.232.6 - - [19/Jun/2019:03:46:27 -0500] "HEAD /BLA/resoluciones/RESOLUCIONES%202011/5015.pdf HTTP/1.1" 200 -
208.94.232.6 - - [19/Jun/2019:03:46:49 -0500] "HEAD /BLA/resoluciones/RESOLUCIONES%202011/5017.pdf HTTP/1.1" 200 -
208.94.232.6 - - [19/Jun/2019:03:46:50 -0500] "HEAD /BLA/resoluciones/RESOLUCIONES%202011/5071.pdf HTTP/1.1" 200 -
54.36.150.89 - - [19/Jun/2019:03:47:57 -0500] "GET /BLA/resoluciones/RESOLUCIONES%202005/RES%202005%20451-500/00000500.tif HTTP/1.1" 200 269234
192.168.175.104 - - [19/Jun/2019:03:48:14 -0500] "GET / HTTP/1.0" 200 9990
54.36.150.57 - - [19/Jun/2019:03:48:39 -0500] "GET /BLA/resoluciones/RESOLUCIONES%202002/RES%202002%201001-1050/2002RES1004.tif HTTP/1.1" 200 233982
66.249.65.193 - - [19/Jun/2019:03:48:41 -0500] "GET /BLA/resoluciones/RESOLUCIONES%202008/5234.pdf HTTP/1.1" 200 338063
69.162.124.233 - - [19/Jun/2019:03:49:02 -0500] "HEAD / HTTP/1.1" 200 -
66.249.65.223 - - [19/Jun/2019:03:49:06 -0500] "GET /BLA/resoluciones/RESOLUCIONES%202009/2669.pdf HTTP/1.1" 304 -
208.94.232.6 - - [19/Jun/2019:03:49:19 -0500] "HEAD /BLA/resoluciones/RESOLUCIONES%202011/5125.pdf HTTP/1.1" 200 -
66.249.65.222 - - [19/Jun/2019:03:49:20 -0500] "GET /BLA/resoluciones/AUTOS%202011/4269.pdf HTTP/1.1" 304 -
66.249.65.222 - - [19/Jun/2019:03:49:52 -0500] "GET /BLA/resoluciones/RESOLUCIONES%202013/0779.pdf HTTP/1.1" 304 -
192.168.175.104 - - [19/Jun/2019:03:49:53 -0500] "GET / HTTP/1.1" 200 9990
66.249.65.223 - - [19/Jun/2019:03:50:10 -0500] "GET /BLA/resoluciones/AUTOS%202017/1779.pdf HTTP/1.1" 304 -
66.249.65.164 - - [19/Jun/2019:03:50:16 -0500] "GET /BLA/boletinlegal/Circulares/2019/Circular%20No.%200003%20del%2031%20de%20Enero%20de%202019.pdf HTTP/1.1" 304 -
5.255.250.75 - - [19/Jun/2019:03:50:42 -0500] "GET /videos/Vallasled/?C=D;O=A HTTP/1.1" 200 1872
66.249.65.222 - - [19/Jun/2019:03:50:45 -0500] "GET /BLA/resoluciones/AUTOS%202018/0986.pdf HTTP/1.1" 304 -
192.168.175.104 - - [19/Jun/2019:03:53:12 -0500] "GET / HTTP/1.0" 200 9990
54.36.150.34 - - [19/Jun/2019:03:53:21 -0500] "GET /galeria/galeria/fotos/Pacto_Madera9G.jpg HTTP/1.1" 200 80289
208.94.232.6 - - [19/Jun/2019:03:53:24 -0500] "HEAD /BLA/resoluciones/RESOLUCIONES%202011/5124.pdf HTTP/1.1" 200 -
208.94.232.6 - - [19/Jun/2019:03:53:34 -0500] "HEAD /BLA/resoluciones/RESOLUCIONES%202011/5123.pdf HTTP/1.1" 200 -
208.94.232.6 - - [19/Jun/2019:03:53:45 -0500] "HEAD /BLA/resoluciones/RESOLUCIONES%202011/5150.pdf HTTP/1.1" 200 -
208.94.232.6 - - [19/Jun/2019:03:53:54 -0500] "HEAD /BLA/resoluciones/RESOLUCIONES%202011/5157.pdf HTTP/1.1" 200 -
69.162.124.233 - - [19/Jun/2019:03:54:02 -0500] "HEAD / HTTP/1.1" 200 -
181.176.124.96 - - [19/Jun/2019:03:54:43 -0500] "-" 408 -
192.168.175.104 - - [19/Jun/2019:03:54:50 -0500] "GET / HTTP/1.1" 200 9990
54.36.148.182 - - [19/Jun/2019:03:55:39 -0500] "GET /BLA/resoluciones/RESOLUCIONES%202002/RES%202002%201351-1400/20021360.tif HTTP/1.1" 200 86068
208.94.232.6 - - [19/Jun/2019:03:55:55 -0500] "HEAD /BLA/resoluciones/RESOLUCIONES%202011/5014.pdf HTTP/1.1" 200 -
66.249.65.222 - - [19/Jun/2019:03:55:55 -0500] "GET /BLA/resoluciones/RESOLUCIONES%202010/1780.pdf HTTP/1.1" 200 565194
40.77.191.6 - - [19/Jun/2019:03:56:35 -0500] "GET /BLA/boletinlegal/styles2.css HTTP/1.1" 200 1838
40.77.190.109 - - [19/Jun/2019:03:56:36 -0500] "GET /BLA/boletinlegal/js/ajax_actos.js HTTP/1.1" 200 1322
40.77.189.148 - - [19/Jun/2019:03:56:37 -0500] "GET /BLA/boletinlegal/niceforms.js HTTP/1.1" 200 22876
40.77.191.38 - - [19/Jun/2019:03:56:38 -0500] "GET /BLA/boletinlegal/niceforms-default.css HTTP/1.1" 200 6694
40.77.190.102 - - [19/Jun/2019:03:56:38 -0500] "GET /BLA/boletinlegal/style.css HTTP/1.1" 200 9406
40.77.190.102 - - [19/Jun/2019:03:56:39 -0500] "GET /BLA/boletinlegal/js/lib.js HTTP/1.1" 200 6474
40.77.188.98 - - [19/Jun/2019:03:56:39 -0500] "GET /BLA/boletinlegal/js/popup.js HTTP/1.1" 200 1270
40.77.188.30 - - [19/Jun/2019:03:56:40 -0500] "GET /BLA/boletinlegal/js/jquery1.js HTTP/1.1" 200 29846
66.249.65.222 - - [19/Jun/2019:03:57:04 -0500] "GET /BLA/resoluciones/RESOLUCIONES%202010/6221.pdf HTTP/1.1" 304 -
152.202.98.14 - - [19/Jun/2019:03:57:44 -0500] "GET /galeria/galeria/jquery.fancybox.css?v=2.1.5 HTTP/1.1" 200 4895
152.202.98.14 - - [19/Jun/2019:03:57:44 -0500] "GET /BLA/boletinlegal/js/jquery.scrollShow.js HTTP/1.1" 200 4586
152.202.98.14 - - [19/Jun/2019:03:57:44 -0500] "GET /galeria/galeria/jquery.fancybox.js?v=2.1.5 HTTP/1.1" 200 48706
54.36.150.47 - - [19/Jun/2019:03:57:58 -0500] "GET /BLA/resoluciones/RESOLUCIONES%202005/RES%202005%202151-2200/00002198.tif HTTP/1.1" 200 197548
192.168.175.104 - - [19/Jun/2019:03:58:10 -0500] "GET / HTTP/1.0" 200 9990
66.249.88.93 - - [19/Jun/2019:03:58:59 -0500] "GET /BLA/boletinlegal/js/jquery.scrollShow.js HTTP/1.1" 200 4586
66.249.88.91 - - [19/Jun/2019:03:58:59 -0500] "GET /galeria/galeria/jquery.fancybox.css?v=2.1.5 HTTP/1.1" 200 4895
66.249.88.91 - - [19/Jun/2019:03:58:59 -0500] "GET /galeria/galeria/jquery.fancybox.js?v=2.1.5 HTTP/1.1" 200 48706
69.162.124.233 - - [19/Jun/2019:03:59:02 -0500] "HEAD / HTTP/1.1" 200 -
157.55.39.64 - - [19/Jun/2019:03:59:23 -0500] "GET /galeria/nivo-slider/demo/images/BannerCiclodeCapacitaci%c3%b3nes.jpg HTTP/1.1" 200 657001
208.94.232.6 - - [19/Jun/2019:03:59:29 -0500] "HEAD /BLA/resoluciones/RESOLUCIONES%202011/5004.pdf HTTP/1.1" 200 -
192.168.175.104 - - [19/Jun/2019:03:59:48 -0500] "GET / HTTP/1.1" 200 9990
207.46.13.224 - - [19/Jun/2019:03:59:54 -0500] "GET /SIG/Gesti%C3%B3n%20de%20Recursos%20Inform%C3%A1ticos%20y%20Tecnol%C3%B3gicos/126PA03-PR11.pdf HTTP/1.1" 304 -
208.94.232.6 - - [19/Jun/2019:04:00:00 -0500] "HEAD /BLA/resoluciones/RESOLUCIONES%202011/5052.pdf HTTP/1.1" 200 -
54.36.148.59 - - [19/Jun/2019:04:00:08 -0500] "GET /BLA/resoluciones/RESOLUCIONES%202004/RES%202004%201901-1950/00001932.tif HTTP/1.1" 200 174744
54.36.150.21 - - [19/Jun/2019:04:00:25 -0500] "GET /BLA/resoluciones/RESOLUCIONES%202002/RES%202002%20451-500/00000485.tif HTTP/1.1" 200 142712
208.94.232.6 - - [19/Jun/2019:04:00:36 -0500] "HEAD /BLA/resoluciones/RESOLUCIONES%202011/5127.pdf HTTP/1.1" 200 -
40.77.195.53 - - [19/Jun/2019:04:00:54 -0500] "GET /galeria/galeria/jquery.fancybox.css?v=2.1.5 HTTP/1.1" 200 4895
54.36.150.32 - - [19/Jun/2019:04:01:00 -0500] "GET /BLA/resoluciones/RESOLUCIONES%202003/RES%202003%201701-1750/20031739.tif HTTP/1.1" 200 42656
208.94.232.6 - - [19/Jun/2019:04:01:45 -0500] "HEAD /BLA/resoluciones/RESOLUCIONES%202011/5110.pdf HTTP/1.1" 200 -
192.168.175.104 - - [19/Jun/2019:04:03:08 -0500] "GET / HTTP/1.0" 200 9990
66.249.65.223 - - [19/Jun/2019:04:03:10 -0500] "GET /BLA/resoluciones/RESOLUCIONES%202011/1193.pdf HTTP/1.1" 200 245488
208.94.232.6 - - [19/Jun/2019:04:03:31 -0500] "HEAD /BLA/resoluciones/RESOLUCIONES%202011/5077.pdf HTTP/1.1" 200 -
69.162.124.233 - - [19/Jun/2019:04:04:02 -0500] "HEAD / HTTP/1.1" 200 -
208.94.232.6 - - [19/Jun/2019:04:04:27 -0500] "HEAD /BLA/resoluciones/RESOLUCIONES%202011/5126.pdf HTTP/1.1" 200 -
192.168.175.104 - - [19/Jun/2019:04:04:46 -0500] "GET / HTTP/1.1" 200 9990
98.127.109.152 - - [19/Jun/2019:04:05:11 -0500] "GET / HTTP/1.1" 200 9990
66.249.65.222 - - [19/Jun/2019:04:05:23 -0500] "GET /POT-2013/SEGUIMIENTO/Anexos_POT_PDD_OCT25.xls.pdf HTTP/1.1" 200 225569
181.53.12.143 - - [19/Jun/2019:04:06:50 -0500] "GET /galeria/galeria/jquery.fancybox.css?v=2.1.5 HTTP/1.1" 200 4895
181.53.12.143 - - [19/Jun/2019:04:06:50 -0500] "GET /BLA/boletinlegal/js/jquery.scrollShow.js HTTP/1.1" 200 4586
181.53.12.143 - - [19/Jun/2019:04:06:50 -0500] "GET /galeria/galeria/jquery.fancybox.js?v=2.1.5 HTTP/1.1" 200 48706
66.249.65.164 - - [19/Jun/2019:04:07:53 -0500] "GET /BLA/boletinlegal/jurisprudencia.php HTTP/1.1" 200 17573
208.94.232.6 - - [19/Jun/2019:04:08:03 -0500] "HEAD /BLA/resoluciones/RESOLUCIONES%202011/5016.pdf HTTP/1.1" 200 -
192.168.175.104 - - [19/Jun/2019:04:08:06 -0500] "GET / HTTP/1.0" 200 9990
54.36.148.77 - - [19/Jun/2019:04:08:20 -0500] "GET /BLA/resoluciones/RESOLUCIONES%202002/RES%202002%20901-950/00000929.tif HTTP/1.1" 200 106052
208.94.232.6 - - [19/Jun/2019:04:08:50 -0500] "HEAD /BLA/resoluciones/RESOLUCIONES%202011/5078.pdf HTTP/1.1" 200 -
181.55.229.165 - - [19/Jun/2019:04:08:57 -0500] "GET /galeria/galeria/jquery.fancybox.css?v=2.1.5 HTTP/1.1" 200 4895
181.55.229.165 - - [19/Jun/2019:04:08:57 -0500] "GET /BLA/boletinlegal/js/jquery.scrollShow.js HTTP/1.1" 200 4586
181.55.229.165 - - [19/Jun/2019:04:08:57 -0500] "GET /galeria/galeria/jquery.fancybox.js?v=2.1.5 HTTP/1.1" 200 48706
66.249.65.222 - - [19/Jun/2019:04:09:02 -0500] "GET /BLA/resoluciones/AUTOS%202007/2027.pdf HTTP/1.1" 200 156086
69.162.124.233 - - [19/Jun/2019:04:09:02 -0500] "HEAD / HTTP/1.1" 200 -
207.46.13.224 - - [19/Jun/2019:04:09:16 -0500] "GET /POT-2013/Cartografia/07_Incendios_V1_2013.pdf HTTP/1.1" 200 4039665
201.245.192.253 - - [19/Jun/2019:04:08:44 -0500] "POST /kwsrmcab/Wsrmcab HTTP/1.1" 200 29336
201.245.192.253 - - [19/Jun/2019:04:08:44 -0500] "POST /kwsrmcab/Wsrmcab HTTP/1.1" 200 29336
192.168.175.104 - - [19/Jun/2019:04:09:44 -0500] "GET / HTTP/1.1" 200 9990
201.245.192.253 - - [19/Jun/2019:04:09:18 -0500] "POST /kwsrmcab/Wsrmcab HTTP/1.1" 200 29644
201.245.192.253 - - [19/Jun/2019:04:09:18 -0500] "POST /kwsrmcab/Wsrmcab HTTP/1.1" 200 29644
54.36.149.19 - - [19/Jun/2019:04:10:03 -0500] "GET /BLA/resoluciones/RESOLUCIONES%202003/RES%202003%20651-700/663.tif HTTP/1.1" 200 162184
157.55.39.50 - - [19/Jun/2019:04:10:37 -0500] "GET /portalsiaccapacitaciones/Listas%20de%20Asistencia%202016 HTTP/1.1" 301 353
54.36.150.131 - - [19/Jun/2019:04:11:08 -0500] "GET /galeria/galeria/fotos/boa8G.jpg HTTP/1.1" 200 268973
121.42.143.123 - - [19/Jun/2019:04:12:00 -0500] "GET /wp-login.php HTTP/1.1" 404 1018
121.42.143.123 - - [19/Jun/2019:04:12:00 -0500] "GET /?author=1 HTTP/1.1" 200 9990
66.249.65.164 - - [19/Jun/2019:04:12:00 -0500] "GET /BLA/boletinlegal/jurisprudencia.php HTTP/1.1" 200 17573
121.42.143.123 - - [19/Jun/2019:04:12:01 -0500] "GET /?author=2 HTTP/1.1" 200 9990
121.42.143.123 - - [19/Jun/2019:04:12:01 -0500] "GET /?author=3 HTTP/1.1" 200 9990
121.42.143.123 - - [19/Jun/2019:04:12:02 -0500] "GET /?author=4 HTTP/1.1" 200 9990
121.42.143.123 - - [19/Jun/2019:04:12:02 -0500] "GET /?author=5 HTTP/1.1" 200 9990
121.42.143.123 - - [19/Jun/2019:04:12:02 -0500] "GET /?author=6 HTTP/1.1" 200 9990
121.42.143.123 - - [19/Jun/2019:04:12:03 -0500] "GET /?author=7 HTTP/1.1" 200 9990
121.42.143.123 - - [19/Jun/2019:04:12:03 -0500] "GET /?author=8 HTTP/1.1" 200 9990
121.42.143.123 - - [19/Jun/2019:04:12:03 -0500] "GET /?author=9 HTTP/1.1" 200 9990
121.42.143.123 - - [19/Jun/2019:04:12:04 -0500] "GET /?author=10 HTTP/1.1" 200 9990
121.42.143.123 - - [19/Jun/2019:04:12:04 -0500] "GET /?author=11 HTTP/1.1" 200 9990
121.42.143.123 - - [19/Jun/2019:04:12:04 -0500] "GET /?author=12 HTTP/1.1" 200 9990
121.42.143.123 - - [19/Jun/2019:04:12:04 -0500] "GET /?author=13 HTTP/1.1" 200 9990
121.42.143.123 - - [19/Jun/2019:04:12:05 -0500] "GET /?author=14 HTTP/1.1" 200 9990
121.42.143.123 - - [19/Jun/2019:04:12:05 -0500] "GET /?author=15 HTTP/1.1" 200 9990
66.249.65.164 - - [19/Jun/2019:04:12:05 -0500] "GET /BLA/boletinlegal/jurisprudencia.php HTTP/1.1" 200 17573
157.55.39.64 - - [19/Jun/2019:04:12:09 -0500] "GET /PORTAL_SIAC/swf/Residuos/impresion/files/search/searchtext.xml HTTP/1.1" 200 210298
58.246.221.61 - - [19/Jun/2019:04:12:42 -0500] "GET /BLA/boletinlegal/js/jquery.scrollShow.js HTTP/1.1" 200 4586
192.168.175.104 - - [19/Jun/2019:04:13:04 -0500] "GET / HTTP/1.0" 200 9990
157.55.39.50 - - [19/Jun/2019:04:13:19 -0500] "GET /BLA/boletinlegal/jurisprudencia/analisis/ANALISIST-046-99.docx HTTP/1.1" 200 20918
54.36.148.40 - - [19/Jun/2019:04:13:34 -0500] "GET /BLA/resoluciones/RESOLUCIONES%202005/RES%202005%201801-1850/00001850.tif HTTP/1.1" 200 171610
58.246.221.61 - - [19/Jun/2019:04:13:52 -0500] "GET /galeria/galeria/jquery.fancybox.js?v=2.1.5 HTTP/1.1" 200 48706
157.55.39.197 - - [19/Jun/2019:04:13:57 -0500] "GET / HTTP/1.1" 200 9990
54.36.150.89 - - [19/Jun/2019:04:14:00 -0500] "GET /BLA/resoluciones/RESOLUCIONES%202004/RES%202004%202001-2050/00002017.tif HTTP/1.1" 200 341464
69.162.124.233 - - [19/Jun/2019:04:14:02 -0500] "HEAD / HTTP/1.1" 200 -
54.36.150.102 - - [19/Jun/2019:04:14:16 -0500] "GET /BLA/resoluciones/RESOLUCIONES%202006/RES%202006%20%202951-3000/INDEX.DAT HTTP/1.1" 200 2000
192.168.175.104 - - [19/Jun/2019:04:14:42 -0500] "GET / HTTP/1.1" 200 9990
66.249.65.222 - - [19/Jun/2019:04:14:51 -0500] "GET /BLA/resoluciones/RESOLUCIONES%202009/4591.pdf HTTP/1.1" 200 638709
118.70.129.253 - - [19/Jun/2019:04:15:31 -0500] "GET /galeria/galeria/fotos/Soratama4G.jpg HTTP/1.1" 200 167128
208.94.232.6 - - [19/Jun/2019:04:15:56 -0500] "HEAD /BLA/resoluciones/RESOLUCIONES%202011/5249.pdf HTTP/1.1" 200 -
208.94.232.6 - - [19/Jun/2019:04:15:57 -0500] "HEAD /BLA/resoluciones/RESOLUCIONES%202011/5250.pdf HTTP/1.1" 200 -
54.36.150.133 - - [19/Jun/2019:04:16:11 -0500] "GET /BLA/resoluciones/RESOLUCIONES%202006/RES%202006%20%202951-3000/00002981.tif HTTP/1.1" 200 36260
209.17.96.202 - - [19/Jun/2019:04:17:08 -0500] "GET / HTTP/1.1" 200 9990
35.205.75.161 - - [19/Jun/2019:04:17:27 -0500] "-" 408 -
190.14.252.40 - - [19/Jun/2019:04:17:33 -0500] "GET /galeria/galeria/jquery.fancybox.css?v=2.1.5 HTTP/1.1" 200 4895
190.14.252.40 - - [19/Jun/2019:04:17:33 -0500] "GET /BLA/boletinlegal/js/jquery.scrollShow.js HTTP/1.1" 200 4586
190.14.252.40 - - [19/Jun/2019:04:17:33 -0500] "GET /galeria/galeria/jquery.fancybox.js?v=2.1.5 HTTP/1.1" 200 48706
66.249.65.222 - - [19/Jun/2019:04:17:55 -0500] "GET /BLA/resoluciones/AUTOS%202014/0075.pdf HTTP/1.1" 200 551796
192.168.175.104 - - [19/Jun/2019:04:18:02 -0500] "GET / HTTP/1.0" 200 9990
208.94.232.6 - - [19/Jun/2019:04:18:03 -0500] "HEAD /BLA/resoluciones/RESOLUCIONES%202011/5097.pdf HTTP/1.1" 200 -
208.94.232.6 - - [19/Jun/2019:04:18:18 -0500] "HEAD /BLA/resoluciones/RESOLUCIONES%202011/5048.pdf HTTP/1.1" 200 -
208.94.232.6 - - [19/Jun/2019:04:18:25 -0500] "HEAD /BLA/resoluciones/RESOLUCIONES%202011/5053.pdf HTTP/1.1" 200 -
66.249.65.193 - - [19/Jun/2019:04:18:44 -0500] "GET /BLA/resoluciones/RESOLUCIONES%202010/2162.pdf HTTP/1.1" 304 -
54.36.150.24 - - [19/Jun/2019:04:18:48 -0500] "GET /BLA/resoluciones/RESOLUCIONES%202003/RES%202003%20551-600/600.tif HTTP/1.1" 200 191132
69.162.124.233 - - [19/Jun/2019:04:19:02 -0500] "HEAD / HTTP/1.1" 200 -
201.245.192.253 - - [19/Jun/2019:04:18:44 -0500] "POST /kwsrmcab/Wsrmcab HTTP/1.1" 200 29336
201.245.192.253 - - [19/Jun/2019:04:18:44 -0500] "POST /kwsrmcab/Wsrmcab HTTP/1.1" 200 29336
66.249.65.222 - - [19/Jun/2019:04:19:34 -0500] "GET /BLA/resoluciones/RESOLUCIONES%202008/4837.pdf HTTP/1.1" 200 29077
192.168.175.104 - - [19/Jun/2019:04:19:39 -0500] "GET / HTTP/1.1" 200 9990
54.36.149.92 - - [19/Jun/2019:04:20:52 -0500] "GET /AFLUENTESYEFUENTES/ HTTP/1.1" 200 4762
216.244.66.195 - - [19/Jun/2019:04:20:56 -0500] "GET /robots.txt HTTP/1.1" 404 1018
208.94.232.6 - - [19/Jun/2019:04:21:08 -0500] "HEAD /BLA/resoluciones/RESOLUCIONES%202011/5149.pdf HTTP/1.1" 200 -
54.36.150.181 - - [19/Jun/2019:04:21:36 -0500] "GET /BLA/resoluciones/RESOLUCIONES%202002/RES%202002%201651-1700/20021667.tif HTTP/1.1" 200 91502
66.249.65.223 - - [19/Jun/2019:04:22:08 -0500] "GET /BLA/resoluciones/AUTOS%202016/0051.pdf HTTP/1.1" 304 -
66.249.65.161 - - [19/Jun/2019:04:22:20 -0500] "GET /POT-2013/Cartografia/29_EDIFICABILIDAD.pdf HTTP/1.1" 304 -
192.168.175.104 - - [19/Jun/2019:04:23:00 -0500] "GET / HTTP/1.0" 200 9990
54.184.207.50 - - [19/Jun/2019:04:23:11 -0500] "GET /ads.txt HTTP/1.1" 404 1015
69.162.124.233 - - [19/Jun/2019:04:24:02 -0500] "HEAD / HTTP/1.1" 200 -
208.94.232.6 - - [19/Jun/2019:04:24:07 -0500] "HEAD /BLA/resoluciones/RESOLUCIONES%202011/5251.pdf HTTP/1.1" 200 -
157.55.39.92 - - [19/Jun/2019:04:24:13 -0500] "GET /BLA/boletinlegal/Circulares/2019/Circular%20No.%200003%20del%2031%20de%20Enero%20de%202019.pdf HTTP/1.1" 200 164676
66.249.65.193 - - [19/Jun/2019:04:24:19 -0500] "GET /BLA/resoluciones/AUTOS%202010/0874.pdf HTTP/1.1" 200 541561
192.168.175.104 - - [19/Jun/2019:04:24:37 -0500] "GET / HTTP/1.1" 200 9990
66.249.65.223 - - [19/Jun/2019:04:25:02 -0500] "GET /BLA/resoluciones/RESOLUCIONES%202011/1236.pdf HTTP/1.1" 200 294763
208.94.232.6 - - [19/Jun/2019:04:25:06 -0500] "HEAD /BLA/resoluciones/RESOLUCIONES%202011/5138.pdf HTTP/1.1" 200 -
54.36.150.8 - - [19/Jun/2019:04:25:21 -0500] "GET /BLA/resoluciones/RESOLUCIONES%202003/RES%202003%20001-050/2003RES25.tif HTTP/1.1" 200 159616
208.94.232.6 - - [19/Jun/2019:04:25:51 -0500] "HEAD /BLA/resoluciones/RESOLUCIONES%202011/5080.pdf HTTP/1.1" 200 -
157.55.39.93 - - [19/Jun/2019:04:26:11 -0500] "GET /galeria/nivo-slider/jquery.nivo.slider.pack.js HTTP/1.1" 200 11561
181.137.242.244 - - [19/Jun/2019:04:26:14 -0500] "GET /galeria/galeria/jquery.fancybox.css?v=2.1.5 HTTP/1.1" 200 4895
181.137.242.244 - - [19/Jun/2019:04:26:14 -0500] "GET /galeria/galeria/jquery.fancybox.js?v=2.1.5 HTTP/1.1" 200 48706
181.137.242.244 - - [19/Jun/2019:04:26:14 -0500] "GET /BLA/boletinlegal/js/jquery.scrollShow.js HTTP/1.1" 200 4586
208.94.232.6 - - [19/Jun/2019:04:26:44 -0500] "HEAD /BLA/resoluciones/RESOLUCIONES%202011/5086.pdf HTTP/1.1" 200 -
191.145.58.210 - - [19/Jun/2019:04:27:13 -0500] "GET /galeria/galeria/jquery.fancybox.css?v=2.1.5 HTTP/1.1" 200 4895
191.145.58.210 - - [19/Jun/2019:04:27:13 -0500] "GET /BLA/boletinlegal/js/jquery.scrollShow.js HTTP/1.1" 200 4586
191.145.58.210 - - [19/Jun/2019:04:27:13 -0500] "GET /galeria/galeria/jquery.fancybox.js?v=2.1.5 HTTP/1.1" 200 48706
189.177.19.71 - - [19/Jun/2019:04:27:43 -0500] "GET /galeria/galeria/jquery.fancybox.css?v=2.1.5 HTTP/1.1" 200 4895
189.177.19.71 - - [19/Jun/2019:04:27:48 -0500] "GET /BLA/boletinlegal/js/jquery.scrollShow.js HTTP/1.1" 200 4586
189.177.19.71 - - [19/Jun/2019:04:27:48 -0500] "GET /galeria/galeria/jquery.fancybox.js?v=2.1.5 HTTP/1.1" 200 48706
208.94.232.6 - - [19/Jun/2019:04:27:56 -0500] "HEAD /BLA/resoluciones/RESOLUCIONES%202011/5104.pdf HTTP/1.1" 200 -
192.168.175.104 - - [19/Jun/2019:04:27:57 -0500] "GET / HTTP/1.0" 200 9990
66.249.65.222 - - [19/Jun/2019:04:28:12 -0500] "GET /BLA/resoluciones/AUTOS%202014/4238.pdf HTTP/1.1" 200 521132
181.53.12.143 - - [19/Jun/2019:04:28:43 -0500] "GET /BLA/resoluciones/RESOLUCIONES%202013/2570.pdf HTTP/1.1" 200 919681
181.53.12.143 - - [19/Jun/2019:04:28:45 -0500] "GET /favicon.ico HTTP/1.1" 200 7782
54.36.150.70 - - [19/Jun/2019:04:28:53 -0500] "GET /BLA/resoluciones/RESOLUCIONES%202006/RES%202006%201751-1800/00001789.tif HTTP/1.1" 200 168332
69.162.124.233 - - [19/Jun/2019:04:29:02 -0500] "HEAD / HTTP/1.1" 200 -
201.245.192.253 - - [19/Jun/2019:04:28:44 -0500] "POST /kwsrmcab/Wsrmcab HTTP/1.1" 200 29336
201.245.192.253 - - [19/Jun/2019:04:28:43 -0500] "POST /kwsrmcab/Wsrmcab HTTP/1.1" 200 29336
208.94.232.6 - - [19/Jun/2019:04:29:30 -0500] "HEAD /BLA/resoluciones/RESOLUCIONES%202011/5085.pdf HTTP/1.1" 200 -
192.168.175.104 - - [19/Jun/2019:04:29:35 -0500] "GET / HTTP/1.1" 200 9990
66.249.65.223 - - [19/Jun/2019:04:29:46 -0500] "GET /BLA/resoluciones/AUTOS%202011/3442.pdf HTTP/1.1" 200 226821
195.154.122.107 - - [19/Jun/2019:04:29:54 -0500] "GET /galeria/galeria/jquery.fancybox.css?v=2.1.5 HTTP/1.1" 200 4895
195.154.122.107 - - [19/Jun/2019:04:29:54 -0500] "GET /galeria/carrusel/Carrusel/jquery.thumbnailScroller.css HTTP/1.1" 200 2066
195.154.122.107 - - [19/Jun/2019:04:29:54 -0500] "GET /BLA/boletinlegal/js/jquery.scrollShow.js HTTP/1.1" 200 4586
195.154.122.107 - - [19/Jun/2019:04:29:54 -0500] "GET /galeria/galeria/jquery.fancybox.js?v=2.1.5 HTTP/1.1" 200 48706
195.154.122.107 - - [19/Jun/2019:04:29:56 -0500] "GET /galeria/carrusel/Carrusel/jquery-ui-1.8.13.custom.min.js HTTP/1.1" 200 10800
195.154.122.107 - - [19/Jun/2019:04:29:56 -0500] "GET /galeria/carrusel/Carrusel/jquery.thumbnailScroller.js HTTP/1.1" 200 8157
195.154.122.107 - - [19/Jun/2019:04:29:56 -0500] "GET /galeria/nivo-slider/demo/demo.html HTTP/1.1" 200 4093
195.154.122.107 - - [19/Jun/2019:04:29:56 -0500] "GET /galeria/nivo-slider/themes/default/default.css HTTP/1.1" 200 1569
195.154.122.107 - - [19/Jun/2019:04:29:56 -0500] "GET /galeria/nivo-slider/themes/pascal/pascal.css HTTP/1.1" 200 2258
195.154.122.107 - - [19/Jun/2019:04:29:56 -0500] "GET /galeria/nivo-slider/themes/orman/orman.css HTTP/1.1" 200 2152
195.154.122.107 - - [19/Jun/2019:04:29:56 -0500] "GET /galeria/nivo-slider/nivo-slider.css HTTP/1.1" 200 1507
195.154.122.107 - - [19/Jun/2019:04:29:57 -0500] "GET /galeria/nivo-slider/demo/style.css HTTP/1.1" 200 2222
195.154.122.107 - - [19/Jun/2019:04:29:57 -0500] "GET /galeria/nivo-slider/demo/scripts/jquery-1.7.1.min.js HTTP/1.1" 200 93868
195.154.122.107 - - [19/Jun/2019:04:29:57 -0500] "GET /galeria/nivo-slider/jquery.nivo.slider.pack.js HTTP/1.1" 200 11561
181.53.12.143 - - [19/Jun/2019:04:30:00 -0500] "GET /BLA/resoluciones/RESOLUCIONES%202015/0768.pdf HTTP/1.1" 200 954134
54.36.150.113 - - [19/Jun/2019:04:30:03 -0500] "GET /BLA/resoluciones/index.php?dir=RESOLUCIONES+2007%2FRES+2007+501+AL+600%2F HTTP/1.1" 200 26888
54.36.149.34 - - [19/Jun/2019:04:31:41 -0500] "GET /BLA/resoluciones/RESOLUCIONES%202002/RES%202002%20351-400/00000367.tif HTTP/1.1" 200 60638
208.94.232.6 - - [19/Jun/2019:04:31:50 -0500] "HEAD /BLA/resoluciones/RESOLUCIONES%202011/5258.pdf HTTP/1.1" 200 -
157.55.39.93 - - [19/Jun/2019:04:31:53 -0500] "GET /transparencia/directorioservidores/2017/febrero.xlsx HTTP/1.1" 200 88385
66.249.65.222 - - [19/Jun/2019:04:32:38 -0500] "GET /BLA/resoluciones/AUTOS%202017/4630.pdf HTTP/1.1" 304 -
192.168.175.104 - - [19/Jun/2019:04:32:56 -0500] "GET / HTTP/1.0" 200 9990
66.249.65.222 - - [19/Jun/2019:04:33:47 -0500] "GET /BLA/resoluciones/RESOLUCIONES%202009/0966.pdf HTTP/1.1" 200 677148
208.94.232.6 - - [19/Jun/2019:04:33:50 -0500] "HEAD /BLA/resoluciones/RESOLUCIONES%202011/5119.pdf HTTP/1.1" 200 -
54.36.148.57 - - [19/Jun/2019:04:33:51 -0500] "GET /BLA/resoluciones/RESOLUCIONES%202002/RES%202002%201701-1750/20021739.tif HTTP/1.1" 200 41306
69.162.124.233 - - [19/Jun/2019:04:34:02 -0500] "HEAD / HTTP/1.1" 200 -
66.249.65.222 - - [19/Jun/2019:04:34:26 -0500] "GET /BLA/resoluciones/RESOLUCIONES%202007/RES%202007%203401%20AL%203500/RESOLUCION%203456%20DE%202007.pdf HTTP/1.1" 304 -
66.249.65.222 - - [19/Jun/2019:04:34:31 -0500] "GET /BLA/resoluciones/RESOLUCIONES%202013/0880.pdf HTTP/1.1" 304 -
192.168.175.104 - - [19/Jun/2019:04:34:33 -0500] "GET / HTTP/1.1" 200 9990
66.249.65.222 - - [19/Jun/2019:04:34:35 -0500] "GET /silvicultura/6.pdf HTTP/1.1" 304 -
66.249.65.223 - - [19/Jun/2019:04:34:39 -0500] "GET /BLA/resoluciones/RESOLUCIONES%202007/RES%202007%201301%20AL%201400/RESOLUCION%201303%20DE%202007.pdf HTTP/1.1" 304 -
66.249.65.222 - - [19/Jun/2019:04:34:45 -0500] "GET /BLA/resoluciones/AUTOS%202018/1986.pdf HTTP/1.1" 304 -
66.249.65.222 - - [19/Jun/2019:04:34:49 -0500] "GET /BLA/resoluciones/AUTOS%202014/2219.pdf HTTP/1.1" 304 -
66.249.65.193 - - [19/Jun/2019:04:36:00 -0500] "GET /BLA/resoluciones/RESOLUCIONES%202008/1101.pdf HTTP/1.1" 200 224928
66.249.65.199 - - [19/Jun/2019:04:36:16 -0500] "GET /BLA/resoluciones/RESOLUCIONES%202014/2717.pdf HTTP/1.1" 304 -
66.249.65.223 - - [19/Jun/2019:04:36:55 -0500] "GET /BLA/resoluciones/AUTOS%202015/0695.pdf HTTP/1.1" 304 -
66.249.65.167 - - [19/Jun/2019:04:37:07 -0500] "GET /.well-known/assetlinks.json HTTP/1.1" 404 1043
192.168.175.104 - - [19/Jun/2019:04:37:54 -0500] "GET / HTTP/1.0" 200 9990
54.36.148.10 - - [19/Jun/2019:04:38:32 -0500] "GET /BLA/resoluciones/RESOLUCIONES%202003/RES%202003%201351-1400/20031362.tif HTTP/1.1" 200 61588
208.94.232.6 - - [19/Jun/2019:04:38:36 -0500] "HEAD /BLA/resoluciones/RESOLUCIONES%202011/5037.pdf HTTP/1.1" 200 -
69.162.124.233 - - [19/Jun/2019:04:39:02 -0500] "HEAD / HTTP/1.1" 200 -
208.94.232.6 - - [19/Jun/2019:04:39:30 -0500] "HEAD /BLA/resoluciones/RESOLUCIONES%202011/5146.pdf HTTP/1.1" 200 -
192.168.175.104 - - [19/Jun/2019:04:39:31 -0500] "GET / HTTP/1.1" 200 9990
179.6.217.184 - - [19/Jun/2019:04:41:01 -0500] "GET /galeria/galeria/jquery.fancybox.css?v=2.1.5 HTTP/1.1" 200 4895
179.6.217.184 - - [19/Jun/2019:04:41:01 -0500] "GET /BLA/boletinlegal/js/jquery.scrollShow.js HTTP/1.1" 200 4586
179.6.217.184 - - [19/Jun/2019:04:41:01 -0500] "GET /galeria/carrusel/Carrusel/jquery.thumbnailScroller.css HTTP/1.1" 200 2066
179.6.217.184 - - [19/Jun/2019:04:41:01 -0500] "GET /galeria/galeria/jquery.fancybox.js?v=2.1.5 HTTP/1.1" 200 48706
179.6.217.184 - - [19/Jun/2019:04:41:02 -0500] "GET /galeria/carrusel/Carrusel/jquery-ui-1.8.13.custom.min.js HTTP/1.1" 200 10800
179.6.217.184 - - [19/Jun/2019:04:41:02 -0500] "GET /galeria/carrusel/Carrusel/jquery.thumbnailScroller.js HTTP/1.1" 200 8157
66.249.65.222 - - [19/Jun/2019:04:41:04 -0500] "GET /BLA/resoluciones/AUTOS%202017/3180.pdf HTTP/1.1" 304 -
179.6.217.184 - - [19/Jun/2019:04:41:05 -0500] "GET /galeria/nivo-slider/demo/demo.html HTTP/1.1" 200 4093
179.6.217.184 - - [19/Jun/2019:04:41:07 -0500] "GET /galeria/nivo-slider/themes/default/default.css HTTP/1.1" 200 1569
179.6.217.184 - - [19/Jun/2019:04:41:07 -0500] "GET /galeria/nivo-slider/themes/pascal/pascal.css HTTP/1.1" 200 2258
179.6.217.184 - - [19/Jun/2019:04:41:07 -0500] "GET /galeria/nivo-slider/themes/orman/orman.css HTTP/1.1" 200 2152
179.6.217.184 - - [19/Jun/2019:04:41:07 -0500] "GET /galeria/nivo-slider/nivo-slider.css HTTP/1.1" 200 1507
179.6.217.184 - - [19/Jun/2019:04:41:07 -0500] "GET /galeria/nivo-slider/demo/style.css HTTP/1.1" 200 2222
179.6.217.184 - - [19/Jun/2019:04:41:07 -0500] "GET /galeria/nivo-slider/demo/scripts/jquery-1.7.1.min.js HTTP/1.1" 200 93868
179.6.217.184 - - [19/Jun/2019:04:41:07 -0500] "GET /galeria/nivo-slider/demo/images/Banner%20practicas%20sostenibles.jpg HTTP/1.1" 200 142958
179.6.217.184 - - [19/Jun/2019:04:41:08 -0500] "GET /galeria/nivo-slider/demo/images/banner-humedales-de-bogota.jpg HTTP/1.1" 200 292611
179.6.217.184 - - [19/Jun/2019:04:41:08 -0500] "GET /galeria/nivo-slider/demo/images/Banneranonimos.png HTTP/1.1" 200 109388
179.6.217.184 - - [19/Jun/2019:04:41:08 -0500] "GET /galeria/nivo-slider/demo/images/Banner%20Conpes.jpg HTTP/1.1" 200 55220
179.6.217.184 - - [19/Jun/2019:04:41:08 -0500] "GET /galeria/nivo-slider/demo/images/Banner%20POT.png HTTP/1.1" 200 418238
179.6.217.184 - - [19/Jun/2019:04:41:09 -0500] "GET /galeria/nivo-slider/demo/images/incendios-forestales.png HTTP/1.1" 200 61469
179.6.217.184 - - [19/Jun/2019:04:41:09 -0500] "GET /galeria/nivo-slider/demo/images/bannersectorambiente.png HTTP/1.1" 200 308540
179.6.217.184 - - [19/Jun/2019:04:41:09 -0500] "GET /galeria/nivo-slider/demo/images/Banner%20consumo%20sostenible%20final.jpg HTTP/1.1" 200 364746
179.6.217.184 - - [19/Jun/2019:04:41:09 -0500] "GET /galeria/nivo-slider/demo/images/banner%20lluvias.jpg HTTP/1.1" 200 254815
179.6.217.184 - - [19/Jun/2019:04:41:10 -0500] "GET /galeria/nivo-slider/demo/images/banner-bolsas-plasticas.jpg HTTP/1.1" 200 317939
179.6.217.184 - - [19/Jun/2019:04:41:10 -0500] "GET /galeria/nivo-slider/demo/images/Junio%20caminatas.png HTTP/1.1" 200 603530
179.6.217.184 - - [19/Jun/2019:04:41:11 -0500] "GET /galeria/nivo-slider/demo/images/BANNER%20punto.jpg HTTP/1.1" 200 75932
179.6.217.184 - - [19/Jun/2019:04:41:12 -0500] "GET /galeria/nivo-slider/demo/images/Banner%20RCD.jpg HTTP/1.1" 200 92197
179.6.217.184 - - [19/Jun/2019:04:41:12 -0500] "GET /galeria/nivo-slider/themes/default/loading.gif HTTP/1.1" 200 1737
179.6.217.184 - - [19/Jun/2019:04:41:12 -0500] "GET /galeria/nivo-slider/demo/images/4Simple_Slider.png HTTP/1.1" 200 11722
179.6.217.184 - - [19/Jun/2019:04:41:12 -0500] "GET /galeria/nivo-slider/jquery.nivo.slider.pack.js HTTP/1.1" 200 11561
179.6.217.184 - - [19/Jun/2019:04:41:15 -0500] "GET /galeria/nivo-slider/themes/default/arrows.png HTTP/1.1" 200 824
179.6.217.184 - - [19/Jun/2019:04:41:15 -0500] "GET /galeria/nivo-slider/themes/default/bullets.png HTTP/1.1" 200 1281
54.36.148.178 - - [19/Jun/2019:04:41:32 -0500] "GET /BLA/resoluciones/index.php?dir=RESOLUCIONES%202003/RES%202003%201301-1350/&sort=size&order=asc HTTP/1.1" 200 12156
192.168.175.104 - - [19/Jun/2019:04:42:52 -0500] "GET / HTTP/1.0" 200 9990
195.89.12.219 - - [19/Jun/2019:04:43:12 -0500] "GET /galeria/galeria/jquery.fancybox.css?v=2.1.5 HTTP/1.1" 200 4895
195.89.12.219 - - [19/Jun/2019:04:43:12 -0500] "GET /galeria/carrusel/Carrusel/jquery.thumbnailScroller.css HTTP/1.1" 200 2066
195.89.12.219 - - [19/Jun/2019:04:43:12 -0500] "GET /BLA/boletinlegal/js/jquery.scrollShow.js HTTP/1.1" 200 4586
195.89.12.219 - - [19/Jun/2019:04:43:12 -0500] "GET /galeria/galeria/jquery.fancybox.js?v=2.1.5 HTTP/1.1" 200 48706
195.89.12.219 - - [19/Jun/2019:04:43:13 -0500] "GET /galeria/carrusel/Carrusel/jquery-ui-1.8.13.custom.min.js HTTP/1.1" 200 10800
195.89.12.219 - - [19/Jun/2019:04:43:13 -0500] "GET /galeria/carrusel/Carrusel/jquery.thumbnailScroller.js HTTP/1.1" 200 8157
195.89.12.219 - - [19/Jun/2019:04:43:14 -0500] "GET /galeria/nivo-slider/demo/demo.html HTTP/1.1" 200 4093
195.89.12.219 - - [19/Jun/2019:04:43:14 -0500] "GET /galeria/nivo-slider/themes/pascal/pascal.css HTTP/1.1" 200 2258
195.89.12.219 - - [19/Jun/2019:04:43:14 -0500] "GET /galeria/nivo-slider/themes/default/default.css HTTP/1.1" 200 1569
195.89.12.219 - - [19/Jun/2019:04:43:14 -0500] "GET /galeria/nivo-slider/themes/orman/orman.css HTTP/1.1" 200 2152
195.89.12.219 - - [19/Jun/2019:04:43:14 -0500] "GET /galeria/nivo-slider/nivo-slider.css HTTP/1.1" 200 1507
195.89.12.219 - - [19/Jun/2019:04:43:14 -0500] "GET /galeria/nivo-slider/demo/scripts/jquery-1.7.1.min.js HTTP/1.1" 200 93868
195.89.12.219 - - [19/Jun/2019:04:43:14 -0500] "GET /galeria/nivo-slider/demo/style.css HTTP/1.1" 200 2222
195.89.12.219 - - [19/Jun/2019:04:43:14 -0500] "GET /galeria/nivo-slider/demo/images/banner%20lluvias.jpg HTTP/1.1" 200 254815
195.89.12.219 - - [19/Jun/2019:04:43:14 -0500] "GET /galeria/nivo-slider/jquery.nivo.slider.pack.js HTTP/1.1" 200 11561
195.89.12.219 - - [19/Jun/2019:04:43:14 -0500] "GET /galeria/nivo-slider/demo/images/Banner%20consumo%20sostenible%20final.jpg HTTP/1.1" 200 364746
195.89.12.219 - - [19/Jun/2019:04:43:14 -0500] "GET /galeria/nivo-slider/demo/images/Junio%20caminatas.png HTTP/1.1" 200 603530
195.89.12.219 - - [19/Jun/2019:04:43:14 -0500] "GET /galeria/nivo-slider/demo/images/banner-humedales-de-bogota.jpg HTTP/1.1" 200 292611
195.89.12.219 - - [19/Jun/2019:04:43:14 -0500] "GET /galeria/nivo-slider/demo/images/Banner%20RCD.jpg HTTP/1.1" 200 92197
66.249.65.193 - - [19/Jun/2019:04:43:15 -0500] "GET /BLA/resoluciones/RESOLUCIONES%202010/1888.pdf HTTP/1.1" 200 726952
195.89.12.219 - - [19/Jun/2019:04:43:15 -0500] "GET /galeria/nivo-slider/demo/images/Banner%20POT.png HTTP/1.1" 200 418238
195.89.12.219 - - [19/Jun/2019:04:43:15 -0500] "GET /galeria/nivo-slider/demo/images/banner-bolsas-plasticas.jpg HTTP/1.1" 200 317939
195.89.12.219 - - [19/Jun/2019:04:43:15 -0500] "GET /galeria/nivo-slider/demo/images/incendios-forestales.png HTTP/1.1" 200 61469
195.89.12.219 - - [19/Jun/2019:04:43:16 -0500] "GET /galeria/nivo-slider/demo/images/Banneranonimos.png HTTP/1.1" 200 109388
195.89.12.219 - - [19/Jun/2019:04:43:16 -0500] "GET /galeria/nivo-slider/demo/images/Banner%20practicas%20sostenibles.jpg HTTP/1.1" 200 142958
195.89.12.219 - - [19/Jun/2019:04:43:17 -0500] "GET /galeria/nivo-slider/demo/images/BANNER%20punto.jpg HTTP/1.1" 200 75932
195.89.12.219 - - [19/Jun/2019:04:43:17 -0500] "GET /galeria/nivo-slider/demo/images/Banner%20Conpes.jpg HTTP/1.1" 200 55220
195.89.12.219 - - [19/Jun/2019:04:43:17 -0500] "GET /galeria/nivo-slider/demo/images/bannersectorambiente.png HTTP/1.1" 200 308540
195.89.12.219 - - [19/Jun/2019:04:43:17 -0500] "GET /galeria/nivo-slider/demo/images/4Simple_Slider.png HTTP/1.1" 200 11722
195.89.12.219 - - [19/Jun/2019:04:43:17 -0500] "GET /galeria/nivo-slider/themes/default/loading.gif HTTP/1.1" 200 1737
195.89.12.219 - - [19/Jun/2019:04:43:19 -0500] "GET /galeria/nivo-slider/themes/default/arrows.png HTTP/1.1" 200 824
195.89.12.219 - - [19/Jun/2019:04:43:19 -0500] "GET /galeria/nivo-slider/themes/default/bullets.png HTTP/1.1" 200 1281
