!C99Shell v. 1.0 pre-release build #13!

Software: Apache. PHP/5.5.15 

uname -a: Windows NT SVR-DMZ 6.1 build 7600 (Windows Server 2008 R2 Enterprise Edition) i586 

SYSTEM 

Safe-mode: OFF (not secure)

E:\nuevo\apache\logs\   drwxrwxrwx
Free 9.41 GB of 239.26 GB (3.93%)
Detected drives: [ a ] [ c ] [ d ] [ e ] [ f ]
Home    Back    Forward    UPDIR    Refresh    Search    Buffer    Encoder    Tools    Proc.    FTP brute    Sec.    SQL    PHP-code    Update    Feedback    Self remove    Logout    


Viewing file:     access.2019.07.16.log (8.14 MB)      -rw-rw-rw-
Select action/file-type:
(+) | (+) | (+) | Code (+) | Session (+) | (+) | SDB (+) | (+) | (+) | (+) | (+) | (+) |
66.249.64.19 - - [16/Jul/2019:00:00:00 -0500] "GET /BLA/resoluciones/RESOLUCIONES%202017/1801.pdf HTTP/1.1" 304 -
190.43.104.234 - - [16/Jul/2019:00:00:02 -0500] "GET /BLA/boletinlegal/js/jquery.scrollShow.js HTTP/1.1" 200 4586
66.249.64.19 - - [16/Jul/2019:00:00:02 -0500] "GET /BLA/resoluciones/RESOLUCIONES%202011/0541.pdf HTTP/1.1" 304 -
190.43.104.234 - - [16/Jul/2019:00:00:02 -0500] "GET /galeria/galeria/jquery.fancybox.js?v=2.1.5 HTTP/1.1" 200 48706
66.249.64.19 - - [16/Jul/2019:00:00:03 -0500] "GET /BLA/resoluciones/RESOLUCIONES%202011/5723.pdf HTTP/1.1" 304 -
66.249.64.19 - - [16/Jul/2019:00:00:05 -0500] "GET /BLA/resoluciones/RESOLUCIONES%202014/1466.pdf HTTP/1.1" 304 -
66.249.64.19 - - [16/Jul/2019:00:00:14 -0500] "GET /BLA/resoluciones/RESOLUCIONES%202011/0920.pdf HTTP/1.1" 304 -
66.249.64.19 - - [16/Jul/2019:00:00:17 -0500] "GET /BLA/resoluciones/RESOLUCIONES%202010/0828.pdf HTTP/1.1" 304 -
191.89.157.54 - - [16/Jul/2019:00:00:18 -0500] "GET /BLA/resoluciones/RESOLUCIONES%202017/0490.pdf HTTP/1.1" 200 456378
66.249.64.19 - - [16/Jul/2019:00:00:21 -0500] "GET /BLA/resoluciones/RESOLUCIONES%202011/1547.pdf HTTP/1.1" 304 -
66.249.64.19 - - [16/Jul/2019:00:00:25 -0500] "GET /BLA/resoluciones/RESOLUCIONES%202008/5482.pdf HTTP/1.1" 304 -
66.249.64.19 - - [16/Jul/2019:00:00:28 -0500] "GET /BLA/resoluciones/RESOLUCIONES%202014/0391.pdf HTTP/1.1" 304 -
66.249.64.19 - - [16/Jul/2019:00:00:36 -0500] "GET /BLA/resoluciones/AUTOS%202010/5516.pdf HTTP/1.1" 304 -
66.249.64.19 - - [16/Jul/2019:00:00:39 -0500] "GET /BLA/resoluciones/RESOLUCIONES%202016/1941.pdf HTTP/1.1" 304 -
66.249.64.19 - - [16/Jul/2019:00:00:47 -0500] "GET /BLA/resoluciones/RESOLUCIONES%202013/2293.pdf HTTP/1.1" 304 -
66.249.64.19 - - [16/Jul/2019:00:00:50 -0500] "GET /BLA/resoluciones/RESOLUCIONES%202010/5914.pdf HTTP/1.1" 304 -
66.249.64.19 - - [16/Jul/2019:00:01:01 -0500] "GET /BLA/resoluciones/RESOLUCIONES%202013/1650.pdf HTTP/1.1" 304 -
66.249.64.19 - - [16/Jul/2019:00:01:09 -0500] "GET /BLA/resoluciones/RESOLUCIONES%202011/1445.pdf HTTP/1.1" 304 -
66.249.64.19 - - [16/Jul/2019:00:01:12 -0500] "GET /BLA/resoluciones/RESOLUCIONES%202011/5560.pdf HTTP/1.1" 304 -
66.249.64.19 - - [16/Jul/2019:00:01:16 -0500] "GET /BLA/resoluciones/RESOLUCIONES%202011/1847.pdf HTTP/1.1" 304 -
66.249.64.19 - - [16/Jul/2019:00:01:20 -0500] "GET /BLA/resoluciones/RESOLUCIONES%202014/0342.pdf HTTP/1.1" 304 -
66.249.64.19 - - [16/Jul/2019:00:01:23 -0500] "GET /BLA/resoluciones/RESOLUCIONES%202011/4770.pdf HTTP/1.1" 200 1099821
66.249.64.19 - - [16/Jul/2019:00:01:30 -0500] "GET /BLA/resoluciones/RESOLUCIONES%202013/0760.pdf HTTP/1.1" 304 -
66.249.64.19 - - [16/Jul/2019:00:01:31 -0500] "GET /BLA/resoluciones/RESOLUCIONES%202011/3834.pdf HTTP/1.1" 304 -
66.249.64.19 - - [16/Jul/2019:00:01:34 -0500] "GET /BLA/resoluciones/RESOLUCIONES%202014/0945.pdf HTTP/1.1" 304 -
66.249.64.19 - - [16/Jul/2019:00:01:38 -0500] "GET /BLA/resoluciones/RESOLUCIONES%202011/3206.pdf HTTP/1.1" 304 -
66.249.64.19 - - [16/Jul/2019:00:01:42 -0500] "GET /BLA/resoluciones/RESOLUCIONES%202011/0827.pdf HTTP/1.1" 304 -
66.249.64.19 - - [16/Jul/2019:00:01:49 -0500] "GET /BLA/resoluciones/RESOLUCIONES%202011/5404.pdf HTTP/1.1" 304 -
66.249.64.19 - - [16/Jul/2019:00:01:53 -0500] "GET /BLA/resoluciones/RESOLUCIONES%202014/3800.pdf HTTP/1.1" 304 -
66.249.64.19 - - [16/Jul/2019:00:01:57 -0500] "GET /BLA/resoluciones/RESOLUCIONES%202013/1396.pdf HTTP/1.1" 304 -
186.86.26.105 - - [16/Jul/2019:00:01:59 -0500] "GET /galeria/galeria/jquery.fancybox.css?v=2.1.5 HTTP/1.1" 200 4895
186.86.26.105 - - [16/Jul/2019:00:01:59 -0500] "GET /BLA/boletinlegal/js/jquery.scrollShow.js HTTP/1.1" 200 4586
186.86.26.105 - - [16/Jul/2019:00:01:59 -0500] "GET /galeria/galeria/jquery.fancybox.js?v=2.1.5 HTTP/1.1" 200 48706
66.249.88.123 - - [16/Jul/2019:00:02:00 -0500] "GET /galeria/galeria/jquery.fancybox.js?v=2.1.5 HTTP/1.1" 200 48706
66.249.88.123 - - [16/Jul/2019:00:02:00 -0500] "GET /galeria/galeria/jquery.fancybox.css?v=2.1.5 HTTP/1.1" 200 4895
66.249.64.19 - - [16/Jul/2019:00:02:00 -0500] "GET /BLA/resoluciones/RESOLUCIONES%202014/0382.pdf HTTP/1.1" 304 -
54.36.149.48 - - [16/Jul/2019:00:02:05 -0500] "GET /BLA/resoluciones/index.php?dir=AUTOS+2006%2FAUTOS+2006+2701+-+2800%2F HTTP/1.1" 200 22410
66.249.88.125 - - [16/Jul/2019:00:02:05 -0500] "GET /videos/galeria-cronicas/1V3wnplaylist.htm? HTTP/1.1" 200 4013
66.249.88.125 - - [16/Jul/2019:00:02:07 -0500] "GET /videos/galeria-cronicas/js/jquery.jplayer.min.js HTTP/1.1" 200 43668
66.249.88.127 - - [16/Jul/2019:00:02:07 -0500] "GET /videos/galeria-cronicas/skin/blue.monday/jplayer.blue.monday.css HTTP/1.1" 200 12518
66.249.88.125 - - [16/Jul/2019:00:02:07 -0500] "GET /videos/galeria-cronicas/js/jplayer.playlist.min.js HTTP/1.1" 200 8608
66.249.64.19 - - [16/Jul/2019:00:02:08 -0500] "GET /BLA/resoluciones/RESOLUCIONES%202014/3622.pdf HTTP/1.1" 304 -
66.249.88.123 - - [16/Jul/2019:00:02:09 -0500] "GET /videos/galeria-cronicas/skin/blue.monday/jplayer.blue.monday.jpg HTTP/1.1" 200 23189
66.249.88.125 - - [16/Jul/2019:00:02:09 -0500] "GET /videos/galeria-cronicas/skin/blue.monday/jplayer.blue.monday.video.play.png HTTP/1.1" 200 14424
186.86.33.76 - - [16/Jul/2019:00:02:10 -0500] "GET /galeria/carrusel/Carrusel/jquery.thumbnailScroller.css HTTP/1.1" 200 2066
186.86.33.76 - - [16/Jul/2019:00:02:10 -0500] "GET /BLA/boletinlegal/js/jquery.scrollShow.js HTTP/1.1" 200 4586
186.86.33.76 - - [16/Jul/2019:00:02:10 -0500] "GET /galeria/carrusel/Carrusel/jquery-ui-1.8.13.custom.min.js HTTP/1.1" 200 10800
186.86.33.76 - - [16/Jul/2019:00:02:10 -0500] "GET /galeria/galeria/jquery.fancybox.js?v=2.1.5 HTTP/1.1" 200 48706
186.86.33.76 - - [16/Jul/2019:00:02:10 -0500] "GET /galeria/carrusel/Carrusel/jquery.thumbnailScroller.js HTTP/1.1" 200 8157
186.86.33.76 - - [16/Jul/2019:00:02:10 -0500] "GET /galeria/galeria/jquery.fancybox.css?v=2.1.5 HTTP/1.1" 200 4895
66.249.88.127 - - [16/Jul/2019:00:02:10 -0500] "GET /videos/galeria-cronicas/1videos/parche.mp4video.mp4 HTTP/1.1" 206 2821840
191.92.174.181 - - [16/Jul/2019:00:02:10 -0500] "GET /videos/galeria-cronicas/1videos/parche.mp4video.mp4 HTTP/1.1" 206 2821840
66.249.64.20 - - [16/Jul/2019:00:02:23 -0500] "GET /BLA/resoluciones/RESOLUCIONES%202017/0371.pdf HTTP/1.1" 200 529431
69.162.124.233 - - [16/Jul/2019:00:03:21 -0500] "HEAD / HTTP/1.1" 200 -
66.249.64.19 - - [16/Jul/2019:00:04:05 -0500] "GET /BLA/resoluciones/RESOLUCIONES%202011/4818.pdf HTTP/1.1" 304 -
192.168.175.104 - - [16/Jul/2019:00:04:41 -0500] "GET / HTTP/1.1" 200 9990
192.168.175.104 - - [16/Jul/2019:00:04:45 -0500] "GET / HTTP/1.0" 200 9990
66.249.64.19 - - [16/Jul/2019:00:04:56 -0500] "GET /BLA/resoluciones/RESOLUCIONES%202014/2995.pdf HTTP/1.1" 304 -
191.102.85.253 - - [16/Jul/2019:00:05:01 -0500] "GET /BLA/boletinlegal/js/jquery.scrollShow.js HTTP/1.1" 200 4586
191.102.85.253 - - [16/Jul/2019:00:05:01 -0500] "GET /galeria/galeria/jquery.fancybox.js?v=2.1.5 HTTP/1.1" 200 48706
191.102.85.253 - - [16/Jul/2019:00:05:01 -0500] "GET /galeria/galeria/jquery.fancybox.css?v=2.1.5 HTTP/1.1" 200 4895
191.102.85.253 - - [16/Jul/2019:00:05:01 -0500] "GET /galeria/carrusel/Carrusel/jquery.thumbnailScroller.css HTTP/1.1" 200 2066
191.102.85.253 - - [16/Jul/2019:00:05:01 -0500] "GET /galeria/carrusel/Carrusel/jquery-ui-1.8.13.custom.min.js HTTP/1.1" 200 10800
191.102.85.253 - - [16/Jul/2019:00:05:01 -0500] "GET /galeria/carrusel/Carrusel/jquery.thumbnailScroller.js HTTP/1.1" 200 8157
191.92.174.181 - - [16/Jul/2019:00:05:14 -0500] "GET /videos/galeria-cronicas/1videos/parche.mp4video.mp4 HTTP/1.1" 206 36560
191.92.174.181 - - [16/Jul/2019:00:05:15 -0500] "GET /videos/galeria-cronicas/1videos/parche.mp4video.mp4 HTTP/1.1" 206 2756304
190.26.161.216 - - [16/Jul/2019:00:05:16 -0500] "GET /BLA/boletinlegal/js/jquery.scrollShow.js HTTP/1.1" 200 4586
190.26.161.216 - - [16/Jul/2019:00:05:16 -0500] "GET /galeria/galeria/jquery.fancybox.css?v=2.1.5 HTTP/1.1" 200 4895
190.26.161.216 - - [16/Jul/2019:00:05:16 -0500] "GET /galeria/galeria/jquery.fancybox.js?v=2.1.5 HTTP/1.1" 200 48706
66.249.88.127 - - [16/Jul/2019:00:05:19 -0500] "GET /videos/galeria-cronicas/1videos/parche.mp4video.mp4 HTTP/1.1" 206 65536
191.92.174.181 - - [16/Jul/2019:00:05:20 -0500] "GET /videos/galeria-cronicas/1videos/parche.mp4video.mp4 HTTP/1.1" 206 2821840
5.255.250.154 - - [16/Jul/2019:00:05:27 -0500] "GET /PruebasSTORM/StormSDA_pruebas/userFiles/user_files/90/desasociaFormula.xml HTTP/1.1" 200 58
66.249.64.19 - - [16/Jul/2019:00:05:48 -0500] "GET /BLA/resoluciones/RESOLUCIONES%202010/7273.pdf HTTP/1.1" 200 74419
66.249.64.19 - - [16/Jul/2019:00:05:51 -0500] "GET /BLA/resoluciones/RESOLUCIONES%202011/4765.pdf HTTP/1.1" 304 -
66.249.64.20 - - [16/Jul/2019:00:05:53 -0500] "GET /BLA/resoluciones/RESOLUCIONES%202014/3106.pdf HTTP/1.1" 304 -
152.202.0.175 - - [16/Jul/2019:00:05:55 -0500] "GET /galeria/galeria/jquery.fancybox.css?v=2.1.5 HTTP/1.1" 200 4895
66.249.64.20 - - [16/Jul/2019:00:05:55 -0500] "GET /BLA/resoluciones/RESOLUCIONES%202014/1908.pdf HTTP/1.1" 304 -
152.202.0.175 - - [16/Jul/2019:00:05:55 -0500] "GET /BLA/boletinlegal/notificaciones.php HTTP/1.1" 200 3714
152.202.0.175 - - [16/Jul/2019:00:05:55 -0500] "GET /BLA/boletinlegal/images/pdf.gif HTTP/1.1" 200 567
152.202.0.175 - - [16/Jul/2019:00:05:55 -0500] "GET /BLA/boletinlegal/styles2.css HTTP/1.1" 200 1838
152.202.0.175 - - [16/Jul/2019:00:05:55 -0500] "GET /BLA/boletinlegal/js/jquery.js HTTP/1.1" 200 57254
152.202.0.175 - - [16/Jul/2019:00:05:55 -0500] "GET /BLA/boletinlegal/js/jquery.scrollTo-min.js HTTP/1.1" 200 1150
152.202.0.175 - - [16/Jul/2019:00:05:55 -0500] "GET /BLA/boletinlegal/images/menu_bg.jpg HTTP/1.1" 200 620
66.249.64.19 - - [16/Jul/2019:00:05:57 -0500] "GET /BLA/resoluciones/RESOLUCIONES%202011/0123.pdf HTTP/1.1" 304 -
152.202.0.175 - - [16/Jul/2019:00:05:57 -0500] "GET /BLA/boletinlegal/js/jquery.scrollShow.js HTTP/1.1" 304 -
152.202.0.175 - - [16/Jul/2019:00:05:57 -0500] "GET /galeria/galeria/jquery.fancybox.js?v=2.1.5 HTTP/1.1" 304 -
152.202.0.175 - - [16/Jul/2019:00:05:57 -0500] "GET /galeria/galeria/jquery.fancybox.css?v=2.1.5 HTTP/1.1" 304 -
152.202.0.175 - - [16/Jul/2019:00:05:58 -0500] "GET /BLA/boletinlegal/notificaciones.php HTTP/1.1" 200 3714
152.202.0.175 - - [16/Jul/2019:00:05:58 -0500] "GET /BLA/boletinlegal/styles2.css HTTP/1.1" 304 -
152.202.0.175 - - [16/Jul/2019:00:05:58 -0500] "GET /BLA/boletinlegal/js/jquery.js HTTP/1.1" 304 -
152.202.0.175 - - [16/Jul/2019:00:05:58 -0500] "GET /BLA/boletinlegal/js/jquery.scrollTo-min.js HTTP/1.1" 304 -
152.202.0.175 - - [16/Jul/2019:00:05:58 -0500] "GET /BLA/boletinlegal/images/pdf.gif HTTP/1.1" 304 -
152.202.0.175 - - [16/Jul/2019:00:05:58 -0500] "GET /BLA/boletinlegal/js/jquery.scrollShow.js HTTP/1.1" 304 -
152.202.0.175 - - [16/Jul/2019:00:05:58 -0500] "GET /BLA/boletinlegal/images/menu_bg.jpg HTTP/1.1" 304 -
66.249.64.19 - - [16/Jul/2019:00:05:59 -0500] "GET /BLA/resoluciones/RESOLUCIONES%202011/5550.pdf HTTP/1.1" 304 -
66.249.64.19 - - [16/Jul/2019:00:06:01 -0500] "GET /BLA/resoluciones/RESOLUCIONES%202013/2783.pdf HTTP/1.1" 304 -
66.249.64.19 - - [16/Jul/2019:00:06:03 -0500] "GET /BLA/resoluciones/RESOLUCIONES%202011/4862.pdf HTTP/1.1" 304 -
66.249.64.19 - - [16/Jul/2019:00:06:05 -0500] "GET /BLA/resoluciones/RESOLUCIONES%202014/2698.pdf HTTP/1.1" 304 -
66.249.64.19 - - [16/Jul/2019:00:06:09 -0500] "GET /BLA/resoluciones/RESOLUCIONES%202014/0852.pdf HTTP/1.1" 304 -
66.249.64.19 - - [16/Jul/2019:00:06:11 -0500] "GET /BLA/resoluciones/RESOLUCIONES%202011/3265.pdf HTTP/1.1" 304 -
66.249.64.19 - - [16/Jul/2019:00:06:15 -0500] "GET /BLA/resoluciones/RESOLUCIONES%202013/0765.pdf HTTP/1.1" 304 -
66.249.64.19 - - [16/Jul/2019:00:06:17 -0500] "GET /BLA/resoluciones/RESOLUCIONES%202010/0300.pdf HTTP/1.1" 304 -
66.249.64.19 - - [16/Jul/2019:00:06:23 -0500] "GET /BLA/resoluciones/RESOLUCIONES%202010/1217.pdf HTTP/1.1" 304 -
66.249.64.19 - - [16/Jul/2019:00:06:29 -0500] "GET /BLA/resoluciones/RESOLUCIONES%202013/0628.pdf HTTP/1.1" 304 -
66.249.64.19 - - [16/Jul/2019:00:06:36 -0500] "GET /BLA/resoluciones/RESOLUCIONES%202014/2677.pdf HTTP/1.1" 304 -
152.202.0.175 - - [16/Jul/2019:00:06:37 -0500] "GET /BLA/resoluciones/AUTOS%202016/6155.pdf HTTP/1.1" 200 438329
152.202.0.175 - - [16/Jul/2019:00:06:37 -0500] "GET /favicon.ico HTTP/1.1" 200 7782
66.249.64.19 - - [16/Jul/2019:00:06:40 -0500] "GET /BLA/resoluciones/AUTOS%202013/2049.pdf HTTP/1.1" 304 -
66.249.64.19 - - [16/Jul/2019:00:06:44 -0500] "GET /BLA/resoluciones/AUTOS%202014/6608.pdf HTTP/1.1" 304 -
66.249.64.30 - - [16/Jul/2019:00:06:51 -0500] "GET /portalsiaccapacitaciones/Listas%20de%20Asistencia%202016/LISTA%20DE%20ASISTENCIA%2026%20DE%20MAYO.pdf HTTP/1.1" 200 1181031
66.249.64.19 - - [16/Jul/2019:00:06:55 -0500] "GET /BLA/resoluciones/RESOLUCIONES%202008/3706.pdf HTTP/1.1" 304 -
66.249.64.19 - - [16/Jul/2019:00:07:02 -0500] "GET /BLA/resoluciones/AUTOS%202015/1406.pdf HTTP/1.1" 304 -
186.81.96.127 - - [16/Jul/2019:00:07:06 -0500] "GET /galeria/galeria/jquery.fancybox.css?v=2.1.5 HTTP/1.1" 200 4895
54.36.149.15 - - [16/Jul/2019:00:07:06 -0500] "GET /BLA/resoluciones/RESOLUCIONES%202006/RES%202006%201-50/00000031.tif HTTP/1.1" 200 517008
186.81.96.127 - - [16/Jul/2019:00:07:06 -0500] "GET /galeria/galeria/jquery.fancybox.js?v=2.1.5 HTTP/1.1" 200 48706
186.81.96.127 - - [16/Jul/2019:00:07:06 -0500] "GET /BLA/boletinlegal/js/jquery.scrollShow.js HTTP/1.1" 200 4586
66.249.64.19 - - [16/Jul/2019:00:07:06 -0500] "GET /BLA/resoluciones/AUTOS%202013/3402.pdf HTTP/1.1" 304 -
186.81.96.127 - - [16/Jul/2019:00:07:09 -0500] "GET /BLA/boletinlegal/js/jquery.scrollShow.js HTTP/1.1" 200 4586
186.81.96.127 - - [16/Jul/2019:00:07:09 -0500] "GET /galeria/galeria/jquery.fancybox.css?v=2.1.5 HTTP/1.1" 200 4895
186.81.96.127 - - [16/Jul/2019:00:07:09 -0500] "GET /galeria/galeria/jquery.fancybox.js?v=2.1.5 HTTP/1.1" 200 48706
66.249.64.19 - - [16/Jul/2019:00:07:09 -0500] "GET /BLA/resoluciones/RESOLUCIONES%202014/1048.pdf HTTP/1.1" 304 -
66.249.64.19 - - [16/Jul/2019:00:07:13 -0500] "GET /BLA/resoluciones/RESOLUCIONES%202008/1316.pdf HTTP/1.1" 304 -
66.249.64.19 - - [16/Jul/2019:00:07:17 -0500] "GET /BLA/resoluciones/RESOLUCIONES%202014/0579.pdf HTTP/1.1" 304 -
189.177.141.184 - - [16/Jul/2019:00:07:25 -0500] "GET /galeria/galeria/jquery.fancybox.css?v=2.1.5 HTTP/1.1" 200 4895
189.177.141.184 - - [16/Jul/2019:00:07:25 -0500] "GET /galeria/galeria/jquery.fancybox.js?v=2.1.5 HTTP/1.1" 200 48706
189.177.141.184 - - [16/Jul/2019:00:07:25 -0500] "GET /BLA/boletinlegal/js/jquery.scrollShow.js HTTP/1.1" 200 4586
66.249.64.27 - - [16/Jul/2019:00:07:35 -0500] "GET /SIG/ECS/126PM04-PR56.pdf HTTP/1.1" 304 -
66.249.64.19 - - [16/Jul/2019:00:07:43 -0500] "GET /BLA/resoluciones/AUTOS%202010/0063.pdf HTTP/1.1" 304 -
66.249.64.27 - - [16/Jul/2019:00:07:46 -0500] "GET /SIG/Gesti%C3%B3n%20Talento%20Humano/126PA01-PR21.pdf HTTP/1.1" 304 -
179.6.202.200 - - [16/Jul/2019:00:07:53 -0500] "GET /galeria/galeria/fotos/cusumbo4G.jpg HTTP/1.1" 200 292522
66.249.64.27 - - [16/Jul/2019:00:08:01 -0500] "GET /SIG/Gestion%20Documental/126PA06-PR01%20CONTROL%20DOCUMENTOS%20SIG.pdf HTTP/1.1" 304 -
66.249.64.29 - - [16/Jul/2019:00:08:05 -0500] "GET /SIG/Gesti%C3%B3n%20de%20Recursos%20F%C3%ADsicos/126PA04-PR24.pdf HTTP/1.1" 304 -
66.249.64.19 - - [16/Jul/2019:00:08:08 -0500] "GET /BLA/resoluciones/RESOLUCIONES%202008/2331.pdf HTTP/1.1" 304 -
66.249.64.27 - - [16/Jul/2019:00:08:12 -0500] "GET /SIG/ECS/126PM04-PR60.pdf HTTP/1.1" 304 -
66.249.64.19 - - [16/Jul/2019:00:08:16 -0500] "GET /BLA/resoluciones/RESOLUCIONES%202017/2076.pdf HTTP/1.1" 304 -
69.162.124.233 - - [16/Jul/2019:00:08:21 -0500] "HEAD / HTTP/1.1" 200 -
66.249.64.27 - - [16/Jul/2019:00:08:23 -0500] "GET /BLA/boletinlegal/Circulares/2012/Circular%20No.%2015%20del%2022%20de%20octubre%20de%202012.pdf HTTP/1.1" 304 -
66.249.64.19 - - [16/Jul/2019:00:08:30 -0500] "GET /BLA/resoluciones/RESOLUCIONES%202009/0161.pdf HTTP/1.1" 304 -
66.249.64.19 - - [16/Jul/2019:00:08:34 -0500] "GET /BLA/resoluciones/RESOLUCIONES%202018/3237.pdf HTTP/1.1" 304 -
66.249.64.115 - - [16/Jul/2019:00:08:38 -0500] "GET /Anexos%20estudio%20Organizacional%20SDA/index.php?dir=ANEXO%20No.%201-%20NORMAS%20LEGALES%20DE%20ESTRUCTURA%20Y%20PLANTA/Acuerdo%209%20de%201990%20Concejo%20de%20Bogot%E1._files/&sort=date&order=desc HTTP/1.1" 200 10366
66.249.64.19 - - [16/Jul/2019:00:08:42 -0500] "GET /BLA/resoluciones/RESOLUCIONES%202016/1397.pdf HTTP/1.1" 200 4471617
66.249.64.19 - - [16/Jul/2019:00:08:48 -0500] "GET /BLA/resoluciones/AUTOS%202012/1772.pdf HTTP/1.1" 200 413133
66.249.64.19 - - [16/Jul/2019:00:08:49 -0500] "GET /BLA/resoluciones/RESOLUCIONES%202009/0177.pdf HTTP/1.1" 304 -
66.249.88.125 - - [16/Jul/2019:00:08:50 -0500] "GET /BLA/boletinlegal/js/jquery.scrollShow.js HTTP/1.1" 200 4586
66.249.88.125 - - [16/Jul/2019:00:08:50 -0500] "GET /galeria/galeria/jquery.fancybox.js?v=2.1.5 HTTP/1.1" 200 48706
66.249.88.123 - - [16/Jul/2019:00:08:50 -0500] "GET /galeria/galeria/jquery.fancybox.css?v=2.1.5 HTTP/1.1" 200 4895
66.249.64.19 - - [16/Jul/2019:00:08:52 -0500] "GET /BLA/resoluciones/RESOLUCIONES%202011/1415.pdf HTTP/1.1" 304 -
201.245.192.253 - - [16/Jul/2019:00:08:42 -0500] "POST /kwsrmcab/Wsrmcab HTTP/1.1" 200 30174
201.245.192.253 - - [16/Jul/2019:00:08:47 -0500] "POST /kwsrmcab/Wsrmcab HTTP/1.1" 200 30174
66.102.6.77 - - [16/Jul/2019:00:09:31 -0500] "-" 408 -
66.102.6.77 - - [16/Jul/2019:00:09:31 -0500] "-" 408 -
66.102.6.80 - - [16/Jul/2019:00:09:31 -0500] "-" 408 -
192.168.175.104 - - [16/Jul/2019:00:09:39 -0500] "GET / HTTP/1.1" 200 9990
192.168.175.104 - - [16/Jul/2019:00:09:43 -0500] "GET / HTTP/1.0" 200 9990
201.245.192.253 - - [16/Jul/2019:00:09:15 -0500] "POST /kwsrmcab/Wsrmcab HTTP/1.1" 200 30187
186.30.89.250 - - [16/Jul/2019:00:09:49 -0500] "GET /galeria/galeria/jquery.fancybox.css?v=2.1.5 HTTP/1.1" 200 4895
186.30.89.250 - - [16/Jul/2019:00:09:49 -0500] "GET /BLA/boletinlegal/js/jquery.scrollShow.js HTTP/1.1" 200 4586
186.30.89.250 - - [16/Jul/2019:00:09:49 -0500] "GET /galeria/galeria/jquery.fancybox.js?v=2.1.5 HTTP/1.1" 200 48706
167.0.141.163 - - [16/Jul/2019:00:09:50 -0500] "GET /galeria/galeria/jquery.fancybox.css?v=2.1.5 HTTP/1.1" 200 4895
201.245.192.253 - - [16/Jul/2019:00:09:20 -0500] "POST /kwsrmcab/Wsrmcab HTTP/1.1" 200 30187
167.0.141.163 - - [16/Jul/2019:00:09:52 -0500] "GET /galeria/galeria/jquery.fancybox.js?v=2.1.5 HTTP/1.1" 200 48706
167.0.141.163 - - [16/Jul/2019:00:09:53 -0500] "GET /BLA/boletinlegal/js/jquery.scrollShow.js HTTP/1.1" 200 4586
66.249.64.19 - - [16/Jul/2019:00:10:06 -0500] "GET /BLA/resoluciones/AUTOS%202017/0142.pdf HTTP/1.1" 200 513263
66.249.64.19 - - [16/Jul/2019:00:10:07 -0500] "GET /BLA/resoluciones/AUTOS%202016/0468.pdf HTTP/1.1" 304 -
66.249.64.19 - - [16/Jul/2019:00:10:08 -0500] "GET /BLA/resoluciones/AUTOS%202012/2486.pdf HTTP/1.1" 304 -
66.249.64.19 - - [16/Jul/2019:00:10:15 -0500] "GET /BLA/resoluciones/AUTOS%202018/1068.pdf HTTP/1.1" 304 -
66.249.64.19 - - [16/Jul/2019:00:10:24 -0500] "GET /BLA/resoluciones/AUTOS%202010/6937.pdf HTTP/1.1" 304 -
66.249.64.20 - - [16/Jul/2019:00:10:27 -0500] "GET /BLA/resoluciones/RESOLUCIONES%202013/2055.pdf HTTP/1.1" 200 875874
66.249.64.19 - - [16/Jul/2019:00:10:34 -0500] "GET /BLA/resoluciones/AUTOS%202013/2390.pdf HTTP/1.1" 200 1796957
66.249.64.19 - - [16/Jul/2019:00:10:52 -0500] "GET /BLA/resoluciones/AUTOS%202007/2904.pdf HTTP/1.1" 200 200454
66.249.64.20 - - [16/Jul/2019:00:11:00 -0500] "GET /BLA/resoluciones/RESOLUCIONES%202014/0452.pdf HTTP/1.1" 304 -
66.249.64.19 - - [16/Jul/2019:00:11:03 -0500] "GET /BLA/resoluciones/AUTOS%202013/0888.pdf HTTP/1.1" 304 -
66.249.85.19 - - [16/Jul/2019:00:11:12 -0500] "GET /galeria/galeria/jquery.fancybox.css?v=2.1.5 HTTP/1.1" 200 4895
66.249.85.21 - - [16/Jul/2019:00:11:12 -0500] "GET /galeria/galeria/jquery.fancybox.js?v=2.1.5 HTTP/1.1" 200 48706
66.249.85.19 - - [16/Jul/2019:00:11:12 -0500] "GET /BLA/boletinlegal/js/jquery.scrollShow.js HTTP/1.1" 200 4586
216.244.66.197 - - [16/Jul/2019:00:11:15 -0500] "GET /robots.txt HTTP/1.1" 404 1019
66.249.64.11 - - [16/Jul/2019:00:11:15 -0500] "GET /portel_dama/libreria/php/2006/ECOSISTEMAS%20FINAL%20web_mz27/restauracion/sitio/22_proye/xtras_in/3a.pdf HTTP/1.1" 404 1018
66.249.64.19 - - [16/Jul/2019:00:11:22 -0500] "GET /BLA/resoluciones/RESOLUCIONES%202016/2186.pdf HTTP/1.1" 304 -
66.249.64.16 - - [16/Jul/2019:00:11:23 -0500] "GET /robots.txt HTTP/1.1" 404 1049
66.249.64.16 - - [16/Jul/2019:00:11:23 -0500] "GET /inicio/ HTTP/1.1" 404 1239
66.249.64.19 - - [16/Jul/2019:00:11:25 -0500] "GET /BLA/resoluciones/RESOLUCIONES%202011/1365.pdf HTTP/1.1" 304 -
66.249.64.30 - - [16/Jul/2019:00:11:37 -0500] "GET /BLA/boletinlegal/jurisprudencia/analisis/ANALISIST-672-14.docx HTTP/1.1" 200 22530
181.51.6.174 - - [16/Jul/2019:00:11:38 -0500] "GET /galeria/galeria/jquery.fancybox.css?v=2.1.5 HTTP/1.1" 200 4895
181.51.6.174 - - [16/Jul/2019:00:11:38 -0500] "GET /BLA/boletinlegal/js/jquery.scrollShow.js HTTP/1.1" 200 4586
181.51.6.174 - - [16/Jul/2019:00:11:38 -0500] "GET /galeria/galeria/jquery.fancybox.js?v=2.1.5 HTTP/1.1" 200 48706
66.249.64.19 - - [16/Jul/2019:00:11:40 -0500] "GET /BLA/resoluciones/AUTOS%202013/0851.pdf HTTP/1.1" 304 -
66.249.64.19 - - [16/Jul/2019:00:11:44 -0500] "GET /BLA/resoluciones/AUTOS%202015/0280.pdf HTTP/1.1" 304 -
66.249.64.19 - - [16/Jul/2019:00:11:47 -0500] "GET /BLA/resoluciones/RESOLUCIONES%202013/2039.pdf HTTP/1.1" 200 4343376
186.77.136.167 - - [16/Jul/2019:00:12:14 -0500] "GET /galeria/galeria/jquery.fancybox.css?v=2.1.5 HTTP/1.1" 200 4895
186.77.136.167 - - [16/Jul/2019:00:12:14 -0500] "GET /galeria/galeria/jquery.fancybox.js?v=2.1.5 HTTP/1.1" 200 48706
66.249.64.20 - - [16/Jul/2019:00:12:46 -0500] "GET /BLA/resoluciones/RESOLUCIONES%202009/6143.pdf HTTP/1.1" 304 -
104.132.21.104 - - [16/Jul/2019:00:12:47 -0500] "GET /galeria/galeria/jquery.fancybox.css?v=2.1.5 HTTP/1.1" 200 4895
104.132.21.104 - - [16/Jul/2019:00:12:47 -0500] "GET /BLA/boletinlegal/js/jquery.scrollShow.js HTTP/1.1" 200 4586
104.132.21.104 - - [16/Jul/2019:00:12:47 -0500] "GET /galeria/carrusel/Carrusel/jquery.thumbnailScroller.css HTTP/1.1" 200 2066
104.132.21.104 - - [16/Jul/2019:00:12:47 -0500] "GET /galeria/galeria/jquery.fancybox.js?v=2.1.5 HTTP/1.1" 200 48706
104.132.21.104 - - [16/Jul/2019:00:12:48 -0500] "GET /galeria/carrusel/Carrusel/jquery-ui-1.8.13.custom.min.js HTTP/1.1" 200 10800
104.132.21.104 - - [16/Jul/2019:00:12:48 -0500] "GET /galeria/carrusel/Carrusel/jquery.thumbnailScroller.js HTTP/1.1" 200 8157
104.132.21.104 - - [16/Jul/2019:00:12:50 -0500] "GET /galeria/nivo-slider/demo/demo.html HTTP/1.1" 200 4306
104.132.21.104 - - [16/Jul/2019:00:12:50 -0500] "GET /galeria/nivo-slider/themes/default/default.css HTTP/1.1" 200 1569
104.132.21.104 - - [16/Jul/2019:00:12:50 -0500] "GET /galeria/nivo-slider/themes/pascal/pascal.css HTTP/1.1" 200 2258
104.132.21.104 - - [16/Jul/2019:00:12:50 -0500] "GET /galeria/nivo-slider/nivo-slider.css HTTP/1.1" 200 1507
104.132.21.104 - - [16/Jul/2019:00:12:50 -0500] "GET /galeria/nivo-slider/themes/orman/orman.css HTTP/1.1" 200 2152
104.132.21.104 - - [16/Jul/2019:00:12:50 -0500] "GET /galeria/nivo-slider/demo/style.css HTTP/1.1" 200 2222
104.132.21.104 - - [16/Jul/2019:00:12:50 -0500] "GET /galeria/nivo-slider/demo/scripts/jquery-1.7.1.min.js HTTP/1.1" 200 93868
104.132.21.104 - - [16/Jul/2019:00:12:51 -0500] "GET /galeria/nivo-slider/jquery.nivo.slider.pack.js HTTP/1.1" 200 11561
104.132.21.104 - - [16/Jul/2019:00:12:51 -0500] "GET /galeria/nivo-slider/demo/images/banner%20lluvias.jpg HTTP/1.1" 200 254815
104.132.21.104 - - [16/Jul/2019:00:12:51 -0500] "GET /galeria/nivo-slider/demo/images/4Simple_Slider.png HTTP/1.1" 200 11722
104.132.21.104 - - [16/Jul/2019:00:12:51 -0500] "GET /galeria/nivo-slider/themes/default/loading.gif HTTP/1.1" 200 1737
104.132.21.104 - - [16/Jul/2019:00:12:51 -0500] "GET /galeria/nivo-slider/demo/images/puntos%20atencion%20BANNER.jpg HTTP/1.1" 200 244208
104.132.21.104 - - [16/Jul/2019:00:12:51 -0500] "GET /galeria/nivo-slider/demo/images/caminatas%20julio%20principal.png HTTP/1.1" 200 662414
104.132.21.104 - - [16/Jul/2019:00:12:53 -0500] "GET /galeria/nivo-slider/demo/images/Banner%20consumo%20sostenible%20final.jpg HTTP/1.1" 200 364746
104.132.21.104 - - [16/Jul/2019:00:12:55 -0500] "GET /galeria/nivo-slider/demo/images/bannersectorambiente.png HTTP/1.1" 200 308540
104.132.21.104 - - [16/Jul/2019:00:12:55 -0500] "GET /galeria/nivo-slider/demo/images/Banner%20RCD.jpg HTTP/1.1" 200 92197
66.249.64.19 - - [16/Jul/2019:00:12:55 -0500] "GET /autoliquidacion/Solicitudes%20relacionadas%20con%20calidad%20del%20aire%20auditiva%20y%20visual/Registro%20de%20Elementos%20de%20publicidad%20Exterior%20Visual/126pm04-pr16-f-2%20solicitud%20de%20registro%20pev%20(2).xls HTTP/1.1" 200 3590144
104.132.21.104 - - [16/Jul/2019:00:12:55 -0500] "GET /galeria/nivo-slider/demo/images/Banner%20Conpes.jpg HTTP/1.1" 200 55220
104.132.21.104 - - [16/Jul/2019:00:12:56 -0500] "GET /galeria/nivo-slider/demo/images/Banner%20practicas%20sostenibles.jpg HTTP/1.1" 200 142958
104.132.21.104 - - [16/Jul/2019:00:12:56 -0500] "GET /galeria/nivo-slider/demo/images/Banner%20POT.png HTTP/1.1" 200 418238
104.132.21.104 - - [16/Jul/2019:00:12:56 -0500] "GET /galeria/nivo-slider/demo/images/incendios-forestales.png HTTP/1.1" 200 61469
104.132.21.104 - - [16/Jul/2019:00:12:57 -0500] "GET /galeria/nivo-slider/demo/images/BANNER%20punto.jpg HTTP/1.1" 200 75932
104.132.21.104 - - [16/Jul/2019:00:12:57 -0500] "GET /galeria/nivo-slider/demo/images/Banneranonimos.png HTTP/1.1" 200 109388
104.132.21.104 - - [16/Jul/2019:00:12:57 -0500] "GET /galeria/nivo-slider/demo/images/banner-humedales-de-bogota.jpg HTTP/1.1" 200 292611
54.36.150.104 - - [16/Jul/2019:00:12:58 -0500] "GET /BLA/resoluciones/RESOLUCIONES%202005/RES%202005%203051-3100/00003056.tif HTTP/1.1" 200 203486
104.132.21.104 - - [16/Jul/2019:00:12:58 -0500] "GET /galeria/nivo-slider/demo/images/banner-bolsas-plasticas.jpg HTTP/1.1" 200 317939
104.132.21.104 - - [16/Jul/2019:00:12:59 -0500] "GET /galeria/nivo-slider/themes/default/arrows.png HTTP/1.1" 200 824
104.132.21.104 - - [16/Jul/2019:00:12:59 -0500] "GET /galeria/nivo-slider/themes/default/bullets.png HTTP/1.1" 200 1281
66.249.64.25 - - [16/Jul/2019:00:13:01 -0500] "GET /BLA/resoluciones/RESOLUCIONES%202010/3807.pdf HTTP/1.1" 200 553855
66.249.64.20 - - [16/Jul/2019:00:13:03 -0500] "GET /BLA/resoluciones/RESOLUCIONES%202014/1747.pdf HTTP/1.1" 304 -
69.162.124.233 - - [16/Jul/2019:00:13:21 -0500] "HEAD / HTTP/1.1" 200 -
190.14.249.28 - - [16/Jul/2019:00:13:53 -0500] "GET /BLA/boletinlegal/js/jquery.scrollShow.js HTTP/1.1" 200 4586
190.14.249.28 - - [16/Jul/2019:00:13:53 -0500] "GET /galeria/galeria/jquery.fancybox.css?v=2.1.5 HTTP/1.1" 200 4895
190.14.249.28 - - [16/Jul/2019:00:13:53 -0500] "GET /galeria/galeria/jquery.fancybox.js?v=2.1.5 HTTP/1.1" 200 48706
66.249.64.22 - - [16/Jul/2019:00:13:56 -0500] "GET /BLA/resoluciones/RESOLUCIONES%202011/1006.pdf HTTP/1.1" 304 -
66.249.64.19 - - [16/Jul/2019:00:14:05 -0500] "GET /BLA/resoluciones/AUTOS%202013/0758.pdf HTTP/1.1" 200 1618763
192.168.175.104 - - [16/Jul/2019:00:14:37 -0500] "GET / HTTP/1.1" 200 9990
186.29.82.79 - - [16/Jul/2019:00:14:37 -0500] "GET /galeria/galeria/jquery.fancybox.js?v=2.1.5 HTTP/1.1" 200 48706
186.29.82.79 - - [16/Jul/2019:00:14:37 -0500] "GET /BLA/boletinlegal/js/jquery.scrollShow.js HTTP/1.1" 200 4586
186.29.82.79 - - [16/Jul/2019:00:14:37 -0500] "GET /galeria/galeria/jquery.fancybox.css?v=2.1.5 HTTP/1.1" 200 4895
192.168.175.104 - - [16/Jul/2019:00:14:41 -0500] "GET / HTTP/1.0" 200 9990
152.202.0.175 - - [16/Jul/2019:00:14:51 -0500] "GET /BLA/boletinlegal/js/jquery.scrollShow.js HTTP/1.1" 304 -
152.202.0.175 - - [16/Jul/2019:00:14:51 -0500] "GET /galeria/galeria/jquery.fancybox.css?v=2.1.5 HTTP/1.1" 304 -
152.202.0.175 - - [16/Jul/2019:00:14:51 -0500] "GET /galeria/galeria/jquery.fancybox.js?v=2.1.5 HTTP/1.1" 304 -
186.29.82.79 - - [16/Jul/2019:00:14:59 -0500] "GET /galeria/galeria/jquery.fancybox.css?v=2.1.5 HTTP/1.1" 200 4895
186.29.82.79 - - [16/Jul/2019:00:14:59 -0500] "GET /galeria/galeria/jquery.fancybox.js?v=2.1.5 HTTP/1.1" 200 48706
186.29.82.79 - - [16/Jul/2019:00:14:59 -0500] "GET /BLA/boletinlegal/js/jquery.scrollShow.js HTTP/1.1" 200 4586
66.249.64.19 - - [16/Jul/2019:00:14:59 -0500] "GET /BLA/resoluciones/RESOLUCIONES%202017/0658.pdf HTTP/1.1" 304 -
40.77.167.174 - - [16/Jul/2019:00:15:10 -0500] "GET /SIG/Gesti%C3%B3n%20de%20Recursos%20F%C3%ADsicos/126PA04-PR25.pdf HTTP/1.1" 304 -
66.249.64.19 - - [16/Jul/2019:00:15:11 -0500] "GET /BLA/resoluciones/AUTOS%202012/0994.pdf HTTP/1.1" 200 237936
66.249.64.20 - - [16/Jul/2019:00:15:14 -0500] "GET /BLA/resoluciones/RESOLUCIONES%202015/2269.pdf HTTP/1.1" 304 -
66.249.64.20 - - [16/Jul/2019:00:15:14 -0500] "GET /BLA/resoluciones/AUTOS%202008/1183.pdf HTTP/1.1" 304 -
66.249.64.19 - - [16/Jul/2019:00:15:18 -0500] "GET /transparencia/directorioservidores/2017/febrero.xlsx HTTP/1.1" 304 -
66.249.64.19 - - [16/Jul/2019:00:15:20 -0500] "GET /BLA/resoluciones/RESOLUCIONES%202007/RES%202007%203201%20AL%203300/RESOLUCION%203208%20DE%202007.pdf HTTP/1.1" 304 -
66.249.64.19 - - [16/Jul/2019:00:15:22 -0500] "GET /BLA/resoluciones/RESOLUCIONES%202011/3287.pdf HTTP/1.1" 304 -
66.249.64.19 - - [16/Jul/2019:00:15:24 -0500] "GET /BLA/resoluciones/RESOLUCIONES%202007/RES%202007%201501%20AL%201600/RESOLUCION%201565%20DE%202007.pdf HTTP/1.1" 304 -
66.249.64.19 - - [16/Jul/2019:00:15:26 -0500] "GET /BLA/resoluciones/RESOLUCIONES%202011/1572.pdf HTTP/1.1" 304 -
66.249.64.19 - - [16/Jul/2019:00:15:28 -0500] "GET /BLA/resoluciones/RESOLUCIONES%202014/0985.pdf HTTP/1.1" 304 -
66.249.64.19 - - [16/Jul/2019:00:15:30 -0500] "GET /BLA/resoluciones/AUTOS%202017/3487.pdf HTTP/1.1" 304 -
66.249.64.19 - - [16/Jul/2019:00:15:37 -0500] "GET /BLA/resoluciones/Decretos/Decreto%20335%20de%202017.pdf HTTP/1.1" 200 10264301
190.143.231.51 - - [16/Jul/2019:00:15:50 -0500] "GET /galeria/galeria/jquery.fancybox.css?v=2.1.5 HTTP/1.1" 200 4895
190.143.231.51 - - [16/Jul/2019:00:15:50 -0500] "GET /BLA/boletinlegal/js/jquery.scrollShow.js HTTP/1.1" 200 4586
190.143.231.51 - - [16/Jul/2019:00:15:50 -0500] "GET /galeria/galeria/jquery.fancybox.js?v=2.1.5 HTTP/1.1" 200 48706
66.249.64.23 - - [16/Jul/2019:00:15:54 -0500] "GET /BLA/resoluciones/RESOLUCIONES%202017/3687.pdf HTTP/1.1" 304 -
66.249.64.23 - - [16/Jul/2019:00:16:02 -0500] "GET /BLA/resoluciones/AUTOS%202014/5839.pdf HTTP/1.1" 304 -
66.249.64.22 - - [16/Jul/2019:00:16:03 -0500] "GET /BLA/resoluciones/RESOLUCIONES%202015/2364.pdf HTTP/1.1" 304 -
66.249.64.19 - - [16/Jul/2019:00:16:15 -0500] "GET /BLA/resoluciones/AUTOS%202015/5169.pdf HTTP/1.1" 304 -
66.249.64.20 - - [16/Jul/2019:00:16:18 -0500] "GET /BLA/resoluciones/AUTOS%202018/3586.pdf HTTP/1.1" 304 -
40.77.167.83 - - [16/Jul/2019:00:16:19 -0500] "GET /galeria/galeria/fotos/2.jpg HTTP/1.1" 200 204834
66.249.64.19 - - [16/Jul/2019:00:16:20 -0500] "GET /BLA/resoluciones/Notificaciones/AUTOS%202015/05331.doc HTTP/1.1" 200 143119
66.249.64.22 - - [16/Jul/2019:00:16:22 -0500] "GET /BLA/resoluciones/AUTOS%202012/2545.pdf HTTP/1.1" 304 -
66.249.64.24 - - [16/Jul/2019:00:16:26 -0500] "GET /BLA/resoluciones/AUTOS%202017/2829.pdf HTTP/1.1" 304 -
66.249.64.23 - - [16/Jul/2019:00:16:28 -0500] "GET /BLA/resoluciones/Notificaciones/RESOLUCIONES%202015/02487.doc HTTP/1.1" 200 152642
46.229.168.131 - - [16/Jul/2019:00:16:30 -0500] "GET /robots.txt HTTP/1.1" 404 1019
46.229.168.133 - - [16/Jul/2019:00:16:30 -0500] "GET /Anexos%20estudio%20Organizacional%20SDA/index.php?dir=ANEXO%2BNo.%2B4%2B-%2BENCUESTA%2BDE%2BAN%C3%83%C2%81LISIS%2BORGANIZACIONAL%2F&order=asc&sort=size HTTP/1.1" 200 6169
66.249.64.25 - - [16/Jul/2019:00:16:45 -0500] "GET /portalsiaccapacitaciones/Listas%20de%20Asistencia%202017/Lista%20de%20asistencia-%2005-06-2017.pdf HTTP/1.1" 304 -
66.249.64.2 - - [16/Jul/2019:00:16:47 -0500] "GET /BLA/resoluciones/AUTOS%202012/3009.pdf HTTP/1.1" 304 -
66.249.64.28 - - [16/Jul/2019:00:16:49 -0500] "GET /BLA/resoluciones/AUTOS%202017/5307.pdf HTTP/1.1" 304 -
66.249.64.2 - - [16/Jul/2019:00:16:50 -0500] "GET /BLA/resoluciones/AUTOS%202013/0038.pdf HTTP/1.1" 304 -
66.249.64.20 - - [16/Jul/2019:00:17:42 -0500] "GET /BLA/resoluciones/RESOLUCIONES%202018/1626.pdf HTTP/1.1" 304 -
66.249.64.20 - - [16/Jul/2019:00:17:43 -0500] "GET /BLA/resoluciones/RESOLUCIONES%202007/RES%202007%202301%20AL%202400/RESOLUCION%202316%20DE%202007.pdf HTTP/1.1" 304 -
69.162.124.233 - - [16/Jul/2019:00:18:21 -0500] "HEAD / HTTP/1.1" 200 -
66.249.64.19 - - [16/Jul/2019:00:18:34 -0500] "GET /BLA/resoluciones/AUTOS%202015/2669.pdf HTTP/1.1" 304 -
201.245.192.253 - - [16/Jul/2019:00:18:42 -0500] "POST /kwsrmcab/Wsrmcab HTTP/1.1" 200 30174
201.245.192.253 - - [16/Jul/2019:00:18:46 -0500] "POST /kwsrmcab/Wsrmcab HTTP/1.1" 200 30174
66.249.64.19 - - [16/Jul/2019:00:19:25 -0500] "GET /galeria/galeria/fotos/cusumbo4P.jpg HTTP/1.1" 304 -
157.55.39.104 - - [16/Jul/2019:00:19:31 -0500] "GET /BLA/boletinlegal/sugerencias.php HTTP/1.1" 200 8615
192.168.175.104 - - [16/Jul/2019:00:19:35 -0500] "GET / HTTP/1.1" 200 9990
66.249.64.20 - - [16/Jul/2019:00:19:38 -0500] "GET /BLA/resoluciones/RESOLUCIONES%202017/0656.pdf HTTP/1.1" 200 279564
192.168.175.104 - - [16/Jul/2019:00:19:38 -0500] "GET / HTTP/1.0" 200 9990
66.249.64.31 - - [16/Jul/2019:00:20:48 -0500] "GET /portel_dama/libreria/php/2006/ECOSISTEMAS%20FINAL%20web_mz27/x%20restauracion/sitio/22_proye/xtras_in/cni_3.pdf HTTP/1.1" 404 1019
66.249.64.19 - - [16/Jul/2019:00:20:50 -0500] "GET /BLA/resoluciones/AUTOS%202007/3701.pdf HTTP/1.1" 200 199788
66.249.64.23 - - [16/Jul/2019:00:20:53 -0500] "GET /BLA/resoluciones/AUTOS%202014/5792.pdf HTTP/1.1" 200 199883
66.249.64.20 - - [16/Jul/2019:00:20:56 -0500] "GET /BLA/resoluciones/RESOLUCIONES%202012/1460.pdf HTTP/1.1" 304 -
66.249.64.20 - - [16/Jul/2019:00:20:59 -0500] "GET /BLA/resoluciones/AUTOS%202007/0622.pdf HTTP/1.1" 304 -
66.249.64.13 - - [16/Jul/2019:00:22:43 -0500] "GET /portel_dama/libreria/pdf/ecosistemas/restauracion/sitio/22_proye/xtras_in/3a.pdf HTTP/1.1" 404 1018
66.249.64.19 - - [16/Jul/2019:00:22:43 -0500] "GET /BLA/resoluciones/RESOLUCIONES%202010/6086.pdf HTTP/1.1" 304 -
66.249.64.20 - - [16/Jul/2019:00:22:46 -0500] "GET /BLA/resoluciones/RESOLUCIONES%202010/7864.pdf HTTP/1.1" 304 -
66.249.64.19 - - [16/Jul/2019:00:22:52 -0500] "GET /BLA/resoluciones/RESOLUCIONES%202008/4676.pdf HTTP/1.1" 304 -
66.249.64.19 - - [16/Jul/2019:00:22:56 -0500] "GET /BLA/resoluciones/AUTOS%202017/0230.pdf HTTP/1.1" 304 -
54.36.148.241 - - [16/Jul/2019:00:22:58 -0500] "GET /BLA/resoluciones/RESOLUCIONES%202003/RES%202003%20501-550/523.tif HTTP/1.1" 200 178024
66.249.64.19 - - [16/Jul/2019:00:22:59 -0500] "GET /BLA/resoluciones/RESOLUCIONES%202017/3582.pdf HTTP/1.1" 304 -
66.249.64.19 - - [16/Jul/2019:00:23:02 -0500] "GET /BLA/resoluciones/AUTOS%202018/3532.pdf HTTP/1.1" 304 -
45.238.181.104 - - [16/Jul/2019:00:23:05 -0500] "GET /galeria/galeria/jquery.fancybox.css?v=2.1.5 HTTP/1.1" 200 4895
45.238.181.104 - - [16/Jul/2019:00:23:05 -0500] "GET /galeria/galeria/jquery.fancybox.js?v=2.1.5 HTTP/1.1" 200 48706
45.238.181.104 - - [16/Jul/2019:00:23:05 -0500] "GET /BLA/boletinlegal/js/jquery.scrollShow.js HTTP/1.1" 200 4586
66.249.64.19 - - [16/Jul/2019:00:23:05 -0500] "GET /BLA/resoluciones/RESOLUCIONES%202013/1378.pdf HTTP/1.1" 304 -
66.249.64.19 - - [16/Jul/2019:00:23:09 -0500] "GET /BLA/resoluciones/RESOLUCIONES%202010/0633.pdf HTTP/1.1" 200 512976
66.249.64.19 - - [16/Jul/2019:00:23:12 -0500] "GET /BLA/resoluciones/AUTOS%202018/3537.pdf HTTP/1.1" 304 -
66.249.64.19 - - [16/Jul/2019:00:23:18 -0500] "GET /BLA/resoluciones/AUTOS%202014/2651.pdf HTTP/1.1" 304 -
69.162.124.233 - - [16/Jul/2019:00:23:21 -0500] "HEAD / HTTP/1.1" 200 -
66.249.64.19 - - [16/Jul/2019:00:23:21 -0500] "GET /BLA/resoluciones/Notificaciones/RESOLUCIONES%202014/3058.doc HTTP/1.1" 304 -
66.249.64.19 - - [16/Jul/2019:00:23:27 -0500] "GET /BLA/resoluciones/RESOLUCIONES%202018/0341.pdf HTTP/1.1" 304 -
66.249.64.19 - - [16/Jul/2019:00:23:30 -0500] "GET /BLA/resoluciones/AUTOS%202011/0206.pdf HTTP/1.1" 304 -
66.249.64.19 - - [16/Jul/2019:00:23:33 -0500] "GET /BLA/resoluciones/RESOLUCIONES%202013/0372.pdf HTTP/1.1" 200 536090
46.229.168.150 - - [16/Jul/2019:00:23:49 -0500] "GET /Autoliquidacion/index.php?dir=Plan%2Bde%2Bmanejo%2Bambiental%2Bpara%2Bsitios%2Bde%2Baprovechamiento%2By%2Bo%2Bdisposicion%2Bfinal%2Bde%2Bescombros%2F&order=asc&sort=date HTTP/1.1" 200 6802
66.249.64.19 - - [16/Jul/2019:00:23:51 -0500] "GET /BLA/resoluciones/RESOLUCIONES%202013/0848.pdf HTTP/1.1" 200 3438957
66.249.64.19 - - [16/Jul/2019:00:23:56 -0500] "GET /BLA/resoluciones/AUTOS%202013/1706.pdf HTTP/1.1" 200 1767065
66.249.64.19 - - [16/Jul/2019:00:24:03 -0500] "GET /BLA/resoluciones/RESOLUCIONES%202009/5032.pdf HTTP/1.1" 200 40644
66.249.64.19 - - [16/Jul/2019:00:24:03 -0500] "GET /siipev/Diseno%20de%20Elementos%20de%20Mobiliario%20Urbano/Otros%20Elementos/PARTE%20B/Dise%C3%B1o%20de%20Elementos%20M100-M101.pdf HTTP/1.1" 200 282657
66.249.64.19 - - [16/Jul/2019:00:24:06 -0500] "GET /BLA/resoluciones/RESOLUCIONES%202008/0146.pdf HTTP/1.1" 200 269425
66.249.64.19 - - [16/Jul/2019:00:24:14 -0500] "GET /BLA/resoluciones/RESOLUCIONES%202010/5393.pdf HTTP/1.1" 200 344212
66.249.64.19 - - [16/Jul/2019:00:24:17 -0500] "GET /BLA/resoluciones/RESOLUCIONES%202015/0020.pdf HTTP/1.1" 304 -
186.147.107.224 - - [16/Jul/2019:00:24:17 -0500] "GET /galeria/carrusel/Carrusel/jquery.thumbnailScroller.css HTTP/1.1" 304 -
186.147.107.224 - - [16/Jul/2019:00:24:18 -0500] "GET /galeria/carrusel/Carrusel/jquery-ui-1.8.13.custom.min.js HTTP/1.1" 304 -
186.147.107.224 - - [16/Jul/2019:00:24:18 -0500] "GET /galeria/nivo-slider/demo/demo.html HTTP/1.1" 200 4306
186.147.107.224 - - [16/Jul/2019:00:24:18 -0500] "GET /galeria/nivo-slider/themes/default/default.css HTTP/1.1" 304 -
186.147.107.224 - - [16/Jul/2019:00:24:18 -0500] "GET /galeria/nivo-slider/demo/images/puntos%20atencion%20BANNER.jpg HTTP/1.1" 200 244208
186.147.107.224 - - [16/Jul/2019:00:24:18 -0500] "GET /galeria/nivo-slider/demo/images/caminatas%20julio%20principal.png HTTP/1.1" 200 662414
186.147.107.224 - - [16/Jul/2019:00:24:18 -0500] "GET /galeria/nivo-slider/nivo-slider.css HTTP/1.1" 304 -
186.147.107.224 - - [16/Jul/2019:00:24:18 -0500] "GET /galeria/nivo-slider/themes/pascal/pascal.css HTTP/1.1" 304 -
186.147.107.224 - - [16/Jul/2019:00:24:18 -0500] "GET /galeria/nivo-slider/demo/style.css HTTP/1.1" 304 -
186.147.107.224 - - [16/Jul/2019:00:24:18 -0500] "GET /galeria/nivo-slider/themes/orman/orman.css HTTP/1.1" 304 -
186.147.107.224 - - [16/Jul/2019:00:24:19 -0500] "GET /galeria/carrusel/Carrusel/jquery.thumbnailScroller.js HTTP/1.1" 304 -
186.147.107.224 - - [16/Jul/2019:00:24:19 -0500] "GET /galeria/nivo-slider/demo/images/banner%20lluvias.jpg HTTP/1.1" 304 -
186.147.107.224 - - [16/Jul/2019:00:24:19 -0500] "GET /galeria/nivo-slider/demo/images/Banner%20consumo%20sostenible%20final.jpg HTTP/1.1" 304 -
186.147.107.224 - - [16/Jul/2019:00:24:19 -0500] "GET /galeria/nivo-slider/demo/images/bannersectorambiente.png HTTP/1.1" 304 -
186.147.107.224 - - [16/Jul/2019:00:24:19 -0500] "GET /galeria/nivo-slider/demo/images/Banner%20RCD.jpg HTTP/1.1" 304 -
186.147.107.224 - - [16/Jul/2019:00:24:19 -0500] "GET /galeria/nivo-slider/demo/scripts/jquery-1.7.1.min.js HTTP/1.1" 304 -
186.147.107.224 - - [16/Jul/2019:00:24:19 -0500] "GET /galeria/nivo-slider/jquery.nivo.slider.pack.js HTTP/1.1" 304 -
186.147.107.224 - - [16/Jul/2019:00:24:19 -0500] "GET /galeria/nivo-slider/demo/images/Banner%20Conpes.jpg HTTP/1.1" 304 -
186.147.107.224 - - [16/Jul/2019:00:24:19 -0500] "GET /galeria/nivo-slider/demo/images/Banner%20practicas%20sostenibles.jpg HTTP/1.1" 304 -
186.147.107.224 - - [16/Jul/2019:00:24:19 -0500] "GET /galeria/nivo-slider/demo/images/Banner%20POT.png HTTP/1.1" 304 -
186.147.107.224 - - [16/Jul/2019:00:24:19 -0500] "GET /galeria/nivo-slider/demo/images/BANNER%20punto.jpg HTTP/1.1" 304 -
186.147.107.224 - - [16/Jul/2019:00:24:19 -0500] "GET /galeria/nivo-slider/demo/images/incendios-forestales.png HTTP/1.1" 304 -
186.147.107.224 - - [16/Jul/2019:00:24:20 -0500] "GET /galeria/nivo-slider/demo/images/4Simple_Slider.png HTTP/1.1" 304 -
186.147.107.224 - - [16/Jul/2019:00:24:20 -0500] "GET /galeria/nivo-slider/demo/images/Banneranonimos.png HTTP/1.1" 304 -
186.147.107.224 - - [16/Jul/2019:00:24:20 -0500] "GET /galeria/nivo-slider/demo/images/banner-humedales-de-bogota.jpg HTTP/1.1" 304 -
186.147.107.224 - - [16/Jul/2019:00:24:20 -0500] "GET /galeria/nivo-slider/demo/images/banner-bolsas-plasticas.jpg HTTP/1.1" 304 -
186.147.107.224 - - [16/Jul/2019:00:24:21 -0500] "GET /galeria/nivo-slider/themes/default/arrows.png HTTP/1.1" 304 -
186.147.107.224 - - [16/Jul/2019:00:24:21 -0500] "GET /galeria/nivo-slider/themes/default/bullets.png HTTP/1.1" 304 -
66.249.64.24 - - [16/Jul/2019:00:24:25 -0500] "GET /BLA/resoluciones/RESOLUCIONES%202010/5807.pdf HTTP/1.1" 304 -
66.249.64.20 - - [16/Jul/2019:00:24:28 -0500] "GET /BLA/resoluciones/AUTOS%202010/1516.pdf HTTP/1.1" 304 -
192.168.175.104 - - [16/Jul/2019:00:24:33 -0500] "GET / HTTP/1.1" 200 9990
66.249.64.19 - - [16/Jul/2019:00:24:33 -0500] "GET /BLA/resoluciones/AUTOS%202007/2257.pdf HTTP/1.1" 304 -
192.168.175.104 - - [16/Jul/2019:00:24:36 -0500] "GET / HTTP/1.0" 200 9990
66.249.64.20 - - [16/Jul/2019:00:24:38 -0500] "GET /BLA/resoluciones/RESOLUCIONES%202016/2023.pdf HTTP/1.1" 304 -
66.249.64.19 - - [16/Jul/2019:00:24:40 -0500] "GET /BLA/resoluciones/RESOLUCIONES%202014/3900.pdf HTTP/1.1" 200 509544
66.249.64.19 - - [16/Jul/2019:00:24:50 -0500] "GET /BLA/resoluciones/RESOLUCIONES%202007/RES%202007%202101%20AL%202200/RESOLUCION%202137%20DE%202007.pdf HTTP/1.1" 200 939332
37.204.240.68 - - [16/Jul/2019:00:24:59 -0500] "GET /BLA/resoluciones/AUTOS%202018/3617.pdf HTTP/1.1" 200 338252
66.249.64.22 - - [16/Jul/2019:00:25:21 -0500] "GET /BLA/resoluciones/AUTOS%202018/0082.pdf HTTP/1.1" 200 301885
66.249.64.19 - - [16/Jul/2019:00:25:23 -0500] "GET /portel_dama/libreria/php/2006/ECOSISTEMAS%20FINAL%20web_mz27/incendios/sitio/xtras/2.pdf HTTP/1.1" 404 1018
66.249.64.22 - - [16/Jul/2019:00:25:25 -0500] "GET /BLA/resoluciones/AUTOS%202009/3550.pdf HTTP/1.1" 200 147488
58.48.88.173 - - [16/Jul/2019:00:25:28 -0500] "-" 408 -
66.249.64.20 - - [16/Jul/2019:00:25:36 -0500] "GET /BLA/resoluciones/RESOLUCIONES%202010/0879.pdf HTTP/1.1" 200 105654
186.178.110.129 - - [16/Jul/2019:00:26:17 -0500] "GET /BLA/boletinlegal/js/jquery.scrollShow.js HTTP/1.1" 200 4586
186.178.110.129 - - [16/Jul/2019:00:26:17 -0500] "GET /galeria/galeria/jquery.fancybox.js?v=2.1.5 HTTP/1.1" 200 48706
186.178.110.129 - - [16/Jul/2019:00:26:17 -0500] "GET /galeria/galeria/jquery.fancybox.css?v=2.1.5 HTTP/1.1" 200 4895
201.244.226.143 - - [16/Jul/2019:00:26:30 -0500] "GET /galeria/galeria/fotos/mirador3G.jpg HTTP/1.1" 200 131992
66.249.64.20 - - [16/Jul/2019:00:26:34 -0500] "GET /BLA/resoluciones/AUTOS%202007/1090.pdf HTTP/1.1" 200 26094
186.178.110.129 - - [16/Jul/2019:00:26:40 -0500] "GET /galeria/galeria/jquery.fancybox.css?v=2.1.5 HTTP/1.1" 200 4895
186.178.110.129 - - [16/Jul/2019:00:26:40 -0500] "GET /BLA/boletinlegal/js/jquery.scrollShow.js HTTP/1.1" 200 4586
186.178.110.129 - - [16/Jul/2019:00:26:40 -0500] "GET /galeria/galeria/jquery.fancybox.js?v=2.1.5 HTTP/1.1" 200 48706
66.249.64.19 - - [16/Jul/2019:00:26:45 -0500] "GET /BLA/resoluciones/RESOLUCIONES%202009/1729.pdf HTTP/1.1" 200 600347
66.249.64.19 - - [16/Jul/2019:00:26:48 -0500] "GET /BLA/resoluciones/RESOLUCIONES%202013/0297.pdf HTTP/1.1" 200 1838544
66.249.64.19 - - [16/Jul/2019:00:26:54 -0500] "GET /BLA/resoluciones/AUTOS%202015/1098.pdf HTTP/1.1" 200 504851
66.249.64.19 - - [16/Jul/2019:00:27:01 -0500] "GET /BLA/resoluciones/RESOLUCIONES%202007/RES%202007%20601%20AL%20700/RESOLUCION%200671%20DE%202007.pdf HTTP/1.1" 304 -
186.178.110.129 - - [16/Jul/2019:00:27:08 -0500] "GET /BLA/boletinlegal/js/jquery.scrollShow.js HTTP/1.1" 200 4586
186.178.110.129 - - [16/Jul/2019:00:27:08 -0500] "GET /galeria/galeria/jquery.fancybox.js?v=2.1.5 HTTP/1.1" 200 48706
186.178.110.129 - - [16/Jul/2019:00:27:08 -0500] "GET /galeria/galeria/jquery.fancybox.css?v=2.1.5 HTTP/1.1" 200 4895
66.249.64.19 - - [16/Jul/2019:00:27:11 -0500] "GET /BLA/resoluciones/RESOLUCIONES%202009/8966.pdf HTTP/1.1" 200 397668
66.249.64.19 - - [16/Jul/2019:00:27:14 -0500] "GET /BLA/resoluciones/RESOLUCIONES%202008/3797.pdf HTTP/1.1" 200 591050
66.249.64.19 - - [16/Jul/2019:00:27:18 -0500] "GET /BLA/resoluciones/RESOLUCIONES%202016/1552.pdf HTTP/1.1" 200 622794
66.249.64.19 - - [16/Jul/2019:00:27:20 -0500] "GET /BLA/resoluciones/AUTOS%202013/0460.pdf HTTP/1.1" 200 398623
66.249.64.19 - - [16/Jul/2019:00:27:22 -0500] "GET /BLA/resoluciones/AUTOS%202014/2733.pdf HTTP/1.1" 200 472442
66.249.64.19 - - [16/Jul/2019:00:27:24 -0500] "GET /BLA/resoluciones/RESOLUCIONES%202007/RES%202007%202901%20AL%203000/RESOLUCION%202906%20DE%202007.pdf HTTP/1.1" 200 591615
66.249.64.20 - - [16/Jul/2019:00:27:26 -0500] "GET /BLA/resoluciones/AUTOS%202014/6355.pdf HTTP/1.1" 200 2215395
66.249.64.20 - - [16/Jul/2019:00:27:30 -0500] "GET /BLA/resoluciones/AUTOS%202011/2508.pdf HTTP/1.1" 200 146000
66.249.64.23 - - [16/Jul/2019:00:27:31 -0500] "GET /BLA/resoluciones/AUTOS%202007/3560.pdf HTTP/1.1" 200 403781
66.249.64.19 - - [16/Jul/2019:00:27:35 -0500] "GET /BLA/resoluciones/AUTOS%202018/3608.pdf HTTP/1.1" 200 344038
66.249.64.20 - - [16/Jul/2019:00:27:37 -0500] "GET /BLA/resoluciones/AUTOS%202018/1470.pdf HTTP/1.1" 200 338300
66.249.64.19 - - [16/Jul/2019:00:27:39 -0500] "GET /BLA/resoluciones/AUTOS%202017/0790.pdf HTTP/1.1" 200 383926
66.249.64.22 - - [16/Jul/2019:00:27:41 -0500] "GET /BLA/resoluciones/RESOLUCIONES%202017/2335.pdf HTTP/1.1" 200 541691
66.249.64.19 - - [16/Jul/2019:00:27:44 -0500] "GET /BLA/resoluciones/RESOLUCIONES%202007/RES%202007%202701%20AL%202800/RESOLUCION%202722%20DE%202007.pdf HTTP/1.1" 200 734207
66.249.64.24 - - [16/Jul/2019:00:27:48 -0500] "GET /BLA/resoluciones/RESOLUCIONES%202016/0931.pdf HTTP/1.1" 200 467052
66.249.64.20 - - [16/Jul/2019:00:27:51 -0500] "GET /BLA/resoluciones/RESOLUCIONES%202011/4586.pdf HTTP/1.1" 200 509258
35.205.75.161 - - [16/Jul/2019:00:27:54 -0500] "-" 408 -
66.249.64.19 - - [16/Jul/2019:00:27:55 -0500] "GET /BLA/resoluciones/RESOLUCIONES%202010/5368.pdf HTTP/1.1" 200 2254784
66.249.64.19 - - [16/Jul/2019:00:27:59 -0500] "GET /BLA/resoluciones/RESOLUCIONES%202009/0207.pdf HTTP/1.1" 200 224593
69.162.124.233 - - [16/Jul/2019:00:28:21 -0500] "HEAD / HTTP/1.1" 200 -
66.249.64.20 - - [16/Jul/2019:00:28:56 -0500] "GET /BLA/resoluciones/RESOLUCIONES%202009/3145.pdf HTTP/1.1" 200 476213
186.178.110.129 - - [16/Jul/2019:00:28:57 -0500] "GET /galeria/galeria/jquery.fancybox.css?v=2.1.5 HTTP/1.1" 200 4895
66.249.64.20 - - [16/Jul/2019:00:28:57 -0500] "GET /resoluciones/AUTOS%202007/3945.pdf HTTP/1.1" 404 1018
66.249.64.19 - - [16/Jul/2019:00:28:58 -0500] "GET /BLA/resoluciones/RESOLUCIONES%202010/1653.pdf HTTP/1.1" 200 480967
66.249.64.20 - - [16/Jul/2019:00:29:00 -0500] "GET /resoluciones/RESOLUCIONES%202008/3449.pdf HTTP/1.1" 404 1018
66.249.64.20 - - [16/Jul/2019:00:29:03 -0500] "GET /BLA/resoluciones/RESOLUCIONES%202011/4462.pdf HTTP/1.1" 200 554832
66.249.64.19 - - [16/Jul/2019:00:29:05 -0500] "GET /BLA/resoluciones/AUTOS%202007/2326.pdf HTTP/1.1" 200 71559
66.249.64.20 - - [16/Jul/2019:00:29:09 -0500] "GET /BLA/resoluciones/AUTOS%202012/0392.pdf HTTP/1.1" 200 170064
85.209.89.224 - - [16/Jul/2019:00:29:10 -0500] "HEAD / HTTP/1.1" 200 -
85.209.89.241 - - [16/Jul/2019:00:29:10 -0500] "HEAD / HTTP/1.1" 200 -
77.220.215.153 - - [16/Jul/2019:00:29:10 -0500] "HEAD / HTTP/1.1" 200 -
185.203.240.129 - - [16/Jul/2019:00:29:10 -0500] "HEAD / HTTP/1.1" 200 -
85.209.89.205 - - [16/Jul/2019:00:29:10 -0500] "HEAD / HTTP/1.1" 200 -
85.209.89.217 - - [16/Jul/2019:00:29:10 -0500] "HEAD / HTTP/1.1" 200 -
185.209.20.147 - - [16/Jul/2019:00:29:11 -0500] "HEAD / HTTP/1.1" 200 -
66.249.64.19 - - [16/Jul/2019:00:29:11 -0500] "GET /BLA/resoluciones/AUTOS%202007/1182.pdf HTTP/1.1" 200 84725
212.86.109.31 - - [16/Jul/2019:00:29:12 -0500] "HEAD / HTTP/1.1" 200 -
201.245.192.253 - - [16/Jul/2019:00:28:42 -0500] "POST /kwsrmcab/Wsrmcab HTTP/1.1" 200 30174
66.249.64.19 - - [16/Jul/2019:00:29:13 -0500] "GET /BLA/resoluciones/AUTOS%202007/2843.pdf HTTP/1.1" 200 118029
66.249.64.20 - - [16/Jul/2019:00:29:15 -0500] "GET /BLA/resoluciones/RESOLUCIONES%202008/0239.pdf HTTP/1.1" 200 359388
66.249.64.19 - - [16/Jul/2019:00:29:17 -0500] "GET /BLA/resoluciones/RESOLUCIONES%202008/2813.pdf HTTP/1.1" 200 251371
201.245.192.253 - - [16/Jul/2019:00:28:46 -0500] "POST /kwsrmcab/Wsrmcab HTTP/1.1" 200 30174
66.249.64.20 - - [16/Jul/2019:00:29:19 -0500] "GET /BLA/resoluciones/AUTOS%202012/0394.pdf HTTP/1.1" 200 164462
66.249.64.19 - - [16/Jul/2019:00:29:21 -0500] "GET /BLA/resoluciones/AUTOS%202007/3073.pdf HTTP/1.1" 200 158373
66.249.64.19 - - [16/Jul/2019:00:29:23 -0500] "GET /BLA/resoluciones/RESOLUCIONES%202008/3603.pdf HTTP/1.1" 200 328689
66.249.64.20 - - [16/Jul/2019:00:29:25 -0500] "GET /BLA/resoluciones/RESOLUCIONES%202009/8134.pdf HTTP/1.1" 200 522041
192.168.175.104 - - [16/Jul/2019:00:29:31 -0500] "GET / HTTP/1.1" 200 9990
192.168.175.104 - - [16/Jul/2019:00:29:35 -0500] "GET / HTTP/1.0" 200 9990
190.84.19.77 - - [16/Jul/2019:00:30:15 -0500] "GET /BLA/boletinlegal/js/jquery.scrollShow.js HTTP/1.1" 200 4586
