66.249.64.20 - - [16/Jul/2019:03:24:35 -0500] "GET /BLA/resoluciones/AUTOS%202008/0125.pdf HTTP/1.1" 200 156593
66.249.64.19 - - [16/Jul/2019:03:24:37 -0500] "GET /BLA/resoluciones/RESOLUCIONES%202011/1157.pdf HTTP/1.1" 200 253884
66.249.64.19 - - [16/Jul/2019:03:24:45 -0500] "GET /BLA/resoluciones/AUTOS%202017/0041.pdf HTTP/1.1" 200 299023
66.249.64.20 - - [16/Jul/2019:03:24:49 -0500] "GET /BLA/resoluciones/RESOLUCIONES%202008/2281.pdf HTTP/1.1" 304 -
66.249.64.20 - - [16/Jul/2019:03:25:05 -0500] "GET /BLA/resoluciones/RESOLUCIONES%202008/4337.pdf HTTP/1.1" 200 314307
66.249.64.19 - - [16/Jul/2019:03:25:11 -0500] "GET /BLA/resoluciones/RESOLUCIONES%202010/6655.pdf HTTP/1.1" 200 796886
66.249.64.20 - - [16/Jul/2019:03:25:31 -0500] "GET /BLA/resoluciones/AUTOS%202014/6799.pdf HTTP/1.1" 200 1916403
181.56.94.0 - - [16/Jul/2019:03:25:31 -0500] "GET /BLA/boletinlegal/js/jquery.scrollShow.js HTTP/1.1" 200 4586
181.56.94.0 - - [16/Jul/2019:03:25:31 -0500] "GET /galeria/galeria/jquery.fancybox.js?v=2.1.5 HTTP/1.1" 200 48706
181.56.94.0 - - [16/Jul/2019:03:25:31 -0500] "GET /galeria/galeria/jquery.fancybox.css?v=2.1.5 HTTP/1.1" 200 4895
66.249.64.19 - - [16/Jul/2019:03:25:35 -0500] "GET /BLA/directivas/2011/1.pdf HTTP/1.1" 200 971292
181.56.94.0 - - [16/Jul/2019:03:25:35 -0500] "GET /galeria/galeria/jquery.fancybox.css?v=2.1.5 HTTP/1.1" 304 -
181.56.94.0 - - [16/Jul/2019:03:25:35 -0500] "GET /galeria/galeria/jquery.fancybox.js?v=2.1.5 HTTP/1.1" 304 -
181.56.94.0 - - [16/Jul/2019:03:25:35 -0500] "GET /BLA/boletinlegal/js/jquery.scrollShow.js HTTP/1.1" 304 -
66.249.64.19 - - [16/Jul/2019:03:25:37 -0500] "GET /BLA/resoluciones/AUTOS%202011/2958.pdf HTTP/1.1" 200 511760
66.249.64.19 - - [16/Jul/2019:03:25:38 -0500] "GET /BLA/resoluciones/AUTOS%202016/2373.pdf HTTP/1.1" 200 523966
66.249.64.23 - - [16/Jul/2019:03:25:40 -0500] "GET /BLA/resoluciones/AUTOS%202014/3207.pdf HTTP/1.1" 200 420882
66.249.64.19 - - [16/Jul/2019:03:26:34 -0500] "GET /BLA/resoluciones/AUTOS%202013/2297.pdf HTTP/1.1" 200 747544
35.230.100.249 - - [16/Jul/2019:03:27:07 -0500] "GET / HTTP/1.1" 200 9990
69.162.124.233 - - [16/Jul/2019:03:28:20 -0500] "HEAD / HTTP/1.1" 200 -
192.168.175.104 - - [16/Jul/2019:03:28:24 -0500] "GET / HTTP/1.1" 200 9990
66.249.64.19 - - [16/Jul/2019:03:28:27 -0500] "GET /BLA/resoluciones/AUTOS%202014/5521.pdf HTTP/1.1" 200 777884
192.168.175.104 - - [16/Jul/2019:03:28:28 -0500] "GET / HTTP/1.0" 200 9990
66.249.64.11 - - [16/Jul/2019:03:28:31 -0500] "GET /robots.txt HTTP/1.1" 404 1018
66.249.64.19 - - [16/Jul/2019:03:28:32 -0500] "GET /BLA/resoluciones/AUTOS%202014/6705.pdf HTTP/1.1" 200 176711
66.249.64.19 - - [16/Jul/2019:03:28:35 -0500] "GET /BLA/boletinlegal/circulares/5.pdf HTTP/1.1" 304 -
66.249.64.19 - - [16/Jul/2019:03:28:38 -0500] "GET /BLA/resoluciones/AUTOS%202012/1457.pdf HTTP/1.1" 200 1714926
66.249.64.29 - - [16/Jul/2019:03:28:43 -0500] "GET /SIG/ECS/126PM04-PR79.pdf HTTP/1.1" 304 -
66.249.64.20 - - [16/Jul/2019:03:28:45 -0500] "GET /BLA/resoluciones/AUTOS%202015/6344.pdf HTTP/1.1" 304 -
66.249.64.9 - - [16/Jul/2019:03:28:48 -0500] "GET /Autoliquidacion/Solicitudes%20relacionadas%20con%20calidad%20del%20aire%20auditiva%20y%20visual/Registro%20de%20Elementos%20de%20publicidad%20Exterior%20Visual/Resoluci%C3%B3n%202560%20de%202016.pdf HTTP/1.1" 200 326298
66.249.88.127 - - [16/Jul/2019:03:29:07 -0500] "GET /BLA/boletinlegal/js/jquery.scrollShow.js HTTP/1.1" 200 4586
66.249.88.125 - - [16/Jul/2019:03:29:08 -0500] "GET /galeria/galeria/jquery.fancybox.js?v=2.1.5 HTTP/1.1" 304 -
66.249.88.123 - - [16/Jul/2019:03:29:08 -0500] "GET /galeria/galeria/jquery.fancybox.css?v=2.1.5 HTTP/1.1" 304 -
66.249.88.123 - - [16/Jul/2019:03:29:08 -0500] "GET /galeria/galeria/jquery.fancybox.css?v=2.1.5 HTTP/1.1" 200 4895
66.249.88.125 - - [16/Jul/2019:03:29:08 -0500] "GET /galeria/galeria/jquery.fancybox.js?v=2.1.5 HTTP/1.1" 200 48706
66.249.88.125 - - [16/Jul/2019:03:29:08 -0500] "GET /BLA/boletinlegal/js/jquery.scrollShow.js HTTP/1.1" 200 4586
66.249.88.125 - - [16/Jul/2019:03:29:10 -0500] "GET /galeria/galeria/jquery.fancybox.js?v=2.1.5 HTTP/1.1" 304 -
66.249.88.127 - - [16/Jul/2019:03:29:10 -0500] "GET /galeria/galeria/jquery.fancybox.css?v=2.1.5 HTTP/1.1" 304 -
66.249.88.127 - - [16/Jul/2019:03:29:10 -0500] "GET /galeria/galeria/jquery.fancybox.css?v=2.1.5 HTTP/1.1" 304 -
66.249.88.123 - - [16/Jul/2019:03:29:10 -0500] "GET /galeria/galeria/jquery.fancybox.js?v=2.1.5 HTTP/1.1" 304 -
201.245.192.253 - - [16/Jul/2019:03:28:41 -0500] "POST /kwsrmcab/Wsrmcab HTTP/1.1" 200 30017
66.249.88.127 - - [16/Jul/2019:03:29:16 -0500] "GET /galeria/galeria/jquery.fancybox.css?v=2.1.5 HTTP/1.1" 304 -
66.249.88.127 - - [16/Jul/2019:03:29:16 -0500] "GET /galeria/galeria/jquery.fancybox.js?v=2.1.5 HTTP/1.1" 304 -
66.249.88.127 - - [16/Jul/2019:03:29:17 -0500] "GET /galeria/galeria/jquery.fancybox.js?v=2.1.5 HTTP/1.1" 304 -
66.249.88.127 - - [16/Jul/2019:03:29:17 -0500] "GET /galeria/galeria/jquery.fancybox.css?v=2.1.5 HTTP/1.1" 304 -
66.249.88.127 - - [16/Jul/2019:03:29:17 -0500] "GET /galeria/galeria/jquery.fancybox.css?v=2.1.5 HTTP/1.1" 304 -
66.249.88.127 - - [16/Jul/2019:03:29:17 -0500] "GET /galeria/galeria/jquery.fancybox.js?v=2.1.5 HTTP/1.1" 304 -
201.245.192.253 - - [16/Jul/2019:03:28:46 -0500] "POST /kwsrmcab/Wsrmcab HTTP/1.1" 200 30017
66.249.64.29 - - [16/Jul/2019:03:29:44 -0500] "GET /portalsiaccapacitaciones/Soportes%20Capacitaciones%202017/Presentaci%C3%B3n%20Cambio%20Clim%C3%A1tico.pdf HTTP/1.1" 200 5108865
66.249.64.19 - - [16/Jul/2019:03:29:48 -0500] "GET /BLA/resoluciones/RESOLUCIONES%202016/0845.pdf HTTP/1.1" 200 513391
66.249.64.19 - - [16/Jul/2019:03:29:56 -0500] "GET /BLA/resoluciones/RESOLUCIONES%202010/1182.pdf HTTP/1.1" 304 -
40.77.167.17 - - [16/Jul/2019:03:29:58 -0500] "GET /BLA/boletinlegal/Directivas/2011/Directiva%20No.%2010%20del%2028%20de%20Septiembre%20de%202011.pdf HTTP/1.1" 200 465887
66.249.64.119 - - [16/Jul/2019:03:30:02 -0500] "GET /BLA/boletinlegal/Circulares/2010/Circular%2005%20de%208%20de%20septiembre%20de%202010.pdf HTTP/1.1" 304 -
40.77.167.178 - - [16/Jul/2019:03:30:07 -0500] "GET /robots.txt HTTP/1.1" 404 1049
66.249.64.19 - - [16/Jul/2019:03:30:12 -0500] "GET /BLA/resoluciones/RESOLUCIONES%202009/5270.pdf HTTP/1.1" 200 762107
66.249.64.19 - - [16/Jul/2019:03:30:17 -0500] "GET /BLA/resoluciones/RESOLUCIONES%202015/1464.pdf HTTP/1.1" 304 -
66.249.64.19 - - [16/Jul/2019:03:30:27 -0500] "GET /BLA/resoluciones/AUTOS%202007/3432.pdf HTTP/1.1" 304 -
88.10.28.185 - - [16/Jul/2019:03:30:29 -0500] "GET /galeria/nivo-slider/demo/images/articulo-224.-del-Decreto-Ley-019-de-2012.jpg HTTP/1.1" 200 158948
66.249.64.19 - - [16/Jul/2019:03:30:41 -0500] "GET /BLA/resoluciones/RESOLUCIONES%202010/5764.pdf HTTP/1.1" 304 -
66.249.64.19 - - [16/Jul/2019:03:30:44 -0500] "GET /BLA/resoluciones/AUTOS%202015/2209.pdf HTTP/1.1" 304 -
66.249.64.19 - - [16/Jul/2019:03:30:46 -0500] "GET /BLA/resoluciones/Notificaciones/AUTOS%202014/0907.doc HTTP/1.1" 304 -
66.249.64.19 - - [16/Jul/2019:03:30:48 -0500] "GET /BLA/resoluciones/RESOLUCIONES%202015/3008.pdf HTTP/1.1" 200 763892
66.249.64.19 - - [16/Jul/2019:03:30:55 -0500] "GET /BLA/resoluciones/AUTOS%202017/0176.pdf HTTP/1.1" 200 556134
66.249.64.19 - - [16/Jul/2019:03:31:02 -0500] "GET /BLA/resoluciones/RESOLUCIONES%202015/1252.pdf HTTP/1.1" 304 -
66.249.64.19 - - [16/Jul/2019:03:31:20 -0500] "GET /BLA/resoluciones/Notificaciones/REGISTROS%202015/0561.doc HTTP/1.1" 200 198144
66.249.64.19 - - [16/Jul/2019:03:31:24 -0500] "GET /BLA/resoluciones/RESOLUCIONES%202014/1419.pdf HTTP/1.1" 200 224506
66.249.64.20 - - [16/Jul/2019:03:31:24 -0500] "GET /BLA/resoluciones/RESOLUCIONES%202010/6077.pdf HTTP/1.1" 200 282118
66.249.64.20 - - [16/Jul/2019:03:31:46 -0500] "GET /BLA/resoluciones/AUTOS%202013/1051.pdf HTTP/1.1" 304 -
66.249.64.19 - - [16/Jul/2019:03:32:49 -0500] "GET /BLA/resoluciones/RESOLUCIONES%202009/0431.pdf HTTP/1.1" 200 227277
66.249.64.20 - - [16/Jul/2019:03:32:50 -0500] "GET /BLA/resoluciones/AUTOS%202017/0757.pdf HTTP/1.1" 200 462603
66.249.64.19 - - [16/Jul/2019:03:32:51 -0500] "GET /BLA/resoluciones/RESOLUCIONES%202010/0801.pdf HTTP/1.1" 200 107038
192.168.175.104 - - [16/Jul/2019:03:33:21 -0500] "GET / HTTP/1.1" 200 9990
192.168.175.104 - - [16/Jul/2019:03:33:26 -0500] "GET / HTTP/1.0" 200 9990
66.249.64.20 - - [16/Jul/2019:03:33:43 -0500] "GET /BLA/resoluciones/Notificaciones/REGISTROS%202015/0183.doc HTTP/1.1" 200 199168
66.249.64.19 - - [16/Jul/2019:03:33:44 -0500] "GET /BLA/resoluciones/AUTOS%202013/1701.pdf HTTP/1.1" 200 160425
66.249.64.19 - - [16/Jul/2019:03:33:46 -0500] "GET /BLA/resoluciones/RESOLUCIONES%202010/3051.pdf HTTP/1.1" 200 947092
66.249.64.19 - - [16/Jul/2019:03:33:48 -0500] "GET /BLA/resoluciones/RESOLUCIONES%202015/2972.pdf HTTP/1.1" 200 761482
66.249.64.20 - - [16/Jul/2019:03:34:43 -0500] "GET /BLA/resoluciones/RESOLUCIONES%202007/RES%202007%20101%20AL%20200/RESOLUCION%200126%20%20DE%202007.pdf HTTP/1.1" 200 352251
216.244.66.197 - - [16/Jul/2019:03:35:00 -0500] "GET /robots.txt HTTP/1.1" 404 1019
66.249.64.19 - - [16/Jul/2019:03:35:34 -0500] "GET /BLA/resoluciones/RESOLUCIONES%202007/RES%202007%20401%20AL%20500/RESOLUCION%200407%20DE%202007.pdf HTTP/1.1" 200 911576
66.249.64.19 - - [16/Jul/2019:03:36:26 -0500] "GET /BLA/resoluciones/RESOLUCIONES%202008/0879.pdf HTTP/1.1" 200 194159
54.36.150.99 - - [16/Jul/2019:03:37:15 -0500] "GET /BLA/resoluciones/RESOLUCIONES%202006/RES%202006%202601-2650/00002643.tif HTTP/1.1" 200 508214
66.249.64.19 - - [16/Jul/2019:03:37:22 -0500] "GET /BLA/resoluciones/RESOLUCIONES%202011/0280.pdf HTTP/1.1" 200 85667
69.162.124.233 - - [16/Jul/2019:03:37:23 -0500] "HEAD / HTTP/1.1" 200 -
66.249.64.20 - - [16/Jul/2019:03:37:24 -0500] "GET /BLA/resoluciones/AUTOS%202017/1994.pdf HTTP/1.1" 200 364341
95.221.131.102 - - [16/Jul/2019:03:37:27 -0500] "GET /galeria/galeria/jquery.fancybox.css?v=2.1.5 HTTP/1.1" 200 4895
95.221.131.102 - - [16/Jul/2019:03:37:27 -0500] "GET /galeria/galeria/jquery.fancybox.js?v=2.1.5 HTTP/1.1" 200 48706
66.249.64.19 - - [16/Jul/2019:03:37:27 -0500] "GET /BLA/resoluciones/AUTOS%202013/0218.pdf HTTP/1.1" 304 -
66.249.64.19 - - [16/Jul/2019:03:37:34 -0500] "GET /BLA/resoluciones/RESOLUCIONES%202007/RES%202007%202901%20AL%203000/RESOLUCION%202992%20DE%202007.pdf HTTP/1.1" 200 510005
66.249.64.19 - - [16/Jul/2019:03:37:44 -0500] "GET /BLA/resoluciones/AUTOS%202007/0340.pdf HTTP/1.1" 200 51092
66.249.64.19 - - [16/Jul/2019:03:37:47 -0500] "GET /BLA/resoluciones/RESOLUCIONES%202008/4021.pdf HTTP/1.1" 200 371903
66.249.64.28 - - [16/Jul/2019:03:37:53 -0500] "GET /Autoliquidacion/index.php?dir=Solicitudes%20relacionadas%20con%20calidad%20del%20aire%20auditiva%20y%20visual/Acompa%F1amiento%20para%20muestreo%20isocin%E9tico%20y%20o%20determinaciones%20de%20emisiones%20a%20fuentes%20fijas/&sort=name&order=desc HTTP/1.1" 200 4420
66.249.64.29 - - [16/Jul/2019:03:37:56 -0500] "GET /BLA/boletinlegal/actos.php HTTP/1.1" 200 8778
66.249.64.19 - - [16/Jul/2019:03:38:09 -0500] "GET /BLA/resoluciones/RESOLUCIONES%202008/4360.pdf HTTP/1.1" 200 404732
66.249.64.19 - - [16/Jul/2019:03:38:12 -0500] "GET /BLA/resoluciones/RESOLUCIONES%202008/2070.pdf HTTP/1.1" 200 211476
66.249.64.19 - - [16/Jul/2019:03:38:15 -0500] "GET /BLA/resoluciones/RESOLUCIONES%202007/RES%202007%202501%20AL%202600/RESOLUCION%202584%20DE%202007.pdf HTTP/1.1" 200 478787
66.249.64.19 - - [16/Jul/2019:03:38:18 -0500] "GET /BLA/resoluciones/RESOLUCIONES%202008/2757.pdf HTTP/1.1" 200 199468
192.168.175.104 - - [16/Jul/2019:03:38:18 -0500] "GET / HTTP/1.1" 200 9990
66.249.64.28 - - [16/Jul/2019:03:38:21 -0500] "GET /BLA/boletinlegal/styles2.css HTTP/1.1" 200 1838
192.168.175.104 - - [16/Jul/2019:03:38:23 -0500] "GET / HTTP/1.0" 200 9990
66.249.64.19 - - [16/Jul/2019:03:38:26 -0500] "GET /BLA/resoluciones/RESOLUCIONES%202008/1841.pdf HTTP/1.1" 200 250077
66.249.64.19 - - [16/Jul/2019:03:38:29 -0500] "GET /BLA/resoluciones/AUTOS%202011/3592.pdf HTTP/1.1" 200 232549
66.249.64.19 - - [16/Jul/2019:03:38:32 -0500] "GET /BLA/resoluciones/RESOLUCIONES%202010/1071.pdf HTTP/1.1" 200 104564
66.249.64.19 - - [16/Jul/2019:03:38:38 -0500] "GET /BLA/resoluciones/AUTOS%202007/0226.pdf HTTP/1.1" 200 32240
66.249.64.19 - - [16/Jul/2019:03:38:41 -0500] "GET /BLA/resoluciones/AUTOS%202011/4445.pdf HTTP/1.1" 200 2914893
66.249.64.19 - - [16/Jul/2019:03:38:44 -0500] "GET /BLA/resoluciones/RESOLUCIONES%202010/2204.pdf HTTP/1.1" 200 544502
66.249.64.19 - - [16/Jul/2019:03:38:46 -0500] "GET /BLA/resoluciones/RESOLUCIONES%202011/1800.pdf HTTP/1.1" 200 517430
66.249.64.23 - - [16/Jul/2019:03:38:49 -0500] "GET /BLA/resoluciones/RESOLUCIONES%202011/5712.pdf HTTP/1.1" 200 559355
66.249.64.23 - - [16/Jul/2019:03:38:52 -0500] "GET /BLA/resoluciones/RESOLUCIONES%202011/2414.pdf HTTP/1.1" 200 506325
66.249.64.20 - - [16/Jul/2019:03:38:57 -0500] "GET /BLA/resoluciones/RESOLUCIONES%202011/5733.pdf HTTP/1.1" 200 777554
66.249.64.22 - - [16/Jul/2019:03:39:00 -0500] "GET /BLA/resoluciones/RESOLUCIONES%202011/0725.pdf HTTP/1.1" 200 93693
66.249.64.19 - - [16/Jul/2019:03:39:05 -0500] "GET /BLA/resoluciones/AUTOS%202013/2794.pdf HTTP/1.1" 200 1100783
66.249.64.19 - - [16/Jul/2019:03:39:07 -0500] "GET /BLA/resoluciones/AUTOS%202011/7781.pdf HTTP/1.1" 200 154895
66.249.64.19 - - [16/Jul/2019:03:39:10 -0500] "GET /BLA/resoluciones/AUTOS%202016/0934.pdf HTTP/1.1" 200 530100
207.46.13.200 - - [16/Jul/2019:03:39:30 -0500] "GET /BLA/boletinlegal/Directivas/2011/Directiva%20No.%203%20del%2027%20de%20Mayo%20de%202011.pdf HTTP/1.1" 304 -
66.249.64.19 - - [16/Jul/2019:03:40:03 -0500] "GET /BLA/resoluciones/AUTOS%202013/3079.pdf HTTP/1.1" 200 662804
66.249.64.19 - - [16/Jul/2019:03:40:04 -0500] "GET /BLA/resoluciones/RESOLUCIONES%202010/2153.pdf HTTP/1.1" 200 509697
66.249.64.19 - - [16/Jul/2019:03:40:05 -0500] "GET /BLA/resoluciones/RESOLUCIONES%202010/2893.pdf HTTP/1.1" 200 499379
66.249.64.19 - - [16/Jul/2019:03:40:08 -0500] "GET /BLA/resoluciones/RESOLUCIONES%202014/0308.pdf HTTP/1.1" 200 431620
66.249.64.20 - - [16/Jul/2019:03:40:11 -0500] "GET /BLA/resoluciones/AUTOS%202007/3275.pdf HTTP/1.1" 200 453105
157.55.39.154 - - [16/Jul/2019:03:40:12 -0500] "GET /SIG/Gestion%20Documental/126PA06-PR01%20CONTROL%20DOCUMENTOS%20SIG.pdf HTTP/1.1" 304 -
66.249.64.20 - - [16/Jul/2019:03:40:14 -0500] "GET /BLA/resoluciones/RESOLUCIONES%202010/4239.pdf HTTP/1.1" 200 754487
66.249.64.20 - - [16/Jul/2019:03:40:17 -0500] "GET /BLA/resoluciones/RESOLUCIONES%202011/6050.pdf HTTP/1.1" 200 302148
66.249.64.20 - - [16/Jul/2019:03:40:19 -0500] "GET /BLA/resoluciones/AUTOS%202011/1260.pdf HTTP/1.1" 200 137897
66.249.64.19 - - [16/Jul/2019:03:40:22 -0500] "GET /BLA/resoluciones/AUTOS%202016/3696.pdf HTTP/1.1" 200 278112
54.36.148.1 - - [16/Jul/2019:03:40:36 -0500] "GET /BLA/resoluciones/RESOLUCIONES%202002/RES%202002%2001-50/2002RES27.tif HTTP/1.1" 200 128426
66.249.64.19 - - [16/Jul/2019:03:41:15 -0500] "GET /BLA/resoluciones/RESOLUCIONES%202011/6483.pdf HTTP/1.1" 200 492721
66.249.64.19 - - [16/Jul/2019:03:41:15 -0500] "GET /BLA/resoluciones/RESOLUCIONES%202011/0080.pdf HTTP/1.1" 200 371566
66.249.64.19 - - [16/Jul/2019:03:41:18 -0500] "GET /BLA/resoluciones/RESOLUCIONES%202014/0144.pdf HTTP/1.1" 200 773473
66.249.64.20 - - [16/Jul/2019:03:41:26 -0500] "GET /BLA/resoluciones/RESOLUCIONES%202011/5623.pdf HTTP/1.1" 200 490633
66.249.64.19 - - [16/Jul/2019:03:41:29 -0500] "GET /BLA/resoluciones/AUTOS%202011/3935.pdf HTTP/1.1" 200 326155
66.249.64.20 - - [16/Jul/2019:03:41:32 -0500] "GET /BLA/resoluciones/RESOLUCIONES%202013/2092.pdf HTTP/1.1" 200 773169
66.249.64.19 - - [16/Jul/2019:03:41:34 -0500] "GET /BLA/resoluciones/RESOLUCIONES%202011/2754.pdf HTTP/1.1" 200 795526
66.249.64.20 - - [16/Jul/2019:03:41:37 -0500] "GET /BLA/resoluciones/RESOLUCIONES%202010/1924.pdf HTTP/1.1" 200 794344
66.249.64.20 - - [16/Jul/2019:03:41:40 -0500] "GET /BLA/resoluciones/RESOLUCIONES%202008/5267.pdf HTTP/1.1" 200 334113
66.249.64.19 - - [16/Jul/2019:03:41:43 -0500] "GET /BLA/resoluciones/AUTOS%202010/3443.pdf HTTP/1.1" 200 465313
157.55.39.116 - - [16/Jul/2019:03:42:18 -0500] "GET /portalsiaccapacitaciones/Cronograma%20de%20visitas%202015 HTTP/1.1" 301 356
69.162.124.233 - - [16/Jul/2019:03:42:23 -0500] "HEAD / HTTP/1.1" 200 -
66.249.64.19 - - [16/Jul/2019:03:42:38 -0500] "GET /BLA/resoluciones/AUTOS%202011/7805.pdf HTTP/1.1" 200 318675
66.249.64.30 - - [16/Jul/2019:03:42:41 -0500] "GET /galeria/nivo-slider/demo/images/BannerWalk21.jpg HTTP/1.1" 304 -
66.249.64.19 - - [16/Jul/2019:03:42:47 -0500] "GET /BLA/resoluciones/AUTOS%202010/0807.pdf HTTP/1.1" 200 175387
66.249.64.19 - - [16/Jul/2019:03:42:50 -0500] "GET /BLA/resoluciones/RESOLUCIONES%202010/7468.pdf HTTP/1.1" 200 276505
5.255.250.154 - - [16/Jul/2019:03:42:50 -0500] "GET /robots.txt HTTP/1.1" 404 1019
5.255.250.154 - - [16/Jul/2019:03:42:54 -0500] "GET /galeria/juegos/desktop.ini HTTP/1.1" 200 402
192.168.175.104 - - [16/Jul/2019:03:43:16 -0500] "GET / HTTP/1.1" 200 9990
192.168.175.104 - - [16/Jul/2019:03:43:21 -0500] "GET / HTTP/1.0" 200 9990
216.244.66.195 - - [16/Jul/2019:03:43:26 -0500] "GET /galeria/galeria/fotos/JEICA.jpg HTTP/1.1" 200 2288790
66.249.64.19 - - [16/Jul/2019:03:43:48 -0500] "GET /BLA/resoluciones/RESOLUCIONES%202010/7021.pdf HTTP/1.1" 200 962174
66.249.64.19 - - [16/Jul/2019:03:43:50 -0500] "GET /BLA/resoluciones/RESOLUCIONES%202010/1866.pdf HTTP/1.1" 200 257747
66.249.64.19 - - [16/Jul/2019:03:43:55 -0500] "GET /BLA/resoluciones/RESOLUCIONES%202014/3457.pdf HTTP/1.1" 200 665475
66.249.64.19 - - [16/Jul/2019:03:44:01 -0500] "GET /BLA/resoluciones/Notificaciones/AUTOS%202018/01909.pdf HTTP/1.1" 200 234445
66.249.64.19 - - [16/Jul/2019:03:44:03 -0500] "GET /BLA/resoluciones/AUTOS%202016/0171.pdf HTTP/1.1" 200 524750
66.249.64.19 - - [16/Jul/2019:03:44:06 -0500] "GET /BLA/resoluciones/AUTOS%202016/2584.pdf HTTP/1.1" 200 409595
66.249.64.19 - - [16/Jul/2019:03:44:09 -0500] "GET /BLA/resoluciones/RESOLUCIONES%202014/0404.pdf HTTP/1.1" 200 517335
66.249.64.19 - - [16/Jul/2019:03:44:12 -0500] "GET /BLA/boletinlegal/Circulares/2017/Circular%20No.%20011%20del%2005%20de%20julio%20de%202017.pdf HTTP/1.1" 304 -
66.249.64.19 - - [16/Jul/2019:03:44:15 -0500] "GET /BLA/resoluciones/RESOLUCIONES%202014/0868.pdf HTTP/1.1" 200 921022
66.249.64.19 - - [16/Jul/2019:03:44:18 -0500] "GET /BLA/resoluciones/AUTOS%202010/6413.pdf HTTP/1.1" 200 167645
66.249.64.20 - - [16/Jul/2019:03:44:21 -0500] "GET /BLA/resoluciones/AUTOS%202010/1481.pdf HTTP/1.1" 200 246353
66.249.64.20 - - [16/Jul/2019:03:44:26 -0500] "GET /BLA/resoluciones/Notificaciones/AUTOS%202017/03973.pdf HTTP/1.1" 200 284999
66.249.64.19 - - [16/Jul/2019:03:45:19 -0500] "GET /BLA/resoluciones/AUTOS%202018/2477.pdf HTTP/1.1" 200 288613
66.249.64.19 - - [16/Jul/2019:03:45:22 -0500] "GET /BLA/resoluciones/RESOLUCIONES%202007/RES%202007%202301%20AL%202400/RESOLUCION%202393%20%20DE%202007.pdf HTTP/1.1" 200 140832
66.249.64.20 - - [16/Jul/2019:03:45:47 -0500] "GET /BLA/resoluciones/Notificaciones/AUTOS%202015/1732.doc HTTP/1.1" 200 214016
66.249.64.20 - - [16/Jul/2019:03:45:49 -0500] "GET /BLA/resoluciones/AUTOS%202007/2084.pdf HTTP/1.1" 200 73039
66.249.64.20 - - [16/Jul/2019:03:45:51 -0500] "GET /BLA/resoluciones/AUTOS%202015/0917.pdf HTTP/1.1" 200 623734
181.61.208.31 - - [16/Jul/2019:03:46:01 -0500] "GET /galeria/galeria/jquery.fancybox.js?v=2.1.5 HTTP/1.1" 200 48706
181.61.208.31 - - [16/Jul/2019:03:46:01 -0500] "GET /BLA/boletinlegal/js/jquery.scrollShow.js HTTP/1.1" 200 4586
181.61.208.31 - - [16/Jul/2019:03:46:01 -0500] "GET /galeria/galeria/jquery.fancybox.css?v=2.1.5 HTTP/1.1" 200 4895
181.61.208.31 - - [16/Jul/2019:03:46:04 -0500] "GET /galeria/galeria/jquery.fancybox.js?v=2.1.5 HTTP/1.1" 304 -
181.61.208.31 - - [16/Jul/2019:03:46:04 -0500] "GET /BLA/boletinlegal/js/jquery.scrollShow.js HTTP/1.1" 304 -
181.61.208.31 - - [16/Jul/2019:03:46:04 -0500] "GET /galeria/galeria/jquery.fancybox.css?v=2.1.5 HTTP/1.1" 304 -
66.249.64.117 - - [16/Jul/2019:03:46:06 -0500] "GET /POT-2013/Cartografia/Anexo01_Sistema_Hidrico.pdf HTTP/1.1" 200 5860035
66.249.64.22 - - [16/Jul/2019:03:46:11 -0500] "GET /BLA/resoluciones/AUTOS%202014/2844.pdf HTTP/1.1" 200 133374
66.249.64.19 - - [16/Jul/2019:03:46:14 -0500] "GET /BLA/resoluciones/AUTOS%202013/1745.pdf HTTP/1.1" 304 -
66.249.64.23 - - [16/Jul/2019:03:46:17 -0500] "GET /BLA/resoluciones/AUTOS%202013/1296.pdf HTTP/1.1" 200 1823231
66.249.64.23 - - [16/Jul/2019:03:46:25 -0500] "GET /BLA/resoluciones/AUTOS%202014/5370.pdf HTTP/1.1" 200 521689
69.162.124.233 - - [16/Jul/2019:03:47:23 -0500] "HEAD / HTTP/1.1" 200 -
66.249.64.19 - - [16/Jul/2019:03:47:30 -0500] "GET /BLA/resoluciones/RESOLUCIONES%202013/2389.pdf HTTP/1.1" 200 1366656
66.249.64.19 - - [16/Jul/2019:03:47:32 -0500] "GET /BLA/resoluciones/AUTOS%202011/4287.pdf HTTP/1.1" 200 247059
66.249.64.20 - - [16/Jul/2019:03:47:34 -0500] "GET /BLA/resoluciones/RESOLUCIONES%202008/2974.pdf HTTP/1.1" 200 254205
66.249.64.20 - - [16/Jul/2019:03:47:37 -0500] "GET /BLA/resoluciones/RESOLUCIONES%202013/1489.pdf HTTP/1.1" 200 426498
66.249.64.19 - - [16/Jul/2019:03:47:40 -0500] "GET /BLA/resoluciones/RESOLUCIONES%202008/5566.pdf HTTP/1.1" 200 264005
66.249.64.19 - - [16/Jul/2019:03:47:43 -0500] "GET /BLA/resoluciones/RESOLUCIONES%202008/3078.pdf HTTP/1.1" 200 384187
66.249.64.20 - - [16/Jul/2019:03:47:46 -0500] "GET /BLA/resoluciones/RESOLUCIONES%202008/2035.pdf HTTP/1.1" 200 270524
192.168.175.104 - - [16/Jul/2019:03:48:14 -0500] "GET / HTTP/1.1" 200 9990
192.168.175.104 - - [16/Jul/2019:03:48:20 -0500] "GET / HTTP/1.0" 200 9990
54.36.150.32 - - [16/Jul/2019:03:48:25 -0500] "GET /BLA/resoluciones/RESOLUCIONES%202003/RES%202003%201651-1700/20031678.tif HTTP/1.1" 200 81080
190.27.107.135 - - [16/Jul/2019:03:48:30 -0500] "GET /galeria/galeria/fotos/3humedal-Burro3G.jpg HTTP/1.1" 200 74809
66.249.64.19 - - [16/Jul/2019:03:48:43 -0500] "GET /BLA/resoluciones/RESOLUCIONES%202008/4051.pdf HTTP/1.1" 200 276676
66.249.64.19 - - [16/Jul/2019:03:48:45 -0500] "GET /BLA/resoluciones/RESOLUCIONES%202011/5849.pdf HTTP/1.1" 200 34683
66.249.64.19 - - [16/Jul/2019:03:48:51 -0500] "GET /BLA/resoluciones/RESOLUCIONES%202008/4244.pdf HTTP/1.1" 200 351435
66.249.64.19 - - [16/Jul/2019:03:48:54 -0500] "GET /BLA/resoluciones/Notificaciones/AUTOS%202017/04192.pdf HTTP/1.1" 200 261904
66.249.64.19 - - [16/Jul/2019:03:49:00 -0500] "GET /BLA/resoluciones/RESOLUCIONES%202010/5481.pdf HTTP/1.1" 200 248687
66.249.64.19 - - [16/Jul/2019:03:49:03 -0500] "GET /BLA/resoluciones/AUTOS%202014/0137.pdf HTTP/1.1" 200 542401
66.249.64.19 - - [16/Jul/2019:03:49:06 -0500] "GET /BLA/resoluciones/AUTOS%202011/0860.pdf HTTP/1.1" 200 151905
66.249.64.19 - - [16/Jul/2019:03:49:08 -0500] "GET /BLA/resoluciones/RESOLUCIONES%202007/RES%202007%20501%20AL%20600/RESOLUCION%200583%20DE%202007.pdf HTTP/1.1" 200 1251412
5.255.250.75 - - [16/Jul/2019:03:49:09 -0500] "GET /PruebasSTORM/StormSDA_pruebas/userFiles/user_files/listas/143.xml HTTP/1.1" 200 293
66.249.64.19 - - [16/Jul/2019:03:49:11 -0500] "GET /BLA/resoluciones/AUTOS%202013/2270.pdf HTTP/1.1" 200 308239
66.249.64.19 - - [16/Jul/2019:03:49:17 -0500] "GET /BLA/resoluciones/AUTOS%202013/3487.pdf HTTP/1.1" 200 293638
66.249.64.20 - - [16/Jul/2019:03:49:20 -0500] "GET /BLA/resoluciones/RESOLUCIONES%202009/5080.pdf HTTP/1.1" 200 520205
66.249.64.29 - - [16/Jul/2019:03:49:22 -0500] "GET /BLA/boletinlegal/Circulares/2011/Circular%20No.%201%20del%2023%20de%20Febrero%20de%202011.pdf HTTP/1.1" 200 540140
66.249.64.19 - - [16/Jul/2019:03:49:25 -0500] "GET /BLA/resoluciones/RESOLUCIONES%202010/6751.pdf HTTP/1.1" 200 270854
66.249.64.19 - - [16/Jul/2019:03:49:28 -0500] "GET /BLA/resoluciones/RESOLUCIONES%202013/1297.pdf HTTP/1.1" 200 5822299
66.249.64.20 - - [16/Jul/2019:03:49:40 -0500] "GET /BLA/resoluciones/RESOLUCIONES%202009/0336.pdf HTTP/1.1" 200 256263
66.249.64.25 - - [16/Jul/2019:03:49:42 -0500] "GET /BLA/resoluciones/RESOLUCIONES%202007/RES%202007%201%20AL%20100/RESOLUCION%200062%20DE%202007.pdf HTTP/1.1" 304 -
66.249.64.24 - - [16/Jul/2019:03:49:45 -0500] "GET /BLA/resoluciones/RESOLUCIONES%202009/6367.pdf HTTP/1.1" 200 482987
66.249.64.20 - - [16/Jul/2019:03:49:47 -0500] "GET /BLA/resoluciones/RESOLUCIONES%202007/RES%202007%202501%20AL%202600/RESOLUCION%202588%20%20DE%202007.pdf HTTP/1.1" 200 696957
66.249.64.23 - - [16/Jul/2019:03:49:58 -0500] "GET /BLA/resoluciones/AUTOS%202009/2251.pdf HTTP/1.1" 200 122086
66.249.64.22 - - [16/Jul/2019:03:50:00 -0500] "GET /BLA/resoluciones/AUTOS%202013/2189.pdf HTTP/1.1" 200 402001
61.220.247.158 - - [16/Jul/2019:03:50:02 -0500] "GET /BLA/boletinlegal/js/jquery.scrollShow.js HTTP/1.1" 200 4586
66.249.64.20 - - [16/Jul/2019:03:50:03 -0500] "GET /BLA/resoluciones/RESOLUCIONES%202009/4342.pdf HTTP/1.1" 304 -
61.220.247.158 - - [16/Jul/2019:03:50:05 -0500] "GET /galeria/galeria/jquery.fancybox.js?v=2.1.5 HTTP/1.1" 200 48706
66.249.64.19 - - [16/Jul/2019:03:50:56 -0500] "GET /BLA/resoluciones/AUTOS%202009/1393.pdf HTTP/1.1" 200 116024
66.249.64.19 - - [16/Jul/2019:03:50:56 -0500] "GET /BLA/resoluciones/RESOLUCIONES%202008/1965.pdf HTTP/1.1" 200 65176
66.249.64.19 - - [16/Jul/2019:03:50:58 -0500] "GET /BLA/resoluciones/AUTOS%202009/1841.pdf HTTP/1.1" 200 103078
66.249.64.19 - - [16/Jul/2019:03:51:01 -0500] "GET /BLA/resoluciones/RESOLUCIONES%202009/5842.pdf HTTP/1.1" 200 485713
66.249.64.19 - - [16/Jul/2019:03:51:04 -0500] "GET /BLA/resoluciones/RESOLUCIONES%202008/1739.pdf HTTP/1.1" 200 294517
66.249.64.19 - - [16/Jul/2019:03:51:06 -0500] "GET /BLA/resoluciones/RESOLUCIONES%202009/0216.pdf HTTP/1.1" 200 243324
66.249.64.19 - - [16/Jul/2019:03:51:09 -0500] "GET /BLA/resoluciones/RESOLUCIONES%202009/3585.pdf HTTP/1.1" 200 154962
66.249.64.19 - - [16/Jul/2019:03:51:12 -0500] "GET /BLA/resoluciones/AUTOS%202009/0986.pdf HTTP/1.1" 200 116642
66.249.64.19 - - [16/Jul/2019:03:51:14 -0500] "GET /BLA/resoluciones/RESOLUCIONES%202009/0891.pdf HTTP/1.1" 200 213079
66.249.64.19 - - [16/Jul/2019:03:51:19 -0500] "GET /BLA/resoluciones/RESOLUCIONES%202009/5972.pdf HTTP/1.1" 200 535827
66.249.64.20 - - [16/Jul/2019:03:51:22 -0500] "GET /BLA/resoluciones/AUTOS%202017/0775.pdf HTTP/1.1" 200 317668
66.249.64.19 - - [16/Jul/2019:03:51:27 -0500] "GET /BLA/resoluciones/AUTOS%202017/2230.pdf HTTP/1.1" 200 557638
66.249.64.19 - - [16/Jul/2019:03:51:29 -0500] "GET /BLA/resoluciones/RESOLUCIONES%202008/4209.pdf HTTP/1.1" 200 907639
66.249.88.125 - - [16/Jul/2019:03:52:20 -0500] "GET /galeria/galeria/jquery.fancybox.js?v=2.1.5 HTTP/1.1" 200 48706
66.249.88.123 - - [16/Jul/2019:03:52:20 -0500] "GET /BLA/boletinlegal/js/jquery.scrollShow.js HTTP/1.1" 200 4586
66.249.88.127 - - [16/Jul/2019:03:52:20 -0500] "GET /galeria/galeria/jquery.fancybox.css?v=2.1.5 HTTP/1.1" 200 4895
66.249.64.19 - - [16/Jul/2019:03:52:22 -0500] "GET /BLA/resoluciones/RESOLUCIONES%202010/5008.pdf HTTP/1.1" 200 749797
69.162.124.233 - - [16/Jul/2019:03:52:23 -0500] "HEAD / HTTP/1.1" 200 -
66.249.64.20 - - [16/Jul/2019:03:52:23 -0500] "GET /BLA/resoluciones/RESOLUCIONES%202011/0829.pdf HTTP/1.1" 200 2320483
66.249.64.19 - - [16/Jul/2019:03:52:28 -0500] "GET /BLA/resoluciones/AUTOS%202011/2440.pdf HTTP/1.1" 200 155415
66.249.64.20 - - [16/Jul/2019:03:52:36 -0500] "GET /BLA/resoluciones/RESOLUCIONES%202011/6145.pdf HTTP/1.1" 200 373865
66.249.64.19 - - [16/Jul/2019:03:52:49 -0500] "GET /BLA/resoluciones/RESOLUCIONES%202011/6947.pdf HTTP/1.1" 200 952370
66.249.64.20 - - [16/Jul/2019:03:52:54 -0500] "GET /BLA/resoluciones/AUTOS%202014/1927.pdf HTTP/1.1" 304 -
66.249.64.19 - - [16/Jul/2019:03:52:59 -0500] "GET /BLA/resoluciones/AUTOS%202011/3993.pdf HTTP/1.1" 304 -
66.249.64.19 - - [16/Jul/2019:03:53:04 -0500] "GET /BLA/resoluciones/AUTOS%202016/1903.pdf HTTP/1.1" 304 -
66.249.64.19 - - [16/Jul/2019:03:53:07 -0500] "GET /BLA/resoluciones/Notificaciones/REGISTROS%202015/2292.doc HTTP/1.1" 304 -
66.249.64.19 - - [16/Jul/2019:03:53:09 -0500] "GET /BLA/resoluciones/RESOLUCIONES%202007/RES%202007%201201%20AL%201300/RESOLUCION%201283%20DE%202007.pdf HTTP/1.1" 304 -
192.168.175.104 - - [16/Jul/2019:03:53:13 -0500] "GET / HTTP/1.1" 200 9990
66.249.64.19 - - [16/Jul/2019:03:53:14 -0500] "GET /BLA/resoluciones/RESOLUCIONES%202014/0198.pdf HTTP/1.1" 304 -
192.168.175.104 - - [16/Jul/2019:03:53:18 -0500] "GET / HTTP/1.0" 200 9990
66.249.64.19 - - [16/Jul/2019:03:53:21 -0500] "GET /BLA/resoluciones/AUTOS%202015/2489.pdf HTTP/1.1" 304 -
66.249.64.19 - - [16/Jul/2019:03:53:23 -0500] "GET /BLA/resoluciones/AUTOS%202015/3695.pdf HTTP/1.1" 304 -
66.249.64.19 - - [16/Jul/2019:03:53:27 -0500] "GET /BLA/resoluciones/AUTOS%202015/3695.pdf HTTP/1.1" 304 -
66.249.64.19 - - [16/Jul/2019:03:53:30 -0500] "GET /BLA/resoluciones/AUTOS%202015/2048.pdf HTTP/1.1" 304 -
66.249.64.19 - - [16/Jul/2019:03:53:32 -0500] "GET /BLA/resoluciones/AUTOS%202015/3096.pdf HTTP/1.1" 304 -
66.249.64.19 - - [16/Jul/2019:03:53:34 -0500] "GET /BLA/resoluciones/AUTOS%202015/0146.pdf HTTP/1.1" 304 -
66.249.64.19 - - [16/Jul/2019:03:53:36 -0500] "GET /BLA/resoluciones/AUTOS%202010/1271.pdf HTTP/1.1" 304 -
66.249.64.19 - - [16/Jul/2019:03:53:47 -0500] "GET /BLA/resoluciones/RESOLUCIONES%202014/3394.pdf HTTP/1.1" 304 -
181.56.63.109 - - [16/Jul/2019:03:53:55 -0500] "GET /BLA/boletinlegal/js/jquery.scrollShow.js HTTP/1.1" 200 4586
181.56.63.109 - - [16/Jul/2019:03:53:55 -0500] "GET /galeria/galeria/jquery.fancybox.js?v=2.1.5 HTTP/1.1" 200 48706
181.56.63.109 - - [16/Jul/2019:03:53:55 -0500] "GET /galeria/galeria/jquery.fancybox.css?v=2.1.5 HTTP/1.1" 200 4895
181.56.63.109 - - [16/Jul/2019:03:53:55 -0500] "GET /galeria/carrusel/Carrusel/jquery.thumbnailScroller.css HTTP/1.1" 200 2066
181.56.63.109 - - [16/Jul/2019:03:53:55 -0500] "GET /galeria/carrusel/Carrusel/jquery-ui-1.8.13.custom.min.js HTTP/1.1" 200 10800
181.56.63.109 - - [16/Jul/2019:03:53:55 -0500] "GET /galeria/carrusel/Carrusel/jquery.thumbnailScroller.js HTTP/1.1" 200 8157
181.56.63.109 - - [16/Jul/2019:03:53:57 -0500] "GET /galeria/nivo-slider/demo/demo.html HTTP/1.1" 200 4306
181.56.63.109 - - [16/Jul/2019:03:53:57 -0500] "GET /galeria/nivo-slider/themes/default/default.css HTTP/1.1" 200 1569
181.56.63.109 - - [16/Jul/2019:03:53:57 -0500] "GET /galeria/nivo-slider/themes/pascal/pascal.css HTTP/1.1" 200 2258
181.56.63.109 - - [16/Jul/2019:03:53:57 -0500] "GET /galeria/nivo-slider/themes/orman/orman.css HTTP/1.1" 200 2152
181.56.63.109 - - [16/Jul/2019:03:53:57 -0500] "GET /galeria/nivo-slider/nivo-slider.css HTTP/1.1" 200 1507
181.56.63.109 - - [16/Jul/2019:03:53:57 -0500] "GET /galeria/nivo-slider/demo/style.css HTTP/1.1" 200 2222
181.56.63.109 - - [16/Jul/2019:03:53:58 -0500] "GET /galeria/nivo-slider/demo/images/incendios-forestales.png HTTP/1.1" 200 61469
181.56.63.109 - - [16/Jul/2019:03:53:58 -0500] "GET /galeria/nivo-slider/demo/images/puntos%20atencion%20BANNER.jpg HTTP/1.1" 200 244208
181.56.63.109 - - [16/Jul/2019:03:53:58 -0500] "GET /galeria/nivo-slider/demo/images/caminatas%20julio%20principal.png HTTP/1.1" 200 662414
181.56.63.109 - - [16/Jul/2019:03:53:58 -0500] "GET /galeria/nivo-slider/demo/scripts/jquery-1.7.1.min.js HTTP/1.1" 200 93868
181.56.63.109 - - [16/Jul/2019:03:53:58 -0500] "GET /galeria/nivo-slider/demo/images/Banner%20practicas%20sostenibles.jpg HTTP/1.1" 200 142958
66.249.64.27 - - [16/Jul/2019:03:53:58 -0500] "GET /Autoliquidacion/Solicitudes%20relacionadas%20con%20calidad%20del%20aire%20auditiva%20y%20visual/Acompa%C3%B1amiento%20para%20muestreo%20isocin%C3%A9tico%20y%20o%20determinaciones%20de%20emisiones%20a%20fuentes%20fijas/Protocolo%20para%20Monitoreo%20Emisiones%20Atmosfericas.pdf HTTP/1.1" 200 414759
181.56.63.109 - - [16/Jul/2019:03:53:58 -0500] "GET /galeria/nivo-slider/demo/images/Banner%20POT.png HTTP/1.1" 200 418238
181.56.63.109 - - [16/Jul/2019:03:53:58 -0500] "GET /galeria/nivo-slider/demo/images/BANNER%20punto.jpg HTTP/1.1" 200 75932
181.56.63.109 - - [16/Jul/2019:03:53:59 -0500] "GET /galeria/nivo-slider/demo/images/banner-bolsas-plasticas.jpg HTTP/1.1" 200 317939
181.56.63.109 - - [16/Jul/2019:03:53:59 -0500] "GET /galeria/nivo-slider/demo/images/banner-humedales-de-bogota.jpg HTTP/1.1" 200 292611
181.56.63.109 - - [16/Jul/2019:03:54:00 -0500] "GET /galeria/nivo-slider/demo/images/Banner%20consumo%20sostenible%20final.jpg HTTP/1.1" 200 364746
181.56.63.109 - - [16/Jul/2019:03:54:01 -0500] "GET /galeria/nivo-slider/demo/images/bannersectorambiente.png HTTP/1.1" 200 308540
181.56.63.109 - - [16/Jul/2019:03:54:01 -0500] "GET /galeria/nivo-slider/demo/images/Banner%20Conpes.jpg HTTP/1.1" 200 55220
181.56.63.109 - - [16/Jul/2019:03:54:01 -0500] "GET /galeria/nivo-slider/demo/images/Banner%20RCD.jpg HTTP/1.1" 200 92197
181.56.63.109 - - [16/Jul/2019:03:54:01 -0500] "GET /galeria/nivo-slider/demo/images/Banneranonimos.png HTTP/1.1" 200 109388
181.56.63.109 - - [16/Jul/2019:03:54:01 -0500] "GET /galeria/nivo-slider/themes/default/loading.gif HTTP/1.1" 200 1737
181.56.63.109 - - [16/Jul/2019:03:54:02 -0500] "GET /galeria/nivo-slider/demo/images/4Simple_Slider.png HTTP/1.1" 200 11722
181.56.63.109 - - [16/Jul/2019:03:54:02 -0500] "GET /galeria/nivo-slider/jquery.nivo.slider.pack.js HTTP/1.1" 200 11561
181.56.63.109 - - [16/Jul/2019:03:54:02 -0500] "GET /galeria/nivo-slider/demo/images/banner%20lluvias.jpg HTTP/1.1" 200 254815
181.56.63.109 - - [16/Jul/2019:03:54:03 -0500] "GET /galeria/nivo-slider/themes/default/arrows.png HTTP/1.1" 200 824
181.56.63.109 - - [16/Jul/2019:03:54:03 -0500] "GET /galeria/nivo-slider/themes/default/bullets.png HTTP/1.1" 200 1281
66.249.64.19 - - [16/Jul/2019:03:54:05 -0500] "GET /BLA/resoluciones/AUTOS%202011/2147.pdf HTTP/1.1" 304 -
66.249.64.19 - - [16/Jul/2019:03:54:09 -0500] "GET /BLA/resoluciones/RESOLUCIONES%202008/0707.pdf HTTP/1.1" 304 -
66.249.64.19 - - [16/Jul/2019:03:54:12 -0500] "GET /BLA/resoluciones/RESOLUCIONES%202008/3054.pdf HTTP/1.1" 304 -
66.249.64.19 - - [16/Jul/2019:03:54:16 -0500] "GET /BLA/resoluciones/RESOLUCIONES%202015/1392.pdf HTTP/1.1" 200 879873
66.249.64.19 - - [16/Jul/2019:03:54:20 -0500] "GET /BLA/resoluciones/AUTOS%202017/0297.pdf HTTP/1.1" 200 621451
66.249.64.19 - - [16/Jul/2019:03:54:23 -0500] "GET /BLA/resoluciones/Notificaciones/RESOLUCIONES%202018/02040.pdf HTTP/1.1" 304 -
66.249.64.20 - - [16/Jul/2019:03:54:27 -0500] "GET /BLA/resoluciones/Notificaciones/REGISTROS%202014/01420.doc HTTP/1.1" 304 -
66.249.64.117 - - [16/Jul/2019:03:54:31 -0500] "GET /BLA/boletinlegal/Circulares/2011/Circular%20No.%209%20del%2003%20de%20Noviembre%20de%202011.pdf HTTP/1.1" 200 54568
66.249.64.20 - - [16/Jul/2019:03:54:38 -0500] "GET /BLA/resoluciones/AUTOS%202016/0429.pdf HTTP/1.1" 200 781661
66.249.64.20 - - [16/Jul/2019:03:54:49 -0500] "GET /BLA/resoluciones/AUTOS%202007/1063.pdf HTTP/1.1" 304 -
66.249.64.19 - - [16/Jul/2019:03:54:57 -0500] "GET /BLA/resoluciones/RESOLUCIONES%202011/0326.pdf HTTP/1.1" 304 -
66.249.64.28 - - [16/Jul/2019:03:55:04 -0500] "GET /PORTAL_SIAC/swf/Residuos/farmaceutica/farmaceutica.swf?pageNumber= HTTP/1.1" 304 -
66.249.64.19 - - [16/Jul/2019:03:55:26 -0500] "GET /BLA/resoluciones/RESOLUCIONES%202011/0616.pdf HTTP/1.1" 304 -
181.56.63.109 - - [16/Jul/2019:03:55:49 -0500] "GET /inicio/ HTTP/1.1" 404 1335
66.249.64.19 - - [16/Jul/2019:03:55:52 -0500] "GET /BLA/resoluciones/RESOLUCIONES%202015/1053.pdf HTTP/1.1" 304 -
66.249.64.27 - - [16/Jul/2019:03:55:55 -0500] "GET /SIG/ECS/126PM04-PR29.pdf HTTP/1.1" 304 -
66.249.64.19 - - [16/Jul/2019:03:56:10 -0500] "GET /BLA/resoluciones/RESOLUCIONES%202014/0439.pdf HTTP/1.1" 304 -
66.249.64.19 - - [16/Jul/2019:03:56:25 -0500] "GET /BLA/resoluciones/RESOLUCIONES%202011/0443.pdf HTTP/1.1" 304 -
66.249.64.19 - - [16/Jul/2019:03:56:34 -0500] "GET /BLA/resoluciones/RESOLUCIONES%202011/0783.pdf HTTP/1.1" 304 -
66.249.64.19 - - [16/Jul/2019:03:56:36 -0500] "GET /BLA/resoluciones/AUTOS%202015/1141.pdf HTTP/1.1" 200 715623
66.249.64.19 - - [16/Jul/2019:03:56:39 -0500] "GET /BLA/resoluciones/RESOLUCIONES%202011/0486.pdf HTTP/1.1" 304 -
211.114.22.80 - - [16/Jul/2019:03:56:42 -0500] "GET /galeria/galeria/jquery.fancybox.css?v=2.1.5 HTTP/1.1" 200 4895
211.114.22.80 - - [16/Jul/2019:03:56:42 -0500] "GET /BLA/boletinlegal/js/jquery.scrollShow.js HTTP/1.1" 200 4586
211.114.22.80 - - [16/Jul/2019:03:56:42 -0500] "GET /galeria/galeria/jquery.fancybox.js?v=2.1.5 HTTP/1.1" 200 48706
66.249.64.27 - - [16/Jul/2019:03:56:43 -0500] "GET /SIG/Gesti%C3%B3n%20Talento%20Humano/126PA01-PR30.pdf HTTP/1.1" 304 -
66.249.64.19 - - [16/Jul/2019:03:56:47 -0500] "GET /BLA/resoluciones/RESOLUCIONES%202014/2004.pdf HTTP/1.1" 200 447694
66.249.64.19 - - [16/Jul/2019:03:56:50 -0500] "GET /BLA/resoluciones/RESOLUCIONES%202014/0569.pdf HTTP/1.1" 304 -
66.249.64.19 - - [16/Jul/2019:03:56:58 -0500] "GET /BLA/resoluciones/RESOLUCIONES%202014/1703.pdf HTTP/1.1" 304 -
66.249.64.29 - - [16/Jul/2019:03:57:05 -0500] "GET /SIG/ECS/126PM04-PR36.pdf HTTP/1.1" 304 -
69.162.124.233 - - [16/Jul/2019:03:57:23 -0500] "HEAD / HTTP/1.1" 200 -
66.249.64.19 - - [16/Jul/2019:03:57:31 -0500] "GET /BLA/resoluciones/RESOLUCIONES%202010/3169.pdf HTTP/1.1" 304 -
66.249.64.19 - - [16/Jul/2019:03:57:35 -0500] "GET /BLA/resoluciones/RESOLUCIONES%202011/5658.pdf HTTP/1.1" 304 -
66.249.64.19 - - [16/Jul/2019:03:57:38 -0500] "GET /BLA/resoluciones/RESOLUCIONES%202014/0544.pdf HTTP/1.1" 304 -
66.249.64.19 - - [16/Jul/2019:03:57:46 -0500] "GET /BLA/resoluciones/RESOLUCIONES%202014/2717.pdf HTTP/1.1" 200 4740094
181.61.225.117 - - [16/Jul/2019:03:57:47 -0500] "GET /BLA/boletinlegal/js/jquery.scrollShow.js HTTP/1.1" 200 4586
181.61.225.117 - - [16/Jul/2019:03:57:47 -0500] "GET /galeria/galeria/jquery.fancybox.js?v=2.1.5 HTTP/1.1" 200 48706
181.61.225.117 - - [16/Jul/2019:03:57:47 -0500] "GET /galeria/galeria/jquery.fancybox.css?v=2.1.5 HTTP/1.1" 200 4895
111.206.198.19 - - [16/Jul/2019:03:57:50 -0500] "GET /galeria/nivo-slider/demo/demo.html HTTP/1.1" 200 4306
181.61.225.117 - - [16/Jul/2019:03:57:50 -0500] "GET /galeria/galeria/jquery.fancybox.js?v=2.1.5 HTTP/1.1" 304 -
181.61.225.117 - - [16/Jul/2019:03:57:50 -0500] "GET /BLA/boletinlegal/js/jquery.scrollShow.js HTTP/1.1" 304 -
181.61.225.117 - - [16/Jul/2019:03:57:50 -0500] "GET /galeria/galeria/jquery.fancybox.css?v=2.1.5 HTTP/1.1" 304 -
66.249.64.19 - - [16/Jul/2019:03:57:53 -0500] "GET /BLA/resoluciones/AUTOS%202012/0123.pdf HTTP/1.1" 304 -
35.241.138.178 - - [16/Jul/2019:03:57:53 -0500] "-" 408 -
192.168.175.104 - - [16/Jul/2019:03:58:11 -0500] "GET / HTTP/1.1" 200 9990
192.168.175.104 - - [16/Jul/2019:03:58:17 -0500] "GET / HTTP/1.0" 200 9990
66.249.64.19 - - [16/Jul/2019:03:58:24 -0500] "GET /BLA/resoluciones/RESOLUCIONES%202014/3533.pdf HTTP/1.1" 200 921245
54.36.150.4 - - [16/Jul/2019:03:58:34 -0500] "GET /BLA/resoluciones/RESOLUCIONES%202002/RES%202002%201651-1700/20021664.tif HTTP/1.1" 200 103528
66.249.64.27 - - [16/Jul/2019:03:58:47 -0500] "GET /SIG/ECS/126PM04-PR38.pdf HTTP/1.1" 304 -
66.249.64.19 - - [16/Jul/2019:03:59:15 -0500] "GET /BLA/resoluciones/AUTOS%202014/3744.pdf HTTP/1.1" 304 -
66.249.64.19 - - [16/Jul/2019:03:59:22 -0500] "GET /BLA/resoluciones/RESOLUCIONES%202008/0993.pdf HTTP/1.1" 200 203488
181.61.225.117 - - [16/Jul/2019:03:59:33 -0500] "GET /galeria/carrusel/Carrusel/jquery.thumbnailScroller.css HTTP/1.1" 200 2066
181.61.225.117 - - [16/Jul/2019:03:59:33 -0500] "GET /galeria/carrusel/Carrusel/jquery-ui-1.8.13.custom.min.js HTTP/1.1" 200 10800
181.61.225.117 - - [16/Jul/2019:03:59:33 -0500] "GET /galeria/carrusel/Carrusel/jquery.thumbnailScroller.js HTTP/1.1" 200 8157
181.61.225.117 - - [16/Jul/2019:03:59:34 -0500] "GET /galeria/nivo-slider/demo/demo.html HTTP/1.1" 200 4306
181.61.225.117 - - [16/Jul/2019:03:59:34 -0500] "GET /galeria/nivo-slider/themes/default/default.css HTTP/1.1" 200 1569
181.61.225.117 - - [16/Jul/2019:03:59:34 -0500] "GET /galeria/nivo-slider/themes/pascal/pascal.css HTTP/1.1" 200 2258
181.61.225.117 - - [16/Jul/2019:03:59:34 -0500] "GET /galeria/nivo-slider/themes/orman/orman.css HTTP/1.1" 200 2152
181.61.225.117 - - [16/Jul/2019:03:59:34 -0500] "GET /galeria/nivo-slider/nivo-slider.css HTTP/1.1" 200 1507
181.61.225.117 - - [16/Jul/2019:03:59:34 -0500] "GET /galeria/nivo-slider/demo/style.css HTTP/1.1" 200 2222
181.61.225.117 - - [16/Jul/2019:03:59:34 -0500] "GET /galeria/nivo-slider/jquery.nivo.slider.pack.js HTTP/1.1" 200 11561
181.61.225.117 - - [16/Jul/2019:03:59:34 -0500] "GET /galeria/nivo-slider/demo/scripts/jquery-1.7.1.min.js HTTP/1.1" 200 93868
181.61.225.117 - - [16/Jul/2019:03:59:34 -0500] "GET /galeria/nivo-slider/demo/images/banner%20lluvias.jpg HTTP/1.1" 200 254815
181.61.225.117 - - [16/Jul/2019:03:59:34 -0500] "GET /galeria/nivo-slider/demo/images/puntos%20atencion%20BANNER.jpg HTTP/1.1" 200 244208
181.61.225.117 - - [16/Jul/2019:03:59:34 -0500] "GET /galeria/nivo-slider/demo/images/caminatas%20julio%20principal.png HTTP/1.1" 200 662414
181.61.225.117 - - [16/Jul/2019:03:59:35 -0500] "GET /galeria/nivo-slider/demo/images/Banner%20consumo%20sostenible%20final.jpg HTTP/1.1" 200 364746
181.61.225.117 - - [16/Jul/2019:03:59:36 -0500] "GET /galeria/nivo-slider/demo/images/bannersectorambiente.png HTTP/1.1" 200 308540
181.61.225.117 - - [16/Jul/2019:03:59:37 -0500] "GET /galeria/nivo-slider/demo/images/Banner%20RCD.jpg HTTP/1.1" 200 92197
181.61.225.117 - - [16/Jul/2019:03:59:37 -0500] "GET /galeria/nivo-slider/demo/images/Banner%20Conpes.jpg HTTP/1.1" 200 55220
181.61.225.117 - - [16/Jul/2019:03:59:37 -0500] "GET /galeria/nivo-slider/demo/images/Banner%20practicas%20sostenibles.jpg HTTP/1.1" 200 142958
181.61.225.117 - - [16/Jul/2019:03:59:37 -0500] "GET /galeria/nivo-slider/demo/images/Banner%20POT.png HTTP/1.1" 200 418238
181.61.225.117 - - [16/Jul/2019:03:59:38 -0500] "GET /galeria/nivo-slider/demo/images/incendios-forestales.png HTTP/1.1" 200 61469
181.61.225.117 - - [16/Jul/2019:03:59:38 -0500] "GET /galeria/nivo-slider/demo/images/BANNER%20punto.jpg HTTP/1.1" 200 75932
181.61.225.117 - - [16/Jul/2019:03:59:38 -0500] "GET /galeria/nivo-slider/demo/images/Banneranonimos.png HTTP/1.1" 200 109388
181.61.225.117 - - [16/Jul/2019:03:59:38 -0500] "GET /galeria/nivo-slider/demo/images/banner-humedales-de-bogota.jpg HTTP/1.1" 200 292611
181.61.225.117 - - [16/Jul/2019:03:59:38 -0500] "GET /galeria/nivo-slider/demo/images/banner-bolsas-plasticas.jpg HTTP/1.1" 200 317939
181.61.225.117 - - [16/Jul/2019:03:59:38 -0500] "GET /galeria/nivo-slider/demo/images/4Simple_Slider.png HTTP/1.1" 200 11722
181.61.225.117 - - [16/Jul/2019:03:59:39 -0500] "GET /galeria/nivo-slider/themes/default/loading.gif HTTP/1.1" 200 1737
181.61.225.117 - - [16/Jul/2019:03:59:39 -0500] "GET /galeria/nivo-slider/themes/default/arrows.png HTTP/1.1" 200 824
181.61.225.117 - - [16/Jul/2019:03:59:39 -0500] "GET /galeria/nivo-slider/themes/default/bullets.png HTTP/1.1" 200 1281
66.249.64.19 - - [16/Jul/2019:03:59:48 -0500] "GET /BLA/resoluciones/RESOLUCIONES%202010/1104.pdf HTTP/1.1" 200 101886
66.249.64.19 - - [16/Jul/2019:03:59:51 -0500] "GET /BLA/resoluciones/AUTOS%202015/2603.pdf HTTP/1.1" 304 -
66.249.64.19 - - [16/Jul/2019:04:00:06 -0500] "GET /BLA/resoluciones/RESOLUCIONES%202014/1758.pdf HTTP/1.1" 200 495332
66.249.64.19 - - [16/Jul/2019:04:00:19 -0500] "GET /BLA/resoluciones/AUTOS%202015/2883.pdf HTTP/1.1" 200 676314
110.249.212.46 - - [16/Jul/2019:04:01:01 -0500] "GET http://110.249.212.46/testget?q=23333&port=80 HTTP/1.1" 400 945
110.249.212.46 - - [16/Jul/2019:04:01:02 -0500] "GET http://110.249.212.46/testget?q=23333&port=80 HTTP/1.1" 400 945
110.249.212.46 - - [16/Jul/2019:04:01:02 -0500] "GET http://110.249.212.46/testget?q=23333&port=80 HTTP/1.1" 400 945
66.249.64.20 - - [16/Jul/2019:04:01:17 -0500] "GET /BLA/resoluciones/RESOLUCIONES%202014/3221.pdf HTTP/1.1" 200 546029
54.36.150.8 - - [16/Jul/2019:04:01:18 -0500] "GET /BLA/resoluciones/RESOLUCIONES%202003/RES%202003%202151-2189/20032189.tif HTTP/1.1" 200 241984
66.249.64.19 - - [16/Jul/2019:04:01:20 -0500] "GET /BLA/resoluciones/RESOLUCIONES%202010/3010.pdf HTTP/1.1" 304 -
66.249.64.19 - - [16/Jul/2019:04:01:20 -0500] "GET /BLA/resoluciones/AUTOS%202016/1624.pdf HTTP/1.1" 200 715235
66.249.64.19 - - [16/Jul/2019:04:01:24 -0500] "GET /BLA/resoluciones/AUTOS%202016/1651.pdf HTTP/1.1" 304 -
207.46.13.201 - - [16/Jul/2019:04:01:30 -0500] "GET /galeria/bibloteca/contentflow.js HTTP/1.1" 200 42804
66.249.64.19 - - [16/Jul/2019:04:01:30 -0500] "GET /BLA/resoluciones/AUTOS%202015/0029.pdf HTTP/1.1" 200 581846
66.249.64.20 - - [16/Jul/2019:04:01:51 -0500] "GET /autoliquidacion/Permiso%20de%20ocupaci%C3%B3n%20de%20cauce/126pm04-pr36-f-1%20solicitud%20de%20permiso%20de%20ocupacion%20de%20cauce%20y%20lista%20de%20chequeo%20V08.xls HTTP/1.1" 200 726528
66.249.64.20 - - [16/Jul/2019:04:01:58 -0500] "GET /BLA/resoluciones/RESOLUCIONES%202012/1894.pdf HTTP/1.1" 200 24505640
69.162.124.233 - - [16/Jul/2019:04:02:23 -0500] "HEAD / HTTP/1.1" 200 -
66.249.64.4 - - [16/Jul/2019:04:02:31 -0500] "GET /BLA/resoluciones/RESOLUCIONES%202017/1329.pdf HTTP/1.1" 304 -
66.249.64.27 - - [16/Jul/2019:04:02:37 -0500] "GET /BLA/resoluciones/RESOLUCIONES%202011/0980.pdf HTTP/1.1" 304 -
66.249.64.8 - - [16/Jul/2019:04:02:41 -0500] "GET /BLA/resoluciones/AUTOS%202013/1079.pdf HTTP/1.1" 200 2105946
66.249.64.28 - - [16/Jul/2019:04:02:48 -0500] "GET /BLA/resoluciones/RESOLUCIONES%202007/RES%202007%203401%20AL%203500/RESOLUCION%203448%20DE%202007.pdf HTTP/1.1" 304 -
66.249.64.22 - - [16/Jul/2019:04:03:02 -0500] "GET /BLA/resoluciones/RESOLUCIONES%202013/1312.pdf HTTP/1.1" 304 -
192.168.175.104 - - [16/Jul/2019:04:03:09 -0500] "GET / HTTP/1.1" 200 9990
192.168.175.104 - - [16/Jul/2019:04:03:15 -0500] "GET / HTTP/1.0" 200 9990
66.249.64.20 - - [16/Jul/2019:04:03:17 -0500] "GET /BLA/resoluciones/Notificaciones/AUTOS%202014/0974.doc HTTP/1.1" 304 -
66.249.64.26 - - [16/Jul/2019:04:03:24 -0500] "GET /BLA/resoluciones/AUTOS%202015/3767.pdf HTTP/1.1" 200 859801
66.249.64.22 - - [16/Jul/2019:04:04:06 -0500] "GET /BLA/resoluciones/RESOLUCIONES%202010/6774.pdf HTTP/1.1" 200 75559
66.249.64.19 - - [16/Jul/2019:04:04:13 -0500] "GET /BLA/resoluciones/AUTOS%202015/1064.pdf HTTP/1.1" 200 612079
14.215.176.13 - - [16/Jul/2019:04:04:19 -0500] "GET /BLA/boletinlegal/js/jquery.scrollShow.js HTTP/1.1" 200 4586
14.215.176.5 - - [16/Jul/2019:04:04:19 -0500] "GET /galeria/galeria/jquery.fancybox.css?v=2.1.5 HTTP/1.1" 200 4895
14.215.176.6 - - [16/Jul/2019:04:04:19 -0500] "GET /galeria/galeria/jquery.fancybox.js?v=2.1.5 HTTP/1.1" 200 48706
14.215.176.17 - - [16/Jul/2019:04:04:19 -0500] "GET /galeria/carrusel/Carrusel/jquery.thumbnailScroller.js HTTP/1.1" 200 8157
14.215.176.4 - - [16/Jul/2019:04:04:19 -0500] "GET /galeria/carrusel/Carrusel/jquery.thumbnailScroller.css HTTP/1.1" 200 2066
14.215.176.4 - - [16/Jul/2019:04:04:19 -0500] "GET /galeria/carrusel/Carrusel/jquery-ui-1.8.13.custom.min.js HTTP/1.1" 200 10800
66.249.64.22 - - [16/Jul/2019:04:04:20 -0500] "GET /BLA/resoluciones/RESOLUCIONES%202010/5810.pdf HTTP/1.1" 304 -
66.249.64.19 - - [16/Jul/2019:04:05:18 -0500] "GET /BLA/resoluciones/RESOLUCIONES%202018/1414.pdf HTTP/1.1" 304 -
66.249.64.19 - - [16/Jul/2019:04:05:19 -0500] "GET /BLA/resoluciones/RESOLUCIONES%202010/6922.pdf HTTP/1.1" 304 -
66.249.64.19 - - [16/Jul/2019:04:05:22 -0500] "GET /BLA/resoluciones/RESOLUCIONES%202010/6234.pdf HTTP/1.1" 304 -
66.249.64.19 - - [16/Jul/2019:04:05:27 -0500] "GET /BLA/resoluciones/RESOLUCIONES%202015/1042.pdf HTTP/1.1" 200 486040
66.249.64.19 - - [16/Jul/2019:04:05:39 -0500] "GET /BLA/resoluciones/RESOLUCIONES%202017/1487.pdf HTTP/1.1" 304 -
66.249.64.19 - - [16/Jul/2019:04:05:46 -0500] "GET /BLA/resoluciones/AUTOS%202015/0979.pdf HTTP/1.1" 304 -
207.46.13.201 - - [16/Jul/2019:04:06:15 -0500] "GET / HTTP/1.1" 200 9990
66.249.64.19 - - [16/Jul/2019:04:07:04 -0500] "GET /BLA/resoluciones/AUTOS%202014/5700.pdf HTTP/1.1" 200 2523401
69.162.124.233 - - [16/Jul/2019:04:07:23 -0500] "HEAD / HTTP/1.1" 200 -
58.48.227.67 - - [16/Jul/2019:04:07:25 -0500] "-" 408 -
66.249.64.20 - - [16/Jul/2019:04:07:32 -0500] "GET /BLA/resoluciones/AUTOS%202015/0421.pdf HTTP/1.1" 304 -
66.249.64.19 - - [16/Jul/2019:04:07:47 -0500] "GET /BLA/resoluciones/RESOLUCIONES%202017/3622.pdf HTTP/1.1" 304 -
66.249.64.19 - - [16/Jul/2019:04:07:54 -0500] "GET /BLA/resoluciones/AUTOS%202017/1988.pdf HTTP/1.1" 304 -
191.95.48.179 - - [16/Jul/2019:04:08:06 -0500] "GET /BLA/resoluciones/AUTOS%202014/4092.pdf HTTP/1.1" 200 573209
192.168.175.104 - - [16/Jul/2019:04:08:08 -0500] "GET / HTTP/1.1" 200 9990
192.168.175.104 - - [16/Jul/2019:04:08:13 -0500] "GET / HTTP/1.0" 200 9990
66.249.64.19 - - [16/Jul/2019:04:08:36 -0500] "GET /BLA/resoluciones/RESOLUCIONES%202008/0607.pdf HTTP/1.1" 200 275382
66.249.64.19 - - [16/Jul/2019:04:08:43 -0500] "GET /BLA/resoluciones/AUTOS%202015/4420.pdf HTTP/1.1" 200 458372
66.249.64.19 - - [16/Jul/2019:04:09:06 -0500] "GET /BLA/resoluciones/AUTOS%202015/2630.pdf HTTP/1.1" 200 791956
201.245.192.253 - - [16/Jul/2019:04:08:41 -0500] "POST /kwsrmcab/Wsrmcab HTTP/1.1" 200 29848
201.245.192.253 - - [16/Jul/2019:04:08:46 -0500] "POST /kwsrmcab/Wsrmcab HTTP/1.1" 200 29848
201.245.192.253 - - [16/Jul/2019:04:09:14 -0500] "POST /kwsrmcab/Wsrmcab HTTP/1.1" 200 29901
201.245.192.253 - - [16/Jul/2019:04:09:20 -0500] "POST /kwsrmcab/Wsrmcab HTTP/1.1" 200 29901
66.249.64.19 - - [16/Jul/2019:04:10:02 -0500] "GET /BLA/resoluciones/RESOLUCIONES%202010/4920.pdf HTTP/1.1" 200 753937
66.249.64.20 - - [16/Jul/2019:04:10:06 -0500] "GET /BLA/resoluciones/AUTOS%202015/0262.pdf HTTP/1.1" 200 439199
66.249.64.19 - - [16/Jul/2019:04:10:08 -0500] "GET /BLA/resoluciones/RESOLUCIONES%202007/RES%202007%204101%20AL%204200/RESOLUCION%204102%20DE%202007.pdf HTTP/1.1" 200 13222310
66.249.64.26 - - [16/Jul/2019:04:10:23 -0500] "GET /BLA/resoluciones/AUTOS%202012/1642.pdf HTTP/1.1" 200 500105
66.249.64.26 - - [16/Jul/2019:04:10:25 -0500] "GET /BLA/resoluciones/RESOLUCIONES%202014/2714.pdf HTTP/1.1" 200 6269343
66.249.64.23 - - [16/Jul/2019:04:10:37 -0500] "GET /BLA/resoluciones/RESOLUCIONES%202007/RES%202007%203201%20AL%203300/RESOLUCION%203228%20DE%202007.pdf HTTP/1.1" 304 -
66.249.64.30 - - [16/Jul/2019:04:10:44 -0500] "GET /BLA/resoluciones/RESOLUCIONES%202017/3622.pdf HTTP/1.1" 200 393537
