190.24.22.217 - - [19/Jul/2019:01:28:42 -0500] "GET /galeria/galeria/jquery.fancybox.css?v=2.1.5 HTTP/1.1" 200 4895
190.24.22.217 - - [19/Jul/2019:01:28:56 -0500] "GET /galeria/galeria/jquery.fancybox.css?v=2.1.5 HTTP/1.1" 200 4895
190.24.22.217 - - [19/Jul/2019:01:28:59 -0500] "GET /BLA/boletinlegal/js/jquery.scrollShow.js HTTP/1.1" 200 4586
190.24.22.217 - - [19/Jul/2019:01:28:59 -0500] "GET /galeria/galeria/jquery.fancybox.js?v=2.1.5 HTTP/1.1" 200 48706
190.24.22.217 - - [19/Jul/2019:01:28:59 -0500] "GET /galeria/galeria/jquery.fancybox.css?v=2.1.5 HTTP/1.1" 200 4895
66.249.64.19 - - [19/Jul/2019:01:29:01 -0500] "GET /BLA/resoluciones/RESOLUCIONES%202007/RES%202007%203801%20AL%203900/RESOLUCION%203845%20DE%202007.pdf HTTP/1.1" 304 -
201.245.192.253 - - [19/Jul/2019:01:28:28 -0500] "POST /kwsrmcab/Wsrmcab HTTP/1.1" 200 30355
201.245.192.253 - - [19/Jul/2019:01:28:34 -0500] "POST /kwsrmcab/Wsrmcab HTTP/1.1" 200 30355
66.249.88.127 - - [19/Jul/2019:01:29:09 -0500] "GET /galeria/galeria/jquery.fancybox.css?v=2.1.5 HTTP/1.1" 200 4895
66.249.88.127 - - [19/Jul/2019:01:29:10 -0500] "GET /BLA/boletinlegal/js/jquery.scrollShow.js HTTP/1.1" 200 4586
66.249.88.123 - - [19/Jul/2019:01:29:11 -0500] "GET /galeria/galeria/jquery.fancybox.js?v=2.1.5 HTTP/1.1" 200 48706
54.36.150.163 - - [19/Jul/2019:01:29:18 -0500] "GET /BLA/resoluciones/RESOLUCIONES%202002/RES%202002%20551-600/00000565.tif HTTP/1.1" 200 81568
66.249.64.19 - - [19/Jul/2019:01:29:28 -0500] "GET /BLA/resoluciones/RESOLUCIONES%202007/RES%202007%202901%20AL%203000/RESOLUCION%202998%20DE%202007.pdf HTTP/1.1" 304 -
66.249.64.20 - - [19/Jul/2019:01:29:44 -0500] "GET /BLA/resoluciones/RESOLUCIONES%202010/2125.pdf HTTP/1.1" 200 232489
66.249.64.20 - - [19/Jul/2019:01:29:55 -0500] "GET /BLA/resoluciones/RESOLUCIONES%202009/5601.pdf HTTP/1.1" 200 674299
66.249.64.19 - - [19/Jul/2019:01:30:16 -0500] "GET /BLA/resoluciones/RESOLUCIONES%202009/6112.pdf HTTP/1.1" 200 471909
66.249.64.19 - - [19/Jul/2019:01:30:23 -0500] "GET /BLA/resoluciones/AUTOS%202007/1992.pdf HTTP/1.1" 200 195246
66.249.64.19 - - [19/Jul/2019:01:30:32 -0500] "GET /BLA/resoluciones/RESOLUCIONES%202009/4074.pdf HTTP/1.1" 200 1161925
186.154.37.103 - - [19/Jul/2019:01:30:43 -0500] "GET /BLA/boletinlegal/js/jquery.scrollShow.js HTTP/1.1" 200 4586
186.154.37.103 - - [19/Jul/2019:01:30:43 -0500] "GET /galeria/galeria/jquery.fancybox.js?v=2.1.5 HTTP/1.1" 200 48706
186.154.37.103 - - [19/Jul/2019:01:30:43 -0500] "GET /galeria/galeria/jquery.fancybox.css?v=2.1.5 HTTP/1.1" 200 4895
186.154.37.103 - - [19/Jul/2019:01:30:43 -0500] "GET /galeria/carrusel/Carrusel/jquery.thumbnailScroller.css HTTP/1.1" 200 2066
186.154.37.103 - - [19/Jul/2019:01:30:43 -0500] "GET /galeria/carrusel/Carrusel/jquery-ui-1.8.13.custom.min.js HTTP/1.1" 200 10800
186.154.37.103 - - [19/Jul/2019:01:30:43 -0500] "GET /galeria/carrusel/Carrusel/jquery.thumbnailScroller.js HTTP/1.1" 200 8157
66.249.64.19 - - [19/Jul/2019:01:30:50 -0500] "GET /BLA/resoluciones/RESOLUCIONES%202009/0765.pdf HTTP/1.1" 200 690614
186.154.37.103 - - [19/Jul/2019:01:30:51 -0500] "GET /galeria/nivo-slider/demo/demo.html HTTP/1.1" 200 4594
186.154.37.103 - - [19/Jul/2019:01:30:52 -0500] "GET /galeria/nivo-slider/themes/default/default.css HTTP/1.1" 200 1569
186.154.37.103 - - [19/Jul/2019:01:30:52 -0500] "GET /galeria/nivo-slider/themes/pascal/pascal.css HTTP/1.1" 200 2258
186.154.37.103 - - [19/Jul/2019:01:30:53 -0500] "GET /galeria/nivo-slider/themes/orman/orman.css HTTP/1.1" 200 2152
186.154.37.103 - - [19/Jul/2019:01:30:53 -0500] "GET /galeria/nivo-slider/nivo-slider.css HTTP/1.1" 200 1507
186.154.37.103 - - [19/Jul/2019:01:30:53 -0500] "GET /galeria/nivo-slider/demo/style.css HTTP/1.1" 200 2222
186.154.37.103 - - [19/Jul/2019:01:30:53 -0500] "GET /galeria/nivo-slider/demo/scripts/jquery-1.7.1.min.js HTTP/1.1" 200 93868
186.154.37.103 - - [19/Jul/2019:01:30:53 -0500] "GET /galeria/nivo-slider/demo/images/banner-humedales-de-bogota.jpg HTTP/1.1" 200 292611
186.154.37.103 - - [19/Jul/2019:01:30:53 -0500] "GET /galeria/nivo-slider/demo/images/Banner%20practicas%20sostenibles.jpg HTTP/1.1" 200 142958
186.154.37.103 - - [19/Jul/2019:01:30:54 -0500] "GET /galeria/nivo-slider/demo/images/Banner%20POT.png HTTP/1.1" 200 418238
186.154.37.103 - - [19/Jul/2019:01:30:54 -0500] "GET /galeria/nivo-slider/demo/images/BANNER%20punto.jpg HTTP/1.1" 200 75932
186.154.37.103 - - [19/Jul/2019:01:30:54 -0500] "GET /galeria/nivo-slider/demo/images/puntos%20atencion%20BANNER.jpg HTTP/1.1" 200 244208
186.154.37.103 - - [19/Jul/2019:01:30:57 -0500] "GET /galeria/nivo-slider/demo/images/Banneranonimos.png HTTP/1.1" 200 109388
186.154.37.103 - - [19/Jul/2019:01:30:57 -0500] "GET /galeria/nivo-slider/demo/images/Banner%20consumo%20sostenible%20final.jpg HTTP/1.1" 200 364746
66.249.64.19 - - [19/Jul/2019:01:30:58 -0500] "GET /BLA/resoluciones/RESOLUCIONES%202009/0252.pdf HTTP/1.1" 200 659179
186.154.37.103 - - [19/Jul/2019:01:30:59 -0500] "GET /galeria/nivo-slider/demo/images/Banner%20Visor%20Geografico%20Ambiental.jpg HTTP/1.1" 200 204673
186.154.37.103 - - [19/Jul/2019:01:30:59 -0500] "GET /galeria/nivo-slider/demo/images/incendios-forestales.png HTTP/1.1" 200 61469
186.154.37.103 - - [19/Jul/2019:01:31:00 -0500] "GET /galeria/nivo-slider/demo/images/Banner%20impacto.jpg HTTP/1.1" 200 72695
186.154.37.103 - - [19/Jul/2019:01:31:00 -0500] "GET /galeria/nivo-slider/demo/images/Banner%20Conpes.jpg HTTP/1.1" 200 55220
186.154.37.103 - - [19/Jul/2019:01:31:00 -0500] "GET /galeria/nivo-slider/demo/images/banner-bolsas-plasticas.jpg HTTP/1.1" 200 317939
186.154.37.103 - - [19/Jul/2019:01:31:00 -0500] "GET /galeria/nivo-slider/demo/images/Banner%20RCD.jpg HTTP/1.1" 200 92197
186.154.37.103 - - [19/Jul/2019:01:31:01 -0500] "GET /galeria/nivo-slider/demo/images/bannersectorambiente.png HTTP/1.1" 200 308540
186.154.37.103 - - [19/Jul/2019:01:31:01 -0500] "GET /galeria/nivo-slider/demo/images/caminatas%20julio%20principal.png HTTP/1.1" 200 662414
186.154.37.103 - - [19/Jul/2019:01:31:02 -0500] "GET /galeria/nivo-slider/jquery.nivo.slider.pack.js HTTP/1.1" 200 11561
186.154.37.103 - - [19/Jul/2019:01:31:02 -0500] "GET /galeria/nivo-slider/demo/images/banner%20lluvias.jpg HTTP/1.1" 200 254815
186.154.37.103 - - [19/Jul/2019:01:31:05 -0500] "GET /galeria/nivo-slider/demo/images/4Simple_Slider.png HTTP/1.1" 200 11722
186.154.37.103 - - [19/Jul/2019:01:31:05 -0500] "GET /galeria/nivo-slider/themes/default/loading.gif HTTP/1.1" 200 1737
66.249.64.19 - - [19/Jul/2019:01:31:15 -0500] "GET /BLA/resoluciones/RESOLUCIONES%202008/4628.pdf HTTP/1.1" 200 265565
66.249.64.19 - - [19/Jul/2019:01:31:18 -0500] "GET /BLA/resoluciones/RESOLUCIONES%202010/3624.pdf HTTP/1.1" 200 328080
192.168.175.104 - - [19/Jul/2019:01:31:42 -0500] "GET / HTTP/1.1" 200 9990
69.162.124.233 - - [19/Jul/2019:01:31:49 -0500] "HEAD / HTTP/1.1" 200 -
66.249.64.19 - - [19/Jul/2019:01:32:13 -0500] "GET /BLA/resoluciones/AUTOS%202009/1828.pdf HTTP/1.1" 200 126334
192.168.175.104 - - [19/Jul/2019:01:32:21 -0500] "GET / HTTP/1.0" 200 9990
54.37.67.60 - - [19/Jul/2019:01:32:33 -0500] "HEAD /BLA/resoluciones/AUTOS%202014/0605.pdf HTTP/1.1" 200 -
66.249.64.19 - - [19/Jul/2019:01:32:40 -0500] "GET /BLA/resoluciones/RESOLUCIONES%202009/5750.pdf HTTP/1.1" 200 483695
190.24.22.217 - - [19/Jul/2019:01:32:42 -0500] "GET /BLA/boletinlegal/js/jquery.scrollShow.js HTTP/1.1" 200 4586
66.249.64.19 - - [19/Jul/2019:01:32:43 -0500] "GET /BLA/resoluciones/RESOLUCIONES%202009/5182.pdf HTTP/1.1" 200 492133
190.24.22.217 - - [19/Jul/2019:01:32:49 -0500] "GET /galeria/galeria/jquery.fancybox.css?v=2.1.5 HTTP/1.1" 200 4895
66.249.64.19 - - [19/Jul/2019:01:32:55 -0500] "GET /BLA/resoluciones/RESOLUCIONES%202009/8821.pdf HTTP/1.1" 200 1074274
66.249.64.20 - - [19/Jul/2019:01:33:07 -0500] "GET /BLA/resoluciones/AUTOS%202015/4074.pdf HTTP/1.1" 200 685149
190.24.22.217 - - [19/Jul/2019:01:33:25 -0500] "GET /galeria/galeria/jquery.fancybox.css?v=2.1.5 HTTP/1.1" 200 4895
66.249.64.20 - - [19/Jul/2019:01:33:51 -0500] "GET /BLA/resoluciones/RESOLUCIONES%202008/4841.pdf HTTP/1.1" 200 82971
66.249.64.19 - - [19/Jul/2019:01:34:02 -0500] "GET /BLA/resoluciones/RESOLUCIONES%202009/1932.pdf HTTP/1.1" 200 612742
152.61.128.50 - - [19/Jul/2019:01:34:35 -0500] "GET / HTTP/1.1" 200 9990
186.154.138.98 - - [19/Jul/2019:01:34:45 -0500] "GET /Autoliquidacion/TR%C3%81MITES%20ACEITES-RESIDUOS-ESTACIONES/REG.%20GENERADOR/Carta%20Solicitud%20Inscripci%C3%B3n%20RESPEL.doc HTTP/1.1" 200 1511424
152.61.128.50 - - [19/Jul/2019:01:34:36 -0500] "GET /arcgis/services/Calidad_del_Agua_WQI/MapServer/WMSServer?request=GetCapabilities&service=WMS HTTP/1.1" 503 1020
152.61.128.50 - - [19/Jul/2019:01:34:57 -0500] "GET /arcgis/services/Calidad_del_Agua_WQI/MapServer/WMSServer?SERVICE=WMS&REQUEST=GetCapabilities HTTP/1.1" 503 1020
152.61.128.50 - - [19/Jul/2019:01:34:57 -0500] "GET /arcgis/services/Calidad_del_Agua_WQI/MapServer/WMSServer?WMTVER=1.0.0&REQUEST=capabilities HTTP/1.1" 503 1020
66.249.64.20 - - [19/Jul/2019:01:35:24 -0500] "GET /BLA/resoluciones/AUTOS%202009/1359.pdf HTTP/1.1" 200 116835
66.249.64.19 - - [19/Jul/2019:01:35:52 -0500] "GET /BLA/resoluciones/AUTOS%202014/6631.pdf HTTP/1.1" 200 464677
66.249.64.19 - - [19/Jul/2019:01:36:19 -0500] "GET /BLA/resoluciones/AUTOS%202009/2808.pdf HTTP/1.1" 200 135906
54.36.150.13 - - [19/Jul/2019:01:36:34 -0500] "GET /BLA/resoluciones/index.php?dir=RESOLUCIONES+2005%2FRES+2005+2701+-2750%2F HTTP/1.1" 200 12404
192.168.175.104 - - [19/Jul/2019:01:36:41 -0500] "GET / HTTP/1.1" 200 9990
69.162.124.233 - - [19/Jul/2019:01:36:49 -0500] "HEAD / HTTP/1.1" 200 -
192.168.175.104 - - [19/Jul/2019:01:37:19 -0500] "GET / HTTP/1.0" 200 9990
190.24.22.217 - - [19/Jul/2019:01:37:33 -0500] "GET /galeria/carrusel/Carrusel/jquery.thumbnailScroller.css HTTP/1.1" 200 2066
190.24.22.217 - - [19/Jul/2019:01:37:33 -0500] "GET /galeria/carrusel/Carrusel/jquery-ui-1.8.13.custom.min.js HTTP/1.1" 200 10800
190.24.22.217 - - [19/Jul/2019:01:37:34 -0500] "GET /galeria/nivo-slider/demo/images/incendios-forestales.png HTTP/1.1" 200 61469
190.24.22.217 - - [19/Jul/2019:01:37:34 -0500] "GET /galeria/nivo-slider/themes/default/arrows.png HTTP/1.1" 200 824
190.24.22.217 - - [19/Jul/2019:01:37:34 -0500] "GET /galeria/nivo-slider/themes/default/bullets.png HTTP/1.1" 200 1281
66.249.64.19 - - [19/Jul/2019:01:38:36 -0500] "GET /BLA/resoluciones/RESOLUCIONES%202009/1063.pdf HTTP/1.1" 200 196820
157.55.39.160 - - [19/Jul/2019:01:38:51 -0500] "GET /galeria/galeria/fotos/17.jpg HTTP/1.1" 200 196674
66.249.64.20 - - [19/Jul/2019:01:38:57 -0500] "GET /BLA/resoluciones/RESOLUCIONES%202010/4556.pdf HTTP/1.1" 200 542565
66.249.64.20 - - [19/Jul/2019:01:39:05 -0500] "GET /BLA/resoluciones/RESOLUCIONES%202008/5048.pdf HTTP/1.1" 200 240704
66.249.64.19 - - [19/Jul/2019:01:39:11 -0500] "GET /BLA/resoluciones/AUTOS%202009/0366.pdf HTTP/1.1" 200 298479
66.249.64.115 - - [19/Jul/2019:01:39:11 -0500] "GET /BLA/boletinlegal/Circulares/2013/Circular%20No.%203%20del%2005%20de%20abril%20de%202013.pdf HTTP/1.1" 200 93580
66.249.64.19 - - [19/Jul/2019:01:39:31 -0500] "GET /BLA/resoluciones/AUTOS%202009/2773.pdf HTTP/1.1" 200 103369
66.249.64.19 - - [19/Jul/2019:01:39:59 -0500] "GET /BLA/resoluciones/AUTOS%202007/2947.pdf HTTP/1.1" 200 134483
181.54.250.192 - - [19/Jul/2019:01:40:11 -0500] "GET /galeria/galeria/jquery.fancybox.css?v=2.1.5 HTTP/1.1" 200 4895
181.54.250.192 - - [19/Jul/2019:01:40:11 -0500] "GET /BLA/boletinlegal/js/jquery.scrollShow.js HTTP/1.1" 200 4586
181.54.250.192 - - [19/Jul/2019:01:40:11 -0500] "GET /galeria/galeria/jquery.fancybox.js?v=2.1.5 HTTP/1.1" 200 48706
66.249.64.20 - - [19/Jul/2019:01:40:26 -0500] "GET /BLA/resoluciones/AUTOS%202009/2054.pdf HTTP/1.1" 200 98242
66.249.64.117 - - [19/Jul/2019:01:41:03 -0500] "GET /BLA/boletinlegal/Directivas/2011/Directiva%20No.%209%20del%2023%20de%20Septiembre%20de%202011.pdf HTTP/1.1" 200 326687
66.249.64.19 - - [19/Jul/2019:01:41:21 -0500] "GET /BLA/resoluciones/RESOLUCIONES%202008/0410.pdf HTTP/1.1" 304 -
192.168.175.104 - - [19/Jul/2019:01:41:40 -0500] "GET / HTTP/1.1" 200 9990
66.249.64.19 - - [19/Jul/2019:01:41:48 -0500] "GET /BLA/resoluciones/AUTOS%202013/1794.pdf HTTP/1.1" 304 -
66.249.64.117 - - [19/Jul/2019:01:41:48 -0500] "GET /Anexos%20estudio%20Organizacional%20SDA/ANEXO%20No.%202%20-%20EJECUCIONES%20PRESUPUESTALES%202008-2011%20Y%20PRESUPUESTO%202012/Ejecuci%C3%B3n%20presupuestal%202008.pdf HTTP/1.1" 200 50253
69.162.124.233 - - [19/Jul/2019:01:41:49 -0500] "HEAD / HTTP/1.1" 200 -
66.249.64.19 - - [19/Jul/2019:01:42:16 -0500] "GET /BLA/resoluciones/AUTOS%202007/0701.pdf HTTP/1.1" 304 -
192.168.175.104 - - [19/Jul/2019:01:42:17 -0500] "GET / HTTP/1.0" 200 9990
54.36.150.187 - - [19/Jul/2019:01:42:58 -0500] "GET /BLA/resoluciones/RESOLUCIONES%202003/RES%202003%201151-1200/1183.tif HTTP/1.1" 200 176744
66.249.64.19 - - [19/Jul/2019:01:43:39 -0500] "GET /BLA/resoluciones/RESOLUCIONES%202009/0432.pdf HTTP/1.1" 200 200436
66.249.64.20 - - [19/Jul/2019:01:44:11 -0500] "GET /BLA/resoluciones/RESOLUCIONES%202013/0065.pdf HTTP/1.1" 200 2152832
66.249.64.19 - - [19/Jul/2019:01:44:31 -0500] "GET /BLA/resoluciones/RESOLUCIONES%202009/1457.pdf HTTP/1.1" 200 605606
181.49.68.116 - - [19/Jul/2019:01:45:09 -0500] "GET /galeria/galeria/jquery.fancybox.css?v=2.1.5 HTTP/1.1" 200 4895
181.49.68.116 - - [19/Jul/2019:01:45:09 -0500] "GET /BLA/boletinlegal/js/jquery.scrollShow.js HTTP/1.1" 200 4586
181.49.68.116 - - [19/Jul/2019:01:45:09 -0500] "GET /galeria/galeria/jquery.fancybox.js?v=2.1.5 HTTP/1.1" 200 48706
66.249.64.19 - - [19/Jul/2019:01:45:21 -0500] "GET /galeria/nivo-slider/demo/2demo.html? HTTP/1.1" 200 3810
58.49.195.130 - - [19/Jul/2019:01:45:26 -0500] "-" 408 -
66.249.64.19 - - [19/Jul/2019:01:45:27 -0500] "GET /BLA/resoluciones/AUTOS%202013/0217.pdf HTTP/1.1" 304 -
66.249.64.19 - - [19/Jul/2019:01:45:55 -0500] "GET /BLA/resoluciones/AUTOS%202011/0112.pdf HTTP/1.1" 200 188705
207.46.13.233 - - [19/Jul/2019:01:46:37 -0500] "GET /BLA/boletinlegal/jurisprudencia/analisis/AnalisisT-095-16.docx HTTP/1.1" 304 -
192.168.175.104 - - [19/Jul/2019:01:46:37 -0500] "GET / HTTP/1.1" 200 9990
5.255.250.154 - - [19/Jul/2019:01:46:40 -0500] "GET /robots.txt HTTP/1.1" 404 1019
5.255.250.154 - - [19/Jul/2019:01:46:43 -0500] "GET /PruebasSTORM/StormSDA_pruebas/userFiles/user_files/93/asocia.xml HTTP/1.1" 200 5183
69.162.124.233 - - [19/Jul/2019:01:46:49 -0500] "HEAD / HTTP/1.1" 200 -
192.168.175.104 - - [19/Jul/2019:01:47:15 -0500] "GET / HTTP/1.0" 200 9990
66.249.64.19 - - [19/Jul/2019:01:47:45 -0500] "GET /BLA/resoluciones/RESOLUCIONES%202006/RES%202006%201051-1100/INDEX.DAT HTTP/1.1" 200 2000
66.249.64.19 - - [19/Jul/2019:01:48:16 -0500] "GET /BLA/resoluciones/RESOLUCIONES%202008/4484.pdf HTTP/1.1" 200 507963
46.229.168.146 - - [19/Jul/2019:01:48:23 -0500] "GET /robots.txt HTTP/1.1" 404 1019
46.229.168.145 - - [19/Jul/2019:01:48:24 -0500] "GET /Autoliquidacion/index.php?dir=TR%C3%83%C2%83%C3%82%C2%83%C3%83%C2%82%C3%82%C2%81MITES%2BAGUAS%2BSUBTERR%C3%83%C2%83%C3%82%C2%83%C3%83%C2%82%C3%82%C2%81NEAS%2F&order=desc&sort=size HTTP/1.1" 200 6702
66.249.64.31 - - [19/Jul/2019:01:48:34 -0500] "GET /Autoliquidacion/TR%C3%81MITES%20MINER%C3%8DA/T%C3%A9rminos%20de%20Referencia%20para%20evaluaci%C3%B3n%20de%20PMA.doc HTTP/1.1" 404 1019
66.249.64.31 - - [19/Jul/2019:01:48:37 -0500] "GET /Autoliquidacion/TR%C3%81MITES%20MINER%C3%8DA/Lista%20de%20chequeo%20solicitud%20PMA.xls HTTP/1.1" 404 1019
216.244.66.197 - - [19/Jul/2019:01:48:38 -0500] "GET /robots.txt HTTP/1.1" 404 1019
66.249.64.30 - - [19/Jul/2019:01:48:43 -0500] "GET /Autoliquidacion/TR%C3%81MITES%20MINER%C3%8DA/Aplicativo.html HTTP/1.1" 200 359
66.249.64.29 - - [19/Jul/2019:01:48:54 -0500] "GET /Autoliquidacion/TR%C3%81MITES%20MINER%C3%8DA/Terminos%20de%20Referencia%20para%20evaluaci%C3%B3n%20de%20PMRRA.doc HTTP/1.1" 404 1019
66.249.64.19 - - [19/Jul/2019:01:49:07 -0500] "GET /BLA/resoluciones/AUTOS%202016/0391.pdf HTTP/1.1" 200 739653
190.145.160.62 - - [19/Jul/2019:01:49:23 -0500] "GET /galeria/nivo-slider/demo/style.css HTTP/1.1" 304 -
66.249.64.19 - - [19/Jul/2019:01:49:34 -0500] "GET /BLA/resoluciones/RESOLUCIONES%202011/0594.pdf HTTP/1.1" 200 195402
66.249.64.19 - - [19/Jul/2019:01:49:51 -0500] "GET /BLA/resoluciones/RESOLUCIONES%202009/3716.pdf HTTP/1.1" 200 56982
52.162.211.179 - - [19/Jul/2019:01:50:00 -0500] "GET /galeria/galeria/jquery.fancybox.js?v=2.1.5 HTTP/1.1" 200 48706
52.162.211.179 - - [19/Jul/2019:01:50:00 -0500] "GET /galeria/galeria/jquery.fancybox.css?v=2.1.5 HTTP/1.1" 200 4895
66.249.64.19 - - [19/Jul/2019:01:50:29 -0500] "GET /BLA/resoluciones/AUTOS%202009/2410.pdf HTTP/1.1" 200 101269
66.249.64.19 - - [19/Jul/2019:01:50:56 -0500] "GET /BLA/resoluciones/RESOLUCIONES%202009/4067.pdf HTTP/1.1" 200 746990
66.249.64.20 - - [19/Jul/2019:01:51:24 -0500] "GET /BLA/resoluciones/RESOLUCIONES%202009/1201.pdf HTTP/1.1" 200 459366
192.168.175.104 - - [19/Jul/2019:01:51:36 -0500] "GET / HTTP/1.1" 200 9990
69.162.124.233 - - [19/Jul/2019:01:51:48 -0500] "HEAD / HTTP/1.1" 200 -
66.249.64.19 - - [19/Jul/2019:01:51:51 -0500] "GET /BLA/resoluciones/AUTOS%202008/0508.pdf HTTP/1.1" 200 228264
192.168.175.104 - - [19/Jul/2019:01:52:14 -0500] "GET / HTTP/1.0" 200 9990
66.249.64.19 - - [19/Jul/2019:01:52:46 -0500] "GET /BLA/resoluciones/AUTOS%202009/0172.pdf HTTP/1.1" 200 187415
66.249.64.19 - - [19/Jul/2019:01:53:13 -0500] "GET /BLA/resoluciones/RESOLUCIONES%202012/0714.pdf HTTP/1.1" 200 283300
66.249.64.19 - - [19/Jul/2019:01:53:41 -0500] "GET /BLA/resoluciones/RESOLUCIONES%202009/4468.pdf HTTP/1.1" 200 533405
66.249.64.19 - - [19/Jul/2019:01:54:08 -0500] "GET /BLA/resoluciones/RESOLUCIONES%202007/RES%202007%201401%20AL%201500/RESOLUCION%201459%20%20DE%202007.pdf HTTP/1.1" 200 741076
95.24.2.120 - - [19/Jul/2019:01:54:35 -0500] "GET /BLA/boletinlegal/js/jquery.scrollShow.js HTTP/1.1" 200 4586
95.24.2.120 - - [19/Jul/2019:01:54:35 -0500] "GET /galeria/galeria/jquery.fancybox.js?v=2.1.5 HTTP/1.1" 200 48706
95.24.2.120 - - [19/Jul/2019:01:54:35 -0500] "GET /galeria/galeria/jquery.fancybox.css?v=2.1.5 HTTP/1.1" 200 4895
66.249.64.19 - - [19/Jul/2019:01:54:36 -0500] "GET /BLA/resoluciones/RESOLUCIONES%202009/6339.pdf HTTP/1.1" 200 519789
54.36.150.32 - - [19/Jul/2019:01:55:01 -0500] "GET /BLA/resoluciones/RESOLUCIONES%202005/RES%202005%201001-1050/00001034.tif HTTP/1.1" 200 102904
66.249.64.19 - - [19/Jul/2019:01:55:11 -0500] "GET /BLA/resoluciones/RESOLUCIONES%202009/1892.pdf HTTP/1.1" 200 550575
95.24.2.120 - - [19/Jul/2019:01:55:22 -0500] "GET /galeria/galeria/jquery.fancybox.css?v=2.1.5 HTTP/1.1" 200 4895
95.24.2.120 - - [19/Jul/2019:01:55:22 -0500] "GET /BLA/boletinlegal/js/jquery.scrollShow.js HTTP/1.1" 200 4586
95.24.2.120 - - [19/Jul/2019:01:55:22 -0500] "GET /galeria/galeria/jquery.fancybox.js?v=2.1.5 HTTP/1.1" 200 48706
66.249.64.20 - - [19/Jul/2019:01:55:25 -0500] "GET /BLA/resoluciones/RESOLUCIONES%202008/4389.pdf HTTP/1.1" 200 555998
66.249.64.23 - - [19/Jul/2019:01:55:30 -0500] "GET /BLA/resoluciones/AUTOS%202013/0830.pdf HTTP/1.1" 200 1941258
66.249.64.19 - - [19/Jul/2019:01:55:58 -0500] "GET /BLA/resoluciones/RESOLUCIONES%202010/3555.pdf HTTP/1.1" 200 551191
66.249.64.20 - - [19/Jul/2019:01:56:25 -0500] "GET /BLA/resoluciones/RESOLUCIONES%202010/2594.pdf HTTP/1.1" 200 473979
192.168.175.104 - - [19/Jul/2019:01:56:34 -0500] "GET / HTTP/1.1" 200 9990
69.162.124.233 - - [19/Jul/2019:01:56:49 -0500] "HEAD / HTTP/1.1" 200 -
66.249.64.19 - - [19/Jul/2019:01:56:53 -0500] "GET /BLA/resoluciones/AUTOS%202009/0354.pdf HTTP/1.1" 200 81660
192.168.175.104 - - [19/Jul/2019:01:57:12 -0500] "GET / HTTP/1.0" 200 9990
66.249.64.20 - - [19/Jul/2019:01:57:20 -0500] "GET /BLA/resoluciones/RESOLUCIONES%202010/3759.pdf HTTP/1.1" 200 662040
66.249.64.20 - - [19/Jul/2019:01:57:20 -0500] "GET /BLA/resoluciones/AUTOS%202009/0240.pdf HTTP/1.1" 200 127201
66.249.64.20 - - [19/Jul/2019:01:57:48 -0500] "GET /BLA/resoluciones/RESOLUCIONES%202010/5261.pdf HTTP/1.1" 200 349156
66.249.64.20 - - [19/Jul/2019:01:58:15 -0500] "GET /BLA/resoluciones/AUTOS%202014/0980.pdf HTTP/1.1" 200 147536
66.249.64.19 - - [19/Jul/2019:01:58:42 -0500] "GET /BLA/resoluciones/AUTOS%202009/2600.pdf HTTP/1.1" 200 77749
66.249.64.20 - - [19/Jul/2019:01:59:21 -0500] "GET /BLA/resoluciones/RESOLUCIONES%202009/0372.pdf HTTP/1.1" 200 206041
66.249.64.19 - - [19/Jul/2019:01:59:37 -0500] "GET /BLA/resoluciones/AUTOS%202015/4454.pdf HTTP/1.1" 200 306702
66.249.64.20 - - [19/Jul/2019:02:00:05 -0500] "GET /BLA/resoluciones/RESOLUCIONES%202012/1100.pdf HTTP/1.1" 200 555805
66.249.64.19 - - [19/Jul/2019:02:00:31 -0500] "GET /BLA/resoluciones/RESOLUCIONES%202009/5507.pdf HTTP/1.1" 200 487701
66.249.64.19 - - [19/Jul/2019:02:00:59 -0500] "GET /BLA/resoluciones/index.php?dir=RESOLUCIONES%202005/RES%202005%201201-1250/&sort=size&order=asc HTTP/1.1" 200 12369
66.249.64.19 - - [19/Jul/2019:02:01:03 -0500] "GET /BLA/resoluciones/RESOLUCIONES%202008/3113.pdf HTTP/1.1" 200 218309
192.168.175.104 - - [19/Jul/2019:02:01:32 -0500] "GET / HTTP/1.1" 200 9990
69.162.124.233 - - [19/Jul/2019:02:01:49 -0500] "HEAD / HTTP/1.1" 200 -
192.168.175.104 - - [19/Jul/2019:02:02:11 -0500] "GET / HTTP/1.0" 200 9990
66.249.64.19 - - [19/Jul/2019:02:02:22 -0500] "GET /BLA/resoluciones/AUTOS%202007/1565.pdf HTTP/1.1" 200 30054
194.114.62.88 - - [19/Jul/2019:02:03:25 -0500] "GET /BLA/boletinlegal/js/jquery.scrollShow.js HTTP/1.1" 200 4586
194.114.62.88 - - [19/Jul/2019:02:03:25 -0500] "GET /galeria/galeria/jquery.fancybox.js?v=2.1.5 HTTP/1.1" 200 48706
194.114.62.88 - - [19/Jul/2019:02:03:26 -0500] "GET /galeria/galeria/jquery.fancybox.css?v=2.1.5 HTTP/1.1" 200 4895
194.114.62.88 - - [19/Jul/2019:02:03:33 -0500] "GET /galeria/galeria/jquery.fancybox.js?v=2.1.5 HTTP/1.1" 200 48706
194.114.62.88 - - [19/Jul/2019:02:03:33 -0500] "GET /BLA/boletinlegal/js/jquery.scrollShow.js HTTP/1.1" 200 4586
194.114.62.88 - - [19/Jul/2019:02:03:33 -0500] "GET /galeria/galeria/jquery.fancybox.css?v=2.1.5 HTTP/1.1" 200 4895
194.114.62.88 - - [19/Jul/2019:02:03:48 -0500] "GET /inicio/ HTTP/1.1" 404 1335
66.249.64.28 - - [19/Jul/2019:02:04:11 -0500] "GET /Autoliquidacion/index.php?dir=TR%C3%20MITES%20AGUAS%20SUBTERR%C3%20NEAS/&sort=size&order=asc HTTP/1.1" 200 6619
66.249.64.19 - - [19/Jul/2019:02:04:14 -0500] "GET /BLA/resoluciones/AUTOS%202007/3543.pdf HTTP/1.1" 200 72962
194.114.62.88 - - [19/Jul/2019:02:04:57 -0500] "GET /BLA/boletinlegal/js/jquery.scrollShow.js HTTP/1.1" 200 4586
194.114.62.88 - - [19/Jul/2019:02:04:57 -0500] "GET /galeria/galeria/jquery.fancybox.js?v=2.1.5 HTTP/1.1" 200 48706
194.114.62.88 - - [19/Jul/2019:02:04:57 -0500] "GET /galeria/galeria/jquery.fancybox.css?v=2.1.5 HTTP/1.1" 200 4895
66.249.64.19 - - [19/Jul/2019:02:05:06 -0500] "GET /BLA/resoluciones/AUTOS%202008/3445.pdf HTTP/1.1" 200 107785
66.249.64.19 - - [19/Jul/2019:02:05:27 -0500] "GET /BLA/resoluciones/RESOLUCIONES%202009/2833.pdf HTTP/1.1" 200 481383
74.82.60.182 - - [19/Jul/2019:02:05:34 -0500] "GET /galeria/galeria/jquery.fancybox.css?v=2.1.5 HTTP/1.1" 200 4895
74.82.60.182 - - [19/Jul/2019:02:05:36 -0500] "GET /BLA/boletinlegal/js/jquery.scrollShow.js HTTP/1.1" 200 4586
74.82.60.182 - - [19/Jul/2019:02:05:40 -0500] "GET /galeria/galeria/jquery.fancybox.js?v=2.1.5 HTTP/1.1" 200 48706
66.249.64.20 - - [19/Jul/2019:02:05:43 -0500] "GET /BLA/resoluciones/RESOLUCIONES%202009/0925.pdf HTTP/1.1" 200 602631
66.249.64.20 - - [19/Jul/2019:02:05:51 -0500] "GET /BLA/resoluciones/RESOLUCIONES%202009/5543.pdf HTTP/1.1" 200 499571
192.168.175.104 - - [19/Jul/2019:02:06:30 -0500] "GET / HTTP/1.1" 200 9990
69.162.124.233 - - [19/Jul/2019:02:06:49 -0500] "HEAD / HTTP/1.1" 200 -
66.249.64.19 - - [19/Jul/2019:02:06:56 -0500] "GET /BLA/resoluciones/RESOLUCIONES%202012/1848.pdf HTTP/1.1" 200 534833
66.102.6.77 - - [19/Jul/2019:02:06:57 -0500] "-" 408 -
66.102.6.79 - - [19/Jul/2019:02:06:57 -0500] "-" 408 -
66.102.6.79 - - [19/Jul/2019:02:06:57 -0500] "-" 408 -
192.168.175.104 - - [19/Jul/2019:02:07:10 -0500] "GET / HTTP/1.0" 200 9990
66.249.64.20 - - [19/Jul/2019:02:07:51 -0500] "GET /BLA/resoluciones/AUTOS%202009/0078.pdf HTTP/1.1" 200 93482
66.249.64.20 - - [19/Jul/2019:02:08:18 -0500] "GET /BLA/resoluciones/RESOLUCIONES%202009/1841.pdf HTTP/1.1" 200 437047
66.249.64.19 - - [19/Jul/2019:02:09:13 -0500] "GET /autoliquidacion/Permiso%20de%20ocupaci%C3%B3n%20de%20cauce/126pm04-pr36-f-1%20solicitud%20de%20permiso%20de%20ocupacion%20de%20cauce%20y%20lista%20de%20chequeo%20V08.xls HTTP/1.1" 304 -
201.245.192.253 - - [19/Jul/2019:02:08:33 -0500] "POST /kwsrmcab/Wsrmcab HTTP/1.1" 200 30356
201.245.192.253 - - [19/Jul/2019:02:08:28 -0500] "POST /kwsrmcab/Wsrmcab HTTP/1.1" 200 30356
201.245.192.253 - - [19/Jul/2019:02:09:30 -0500] "POST /kwsrmcab/Wsrmcab HTTP/1.1" 200 29929
201.245.192.253 - - [19/Jul/2019:02:09:28 -0500] "POST /kwsrmcab/Wsrmcab HTTP/1.1" 200 29929
66.249.64.20 - - [19/Jul/2019:02:10:08 -0500] "GET /BLA/resoluciones/AUTOS%202017/3006.pdf HTTP/1.1" 200 390739
66.249.88.123 - - [19/Jul/2019:02:10:23 -0500] "GET /BLA/boletinlegal/js/jquery.scrollShow.js HTTP/1.1" 200 4586
66.249.88.123 - - [19/Jul/2019:02:10:23 -0500] "GET /galeria/galeria/jquery.fancybox.js?v=2.1.5 HTTP/1.1" 200 48706
66.249.88.123 - - [19/Jul/2019:02:10:23 -0500] "GET /galeria/galeria/jquery.fancybox.css?v=2.1.5 HTTP/1.1" 200 4895
35.225.96.61 - - [19/Jul/2019:02:10:54 -0500] "GET /galeria/galeria/jquery.fancybox.css?v=2.1.5 HTTP/1.1" 200 4895
192.168.175.104 - - [19/Jul/2019:02:11:28 -0500] "GET / HTTP/1.1" 200 9990
66.249.64.20 - - [19/Jul/2019:02:11:30 -0500] "GET /resoluciones/RESOLUCIONES%202007/RES%202007%20701%20AL%20800/RESOLUCION%200705%20DE%202007.pdf HTTP/1.1" 404 1018
69.162.124.233 - - [19/Jul/2019:02:11:48 -0500] "HEAD / HTTP/1.1" 200 -
66.249.64.20 - - [19/Jul/2019:02:11:57 -0500] "GET /BLA/resoluciones/AUTOS%202017/4015.pdf HTTP/1.1" 200 388246
46.229.168.152 - - [19/Jul/2019:02:12:08 -0500] "GET /Autoliquidacion/index.php?dir=TR%C3%83%C2%83%C3%82%C2%83%C3%83%C2%82%C3%82%C2%83%C3%83%C2%83%C3%82%C2%82%C3%83%C2%82%C3%82%C2%83%C3%83%C2%83%C3%82%C2%83%C3%83%C2%82%C3%82%C2%82%C3%83%C2%83%C3%82%C2%82%C3%83%C2%82%C3%82%C2%81MITES%2BVERTIMIENTOS%2F&order=desc&sort=size HTTP/1.1" 200 6783
192.168.175.104 - - [19/Jul/2019:02:12:08 -0500] "GET / HTTP/1.0" 200 9990
66.249.64.20 - - [19/Jul/2019:02:12:52 -0500] "GET /BLA/resoluciones/RESOLUCIONES%202009/0841.pdf HTTP/1.1" 200 321523
66.249.64.20 - - [19/Jul/2019:02:13:26 -0500] "GET /BLA/resoluciones/AUTOS%202013/0031.pdf HTTP/1.1" 200 1863210
66.249.64.19 - - [19/Jul/2019:02:13:47 -0500] "GET /BLA/resoluciones/index.php?dir=RESOLUCIONES+2004%2FRES+2004+201-250%2F HTTP/1.1" 200 12050
66.249.64.20 - - [19/Jul/2019:02:14:14 -0500] "GET /BLA/resoluciones/AUTOS%202007/2954.pdf HTTP/1.1" 200 76787
38.99.62.94 - - [19/Jul/2019:02:14:27 -0500] "GET / HTTP/1.1" 200 9990
181.55.170.162 - - [19/Jul/2019:02:14:31 -0500] "GET /galeria/galeria/fotos/GuaymaralTorca2G.jpg HTTP/1.1" 200 352295
181.55.170.162 - - [19/Jul/2019:02:14:33 -0500] "GET /galeria/galeria/fotos/juan-amarillo3G.jpg HTTP/1.1" 200 328975
66.249.64.19 - - [19/Jul/2019:02:15:09 -0500] "GET /BLA/resoluciones/RESOLUCIONES%202013/0646.pdf HTTP/1.1" 200 408138
192.168.175.104 - - [19/Jul/2019:02:16:27 -0500] "GET / HTTP/1.1" 200 9990
66.249.64.19 - - [19/Jul/2019:02:16:31 -0500] "GET /BLA/resoluciones/AUTOS%202009/2190.pdf HTTP/1.1" 200 114002
69.162.124.233 - - [19/Jul/2019:02:16:49 -0500] "HEAD / HTTP/1.1" 200 -
192.168.175.104 - - [19/Jul/2019:02:17:06 -0500] "GET / HTTP/1.0" 200 9990
66.249.64.20 - - [19/Jul/2019:02:17:26 -0500] "GET /BLA/resoluciones/RESOLUCIONES%202009/3867.pdf HTTP/1.1" 200 1233173
208.80.194.29 - - [19/Jul/2019:02:17:42 -0500] "GET /galeria/nivo-slider/demo/demo.html HTTP/1.0" 200 4594
66.249.64.19 - - [19/Jul/2019:02:17:54 -0500] "GET /BLA/resoluciones/AUTOS%202014/4159.pdf HTTP/1.1" 200 383301
66.249.64.20 - - [19/Jul/2019:02:19:16 -0500] "GET /BLA/resoluciones/RESOLUCIONES%202007/RES%202007%204101%20AL%204200/RESOLUCION%204121%20DE%202007.pdf HTTP/1.1" 200 195226
201.245.192.253 - - [19/Jul/2019:02:18:33 -0500] "POST /kwsrmcab/Wsrmcab HTTP/1.1" 200 30356
201.245.192.253 - - [19/Jul/2019:02:18:28 -0500] "POST /kwsrmcab/Wsrmcab HTTP/1.1" 200 30356
66.249.64.19 - - [19/Jul/2019:02:20:38 -0500] "GET /BLA/resoluciones/RESOLUCIONES%202009/9777.pdf HTTP/1.1" 200 240797
192.168.175.104 - - [19/Jul/2019:02:21:25 -0500] "GET / HTTP/1.1" 200 9990
66.249.64.19 - - [19/Jul/2019:02:21:33 -0500] "GET /BLA/resoluciones/AUTOS%202015/4743.pdf HTTP/1.1" 200 229887
69.162.124.233 - - [19/Jul/2019:02:21:48 -0500] "HEAD / HTTP/1.1" 200 -
66.249.64.19 - - [19/Jul/2019:02:21:51 -0500] "GET /BLA/resoluciones/RESOLUCIONES%202008/3795.pdf HTTP/1.1" 200 228061
66.249.64.19 - - [19/Jul/2019:02:22:00 -0500] "GET /BLA/resoluciones/RESOLUCIONES%202007/RES%202007%201601%20AL%201725/RESOLUCION%201617%20DE%202007.pdf HTTP/1.1" 200 450798
192.168.175.104 - - [19/Jul/2019:02:22:04 -0500] "GET / HTTP/1.0" 200 9990
66.249.64.19 - - [19/Jul/2019:02:23:50 -0500] "GET /BLA/resoluciones/RESOLUCIONES%202009/3330.pdf HTTP/1.1" 200 705640
66.249.64.19 - - [19/Jul/2019:02:24:17 -0500] "GET /BLA/resoluciones/AUTOS%202015/6858.pdf HTTP/1.1" 200 554336
213.239.206.90 - - [19/Jul/2019:02:24:56 -0500] "GET /robots.txt HTTP/1.1" 404 1043
213.239.206.90 - - [19/Jul/2019:02:24:58 -0500] "GET / HTTP/1.1" 200 9990
40.77.167.89 - - [19/Jul/2019:02:25:06 -0500] "GET /galeria/galeria/fotos/Pacto_Madera7G.jpg HTTP/1.1" 200 75209
66.249.64.19 - - [19/Jul/2019:02:25:12 -0500] "GET /BLA/resoluciones/index.php?dir=RESOLUCIONES%202005/RES%202005%202901-2950/&sort=size&order=asc HTTP/1.1" 200 12331
40.77.167.111 - - [19/Jul/2019:02:25:42 -0500] "GET /BLA/boletinlegal/Circulares/2009/Circular%20No.%2035%20del%2024%20de%20Diciembre%20de%202009.pdf HTTP/1.1" 304 -
192.168.175.104 - - [19/Jul/2019:02:26:23 -0500] "GET / HTTP/1.1" 200 9990
66.249.64.20 - - [19/Jul/2019:02:26:35 -0500] "GET /BLA/resoluciones/RESOLUCIONES%202007/RES%202007%20501%20AL%20600/RESOLUCION%200558%20DE%202007.pdf HTTP/1.1" 200 1599395
69.162.124.233 - - [19/Jul/2019:02:26:48 -0500] "HEAD / HTTP/1.1" 200 -
192.168.175.104 - - [19/Jul/2019:02:27:03 -0500] "GET / HTTP/1.0" 200 9990
66.249.64.19 - - [19/Jul/2019:02:27:29 -0500] "GET /BLA/resoluciones/RESOLUCIONES%202010/0110.pdf HTTP/1.1" 304 -
66.249.64.19 - - [19/Jul/2019:02:27:57 -0500] "GET /BLA/resoluciones/AUTOS%202007/0575.pdf HTTP/1.1" 200 22662
66.249.64.19 - - [19/Jul/2019:02:28:34 -0500] "GET /BLA/resoluciones/RESOLUCIONES%202007/RES%202007%20101%20AL%20200/RESOLUCION%200162%20DE%202007.pdf HTTP/1.1" 304 -
66.249.64.19 - - [19/Jul/2019:02:28:51 -0500] "GET /BLA/resoluciones/AUTOS%202009/2781.pdf HTTP/1.1" 200 88313
66.249.64.19 - - [19/Jul/2019:02:29:19 -0500] "GET /BLA/resoluciones/RESOLUCIONES%202010/4570.pdf HTTP/1.1" 200 1230049
201.245.192.253 - - [19/Jul/2019:02:28:28 -0500] "POST /kwsrmcab/Wsrmcab HTTP/1.1" 200 30356
201.245.192.253 - - [19/Jul/2019:02:28:33 -0500] "POST /kwsrmcab/Wsrmcab HTTP/1.1" 200 30356
152.61.192.232 - - [19/Jul/2019:02:29:35 -0500] "GET / HTTP/1.1" 200 9990
152.61.192.232 - - [19/Jul/2019:02:29:35 -0500] "GET /arcgis/services/Calidad_del_Agua_WQI/MapServer/WMSServer?request=GetCapabilities&service=WMS HTTP/1.1" 503 1020
152.61.192.232 - - [19/Jul/2019:02:29:56 -0500] "GET /arcgis/services/Calidad_del_Agua_WQI/MapServer/WMSServer?SERVICE=WMS&REQUEST=GetCapabilities HTTP/1.1" 503 1020
152.61.192.232 - - [19/Jul/2019:02:29:57 -0500] "GET /arcgis/services/Calidad_del_Agua_WQI/MapServer/WMSServer?WMTVER=1.0.0&REQUEST=capabilities HTTP/1.1" 503 1020
66.249.64.19 - - [19/Jul/2019:02:30:14 -0500] "GET /BLA/resoluciones/RESOLUCIONES%202010/3451.pdf HTTP/1.1" 200 738345
66.249.64.19 - - [19/Jul/2019:02:30:41 -0500] "GET /BLA/resoluciones/RESOLUCIONES%202010/7091.pdf HTTP/1.1" 200 267681
20.36.244.102 - - [19/Jul/2019:02:30:57 -0500] "GET /noticias/rssambiente.php HTTP/1.1" 200 11508
66.249.64.19 - - [19/Jul/2019:02:31:08 -0500] "GET /BLA/resoluciones/AUTOS%202007/1135.pdf HTTP/1.1" 200 25100
192.168.175.104 - - [19/Jul/2019:02:31:21 -0500] "GET / HTTP/1.1" 200 9990
66.249.64.19 - - [19/Jul/2019:02:31:39 -0500] "GET /BLA/resoluciones/RESOLUCIONES%202009/0911.pdf HTTP/1.1" 200 361746
181.51.32.52 - - [19/Jul/2019:02:31:47 -0500] "GET /galeria/galeria/jquery.fancybox.css?v=2.1.5 HTTP/1.1" 200 4895
181.51.32.52 - - [19/Jul/2019:02:31:48 -0500] "GET /BLA/boletinlegal/js/jquery.scrollShow.js HTTP/1.1" 200 4586
181.51.32.52 - - [19/Jul/2019:02:31:48 -0500] "GET /galeria/galeria/jquery.fancybox.js?v=2.1.5 HTTP/1.1" 200 48706
69.162.124.233 - - [19/Jul/2019:02:31:48 -0500] "HEAD / HTTP/1.1" 200 -
192.168.175.104 - - [19/Jul/2019:02:32:01 -0500] "GET / HTTP/1.0" 200 9990
40.77.167.89 - - [19/Jul/2019:02:32:03 -0500] "GET /galeria/galeria/fotos/2CaminataG6.jpg HTTP/1.1" 200 148114
66.249.64.19 - - [19/Jul/2019:02:32:03 -0500] "GET /BLA/resoluciones/RESOLUCIONES%202009/5109.pdf HTTP/1.1" 200 1161792
58.49.195.130 - - [19/Jul/2019:02:32:11 -0500] "-" 408 -
66.249.64.19 - - [19/Jul/2019:02:32:31 -0500] "GET /BLA/resoluciones/RESOLUCIONES%202009/0277.pdf HTTP/1.1" 200 44533
66.249.64.19 - - [19/Jul/2019:02:32:31 -0500] "GET /BLA/resoluciones/RESOLUCIONES%202009/4116.pdf HTTP/1.1" 200 673048
66.249.64.20 - - [19/Jul/2019:02:32:58 -0500] "GET /BLA/resoluciones/AUTOS%202007/1603.pdf HTTP/1.1" 200 53114
66.249.64.19 - - [19/Jul/2019:02:34:20 -0500] "GET /BLA/resoluciones/AUTOS%202009/2936.pdf HTTP/1.1" 200 160343
207.46.13.233 - - [19/Jul/2019:02:34:16 -0500] "GET /portalsiaccapacitaciones/Soportes%20Capacitaciones%202017/Huella%20de%20carbono%20PIGA.pdf HTTP/1.1" 200 9776525
157.55.39.235 - - [19/Jul/2019:02:35:58 -0500] "GET /BLA/boletinlegal/Circulares/2011/Circular%20No.%207%20del%2023%20de%20Diciembre%20de%202011.pdf HTTP/1.1" 200 1107785
186.113.96.98 - - [19/Jul/2019:02:35:59 -0500] "GET /galeria/galeria/jquery.fancybox.css?v=2.1.5 HTTP/1.1" 200 4895
186.113.96.98 - - [19/Jul/2019:02:35:59 -0500] "GET /BLA/boletinlegal/js/jquery.scrollShow.js HTTP/1.1" 200 4586
186.113.96.98 - - [19/Jul/2019:02:35:59 -0500] "GET /galeria/galeria/jquery.fancybox.js?v=2.1.5 HTTP/1.1" 200 48706
192.168.175.104 - - [19/Jul/2019:02:36:19 -0500] "GET / HTTP/1.1" 200 9990
54.36.150.165 - - [19/Jul/2019:02:36:35 -0500] "GET /_private/ts47.htm HTTP/1.1" 404 1019
69.162.124.233 - - [19/Jul/2019:02:36:48 -0500] "HEAD / HTTP/1.1" 200 -
192.168.175.104 - - [19/Jul/2019:02:36:59 -0500] "GET / HTTP/1.0" 200 9990
66.249.64.20 - - [19/Jul/2019:02:38:00 -0500] "GET /BLA/resoluciones/AUTOS%202015/0698.pdf HTTP/1.1" 200 600002
66.249.64.20 - - [19/Jul/2019:02:37:51 -0500] "GET /isolucionsda/FrameSetArticulo.asp?Pagina=/isolucionsda/bancoconocimiento/I/InformedeVisitaTecnica_v3/InformedeVisitaTecnica_v3.asp?IdArticulo=1832 HTTP/1.1" 503 1020
66.249.64.19 - - [19/Jul/2019:02:38:27 -0500] "GET /BLA/resoluciones/RESOLUCIONES%202010/0434.pdf HTTP/1.1" 200 482261
40.77.167.111 - - [19/Jul/2019:02:39:08 -0500] "GET /videos/?C=M;O=A HTTP/1.1" 200 51095
66.249.64.20 - - [19/Jul/2019:02:39:49 -0500] "GET /BLA/resoluciones/AUTOS%202007/1340.pdf HTTP/1.1" 200 35769
207.46.13.11 - - [19/Jul/2019:02:40:04 -0500] "GET /POT-2013/Cartografia/23_Sistema%20de%20Energia_FEB.pdf HTTP/1.1" 200 4904909
66.249.64.19 - - [19/Jul/2019:02:40:17 -0500] "GET /BLA/resoluciones/RESOLUCIONES%202009/4615.pdf HTTP/1.1" 200 646415
54.36.150.74 - - [19/Jul/2019:02:40:53 -0500] "GET /BLA/resoluciones/RESOLUCIONES%202005/RES%202005%202801-2850/00002816.tif HTTP/1.1" 200 171850
192.168.175.104 - - [19/Jul/2019:02:41:17 -0500] "GET / HTTP/1.1" 200 9990
69.162.124.233 - - [19/Jul/2019:02:41:48 -0500] "HEAD / HTTP/1.1" 200 -
192.168.175.104 - - [19/Jul/2019:02:41:57 -0500] "GET / HTTP/1.0" 200 9990
58.49.195.130 - - [19/Jul/2019:02:42:22 -0500] "-" 408 -
66.249.64.19 - - [19/Jul/2019:02:42:34 -0500] "GET /BLA/resoluciones/AUTOS%202009/0636.pdf HTTP/1.1" 200 90100
52.162.211.179 - - [19/Jul/2019:02:43:04 -0500] "GET /BLA/boletinlegal/js/jquery.scrollShow.js HTTP/1.1" 200 4586
52.162.211.179 - - [19/Jul/2019:02:43:04 -0500] "GET /galeria/galeria/jquery.fancybox.js?v=2.1.5 HTTP/1.1" 200 48706
52.162.211.179 - - [19/Jul/2019:02:43:04 -0500] "GET /galeria/galeria/jquery.fancybox.css?v=2.1.5 HTTP/1.1" 200 4895
66.249.64.19 - - [19/Jul/2019:02:43:11 -0500] "GET /BLA/resoluciones/RESOLUCIONES%202009/4742.pdf HTTP/1.1" 200 625975
52.162.211.179 - - [19/Jul/2019:02:43:13 -0500] "GET /BLA/boletinlegal/js/jquery.scrollShow.js HTTP/1.1" 200 4586
52.162.211.179 - - [19/Jul/2019:02:43:13 -0500] "GET /galeria/galeria/jquery.fancybox.js?v=2.1.5 HTTP/1.1" 200 48706
52.162.211.179 - - [19/Jul/2019:02:43:14 -0500] "GET /galeria/galeria/jquery.fancybox.css?v=2.1.5 HTTP/1.1" 200 4895
66.102.6.49 - - [19/Jul/2019:02:43:23 -0500] "GET / HTTP/1.1" 200 9990
66.102.6.47 - - [19/Jul/2019:02:43:24 -0500] "GET /favicon.ico HTTP/1.1" 200 7782
66.249.64.19 - - [19/Jul/2019:02:44:23 -0500] "GET /BLA/resoluciones/RESOLUCIONES%202012/0723.pdf HTTP/1.1" 200 377181
66.249.64.19 - - [19/Jul/2019:02:45:18 -0500] "GET /BLA/resoluciones/AUTOS%202009/2848.pdf HTTP/1.1" 200 89217
66.249.64.19 - - [19/Jul/2019:02:45:46 -0500] "GET /BLA/resoluciones/RESOLUCIONES%202010/5623.pdf HTTP/1.1" 200 2764946
66.249.64.20 - - [19/Jul/2019:02:46:13 -0500] "GET /sig/index.php?dir=ECS/&sort=size&order=asc HTTP/1.1" 200 16570
192.168.175.104 - - [19/Jul/2019:02:46:16 -0500] "GET / HTTP/1.1" 200 9990
216.244.66.195 - - [19/Jul/2019:02:46:32 -0500] "GET /robots.txt HTTP/1.1" 404 1018
69.162.124.233 - - [19/Jul/2019:02:46:48 -0500] "HEAD / HTTP/1.1" 200 -
192.168.175.104 - - [19/Jul/2019:02:46:56 -0500] "GET / HTTP/1.0" 200 9990
54.36.148.10 - - [19/Jul/2019:02:47:04 -0500] "GET /BLA/resoluciones/RESOLUCIONES%202005/RES%202005%202901-2950/00002934.tif HTTP/1.1" 200 36898
66.249.64.20 - - [19/Jul/2019:02:47:35 -0500] "GET /BLA/resoluciones/AUTOS%202012/0122.pdf HTTP/1.1" 200 621138
66.249.64.20 - - [19/Jul/2019:02:48:03 -0500] "GET /BLA/resoluciones/RESOLUCIONES%202013/0693.pdf HTTP/1.1" 304 -
66.249.64.19 - - [19/Jul/2019:02:48:31 -0500] "GET /BLA/resoluciones/RESOLUCIONES%202009/1899.pdf HTTP/1.1" 200 703573
66.249.64.19 - - [19/Jul/2019:02:48:57 -0500] "GET /BLA/resoluciones/RESOLUCIONES%202014/3874.pdf HTTP/1.1" 200 508473
66.249.64.20 - - [19/Jul/2019:02:49:25 -0500] "GET /Caja%20Herramientas%20PIGA/Doc%20SPPA/Gu%C3%ADa%20Huella%20de%20Carbono.pdf HTTP/1.1" 304 -
66.249.64.20 - - [19/Jul/2019:02:49:52 -0500] "GET /BLA/resoluciones/RESOLUCIONES%202019/0383.pdf HTTP/1.1" 304 -
46.229.168.132 - - [19/Jul/2019:02:50:20 -0500] "GET /robots.txt HTTP/1.1" 404 1019
46.229.168.154 - - [19/Jul/2019:02:50:20 -0500] "GET /POT-2013/index.php?dir=Articulado%2F&order=asc&sort=size HTTP/1.1" 200 1857
192.168.175.104 - - [19/Jul/2019:02:51:14 -0500] "GET / HTTP/1.1" 200 9990
69.162.124.233 - - [19/Jul/2019:02:51:48 -0500] "HEAD / HTTP/1.1" 200 -
192.168.175.104 - - [19/Jul/2019:02:51:54 -0500] "GET / HTTP/1.0" 200 9990
66.249.64.19 - - [19/Jul/2019:02:53:04 -0500] "GET /BLA/resoluciones/RESOLUCIONES%202014/1446.pdf HTTP/1.1" 200 810040
66.249.64.19 - - [19/Jul/2019:02:53:51 -0500] "GET /BLA/resoluciones/RESOLUCIONES%202009/3744.pdf HTTP/1.1" 200 428599
66.249.64.19 - - [19/Jul/2019:02:53:59 -0500] "GET /BLA/resoluciones/RESOLUCIONES%202011/0701.pdf HTTP/1.1" 200 78614
190.144.220.228 - - [19/Jul/2019:02:54:12 -0500] "GET /galeria/galeria/jquery.fancybox.css?v=2.1.5 HTTP/1.1" 200 4895
190.144.220.228 - - [19/Jul/2019:02:54:12 -0500] "GET /BLA/boletinlegal/js/jquery.scrollShow.js HTTP/1.1" 200 4586
190.144.220.228 - - [19/Jul/2019:02:54:12 -0500] "GET /galeria/galeria/jquery.fancybox.js?v=2.1.5 HTTP/1.1" 200 48706
66.249.64.19 - - [19/Jul/2019:02:54:26 -0500] "GET /BLA/resoluciones/index.php?dir=RESOLUCIONES+2005%2FRES+2005+2551-2600%2F HTTP/1.1" 200 12367
66.249.64.19 - - [19/Jul/2019:02:54:54 -0500] "GET /BLA/resoluciones/RESOLUCIONES%202009/6923.pdf HTTP/1.1" 200 53402
93.146.192.154 - - [19/Jul/2019:02:54:58 -0500] "GET /BLA/boletinlegal/js/jquery.scrollShow.js HTTP/1.1" 200 4586
93.146.192.154 - - [19/Jul/2019:02:54:58 -0500] "GET /galeria/galeria/jquery.fancybox.css?v=2.1.5 HTTP/1.1" 200 4895
93.146.192.154 - - [19/Jul/2019:02:54:58 -0500] "GET /galeria/galeria/jquery.fancybox.js?v=2.1.5 HTTP/1.1" 200 48706
66.249.64.20 - - [19/Jul/2019:02:55:21 -0500] "GET /BLA/resoluciones/RESOLUCIONES%202006/RES%202006%201051-1100/INDEX.DAT HTTP/1.1" 200 2000
192.168.175.104 - - [19/Jul/2019:02:56:12 -0500] "GET / HTTP/1.1" 200 9990
66.249.64.19 - - [19/Jul/2019:02:56:16 -0500] "GET /BLA/resoluciones/RESOLUCIONES%202008/4841.pdf HTTP/1.1" 200 82971
69.162.124.233 - - [19/Jul/2019:02:56:48 -0500] "HEAD / HTTP/1.1" 200 -
192.168.175.104 - - [19/Jul/2019:02:56:52 -0500] "GET / HTTP/1.0" 200 9990
40.77.167.89 - - [19/Jul/2019:02:57:24 -0500] "GET /BLA/boletinlegal/actas/079-2013.pdf HTTP/1.1" 200 1500109
66.249.64.20 - - [19/Jul/2019:02:58:06 -0500] "GET /BLA/resoluciones/RESOLUCIONES%202011/0157.pdf HTTP/1.1" 200 275643
66.249.64.19 - - [19/Jul/2019:02:58:33 -0500] "GET /BLA/resoluciones/AUTOS%202011/2876.pdf HTTP/1.1" 200 151097
66.249.64.19 - - [19/Jul/2019:02:59:11 -0500] "GET /BLA/resoluciones/RESOLUCIONES%202009/6291.pdf HTTP/1.1" 200 373460
66.249.64.20 - - [19/Jul/2019:02:59:55 -0500] "GET /BLA/resoluciones/AUTOS%202017/2282.pdf HTTP/1.1" 304 -
192.168.175.104 - - [19/Jul/2019:03:01:11 -0500] "GET / HTTP/1.1" 200 9990
69.162.124.233 - - [19/Jul/2019:03:01:48 -0500] "HEAD / HTTP/1.1" 200 -
192.168.175.104 - - [19/Jul/2019:03:01:50 -0500] "GET / HTTP/1.0" 200 9990
66.249.64.19 - - [19/Jul/2019:03:02:12 -0500] "GET /BLA/resoluciones/RESOLUCIONES%202009/5507.pdf HTTP/1.1" 200 487701
181.53.239.113 - - [19/Jul/2019:03:02:18 -0500] "GET /galeria/galeria/jquery.fancybox.css?v=2.1.5 HTTP/1.1" 200 4895
181.53.239.113 - - [19/Jul/2019:03:02:18 -0500] "GET /BLA/boletinlegal/js/jquery.scrollShow.js HTTP/1.1" 200 4586
181.53.239.113 - - [19/Jul/2019:03:02:18 -0500] "GET /galeria/galeria/jquery.fancybox.js?v=2.1.5 HTTP/1.1" 200 48706
66.249.64.19 - - [19/Jul/2019:03:02:40 -0500] "GET /BLA/resoluciones/Notificaciones/AUTOS%202017/05039.pdf HTTP/1.1" 200 848509
66.249.64.20 - - [19/Jul/2019:03:03:07 -0500] "GET /BLA/resoluciones/RESOLUCIONES%202009/1457.pdf HTTP/1.1" 200 605606
66.249.64.19 - - [19/Jul/2019:03:03:35 -0500] "GET /BLA/resoluciones/RESOLUCIONES%202009/3486.pdf HTTP/1.1" 200 687365
54.36.150.133 - - [19/Jul/2019:03:04:16 -0500] "GET /BLA/resoluciones/RESOLUCIONES%202002/RES%202002%20801-850/00000850.tif HTTP/1.1" 200 96546
66.249.64.19 - - [19/Jul/2019:03:04:29 -0500] "GET /BLA/resoluciones/RESOLUCIONES%202009/3314.pdf HTTP/1.1" 200 619071
66.249.64.19 - - [19/Jul/2019:03:04:31 -0500] "GET /BLA/resoluciones/RESOLUCIONES%202009/6115.pdf HTTP/1.1" 200 636353
66.249.64.19 - - [19/Jul/2019:03:04:57 -0500] "GET /BLA/resoluciones/AUTOS%202007/2396.pdf HTTP/1.1" 200 82012
66.249.64.19 - - [19/Jul/2019:03:05:52 -0500] "GET /BLA/resoluciones/Notificaciones/AUTOS%202017/04141.pdf HTTP/1.1" 200 329462
192.168.175.104 - - [19/Jul/2019:03:06:10 -0500] "GET / HTTP/1.1" 200 9990
66.249.64.20 - - [19/Jul/2019:03:06:19 -0500] "GET /BLA/resoluciones/AUTOS%202009/3142.pdf HTTP/1.1" 200 133841
66.249.64.20 - - [19/Jul/2019:03:06:46 -0500] "GET /BLA/resoluciones/RESOLUCIONES%202009/1416.pdf HTTP/1.1" 200 450922
192.168.175.104 - - [19/Jul/2019:03:06:48 -0500] "GET / HTTP/1.0" 200 9990
69.162.124.233 - - [19/Jul/2019:03:06:48 -0500] "HEAD / HTTP/1.1" 200 -
179.0.146.16 - - [19/Jul/2019:03:07:08 -0500] "GET /galeria/nivo-slider/demo/images/Banner%20servicios.jpg HTTP/1.1" 304 -
66.249.64.20 - - [19/Jul/2019:03:07:14 -0500] "GET /BLA/resoluciones/AUTOS%202009/1339.pdf HTTP/1.1" 200 95293
54.36.149.70 - - [19/Jul/2019:03:07:35 -0500] "GET /BLA/resoluciones/RESOLUCIONES%202003/RES%202003%201051-1100/1098.tif HTTP/1.1" 200 182812
66.249.64.19 - - [19/Jul/2019:03:07:41 -0500] "GET /BLA/resoluciones/AUTOS%202009/0606.pdf HTTP/1.1" 200 126366
66.249.88.127 - - [19/Jul/2019:03:07:53 -0500] "GET /BLA/boletinlegal/js/jquery.scrollShow.js HTTP/1.1" 200 4586
66.249.88.123 - - [19/Jul/2019:03:07:53 -0500] "GET /galeria/galeria/jquery.fancybox.js?v=2.1.5 HTTP/1.1" 200 48706
66.249.88.123 - - [19/Jul/2019:03:07:53 -0500] "GET /galeria/galeria/jquery.fancybox.css?v=2.1.5 HTTP/1.1" 200 4895
66.249.64.19 - - [19/Jul/2019:03:08:09 -0500] "GET /BLA/resoluciones/RESOLUCIONES%202009/5124.pdf HTTP/1.1" 200 641812
66.249.64.19 - - [19/Jul/2019:03:08:36 -0500] "GET /BLA/resoluciones/RESOLUCIONES%202009/0497.pdf HTTP/1.1" 200 204256
201.245.192.253 - - [19/Jul/2019:03:08:28 -0500] "POST /kwsrmcab/Wsrmcab HTTP/1.1" 200 30344
201.245.192.253 - - [19/Jul/2019:03:08:33 -0500] "POST /kwsrmcab/Wsrmcab HTTP/1.1" 200 30344
201.245.192.253 - - [19/Jul/2019:03:09:06 -0500] "POST /kwsrmcab/Wsrmcab HTTP/1.1" 200 29774
201.245.192.253 - - [19/Jul/2019:03:09:08 -0500] "POST /kwsrmcab/Wsrmcab HTTP/1.1" 200 29774
66.249.64.19 - - [19/Jul/2019:03:09:51 -0500] "GET /BLA/resoluciones/RESOLUCIONES%202009/3398.pdf HTTP/1.1" 200 492227
66.249.64.19 - - [19/Jul/2019:03:10:26 -0500] "GET /BLA/resoluciones/RESOLUCIONES%202009/3770.pdf HTTP/1.1" 200 63340
178.121.53.150 - - [19/Jul/2019:03:10:34 -0500] "GET /BLA/resoluciones/AUTOS%202017/5046.pdf HTTP/1.1" 200 283134
178.121.53.150 - - [19/Jul/2019:03:10:35 -0500] "GET /favicon.ico HTTP/1.1" 200 7782
192.168.175.104 - - [19/Jul/2019:03:11:08 -0500] "GET / HTTP/1.1" 200 9990
66.249.64.19 - - [19/Jul/2019:03:11:21 -0500] "GET /BLA/resoluciones/RESOLUCIONES%202009/0986.pdf HTTP/1.1" 200 64059
54.36.150.164 - - [19/Jul/2019:03:11:44 -0500] "GET /BLA/resoluciones/RESOLUCIONES%202005/RES%202005%201-50/RES%202005%20101-150/00000101.tif HTTP/1.1" 200 7230
192.168.175.104 - - [19/Jul/2019:03:11:47 -0500] "GET / HTTP/1.0" 200 9990
69.162.124.233 - - [19/Jul/2019:03:11:48 -0500] "HEAD / HTTP/1.1" 200 -
216.244.66.195 - - [19/Jul/2019:03:11:53 -0500] "GET /galeria/galeria/fotos/Lola.jpg HTTP/1.1" 200 2173917
5.255.250.154 - - [19/Jul/2019:03:12:08 -0500] "GET /PruebasSTORM/StormSDA_pruebas/nsjars/nsjars.jnlp.bak HTTP/1.1" 200 987
66.249.64.20 - - [19/Jul/2019:03:14:05 -0500] "GET /BLA/resoluciones/RESOLUCIONES%202009/5730.pdf HTTP/1.1" 200 529531
54.36.150.141 - - [19/Jul/2019:03:14:27 -0500] "GET /BLA/resoluciones/RESOLUCIONES%202005/RES%202005%202451-2500/00002489.tif HTTP/1.1" 200 215420
66.249.64.20 - - [19/Jul/2019:03:14:32 -0500] "GET /BLA/resoluciones/AUTOS%202009/2147.pdf HTTP/1.1" 200 85946
54.36.148.232 - - [19/Jul/2019:03:15:19 -0500] "GET /BLA/resoluciones/RESOLUCIONES%202003/RES%202003%20451-500/469.tif HTTP/1.1" 200 187192
66.249.64.19 - - [19/Jul/2019:03:15:55 -0500] "GET /BLA/resoluciones/RESOLUCIONES%202009/1994.pdf HTTP/1.1" 200 660855
192.168.175.104 - - [19/Jul/2019:03:16:07 -0500] "GET / HTTP/1.1" 200 9990
192.168.175.104 - - [19/Jul/2019:03:16:44 -0500] "GET / HTTP/1.0" 200 9990
69.162.124.233 - - [19/Jul/2019:03:16:48 -0500] "HEAD / HTTP/1.1" 200 -
66.249.64.19 - - [19/Jul/2019:03:17:17 -0500] "GET /BLA/resoluciones/RESOLUCIONES%202009/2501.pdf HTTP/1.1" 200 264583
13.66.139.0 - - [19/Jul/2019:03:17:30 -0500] "GET /BLA/boletinlegal/Directivas/2017/Directiva%20No.%2003%20del%2024%20de%20Febrero%20de%202017.pdf HTTP/1.1" 304 -
66.249.64.19 - - [19/Jul/2019:03:18:12 -0500] "GET /BLA/resoluciones/RESOLUCIONES%202008/0687.pdf HTTP/1.1" 200 19213
201.245.192.253 - - [19/Jul/2019:03:18:27 -0500] "POST /kwsrmcab/Wsrmcab HTTP/1.1" 200 30344
201.245.192.253 - - [19/Jul/2019:03:18:33 -0500] "POST /kwsrmcab/Wsrmcab HTTP/1.1" 200 30344
66.249.64.20 - - [19/Jul/2019:03:20:01 -0500] "GET /BLA/resoluciones/AUTOS%202007/0908.pdf HTTP/1.1" 304 -
66.249.64.19 - - [19/Jul/2019:03:20:29 -0500] "GET /BLA/resoluciones/RESOLUCIONES%202008/0412.pdf HTTP/1.1" 304 -
66.249.64.20 - - [19/Jul/2019:03:20:31 -0500] "GET /BLA/resoluciones/RESOLUCIONES%202008/3769.pdf HTTP/1.1" 200 271636
66.249.64.19 - - [19/Jul/2019:03:20:56 -0500] "GET /BLA/resoluciones/AUTOS%202013/0925.pdf HTTP/1.1" 304 -
192.168.175.104 - - [19/Jul/2019:03:21:05 -0500] "GET / HTTP/1.1" 200 9990
192.168.175.104 - - [19/Jul/2019:03:21:42 -0500] "GET / HTTP/1.0" 200 9990
69.162.124.233 - - [19/Jul/2019:03:21:48 -0500] "HEAD / HTTP/1.1" 200 -
40.77.167.111 - - [19/Jul/2019:03:22:24 -0500] "GET /BLA/boletinlegal/norma_menu.php HTTP/1.1" 200 6318
54.36.149.14 - - [19/Jul/2019:03:23:12 -0500] "GET /BLA/resoluciones/RESOLUCIONES%202003/RES%202003%20851-900/884.tif HTTP/1.1" 200 178912
66.249.64.19 - - [19/Jul/2019:03:23:41 -0500] "GET /BLA/resoluciones/RESOLUCIONES%202007/RES%202007%201401%20AL%201500/RESOLUCION%201407%20DE%202007.pdf HTTP/1.1" 200 343493
66.249.64.9 - - [19/Jul/2019:03:25:30 -0500] "GET /POT-2013/Cartografia/26_Espacio_Publico_2013_V1.pdf HTTP/1.1" 200 3519741
66.249.64.19 - - [19/Jul/2019:03:25:51 -0500] "GET /BLA/resoluciones/AUTOS%202009/3162.pdf HTTP/1.1" 200 130982
66.249.64.20 - - [19/Jul/2019:03:25:58 -0500] "GET /Autoliquidacion/Solicitudes%20relacionadas%20con%20calidad%20del%20aire%20auditiva%20y%20visual/Registro%20de%20Elementos%20de%20publicidad%20Exterior%20Visual/126pm04-pr16-f-1%20lista%20de%20chequeo%20pev%20(1).xls HTTP/1.1" 200 109056
192.168.175.104 - - [19/Jul/2019:03:26:03 -0500] "GET / HTTP/1.1" 200 9990
66.249.64.19 - - [19/Jul/2019:03:26:25 -0500] "GET /BLA/resoluciones/AUTOS%202018/2423.pdf HTTP/1.1" 200 304780
192.168.175.104 - - [19/Jul/2019:03:26:41 -0500] "GET / HTTP/1.0" 200 9990
69.162.124.233 - - [19/Jul/2019:03:26:48 -0500] "HEAD / HTTP/1.1" 200 -
66.249.64.19 - - [19/Jul/2019:03:26:52 -0500] "GET /BLA/resoluciones/AUTOS%202010/0427.pdf HTTP/1.1" 304 -
66.249.64.19 - - [19/Jul/2019:03:27:20 -0500] "GET /BLA/resoluciones/RESOLUCIONES%202009/5906.pdf HTTP/1.1" 200 438988
66.249.64.20 - - [19/Jul/2019:03:27:47 -0500] "GET /BLA/resoluciones/Notificaciones/AUTOS%202017/01566.pdf HTTP/1.1" 200 322599
66.249.64.20 - - [19/Jul/2019:03:28:15 -0500] "GET /BLA/resoluciones/AUTOS%202015/4171.pdf HTTP/1.1" 200 532148
201.245.192.253 - - [19/Jul/2019:03:28:28 -0500] "POST /kwsrmcab/Wsrmcab HTTP/1.1" 200 30344
201.245.192.253 - - [19/Jul/2019:03:28:33 -0500] "POST /kwsrmcab/Wsrmcab HTTP/1.1" 200 30344
