66.249.64.19 - - [27/Jul/2019:01:15:56 -0500] "GET /BLA/resoluciones/Decretos/DECRETO%201468%20DEL%2006%20DE%20AGOSTO%20DE%202018.pdf HTTP/1.1" 304 -
66.249.64.19 - - [27/Jul/2019:01:16:09 -0500] "GET /BLA/resoluciones/AUTOS%202011/6327.pdf HTTP/1.1" 304 -
54.36.150.151 - - [27/Jul/2019:01:16:27 -0500] "GET /BLA/resoluciones/RESOLUCIONES%202002/RES%202002%201101-1150/00001129.tif HTTP/1.1" 200 42748
69.162.124.233 - - [27/Jul/2019:01:16:42 -0500] "HEAD / HTTP/1.1" 200 -
66.249.64.19 - - [27/Jul/2019:01:16:55 -0500] "GET /BLA/resoluciones/AUTOS%202015/2274.pdf HTTP/1.1" 304 -
66.249.64.19 - - [27/Jul/2019:01:17:21 -0500] "GET /BLA/resoluciones/AUTOS%202011/5718.pdf HTTP/1.1" 304 -
66.249.64.19 - - [27/Jul/2019:01:17:34 -0500] "GET /BLA/resoluciones/AUTOS%202017/3108.pdf HTTP/1.1" 304 -
66.249.64.19 - - [27/Jul/2019:01:17:40 -0500] "GET /BLA/resoluciones/AUTOS%202010/0853.pdf HTTP/1.1" 200 190673
66.249.64.19 - - [27/Jul/2019:01:17:54 -0500] "GET /BLA/resoluciones/Decretos/Decreto%20815%20del%2028%20de%20Diciembre%20de%202017.pdf HTTP/1.1" 200 5300108
192.168.175.104 - - [27/Jul/2019:01:18:17 -0500] "GET / HTTP/1.1" 200 9990
66.249.64.19 - - [27/Jul/2019:01:18:20 -0500] "GET /BLA/resoluciones/RESOLUCIONES%202007/RES%202007%202501%20AL%202600/RESOLUCION%202505%20DE%202007.pdf HTTP/1.1" 304 -
66.249.64.20 - - [27/Jul/2019:01:18:26 -0500] "GET /BLA/resoluciones/AUTOS%202014/2190.pdf HTTP/1.1" 304 -
201.245.192.253 - - [27/Jul/2019:01:17:52 -0500] "POST /kwsrmcab/Wsrmcab HTTP/1.1" 200 29313
201.245.192.253 - - [27/Jul/2019:01:17:58 -0500] "POST /kwsrmcab/Wsrmcab HTTP/1.1" 200 29313
66.249.64.20 - - [27/Jul/2019:01:18:58 -0500] "GET /appsia/controlador HTTP/1.1" 200 4393
66.249.64.20 - - [27/Jul/2019:01:18:59 -0500] "GET /BLA/resoluciones/RESOLUCIONES%202012/1301.pdf HTTP/1.1" 304 -
66.249.64.19 - - [27/Jul/2019:01:19:06 -0500] "GET /BLA/resoluciones/AUTOS%202017/2733.pdf HTTP/1.1" 304 -
66.249.64.19 - - [27/Jul/2019:01:19:12 -0500] "GET /Autoliquidacion/Grupo%20Forestal%20-%20Silvicultura/Formulario%20de%20recoleccion%20de%20informacion%20silvicultural%20por%20individuo%20-%20Ficha%201.xls HTTP/1.1" 304 -
66.249.64.19 - - [27/Jul/2019:01:19:19 -0500] "GET /BLA/resoluciones/RESOLUCIONES%202009/8130.pdf HTTP/1.1" 304 -
66.249.64.19 - - [27/Jul/2019:01:19:32 -0500] "GET /BLA/resoluciones/AUTOS%202014/0456.pdf HTTP/1.1" 304 -
66.249.64.19 - - [27/Jul/2019:01:19:38 -0500] "GET /BLA/resoluciones/RESOLUCIONES%202014/2661.pdf HTTP/1.1" 200 409271
58.48.90.216 - - [27/Jul/2019:01:19:39 -0500] "-" 408 -
66.249.64.19 - - [27/Jul/2019:01:19:52 -0500] "GET /BLA/resoluciones/Notificaciones/AUTOS%202015/1399.doc HTTP/1.1" 304 -
66.249.64.19 - - [27/Jul/2019:01:19:55 -0500] "GET /BLA/resoluciones/RESOLUCIONES%202009/3335.pdf HTTP/1.1" 200 625801
66.249.64.19 - - [27/Jul/2019:01:19:58 -0500] "GET /BLA/resoluciones/AUTOS%202018/2948.pdf HTTP/1.1" 304 -
66.249.64.19 - - [27/Jul/2019:01:20:05 -0500] "GET /BLA/resoluciones/AUTOS%202017/5272.pdf HTTP/1.1" 304 -
66.249.64.19 - - [27/Jul/2019:01:20:11 -0500] "GET /BLA/resoluciones/AUTOS%202014/1884.pdf HTTP/1.1" 304 -
66.249.64.20 - - [27/Jul/2019:01:20:24 -0500] "GET /BLA/resoluciones/AUTOS%202019/0197.pdf HTTP/1.1" 304 -
66.249.64.19 - - [27/Jul/2019:01:20:31 -0500] "GET /BLA/resoluciones/RESOLUCIONES%202014/3432.pdf HTTP/1.1" 304 -
66.249.64.19 - - [27/Jul/2019:01:20:37 -0500] "GET /BLA/resoluciones/Notificaciones/AUTOS%202013/2962.doc HTTP/1.1" 304 -
192.168.175.104 - - [27/Jul/2019:01:20:38 -0500] "GET / HTTP/1.0" 200 9990
66.249.64.19 - - [27/Jul/2019:01:20:44 -0500] "GET /BLA/resoluciones/AUTOS%202017/3467.pdf HTTP/1.1" 304 -
66.249.64.19 - - [27/Jul/2019:01:20:51 -0500] "GET /BLA/resoluciones/AUTOS%202015/4875.pdf HTTP/1.1" 304 -
66.249.64.19 - - [27/Jul/2019:01:20:57 -0500] "GET /BLA/resoluciones/AUTOS%202015/1377.pdf HTTP/1.1" 304 -
66.249.64.19 - - [27/Jul/2019:01:21:04 -0500] "GET /BLA/resoluciones/AUTOS%202018/1042.pdf HTTP/1.1" 304 -
66.249.64.19 - - [27/Jul/2019:01:21:10 -0500] "GET /BLA/resoluciones/Notificaciones/AUTOS%202014/4280.doc HTTP/1.1" 304 -
66.249.64.19 - - [27/Jul/2019:01:21:23 -0500] "GET /BLA/resoluciones/RESOLUCIONES%202014/3433.pdf HTTP/1.1" 200 654741
69.162.124.233 - - [27/Jul/2019:01:21:42 -0500] "HEAD / HTTP/1.1" 200 -
66.249.88.125 - - [27/Jul/2019:01:21:45 -0500] "GET /galeria/galeria/jquery.fancybox.css?v=2.1.5 HTTP/1.1" 200 4895
66.249.88.127 - - [27/Jul/2019:01:21:45 -0500] "GET /galeria/galeria/jquery.fancybox.js?v=2.1.5 HTTP/1.1" 200 48706
66.249.64.19 - - [27/Jul/2019:01:21:46 -0500] "GET /BLA/resoluciones/RESOLUCIONES%202008/1547.pdf HTTP/1.1" 200 240912
65.155.30.101 - - [27/Jul/2019:01:22:01 -0500] "GET /galeria/galeria/jquery.fancybox.css?v=2.1.5 HTTP/1.1" 200 4895
65.155.30.101 - - [27/Jul/2019:01:22:01 -0500] "GET /BLA/boletinlegal/js/jquery.scrollShow.js HTTP/1.1" 200 4586
65.155.30.101 - - [27/Jul/2019:01:22:01 -0500] "GET /galeria/galeria/jquery.fancybox.js?v=2.1.5 HTTP/1.1" 200 48706
66.249.64.19 - - [27/Jul/2019:01:22:07 -0500] "GET /BLA/resoluciones/RESOLUCIONES%202013/0466.pdf HTTP/1.1" 200 4657784
66.249.64.20 - - [27/Jul/2019:01:22:16 -0500] "GET /BLA/resoluciones/AUTOS%202013/1308.pdf HTTP/1.1" 304 -
66.249.64.20 - - [27/Jul/2019:01:22:22 -0500] "GET /BLA/resoluciones/AUTOS%202008/2983.pdf HTTP/1.1" 304 -
66.249.64.19 - - [27/Jul/2019:01:22:36 -0500] "GET /BLA/resoluciones/RESOLUCIONES%202010/6906.pdf HTTP/1.1" 304 -
66.249.64.19 - - [27/Jul/2019:01:22:49 -0500] "GET /BLA/resoluciones/AUTOS%202013/2935.pdf HTTP/1.1" 304 -
66.249.64.19 - - [27/Jul/2019:01:22:55 -0500] "GET /BLA/resoluciones/RESOLUCIONES%202018/2215.pdf HTTP/1.1" 304 -
192.168.175.104 - - [27/Jul/2019:01:23:15 -0500] "GET / HTTP/1.1" 200 9990
66.249.64.20 - - [27/Jul/2019:01:23:16 -0500] "GET /BLA/resoluciones/AUTOS%202012/2827.pdf HTTP/1.1" 200 418727
46.229.168.144 - - [27/Jul/2019:01:25:33 -0500] "GET /Autoliquidacion/index.php?dir=TR%C3%83%C2%81MITES%2BACEITES-RESIDUOS-ESTACIONES%2F&order=asc&sort=name HTTP/1.1" 200 6649
192.168.175.104 - - [27/Jul/2019:01:25:36 -0500] "GET / HTTP/1.0" 200 9990
5.255.250.154 - - [27/Jul/2019:01:25:54 -0500] "GET /robots.txt HTTP/1.1" 404 1019
5.255.250.154 - - [27/Jul/2019:01:25:57 -0500] "GET /PruebasSTORM/StormSDA_pruebas/userFiles/user_files/formulas/3/367.xml HTTP/1.1" 200 849
186.81.185.224 - - [27/Jul/2019:01:26:08 -0500] "-" 408 -
186.81.185.224 - - [27/Jul/2019:01:26:08 -0500] "-" 408 -
186.81.185.224 - - [27/Jul/2019:01:26:08 -0500] "-" 408 -
69.162.124.233 - - [27/Jul/2019:01:26:42 -0500] "HEAD / HTTP/1.1" 200 -
66.249.64.19 - - [27/Jul/2019:01:27:15 -0500] "GET /BLA/resoluciones/RESOLUCIONES%202010/7788.pdf HTTP/1.1" 200 99697
66.249.64.20 - - [27/Jul/2019:01:27:31 -0500] "GET /BLA/resoluciones/RESOLUCIONES%202009/6519.pdf HTTP/1.1" 200 432093
91.242.162.133 - - [27/Jul/2019:01:27:33 -0500] "GET /BLA/resoluciones/RESOLUCIONES%202017/0520.pdf HTTP/1.1" 200 407112
66.249.64.19 - - [27/Jul/2019:01:27:37 -0500] "GET /BLA/resoluciones/AUTOS%202013/3504.pdf HTTP/1.1" 304 -
66.249.64.19 - - [27/Jul/2019:01:27:44 -0500] "GET /BLA/resoluciones/RESOLUCIONES%202009/2458.pdf HTTP/1.1" 200 261451
66.249.64.19 - - [27/Jul/2019:01:27:50 -0500] "GET /BLA/resoluciones/RESOLUCIONES%202013/0953.pdf HTTP/1.1" 304 -
66.249.64.19 - - [27/Jul/2019:01:28:11 -0500] "GET /BLA/resoluciones/AUTOS%202007/2049.pdf HTTP/1.1" 200 214720
192.168.175.104 - - [27/Jul/2019:01:28:13 -0500] "GET / HTTP/1.1" 200 9990
66.249.64.19 - - [27/Jul/2019:01:28:27 -0500] "GET /BLA/resoluciones/RESOLUCIONES%202009/5369.pdf HTTP/1.1" 200 523791
201.245.192.253 - - [27/Jul/2019:01:27:53 -0500] "POST /kwsrmcab/Wsrmcab HTTP/1.1" 200 29313
201.245.192.253 - - [27/Jul/2019:01:27:57 -0500] "POST /kwsrmcab/Wsrmcab HTTP/1.1" 200 29313
66.249.64.19 - - [27/Jul/2019:01:29:09 -0500] "GET /BLA/resoluciones/RESOLUCIONES%202015/0421.pdf HTTP/1.1" 304 -
66.249.64.19 - - [27/Jul/2019:01:29:35 -0500] "GET /BLA/resoluciones/RESOLUCIONES%202015/2689.pdf HTTP/1.1" 200 683783
186.31.217.14 - - [27/Jul/2019:01:29:38 -0500] "GET /galeria/galeria/jquery.fancybox.css?v=2.1.5 HTTP/1.1" 200 4895
186.31.217.14 - - [27/Jul/2019:01:29:38 -0500] "GET /BLA/boletinlegal/js/jquery.scrollShow.js HTTP/1.1" 200 4586
186.31.217.14 - - [27/Jul/2019:01:29:38 -0500] "GET /galeria/galeria/jquery.fancybox.js?v=2.1.5 HTTP/1.1" 200 48706
66.249.64.19 - - [27/Jul/2019:01:29:42 -0500] "GET /BLA/resoluciones/RESOLUCIONES%202018/0147.pdf HTTP/1.1" 200 269434
66.249.64.19 - - [27/Jul/2019:01:29:48 -0500] "GET /BLA/resoluciones/RESOLUCIONES%202017/0604.pdf HTTP/1.1" 200 514632
66.249.64.20 - - [27/Jul/2019:01:30:14 -0500] "GET /BLA/resoluciones/RESOLUCIONES%202015/3088.pdf HTTP/1.1" 200 942241
66.249.64.19 - - [27/Jul/2019:01:30:21 -0500] "GET /BLA/resoluciones/RESOLUCIONES%202016/1324.pdf HTTP/1.1" 200 685797
66.249.64.19 - - [27/Jul/2019:01:30:26 -0500] "GET /BLA/resoluciones/RESOLUCIONES%202009/6111.pdf HTTP/1.1" 200 613694
66.249.64.29 - - [27/Jul/2019:01:30:32 -0500] "GET /Autoliquidacion/index.php?dir=Fauna+Silvestre%2FSALVODONCUTOI+DE+MOVILIZACI%D3N+DE+FAUNA+SILVESTRE%2F HTTP/1.1" 200 3118
192.168.175.104 - - [27/Jul/2019:01:30:34 -0500] "GET / HTTP/1.0" 200 9990
66.249.64.20 - - [27/Jul/2019:01:30:44 -0500] "GET /BLA/resoluciones/RESOLUCIONES%202009/7280.pdf HTTP/1.1" 200 366750
66.249.64.19 - - [27/Jul/2019:01:31:07 -0500] "GET /BLA/resoluciones/RESOLUCIONES%202007/RES%202007%203701%20AL%203800/RESOLUCION%203731%20DE%202007.pdf HTTP/1.1" 200 166462
66.249.64.19 - - [27/Jul/2019:01:31:07 -0500] "GET /BLA/resoluciones/AUTOS%202012/0072.pdf HTTP/1.1" 200 158635
66.249.64.28 - - [27/Jul/2019:01:31:16 -0500] "GET /Autoliquidacion/index.php?dir=Fauna+Silvestre%2FEVALUAC%CDON+DE+PERMISOS+DE+APROVECHAMIENTO+DE+FAUNA%2F HTTP/1.1" 200 4233
66.249.64.19 - - [27/Jul/2019:01:31:20 -0500] "GET /BLA/resoluciones/RESOLUCIONES%202012/0975.pdf HTTP/1.1" 200 704977
66.249.64.19 - - [27/Jul/2019:01:31:32 -0500] "GET /BLA/resoluciones/RESOLUCIONES%202009/5301.pdf HTTP/1.1" 200 522449
66.249.64.20 - - [27/Jul/2019:01:31:40 -0500] "GET /BLA/resoluciones/RESOLUCIONES%202009/3839.pdf HTTP/1.1" 304 -
69.162.124.233 - - [27/Jul/2019:01:31:42 -0500] "HEAD / HTTP/1.1" 200 -
66.249.64.20 - - [27/Jul/2019:01:31:59 -0500] "GET /BLA/resoluciones/RESOLUCIONES%202007/RES%202007%20701%20AL%20800/RESOLUCION%200705%20DE%202007.pdf HTTP/1.1" 200 1060513
66.102.8.85 - - [27/Jul/2019:01:32:03 -0500] "GET /galeria/galeria/jquery.fancybox.js?v=2.1.5 HTTP/1.1" 304 -
66.102.8.83 - - [27/Jul/2019:01:32:03 -0500] "GET /BLA/boletinlegal/js/jquery.scrollShow.js HTTP/1.1" 304 -
66.102.8.84 - - [27/Jul/2019:01:32:03 -0500] "GET /galeria/galeria/jquery.fancybox.css?v=2.1.5 HTTP/1.1" 304 -
66.102.8.83 - - [27/Jul/2019:01:32:05 -0500] "GET /BLA/boletinlegal/js/jquery.scrollShow.js HTTP/1.1" 304 -
66.102.8.85 - - [27/Jul/2019:01:32:05 -0500] "GET /galeria/galeria/jquery.fancybox.css?v=2.1.5 HTTP/1.1" 304 -
66.102.8.85 - - [27/Jul/2019:01:32:05 -0500] "GET /galeria/galeria/jquery.fancybox.js?v=2.1.5 HTTP/1.1" 304 -
66.102.8.84 - - [27/Jul/2019:01:32:06 -0500] "GET /galeria/carrusel/Carrusel/jquery-ui-1.8.13.custom.min.js HTTP/1.1" 200 10800
66.102.8.84 - - [27/Jul/2019:01:32:06 -0500] "GET /galeria/nivo-slider/demo/demo.html HTTP/1.1" 200 4598
191.156.70.21 - - [27/Jul/2019:01:32:09 -0500] "GET /galeria/galeria/jquery.fancybox.css?v=2.1.5 HTTP/1.1" 200 4895
191.156.70.21 - - [27/Jul/2019:01:32:09 -0500] "GET /BLA/boletinlegal/js/jquery.scrollShow.js HTTP/1.1" 200 4586
191.156.70.21 - - [27/Jul/2019:01:32:09 -0500] "GET /galeria/galeria/jquery.fancybox.js?v=2.1.5 HTTP/1.1" 200 48706
66.249.64.20 - - [27/Jul/2019:01:32:12 -0500] "GET /BLA/resoluciones/AUTOS%202017/0890.pdf HTTP/1.1" 304 -
66.249.64.19 - - [27/Jul/2019:01:32:25 -0500] "GET /BLA/resoluciones/AUTOS%202014/5765.pdf HTTP/1.1" 304 -
54.36.150.150 - - [27/Jul/2019:01:32:54 -0500] "GET /BLA/resoluciones/index.php?dir=RESOLUCIONES%202006/RES%202006%20%202951-3000/&sort=date&order=asc HTTP/1.1" 200 12390
192.168.175.104 - - [27/Jul/2019:01:33:12 -0500] "GET / HTTP/1.1" 200 9990
66.249.64.29 - - [27/Jul/2019:01:33:54 -0500] "GET /dama/libreria/pdf/pdf_entrenubes/a6.pdf HTTP/1.1" 404 1019
66.249.64.19 - - [27/Jul/2019:01:34:42 -0500] "GET /BLA/resoluciones/RESOLUCIONES%202009/2881.pdf HTTP/1.1" 200 416260
66.249.64.20 - - [27/Jul/2019:01:35:06 -0500] "GET /BLA/resoluciones/AUTOS%202012/1039.pdf HTTP/1.1" 200 183895
192.168.175.104 - - [27/Jul/2019:01:35:32 -0500] "GET / HTTP/1.0" 200 9990
66.249.64.19 - - [27/Jul/2019:01:35:33 -0500] "GET /BLA/resoluciones/RESOLUCIONES%202008/0942.pdf HTTP/1.1" 200 256978
66.249.64.19 - - [27/Jul/2019:01:35:48 -0500] "GET /BLA/resoluciones/RESOLUCIONES%202009/6286.pdf HTTP/1.1" 200 431007
66.249.64.19 - - [27/Jul/2019:01:35:49 -0500] "GET /BLA/resoluciones/RESOLUCIONES%202014/2523.pdf HTTP/1.1" 200 608331
207.46.13.94 - - [27/Jul/2019:01:36:05 -0500] "GET /SIG/Gesti%C3%B3n%20Talento%20Humano/126PA01-PR12.pdf HTTP/1.1" 200 60205
66.249.64.27 - - [27/Jul/2019:01:36:24 -0500] "GET /Autoliquidacion/Fauna%20Silvestre/EVALUAC%C3%8DON%20DE%20PERMISOS%20DE%20APROVECHAMIENTO%20DE%20FAUNA/PM04-PR26-M2%20Guia%20para%20procesamiento%20o%20transformaci%C3%B3n%20de%20fauna%20silvestre.pdf HTTP/1.1" 200 123892
66.249.64.27 - - [27/Jul/2019:01:36:36 -0500] "GET /Autoliquidacion/Fauna%20Silvestre/EVALUAC%C3%8DON%20DE%20PERMISOS%20DE%20APROVECHAMIENTO%20DE%20FAUNA/PM04-PR26-M4%20Gu%C3%ADa%20para%20exhibici%C3%B3n%20de%20animales%20vivos%20de%20fauna%20silvestre.pdf HTTP/1.1" 200 128798
69.162.124.233 - - [27/Jul/2019:01:36:42 -0500] "HEAD / HTTP/1.1" 200 -
66.249.64.19 - - [27/Jul/2019:01:36:45 -0500] "GET /BLA/resoluciones/RESOLUCIONES%202009/7103.pdf HTTP/1.1" 200 174760
66.249.64.27 - - [27/Jul/2019:01:36:49 -0500] "GET /Autoliquidacion/Fauna%20Silvestre/EVALUAC%C3%8DON%20DE%20PERMISOS%20DE%20APROVECHAMIENTO%20DE%20FAUNA/PM04-PR26-F1%20Solicitud%20de%20otorgamiento,%20modificaciones,%20renovaci%C3%B3n%20de%20permisos%20de%20aprovechamiento%20de%20fauna%20silvestre.xls HTTP/1.1" 200 52224
66.249.64.19 - - [27/Jul/2019:01:36:51 -0500] "GET /BLA/resoluciones/RESOLUCIONES%202008/3741.pdf HTTP/1.1" 200 222718
66.249.64.20 - - [27/Jul/2019:01:37:01 -0500] "GET /BLA/resoluciones/RESOLUCIONES%202009/5009.pdf HTTP/1.1" 200 702731
66.249.64.19 - - [27/Jul/2019:01:37:08 -0500] "GET /BLA/resoluciones/RESOLUCIONES%202008/3786.pdf HTTP/1.1" 200 376534
66.249.64.27 - - [27/Jul/2019:01:37:10 -0500] "GET /Autoliquidacion/Fauna%20Silvestre/EVALUAC%C3%8DON%20DE%20PERMISOS%20DE%20APROVECHAMIENTO%20DE%20FAUNA/PM04-PR26-F2%20Lista%20Chequeo%20Solicitud.xls HTTP/1.1" 200 77824
66.249.64.19 - - [27/Jul/2019:01:37:36 -0500] "GET /BLA/resoluciones/RESOLUCIONES%202008/2388.pdf HTTP/1.1" 200 389468
66.249.64.28 - - [27/Jul/2019:01:37:39 -0500] "GET /Autoliquidacion/Fauna%20Silvestre/EVALUAC%C3%8DON%20DE%20PERMISOS%20DE%20APROVECHAMIENTO%20DE%20FAUNA/PM04-PR26-M3%20Guia%20para%20comercializaci%C3%B3n%20y%20o%20exhibici%C3%B3n%20y%20bodegaje%20de%20fauna%20silvestre.pdf HTTP/1.1" 200 105648
5.255.250.75 - - [27/Jul/2019:01:37:45 -0500] "GET /StormSDA/userFiles%20-%20Copy%2019-07-2012/user_files/formatos/eventos/?C=M;O=A HTTP/1.1" 200 914
66.249.64.28 - - [27/Jul/2019:01:37:51 -0500] "GET /Autoliquidacion/index.php?dir=Fauna%20Silvestre/SALVODONCUTOI%20DE%20MOVILIZACI%D3N%20DE%20FAUNA%20SILVESTRE/&sort=name&order=desc HTTP/1.1" 200 3117
66.249.64.19 - - [27/Jul/2019:01:37:52 -0500] "GET /BLA/resoluciones/RESOLUCIONES%202008/3698.pdf HTTP/1.1" 200 563756
66.249.64.27 - - [27/Jul/2019:01:37:56 -0500] "GET /Autoliquidacion/Fauna%20Silvestre/SALVODONCUTOI%20DE%20MOVILIZACI%C3%93N%20DE%20FAUNA%20SILVESTRE/PM04-PR25-F1%20Lista%20de%20chequeo%20solicitud%20de%20expedici%C3%B3n%20de%20salvoconducto%20de%20movilizaci%C3%B3n%20de%20espec%C3%ADmenes%20de%20fauna%20silvestre.xls HTTP/1.1" 200 82432
66.249.64.27 - - [27/Jul/2019:01:38:02 -0500] "GET /Autoliquidacion/Fauna%20Silvestre/SALVODONCUTOI%20DE%20MOVILIZACI%C3%93N%20DE%20FAUNA%20SILVESTRE/PM04-PR25-F2%20Solicitud%20de%20expedicion%20de%20salvoconducto%20de%20movilizacion%20de%20especimenes%20de%20la%20fauna%20silvestre..xls HTTP/1.1" 200 86528
192.168.175.104 - - [27/Jul/2019:01:38:11 -0500] "GET / HTTP/1.1" 200 9990
66.249.64.19 - - [27/Jul/2019:01:38:26 -0500] "GET /BLA/resoluciones/AUTOS%202013/1481.pdf HTTP/1.1" 304 -
66.249.64.19 - - [27/Jul/2019:01:38:30 -0500] "GET /BLA/resoluciones/RESOLUCIONES%202009/8733.pdf HTTP/1.1" 200 557562
66.249.64.19 - - [27/Jul/2019:01:38:39 -0500] "GET /BLA/resoluciones/RESOLUCIONES%202008/1776.pdf HTTP/1.1" 200 50444
66.249.64.19 - - [27/Jul/2019:01:38:52 -0500] "GET /BLA/resoluciones/AUTOS%202017/2481.pdf HTTP/1.1" 200 221697
66.249.64.19 - - [27/Jul/2019:01:39:07 -0500] "GET /BLA/resoluciones/RESOLUCIONES%202009/6123.pdf HTTP/1.1" 200 687612
66.249.64.28 - - [27/Jul/2019:01:39:12 -0500] "GET /BLA/boletinlegal/Directivas/2011/Directiva%20No.%201%20del%205%20de%20Abril%20de%202011.pdf HTTP/1.1" 304 -
66.249.64.19 - - [27/Jul/2019:01:39:45 -0500] "GET /BLA/resoluciones/AUTOS%202014/7168.pdf HTTP/1.1" 200 771801
66.249.64.20 - - [27/Jul/2019:01:39:49 -0500] "GET /BLA/resoluciones/RESOLUCIONES%202009/0192.pdf HTTP/1.1" 200 257319
66.249.64.19 - - [27/Jul/2019:01:40:04 -0500] "GET /BLA/resoluciones/RESOLUCIONES%202009/8626.pdf HTTP/1.1" 200 330654
66.249.64.20 - - [27/Jul/2019:01:40:04 -0500] "GET /BLA/resoluciones/AUTOS%202013/3366.pdf HTTP/1.1" 200 464642
66.249.64.20 - - [27/Jul/2019:01:40:11 -0500] "GET /BLA/resoluciones/AUTOS%202013/0278.pdf HTTP/1.1" 200 2198721
66.249.64.20 - - [27/Jul/2019:01:40:19 -0500] "GET /BLA/resoluciones/RESOLUCIONES%202009/6816.pdf HTTP/1.1" 200 598263
66.249.64.20 - - [27/Jul/2019:01:40:24 -0500] "GET /BLA/resoluciones/RESOLUCIONES%202007/RES%202007%20201%20AL%20300/RESOLUCION%200230%20DE%202007.pdf HTTP/1.1" 200 339304
192.168.175.104 - - [27/Jul/2019:01:40:30 -0500] "GET / HTTP/1.0" 200 9990
66.249.64.19 - - [27/Jul/2019:01:40:31 -0500] "GET /BLA/resoluciones/RESOLUCIONES%202009/3769.pdf HTTP/1.1" 200 798874
66.249.64.19 - - [27/Jul/2019:01:40:31 -0500] "GET /resoluciones/RESOLUCIONES%202007/RES%202007%202301%20AL%202400/RESOLUCION%202375%20DE%202007.pdf HTTP/1.1" 404 1018
152.61.128.50 - - [27/Jul/2019:01:41:22 -0500] "GET / HTTP/1.1" 200 9990
66.249.64.19 - - [27/Jul/2019:01:41:35 -0500] "GET /BLA/resoluciones/RESOLUCIONES%202008/2975.pdf HTTP/1.1" 304 -
66.249.64.19 - - [27/Jul/2019:01:41:37 -0500] "GET /BLA/resoluciones/RESOLUCIONES%202009/6963.pdf HTTP/1.1" 304 -
66.249.64.20 - - [27/Jul/2019:01:41:37 -0500] "GET /BLA/resoluciones/RESOLUCIONES%202009/9831.pdf HTTP/1.1" 200 469557
66.249.64.20 - - [27/Jul/2019:01:41:38 -0500] "GET /BLA/resoluciones/RESOLUCIONES%202007/RES%202007%202801%20AL%202900/RESOLUCION%202885%20DE%202007.pdf HTTP/1.1" 200 31150
66.249.64.19 - - [27/Jul/2019:01:41:39 -0500] "GET /BLA/resoluciones/RESOLUCIONES%202009/4324.pdf HTTP/1.1" 200 2768199
66.249.64.20 - - [27/Jul/2019:01:41:40 -0500] "GET /BLA/resoluciones/RESOLUCIONES%202009/4462.pdf HTTP/1.1" 200 508007
69.162.124.233 - - [27/Jul/2019:01:41:42 -0500] "HEAD / HTTP/1.1" 200 -
66.249.64.20 - - [27/Jul/2019:01:41:42 -0500] "GET /BLA/resoluciones/RESOLUCIONES%202007/RES%202007%203001%20AL%203100/RESOLUCION%203075%20DE%202007.pdf HTTP/1.1" 200 154411
152.61.128.50 - - [27/Jul/2019:01:41:23 -0500] "GET /arcgis/services/Calidad_del_Agua_WQI/MapServer/WMSServer?request=GetCapabilities&service=WMS HTTP/1.1" 503 1020
66.249.64.20 - - [27/Jul/2019:01:41:44 -0500] "GET /BLA/resoluciones/RESOLUCIONES%202009/9272.pdf HTTP/1.1" 200 487139
152.61.128.50 - - [27/Jul/2019:01:41:44 -0500] "GET /arcgis/services/Calidad_del_Agua_WQI/MapServer/WMSServer?SERVICE=WMS&REQUEST=GetCapabilities HTTP/1.1" 503 1020
152.61.128.50 - - [27/Jul/2019:01:41:44 -0500] "GET /arcgis/services/Calidad_del_Agua_WQI/MapServer/WMSServer?WMTVER=1.0.0&REQUEST=capabilities HTTP/1.1" 503 1020
66.249.64.20 - - [27/Jul/2019:01:41:49 -0500] "GET /BLA/resoluciones/RESOLUCIONES%202008/1047.pdf HTTP/1.1" 200 363732
66.249.64.20 - - [27/Jul/2019:01:41:52 -0500] "GET /siipev/Diseno%20de%20Elementos%20de%20Mobiliario%20Urbano/Otros%20Elementos/Infografia/Parte2/M-143.png HTTP/1.1" 304 -
66.249.64.19 - - [27/Jul/2019:01:41:53 -0500] "GET /siipev/Diseno%20de%20Elementos%20de%20Mobiliario%20Urbano/Otros%20Elementos/Infografia/Parte2/M-82.png HTTP/1.1" 304 -
66.249.64.22 - - [27/Jul/2019:01:41:55 -0500] "GET /BLA/resoluciones/RESOLUCIONES%202009/7647.pdf HTTP/1.1" 200 493101
66.249.64.19 - - [27/Jul/2019:01:41:56 -0500] "GET /BLA/resoluciones/AUTOS%202010/0607.pdf HTTP/1.1" 304 -
66.249.64.19 - - [27/Jul/2019:01:42:08 -0500] "GET /robots.txt HTTP/1.1" 404 1018
66.249.64.20 - - [27/Jul/2019:01:42:39 -0500] "GET /BLA/resoluciones/RESOLUCIONES%202009/1942.pdf HTTP/1.1" 200 467795
66.249.64.20 - - [27/Jul/2019:01:42:46 -0500] "GET /BLA/resoluciones/AUTOS%202016/0605.pdf HTTP/1.1" 200 441188
66.249.64.19 - - [27/Jul/2019:01:42:47 -0500] "GET /BLA/resoluciones/AUTOS%202011/1756.pdf HTTP/1.1" 200 198815
66.249.64.20 - - [27/Jul/2019:01:42:48 -0500] "GET /BLA/resoluciones/AUTOS%202007/3665.pdf HTTP/1.1" 200 176724
192.168.175.104 - - [27/Jul/2019:01:43:09 -0500] "GET / HTTP/1.1" 200 9990
54.36.150.74 - - [27/Jul/2019:01:43:22 -0500] "GET /BLA/resoluciones/index.php?dir=RESOLUCIONES+2006%2FRES+2006+2351-2400%2F HTTP/1.1" 200 12357
66.249.64.20 - - [27/Jul/2019:01:43:31 -0500] "GET /BLA/resoluciones/RESOLUCIONES%202013/1639.pdf HTTP/1.1" 200 524557
66.249.64.27 - - [27/Jul/2019:01:43:35 -0500] "GET /SIG/ECS/126PM04-PR22.pdf HTTP/1.1" 200 2341767
66.249.64.20 - - [27/Jul/2019:01:43:38 -0500] "GET /BLA/resoluciones/RESOLUCIONES%202011/4644.pdf HTTP/1.1" 200 585046
66.249.64.19 - - [27/Jul/2019:01:43:39 -0500] "GET /BLA/resoluciones/RESOLUCIONES%202008/2545.pdf HTTP/1.1" 200 281406
66.249.64.19 - - [27/Jul/2019:01:43:39 -0500] "GET /BLA/resoluciones/RESOLUCIONES%202013/0270.pdf HTTP/1.1" 200 2282924
66.249.64.20 - - [27/Jul/2019:01:43:40 -0500] "GET /BLA/resoluciones/AUTOS%202016/1025.pdf HTTP/1.1" 200 547150
66.249.64.19 - - [27/Jul/2019:01:43:43 -0500] "GET /BLA/resoluciones/RESOLUCIONES%202014/0838.pdf HTTP/1.1" 200 343585
66.249.64.19 - - [27/Jul/2019:01:43:43 -0500] "GET /BLA/resoluciones/AUTOS%202016/0704.pdf HTTP/1.1" 200 481700
66.249.64.22 - - [27/Jul/2019:01:43:44 -0500] "GET /BLA/resoluciones/AUTOS%202016/2169.pdf HTTP/1.1" 200 457896
66.249.64.20 - - [27/Jul/2019:01:43:45 -0500] "GET /BLA/resoluciones/RESOLUCIONES%202009/8275.pdf HTTP/1.1" 200 475500
66.249.64.13 - - [27/Jul/2019:01:43:49 -0500] "GET /portel_dama/libreria/php/2006/restauracion/22_proye/xtras_in/4.pdf HTTP/1.1" 404 1018
66.249.64.20 - - [27/Jul/2019:01:43:51 -0500] "GET /BLA/resoluciones/RESOLUCIONES%202008/3949.pdf HTTP/1.1" 200 607341
66.249.64.22 - - [27/Jul/2019:01:44:43 -0500] "GET /BLA/resoluciones/RESOLUCIONES%202007/RES%202007%20801%20AL%20900/RESOLUCION%200858%20DE%202007.pdf HTTP/1.1" 304 -
66.249.64.19 - - [27/Jul/2019:01:44:45 -0500] "GET /BLA/resoluciones/AUTOS%202015/1489.pdf HTTP/1.1" 304 -
66.249.64.23 - - [27/Jul/2019:01:44:45 -0500] "GET /BLA/resoluciones/RESOLUCIONES%202007/RES%202007%202501%20AL%202600/RESOLUCION%202509%20DE%202007.pdf HTTP/1.1" 304 -
66.249.64.19 - - [27/Jul/2019:01:44:46 -0500] "GET /BLA/resoluciones/RESOLUCIONES%202007/RES%202007%203801%20AL%203900/RESOLUCION%203874%20DE%202007.pdf HTTP/1.1" 200 1273457
66.249.64.20 - - [27/Jul/2019:01:44:50 -0500] "GET /BLA/resoluciones/RESOLUCIONES%202008/0876.pdf HTTP/1.1" 200 223052
66.249.64.20 - - [27/Jul/2019:01:44:52 -0500] "GET /BLA/resoluciones/RESOLUCIONES%202009/9594.pdf HTTP/1.1" 200 327180
192.168.175.104 - - [27/Jul/2019:01:45:28 -0500] "GET / HTTP/1.0" 200 9990
66.249.88.127 - - [27/Jul/2019:01:45:42 -0500] "GET /BLA/boletinlegal/js/jquery.scrollShow.js HTTP/1.1" 200 4586
66.249.88.125 - - [27/Jul/2019:01:45:42 -0500] "GET /galeria/galeria/jquery.fancybox.css?v=2.1.5 HTTP/1.1" 200 4895
66.249.88.125 - - [27/Jul/2019:01:45:42 -0500] "GET /galeria/galeria/jquery.fancybox.js?v=2.1.5 HTTP/1.1" 200 48706
66.249.64.19 - - [27/Jul/2019:01:45:43 -0500] "GET /BLA/resoluciones/AUTOS%202011/2258.pdf HTTP/1.1" 304 -
66.249.64.19 - - [27/Jul/2019:01:45:43 -0500] "GET /BLA/resoluciones/AUTOS%202011/5715.pdf HTTP/1.1" 304 -
66.249.64.20 - - [27/Jul/2019:01:45:43 -0500] "GET /BLA/resoluciones/AUTOS%202015/1927.pdf HTTP/1.1" 304 -
66.249.64.19 - - [27/Jul/2019:01:45:44 -0500] "GET /BLA/resoluciones/AUTOS%202017/1279.pdf HTTP/1.1" 304 -
66.249.64.19 - - [27/Jul/2019:01:45:46 -0500] "GET /BLA/resoluciones/AUTOS%202014/2503.pdf HTTP/1.1" 304 -
66.249.64.19 - - [27/Jul/2019:01:45:48 -0500] "GET /BLA/resoluciones/RESOLUCIONES%202011/0691.pdf HTTP/1.1" 304 -
66.249.64.19 - - [27/Jul/2019:01:45:49 -0500] "GET /BLA/resoluciones/RESOLUCIONES%202007/RES%202007%202501%20AL%202600/RESOLUCION%202591%20DE%202007.pdf HTTP/1.1" 304 -
66.249.64.19 - - [27/Jul/2019:01:45:51 -0500] "GET /BLA/resoluciones/AUTOS%202013/3303.pdf HTTP/1.1" 304 -
66.249.64.19 - - [27/Jul/2019:01:45:52 -0500] "GET /BLA/resoluciones/RESOLUCIONES%202009/7074.pdf HTTP/1.1" 304 -
66.249.64.19 - - [27/Jul/2019:01:45:55 -0500] "GET /BLA/resoluciones/RESOLUCIONES%202008/5590.pdf HTTP/1.1" 200 247543
66.249.64.19 - - [27/Jul/2019:01:45:56 -0500] "GET /BLA/resoluciones/RESOLUCIONES%202009/6313.pdf HTTP/1.1" 200 621757
66.249.64.19 - - [27/Jul/2019:01:45:58 -0500] "GET /BLA/resoluciones/RESOLUCIONES%202009/2146.pdf HTTP/1.1" 200 474743
66.249.64.19 - - [27/Jul/2019:01:45:59 -0500] "GET /BLA/resoluciones/RESOLUCIONES%202009/4694.pdf HTTP/1.1" 304 -
66.249.64.19 - - [27/Jul/2019:01:46:01 -0500] "GET /BLA/resoluciones/RESOLUCIONES%202009/2355.pdf HTTP/1.1" 200 469318
66.249.64.19 - - [27/Jul/2019:01:46:04 -0500] "GET /BLA/resoluciones/RESOLUCIONES%202010/6211.pdf HTTP/1.1" 200 577841
66.249.64.20 - - [27/Jul/2019:01:46:05 -0500] "GET /BLA/resoluciones/RESOLUCIONES%202011/4277.pdf HTTP/1.1" 304 -
66.249.64.19 - - [27/Jul/2019:01:46:06 -0500] "GET /BLA/resoluciones/RESOLUCIONES%202009/0094.pdf HTTP/1.1" 200 249394
66.249.64.19 - - [27/Jul/2019:01:46:08 -0500] "GET /BLA/resoluciones/RESOLUCIONES%202008/4310.pdf HTTP/1.1" 200 262657
66.249.64.19 - - [27/Jul/2019:01:46:09 -0500] "GET /BLA/resoluciones/AUTOS%202012/1665.pdf HTTP/1.1" 200 486893
69.162.124.233 - - [27/Jul/2019:01:46:42 -0500] "HEAD / HTTP/1.1" 200 -
66.249.64.20 - - [27/Jul/2019:01:47:00 -0500] "GET /BLA/resoluciones/RESOLUCIONES%202010/6935.pdf HTTP/1.1" 304 -
66.249.64.20 - - [27/Jul/2019:01:47:01 -0500] "GET /BLA/resoluciones/AUTOS%202015/0079.pdf HTTP/1.1" 304 -
66.249.64.117 - - [27/Jul/2019:01:47:04 -0500] "GET /robots.txt HTTP/1.1" 404 1015
66.249.64.19 - - [27/Jul/2019:01:47:11 -0500] "GET /BLA/resoluciones/RESOLUCIONES%202010/2569.pdf HTTP/1.1" 304 -
66.249.64.19 - - [27/Jul/2019:01:47:13 -0500] "GET /BLA/resoluciones/RESOLUCIONES%202009/2995.pdf HTTP/1.1" 200 607248
66.249.64.19 - - [27/Jul/2019:01:47:16 -0500] "GET /BLA/resoluciones/RESOLUCIONES%202009/3764.pdf HTTP/1.1" 200 51612
66.249.64.19 - - [27/Jul/2019:01:47:18 -0500] "GET /BLA/resoluciones/AUTOS%202014/7151.pdf HTTP/1.1" 304 -
66.249.64.19 - - [27/Jul/2019:01:47:24 -0500] "GET /BLA/resoluciones/AUTOS%202014/4669.pdf HTTP/1.1" 304 -
66.249.64.19 - - [27/Jul/2019:01:47:26 -0500] "GET /BLA/resoluciones/RESOLUCIONES%202009/0798.pdf HTTP/1.1" 200 350122
66.249.64.19 - - [27/Jul/2019:01:47:27 -0500] "GET /BLA/resoluciones/RESOLUCIONES%202009/9374.pdf HTTP/1.1" 200 544473
66.249.64.20 - - [27/Jul/2019:01:47:30 -0500] "GET /BLA/resoluciones/RESOLUCIONES%202008/3159.pdf HTTP/1.1" 200 226273
66.249.64.20 - - [27/Jul/2019:01:47:31 -0500] "GET /BLA/resoluciones/RESOLUCIONES%202016/1550.pdf HTTP/1.1" 200 404910
66.249.64.20 - - [27/Jul/2019:01:47:32 -0500] "GET /BLA/resoluciones/RESOLUCIONES%202009/4865.pdf HTTP/1.1" 200 727642
66.249.64.19 - - [27/Jul/2019:01:47:34 -0500] "GET /BLA/resoluciones/RESOLUCIONES%202010/5234.pdf HTTP/1.1" 200 778733
66.249.64.20 - - [27/Jul/2019:01:47:35 -0500] "GET /BLA/resoluciones/RESOLUCIONES%202017/0845.pdf HTTP/1.1" 200 389458
66.249.64.20 - - [27/Jul/2019:01:47:36 -0500] "GET /BLA/resoluciones/AUTOS%202012/2916.pdf HTTP/1.1" 200 3120757
66.249.64.19 - - [27/Jul/2019:01:47:38 -0500] "GET /BLA/resoluciones/AUTOS%202014/1197.pdf HTTP/1.1" 304 -
66.249.64.22 - - [27/Jul/2019:01:47:39 -0500] "GET /BLA/resoluciones/RESOLUCIONES%202009/5643.pdf HTTP/1.1" 200 675432
66.249.64.22 - - [27/Jul/2019:01:47:42 -0500] "GET /BLA/resoluciones/RESOLUCIONES%202010/2073.pdf HTTP/1.1" 200 205679
66.249.64.20 - - [27/Jul/2019:01:47:43 -0500] "GET /BLA/resoluciones/RESOLUCIONES%202009/5963.pdf HTTP/1.1" 200 70756
66.249.64.22 - - [27/Jul/2019:01:47:44 -0500] "GET /BLA/resoluciones/RESOLUCIONES%202015/2509.pdf HTTP/1.1" 200 1042779
66.249.64.20 - - [27/Jul/2019:01:47:45 -0500] "GET /BLA/resoluciones/RESOLUCIONES%202009/0389.pdf HTTP/1.1" 200 369015
66.249.64.25 - - [27/Jul/2019:01:47:47 -0500] "GET /BLA/resoluciones/RESOLUCIONES%202010/1594.pdf HTTP/1.1" 200 382216
66.249.64.25 - - [27/Jul/2019:01:47:48 -0500] "GET /BLA/resoluciones/RESOLUCIONES%202007/RES%202007%202101%20AL%202200/RESOLUCION%202118%20DE%202007.pdf HTTP/1.1" 200 339756
66.249.64.23 - - [27/Jul/2019:01:47:50 -0500] "GET /BLA/resoluciones/AUTOS%202014/3947.pdf HTTP/1.1" 304 -
66.249.64.23 - - [27/Jul/2019:01:47:52 -0500] "GET /BLA/resoluciones/RESOLUCIONES%202008/0587.pdf HTTP/1.1" 200 299356
66.249.64.20 - - [27/Jul/2019:01:47:53 -0500] "GET /BLA/resoluciones/AUTOS%202012/0456.pdf HTTP/1.1" 200 151119
66.249.64.22 - - [27/Jul/2019:01:47:55 -0500] "GET /BLA/resoluciones/RESOLUCIONES%202010/3632.pdf HTTP/1.1" 200 771579
66.249.64.19 - - [27/Jul/2019:01:47:56 -0500] "GET /BLA/resoluciones/RESOLUCIONES%202007/RES%202007%202401%20AL%202500/RESOLUCION%202498%20DE%202007.pdf HTTP/1.1" 304 -
66.249.64.25 - - [27/Jul/2019:01:47:57 -0500] "GET /BLA/resoluciones/RESOLUCIONES%202009/8027.pdf HTTP/1.1" 200 547904
66.249.64.27 - - [27/Jul/2019:01:47:59 -0500] "GET /BLA/resoluciones/AUTOS%202012/1767.pdf HTTP/1.1" 200 296570
66.249.64.24 - - [27/Jul/2019:01:48:01 -0500] "GET /BLA/resoluciones/AUTOS%202015/0494.pdf HTTP/1.1" 200 482480
66.249.64.19 - - [27/Jul/2019:01:48:02 -0500] "GET /BLA/resoluciones/RESOLUCIONES%202009/0332.pdf HTTP/1.1" 200 323162
66.249.64.23 - - [27/Jul/2019:01:48:03 -0500] "GET /BLA/resoluciones/AUTOS%202018/3090.pdf HTTP/1.1" 304 -
66.249.64.27 - - [27/Jul/2019:01:48:04 -0500] "GET /BLA/resoluciones/RESOLUCIONES%202009/7200.pdf HTTP/1.1" 200 1190394
66.249.64.22 - - [27/Jul/2019:01:48:06 -0500] "GET /BLA/resoluciones/RESOLUCIONES%202009/6617.pdf HTTP/1.1" 200 522241
66.249.64.117 - - [27/Jul/2019:01:48:00 -0500] "GET /POT-2013/Cartografia/Anexo01_Sistema_Hidrico.pdf HTTP/1.1" 200 5860035
192.168.175.104 - - [27/Jul/2019:01:48:07 -0500] "GET / HTTP/1.1" 200 9990
66.249.64.19 - - [27/Jul/2019:01:48:08 -0500] "GET /BLA/resoluciones/RESOLUCIONES%202009/4149.pdf HTTP/1.1" 200 773398
66.249.64.27 - - [27/Jul/2019:01:48:09 -0500] "GET /BLA/resoluciones/AUTOS%202010/5480.pdf HTTP/1.1" 200 345832
66.249.64.20 - - [27/Jul/2019:01:48:11 -0500] "GET /BLA/resoluciones/RESOLUCIONES%202009/9253.pdf HTTP/1.1" 200 154820
66.249.64.25 - - [27/Jul/2019:01:48:16 -0500] "GET /resoluciones/RESOLUCIONES%202009/0228.pdf HTTP/1.1" 404 1018
66.249.64.29 - - [27/Jul/2019:01:48:16 -0500] "GET /BLA/resoluciones/RESOLUCIONES%202009/3238.pdf HTTP/1.1" 200 849061
66.249.64.20 - - [27/Jul/2019:01:48:17 -0500] "GET /BLA/resoluciones/RESOLUCIONES%202010/7210.pdf HTTP/1.1" 304 -
66.249.64.28 - - [27/Jul/2019:01:48:18 -0500] "GET /BLA/resoluciones/RESOLUCIONES%202009/3350.pdf HTTP/1.1" 200 555689
66.249.64.26 - - [27/Jul/2019:01:48:21 -0500] "GET /BLA/resoluciones/RESOLUCIONES%202008/3285.pdf HTTP/1.1" 200 231187
66.249.64.19 - - [27/Jul/2019:01:48:21 -0500] "GET /BLA/resoluciones/AUTOS%202007/1426.pdf HTTP/1.1" 200 29439
66.249.64.24 - - [27/Jul/2019:01:48:22 -0500] "GET /BLA/resoluciones/RESOLUCIONES%202008/4192.pdf HTTP/1.1" 200 853876
66.249.64.25 - - [27/Jul/2019:01:48:26 -0500] "GET /BLA/resoluciones/RESOLUCIONES%202008/0150.pdf HTTP/1.1" 200 95011
66.249.64.19 - - [27/Jul/2019:01:48:26 -0500] "GET /BLA/resoluciones/RESOLUCIONES%202009/1115.pdf HTTP/1.1" 200 313106
66.249.64.26 - - [27/Jul/2019:01:48:27 -0500] "GET /BLA/resoluciones/RESOLUCIONES%202012/0593.pdf HTTP/1.1" 200 310113
54.36.150.47 - - [27/Jul/2019:01:48:48 -0500] "GET /BLA/resoluciones/RESOLUCIONES%202004/RES%202004%20101-150/00000105.tif HTTP/1.1" 200 419930
40.77.167.112 - - [27/Jul/2019:01:48:51 -0500] "GET / HTTP/1.1" 304 -
207.46.13.233 - - [27/Jul/2019:01:48:51 -0500] "GET /svr-ciudadano/ HTTP/1.1" 200 98877
66.249.64.20 - - [27/Jul/2019:01:48:57 -0500] "GET /BLA/resoluciones/AUTOS%202016/1202.pdf HTTP/1.1" 304 -
157.55.39.195 - - [27/Jul/2019:01:49:06 -0500] "GET /svr-ciudadano/css/bootstrap.min.css HTTP/1.1" 200 113498
157.55.39.195 - - [27/Jul/2019:01:49:06 -0500] "GET /svr-ciudadano/js/bootstrap.min.js HTTP/1.1" 200 35601
157.55.39.195 - - [27/Jul/2019:01:49:07 -0500] "GET /svr-ciudadano/js/dataTables.bootstrap.js HTTP/1.1" 200 4287
207.46.13.233 - - [27/Jul/2019:01:49:10 -0500] "GET /svr-ciudadano/css/dataTables.bootstrap.css HTTP/1.1" 200 7678
54.36.148.80 - - [27/Jul/2019:01:49:11 -0500] "GET /BLA/resoluciones/RESOLUCIONES%202002/RES%202002%201251-1301/20021290.tif HTTP/1.1" 200 103464
207.46.13.233 - - [27/Jul/2019:01:49:11 -0500] "GET /svr-ciudadano/js/jquery.dataTables.min.js HTTP/1.1" 200 153451
207.46.13.233 - - [27/Jul/2019:01:49:11 -0500] "GET /svr-ciudadano/js/jquery.min.js HTTP/1.1" 200 95786
66.249.64.24 - - [27/Jul/2019:01:49:19 -0500] "GET /BLA/resoluciones/RESOLUCIONES%202007/RES%202007%202701%20AL%202800/RESOLUCION%202779%20%20DE%202007.pdf HTTP/1.1" 304 -
216.244.66.195 - - [27/Jul/2019:01:49:25 -0500] "GET /robots.txt HTTP/1.1" 404 1018
66.249.64.22 - - [27/Jul/2019:01:49:47 -0500] "GET /BLA/resoluciones/RESOLUCIONES%202010/2002.pdf HTTP/1.1" 304 -
108.59.8.80 - - [27/Jul/2019:01:49:52 -0500] "GET /robots.txt HTTP/1.1" 404 1019
108.59.8.80 - - [27/Jul/2019:01:49:56 -0500] "GET / HTTP/1.1" 200 9990
66.249.64.19 - - [27/Jul/2019:01:50:09 -0500] "GET /BLA/resoluciones/RESOLUCIONES%202010/2469.pdf HTTP/1.1" 304 -
66.249.64.22 - - [27/Jul/2019:01:50:09 -0500] "GET /BLA/resoluciones/RESOLUCIONES%202008/1606.pdf HTTP/1.1" 304 -
66.249.64.22 - - [27/Jul/2019:01:50:09 -0500] "GET /BLA/resoluciones/RESOLUCIONES%202008/3315.pdf HTTP/1.1" 304 -
66.249.64.19 - - [27/Jul/2019:01:50:10 -0500] "GET /BLA/resoluciones/RESOLUCIONES%202011/3850.pdf HTTP/1.1" 304 -
66.249.64.19 - - [27/Jul/2019:01:50:12 -0500] "GET /BLA/resoluciones/AUTOS%202013/1669.pdf HTTP/1.1" 304 -
40.77.167.112 - - [27/Jul/2019:01:50:12 -0500] "GET /BLA/boletinlegal/Circulares/2017/Circular%20No.%202%20del%201%20de%20Septiembre%20de%202017.pdf HTTP/1.1" 200 152575
66.249.64.20 - - [27/Jul/2019:01:50:13 -0500] "GET /BLA/resoluciones/RESOLUCIONES%202007/RES%202007%201301%20AL%201400/RESOLUCION%201307%20DE%202007.pdf HTTP/1.1" 304 -
192.168.175.104 - - [27/Jul/2019:01:50:27 -0500] "GET / HTTP/1.0" 200 9990
66.249.64.20 - - [27/Jul/2019:01:50:37 -0500] "GET /BLA/resoluciones/RESOLUCIONES%202011/5341.pdf HTTP/1.1" 304 -
66.249.64.19 - - [27/Jul/2019:01:50:37 -0500] "GET /BLA/resoluciones/AUTOS%202012/1251.pdf HTTP/1.1" 304 -
66.249.64.20 - - [27/Jul/2019:01:50:37 -0500] "GET /BLA/resoluciones/RESOLUCIONES%202011/0346.pdf HTTP/1.1" 304 -
66.249.64.20 - - [27/Jul/2019:01:50:39 -0500] "GET /BLA/resoluciones/RESOLUCIONES%202008/3934.pdf HTTP/1.1" 304 -
66.249.64.20 - - [27/Jul/2019:01:50:40 -0500] "GET /BLA/resoluciones/RESOLUCIONES%202011/4434.pdf HTTP/1.1" 304 -
66.249.64.19 - - [27/Jul/2019:01:50:42 -0500] "GET /BLA/resoluciones/RESOLUCIONES%202008/0909.pdf HTTP/1.1" 304 -
66.249.64.19 - - [27/Jul/2019:01:50:43 -0500] "GET /BLA/resoluciones/RESOLUCIONES%202011/4707.pdf HTTP/1.1" 304 -
66.249.64.19 - - [27/Jul/2019:01:50:45 -0500] "GET /BLA/resoluciones/RESOLUCIONES%202007/RES%202007%20401%20AL%20500/RESOLUCION%200474%20DE%202007.pdf HTTP/1.1" 304 -
66.249.64.19 - - [27/Jul/2019:01:50:46 -0500] "GET /BLA/resoluciones/AUTOS%202013/0548.pdf HTTP/1.1" 200 1561211
66.249.64.19 - - [27/Jul/2019:01:50:49 -0500] "GET /BLA/resoluciones/AUTOS%202015/1692.pdf HTTP/1.1" 304 -
66.249.64.19 - - [27/Jul/2019:01:50:49 -0500] "GET /BLA/resoluciones/RESOLUCIONES%202010/3520.pdf HTTP/1.1" 200 356876
66.249.64.20 - - [27/Jul/2019:01:50:50 -0500] "GET /BLA/resoluciones/RESOLUCIONES%202007/RES%202007%202601%20AL%202700/RESOLUCION%202690%20DE%202007.pdf HTTP/1.1" 200 923122
66.249.64.20 - - [27/Jul/2019:01:50:52 -0500] "GET /BLA/resoluciones/RESOLUCIONES%202009/6139.pdf HTTP/1.1" 200 728912
66.249.64.19 - - [27/Jul/2019:01:50:53 -0500] "GET /BLA/resoluciones/RESOLUCIONES%202009/5072.pdf HTTP/1.1" 200 518453
66.249.64.20 - - [27/Jul/2019:01:50:55 -0500] "GET /BLA/resoluciones/AUTOS%202015/3023.pdf HTTP/1.1" 304 -
69.162.124.233 - - [27/Jul/2019:01:51:42 -0500] "HEAD / HTTP/1.1" 200 -
66.249.64.19 - - [27/Jul/2019:01:51:47 -0500] "GET /BLA/resoluciones/AUTOS%202013/0309.pdf HTTP/1.1" 304 -
66.249.64.20 - - [27/Jul/2019:01:51:48 -0500] "GET /BLA/resoluciones/AUTOS%202015/3815.pdf HTTP/1.1" 304 -
66.249.64.20 - - [27/Jul/2019:01:51:49 -0500] "GET /BLA/resoluciones/RESOLUCIONES%202008/1576.pdf HTTP/1.1" 304 -
66.249.64.20 - - [27/Jul/2019:01:51:51 -0500] "GET /BLA/resoluciones/RESOLUCIONES%202010/2890.pdf HTTP/1.1" 304 -
66.249.64.19 - - [27/Jul/2019:01:51:52 -0500] "GET /BLA/resoluciones/RESOLUCIONES%202011/1555.pdf HTTP/1.1" 304 -
66.249.64.19 - - [27/Jul/2019:01:51:54 -0500] "GET /BLA/resoluciones/RESOLUCIONES%202010/2411.pdf HTTP/1.1" 304 -
66.249.64.19 - - [27/Jul/2019:01:51:55 -0500] "GET /BLA/resoluciones/RESOLUCIONES%202007/RES%202007%20401%20AL%20500/RESOLUCION%200416%20DE%202007.pdf HTTP/1.1" 304 -
66.249.64.19 - - [27/Jul/2019:01:51:57 -0500] "GET /BLA/resoluciones/AUTOS%202010/6709.pdf HTTP/1.1" 200 212906
66.249.64.19 - - [27/Jul/2019:01:51:59 -0500] "GET /BLA/resoluciones/RESOLUCIONES%202009/8670.pdf HTTP/1.1" 200 119988
66.249.64.19 - - [27/Jul/2019:01:52:00 -0500] "GET /BLA/resoluciones/RESOLUCIONES%202011/5065.pdf HTTP/1.1" 304 -
66.249.64.19 - - [27/Jul/2019:01:52:02 -0500] "GET /BLA/resoluciones/RESOLUCIONES%202009/3300.pdf HTTP/1.1" 200 643140
66.249.64.19 - - [27/Jul/2019:01:52:04 -0500] "GET /BLA/resoluciones/RESOLUCIONES%202009/0063.pdf HTTP/1.1" 200 257646
66.249.64.19 - - [27/Jul/2019:01:52:05 -0500] "GET /BLA/resoluciones/RESOLUCIONES%202008/1395.pdf HTTP/1.1" 200 295365
66.249.64.20 - - [27/Jul/2019:01:52:07 -0500] "GET /BLA/resoluciones/RESOLUCIONES%202008/5466.pdf HTTP/1.1" 304 -
66.249.64.20 - - [27/Jul/2019:01:52:08 -0500] "GET /BLA/resoluciones/RESOLUCIONES%202009/0785.pdf HTTP/1.1" 200 272168
66.249.64.20 - - [27/Jul/2019:01:52:10 -0500] "GET /BLA/resoluciones/RESOLUCIONES%202008/4578.pdf HTTP/1.1" 200 31867
66.249.64.20 - - [27/Jul/2019:01:52:11 -0500] "GET /BLA/resoluciones/RESOLUCIONES%202009/8292.pdf HTTP/1.1" 200 528961
66.249.64.19 - - [27/Jul/2019:01:52:14 -0500] "GET /BLA/resoluciones/RESOLUCIONES%202007/RES%202007%203701%20AL%203800/RESOLUCION%203784%20DE%202007.pdf HTTP/1.1" 304 -
66.249.64.19 - - [27/Jul/2019:01:52:16 -0500] "GET /BLA/resoluciones/RESOLUCIONES%202009/9164.pdf HTTP/1.1" 200 437571
66.249.64.19 - - [27/Jul/2019:01:52:27 -0500] "GET /BLA/resoluciones/RESOLUCIONES%202011/1367.pdf HTTP/1.1" 200 615601
66.249.64.19 - - [27/Jul/2019:01:52:29 -0500] "GET /BLA/resoluciones/AUTOS%202007/3317.pdf HTTP/1.1" 200 177213
66.249.64.19 - - [27/Jul/2019:01:52:30 -0500] "GET /BLA/resoluciones/RESOLUCIONES%202009/7753.pdf HTTP/1.1" 200 342536
66.249.64.20 - - [27/Jul/2019:01:52:32 -0500] "GET /BLA/resoluciones/RESOLUCIONES%202010/6560.pdf HTTP/1.1" 304 -
66.249.64.19 - - [27/Jul/2019:01:52:33 -0500] "GET /BLA/resoluciones/RESOLUCIONES%202008/2866.pdf HTTP/1.1" 200 198953
66.249.64.19 - - [27/Jul/2019:01:52:34 -0500] "GET /BLA/resoluciones/RESOLUCIONES%202009/5316.pdf HTTP/1.1" 200 533861
66.249.64.19 - - [27/Jul/2019:01:52:36 -0500] "GET /BLA/resoluciones/AUTOS%202012/0545.pdf HTTP/1.1" 200 262908
66.249.64.19 - - [27/Jul/2019:01:52:42 -0500] "GET /BLA/resoluciones/RESOLUCIONES%202008/2573.pdf HTTP/1.1" 200 198853
66.249.64.113 - - [27/Jul/2019:01:52:44 -0500] "GET /POT-2013/Cartografia/35_cat_suelo_rural.pdf HTTP/1.1" 200 2648865
66.249.64.19 - - [27/Jul/2019:01:52:46 -0500] "GET /BLA/resoluciones/RESOLUCIONES%202007/RES%202007%202101%20AL%202200/RESOLUCION%202115%20DE%202007.pdf HTTP/1.1" 304 -
66.249.64.20 - - [27/Jul/2019:01:52:46 -0500] "GET /BLA/resoluciones/RESOLUCIONES%202008/0411.pdf HTTP/1.1" 200 991941
66.249.64.19 - - [27/Jul/2019:01:52:48 -0500] "GET /BLA/resoluciones/AUTOS%202007/3524.pdf HTTP/1.1" 200 242181
54.36.148.139 - - [27/Jul/2019:01:53:04 -0500] "GET /BLA/resoluciones/RESOLUCIONES%202003/RES%202003%202001-2051/20032038.tif HTTP/1.1" 200 990506
192.168.175.104 - - [27/Jul/2019:01:53:05 -0500] "GET / HTTP/1.1" 200 9990
54.36.150.16 - - [27/Jul/2019:01:53:34 -0500] "GET /BLA/resoluciones/RESOLUCIONES%202002/RES%202002%201001-1050/2002RES1041.tif HTTP/1.1" 200 332392
66.249.64.19 - - [27/Jul/2019:01:53:39 -0500] "GET /BLA/resoluciones/RESOLUCIONES%202009/3787.pdf HTTP/1.1" 200 372888
66.249.64.20 - - [27/Jul/2019:01:53:40 -0500] "GET /BLA/resoluciones/index.php?dir=AUTOS+2017%2F HTTP/1.1" 200 396576
66.249.64.20 - - [27/Jul/2019:01:53:41 -0500] "GET /BLA/resoluciones/AUTOS%202015/3983.pdf HTTP/1.1" 304 -
66.249.64.19 - - [27/Jul/2019:01:53:42 -0500] "GET /BLA/resoluciones/AUTOS%202016/0097.pdf HTTP/1.1" 304 -
66.249.64.19 - - [27/Jul/2019:01:53:46 -0500] "GET /siipev/Diseno%20de%20Elementos%20de%20Mobiliario%20Urbano/Otros%20Elementos/Infografia/Parte2/M-63.png HTTP/1.1" 304 -
66.249.64.20 - - [27/Jul/2019:01:53:59 -0500] "GET /BLA/resoluciones/RESOLUCIONES%202009/7434.pdf HTTP/1.1" 200 105922
66.249.64.19 - - [27/Jul/2019:01:54:00 -0500] "GET /BLA/resoluciones/AUTOS%202007/0177.pdf HTTP/1.1" 200 114127
66.249.64.19 - - [27/Jul/2019:01:54:01 -0500] "GET /BLA/resoluciones/RESOLUCIONES%202009/4497.pdf HTTP/1.1" 200 491083
66.249.64.19 - - [27/Jul/2019:01:54:02 -0500] "GET /BLA/resoluciones/RESOLUCIONES%202009/7515.pdf HTTP/1.1" 200 530343
66.249.64.20 - - [27/Jul/2019:01:54:05 -0500] "GET /BLA/resoluciones/RESOLUCIONES%202009/8569.pdf HTTP/1.1" 200 515668
66.249.64.27 - - [27/Jul/2019:01:54:06 -0500] "GET /BLA/boletinlegal/Circulares/2015/2015.pdf HTTP/1.1" 200 379
66.249.64.19 - - [27/Jul/2019:01:54:10 -0500] "GET /BLA/resoluciones/RESOLUCIONES%202013/0003.pdf HTTP/1.1" 304 -
216.244.66.197 - - [27/Jul/2019:01:54:58 -0500] "GET /robots.txt HTTP/1.1" 404 1019
192.168.175.104 - - [27/Jul/2019:01:55:25 -0500] "GET / HTTP/1.0" 200 9990
66.249.64.19 - - [27/Jul/2019:01:55:42 -0500] "GET /BLA/resoluciones/AUTOS%202015/0744.pdf HTTP/1.1" 304 -
66.249.64.28 - - [27/Jul/2019:01:55:44 -0500] "GET /POT-2013/Cartografia/35_cat_suelo_rural.pdf HTTP/1.1" 200 2648865
66.249.64.20 - - [27/Jul/2019:01:55:55 -0500] "GET /BLA/resoluciones/RESOLUCIONES%202007/RES%202007%202601%20AL%202700/RESOLUCION%202608%20DE%202007.pdf HTTP/1.1" 304 -
66.249.64.20 - - [27/Jul/2019:01:56:01 -0500] "GET /BLA/resoluciones/RESOLUCIONES%202012/0659.pdf HTTP/1.1" 304 -
202.53.137.69 - - [27/Jul/2019:01:56:08 -0500] "-" 408 -
66.249.64.19 - - [27/Jul/2019:01:56:13 -0500] "GET /BLA/resoluciones/RESOLUCIONES%202008/0745.pdf HTTP/1.1" 200 29744
66.249.64.19 - - [27/Jul/2019:01:56:21 -0500] "GET /BLA/resoluciones/RESOLUCIONES%202007/RES%202007%202001%20AL%202100/RESOLUCION%202080%20DE%202007.pdf HTTP/1.1" 304 -
202.53.137.69 - - [27/Jul/2019:01:56:30 -0500] "-" 408 -
66.249.64.113 - - [27/Jul/2019:01:56:25 -0500] "GET /POT-2013/Cartografia/13_Est_Ordenam_D.pdf HTTP/1.1" 200 6417967
69.162.124.233 - - [27/Jul/2019:01:56:42 -0500] "HEAD / HTTP/1.1" 200 -
46.229.168.141 - - [27/Jul/2019:01:56:52 -0500] "GET /robots.txt HTTP/1.1" 404 1019
202.53.137.69 - - [27/Jul/2019:01:56:52 -0500] "-" 408 -
46.229.168.138 - - [27/Jul/2019:01:56:52 -0500] "GET /Autoliquidacion/index.php?dir=TR%C3%83%C2%83%C3%82%C2%81MITES%2BAGUAS%2BSUBTERR%C3%83%C2%83%C3%82%C2%81NEAS%2F&order=desc&sort=name HTTP/1.1" 200 6654
207.46.13.116 - - [27/Jul/2019:01:57:32 -0500] "GET /BLA/boletinlegal/Circulares/2010/Circular%2005%20de%208%20de%20septiembre%20de%202010.pdf HTTP/1.1" 200 2146608
54.36.148.208 - - [27/Jul/2019:01:57:36 -0500] "GET /BLA/resoluciones/RESOLUCIONES%202003/RES%202003%201751-1800/20031796.tif HTTP/1.1" 200 91198
66.249.64.19 - - [27/Jul/2019:01:57:55 -0500] "GET /BLA/resoluciones/AUTOS%202017/2893.pdf HTTP/1.1" 200 287681
192.168.175.104 - - [27/Jul/2019:01:58:03 -0500] "GET / HTTP/1.1" 200 9990
66.249.64.19 - - [27/Jul/2019:01:58:19 -0500] "GET /BLA/resoluciones/RESOLUCIONES%202009/2645.pdf HTTP/1.1" 200 508909
66.249.64.29 - - [27/Jul/2019:01:58:35 -0500] "GET /Autoliquidacion/Solicitud%20de%20expedici%C3%B3n%20de%20certificados%20de%20estado%20de%20conservaci%C3%B3n%20ambiental%20(CECA)/formulario%20mejor.pdf HTTP/1.1" 200 82984
66.249.64.29 - - [27/Jul/2019:01:58:36 -0500] "GET /POT-2013/Cartografia/34_EST_ORDENAMIENTO%20PARA%20EL%20SUELO_RURAL.pdf HTTP/1.1" 200 3028053
66.249.64.19 - - [27/Jul/2019:01:59:05 -0500] "GET /BLA/resoluciones/RESOLUCIONES%202014/1998.pdf HTTP/1.1" 304 -
66.249.64.19 - - [27/Jul/2019:01:59:31 -0500] "GET /BLA/resoluciones/RESOLUCIONES%202013/0085.pdf HTTP/1.1" 304 -
66.249.64.19 - - [27/Jul/2019:02:00:04 -0500] "GET /BLA/resoluciones/AUTOS%202013/3504.pdf HTTP/1.1" 304 -
192.168.175.104 - - [27/Jul/2019:02:00:23 -0500] "GET / HTTP/1.0" 200 9990
66.249.64.19 - - [27/Jul/2019:02:00:35 -0500] "GET /BLA/resoluciones/RESOLUCIONES%202009/8192.pdf HTTP/1.1" 200 501069
66.249.64.19 - - [27/Jul/2019:02:00:49 -0500] "GET /BLA/resoluciones/RESOLUCIONES%202008/2296.pdf HTTP/1.1" 200 352811
54.36.149.33 - - [27/Jul/2019:02:00:51 -0500] "GET /autoliquidacion/index.php?dir=Permiso%20de%20ocupaci%C3%83%C2%83%C3%82%C2%83%C3%83%C2%82%C3%82%C2%83%C3%83%C2%83%C3%82%C2%82%C3%83%C2%82%C3%82%C2%B3n%20de%20cauce/&sort=name&order=asc HTTP/1.1" 200 6712
66.249.64.19 - - [27/Jul/2019:02:00:51 -0500] "GET /BLA/resoluciones/RESOLUCIONES%202008/0041.pdf HTTP/1.1" 200 342651
58.48.90.216 - - [27/Jul/2019:02:01:13 -0500] "-" 408 -
69.162.124.233 - - [27/Jul/2019:02:01:42 -0500] "HEAD / HTTP/1.1" 200 -
54.36.149.80 - - [27/Jul/2019:02:01:55 -0500] "GET /BLA/resoluciones/RESOLUCIONES%202003/RES%202003%20701-750/747.tif HTTP/1.1" 200 65496
66.249.64.19 - - [27/Jul/2019:02:02:20 -0500] "GET /BLA/resoluciones/RESOLUCIONES%202009/1782.pdf HTTP/1.1" 200 231458
66.249.64.19 - - [27/Jul/2019:02:02:31 -0500] "GET /BLA/resoluciones/RESOLUCIONES%202008/4699.pdf HTTP/1.1" 200 254765
119.98.190.200 - - [27/Jul/2019:02:02:37 -0500] "-" 408 -
192.168.175.104 - - [27/Jul/2019:02:03:02 -0500] "GET / HTTP/1.1" 200 9990
66.249.64.19 - - [27/Jul/2019:02:03:19 -0500] "GET /BLA/resoluciones/RESOLUCIONES%202010/1896.pdf HTTP/1.1" 200 684882
54.36.148.79 - - [27/Jul/2019:02:04:37 -0500] "GET /BLA/resoluciones/RESOLUCIONES%202006/RES%202006%202351-2400/00002385.tif HTTP/1.1" 200 117354
66.249.64.19 - - [27/Jul/2019:02:05:16 -0500] "GET /BLA/resoluciones/AUTOS%202012/1355.pdf HTTP/1.1" 200 158745
192.168.175.104 - - [27/Jul/2019:02:05:21 -0500] "GET / HTTP/1.0" 200 9990
186.33.174.121 - - [27/Jul/2019:02:05:28 -0500] "GET /BLA/resoluciones/RESOLUCIONES%202013/2700.pdf HTTP/1.1" 200 1222261
186.33.174.121 - - [27/Jul/2019:02:05:33 -0500] "GET /BLA/resoluciones/RESOLUCIONES%25202013/2700.pdf&ved=2ahUKEwiOgbv9w9TjAhVjuVkKHYeNCNcQFjABegQIABAC HTTP/1.1" 404 1120
186.33.174.121 - - [27/Jul/2019:02:05:33 -0500] "GET /BLA/resoluciones/RESOLUCIONES%202016/2102.pdf HTTP/1.1" 200 612622
186.33.174.121 - - [27/Jul/2019:02:05:37 -0500] "GET /BLA/resoluciones/RESOLUCIONES%25202016/2102.pdf&ved=2ahUKEwiOgbv9w9TjAhVjuVkKHYeNCNcQFjACegQIAxAC HTTP/1.1" 404 1120
23.100.232.233 - - [27/Jul/2019:02:06:04 -0500] "GET /galeria/galeria/jquery.fancybox.js?v=2.1.5 HTTP/1.1" 200 48706
23.100.232.233 - - [27/Jul/2019:02:06:04 -0500] "GET /BLA/boletinlegal/js/jquery.scrollShow.js HTTP/1.1" 200 4586
23.100.232.233 - - [27/Jul/2019:02:06:04 -0500] "GET /galeria/galeria/jquery.fancybox.css?v=2.1.5 HTTP/1.1" 200 4895
23.100.232.233 - - [27/Jul/2019:02:06:09 -0500] "GET /galeria/galeria/jquery.fancybox.js?v=2.1.5 HTTP/1.1" 200 48706
23.100.232.233 - - [27/Jul/2019:02:06:09 -0500] "GET /BLA/boletinlegal/js/jquery.scrollShow.js HTTP/1.1" 200 4586
23.100.232.233 - - [27/Jul/2019:02:06:09 -0500] "GET /galeria/galeria/jquery.fancybox.css?v=2.1.5 HTTP/1.1" 200 4895
69.162.124.233 - - [27/Jul/2019:02:06:42 -0500] "HEAD / HTTP/1.1" 200 -
190.84.154.212 - - [27/Jul/2019:02:07:23 -0500] "GET /BLA/boletinlegal/js/jquery.scrollShow.js HTTP/1.1" 200 4586
190.84.154.212 - - [27/Jul/2019:02:07:23 -0500] "GET /galeria/galeria/jquery.fancybox.js?v=2.1.5 HTTP/1.1" 200 48706
190.84.154.212 - - [27/Jul/2019:02:07:23 -0500] "GET /galeria/galeria/jquery.fancybox.css?v=2.1.5 HTTP/1.1" 200 4895
190.84.154.212 - - [27/Jul/2019:02:07:23 -0500] "GET /galeria/carrusel/Carrusel/jquery.thumbnailScroller.css HTTP/1.1" 200 2066
190.84.154.212 - - [27/Jul/2019:02:07:23 -0500] "GET /galeria/carrusel/Carrusel/jquery-ui-1.8.13.custom.min.js HTTP/1.1" 200 10800
190.84.154.212 - - [27/Jul/2019:02:07:23 -0500] "GET /galeria/carrusel/Carrusel/jquery.thumbnailScroller.js HTTP/1.1" 200 8157
66.249.64.19 - - [27/Jul/2019:02:07:23 -0500] "GET /BLA/resoluciones/AUTOS%202017/2904.pdf HTTP/1.1" 200 727451
190.84.154.212 - - [27/Jul/2019:02:07:24 -0500] "GET /galeria/nivo-slider/demo/demo.html HTTP/1.1" 200 4598
190.84.154.212 - - [27/Jul/2019:02:07:25 -0500] "GET /galeria/nivo-slider/themes/default/default.css HTTP/1.1" 200 1569
190.84.154.212 - - [27/Jul/2019:02:07:25 -0500] "GET /galeria/nivo-slider/themes/pascal/pascal.css HTTP/1.1" 200 2258
190.84.154.212 - - [27/Jul/2019:02:07:25 -0500] "GET /galeria/nivo-slider/themes/orman/orman.css HTTP/1.1" 200 2152
190.84.154.212 - - [27/Jul/2019:02:07:25 -0500] "GET /galeria/nivo-slider/nivo-slider.css HTTP/1.1" 200 1507
190.84.154.212 - - [27/Jul/2019:02:07:25 -0500] "GET /galeria/nivo-slider/demo/style.css HTTP/1.1" 200 2222
