66.102.8.85 - - [23/Aug/2019:04:21:32 -0500] "GET /galeria/galeria/jquery.fancybox.js?v=2.1.5 HTTP/1.1" 304 -
66.102.8.83 - - [23/Aug/2019:04:21:32 -0500] "GET /BLA/boletinlegal/js/jquery.scrollShow.js HTTP/1.1" 304 -
66.102.8.85 - - [23/Aug/2019:04:21:32 -0500] "GET /galeria/galeria/jquery.fancybox.css?v=2.1.5 HTTP/1.1" 304 -
66.249.65.222 - - [23/Aug/2019:04:22:25 -0500] "GET /BLA/resoluciones/RESOLUCIONES%202010/3397.pdf HTTP/1.1" 200 315462
178.63.13.154 - - [23/Aug/2019:04:22:31 -0500] "GET /robots.txt HTTP/1.1" 404 1019
178.63.13.154 - - [23/Aug/2019:04:22:46 -0500] "GET /POT-2013/index.php?dir=memoria%20justificativa/&sort=date&order=desc HTTP/1.1" 200 2483
66.249.65.222 - - [23/Aug/2019:04:22:51 -0500] "GET /BLA/resoluciones/AUTOS%202007/2803.pdf HTTP/1.1" 304 -
178.63.13.154 - - [23/Aug/2019:04:22:51 -0500] "GET /POT-2013/index.php?dir=memoria%20justificativa/&sort=name&order=asc HTTP/1.1" 200 2484
178.63.13.154 - - [23/Aug/2019:04:23:00 -0500] "GET /POT-2013/index.php?dir=memoria%20justificativa/&sort=name&order=desc HTTP/1.1" 200 2483
69.162.124.233 - - [23/Aug/2019:04:23:04 -0500] "HEAD / HTTP/1.1" 200 -
178.63.13.154 - - [23/Aug/2019:04:23:05 -0500] "GET /POT-2013/index.php?dir=memoria%20justificativa/&sort=size&order=asc HTTP/1.1" 200 2484
207.46.13.76 - - [23/Aug/2019:04:23:11 -0500] "GET /ecodirectorio/files/res/downloads/download_0098.pdf HTTP/1.1" 404 1015
66.249.65.222 - - [23/Aug/2019:04:23:16 -0500] "GET /BLA/resoluciones/AUTOS%202011/5651.pdf HTTP/1.1" 304 -
178.63.13.154 - - [23/Aug/2019:04:23:28 -0500] "GET /POT-2013/index.php?dir=memoria%20justificativa/&sort=size&order=desc HTTP/1.1" 200 2483
178.63.13.154 - - [23/Aug/2019:04:23:32 -0500] "GET /PruebasSTORM/?C=M;O=D HTTP/1.1" 200 1843
178.63.13.154 - - [23/Aug/2019:04:23:37 -0500] "GET /PruebasSTORM/?C=S;O=D HTTP/1.1" 200 1843
66.249.65.193 - - [23/Aug/2019:04:23:42 -0500] "GET /BLA/resoluciones/AUTOS%202015/1323.pdf HTTP/1.1" 304 -
178.63.13.154 - - [23/Aug/2019:04:23:55 -0500] "GET /PruebasSTORM/Pruebas/?C=D;O=D HTTP/1.1" 200 776
178.63.13.154 - - [23/Aug/2019:04:23:59 -0500] "GET /PruebasSTORM/Pruebas/?C=M;O=D HTTP/1.1" 200 776
66.249.88.125 - - [23/Aug/2019:04:24:00 -0500] "GET /autoliquidacion HTTP/1.1" 301 310
66.249.88.127 - - [23/Aug/2019:04:24:00 -0500] "GET /autoliquidacion/ HTTP/1.1" 200 6377
66.249.88.125 - - [23/Aug/2019:04:24:01 -0500] "GET /autoliquidacion/dlf/styles.css HTTP/1.1" 200 3045
66.249.88.123 - - [23/Aug/2019:04:24:01 -0500] "GET /autoliquidacion/dlf/folder.png HTTP/1.1" 200 410
66.249.88.127 - - [23/Aug/2019:04:24:01 -0500] "GET /autoliquidacion/dlf/bg.gif HTTP/1.1" 200 54
178.63.13.154 - - [23/Aug/2019:04:24:06 -0500] "GET /PruebasSTORM/Pruebas/?C=N;O=A HTTP/1.1" 200 776
66.249.65.223 - - [23/Aug/2019:04:24:08 -0500] "GET /BLA/resoluciones/RESOLUCIONES%202016/2090.pdf HTTP/1.1" 304 -
178.63.13.154 - - [23/Aug/2019:04:24:09 -0500] "GET /PruebasSTORM/Pruebas/?C=S;O=D HTTP/1.1" 200 776
66.249.88.127 - - [23/Aug/2019:04:24:12 -0500] "GET /galeria/galeria/jquery.fancybox.js?v=2.1.5 HTTP/1.1" 200 48706
66.249.88.125 - - [23/Aug/2019:04:24:13 -0500] "GET /galeria/galeria/fotos/Soratama1P.jpg HTTP/1.1" 200 9622
66.249.88.125 - - [23/Aug/2019:04:24:13 -0500] "GET /galeria/galeria/fotos/Soratama2P.jpg HTTP/1.1" 200 10548
66.249.88.123 - - [23/Aug/2019:04:24:13 -0500] "GET /galeria/galeria/fotos/Soratama3P.jpg HTTP/1.1" 200 11298
66.249.88.127 - - [23/Aug/2019:04:24:13 -0500] "GET /galeria/galeria/fotos/Soratama4P.jpg HTTP/1.1" 200 10482
66.249.88.123 - - [23/Aug/2019:04:24:14 -0500] "GET /autoliquidacion/index.php?dir=TR%C1MITES+ACEITES-RESIDUOS-ESTACIONES%2F HTTP/1.1" 200 3113
66.249.88.125 - - [23/Aug/2019:04:24:14 -0500] "GET /autoliquidacion/dlf/dirup.png HTTP/1.1" 200 644
66.249.88.127 - - [23/Aug/2019:04:24:14 -0500] "GET /autoliquidacion/dlf/html.gif HTTP/1.1" 200 632
178.63.13.154 - - [23/Aug/2019:04:24:15 -0500] "GET /PruebasSTORM/StormSDA_pruebas/?C=D;O=D HTTP/1.1" 200 3559
192.168.175.104 - - [23/Aug/2019:04:24:19 -0500] "GET / HTTP/1.0" 200 9990
5.255.250.75 - - [23/Aug/2019:04:24:34 -0500] "GET /PruebasSTORM/StormSDA_pruebas/userFiles/user_files/formulas/2/37.xml HTTP/1.1" 200 1106
178.63.13.154 - - [23/Aug/2019:04:24:35 -0500] "GET /PruebasSTORM/StormSDA_pruebas/?C=M;O=D HTTP/1.1" 200 3559
178.63.13.154 - - [23/Aug/2019:04:24:41 -0500] "GET /PruebasSTORM/StormSDA_pruebas/?C=N;O=A HTTP/1.1" 200 3559
178.63.13.154 - - [23/Aug/2019:04:24:58 -0500] "GET /PruebasSTORM/StormSDA_pruebas/?C=S;O=D HTTP/1.1" 200 3559
178.63.13.154 - - [23/Aug/2019:04:25:04 -0500] "GET /PruebasSTORM/StormSDA_pruebas/forms/?C=D;O=D HTTP/1.1" 200 3538
178.63.13.154 - - [23/Aug/2019:04:25:07 -0500] "GET /PruebasSTORM/StormSDA_pruebas/forms/?C=M;O=D HTTP/1.1" 200 3538
178.63.13.154 - - [23/Aug/2019:04:25:11 -0500] "GET /PruebasSTORM/StormSDA_pruebas/forms/?C=N;O=A HTTP/1.1" 200 3538
178.63.13.154 - - [23/Aug/2019:04:25:14 -0500] "GET /PruebasSTORM/StormSDA_pruebas/forms/?C=S;O=D HTTP/1.1" 200 3538
178.63.13.154 - - [23/Aug/2019:04:25:18 -0500] "GET /PruebasSTORM/StormSDA_pruebas/lib/?C=D;O=D HTTP/1.1" 200 6445
178.63.13.154 - - [23/Aug/2019:04:25:20 -0500] "GET /PruebasSTORM/StormSDA_pruebas/lib/?C=M;O=D HTTP/1.1" 200 6445
178.63.13.154 - - [23/Aug/2019:04:25:23 -0500] "GET /PruebasSTORM/StormSDA_pruebas/lib/?C=N;O=A HTTP/1.1" 200 6445
66.249.65.222 - - [23/Aug/2019:04:25:25 -0500] "GET /BLA/resoluciones/RESOLUCIONES%202014/2467.pdf HTTP/1.1" 304 -
178.63.13.154 - - [23/Aug/2019:04:25:26 -0500] "GET /PruebasSTORM/StormSDA_pruebas/lib/?C=S;O=D HTTP/1.1" 200 6445
178.63.13.154 - - [23/Aug/2019:04:25:32 -0500] "GET /PruebasSTORM/StormSDA_pruebas/lib/win32/?C=D;O=D HTTP/1.1" 200 1266
178.63.13.154 - - [23/Aug/2019:04:25:35 -0500] "GET /PruebasSTORM/StormSDA_pruebas/lib/win32/?C=M;O=D HTTP/1.1" 200 1266
178.63.13.154 - - [23/Aug/2019:04:25:44 -0500] "GET /PruebasSTORM/StormSDA_pruebas/lib/win32/?C=N;O=A HTTP/1.1" 200 1266
178.63.13.154 - - [23/Aug/2019:04:25:47 -0500] "GET /PruebasSTORM/StormSDA_pruebas/lib/win32/?C=S;O=D HTTP/1.1" 200 1266
66.249.65.193 - - [23/Aug/2019:04:25:51 -0500] "GET /BLA/resoluciones/AUTOS%202014/2143.pdf HTTP/1.1" 304 -
192.168.175.104 - - [23/Aug/2019:04:25:51 -0500] "GET / HTTP/1.1" 200 9990
178.63.13.154 - - [23/Aug/2019:04:25:52 -0500] "GET /PruebasSTORM/StormSDA_pruebas/nsjars/?C=D;O=D HTTP/1.1" 200 4116
178.63.13.154 - - [23/Aug/2019:04:25:54 -0500] "GET /PruebasSTORM/StormSDA_pruebas/nsjars/?C=M;O=D HTTP/1.1" 200 4116
66.249.88.127 - - [23/Aug/2019:04:25:58 -0500] "GET /galeria/mapa/humedal.html? HTTP/1.1" 200 13190
178.63.13.154 - - [23/Aug/2019:04:26:00 -0500] "GET /PruebasSTORM/StormSDA_pruebas/nsjars/?C=N;O=A HTTP/1.1" 200 4116
66.249.88.127 - - [23/Aug/2019:04:26:00 -0500] "GET /galeria/mapa/humedal2017.jpg HTTP/1.1" 200 644667
66.249.88.123 - - [23/Aug/2019:04:26:00 -0500] "GET /galeria/mapa/TORCA12.jpg HTTP/1.1" 200 24337
66.249.88.125 - - [23/Aug/2019:04:26:00 -0500] "GET /galeria/mapa/Guaymaral12.jpg HTTP/1.1" 200 53686
66.249.88.125 - - [23/Aug/2019:04:26:00 -0500] "GET /galeria/mapa/CONEJERA12.jpg HTTP/1.1" 200 21841
66.249.88.127 - - [23/Aug/2019:04:26:00 -0500] "GET /galeria/mapa/CORDOBA12.jpg HTTP/1.1" 200 23380
66.249.88.123 - - [23/Aug/2019:04:26:00 -0500] "GET /galeria/mapa/JUANAMARILLO12.jpg HTTP/1.1" 200 21131
66.249.88.125 - - [23/Aug/2019:04:26:01 -0500] "GET /galeria/mapa/SANTAMARIA22.jpg HTTP/1.1" 200 22321
66.249.88.125 - - [23/Aug/2019:04:26:01 -0500] "GET /galeria/mapa/JABOQUE12.jpg HTTP/1.1" 200 21815
66.249.88.127 - - [23/Aug/2019:04:26:01 -0500] "GET /galeria/mapa/capellania12.jpg HTTP/1.1" 200 22811
66.249.88.125 - - [23/Aug/2019:04:26:01 -0500] "GET /galeria/mapa/MEANDRO12.jpg HTTP/1.1" 200 22732
66.249.88.125 - - [23/Aug/2019:04:26:01 -0500] "GET /galeria/mapa/TECHO12.jpg HTTP/1.1" 200 27716
66.249.88.125 - - [23/Aug/2019:04:26:01 -0500] "GET /galeria/mapa/BURRO12.jpg HTTP/1.1" 200 24169
66.249.88.125 - - [23/Aug/2019:04:26:01 -0500] "GET /galeria/mapa/VACA12.jpg HTTP/1.1" 200 22491
66.249.88.125 - - [23/Aug/2019:04:26:01 -0500] "GET /galeria/mapa/TIBANICA12.jpg HTTP/1.1" 200 23039
66.249.88.123 - - [23/Aug/2019:04:26:01 -0500] "GET /galeria/mapa/Aula-Soratama.jpg HTTP/1.1" 200 51270
66.249.88.127 - - [23/Aug/2019:04:26:01 -0500] "GET /galeria/mapa/Aula-Nevados.jpg HTTP/1.1" 200 64761
66.249.88.123 - - [23/Aug/2019:04:26:01 -0500] "GET /galeria/mapa/Montana-Entrenubes.jpg HTTP/1.1" 200 42011
66.249.88.123 - - [23/Aug/2019:04:26:01 -0500] "GET /galeria/mapa/aulaSantaM.jpg HTTP/1.1" 200 69216
66.249.88.123 - - [23/Aug/2019:04:26:02 -0500] "GET /galeria/mapa/Humedal-salitre2.jpg HTTP/1.1" 200 58520
66.249.88.125 - - [23/Aug/2019:04:26:02 -0500] "GET /galeria/mapa/1Humedal-La-Isla.jpg HTTP/1.1" 200 60370
66.249.88.125 - - [23/Aug/2019:04:26:02 -0500] "GET /galeria/mapa/Humedal-tunjo.jpg HTTP/1.1" 200 46098
178.63.13.154 - - [23/Aug/2019:04:26:04 -0500] "GET /PruebasSTORM/StormSDA_pruebas/nsjars/?C=S;O=D HTTP/1.1" 200 4116
178.63.13.154 - - [23/Aug/2019:04:26:07 -0500] "GET /PruebasSTORM/StormSDA_pruebas/storm/?C=D;O=D HTTP/1.1" 200 5623
66.249.65.223 - - [23/Aug/2019:04:26:16 -0500] "GET /BLA/resoluciones/RESOLUCIONES%202010/6093.pdf HTTP/1.1" 304 -
178.63.13.154 - - [23/Aug/2019:04:26:18 -0500] "GET /PruebasSTORM/StormSDA_pruebas/storm/?C=M;O=D HTTP/1.1" 200 5623
178.63.13.154 - - [23/Aug/2019:04:26:31 -0500] "GET /PruebasSTORM/StormSDA_pruebas/storm/?C=N;O=A HTTP/1.1" 200 5623
178.63.13.154 - - [23/Aug/2019:04:26:35 -0500] "GET /PruebasSTORM/StormSDA_pruebas/storm/?C=S;O=D HTTP/1.1" 200 5623
66.249.65.223 - - [23/Aug/2019:04:26:42 -0500] "GET /BLA/resoluciones/AUTOS%202015/6782.pdf HTTP/1.1" 304 -
178.63.13.154 - - [23/Aug/2019:04:26:53 -0500] "GET /PruebasSTORM/StormSDA_pruebas/stormWeb/?C=D;O=D HTTP/1.1" 200 1475
178.63.13.154 - - [23/Aug/2019:04:26:59 -0500] "GET /PruebasSTORM/StormSDA_pruebas/stormWeb/?C=M;O=D HTTP/1.1" 200 1475
178.63.13.154 - - [23/Aug/2019:04:27:06 -0500] "GET /PruebasSTORM/StormSDA_pruebas/stormWeb/?C=N;O=A HTTP/1.1" 200 1475
66.249.65.222 - - [23/Aug/2019:04:27:08 -0500] "GET /BLA/resoluciones/AUTOS%202015/2106.pdf HTTP/1.1" 304 -
66.249.65.222 - - [23/Aug/2019:04:27:16 -0500] "GET /videos/galeria-cronicas/playlist.htm? HTTP/1.1" 200 8986
66.249.65.222 - - [23/Aug/2019:04:27:16 -0500] "GET /videos/galeria-cronicas/cronicas/NuestraGente20.theora.ogv HTTP/1.1" 404 1228
178.63.13.154 - - [23/Aug/2019:04:27:21 -0500] "GET /PruebasSTORM/StormSDA_pruebas/stormWeb/?C=S;O=D HTTP/1.1" 200 1475
178.63.13.154 - - [23/Aug/2019:04:27:22 -0500] "GET /PruebasSTORM/StormSDA_pruebas/stormWeb/img/?C=M;O=D HTTP/1.1" 200 2988
178.63.13.154 - - [23/Aug/2019:04:27:31 -0500] "GET /PruebasSTORM/StormSDA_pruebas/stormWeb/img/?C=S;O=D HTTP/1.1" 200 2988
178.63.13.154 - - [23/Aug/2019:04:27:35 -0500] "GET /PruebasSTORM/StormSDA_pruebas/storm_silv/?C=D;O=D HTTP/1.1" 200 5857
54.36.148.6 - - [23/Aug/2019:04:27:39 -0500] "GET /BLA/resoluciones/RESOLUCIONES%202003/RES%202003%201401-1450/20031416.tif HTTP/1.1" 200 219908
178.63.13.154 - - [23/Aug/2019:04:27:41 -0500] "GET /PruebasSTORM/StormSDA_pruebas/storm_silv/?C=M;O=D HTTP/1.1" 200 5857
178.63.13.154 - - [23/Aug/2019:04:27:43 -0500] "GET /PruebasSTORM/StormSDA_pruebas/storm_silv/?C=N;O=A HTTP/1.1" 200 5857
178.63.13.154 - - [23/Aug/2019:04:27:46 -0500] "GET /PruebasSTORM/StormSDA_pruebas/storm_silv/?C=S;O=D HTTP/1.1" 200 5857
178.63.13.154 - - [23/Aug/2019:04:27:51 -0500] "GET /PruebasSTORM/StormSDA_pruebas/userFiles/?C=D;O=D HTTP/1.1" 200 5500
178.63.13.154 - - [23/Aug/2019:04:27:53 -0500] "GET /PruebasSTORM/StormSDA_pruebas/userFiles/?C=M;O=D HTTP/1.1" 200 5500
178.63.13.154 - - [23/Aug/2019:04:27:57 -0500] "GET /PruebasSTORM/StormSDA_pruebas/userFiles/?C=N;O=A HTTP/1.1" 200 5500
69.162.124.233 - - [23/Aug/2019:04:28:04 -0500] "HEAD / HTTP/1.1" 200 -
178.63.13.154 - - [23/Aug/2019:04:28:18 -0500] "GET /PruebasSTORM/StormSDA_pruebas/userFiles/?C=S;O=D HTTP/1.1" 200 5500
178.63.13.154 - - [23/Aug/2019:04:28:23 -0500] "GET /PruebasSTORM/StormSDA_pruebas/userFiles/user_files/1/?C=D;O=D HTTP/1.1" 200 1754
66.249.65.222 - - [23/Aug/2019:04:28:25 -0500] "GET /BLA/resoluciones/RESOLUCIONES%202008/0531.pdf HTTP/1.1" 200 837326
178.63.13.154 - - [23/Aug/2019:04:28:28 -0500] "GET /PruebasSTORM/StormSDA_pruebas/userFiles/user_files/1/?C=M;O=D HTTP/1.1" 200 1754
201.245.192.253 - - [23/Aug/2019:04:27:59 -0500] "POST /kwsrmcab/Wsrmcab HTTP/1.1" 200 29325
178.63.13.154 - - [23/Aug/2019:04:28:37 -0500] "GET /PruebasSTORM/StormSDA_pruebas/userFiles/user_files/1/?C=N;O=A HTTP/1.1" 200 1754
178.63.13.154 - - [23/Aug/2019:04:28:49 -0500] "GET /PruebasSTORM/StormSDA_pruebas/userFiles/user_files/1/?C=S;O=D HTTP/1.1" 200 1754
178.63.13.154 - - [23/Aug/2019:04:28:54 -0500] "GET /PruebasSTORM/StormSDA_pruebas/userFiles/user_files/85/?C=D;O=D HTTP/1.1" 200 1756
178.63.13.154 - - [23/Aug/2019:04:29:10 -0500] "GET /PruebasSTORM/StormSDA_pruebas/userFiles/user_files/85/?C=M;O=D HTTP/1.1" 200 1756
192.168.175.104 - - [23/Aug/2019:04:29:16 -0500] "GET / HTTP/1.0" 200 9990
178.63.13.154 - - [23/Aug/2019:04:29:35 -0500] "GET /PruebasSTORM/StormSDA_pruebas/userFiles/user_files/85/?C=S;O=D HTTP/1.1" 200 1756
178.63.13.154 - - [23/Aug/2019:04:29:42 -0500] "GET /PruebasSTORM/StormSDA_pruebas/userFiles/user_files/86/?C=D;O=D HTTP/1.1" 200 1756
178.63.13.154 - - [23/Aug/2019:04:29:49 -0500] "GET /PruebasSTORM/StormSDA_pruebas/userFiles/user_files/86/?C=M;O=D HTTP/1.1" 200 1756
178.63.13.154 - - [23/Aug/2019:04:29:51 -0500] "GET /PruebasSTORM/StormSDA_pruebas/userFiles/user_files/86/?C=N;O=A HTTP/1.1" 200 1756
178.63.13.154 - - [23/Aug/2019:04:29:56 -0500] "GET /PruebasSTORM/StormSDA_pruebas/userFiles/user_files/86/?C=S;O=D HTTP/1.1" 200 1756
178.63.13.154 - - [23/Aug/2019:04:29:58 -0500] "GET /PruebasSTORM/StormSDA_pruebas/userFiles/user_files/87/?C=D;O=D HTTP/1.1" 200 1756
178.63.13.154 - - [23/Aug/2019:04:30:01 -0500] "GET /PruebasSTORM/StormSDA_pruebas/userFiles/user_files/87/?C=M;O=D HTTP/1.1" 200 1756
178.63.13.154 - - [23/Aug/2019:04:30:06 -0500] "GET /PruebasSTORM/StormSDA_pruebas/userFiles/user_files/87/?C=N;O=A HTTP/1.1" 200 1756
66.249.65.222 - - [23/Aug/2019:04:30:08 -0500] "GET /BLA/resoluciones/AUTOS%202016/2145.pdf HTTP/1.1" 200 283486
178.63.13.154 - - [23/Aug/2019:04:30:09 -0500] "GET /PruebasSTORM/StormSDA_pruebas/userFiles/user_files/87/?C=S;O=D HTTP/1.1" 200 1756
178.63.13.154 - - [23/Aug/2019:04:30:13 -0500] "GET /PruebasSTORM/StormSDA_pruebas/userFiles/user_files/88/?C=D;O=D HTTP/1.1" 200 1756
178.63.13.154 - - [23/Aug/2019:04:30:18 -0500] "GET /PruebasSTORM/StormSDA_pruebas/userFiles/user_files/88/?C=M;O=D HTTP/1.1" 200 1756
178.63.13.154 - - [23/Aug/2019:04:30:28 -0500] "GET /PruebasSTORM/StormSDA_pruebas/userFiles/user_files/88/?C=N;O=A HTTP/1.1" 200 1756
178.63.13.154 - - [23/Aug/2019:04:30:38 -0500] "GET /PruebasSTORM/StormSDA_pruebas/userFiles/user_files/88/?C=S;O=D HTTP/1.1" 200 1756
178.63.13.154 - - [23/Aug/2019:04:30:47 -0500] "GET /PruebasSTORM/StormSDA_pruebas/userFiles/user_files/89/?C=D;O=D HTTP/1.1" 200 1756
178.63.13.154 - - [23/Aug/2019:04:30:48 -0500] "GET /PruebasSTORM/StormSDA_pruebas/userFiles/user_files/89/?C=M;O=D HTTP/1.1" 200 1756
192.168.175.104 - - [23/Aug/2019:04:30:49 -0500] "GET / HTTP/1.1" 200 9990
178.63.13.154 - - [23/Aug/2019:04:30:54 -0500] "GET /PruebasSTORM/StormSDA_pruebas/userFiles/user_files/89/?C=N;O=A HTTP/1.1" 200 1756
178.63.13.154 - - [23/Aug/2019:04:31:00 -0500] "GET /PruebasSTORM/StormSDA_pruebas/userFiles/user_files/89/?C=S;O=D HTTP/1.1" 200 1756
66.249.65.222 - - [23/Aug/2019:04:31:00 -0500] "GET /BLA/resoluciones/RESOLUCIONES%202007/RES%202007%202201%20AL%202300/RESOLUCION%202282%20DE%202007.pdf HTTP/1.1" 304 -
178.63.13.154 - - [23/Aug/2019:04:31:11 -0500] "GET /PruebasSTORM/StormSDA_pruebas/userFiles/user_files/90/?C=D;O=D HTTP/1.1" 200 1756
178.63.13.154 - - [23/Aug/2019:04:31:17 -0500] "GET /PruebasSTORM/StormSDA_pruebas/userFiles/user_files/90/?C=M;O=D HTTP/1.1" 200 1756
66.249.65.223 - - [23/Aug/2019:04:31:25 -0500] "GET /BLA/resoluciones/AUTOS%202015/0417.pdf HTTP/1.1" 304 -
190.84.192.249 - - [23/Aug/2019:04:31:27 -0500] "GET /galeria/galeria/jquery.fancybox.css?v=2.1.5 HTTP/1.1" 200 4895
190.84.192.249 - - [23/Aug/2019:04:31:29 -0500] "GET /BLA/boletinlegal/js/jquery.scrollShow.js HTTP/1.1" 200 4586
190.84.192.249 - - [23/Aug/2019:04:31:29 -0500] "GET /galeria/galeria/jquery.fancybox.js?v=2.1.5 HTTP/1.1" 200 48706
178.63.13.154 - - [23/Aug/2019:04:31:30 -0500] "GET /PruebasSTORM/StormSDA_pruebas/userFiles/user_files/90/?C=N;O=A HTTP/1.1" 200 1756
178.63.13.154 - - [23/Aug/2019:04:31:42 -0500] "GET /PruebasSTORM/StormSDA_pruebas/userFiles/user_files/90/?C=S;O=D HTTP/1.1" 200 1756
178.63.13.154 - - [23/Aug/2019:04:31:47 -0500] "GET /PruebasSTORM/StormSDA_pruebas/userFiles/user_files/91/?C=D;O=D HTTP/1.1" 200 1756
178.63.13.154 - - [23/Aug/2019:04:31:51 -0500] "GET /PruebasSTORM/StormSDA_pruebas/userFiles/user_files/91/?C=N;O=A HTTP/1.1" 200 1756
178.63.13.154 - - [23/Aug/2019:04:31:55 -0500] "GET /PruebasSTORM/StormSDA_pruebas/userFiles/user_files/92/?C=D;O=D HTTP/1.1" 200 1756
178.63.13.154 - - [23/Aug/2019:04:31:59 -0500] "GET /PruebasSTORM/StormSDA_pruebas/userFiles/user_files/92/?C=M;O=D HTTP/1.1" 200 1756
178.63.13.154 - - [23/Aug/2019:04:32:01 -0500] "GET /PruebasSTORM/StormSDA_pruebas/userFiles/user_files/92/?C=N;O=A HTTP/1.1" 200 1756
178.63.13.154 - - [23/Aug/2019:04:32:04 -0500] "GET /PruebasSTORM/StormSDA_pruebas/userFiles/user_files/92/?C=S;O=D HTTP/1.1" 200 1756
178.63.13.154 - - [23/Aug/2019:04:32:10 -0500] "GET /PruebasSTORM/StormSDA_pruebas/userFiles/user_files/93/?C=D;O=D HTTP/1.1" 200 1756
178.63.13.154 - - [23/Aug/2019:04:32:14 -0500] "GET /PruebasSTORM/StormSDA_pruebas/userFiles/user_files/93/?C=M;O=D HTTP/1.1" 200 1756
66.249.65.222 - - [23/Aug/2019:04:32:17 -0500] "GET /BLA/resoluciones/AUTOS%202016/2770.pdf HTTP/1.1" 304 -
178.63.13.154 - - [23/Aug/2019:04:32:17 -0500] "GET /PruebasSTORM/StormSDA_pruebas/userFiles/user_files/93/?C=N;O=A HTTP/1.1" 200 1756
178.63.13.154 - - [23/Aug/2019:04:32:20 -0500] "GET /PruebasSTORM/StormSDA_pruebas/userFiles/user_files/93/?C=S;O=D HTTP/1.1" 200 1756
178.63.13.154 - - [23/Aug/2019:04:32:29 -0500] "GET /PruebasSTORM/StormSDA_pruebas/userFiles/user_files/94/?C=D;O=D HTTP/1.1" 200 1756
178.63.13.154 - - [23/Aug/2019:04:32:31 -0500] "GET /PruebasSTORM/StormSDA_pruebas/userFiles/user_files/94/?C=M;O=D HTTP/1.1" 200 1756
178.63.13.154 - - [23/Aug/2019:04:32:35 -0500] "GET /PruebasSTORM/StormSDA_pruebas/userFiles/user_files/94/?C=N;O=A HTTP/1.1" 200 1756
178.63.13.154 - - [23/Aug/2019:04:32:37 -0500] "GET /PruebasSTORM/StormSDA_pruebas/userFiles/user_files/94/?C=S;O=D HTTP/1.1" 200 1756
178.63.13.154 - - [23/Aug/2019:04:32:40 -0500] "GET /PruebasSTORM/StormSDA_pruebas/userFiles/user_files/95/?C=D;O=D HTTP/1.1" 200 1756
178.63.13.154 - - [23/Aug/2019:04:32:47 -0500] "GET /PruebasSTORM/StormSDA_pruebas/userFiles/user_files/95/?C=M;O=D HTTP/1.1" 200 1756
178.63.13.154 - - [23/Aug/2019:04:32:50 -0500] "GET /PruebasSTORM/StormSDA_pruebas/userFiles/user_files/95/?C=N;O=A HTTP/1.1" 200 1756
178.63.13.154 - - [23/Aug/2019:04:32:54 -0500] "GET /PruebasSTORM/StormSDA_pruebas/userFiles/user_files/95/?C=S;O=D HTTP/1.1" 200 1756
178.63.13.154 - - [23/Aug/2019:04:32:58 -0500] "GET /PruebasSTORM/StormSDA_pruebas/userFiles/user_files/96/?C=D;O=D HTTP/1.1" 200 1756
178.63.13.154 - - [23/Aug/2019:04:33:00 -0500] "GET /PruebasSTORM/StormSDA_pruebas/userFiles/user_files/96/?C=M;O=D HTTP/1.1" 200 1756
69.162.124.233 - - [23/Aug/2019:04:33:04 -0500] "HEAD / HTTP/1.1" 200 -
178.63.13.154 - - [23/Aug/2019:04:33:04 -0500] "GET /PruebasSTORM/StormSDA_pruebas/userFiles/user_files/96/?C=N;O=A HTTP/1.1" 200 1756
178.63.13.154 - - [23/Aug/2019:04:33:06 -0500] "GET /PruebasSTORM/StormSDA_pruebas/userFiles/user_files/96/?C=S;O=D HTTP/1.1" 200 1756
178.63.13.154 - - [23/Aug/2019:04:33:08 -0500] "GET /PruebasSTORM/StormSDA_pruebas/userFiles/user_files/97/?C=D;O=D HTTP/1.1" 200 1756
66.249.65.222 - - [23/Aug/2019:04:33:08 -0500] "GET /BLA/resoluciones/AUTOS%202015/1209.pdf HTTP/1.1" 304 -
178.63.13.154 - - [23/Aug/2019:04:33:19 -0500] "GET /PruebasSTORM/StormSDA_pruebas/userFiles/user_files/97/?C=M;O=D HTTP/1.1" 200 1756
178.63.13.154 - - [23/Aug/2019:04:33:25 -0500] "GET /PruebasSTORM/StormSDA_pruebas/userFiles/user_files/97/?C=N;O=A HTTP/1.1" 200 1756
178.63.13.154 - - [23/Aug/2019:04:33:29 -0500] "GET /PruebasSTORM/StormSDA_pruebas/userFiles/user_files/97/?C=S;O=D HTTP/1.1" 200 1756
66.249.65.222 - - [23/Aug/2019:04:33:34 -0500] "GET /BLA/resoluciones/AUTOS%202017/0232.pdf HTTP/1.1" 304 -
178.63.13.154 - - [23/Aug/2019:04:33:52 -0500] "GET /PruebasSTORM/StormSDA_pruebas/userFiles/user_files/98/?C=D;O=D HTTP/1.1" 200 1756
178.63.13.154 - - [23/Aug/2019:04:34:00 -0500] "GET /PruebasSTORM/StormSDA_pruebas/userFiles/user_files/98/?C=M;O=D HTTP/1.1" 200 1756
178.63.13.154 - - [23/Aug/2019:04:34:04 -0500] "GET /PruebasSTORM/StormSDA_pruebas/userFiles/user_files/98/?C=N;O=A HTTP/1.1" 200 1756
66.249.88.125 - - [23/Aug/2019:04:34:09 -0500] "GET /galeria/nivo-slider/demo/demo.html HTTP/1.1" 304 -
178.63.13.154 - - [23/Aug/2019:04:34:09 -0500] "GET /PruebasSTORM/StormSDA_pruebas/userFiles/user_files/98/?C=S;O=D HTTP/1.1" 200 1756
66.249.88.123 - - [23/Aug/2019:04:34:09 -0500] "GET /galeria/nivo-slider/demo/images/banner%20reciclaton%20agosto.jpg HTTP/1.1" 304 -
66.249.88.127 - - [23/Aug/2019:04:34:09 -0500] "GET /galeria/nivo-slider/demo/images/Banner%20web%20construccion%20sostenible.png HTTP/1.1" 304 -
178.63.13.154 - - [23/Aug/2019:04:34:12 -0500] "GET /PruebasSTORM/StormSDA_pruebas/userFiles/user_files/?C=D;O=D HTTP/1.1" 200 5906
192.168.175.104 - - [23/Aug/2019:04:34:14 -0500] "GET / HTTP/1.0" 200 9990
178.63.13.154 - - [23/Aug/2019:04:34:17 -0500] "GET /PruebasSTORM/StormSDA_pruebas/userFiles/user_files/?C=M;O=D HTTP/1.1" 200 5906
178.63.13.154 - - [23/Aug/2019:04:34:33 -0500] "GET /PruebasSTORM/StormSDA_pruebas/userFiles/user_files/?C=N;O=A HTTP/1.1" 200 5906
178.63.13.154 - - [23/Aug/2019:04:34:43 -0500] "GET /PruebasSTORM/StormSDA_pruebas/userFiles/user_files/?C=S;O=D HTTP/1.1" 200 5906
157.55.39.38 - - [23/Aug/2019:04:34:48 -0500] "GET /php/CarreraAdministrativa/HERRAMIENTA_EVALUACION_SDA1_NIVEL-PROFESIONAL2010.pdf HTTP/1.1" 404 1018
66.249.65.223 - - [23/Aug/2019:04:34:51 -0500] "GET /BLA/resoluciones/AUTOS%202016/0645.pdf HTTP/1.1" 200 656628
178.63.13.154 - - [23/Aug/2019:04:34:57 -0500] "GET /PruebasSTORM/StormSDA_pruebas/userFiles/user_files/formatos/?C=D;O=D HTTP/1.1" 200 12856
178.63.13.154 - - [23/Aug/2019:04:35:14 -0500] "GET /PruebasSTORM/StormSDA_pruebas/userFiles/user_files/formatos/?C=M;O=D HTTP/1.1" 200 12856
178.63.13.154 - - [23/Aug/2019:04:35:19 -0500] "GET /PruebasSTORM/StormSDA_pruebas/userFiles/user_files/formatos/?C=N;O=A HTTP/1.1" 200 12856
178.63.13.154 - - [23/Aug/2019:04:35:26 -0500] "GET /PruebasSTORM/StormSDA_pruebas/userFiles/user_files/formatos/?C=S;O=D HTTP/1.1" 200 12856
178.63.13.154 - - [23/Aug/2019:04:35:32 -0500] "GET /PruebasSTORM/StormSDA_pruebas/userFiles/user_files/formatos/eventos/?C=D;O=D HTTP/1.1" 200 917
178.63.13.154 - - [23/Aug/2019:04:35:35 -0500] "GET /PruebasSTORM/StormSDA_pruebas/userFiles/user_files/formatos/eventos/?C=M;O=D HTTP/1.1" 200 917
178.63.13.154 - - [23/Aug/2019:04:35:39 -0500] "GET /PruebasSTORM/StormSDA_pruebas/userFiles/user_files/formatos/eventos/?C=N;O=A HTTP/1.1" 200 917
192.168.175.104 - - [23/Aug/2019:04:35:47 -0500] "GET / HTTP/1.1" 200 9990
178.63.13.154 - - [23/Aug/2019:04:35:49 -0500] "GET /PruebasSTORM/StormSDA_pruebas/userFiles/user_files/formatos/eventos/?C=S;O=D HTTP/1.1" 200 917
178.63.13.154 - - [23/Aug/2019:04:35:53 -0500] "GET /PruebasSTORM/StormSDA_pruebas/userFiles/user_files/formulas/2/47.xml HTTP/1.1" 200 1218
186.84.21.79 - - [23/Aug/2019:04:35:53 -0500] "GET /galeria/galeria/jquery.fancybox.css?v=2.1.5 HTTP/1.1" 200 4895
186.84.21.79 - - [23/Aug/2019:04:35:53 -0500] "GET /galeria/galeria/jquery.fancybox.js?v=2.1.5 HTTP/1.1" 200 48706
186.84.21.79 - - [23/Aug/2019:04:35:53 -0500] "GET /BLA/boletinlegal/js/jquery.scrollShow.js HTTP/1.1" 200 4586
178.63.13.154 - - [23/Aug/2019:04:35:58 -0500] "GET /PruebasSTORM/StormSDA_pruebas/userFiles/user_files/formulas/2/?C=D;O=D HTTP/1.1" 200 11400
178.63.13.154 - - [23/Aug/2019:04:36:03 -0500] "GET /PruebasSTORM/StormSDA_pruebas/userFiles/user_files/formulas/2/?C=M;O=D HTTP/1.1" 200 11400
178.63.13.154 - - [23/Aug/2019:04:36:05 -0500] "GET /PruebasSTORM/StormSDA_pruebas/userFiles/user_files/formulas/2/?C=N;O=A HTTP/1.1" 200 11400
178.63.13.154 - - [23/Aug/2019:04:36:10 -0500] "GET /PruebasSTORM/StormSDA_pruebas/userFiles/user_files/formulas/2/?C=S;O=D HTTP/1.1" 200 11400
178.63.13.154 - - [23/Aug/2019:04:36:12 -0500] "GET /PruebasSTORM/StormSDA_pruebas/userFiles/user_files/formulas/3/348.xml HTTP/1.1" 200 863
178.63.13.154 - - [23/Aug/2019:04:36:16 -0500] "GET /PruebasSTORM/StormSDA_pruebas/userFiles/user_files/formulas/3/628.xml HTTP/1.1" 200 993
178.63.13.154 - - [23/Aug/2019:04:36:21 -0500] "GET /PruebasSTORM/StormSDA_pruebas/userFiles/user_files/formulas/3/659.xml HTTP/1.1" 200 1001
178.63.13.154 - - [23/Aug/2019:04:36:25 -0500] "GET /PruebasSTORM/StormSDA_pruebas/userFiles/user_files/formulas/3/?C=D;O=D HTTP/1.1" 200 111022
186.84.88.31 - - [23/Aug/2019:04:36:28 -0500] "GET /galeria/galeria/jquery.fancybox.css?v=2.1.5 HTTP/1.1" 200 4895
186.84.88.31 - - [23/Aug/2019:04:36:28 -0500] "GET /galeria/carrusel/Carrusel/jquery.thumbnailScroller.css HTTP/1.1" 200 2066
186.84.88.31 - - [23/Aug/2019:04:36:28 -0500] "GET /BLA/boletinlegal/js/jquery.scrollShow.js HTTP/1.1" 200 4586
186.84.88.31 - - [23/Aug/2019:04:36:28 -0500] "GET /galeria/galeria/jquery.fancybox.js?v=2.1.5 HTTP/1.1" 200 48706
186.84.88.31 - - [23/Aug/2019:04:36:28 -0500] "GET /BLA/boletinlegal/js/jquery.scrollShow.js HTTP/1.1" 200 4586
186.84.88.31 - - [23/Aug/2019:04:36:28 -0500] "GET /galeria/galeria/jquery.fancybox.js?v=2.1.5 HTTP/1.1" 200 48706
186.84.88.31 - - [23/Aug/2019:04:36:29 -0500] "GET /galeria/carrusel/Carrusel/jquery-ui-1.8.13.custom.min.js HTTP/1.1" 200 10800
186.84.88.31 - - [23/Aug/2019:04:36:29 -0500] "GET /galeria/carrusel/Carrusel/jquery.thumbnailScroller.js HTTP/1.1" 200 8157
186.84.88.31 - - [23/Aug/2019:04:36:29 -0500] "GET /galeria/carrusel/Carrusel/jquery.thumbnailScroller.js HTTP/1.1" 200 8157
178.63.13.154 - - [23/Aug/2019:04:36:28 -0500] "GET /PruebasSTORM/StormSDA_pruebas/userFiles/user_files/formulas/3/?C=M;O=A HTTP/1.1" 200 111022
186.84.88.31 - - [23/Aug/2019:04:36:29 -0500] "GET /galeria/nivo-slider/demo/demo.html HTTP/1.1" 200 4637
186.84.88.31 - - [23/Aug/2019:04:36:30 -0500] "GET /galeria/nivo-slider/themes/pascal/pascal.css HTTP/1.1" 200 2258
186.84.88.31 - - [23/Aug/2019:04:36:30 -0500] "GET /galeria/nivo-slider/themes/default/default.css HTTP/1.1" 200 1569
186.84.88.31 - - [23/Aug/2019:04:36:30 -0500] "GET /galeria/nivo-slider/nivo-slider.css HTTP/1.1" 200 1507
186.84.88.31 - - [23/Aug/2019:04:36:30 -0500] "GET /galeria/nivo-slider/themes/orman/orman.css HTTP/1.1" 200 2152
186.84.88.31 - - [23/Aug/2019:04:36:30 -0500] "GET /galeria/nivo-slider/demo/scripts/jquery-1.7.1.min.js HTTP/1.1" 200 93868
186.84.88.31 - - [23/Aug/2019:04:36:30 -0500] "GET /galeria/nivo-slider/demo/style.css HTTP/1.1" 200 2222
186.84.88.31 - - [23/Aug/2019:04:36:30 -0500] "GET /galeria/nivo-slider/jquery.nivo.slider.pack.js HTTP/1.1" 200 11561
186.84.88.31 - - [23/Aug/2019:04:36:30 -0500] "GET /galeria/nivo-slider/demo/images/banner%20reciclaton%20agosto.jpg HTTP/1.1" 200 244820
186.84.88.31 - - [23/Aug/2019:04:36:30 -0500] "GET /galeria/nivo-slider/demo/images/Banner%20web%20construccion%20sostenible.png HTTP/1.1" 200 380718
186.84.88.31 - - [23/Aug/2019:04:36:31 -0500] "GET /galeria/nivo-slider/demo/images/4Simple_Slider.png HTTP/1.1" 200 11722
186.84.88.31 - - [23/Aug/2019:04:36:31 -0500] "GET /galeria/nivo-slider/themes/default/loading.gif HTTP/1.1" 200 1737
186.84.88.31 - - [23/Aug/2019:04:36:31 -0500] "GET /galeria/nivo-slider/demo/images/banner%20lluvias.jpg HTTP/1.1" 200 254815
186.84.88.31 - - [23/Aug/2019:04:36:31 -0500] "GET /galeria/nivo-slider/demo/images/Banner%20impacto.jpg HTTP/1.1" 200 72695
186.84.88.31 - - [23/Aug/2019:04:36:32 -0500] "GET /galeria/nivo-slider/demo/images/puntos%20atencion%20BANNER.jpg HTTP/1.1" 200 244208
186.84.88.31 - - [23/Aug/2019:04:36:32 -0500] "GET /galeria/nivo-slider/demo/images/Banner%20caminatas%20agosto.png HTTP/1.1" 200 522896
178.63.13.154 - - [23/Aug/2019:04:36:32 -0500] "GET /PruebasSTORM/StormSDA_pruebas/userFiles/user_files/formulas/3/?C=M;O=D HTTP/1.1" 200 111022
186.84.88.31 - - [23/Aug/2019:04:36:33 -0500] "GET /galeria/nivo-slider/demo/images/Banner%20Visor%20Geografico%20Ambiental.jpg HTTP/1.1" 200 204673
186.84.88.31 - - [23/Aug/2019:04:36:33 -0500] "GET /galeria/nivo-slider/demo/images/Banner%20consumo%20sostenible%20final.jpg HTTP/1.1" 200 364746
186.84.88.31 - - [23/Aug/2019:04:36:33 -0500] "GET /galeria/nivo-slider/demo/images/bannersectorambiente.png HTTP/1.1" 200 308540
186.84.88.31 - - [23/Aug/2019:04:36:34 -0500] "GET /galeria/nivo-slider/demo/images/Banner%20RCD.jpg HTTP/1.1" 200 92197
186.84.88.31 - - [23/Aug/2019:04:36:34 -0500] "GET /galeria/nivo-slider/demo/images/Banner%20Conpes.jpg HTTP/1.1" 200 55220
186.84.88.31 - - [23/Aug/2019:04:36:34 -0500] "GET /galeria/nivo-slider/demo/images/Banner%20practicas%20sostenibles.jpg HTTP/1.1" 200 142958
66.249.65.223 - - [23/Aug/2019:04:36:34 -0500] "GET /sig/Manual%20de%20Procesos%20y%20Procedimientos/ANEXOS/126PM03%20-%20Gestion%20Ambiental/126PM03-PR04/Anexo%2010%20Relaci%C3%B3n%20de%20Elementos%20e%20Insumos%20Requeridos.xls HTTP/1.1" 404 1018
186.84.88.31 - - [23/Aug/2019:04:36:34 -0500] "GET /galeria/nivo-slider/demo/images/Banner%20POT.png HTTP/1.1" 200 418238
186.84.88.31 - - [23/Aug/2019:04:36:35 -0500] "GET /galeria/nivo-slider/demo/images/BANNER%20punto.jpg HTTP/1.1" 200 75932
186.84.88.31 - - [23/Aug/2019:04:36:35 -0500] "GET /galeria/nivo-slider/demo/images/Banneranonimos.png HTTP/1.1" 200 109388
186.84.88.31 - - [23/Aug/2019:04:36:35 -0500] "GET /galeria/nivo-slider/demo/images/banner-humedales-de-bogota.jpg HTTP/1.1" 200 292611
186.84.88.31 - - [23/Aug/2019:04:36:35 -0500] "GET /galeria/nivo-slider/demo/images/banner-bolsas-plasticas.jpg HTTP/1.1" 200 317939
178.63.13.154 - - [23/Aug/2019:04:36:35 -0500] "GET /PruebasSTORM/StormSDA_pruebas/userFiles/user_files/formulas/3/?C=N;O=A HTTP/1.1" 200 111022
186.84.88.31 - - [23/Aug/2019:04:36:36 -0500] "GET /galeria/nivo-slider/themes/default/arrows.png HTTP/1.1" 200 824
186.84.88.31 - - [23/Aug/2019:04:36:37 -0500] "GET /galeria/nivo-slider/themes/default/bullets.png HTTP/1.1" 200 1281
178.63.13.154 - - [23/Aug/2019:04:36:39 -0500] "GET /PruebasSTORM/StormSDA_pruebas/userFiles/user_files/formulas/3/?C=S;O=D HTTP/1.1" 200 111022
178.63.13.154 - - [23/Aug/2019:04:36:42 -0500] "GET /PruebasSTORM/StormSDA_pruebas/userFiles/user_files/formulas/4/?C=D;O=A HTTP/1.1" 200 905
178.63.13.154 - - [23/Aug/2019:04:36:44 -0500] "GET /PruebasSTORM/StormSDA_pruebas/userFiles/user_files/formulas/4/?C=D;O=D HTTP/1.1" 200 905
178.63.13.154 - - [23/Aug/2019:04:36:49 -0500] "GET /PruebasSTORM/StormSDA_pruebas/userFiles/user_files/formulas/4/?C=M;O=D HTTP/1.1" 200 905
178.63.13.154 - - [23/Aug/2019:04:37:01 -0500] "GET /PruebasSTORM/StormSDA_pruebas/userFiles/user_files/formulas/4/?C=N;O=A HTTP/1.1" 200 905
178.63.13.154 - - [23/Aug/2019:04:37:08 -0500] "GET /PruebasSTORM/StormSDA_pruebas/userFiles/user_files/formulas/4/?C=S;O=D HTTP/1.1" 200 905
178.63.13.154 - - [23/Aug/2019:04:37:16 -0500] "GET /PruebasSTORM/StormSDA_pruebas/userFiles/user_files/formulas/?C=D;O=A HTTP/1.1" 200 1507
190.24.59.161 - - [23/Aug/2019:04:37:18 -0500] "GET /galeria/galeria/jquery.fancybox.css?v=2.1.5 HTTP/1.1" 200 4895
190.24.59.161 - - [23/Aug/2019:04:37:18 -0500] "GET /BLA/boletinlegal/js/jquery.scrollShow.js HTTP/1.1" 200 4586
190.24.59.161 - - [23/Aug/2019:04:37:18 -0500] "GET /galeria/galeria/jquery.fancybox.js?v=2.1.5 HTTP/1.1" 200 48706
178.63.13.154 - - [23/Aug/2019:04:37:20 -0500] "GET /PruebasSTORM/StormSDA_pruebas/userFiles/user_files/formulas/?C=D;O=D HTTP/1.1" 200 1507
178.63.13.154 - - [23/Aug/2019:04:37:26 -0500] "GET /PruebasSTORM/StormSDA_pruebas/userFiles/user_files/formulas/?C=M;O=A HTTP/1.1" 200 1507
88.99.27.172 - - [23/Aug/2019:04:37:29 -0500] "GET /BLA/boletinlegal/directivas/2011/6.pdf HTTP/1.1" 200 996625
66.249.65.222 - - [23/Aug/2019:04:37:32 -0500] "GET /transparencia/financiera/Desagregado%20con%20modificaciones/? HTTP/1.1" 200 3465
178.63.13.154 - - [23/Aug/2019:04:37:32 -0500] "GET /PruebasSTORM/StormSDA_pruebas/userFiles/user_files/formulas/?C=M;O=D HTTP/1.1" 200 1507
178.63.13.154 - - [23/Aug/2019:04:37:36 -0500] "GET /PruebasSTORM/StormSDA_pruebas/userFiles/user_files/formulas/?C=N;O=A HTTP/1.1" 200 1507
178.63.13.154 - - [23/Aug/2019:04:37:43 -0500] "GET /PruebasSTORM/StormSDA_pruebas/userFiles/user_files/formulas/?C=N;O=D HTTP/1.1" 200 1507
186.84.88.31 - - [23/Aug/2019:04:37:44 -0500] "GET /BLA/boletinlegal/style.css HTTP/1.1" 200 9406
186.84.88.31 - - [23/Aug/2019:04:37:44 -0500] "GET /BLA/boletinlegal/styles2.css HTTP/1.1" 200 1838
186.84.88.31 - - [23/Aug/2019:04:37:44 -0500] "GET /BLA/boletinlegal/images/cabezote%20BLEGAL.jpg HTTP/1.1" 200 118164
186.84.88.31 - - [23/Aug/2019:04:37:44 -0500] "GET /BLA/boletinlegal/js/jquery.js HTTP/1.1" 200 57254
186.84.88.31 - - [23/Aug/2019:04:37:44 -0500] "GET /BLA/boletinlegal/js/jquery.scrollTo-min.js HTTP/1.1" 200 1150
186.84.88.31 - - [23/Aug/2019:04:37:44 -0500] "GET /BLA/boletinlegal/images/subscribe-icon-big.png HTTP/1.1" 200 47702
186.84.88.31 - - [23/Aug/2019:04:37:45 -0500] "GET /BLA/boletinlegal/images/historia.png HTTP/1.1" 200 52775
186.84.88.31 - - [23/Aug/2019:04:37:45 -0500] "GET /BLA/boletinlegal/images/registro-usuarios.png HTTP/1.1" 200 8106
186.84.88.31 - - [23/Aug/2019:04:37:45 -0500] "GET /BLA/boletinlegal/images/arr_l.jpg HTTP/1.1" 200 1979
186.84.88.31 - - [23/Aug/2019:04:37:45 -0500] "GET /BLA/boletinlegal/images/launch.jpg HTTP/1.1" 200 14577
186.84.88.31 - - [23/Aug/2019:04:37:45 -0500] "GET /BLA/boletinlegal/images/screen_1.png HTTP/1.1" 200 202547
186.84.88.31 - - [23/Aug/2019:04:37:45 -0500] "GET /BLA/boletinlegal/images/menu_lft.gif HTTP/1.1" 200 1713
186.84.88.31 - - [23/Aug/2019:04:37:45 -0500] "GET /BLA/boletinlegal/images/menu_rght.gif HTTP/1.1" 200 1627
186.84.88.31 - - [23/Aug/2019:04:37:45 -0500] "GET /BLA/boletinlegal/images/body_bg.jpg HTTP/1.1" 200 1601
186.84.88.31 - - [23/Aug/2019:04:37:45 -0500] "GET /BLA/boletinlegal/images/bg_top.jpg HTTP/1.1" 200 522
186.84.88.31 - - [23/Aug/2019:04:37:45 -0500] "GET /BLA/boletinlegal/images/text.jpg HTTP/1.1" 200 568
186.84.88.31 - - [23/Aug/2019:04:37:45 -0500] "GET /BLA/boletinlegal/images/hover.jpg HTTP/1.1" 200 640
186.84.88.31 - - [23/Aug/2019:04:37:45 -0500] "GET /BLA/boletinlegal/images/menu_bg.jpg HTTP/1.1" 200 620
178.63.13.154 - - [23/Aug/2019:04:37:48 -0500] "GET /PruebasSTORM/StormSDA_pruebas/userFiles/user_files/formulas/?C=S;O=A HTTP/1.1" 200 1507
186.84.88.31 - - [23/Aug/2019:04:37:49 -0500] "GET /BLA/boletinlegal/js/ajax_normativa.js HTTP/1.1" 200 1154
186.84.88.31 - - [23/Aug/2019:04:37:49 -0500] "GET /BLA/boletinlegal/niceforms.js HTTP/1.1" 200 22876
186.84.88.31 - - [23/Aug/2019:04:37:49 -0500] "GET /BLA/boletinlegal/niceforms-default.css HTTP/1.1" 200 6694
186.84.88.31 - - [23/Aug/2019:04:37:49 -0500] "GET /BLA/boletinlegal/normativa.php HTTP/1.1" 200 8156
186.84.88.31 - - [23/Aug/2019:04:37:49 -0500] "GET /BLA/boletinlegal/images/abajo.png HTTP/1.1" 200 96676
186.84.88.31 - - [23/Aug/2019:04:37:49 -0500] "GET /BLA/boletinlegal/images/tel.png HTTP/1.1" 200 14477
186.84.88.31 - - [23/Aug/2019:04:37:49 -0500] "GET /BLA/boletinlegal/images/footer_bg_l.jpg HTTP/1.1" 200 776
186.84.88.31 - - [23/Aug/2019:04:37:49 -0500] "GET /BLA/boletinlegal/images/icono-email.png HTTP/1.1" 200 5544
186.84.88.31 - - [23/Aug/2019:04:37:49 -0500] "GET /BLA/boletinlegal/images/footer_bg.jpg HTTP/1.1" 200 586
186.84.88.31 - - [23/Aug/2019:04:37:49 -0500] "GET /BLA/boletinlegal/img/0.png HTTP/1.1" 200 110
186.84.88.31 - - [23/Aug/2019:04:37:49 -0500] "GET /BLA/boletinlegal/img/select-left.png HTTP/1.1" 200 263
186.84.88.31 - - [23/Aug/2019:04:37:49 -0500] "GET /BLA/boletinlegal/img/button-left.png HTTP/1.1" 200 57071
186.84.88.31 - - [23/Aug/2019:04:37:49 -0500] "GET /BLA/boletinlegal/img/select-right.png HTTP/1.1" 200 44019
186.84.88.31 - - [23/Aug/2019:04:37:49 -0500] "GET /BLA/boletinlegal/img/button.png HTTP/1.1" 200 43241
186.84.88.31 - - [23/Aug/2019:04:37:50 -0500] "GET /BLA/boletinlegal/img/button-right.png HTTP/1.1" 200 57878
186.84.88.31 - - [23/Aug/2019:04:37:50 -0500] "GET /favicon.ico HTTP/1.1" 200 7782
178.63.13.154 - - [23/Aug/2019:04:37:51 -0500] "GET /PruebasSTORM/StormSDA_pruebas/userFiles/user_files/formulas/?C=S;O=D HTTP/1.1" 200 1507
178.63.13.154 - - [23/Aug/2019:04:37:56 -0500] "GET /PruebasSTORM/StormSDA_pruebas/userFiles/user_files/listas/107.xml HTTP/1.1" 200 321
186.84.88.31 - - [23/Aug/2019:04:37:44 -0500] "GET /BLA/boletinlegal/index.php? HTTP/1.1" 200 16331
186.84.88.31 - - [23/Aug/2019:04:38:00 -0500] "GET /BLA/boletinlegal/consulta_normativa.php?tipo=&sector=Aire&ano=2019&resuelve= HTTP/1.1" 200 454
178.63.13.154 - - [23/Aug/2019:04:38:00 -0500] "GET /PruebasSTORM/StormSDA_pruebas/userFiles/user_files/listas/230.xml HTTP/1.1" 200 603
186.84.88.31 - - [23/Aug/2019:04:38:04 -0500] "GET /BLA/boletinlegal/consulta_normativa.php?tipo=&sector=Aire&ano=2019&resuelve= HTTP/1.1" 200 454
69.162.124.233 - - [23/Aug/2019:04:38:04 -0500] "HEAD / HTTP/1.1" 200 -
178.63.13.154 - - [23/Aug/2019:04:38:05 -0500] "GET /PruebasSTORM/StormSDA_pruebas/userFiles/user_files/listas/?C=D;O=D HTTP/1.1" 200 49942
178.63.13.154 - - [23/Aug/2019:04:38:09 -0500] "GET /PruebasSTORM/StormSDA_pruebas/userFiles/user_files/listas/?C=M;O=D HTTP/1.1" 200 49942
178.63.13.154 - - [23/Aug/2019:04:38:16 -0500] "GET /PruebasSTORM/StormSDA_pruebas/userFiles/user_files/listas/?C=N;O=A HTTP/1.1" 200 49942
186.84.88.31 - - [23/Aug/2019:04:38:17 -0500] "GET /BLA/boletinlegal/consulta_normativa.php?tipo=Ley&sector=Aire&ano=2019&resuelve= HTTP/1.1" 200 454
178.63.13.154 - - [23/Aug/2019:04:38:20 -0500] "GET /PruebasSTORM/StormSDA_pruebas/userFiles/user_files/listas/?C=S;O=D HTTP/1.1" 200 49942
186.84.88.31 - - [23/Aug/2019:04:38:22 -0500] "GET /BLA/boletinlegal/consulta_normativa.php?tipo=Ley&sector=Aire&ano=2018&resuelve= HTTP/1.1" 200 454
186.84.88.31 - - [23/Aug/2019:04:38:26 -0500] "GET /BLA/boletinlegal/consulta_normativa.php?tipo=Ley&sector=Aire&ano=2017&resuelve= HTTP/1.1" 200 454
186.84.88.31 - - [23/Aug/2019:04:38:26 -0500] "GET /BLA/boletinlegal/consulta_normativa.php?tipo=Ley&sector=Aire&ano=2017&resuelve= HTTP/1.1" 200 454
186.84.88.31 - - [23/Aug/2019:04:38:27 -0500] "GET /BLA/boletinlegal/consulta_normativa.php?tipo=Ley&sector=Aire&ano=2017&resuelve= HTTP/1.1" 200 454
178.63.13.154 - - [23/Aug/2019:04:38:27 -0500] "GET /PruebasSTORM/silvicultura2Pruebas/?C=D;O=D HTTP/1.1" 200 1235
186.84.88.31 - - [23/Aug/2019:04:38:27 -0500] "GET /BLA/boletinlegal/consulta_normativa.php?tipo=Ley&sector=Aire&ano=2017&resuelve= HTTP/1.1" 200 454
186.84.88.31 - - [23/Aug/2019:04:38:30 -0500] "GET /BLA/boletinlegal/consulta_normativa.php?tipo=Ley&sector=Aire&ano=2016&resuelve= HTTP/1.1" 200 454
186.84.88.31 - - [23/Aug/2019:04:38:30 -0500] "GET /BLA/boletinlegal/consulta_normativa.php?tipo=Ley&sector=Aire&ano=2016&resuelve= HTTP/1.1" 200 454
178.63.13.154 - - [23/Aug/2019:04:38:31 -0500] "GET /PruebasSTORM/silvicultura2Pruebas/?C=M;O=D HTTP/1.1" 200 1235
201.245.192.253 - - [23/Aug/2019:04:37:59 -0500] "POST /kwsrmcab/Wsrmcab HTTP/1.1" 200 29325
186.84.88.31 - - [23/Aug/2019:04:38:36 -0500] "GET /BLA/boletinlegal/consulta_normativa.php?tipo=Decreto&sector=Aire&ano=2016&resuelve= HTTP/1.1" 200 454
178.63.13.154 - - [23/Aug/2019:04:38:36 -0500] "GET /PruebasSTORM/silvicultura2Pruebas/?C=N;O=A HTTP/1.1" 200 1235
186.84.88.31 - - [23/Aug/2019:04:38:38 -0500] "GET /BLA/boletinlegal/consulta_normativa.php?tipo=Decreto&sector=Aire&ano=2019&resuelve= HTTP/1.1" 200 454
178.63.13.154 - - [23/Aug/2019:04:38:40 -0500] "GET /PruebasSTORM/silvicultura2Pruebas/?C=S;O=D HTTP/1.1" 200 1235
186.84.88.31 - - [23/Aug/2019:04:38:40 -0500] "GET /BLA/boletinlegal/consulta_normativa.php?tipo=Decreto&sector=Aire&ano=2018&resuelve= HTTP/1.1" 200 454
186.84.88.31 - - [23/Aug/2019:04:38:42 -0500] "GET /BLA/boletinlegal/consulta_normativa.php?tipo=Decreto&sector=Aire&ano=2017&resuelve= HTTP/1.1" 200 454
178.63.13.154 - - [23/Aug/2019:04:38:42 -0500] "GET /SIG/index.php?dir=&sort=date&order=desc HTTP/1.1" 200 4513
186.84.88.31 - - [23/Aug/2019:04:38:45 -0500] "GET /BLA/boletinlegal/consulta_normativa.php?tipo=Decreto&sector=Aire&ano=2016&resuelve= HTTP/1.1" 200 454
178.63.13.154 - - [23/Aug/2019:04:38:46 -0500] "GET /SIG/index.php?dir=&sort=name&order=asc HTTP/1.1" 200 4514
186.84.88.31 - - [23/Aug/2019:04:38:49 -0500] "GET /BLA/boletinlegal/actos.php HTTP/1.1" 200 8778
186.84.88.31 - - [23/Aug/2019:04:38:49 -0500] "GET /BLA/boletinlegal/js/ajax_actos.js HTTP/1.1" 200 1322
186.84.88.31 - - [23/Aug/2019:04:38:49 -0500] "GET /BLA/boletinlegal/js/lib.js HTTP/1.1" 200 6474
186.84.88.31 - - [23/Aug/2019:04:38:49 -0500] "GET /BLA/boletinlegal/js/popup.js HTTP/1.1" 200 1270
186.84.88.31 - - [23/Aug/2019:04:38:50 -0500] "GET /BLA/boletinlegal/js/jquery1.js HTTP/1.1" 200 29846
186.84.88.31 - - [23/Aug/2019:04:38:50 -0500] "GET /BLA/boletinlegal/images/green-yellow-blue-pink-th.png HTTP/1.1" 200 7394
186.84.88.31 - - [23/Aug/2019:04:38:52 -0500] "GET /BLA/boletinlegal/doctrina.php HTTP/1.1" 200 5604
186.84.88.31 - - [23/Aug/2019:04:38:52 -0500] "GET /BLA/boletinlegal/js/ajax_doctrina.js HTTP/1.1" 200 772
186.84.88.31 - - [23/Aug/2019:04:38:52 -0500] "GET /BLA/boletinlegal/images/sub_ul_li.gif HTTP/1.1" 200 343
178.63.13.154 - - [23/Aug/2019:04:38:54 -0500] "GET /SIG/index.php?dir=&sort=name&order=desc HTTP/1.1" 200 4513
186.84.88.31 - - [23/Aug/2019:04:38:53 -0500] "GET /BLA/boletinlegal/jurisprudencia.php HTTP/1.1" 200 17573
186.84.88.31 - - [23/Aug/2019:04:38:54 -0500] "GET /BLA/boletinlegal/images/jurisprudencia.png HTTP/1.1" 200 66721
186.84.88.31 - - [23/Aug/2019:04:38:54 -0500] "GET /BLA/boletinlegal/images/hover.png HTTP/1.1" 200 59469
178.63.13.154 - - [23/Aug/2019:04:38:56 -0500] "GET /SIG/index.php?dir=&sort=size&order=desc HTTP/1.1" 200 4513
186.84.88.31 - - [23/Aug/2019:04:39:00 -0500] "GET /BLA/boletinlegal/conceptos.php HTTP/1.1" 200 7315
186.84.88.31 - - [23/Aug/2019:04:39:00 -0500] "GET /BLA/boletinlegal/js/ajax_conceptos.js HTTP/1.1" 200 1326
178.63.13.154 - - [23/Aug/2019:04:39:00 -0500] "GET /SIG/index.php?dir=Comunicaciones/&sort=date&order=asc HTTP/1.1" 200 2915
186.84.88.31 - - [23/Aug/2019:04:39:03 -0500] "GET /BLA/boletinlegal/normativa.php HTTP/1.1" 200 8156
66.249.65.222 - - [23/Aug/2019:04:39:09 -0500] "GET /BLA/resoluciones/RESOLUCIONES%202010/0821.pdf HTTP/1.1" 304 -
178.63.13.154 - - [23/Aug/2019:04:39:09 -0500] "GET /SIG/index.php?dir=Comunicaciones/&sort=date&order=desc HTTP/1.1" 200 2914
186.84.88.31 - - [23/Aug/2019:04:39:10 -0500] "GET /BLA/boletinlegal/consulta_normativa.php?tipo=Resolucion&sector=Aire&ano=&resuelve= HTTP/1.1" 200 949
186.84.88.31 - - [23/Aug/2019:04:39:10 -0500] "GET /BLA/boletinlegal/images/docs.png HTTP/1.1" 200 10288
192.168.175.104 - - [23/Aug/2019:04:39:11 -0500] "GET / HTTP/1.0" 200 9990
186.84.88.31 - - [23/Aug/2019:04:39:13 -0500] "GET /BLA/boletinlegal/consulta_normativa.php?tipo=Resolucion&sector=Aire&ano=2019&resuelve= HTTP/1.1" 200 454
186.84.88.31 - - [23/Aug/2019:04:39:13 -0500] "GET /BLA/boletinlegal/consulta_normativa.php?tipo=Resolucion&sector=Aire&ano=2019&resuelve= HTTP/1.1" 200 454
186.84.88.31 - - [23/Aug/2019:04:39:13 -0500] "GET /BLA/boletinlegal/consulta_normativa.php?tipo=Resolucion&sector=Aire&ano=2019&resuelve= HTTP/1.1" 200 454
186.84.88.31 - - [23/Aug/2019:04:39:15 -0500] "GET /BLA/boletinlegal/consulta_normativa.php?tipo=Resolucion&sector=Aire&ano=2018&resuelve= HTTP/1.1" 200 454
186.84.88.31 - - [23/Aug/2019:04:39:15 -0500] "GET /BLA/boletinlegal/consulta_normativa.php?tipo=Resolucion&sector=Aire&ano=2018&resuelve= HTTP/1.1" 200 454
186.84.88.31 - - [23/Aug/2019:04:39:16 -0500] "GET /BLA/boletinlegal/consulta_normativa.php?tipo=Resolucion&sector=Aire&ano=2018&resuelve= HTTP/1.1" 200 454
178.63.13.154 - - [23/Aug/2019:04:39:16 -0500] "GET /SIG/index.php?dir=Comunicaciones/&sort=name&order=asc HTTP/1.1" 200 2915
178.63.13.154 - - [23/Aug/2019:04:39:18 -0500] "GET /SIG/index.php?dir=Comunicaciones/&sort=name&order=desc HTTP/1.1" 200 2914
178.63.13.154 - - [23/Aug/2019:04:39:21 -0500] "GET /SIG/index.php?dir=Comunicaciones/&sort=size&order=asc HTTP/1.1" 200 2915
186.84.88.31 - - [23/Aug/2019:04:39:26 -0500] "GET /BLA/boletinlegal/consulta_normativa.php?tipo=Resolucion&sector=Aire&ano=2018&resuelve=ruido HTTP/1.1" 200 454
178.63.13.154 - - [23/Aug/2019:04:39:26 -0500] "GET /SIG/index.php?dir=Comunicaciones/&sort=size&order=desc HTTP/1.1" 200 2914
186.84.88.31 - - [23/Aug/2019:04:39:27 -0500] "GET /BLA/boletinlegal/consulta_normativa.php?tipo=Resolucion&sector=Aire&ano=2018&resuelve=ruido HTTP/1.1" 200 454
178.63.13.154 - - [23/Aug/2019:04:39:29 -0500] "GET /SIG/index.php?dir=Control%20Disciplinario/&sort=date&order=asc HTTP/1.1" 200 2704
186.84.88.31 - - [23/Aug/2019:04:39:30 -0500] "GET /BLA/boletinlegal/consulta_normativa.php?tipo=Resolucion&sector=Aire&ano=2014&resuelve=ruido HTTP/1.1" 200 454
186.84.88.31 - - [23/Aug/2019:04:39:31 -0500] "GET /BLA/boletinlegal/consulta_normativa.php?tipo=Resolucion&sector=Aire&ano=2014&resuelve=ruido HTTP/1.1" 200 454
66.249.65.222 - - [23/Aug/2019:04:39:35 -0500] "GET /BLA/resoluciones/AUTOS%202015/6935.pdf HTTP/1.1" 200 687307
186.84.88.31 - - [23/Aug/2019:04:39:35 -0500] "GET /BLA/boletinlegal/consulta_normativa.php?tipo=Resolucion&sector=Aire&ano=2012&resuelve=ruido HTTP/1.1" 200 454
186.84.88.31 - - [23/Aug/2019:04:39:35 -0500] "GET /BLA/boletinlegal/consulta_normativa.php?tipo=Resolucion&sector=Aire&ano=2012&resuelve=ruido HTTP/1.1" 200 454
178.63.13.154 - - [23/Aug/2019:04:39:36 -0500] "GET /SIG/index.php?dir=Control%20Disciplinario/&sort=date&order=desc HTTP/1.1" 200 2703
178.63.13.154 - - [23/Aug/2019:04:39:44 -0500] "GET /SIG/index.php?dir=Control%20Disciplinario/&sort=name&order=asc HTTP/1.1" 200 2704
186.84.88.31 - - [23/Aug/2019:04:39:44 -0500] "GET /BLA/boletinlegal/consulta_normativa.php?tipo=Resolucion&sector=vertimientos&ano=2012&resuelve=ruido HTTP/1.1" 200 454
178.63.13.154 - - [23/Aug/2019:04:39:51 -0500] "GET /SIG/index.php?dir=Control%20Disciplinario/&sort=name&order=desc HTTP/1.1" 200 2703
222.186.190.88 - - [23/Aug/2019:04:39:53 -0500] "GET / HTTP/1.1" 200 9990
186.84.88.31 - - [23/Aug/2019:04:39:57 -0500] "GET /BLA/boletinlegal/consulta_normativa.php?tipo=Ley&sector=vertimientos&ano=2018&resuelve= HTTP/1.1" 200 454
178.63.13.154 - - [23/Aug/2019:04:40:00 -0500] "GET /SIG/index.php?dir=Control%20Disciplinario/&sort=size&order=asc HTTP/1.1" 200 2704
66.249.65.222 - - [23/Aug/2019:04:40:00 -0500] "GET /BLA/resoluciones/AUTOS%202014/7302.pdf HTTP/1.1" 200 1916927
178.63.13.154 - - [23/Aug/2019:04:40:03 -0500] "GET /SIG/index.php?dir=Control%20Disciplinario/&sort=size&order=desc HTTP/1.1" 200 2703
186.84.88.31 - - [23/Aug/2019:04:40:08 -0500] "GET /BLA/boletinlegal/images/screen_2.png HTTP/1.1" 200 362502
186.84.88.31 - - [23/Aug/2019:04:40:08 -0500] "GET /BLA/boletinlegal/images/screen_3.png HTTP/1.1" 200 210620
186.84.88.31 - - [23/Aug/2019:04:40:08 -0500] "GET /BLA/boletinlegal/images/screen_5.png HTTP/1.1" 200 368876
186.84.88.31 - - [23/Aug/2019:04:40:08 -0500] "GET /BLA/boletinlegal/images/arr_r.jpg HTTP/1.1" 200 1998
186.84.88.31 - - [23/Aug/2019:04:40:15 -0500] "GET /BLA/boletinlegal/images/pdf.gif HTTP/1.1" 200 567
178.63.13.154 - - [23/Aug/2019:04:40:16 -0500] "GET /SIG/index.php?dir=Control%20y%20mejora/Control%20y%20mejora/&sort=size&order=desc HTTP/1.1" 200 2842
178.63.13.154 - - [23/Aug/2019:04:40:19 -0500] "GET /SIG/index.php?dir=Direccionamiento%20Estrategico/&sort=date&order=asc HTTP/1.1" 200 3946
178.63.13.154 - - [23/Aug/2019:04:40:22 -0500] "GET /SIG/index.php?dir=Direccionamiento%20Estrategico/&sort=date&order=desc HTTP/1.1" 200 3945
66.249.65.222 - - [23/Aug/2019:04:40:26 -0500] "GET /BLA/resoluciones/RESOLUCIONES%202007/RES%202007%201001%20AL%201100/RESOLUCION%201041%20DE%202007.pdf HTTP/1.1" 200 313429
178.63.13.154 - - [23/Aug/2019:04:40:30 -0500] "GET /SIG/index.php?dir=Direccionamiento%20Estrategico/&sort=name&order=asc HTTP/1.1" 200 3946
178.63.13.154 - - [23/Aug/2019:04:40:37 -0500] "GET /SIG/index.php?dir=Direccionamiento%20Estrategico/&sort=name&order=desc HTTP/1.1" 200 3945
178.63.13.154 - - [23/Aug/2019:04:40:40 -0500] "GET /SIG/index.php?dir=Direccionamiento%20Estrategico/&sort=size&order=asc HTTP/1.1" 200 3946
178.63.13.154 - - [23/Aug/2019:04:40:43 -0500] "GET /SIG/index.php?dir=Direccionamiento%20Estrategico/&sort=size&order=desc HTTP/1.1" 200 3945
192.168.175.104 - - [23/Aug/2019:04:40:45 -0500] "GET / HTTP/1.1" 200 9990
178.63.13.154 - - [23/Aug/2019:04:40:50 -0500] "GET /SIG/index.php?dir=ECS/&sort=date&order=desc HTTP/1.1" 200 16569
66.249.65.222 - - [23/Aug/2019:04:40:52 -0500] "GET /BLA/resoluciones/RESOLUCIONES%202010/5937.pdf HTTP/1.1" 304 -
178.63.13.154 - - [23/Aug/2019:04:41:00 -0500] "GET /SIG/index.php?dir=ECS/&sort=name&order=asc HTTP/1.1" 200 16570
66.249.65.222 - - [23/Aug/2019:04:41:17 -0500] "GET /BLA/resoluciones/RESOLUCIONES%202007/RES%202007%202101%20AL%202200/RESOLUCION%202174%20DE%202007.pdf HTTP/1.1" 200 934975
186.84.88.31 - - [23/Aug/2019:04:40:01 -0500] "GET /BLA/boletinlegal/index.php HTTP/1.1" 200 67122
186.84.88.31 - - [23/Aug/2019:04:41:34 -0500] "GET /BLA/boletinlegal/images/img_1.jpg HTTP/1.1" 200 8067
186.84.88.31 - - [23/Aug/2019:04:41:34 -0500] "GET /BLA/boletinlegal/images/img_3.jpg HTTP/1.1" 200 1841
178.63.13.154 - - [23/Aug/2019:04:41:36 -0500] "GET /SIG/index.php?dir=ECS/&sort=size&order=desc HTTP/1.1" 200 16569
