191.109.179.107 - - [24/Aug/2019:14:49:16 -0500] "GET /galeria/nivo-slider/demo/images/Banner%20Conpes.jpg HTTP/1.1" 200 55220
66.249.66.153 - - [24/Aug/2019:14:49:25 -0500] "GET /BLA/resoluciones/RESOLUCIONES%202010/0113.pdf HTTP/1.1" 200 492542
191.109.179.107 - - [24/Aug/2019:14:49:26 -0500] "GET /galeria/nivo-slider/demo/images/Banner%20Conpes.jpg HTTP/1.1" 200 55220
191.109.179.107 - - [24/Aug/2019:14:49:26 -0500] "GET /galeria/nivo-slider/demo/images/Banner%20practicas%20sostenibles.jpg HTTP/1.1" 200 142958
54.36.148.68 - - [24/Aug/2019:14:49:29 -0500] "GET /BLA/resoluciones/RESOLUCIONES%202006/RES%202006%202451-2500/00002457.tif HTTP/1.1" 200 40202
216.244.66.197 - - [24/Aug/2019:14:49:29 -0500] "GET /robots.txt HTTP/1.1" 404 1019
192.168.175.104 - - [24/Aug/2019:14:49:34 -0500] "GET / HTTP/1.1" 200 9990
191.109.179.107 - - [24/Aug/2019:14:49:36 -0500] "GET /galeria/nivo-slider/demo/images/Banner%20practicas%20sostenibles.jpg HTTP/1.1" 200 142958
191.109.179.107 - - [24/Aug/2019:14:49:36 -0500] "GET /galeria/nivo-slider/demo/images/Banner%20POT.png HTTP/1.1" 200 418238
191.109.179.107 - - [24/Aug/2019:14:49:46 -0500] "GET /galeria/nivo-slider/demo/images/BANNER%20punto.jpg HTTP/1.1" 200 75932
191.109.179.107 - - [24/Aug/2019:14:49:46 -0500] "GET /galeria/nivo-slider/demo/images/Banner%20POT.png HTTP/1.1" 200 418238
191.109.179.107 - - [24/Aug/2019:14:49:56 -0500] "GET /galeria/nivo-slider/demo/images/BANNER%20punto.jpg HTTP/1.1" 200 75932
191.109.179.107 - - [24/Aug/2019:14:49:56 -0500] "GET /galeria/nivo-slider/demo/images/Banneranonimos.png HTTP/1.1" 200 109388
66.249.66.153 - - [24/Aug/2019:14:50:00 -0500] "GET /BLA/resoluciones/AUTOS%202015/3086.pdf HTTP/1.1" 304 -
191.109.179.107 - - [24/Aug/2019:14:50:06 -0500] "GET /galeria/nivo-slider/demo/images/Banneranonimos.png HTTP/1.1" 200 109388
191.109.179.107 - - [24/Aug/2019:14:50:06 -0500] "GET /galeria/nivo-slider/demo/images/banner-humedales-de-bogota.jpg HTTP/1.1" 200 292611
191.109.179.107 - - [24/Aug/2019:14:50:16 -0500] "GET /galeria/nivo-slider/demo/images/banner-humedales-de-bogota.jpg HTTP/1.1" 200 292611
191.109.179.107 - - [24/Aug/2019:14:50:16 -0500] "GET /galeria/nivo-slider/demo/images/banner-bolsas-plasticas.jpg HTTP/1.1" 200 317939
69.162.124.233 - - [24/Aug/2019:14:50:19 -0500] "HEAD / HTTP/1.1" 200 -
191.109.179.107 - - [24/Aug/2019:14:50:26 -0500] "GET /galeria/nivo-slider/demo/images/banner-bolsas-plasticas.jpg HTTP/1.1" 200 317939
191.109.179.107 - - [24/Aug/2019:14:50:26 -0500] "GET /galeria/nivo-slider/demo/images/banner%20reciclaton%20agosto.jpg HTTP/1.1" 200 244820
66.249.66.153 - - [24/Aug/2019:14:50:36 -0500] "GET /BLA/resoluciones/Notificaciones/AUTOS%202015/1732.doc HTTP/1.1" 304 -
191.109.179.107 - - [24/Aug/2019:14:50:36 -0500] "GET /galeria/nivo-slider/demo/images/banner%20reciclaton%20agosto.jpg HTTP/1.1" 200 244820
191.109.179.107 - - [24/Aug/2019:14:50:36 -0500] "GET /galeria/nivo-slider/demo/images/Banner%20web%20construccion%20sostenible.png HTTP/1.1" 200 380718
191.109.179.107 - - [24/Aug/2019:14:50:46 -0500] "GET /galeria/nivo-slider/demo/images/Banner%20web%20construccion%20sostenible.png HTTP/1.1" 200 380718
191.109.179.107 - - [24/Aug/2019:14:50:46 -0500] "GET /galeria/nivo-slider/demo/images/puntos%20atencion%20BANNER.jpg HTTP/1.1" 200 244208
191.109.179.107 - - [24/Aug/2019:14:50:56 -0500] "GET /galeria/nivo-slider/demo/images/puntos%20atencion%20BANNER.jpg HTTP/1.1" 200 244208
191.109.179.107 - - [24/Aug/2019:14:50:56 -0500] "GET /galeria/nivo-slider/demo/images/Banner%20caminatas%20agosto.png HTTP/1.1" 200 522896
186.27.131.243 - - [24/Aug/2019:14:51:05 -0500] "GET /galeria/galeria/jquery.fancybox.css?v=2.1.5 HTTP/1.1" 200 4895
191.109.179.107 - - [24/Aug/2019:14:51:06 -0500] "GET /galeria/nivo-slider/demo/images/Banner%20caminatas%20agosto.png HTTP/1.1" 200 522896
186.27.131.243 - - [24/Aug/2019:14:51:06 -0500] "GET /BLA/boletinlegal/js/jquery.scrollShow.js HTTP/1.1" 200 4586
191.109.179.107 - - [24/Aug/2019:14:51:06 -0500] "GET /galeria/nivo-slider/demo/images/Banner%20Visor%20Geografico%20Ambiental.jpg HTTP/1.1" 200 204673
186.27.131.243 - - [24/Aug/2019:14:51:07 -0500] "GET /galeria/galeria/jquery.fancybox.js?v=2.1.5 HTTP/1.1" 200 48706
66.249.66.155 - - [24/Aug/2019:14:51:11 -0500] "GET /Caja%20Herramientas%20PIGA/Doc%20Secretaria%20General/Lineamiento%202%20Pol%C3%ADtica%20y%20Objetivos%20SIG.pdf HTTP/1.1" 304 -
191.109.179.107 - - [24/Aug/2019:14:51:16 -0500] "GET /galeria/nivo-slider/demo/images/Banner%20Visor%20Geografico%20Ambiental.jpg HTTP/1.1" 200 204673
191.109.179.107 - - [24/Aug/2019:14:51:16 -0500] "GET /galeria/nivo-slider/demo/images/Banner%20consumo%20sostenible%20final.jpg HTTP/1.1" 200 364746
192.168.175.104 - - [24/Aug/2019:14:51:23 -0500] "GET / HTTP/1.0" 200 9990
191.109.179.107 - - [24/Aug/2019:14:51:26 -0500] "GET /galeria/nivo-slider/demo/images/Banner%20consumo%20sostenible%20final.jpg HTTP/1.1" 200 364746
191.109.179.107 - - [24/Aug/2019:14:51:26 -0500] "GET /galeria/nivo-slider/demo/images/bannersectorambiente.png HTTP/1.1" 200 308540
186.119.84.12 - - [24/Aug/2019:14:51:32 -0500] "GET /galeria/galeria/jquery.fancybox.css?v=2.1.5 HTTP/1.1" 200 4895
186.119.84.12 - - [24/Aug/2019:14:51:32 -0500] "GET /BLA/boletinlegal/js/jquery.scrollShow.js HTTP/1.1" 200 4586
186.119.84.12 - - [24/Aug/2019:14:51:32 -0500] "GET /galeria/galeria/jquery.fancybox.js?v=2.1.5 HTTP/1.1" 200 48706
66.249.88.125 - - [24/Aug/2019:14:51:35 -0500] "GET /galeria/galeria/jquery.fancybox.css?v=2.1.5 HTTP/1.1" 200 4895
66.249.88.123 - - [24/Aug/2019:14:51:35 -0500] "GET /galeria/galeria/jquery.fancybox.js?v=2.1.5 HTTP/1.1" 200 48706
66.249.88.125 - - [24/Aug/2019:14:51:35 -0500] "GET /BLA/boletinlegal/js/jquery.scrollShow.js HTTP/1.1" 200 4586
191.109.179.107 - - [24/Aug/2019:14:51:36 -0500] "GET /galeria/nivo-slider/demo/images/bannersectorambiente.png HTTP/1.1" 200 308540
191.109.179.107 - - [24/Aug/2019:14:51:36 -0500] "GET /galeria/nivo-slider/demo/images/Banner%20RCD.jpg HTTP/1.1" 200 92197
191.109.179.107 - - [24/Aug/2019:14:51:46 -0500] "GET /galeria/nivo-slider/demo/images/Banner%20RCD.jpg HTTP/1.1" 200 92197
191.109.179.107 - - [24/Aug/2019:14:51:46 -0500] "GET /galeria/nivo-slider/demo/images/Banner%20Conpes.jpg HTTP/1.1" 200 55220
66.249.66.153 - - [24/Aug/2019:14:51:47 -0500] "GET /BLA/resoluciones/RESOLUCIONES%202014/2525.pdf HTTP/1.1" 304 -
200.122.207.26 - - [24/Aug/2019:14:51:52 -0500] "GET /galeria/mapa/humedal2017.jpg HTTP/1.1" 200 644667
191.109.179.107 - - [24/Aug/2019:14:51:56 -0500] "GET /galeria/nivo-slider/demo/images/Banner%20Conpes.jpg HTTP/1.1" 200 55220
191.109.179.107 - - [24/Aug/2019:14:51:56 -0500] "GET /galeria/nivo-slider/demo/images/Banner%20practicas%20sostenibles.jpg HTTP/1.1" 200 142958
64.233.172.145 - - [24/Aug/2019:14:52:00 -0500] "GET /BLA/boletinlegal/js/jquery.scrollShow.js HTTP/1.1" 304 -
64.233.172.147 - - [24/Aug/2019:14:52:00 -0500] "GET /galeria/galeria/jquery.fancybox.css?v=2.1.5 HTTP/1.1" 304 -
64.233.172.145 - - [24/Aug/2019:14:52:00 -0500] "GET /galeria/galeria/jquery.fancybox.js?v=2.1.5 HTTP/1.1" 304 -
64.233.172.147 - - [24/Aug/2019:14:52:00 -0500] "GET /galeria/galeria/jquery.fancybox.js?v=2.1.5 HTTP/1.1" 304 -
191.109.179.107 - - [24/Aug/2019:14:52:06 -0500] "GET /galeria/nivo-slider/demo/images/Banner%20practicas%20sostenibles.jpg HTTP/1.1" 200 142958
191.109.179.107 - - [24/Aug/2019:14:52:06 -0500] "GET /galeria/nivo-slider/demo/images/Banner%20POT.png HTTP/1.1" 200 418238
191.109.179.107 - - [24/Aug/2019:14:52:16 -0500] "GET /galeria/nivo-slider/demo/images/Banner%20POT.png HTTP/1.1" 200 418238
191.109.179.107 - - [24/Aug/2019:14:52:16 -0500] "GET /galeria/nivo-slider/demo/images/BANNER%20punto.jpg HTTP/1.1" 200 75932
66.249.66.153 - - [24/Aug/2019:14:52:22 -0500] "GET /BLA/resoluciones/AUTOS%202016/0399.pdf HTTP/1.1" 304 -
191.109.179.107 - - [24/Aug/2019:14:52:26 -0500] "GET /galeria/nivo-slider/demo/images/BANNER%20punto.jpg HTTP/1.1" 200 75932
191.109.179.107 - - [24/Aug/2019:14:52:26 -0500] "GET /galeria/nivo-slider/demo/images/Banneranonimos.png HTTP/1.1" 200 109388
190.131.240.101 - - [24/Aug/2019:14:52:27 -0500] "GET /BLA/resoluciones/AUTOS%202013/0477.pdf HTTP/1.1" 200 774205
191.109.179.107 - - [24/Aug/2019:14:52:36 -0500] "GET /galeria/nivo-slider/demo/images/Banneranonimos.png HTTP/1.1" 200 109388
191.109.179.107 - - [24/Aug/2019:14:52:36 -0500] "GET /galeria/nivo-slider/demo/images/banner-humedales-de-bogota.jpg HTTP/1.1" 200 292611
190.85.164.162 - - [24/Aug/2019:14:52:41 -0500] "GET /BLA/resoluciones/RESOLUCIONES%202007/RES%202007%201901%20AL%202000/RESOLUCION%201903%20DE%202007.pdf HTTP/1.1" 200 195777
190.85.164.162 - - [24/Aug/2019:14:52:41 -0500] "GET /favicon.ico HTTP/1.1" 200 7782
191.109.179.107 - - [24/Aug/2019:14:52:46 -0500] "GET /galeria/nivo-slider/demo/images/banner-humedales-de-bogota.jpg HTTP/1.1" 200 292611
191.109.179.107 - - [24/Aug/2019:14:52:46 -0500] "GET /galeria/nivo-slider/demo/images/banner-bolsas-plasticas.jpg HTTP/1.1" 200 317939
216.244.66.195 - - [24/Aug/2019:14:52:53 -0500] "GET /robots.txt HTTP/1.1" 404 1018
191.109.179.107 - - [24/Aug/2019:14:52:56 -0500] "GET /galeria/nivo-slider/demo/images/banner-bolsas-plasticas.jpg HTTP/1.1" 200 317939
191.109.179.107 - - [24/Aug/2019:14:52:56 -0500] "GET /galeria/nivo-slider/demo/images/banner%20reciclaton%20agosto.jpg HTTP/1.1" 200 244820
191.109.179.107 - - [24/Aug/2019:14:53:06 -0500] "GET /galeria/nivo-slider/demo/images/banner%20reciclaton%20agosto.jpg HTTP/1.1" 200 244820
191.109.179.107 - - [24/Aug/2019:14:53:06 -0500] "GET /galeria/nivo-slider/demo/images/Banner%20web%20construccion%20sostenible.png HTTP/1.1" 200 380718
191.109.179.107 - - [24/Aug/2019:14:53:16 -0500] "GET /galeria/nivo-slider/demo/images/Banner%20web%20construccion%20sostenible.png HTTP/1.1" 200 380718
191.109.179.107 - - [24/Aug/2019:14:53:17 -0500] "GET /galeria/nivo-slider/demo/images/puntos%20atencion%20BANNER.jpg HTTP/1.1" 200 244208
191.109.179.107 - - [24/Aug/2019:14:53:26 -0500] "GET /galeria/nivo-slider/demo/images/puntos%20atencion%20BANNER.jpg HTTP/1.1" 200 244208
191.109.179.107 - - [24/Aug/2019:14:53:26 -0500] "GET /galeria/nivo-slider/demo/images/Banner%20caminatas%20agosto.png HTTP/1.1" 200 522896
191.109.179.107 - - [24/Aug/2019:14:53:36 -0500] "GET /galeria/nivo-slider/demo/images/Banner%20caminatas%20agosto.png HTTP/1.1" 200 522896
191.109.179.107 - - [24/Aug/2019:14:53:36 -0500] "GET /galeria/nivo-slider/demo/images/Banner%20Visor%20Geografico%20Ambiental.jpg HTTP/1.1" 200 204673
191.109.179.107 - - [24/Aug/2019:14:53:46 -0500] "GET /galeria/nivo-slider/demo/images/Banner%20Visor%20Geografico%20Ambiental.jpg HTTP/1.1" 200 204673
191.109.179.107 - - [24/Aug/2019:14:53:46 -0500] "GET /galeria/nivo-slider/demo/images/Banner%20consumo%20sostenible%20final.jpg HTTP/1.1" 200 364746
191.109.179.107 - - [24/Aug/2019:14:53:56 -0500] "GET /galeria/nivo-slider/demo/images/Banner%20consumo%20sostenible%20final.jpg HTTP/1.1" 200 364746
191.109.179.107 - - [24/Aug/2019:14:53:56 -0500] "GET /galeria/nivo-slider/demo/images/bannersectorambiente.png HTTP/1.1" 200 308540
66.249.66.153 - - [24/Aug/2019:14:54:05 -0500] "GET /siipev/Diseno%20de%20Elementos%20de%20Mobiliario%20Urbano/Otros%20Elementos/Infografia/Parte2/M-20.PNG HTTP/1.1" 304 -
191.109.179.107 - - [24/Aug/2019:14:54:06 -0500] "GET /galeria/nivo-slider/demo/images/bannersectorambiente.png HTTP/1.1" 200 308540
191.109.179.107 - - [24/Aug/2019:14:54:06 -0500] "GET /galeria/nivo-slider/demo/images/Banner%20RCD.jpg HTTP/1.1" 200 92197
66.249.66.153 - - [24/Aug/2019:14:54:09 -0500] "GET /BLA/resoluciones/RESOLUCIONES%202014/3848.pdf HTTP/1.1" 304 -
181.49.188.9 - - [24/Aug/2019:14:54:14 -0500] "GET /BLA/boletinlegal/js/jquery.scrollShow.js HTTP/1.1" 200 4586
181.49.188.9 - - [24/Aug/2019:14:54:14 -0500] "GET /galeria/galeria/jquery.fancybox.js?v=2.1.5 HTTP/1.1" 200 48706
181.49.188.9 - - [24/Aug/2019:14:54:14 -0500] "GET /galeria/galeria/jquery.fancybox.css?v=2.1.5 HTTP/1.1" 200 4895
191.109.179.107 - - [24/Aug/2019:14:54:16 -0500] "GET /galeria/nivo-slider/demo/images/Banner%20RCD.jpg HTTP/1.1" 200 92197
191.109.179.107 - - [24/Aug/2019:14:54:16 -0500] "GET /galeria/nivo-slider/demo/images/Banner%20Conpes.jpg HTTP/1.1" 200 55220
191.109.179.107 - - [24/Aug/2019:14:54:26 -0500] "GET /galeria/nivo-slider/demo/images/Banner%20Conpes.jpg HTTP/1.1" 200 55220
191.109.179.107 - - [24/Aug/2019:14:54:26 -0500] "GET /galeria/nivo-slider/demo/images/Banner%20practicas%20sostenibles.jpg HTTP/1.1" 200 142958
181.52.160.193 - - [24/Aug/2019:14:54:31 -0500] "GET /galeria/galeria/jquery.fancybox.css?v=2.1.5 HTTP/1.1" 200 4895
192.168.175.104 - - [24/Aug/2019:14:54:32 -0500] "GET / HTTP/1.1" 200 9990
181.52.160.193 - - [24/Aug/2019:14:54:34 -0500] "GET /BLA/boletinlegal/js/jquery.scrollShow.js HTTP/1.1" 200 4586
181.52.160.193 - - [24/Aug/2019:14:54:34 -0500] "GET /galeria/galeria/jquery.fancybox.js?v=2.1.5 HTTP/1.1" 200 48706
181.49.188.9 - - [24/Aug/2019:14:54:36 -0500] "GET /BLA/boletinlegal/js/jquery.scrollShow.js HTTP/1.1" 200 4586
181.49.188.9 - - [24/Aug/2019:14:54:36 -0500] "GET /galeria/galeria/jquery.fancybox.css?v=2.1.5 HTTP/1.1" 200 4895
181.49.188.9 - - [24/Aug/2019:14:54:36 -0500] "GET /galeria/galeria/jquery.fancybox.js?v=2.1.5 HTTP/1.1" 200 48706
191.109.179.107 - - [24/Aug/2019:14:54:36 -0500] "GET /galeria/nivo-slider/demo/images/Banner%20practicas%20sostenibles.jpg HTTP/1.1" 200 142958
191.109.179.107 - - [24/Aug/2019:14:54:36 -0500] "GET /galeria/nivo-slider/demo/images/Banner%20POT.png HTTP/1.1" 200 418238
66.249.66.156 - - [24/Aug/2019:14:54:45 -0500] "GET /BLA/resoluciones/AUTOS%202015/2247.pdf HTTP/1.1" 304 -
191.109.179.107 - - [24/Aug/2019:14:54:46 -0500] "GET /galeria/nivo-slider/demo/images/Banner%20POT.png HTTP/1.1" 200 418238
191.109.179.107 - - [24/Aug/2019:14:54:47 -0500] "GET /galeria/nivo-slider/demo/images/BANNER%20punto.jpg HTTP/1.1" 200 75932
186.86.33.140 - - [24/Aug/2019:14:54:48 -0500] "GET /BLA/boletinlegal/js/jquery.scrollShow.js HTTP/1.1" 200 4586
186.86.33.140 - - [24/Aug/2019:14:54:48 -0500] "GET /galeria/galeria/jquery.fancybox.css?v=2.1.5 HTTP/1.1" 200 4895
186.86.33.140 - - [24/Aug/2019:14:54:48 -0500] "GET /galeria/galeria/jquery.fancybox.js?v=2.1.5 HTTP/1.1" 200 48706
66.249.88.125 - - [24/Aug/2019:14:54:48 -0500] "GET /BLA/boletinlegal/js/jquery.scrollShow.js HTTP/1.1" 200 4586
66.249.88.125 - - [24/Aug/2019:14:54:48 -0500] "GET /galeria/galeria/jquery.fancybox.css?v=2.1.5 HTTP/1.1" 200 4895
66.249.88.125 - - [24/Aug/2019:14:54:48 -0500] "GET /galeria/galeria/jquery.fancybox.js?v=2.1.5 HTTP/1.1" 200 48706
181.53.12.171 - - [24/Aug/2019:14:54:51 -0500] "GET /BLA/resoluciones/AUTOS%202012/3098.pdf HTTP/1.1" 200 2046946
181.49.188.9 - - [24/Aug/2019:14:54:54 -0500] "GET /BLA/boletinlegal/js/jquery.scrollShow.js HTTP/1.1" 304 -
181.49.188.9 - - [24/Aug/2019:14:54:54 -0500] "GET /galeria/galeria/jquery.fancybox.js?v=2.1.5 HTTP/1.1" 304 -
181.49.188.9 - - [24/Aug/2019:14:54:54 -0500] "GET /galeria/galeria/jquery.fancybox.css?v=2.1.5 HTTP/1.1" 304 -
191.109.179.107 - - [24/Aug/2019:14:54:57 -0500] "GET /galeria/nivo-slider/demo/images/BANNER%20punto.jpg HTTP/1.1" 200 75932
191.109.179.107 - - [24/Aug/2019:14:54:57 -0500] "GET /galeria/nivo-slider/demo/images/Banneranonimos.png HTTP/1.1" 200 109388
190.248.39.40 - - [24/Aug/2019:14:54:57 -0500] "GET /BLA/boletinlegal/js/jquery.scrollShow.js HTTP/1.1" 200 4586
190.248.39.40 - - [24/Aug/2019:14:54:57 -0500] "GET /galeria/galeria/jquery.fancybox.js?v=2.1.5 HTTP/1.1" 200 48706
190.248.39.40 - - [24/Aug/2019:14:54:57 -0500] "GET /galeria/galeria/jquery.fancybox.css?v=2.1.5 HTTP/1.1" 200 4895
190.26.83.120 - - [24/Aug/2019:14:55:02 -0500] "GET /galeria/galeria/jquery.fancybox.css?v=2.1.5 HTTP/1.1" 200 4895
190.26.83.120 - - [24/Aug/2019:14:55:02 -0500] "GET /BLA/boletinlegal/js/jquery.scrollShow.js HTTP/1.1" 200 4586
190.26.83.120 - - [24/Aug/2019:14:55:02 -0500] "GET /galeria/galeria/jquery.fancybox.js?v=2.1.5 HTTP/1.1" 200 48706
191.109.179.107 - - [24/Aug/2019:14:55:07 -0500] "GET /galeria/nivo-slider/demo/images/Banneranonimos.png HTTP/1.1" 200 109388
191.109.179.107 - - [24/Aug/2019:14:55:07 -0500] "GET /galeria/nivo-slider/demo/images/banner-humedales-de-bogota.jpg HTTP/1.1" 200 292611
191.109.179.107 - - [24/Aug/2019:14:55:17 -0500] "GET /galeria/nivo-slider/demo/images/banner-humedales-de-bogota.jpg HTTP/1.1" 200 292611
191.109.179.107 - - [24/Aug/2019:14:55:17 -0500] "GET /galeria/nivo-slider/demo/images/banner-bolsas-plasticas.jpg HTTP/1.1" 200 317939
69.162.124.233 - - [24/Aug/2019:14:55:19 -0500] "HEAD / HTTP/1.1" 200 -
66.249.66.155 - - [24/Aug/2019:14:55:21 -0500] "GET /BLA/resoluciones/RESOLUCIONES%202017/3428.pdf HTTP/1.1" 304 -
186.82.133.29 - - [24/Aug/2019:14:55:25 -0500] "GET /galeria/galeria/jquery.fancybox.css?v=2.1.5 HTTP/1.1" 200 4895
186.82.133.29 - - [24/Aug/2019:14:55:25 -0500] "GET /BLA/boletinlegal/js/jquery.scrollShow.js HTTP/1.1" 200 4586
186.82.133.29 - - [24/Aug/2019:14:55:25 -0500] "GET /galeria/galeria/jquery.fancybox.js?v=2.1.5 HTTP/1.1" 200 48706
191.109.179.107 - - [24/Aug/2019:14:55:27 -0500] "GET /galeria/nivo-slider/demo/images/banner-bolsas-plasticas.jpg HTTP/1.1" 200 317939
191.109.179.107 - - [24/Aug/2019:14:55:27 -0500] "GET /galeria/nivo-slider/demo/images/banner%20reciclaton%20agosto.jpg HTTP/1.1" 200 244820
191.109.179.107 - - [24/Aug/2019:14:55:37 -0500] "GET /galeria/nivo-slider/demo/images/banner%20reciclaton%20agosto.jpg HTTP/1.1" 200 244820
191.109.179.107 - - [24/Aug/2019:14:55:37 -0500] "GET /galeria/nivo-slider/demo/images/Banner%20web%20construccion%20sostenible.png HTTP/1.1" 200 380718
66.249.88.127 - - [24/Aug/2019:14:55:42 -0500] "GET /BLA/boletinlegal/js/jquery.scrollShow.js HTTP/1.1" 200 4586
66.249.88.123 - - [24/Aug/2019:14:55:42 -0500] "GET /galeria/galeria/jquery.fancybox.css?v=2.1.5 HTTP/1.1" 200 4895
66.249.88.125 - - [24/Aug/2019:14:55:42 -0500] "GET /galeria/galeria/jquery.fancybox.js?v=2.1.5 HTTP/1.1" 200 48706
54.36.148.91 - - [24/Aug/2019:14:55:45 -0500] "GET /BLA/resoluciones/RESOLUCIONES%202005/RES%202005%201001-1050/00001034.tif HTTP/1.1" 200 102904
191.109.179.107 - - [24/Aug/2019:14:55:47 -0500] "GET /galeria/nivo-slider/demo/images/Banner%20web%20construccion%20sostenible.png HTTP/1.1" 200 380718
191.109.179.107 - - [24/Aug/2019:14:55:47 -0500] "GET /galeria/nivo-slider/demo/images/puntos%20atencion%20BANNER.jpg HTTP/1.1" 200 244208
191.109.179.107 - - [24/Aug/2019:14:55:57 -0500] "GET /galeria/nivo-slider/demo/images/puntos%20atencion%20BANNER.jpg HTTP/1.1" 200 244208
191.109.179.107 - - [24/Aug/2019:14:55:57 -0500] "GET /galeria/nivo-slider/demo/images/Banner%20caminatas%20agosto.png HTTP/1.1" 200 522896
66.249.88.123 - - [24/Aug/2019:14:55:58 -0500] "GET /galeria/galeria/jquery.fancybox.css?v=2.1.5 HTTP/1.1" 200 4895
66.249.88.125 - - [24/Aug/2019:14:55:58 -0500] "GET /galeria/galeria/jquery.fancybox.js?v=2.1.5 HTTP/1.1" 200 48706
66.249.88.125 - - [24/Aug/2019:14:55:58 -0500] "GET /BLA/boletinlegal/js/jquery.scrollShow.js HTTP/1.1" 200 4586
191.109.179.107 - - [24/Aug/2019:14:56:07 -0500] "GET /galeria/nivo-slider/demo/images/Banner%20caminatas%20agosto.png HTTP/1.1" 200 522896
191.109.179.107 - - [24/Aug/2019:14:56:07 -0500] "GET /galeria/nivo-slider/demo/images/Banner%20Visor%20Geografico%20Ambiental.jpg HTTP/1.1" 200 204673
191.109.179.107 - - [24/Aug/2019:14:56:17 -0500] "GET /galeria/nivo-slider/demo/images/Banner%20Visor%20Geografico%20Ambiental.jpg HTTP/1.1" 200 204673
191.109.179.107 - - [24/Aug/2019:14:56:17 -0500] "GET /galeria/nivo-slider/demo/images/Banner%20consumo%20sostenible%20final.jpg HTTP/1.1" 200 364746
192.168.175.104 - - [24/Aug/2019:14:56:22 -0500] "GET / HTTP/1.0" 200 9990
181.53.12.182 - - [24/Aug/2019:14:56:22 -0500] "GET /galeria/galeria/jquery.fancybox.css?v=2.1.5 HTTP/1.1" 200 4895
181.53.12.182 - - [24/Aug/2019:14:56:22 -0500] "GET /BLA/boletinlegal/js/jquery.scrollShow.js HTTP/1.1" 200 4586
181.53.12.182 - - [24/Aug/2019:14:56:22 -0500] "GET /galeria/galeria/jquery.fancybox.js?v=2.1.5 HTTP/1.1" 200 48706
191.109.179.107 - - [24/Aug/2019:14:56:27 -0500] "GET /galeria/nivo-slider/demo/images/Banner%20consumo%20sostenible%20final.jpg HTTP/1.1" 200 364746
191.109.179.107 - - [24/Aug/2019:14:56:27 -0500] "GET /galeria/nivo-slider/demo/images/bannersectorambiente.png HTTP/1.1" 200 308540
186.85.41.17 - - [24/Aug/2019:14:56:30 -0500] "GET /galeria/galeria/jquery.fancybox.js?v=2.1.5 HTTP/1.1" 200 48706
186.85.41.17 - - [24/Aug/2019:14:56:30 -0500] "GET /BLA/boletinlegal/js/jquery.scrollShow.js HTTP/1.1" 200 4586
186.85.41.17 - - [24/Aug/2019:14:56:30 -0500] "GET /galeria/galeria/jquery.fancybox.css?v=2.1.5 HTTP/1.1" 200 4895
66.249.66.153 - - [24/Aug/2019:14:56:32 -0500] "GET /BLA/resoluciones/RESOLUCIONES%202010/3887.pdf HTTP/1.1" 304 -
186.155.12.87 - - [24/Aug/2019:14:56:33 -0500] "GET /BLA/resoluciones/AUTOS%202011/7758.pdf HTTP/1.1" 200 221376
186.155.12.87 - - [24/Aug/2019:14:56:33 -0500] "GET /favicon.ico HTTP/1.1" 200 7782
186.85.41.17 - - [24/Aug/2019:14:56:36 -0500] "GET /galeria/galeria/jquery.fancybox.css?v=2.1.5 HTTP/1.1" 200 4895
186.85.41.17 - - [24/Aug/2019:14:56:36 -0500] "GET /BLA/boletinlegal/js/jquery.scrollShow.js HTTP/1.1" 200 4586
186.85.41.17 - - [24/Aug/2019:14:56:36 -0500] "GET /galeria/galeria/jquery.fancybox.js?v=2.1.5 HTTP/1.1" 200 48706
191.109.179.107 - - [24/Aug/2019:14:56:37 -0500] "GET /galeria/nivo-slider/demo/images/bannersectorambiente.png HTTP/1.1" 200 308540
191.109.179.107 - - [24/Aug/2019:14:56:37 -0500] "GET /galeria/nivo-slider/demo/images/Banner%20RCD.jpg HTTP/1.1" 200 92197
186.155.12.87 - - [24/Aug/2019:14:56:40 -0500] "GET /BLA/resoluciones/AUTOS%202013/2594.pdf HTTP/1.1" 200 710281
191.109.179.107 - - [24/Aug/2019:14:56:47 -0500] "GET /galeria/nivo-slider/demo/images/Banner%20RCD.jpg HTTP/1.1" 200 92197
191.109.179.107 - - [24/Aug/2019:14:56:47 -0500] "GET /galeria/nivo-slider/demo/images/Banner%20Conpes.jpg HTTP/1.1" 200 55220
181.49.188.11 - - [24/Aug/2019:14:56:47 -0500] "GET /galeria/galeria/jquery.fancybox.css?v=2.1.5 HTTP/1.1" 200 4895
181.49.188.11 - - [24/Aug/2019:14:56:47 -0500] "GET /BLA/boletinlegal/js/jquery.scrollShow.js HTTP/1.1" 200 4586
181.49.188.11 - - [24/Aug/2019:14:56:47 -0500] "GET /galeria/galeria/jquery.fancybox.js?v=2.1.5 HTTP/1.1" 200 48706
191.109.179.107 - - [24/Aug/2019:14:56:57 -0500] "GET /galeria/nivo-slider/demo/images/Banner%20Conpes.jpg HTTP/1.1" 200 55220
191.109.179.107 - - [24/Aug/2019:14:56:57 -0500] "GET /galeria/nivo-slider/demo/images/Banner%20practicas%20sostenibles.jpg HTTP/1.1" 200 142958
191.109.179.107 - - [24/Aug/2019:14:57:07 -0500] "GET /galeria/nivo-slider/demo/images/Banner%20practicas%20sostenibles.jpg HTTP/1.1" 200 142958
191.109.179.107 - - [24/Aug/2019:14:57:07 -0500] "GET /galeria/nivo-slider/demo/images/Banner%20POT.png HTTP/1.1" 200 418238
191.109.179.107 - - [24/Aug/2019:14:57:17 -0500] "GET /galeria/nivo-slider/demo/images/Banner%20POT.png HTTP/1.1" 200 418238
191.109.179.107 - - [24/Aug/2019:14:57:17 -0500] "GET /galeria/nivo-slider/demo/images/BANNER%20punto.jpg HTTP/1.1" 200 75932
191.109.179.107 - - [24/Aug/2019:14:57:27 -0500] "GET /galeria/nivo-slider/demo/images/BANNER%20punto.jpg HTTP/1.1" 200 75932
191.109.179.107 - - [24/Aug/2019:14:57:27 -0500] "GET /galeria/nivo-slider/demo/images/Banneranonimos.png HTTP/1.1" 200 109388
191.109.179.107 - - [24/Aug/2019:14:57:37 -0500] "GET /galeria/nivo-slider/demo/images/Banneranonimos.png HTTP/1.1" 200 109388
191.109.179.107 - - [24/Aug/2019:14:57:37 -0500] "GET /galeria/nivo-slider/demo/images/banner-humedales-de-bogota.jpg HTTP/1.1" 200 292611
191.89.161.187 - - [24/Aug/2019:14:57:42 -0500] "GET /BLA/boletinlegal/js/jquery.scrollShow.js HTTP/1.1" 200 4586
191.89.161.187 - - [24/Aug/2019:14:57:42 -0500] "GET /galeria/galeria/jquery.fancybox.js?v=2.1.5 HTTP/1.1" 200 48706
191.89.161.187 - - [24/Aug/2019:14:57:42 -0500] "GET /galeria/galeria/jquery.fancybox.css?v=2.1.5 HTTP/1.1" 200 4895
66.249.66.153 - - [24/Aug/2019:14:57:43 -0500] "GET /autoliquidacion/Permiso%20de%20ocupaci%C3%B3n%20de%20cauce/126pm04-pr36-f-1%20solicitud%20de%20permiso%20de%20ocupacion%20de%20cauce%20y%20lista%20de%20chequeo%20V08.xls HTTP/1.1" 304 -
191.89.161.187 - - [24/Aug/2019:14:57:45 -0500] "GET /BLA/boletinlegal/js/jquery.scrollShow.js HTTP/1.1" 304 -
191.89.161.187 - - [24/Aug/2019:14:57:45 -0500] "GET /galeria/galeria/jquery.fancybox.js?v=2.1.5 HTTP/1.1" 304 -
191.89.161.187 - - [24/Aug/2019:14:57:45 -0500] "GET /galeria/galeria/jquery.fancybox.css?v=2.1.5 HTTP/1.1" 304 -
191.109.179.107 - - [24/Aug/2019:14:57:47 -0500] "GET /galeria/nivo-slider/demo/images/banner-humedales-de-bogota.jpg HTTP/1.1" 200 292611
191.109.179.107 - - [24/Aug/2019:14:57:47 -0500] "GET /galeria/nivo-slider/demo/images/banner-bolsas-plasticas.jpg HTTP/1.1" 200 317939
191.109.179.107 - - [24/Aug/2019:14:57:57 -0500] "GET /galeria/nivo-slider/demo/images/banner-bolsas-plasticas.jpg HTTP/1.1" 200 317939
191.109.179.107 - - [24/Aug/2019:14:57:57 -0500] "GET /galeria/nivo-slider/demo/images/banner%20reciclaton%20agosto.jpg HTTP/1.1" 200 244820
186.96.111.62 - - [24/Aug/2019:14:58:04 -0500] "GET /galeria/galeria/jquery.fancybox.js?v=2.1.5 HTTP/1.1" 200 48706
186.96.111.62 - - [24/Aug/2019:14:58:04 -0500] "GET /BLA/boletinlegal/js/jquery.scrollShow.js HTTP/1.1" 200 4586
186.96.111.62 - - [24/Aug/2019:14:58:04 -0500] "GET /galeria/galeria/jquery.fancybox.css?v=2.1.5 HTTP/1.1" 200 4895
191.109.179.107 - - [24/Aug/2019:14:58:07 -0500] "GET /galeria/nivo-slider/demo/images/banner%20reciclaton%20agosto.jpg HTTP/1.1" 200 244820
191.109.179.107 - - [24/Aug/2019:14:58:07 -0500] "GET /galeria/nivo-slider/demo/images/Banner%20web%20construccion%20sostenible.png HTTP/1.1" 200 380718
191.109.179.107 - - [24/Aug/2019:14:58:17 -0500] "GET /galeria/nivo-slider/demo/images/Banner%20web%20construccion%20sostenible.png HTTP/1.1" 200 380718
191.109.179.107 - - [24/Aug/2019:14:58:17 -0500] "GET /galeria/nivo-slider/demo/images/puntos%20atencion%20BANNER.jpg HTTP/1.1" 200 244208
191.109.179.107 - - [24/Aug/2019:14:58:27 -0500] "GET /galeria/nivo-slider/demo/images/puntos%20atencion%20BANNER.jpg HTTP/1.1" 200 244208
191.109.179.107 - - [24/Aug/2019:14:58:27 -0500] "GET /galeria/nivo-slider/demo/images/Banner%20caminatas%20agosto.png HTTP/1.1" 200 522896
191.109.179.107 - - [24/Aug/2019:14:58:37 -0500] "GET /galeria/nivo-slider/demo/images/Banner%20caminatas%20agosto.png HTTP/1.1" 200 522896
191.109.179.107 - - [24/Aug/2019:14:58:37 -0500] "GET /galeria/nivo-slider/demo/images/Banner%20Visor%20Geografico%20Ambiental.jpg HTTP/1.1" 200 204673
181.61.205.35 - - [24/Aug/2019:14:58:42 -0500] "GET /galeria/mapa/humedal2017.jpg HTTP/1.1" 200 644667
186.154.38.45 - - [24/Aug/2019:14:58:43 -0500] "GET /BLA/boletinlegal/js/jquery.scrollShow.js HTTP/1.1" 200 4586
186.154.38.45 - - [24/Aug/2019:14:58:43 -0500] "GET /galeria/galeria/jquery.fancybox.css?v=2.1.5 HTTP/1.1" 200 4895
186.154.38.45 - - [24/Aug/2019:14:58:43 -0500] "GET /galeria/galeria/jquery.fancybox.js?v=2.1.5 HTTP/1.1" 200 48706
191.109.179.107 - - [24/Aug/2019:14:58:47 -0500] "GET /galeria/nivo-slider/demo/images/Banner%20Visor%20Geografico%20Ambiental.jpg HTTP/1.1" 200 204673
191.109.179.107 - - [24/Aug/2019:14:58:47 -0500] "GET /galeria/nivo-slider/demo/images/Banner%20consumo%20sostenible%20final.jpg HTTP/1.1" 200 364746
190.24.21.5 - - [24/Aug/2019:14:58:47 -0500] "GET /galeria/galeria/jquery.fancybox.css?v=2.1.5 HTTP/1.1" 200 4895
190.24.21.5 - - [24/Aug/2019:14:58:47 -0500] "GET /BLA/boletinlegal/js/jquery.scrollShow.js HTTP/1.1" 200 4586
190.24.21.5 - - [24/Aug/2019:14:58:47 -0500] "GET /galeria/galeria/jquery.fancybox.js?v=2.1.5 HTTP/1.1" 200 48706
181.53.237.241 - - [24/Aug/2019:14:58:49 -0500] "GET /galeria/galeria/jquery.fancybox.css?v=2.1.5 HTTP/1.1" 200 4895
181.53.237.241 - - [24/Aug/2019:14:58:49 -0500] "GET /BLA/boletinlegal/js/jquery.scrollShow.js HTTP/1.1" 200 4586
181.53.237.241 - - [24/Aug/2019:14:58:49 -0500] "GET /galeria/galeria/jquery.fancybox.js?v=2.1.5 HTTP/1.1" 200 48706
191.109.179.107 - - [24/Aug/2019:14:58:57 -0500] "GET /galeria/nivo-slider/demo/images/Banner%20consumo%20sostenible%20final.jpg HTTP/1.1" 200 364746
191.109.179.107 - - [24/Aug/2019:14:58:57 -0500] "GET /galeria/nivo-slider/demo/images/bannersectorambiente.png HTTP/1.1" 200 308540
186.86.33.140 - - [24/Aug/2019:14:59:05 -0500] "GET /galeria/galeria/jquery.fancybox.css?v=2.1.5 HTTP/1.1" 304 -
186.86.33.140 - - [24/Aug/2019:14:59:05 -0500] "GET /galeria/galeria/jquery.fancybox.js?v=2.1.5 HTTP/1.1" 304 -
186.86.33.140 - - [24/Aug/2019:14:59:05 -0500] "GET /BLA/boletinlegal/js/jquery.scrollShow.js HTTP/1.1" 304 -
191.109.179.107 - - [24/Aug/2019:14:59:07 -0500] "GET /galeria/nivo-slider/demo/images/bannersectorambiente.png HTTP/1.1" 200 308540
191.109.179.107 - - [24/Aug/2019:14:59:07 -0500] "GET /galeria/nivo-slider/demo/images/Banner%20RCD.jpg HTTP/1.1" 200 92197
191.109.179.107 - - [24/Aug/2019:14:59:17 -0500] "GET /galeria/nivo-slider/demo/images/Banner%20RCD.jpg HTTP/1.1" 200 92197
191.109.179.107 - - [24/Aug/2019:14:59:17 -0500] "GET /galeria/nivo-slider/demo/images/Banner%20Conpes.jpg HTTP/1.1" 200 55220
186.29.180.178 - - [24/Aug/2019:14:59:17 -0500] "GET /galeria/galeria/jquery.fancybox.css?v=2.1.5 HTTP/1.1" 200 4895
186.29.180.178 - - [24/Aug/2019:14:59:19 -0500] "GET /BLA/boletinlegal/js/jquery.scrollShow.js HTTP/1.1" 200 4586
186.29.180.178 - - [24/Aug/2019:14:59:20 -0500] "GET /galeria/galeria/jquery.fancybox.js?v=2.1.5 HTTP/1.1" 200 48706
191.109.179.107 - - [24/Aug/2019:14:59:27 -0500] "GET /galeria/nivo-slider/demo/images/Banner%20Conpes.jpg HTTP/1.1" 200 55220
191.109.179.107 - - [24/Aug/2019:14:59:27 -0500] "GET /galeria/nivo-slider/demo/images/Banner%20practicas%20sostenibles.jpg HTTP/1.1" 200 142958
192.168.175.104 - - [24/Aug/2019:14:59:30 -0500] "GET / HTTP/1.1" 200 9990
66.249.66.155 - - [24/Aug/2019:14:59:30 -0500] "GET /BLA/resoluciones/RESOLUCIONES%202010/4288.pdf HTTP/1.1" 304 -
191.109.179.107 - - [24/Aug/2019:14:59:37 -0500] "GET /galeria/nivo-slider/demo/images/Banner%20practicas%20sostenibles.jpg HTTP/1.1" 200 142958
191.109.179.107 - - [24/Aug/2019:14:59:37 -0500] "GET /galeria/nivo-slider/demo/images/Banner%20POT.png HTTP/1.1" 200 418238
181.49.188.9 - - [24/Aug/2019:14:59:46 -0500] "GET /galeria/galeria/jquery.fancybox.css?v=2.1.5 HTTP/1.1" 200 4895
181.49.188.9 - - [24/Aug/2019:14:59:46 -0500] "GET /BLA/boletinlegal/js/jquery.scrollShow.js HTTP/1.1" 200 4586
181.49.188.9 - - [24/Aug/2019:14:59:46 -0500] "GET /galeria/galeria/jquery.fancybox.js?v=2.1.5 HTTP/1.1" 200 48706
191.109.179.107 - - [24/Aug/2019:14:59:47 -0500] "GET /galeria/nivo-slider/demo/images/Banner%20POT.png HTTP/1.1" 200 418238
191.109.179.107 - - [24/Aug/2019:14:59:47 -0500] "GET /galeria/nivo-slider/demo/images/BANNER%20punto.jpg HTTP/1.1" 200 75932
191.109.179.107 - - [24/Aug/2019:14:59:57 -0500] "GET /galeria/nivo-slider/demo/images/BANNER%20punto.jpg HTTP/1.1" 200 75932
191.109.179.107 - - [24/Aug/2019:14:59:57 -0500] "GET /galeria/nivo-slider/demo/images/Banneranonimos.png HTTP/1.1" 200 109388
66.249.66.153 - - [24/Aug/2019:15:00:06 -0500] "GET /BLA/resoluciones/AUTOS%202011/3073.pdf HTTP/1.1" 304 -
191.109.179.107 - - [24/Aug/2019:15:00:07 -0500] "GET /galeria/nivo-slider/demo/images/Banneranonimos.png HTTP/1.1" 200 109388
191.109.179.107 - - [24/Aug/2019:15:00:07 -0500] "GET /galeria/nivo-slider/demo/images/banner-humedales-de-bogota.jpg HTTP/1.1" 200 292611
179.51.114.22 - - [24/Aug/2019:15:00:16 -0500] "GET /galeria/galeria/jquery.fancybox.css?v=2.1.5 HTTP/1.1" 200 4895
179.51.114.22 - - [24/Aug/2019:15:00:16 -0500] "GET /BLA/boletinlegal/js/jquery.scrollShow.js HTTP/1.1" 200 4586
179.51.114.22 - - [24/Aug/2019:15:00:17 -0500] "GET /galeria/galeria/jquery.fancybox.js?v=2.1.5 HTTP/1.1" 200 48706
191.109.179.107 - - [24/Aug/2019:15:00:17 -0500] "GET /galeria/nivo-slider/demo/images/banner-humedales-de-bogota.jpg HTTP/1.1" 200 292611
191.109.179.107 - - [24/Aug/2019:15:00:17 -0500] "GET /galeria/nivo-slider/demo/images/banner-bolsas-plasticas.jpg HTTP/1.1" 200 317939
69.162.124.233 - - [24/Aug/2019:15:00:19 -0500] "HEAD / HTTP/1.1" 200 -
191.109.179.107 - - [24/Aug/2019:15:00:27 -0500] "GET /galeria/nivo-slider/demo/images/banner-bolsas-plasticas.jpg HTTP/1.1" 200 317939
191.109.179.107 - - [24/Aug/2019:15:00:27 -0500] "GET /galeria/nivo-slider/demo/images/banner%20reciclaton%20agosto.jpg HTTP/1.1" 200 244820
186.144.240.201 - - [24/Aug/2019:15:00:27 -0500] "GET /galeria/galeria/fotos/GuaymaralTorca1G.jpg HTTP/1.1" 200 539636
186.144.240.201 - - [24/Aug/2019:15:00:35 -0500] "GET /galeria/galeria/fotos/mirador1P.jpg HTTP/1.1" 200 11433
191.109.179.107 - - [24/Aug/2019:15:00:37 -0500] "GET /galeria/nivo-slider/demo/images/banner%20reciclaton%20agosto.jpg HTTP/1.1" 200 244820
191.109.179.107 - - [24/Aug/2019:15:00:37 -0500] "GET /galeria/nivo-slider/demo/images/Banner%20web%20construccion%20sostenible.png HTTP/1.1" 200 380718
66.249.66.155 - - [24/Aug/2019:15:00:41 -0500] "GET /transparencia/financiera/Presupuesto/Vigencia%20actual/EJECUCI%C3%93N%20SDA%20FEBRERO%20DE%202016.pdf HTTP/1.1" 404 1018
191.109.179.107 - - [24/Aug/2019:15:00:47 -0500] "GET /galeria/nivo-slider/demo/images/Banner%20web%20construccion%20sostenible.png HTTP/1.1" 200 380718
191.109.179.107 - - [24/Aug/2019:15:00:47 -0500] "GET /galeria/nivo-slider/demo/images/puntos%20atencion%20BANNER.jpg HTTP/1.1" 200 244208
186.31.112.206 - - [24/Aug/2019:15:00:51 -0500] "GET /galeria/galeria/jquery.fancybox.css?v=2.1.5 HTTP/1.1" 200 4895
186.31.112.206 - - [24/Aug/2019:15:00:51 -0500] "GET /BLA/boletinlegal/js/jquery.scrollShow.js HTTP/1.1" 200 4586
186.31.112.206 - - [24/Aug/2019:15:00:51 -0500] "GET /galeria/galeria/jquery.fancybox.js?v=2.1.5 HTTP/1.1" 200 48706
191.109.179.107 - - [24/Aug/2019:15:00:57 -0500] "GET /galeria/nivo-slider/demo/images/puntos%20atencion%20BANNER.jpg HTTP/1.1" 200 244208
191.109.179.107 - - [24/Aug/2019:15:00:57 -0500] "GET /galeria/nivo-slider/demo/images/Banner%20caminatas%20agosto.png HTTP/1.1" 200 522896
191.109.179.107 - - [24/Aug/2019:15:01:07 -0500] "GET /galeria/nivo-slider/demo/images/Banner%20caminatas%20agosto.png HTTP/1.1" 200 522896
191.109.179.107 - - [24/Aug/2019:15:01:07 -0500] "GET /galeria/nivo-slider/demo/images/Banner%20Visor%20Geografico%20Ambiental.jpg HTTP/1.1" 200 204673
186.86.33.140 - - [24/Aug/2019:15:01:16 -0500] "GET /galeria/carrusel/Carrusel/jquery.thumbnailScroller.css HTTP/1.1" 200 2066
186.86.33.140 - - [24/Aug/2019:15:01:16 -0500] "GET /galeria/carrusel/Carrusel/jquery.thumbnailScroller.js HTTP/1.1" 200 8157
186.86.33.140 - - [24/Aug/2019:15:01:16 -0500] "GET /galeria/carrusel/Carrusel/jquery-ui-1.8.13.custom.min.js HTTP/1.1" 200 10800
191.109.179.107 - - [24/Aug/2019:15:01:17 -0500] "GET /galeria/nivo-slider/demo/images/Banner%20Visor%20Geografico%20Ambiental.jpg HTTP/1.1" 200 204673
191.109.179.107 - - [24/Aug/2019:15:01:17 -0500] "GET /galeria/nivo-slider/demo/images/Banner%20consumo%20sostenible%20final.jpg HTTP/1.1" 200 364746
66.249.66.155 - - [24/Aug/2019:15:01:17 -0500] "GET /resoluciones/RESOLUCIONES%202010/2175.pdf HTTP/1.1" 404 1018
186.86.33.140 - - [24/Aug/2019:15:01:17 -0500] "GET /galeria/nivo-slider/demo/demo.html HTTP/1.1" 200 4637
186.86.33.140 - - [24/Aug/2019:15:01:18 -0500] "GET /galeria/nivo-slider/themes/default/default.css HTTP/1.1" 200 1569
186.86.33.140 - - [24/Aug/2019:15:01:18 -0500] "GET /galeria/nivo-slider/themes/pascal/pascal.css HTTP/1.1" 200 2258
186.86.33.140 - - [24/Aug/2019:15:01:18 -0500] "GET /galeria/nivo-slider/themes/orman/orman.css HTTP/1.1" 200 2152
186.86.33.140 - - [24/Aug/2019:15:01:18 -0500] "GET /galeria/nivo-slider/demo/images/banner%20reciclaton%20agosto.jpg HTTP/1.1" 200 244820
186.86.33.140 - - [24/Aug/2019:15:01:18 -0500] "GET /galeria/nivo-slider/demo/scripts/jquery-1.7.1.min.js HTTP/1.1" 200 93868
186.86.33.140 - - [24/Aug/2019:15:01:18 -0500] "GET /galeria/nivo-slider/nivo-slider.css HTTP/1.1" 200 1507
186.86.33.140 - - [24/Aug/2019:15:01:18 -0500] "GET /galeria/nivo-slider/demo/style.css HTTP/1.1" 200 2222
186.86.33.140 - - [24/Aug/2019:15:01:18 -0500] "GET /galeria/nivo-slider/jquery.nivo.slider.pack.js HTTP/1.1" 200 11561
186.86.33.140 - - [24/Aug/2019:15:01:18 -0500] "GET /galeria/nivo-slider/demo/images/Banner%20web%20construccion%20sostenible.png HTTP/1.1" 200 380718
186.86.33.140 - - [24/Aug/2019:15:01:18 -0500] "GET /galeria/nivo-slider/demo/images/banner%20lluvias.jpg HTTP/1.1" 200 254815
186.86.33.140 - - [24/Aug/2019:15:01:18 -0500] "GET /galeria/nivo-slider/demo/images/Banner%20impacto.jpg HTTP/1.1" 200 72695
186.86.33.140 - - [24/Aug/2019:15:01:18 -0500] "GET /galeria/nivo-slider/demo/images/puntos%20atencion%20BANNER.jpg HTTP/1.1" 200 244208
186.86.33.140 - - [24/Aug/2019:15:01:19 -0500] "GET /galeria/nivo-slider/demo/images/Banner%20caminatas%20agosto.png HTTP/1.1" 200 522896
186.86.33.140 - - [24/Aug/2019:15:01:19 -0500] "GET /galeria/nivo-slider/demo/images/Banner%20Visor%20Geografico%20Ambiental.jpg HTTP/1.1" 200 204673
186.86.33.140 - - [24/Aug/2019:15:01:19 -0500] "GET /galeria/nivo-slider/demo/images/Banner%20consumo%20sostenible%20final.jpg HTTP/1.1" 200 364746
186.86.33.140 - - [24/Aug/2019:15:01:19 -0500] "GET /galeria/nivo-slider/demo/images/bannersectorambiente.png HTTP/1.1" 200 308540
186.86.33.140 - - [24/Aug/2019:15:01:19 -0500] "GET /galeria/nivo-slider/demo/images/Banner%20RCD.jpg HTTP/1.1" 200 92197
186.86.33.140 - - [24/Aug/2019:15:01:19 -0500] "GET /galeria/nivo-slider/demo/images/Banner%20Conpes.jpg HTTP/1.1" 200 55220
186.86.33.140 - - [24/Aug/2019:15:01:19 -0500] "GET /galeria/nivo-slider/demo/images/Banner%20practicas%20sostenibles.jpg HTTP/1.1" 200 142958
186.86.33.140 - - [24/Aug/2019:15:01:20 -0500] "GET /galeria/nivo-slider/demo/images/Banner%20POT.png HTTP/1.1" 200 418238
192.168.175.104 - - [24/Aug/2019:15:01:20 -0500] "GET / HTTP/1.0" 200 9990
186.86.33.140 - - [24/Aug/2019:15:01:20 -0500] "GET /galeria/nivo-slider/demo/images/BANNER%20punto.jpg HTTP/1.1" 200 75932
186.86.33.140 - - [24/Aug/2019:15:01:20 -0500] "GET /galeria/nivo-slider/demo/images/Banneranonimos.png HTTP/1.1" 200 109388
186.86.33.140 - - [24/Aug/2019:15:01:21 -0500] "GET /galeria/nivo-slider/demo/images/banner-humedales-de-bogota.jpg HTTP/1.1" 200 292611
186.86.33.140 - - [24/Aug/2019:15:01:21 -0500] "GET /galeria/nivo-slider/demo/images/banner-bolsas-plasticas.jpg HTTP/1.1" 200 317939
186.86.33.140 - - [24/Aug/2019:15:01:21 -0500] "GET /galeria/nivo-slider/demo/images/4Simple_Slider.png HTTP/1.1" 200 11722
186.86.33.140 - - [24/Aug/2019:15:01:21 -0500] "GET /galeria/nivo-slider/themes/default/loading.gif HTTP/1.1" 200 1737
186.86.33.140 - - [24/Aug/2019:15:01:22 -0500] "GET /galeria/nivo-slider/themes/default/arrows.png HTTP/1.1" 200 824
186.86.33.140 - - [24/Aug/2019:15:01:22 -0500] "GET /galeria/nivo-slider/themes/default/bullets.png HTTP/1.1" 200 1281
191.109.179.107 - - [24/Aug/2019:15:01:27 -0500] "GET /galeria/nivo-slider/demo/images/Banner%20consumo%20sostenible%20final.jpg HTTP/1.1" 200 364746
191.109.179.107 - - [24/Aug/2019:15:01:27 -0500] "GET /galeria/nivo-slider/demo/images/bannersectorambiente.png HTTP/1.1" 200 308540
186.29.182.26 - - [24/Aug/2019:15:01:32 -0500] "GET /galeria/galeria/jquery.fancybox.css?v=2.1.5 HTTP/1.1" 200 4895
186.29.182.26 - - [24/Aug/2019:15:01:32 -0500] "GET /BLA/boletinlegal/js/jquery.scrollShow.js HTTP/1.1" 200 4586
186.29.182.26 - - [24/Aug/2019:15:01:32 -0500] "GET /galeria/galeria/jquery.fancybox.js?v=2.1.5 HTTP/1.1" 200 48706
191.109.179.107 - - [24/Aug/2019:15:01:37 -0500] "GET /galeria/nivo-slider/demo/images/bannersectorambiente.png HTTP/1.1" 200 308540
191.109.179.107 - - [24/Aug/2019:15:01:37 -0500] "GET /galeria/nivo-slider/demo/images/Banner%20RCD.jpg HTTP/1.1" 200 92197
191.109.179.107 - - [24/Aug/2019:15:01:47 -0500] "GET /galeria/nivo-slider/demo/images/Banner%20RCD.jpg HTTP/1.1" 200 92197
191.109.179.107 - - [24/Aug/2019:15:01:47 -0500] "GET /galeria/nivo-slider/demo/images/Banner%20Conpes.jpg HTTP/1.1" 200 55220
179.32.134.88 - - [24/Aug/2019:15:01:51 -0500] "GET /BLA/boletinlegal/js/jquery.scrollShow.js HTTP/1.1" 200 4586
179.32.134.88 - - [24/Aug/2019:15:01:51 -0500] "GET /galeria/galeria/jquery.fancybox.css?v=2.1.5 HTTP/1.1" 200 4895
179.32.134.88 - - [24/Aug/2019:15:01:51 -0500] "GET /galeria/galeria/jquery.fancybox.js?v=2.1.5 HTTP/1.1" 200 48706
179.32.134.88 - - [24/Aug/2019:15:01:51 -0500] "GET /galeria/carrusel/Carrusel/jquery.thumbnailScroller.css HTTP/1.1" 200 2066
179.32.134.88 - - [24/Aug/2019:15:01:51 -0500] "GET /galeria/carrusel/Carrusel/jquery-ui-1.8.13.custom.min.js HTTP/1.1" 200 10800
179.32.134.88 - - [24/Aug/2019:15:01:51 -0500] "GET /galeria/carrusel/Carrusel/jquery.thumbnailScroller.js HTTP/1.1" 200 8157
179.32.134.88 - - [24/Aug/2019:15:01:52 -0500] "GET /galeria/nivo-slider/demo/demo.html HTTP/1.1" 200 4637
179.32.134.88 - - [24/Aug/2019:15:01:52 -0500] "GET /galeria/nivo-slider/themes/pascal/pascal.css HTTP/1.1" 200 2258
179.32.134.88 - - [24/Aug/2019:15:01:52 -0500] "GET /galeria/nivo-slider/themes/default/default.css HTTP/1.1" 200 1569
179.32.134.88 - - [24/Aug/2019:15:01:52 -0500] "GET /galeria/nivo-slider/demo/style.css HTTP/1.1" 200 2222
179.32.134.88 - - [24/Aug/2019:15:01:52 -0500] "GET /galeria/nivo-slider/themes/orman/orman.css HTTP/1.1" 200 2152
179.32.134.88 - - [24/Aug/2019:15:01:52 -0500] "GET /galeria/nivo-slider/demo/scripts/jquery-1.7.1.min.js HTTP/1.1" 200 93868
179.32.134.88 - - [24/Aug/2019:15:01:52 -0500] "GET /galeria/nivo-slider/nivo-slider.css HTTP/1.1" 200 1507
179.32.134.88 - - [24/Aug/2019:15:01:52 -0500] "GET /galeria/nivo-slider/jquery.nivo.slider.pack.js HTTP/1.1" 200 11561
179.32.134.88 - - [24/Aug/2019:15:01:52 -0500] "GET /galeria/nivo-slider/demo/images/banner%20reciclaton%20agosto.jpg HTTP/1.1" 200 244820
179.32.134.88 - - [24/Aug/2019:15:01:52 -0500] "GET /galeria/nivo-slider/demo/images/Banner%20web%20construccion%20sostenible.png HTTP/1.1" 200 380718
179.32.134.88 - - [24/Aug/2019:15:01:52 -0500] "GET /galeria/nivo-slider/demo/images/banner%20lluvias.jpg HTTP/1.1" 200 254815
179.32.134.88 - - [24/Aug/2019:15:01:52 -0500] "GET /galeria/nivo-slider/demo/images/Banner%20impacto.jpg HTTP/1.1" 200 72695
179.32.134.88 - - [24/Aug/2019:15:01:52 -0500] "GET /galeria/nivo-slider/demo/images/puntos%20atencion%20BANNER.jpg HTTP/1.1" 200 244208
179.32.134.88 - - [24/Aug/2019:15:01:52 -0500] "GET /galeria/nivo-slider/demo/images/Banner%20caminatas%20agosto.png HTTP/1.1" 200 522896
179.32.134.88 - - [24/Aug/2019:15:01:52 -0500] "GET /galeria/nivo-slider/demo/images/Banner%20Visor%20Geografico%20Ambiental.jpg HTTP/1.1" 200 204673
66.249.66.153 - - [24/Aug/2019:15:01:53 -0500] "GET /BLA/resoluciones/Autos%202008/0329.pdf HTTP/1.1" 200 79641
179.32.134.88 - - [24/Aug/2019:15:01:53 -0500] "GET /galeria/nivo-slider/demo/images/Banner%20consumo%20sostenible%20final.jpg HTTP/1.1" 200 364746
179.32.134.88 - - [24/Aug/2019:15:01:53 -0500] "GET /galeria/nivo-slider/demo/images/bannersectorambiente.png HTTP/1.1" 200 308540
179.32.134.88 - - [24/Aug/2019:15:01:53 -0500] "GET /galeria/nivo-slider/demo/images/Banner%20RCD.jpg HTTP/1.1" 200 92197
179.32.134.88 - - [24/Aug/2019:15:01:54 -0500] "GET /galeria/nivo-slider/demo/images/Banner%20Conpes.jpg HTTP/1.1" 200 55220
179.32.134.88 - - [24/Aug/2019:15:01:54 -0500] "GET /galeria/nivo-slider/demo/images/Banner%20practicas%20sostenibles.jpg HTTP/1.1" 200 142958
179.32.134.88 - - [24/Aug/2019:15:01:54 -0500] "GET /galeria/nivo-slider/demo/images/Banner%20POT.png HTTP/1.1" 200 418238
179.32.134.88 - - [24/Aug/2019:15:01:54 -0500] "GET /galeria/nivo-slider/demo/images/BANNER%20punto.jpg HTTP/1.1" 200 75932
179.32.134.88 - - [24/Aug/2019:15:01:54 -0500] "GET /galeria/nivo-slider/demo/images/Banneranonimos.png HTTP/1.1" 200 109388
179.32.134.88 - - [24/Aug/2019:15:01:54 -0500] "GET /galeria/nivo-slider/demo/images/banner-humedales-de-bogota.jpg HTTP/1.1" 200 292611
179.32.134.88 - - [24/Aug/2019:15:01:54 -0500] "GET /galeria/nivo-slider/demo/images/banner-bolsas-plasticas.jpg HTTP/1.1" 200 317939
179.32.134.88 - - [24/Aug/2019:15:01:54 -0500] "GET /galeria/nivo-slider/demo/images/4Simple_Slider.png HTTP/1.1" 200 11722
179.32.134.88 - - [24/Aug/2019:15:01:54 -0500] "GET /galeria/nivo-slider/themes/default/loading.gif HTTP/1.1" 200 1737
179.32.134.88 - - [24/Aug/2019:15:01:55 -0500] "GET /galeria/nivo-slider/themes/default/bullets.png HTTP/1.1" 200 1281
179.32.134.88 - - [24/Aug/2019:15:01:55 -0500] "GET /galeria/nivo-slider/themes/default/arrows.png HTTP/1.1" 200 824
191.109.179.107 - - [24/Aug/2019:15:01:57 -0500] "GET /galeria/nivo-slider/demo/images/Banner%20Conpes.jpg HTTP/1.1" 200 55220
191.109.179.107 - - [24/Aug/2019:15:01:57 -0500] "GET /galeria/nivo-slider/demo/images/Banner%20practicas%20sostenibles.jpg HTTP/1.1" 200 142958
191.109.179.107 - - [24/Aug/2019:15:02:07 -0500] "GET /galeria/nivo-slider/demo/images/Banner%20practicas%20sostenibles.jpg HTTP/1.1" 200 142958
191.109.179.107 - - [24/Aug/2019:15:02:07 -0500] "GET /galeria/nivo-slider/demo/images/Banner%20POT.png HTTP/1.1" 200 418238
179.32.134.88 - - [24/Aug/2019:15:02:11 -0500] "GET /galeria/galeria/jquery.fancybox.js?v=2.1.5 HTTP/1.1" 304 -
179.32.134.88 - - [24/Aug/2019:15:02:11 -0500] "GET /BLA/boletinlegal/js/jquery.scrollShow.js HTTP/1.1" 304 -
179.32.134.88 - - [24/Aug/2019:15:02:11 -0500] "GET /galeria/galeria/jquery.fancybox.css?v=2.1.5 HTTP/1.1" 304 -
181.49.188.9 - - [24/Aug/2019:15:02:15 -0500] "GET /BLA/boletinlegal/js/jquery.scrollShow.js HTTP/1.1" 200 4586
181.49.188.9 - - [24/Aug/2019:15:02:15 -0500] "GET /galeria/galeria/jquery.fancybox.css?v=2.1.5 HTTP/1.1" 200 4895
181.49.188.9 - - [24/Aug/2019:15:02:15 -0500] "GET /galeria/galeria/jquery.fancybox.js?v=2.1.5 HTTP/1.1" 200 48706
191.109.179.107 - - [24/Aug/2019:15:02:17 -0500] "GET /galeria/nivo-slider/demo/images/Banner%20POT.png HTTP/1.1" 200 418238
191.109.179.107 - - [24/Aug/2019:15:02:17 -0500] "GET /galeria/nivo-slider/demo/images/BANNER%20punto.jpg HTTP/1.1" 200 75932
191.109.179.107 - - [24/Aug/2019:15:02:27 -0500] "GET /galeria/nivo-slider/demo/images/BANNER%20punto.jpg HTTP/1.1" 200 75932
191.109.179.107 - - [24/Aug/2019:15:02:27 -0500] "GET /galeria/nivo-slider/demo/images/Banneranonimos.png HTTP/1.1" 200 109388
191.109.179.107 - - [24/Aug/2019:15:02:37 -0500] "GET /galeria/nivo-slider/demo/images/Banneranonimos.png HTTP/1.1" 200 109388
191.109.179.107 - - [24/Aug/2019:15:02:37 -0500] "GET /galeria/nivo-slider/demo/images/banner-humedales-de-bogota.jpg HTTP/1.1" 200 292611
191.109.179.107 - - [24/Aug/2019:15:02:47 -0500] "GET /galeria/nivo-slider/demo/images/banner-humedales-de-bogota.jpg HTTP/1.1" 200 292611
191.109.179.107 - - [24/Aug/2019:15:02:47 -0500] "GET /galeria/nivo-slider/demo/images/banner-bolsas-plasticas.jpg HTTP/1.1" 200 317939
191.109.179.107 - - [24/Aug/2019:15:02:57 -0500] "GET /galeria/nivo-slider/demo/images/banner-bolsas-plasticas.jpg HTTP/1.1" 200 317939
191.109.179.107 - - [24/Aug/2019:15:02:57 -0500] "GET /galeria/nivo-slider/demo/images/banner%20reciclaton%20agosto.jpg HTTP/1.1" 200 244820
66.249.66.155 - - [24/Aug/2019:15:03:04 -0500] "GET /Autoliquidacion/Solicitud%20de%20expedici%C3%B3n%20de%20certificados%20de%20estado%20de%20conservaci%C3%B3n%20ambiental%20(CECA)/Formulario%20de%20solicitud%20de%20certificaci%C3%B3n.....pdf HTTP/1.1" 404 1018
191.109.179.107 - - [24/Aug/2019:15:03:07 -0500] "GET /galeria/nivo-slider/demo/images/banner%20reciclaton%20agosto.jpg HTTP/1.1" 200 244820
191.109.179.107 - - [24/Aug/2019:15:03:07 -0500] "GET /galeria/nivo-slider/demo/images/Banner%20web%20construccion%20sostenible.png HTTP/1.1" 200 380718
191.109.179.107 - - [24/Aug/2019:15:03:17 -0500] "GET /galeria/nivo-slider/demo/images/Banner%20web%20construccion%20sostenible.png HTTP/1.1" 200 380718
191.109.179.107 - - [24/Aug/2019:15:03:17 -0500] "GET /galeria/nivo-slider/demo/images/puntos%20atencion%20BANNER.jpg HTTP/1.1" 200 244208
191.109.179.107 - - [24/Aug/2019:15:03:27 -0500] "GET /galeria/nivo-slider/demo/images/puntos%20atencion%20BANNER.jpg HTTP/1.1" 200 244208
191.109.179.107 - - [24/Aug/2019:15:03:27 -0500] "GET /galeria/nivo-slider/demo/images/Banner%20caminatas%20agosto.png HTTP/1.1" 200 522896
191.109.179.107 - - [24/Aug/2019:15:03:37 -0500] "GET /galeria/nivo-slider/demo/images/Banner%20caminatas%20agosto.png HTTP/1.1" 200 522896
191.109.179.107 - - [24/Aug/2019:15:03:37 -0500] "GET /galeria/nivo-slider/demo/images/Banner%20Visor%20Geografico%20Ambiental.jpg HTTP/1.1" 200 204673
191.109.179.107 - - [24/Aug/2019:15:03:47 -0500] "GET /galeria/nivo-slider/demo/images/Banner%20Visor%20Geografico%20Ambiental.jpg HTTP/1.1" 200 204673
191.109.179.107 - - [24/Aug/2019:15:03:47 -0500] "GET /galeria/nivo-slider/demo/images/Banner%20consumo%20sostenible%20final.jpg HTTP/1.1" 200 364746
191.109.179.107 - - [24/Aug/2019:15:03:57 -0500] "GET /galeria/nivo-slider/demo/images/Banner%20consumo%20sostenible%20final.jpg HTTP/1.1" 200 364746
191.109.179.107 - - [24/Aug/2019:15:03:57 -0500] "GET /galeria/nivo-slider/demo/images/bannersectorambiente.png HTTP/1.1" 200 308540
191.109.179.107 - - [24/Aug/2019:15:04:07 -0500] "GET /galeria/nivo-slider/demo/images/bannersectorambiente.png HTTP/1.1" 200 308540
191.109.179.107 - - [24/Aug/2019:15:04:07 -0500] "GET /galeria/nivo-slider/demo/images/Banner%20RCD.jpg HTTP/1.1" 200 92197
191.109.179.107 - - [24/Aug/2019:15:04:17 -0500] "GET /galeria/nivo-slider/demo/images/Banner%20RCD.jpg HTTP/1.1" 200 92197
191.109.179.107 - - [24/Aug/2019:15:04:17 -0500] "GET /galeria/nivo-slider/demo/images/Banner%20Conpes.jpg HTTP/1.1" 200 55220
181.55.143.159 - - [24/Aug/2019:15:04:18 -0500] "GET /galeria/galeria/jquery.fancybox.css?v=2.1.5 HTTP/1.1" 200 4895
181.55.143.159 - - [24/Aug/2019:15:04:18 -0500] "GET /BLA/boletinlegal/js/jquery.scrollShow.js HTTP/1.1" 200 4586
181.55.143.159 - - [24/Aug/2019:15:04:18 -0500] "GET /galeria/galeria/jquery.fancybox.js?v=2.1.5 HTTP/1.1" 200 48706
