66.249.88.123 - - [24/Aug/2019:13:24:47 -0500] "GET /galeria/galeria/jquery.fancybox.js?v=2.1.5 HTTP/1.1" 200 48706
191.109.179.107 - - [24/Aug/2019:13:24:49 -0500] "GET /galeria/nivo-slider/demo/images/BANNER%20punto.jpg HTTP/1.1" 200 75932
191.109.179.107 - - [24/Aug/2019:13:24:49 -0500] "GET /galeria/nivo-slider/demo/images/Banneranonimos.png HTTP/1.1" 200 109388
66.249.66.155 - - [24/Aug/2019:13:24:55 -0500] "GET /BLA/resoluciones/AUTOS%202013/3571.pdf HTTP/1.1" 200 395773
181.49.82.16 - - [24/Aug/2019:13:24:57 -0500] "GET /galeria/galeria/jquery.fancybox.css?v=2.1.5 HTTP/1.1" 200 4895
181.49.82.16 - - [24/Aug/2019:13:24:57 -0500] "GET /BLA/boletinlegal/js/jquery.scrollShow.js HTTP/1.1" 200 4586
181.49.82.16 - - [24/Aug/2019:13:24:57 -0500] "GET /galeria/galeria/jquery.fancybox.js?v=2.1.5 HTTP/1.1" 200 48706
191.109.179.107 - - [24/Aug/2019:13:24:59 -0500] "GET /galeria/nivo-slider/demo/images/Banneranonimos.png HTTP/1.1" 200 109388
191.109.179.107 - - [24/Aug/2019:13:24:59 -0500] "GET /galeria/nivo-slider/demo/images/banner-humedales-de-bogota.jpg HTTP/1.1" 200 292611
66.249.66.155 - - [24/Aug/2019:13:25:03 -0500] "GET /BLA/resoluciones/RESOLUCIONES%202010/5757.pdf HTTP/1.1" 304 -
192.168.175.104 - - [24/Aug/2019:13:25:07 -0500] "GET / HTTP/1.1" 200 9990
191.109.179.107 - - [24/Aug/2019:13:25:09 -0500] "GET /galeria/nivo-slider/demo/images/banner-humedales-de-bogota.jpg HTTP/1.1" 200 292611
191.109.179.107 - - [24/Aug/2019:13:25:09 -0500] "GET /galeria/nivo-slider/demo/images/banner-bolsas-plasticas.jpg HTTP/1.1" 200 317939
66.249.88.125 - - [24/Aug/2019:13:25:16 -0500] "GET /Residuos/textiles/files/guia_textiles.pdf HTTP/1.1" 200 12356716
157.55.39.154 - - [24/Aug/2019:13:24:56 -0500] "GET /POT-2013/Cartografia/Anexo01_Sistema_Hidrico.pdf HTTP/1.1" 200 5860035
191.109.179.107 - - [24/Aug/2019:13:25:19 -0500] "GET /galeria/nivo-slider/demo/images/banner-bolsas-plasticas.jpg HTTP/1.1" 200 317939
191.109.179.107 - - [24/Aug/2019:13:25:19 -0500] "GET /galeria/nivo-slider/demo/images/banner%20reciclaton%20agosto.jpg HTTP/1.1" 200 244820
69.162.124.233 - - [24/Aug/2019:13:25:21 -0500] "HEAD / HTTP/1.1" 200 -
191.109.179.107 - - [24/Aug/2019:13:25:29 -0500] "GET /galeria/nivo-slider/demo/images/banner%20reciclaton%20agosto.jpg HTTP/1.1" 200 244820
191.109.179.107 - - [24/Aug/2019:13:25:30 -0500] "GET /galeria/nivo-slider/demo/images/Banner%20web%20construccion%20sostenible.png HTTP/1.1" 200 380718
66.249.66.153 - - [24/Aug/2019:13:25:39 -0500] "GET /BLA/resoluciones/RESOLUCIONES%202011/6982.pdf HTTP/1.1" 200 1266045
191.109.179.107 - - [24/Aug/2019:13:25:39 -0500] "GET /galeria/nivo-slider/demo/images/Banner%20web%20construccion%20sostenible.png HTTP/1.1" 200 380718
191.109.179.107 - - [24/Aug/2019:13:25:39 -0500] "GET /galeria/nivo-slider/demo/images/puntos%20atencion%20BANNER.jpg HTTP/1.1" 200 244208
66.249.88.127 - - [24/Aug/2019:13:25:42 -0500] "GET /galeria/galeria/fotos/Soratama2G.jpg HTTP/1.1" 200 167638
191.109.179.107 - - [24/Aug/2019:13:25:49 -0500] "GET /galeria/nivo-slider/demo/images/puntos%20atencion%20BANNER.jpg HTTP/1.1" 200 244208
191.109.179.107 - - [24/Aug/2019:13:25:49 -0500] "GET /galeria/nivo-slider/demo/images/Banner%20caminatas%20agosto.png HTTP/1.1" 200 522896
191.109.179.107 - - [24/Aug/2019:13:25:59 -0500] "GET /galeria/nivo-slider/demo/images/Banner%20caminatas%20agosto.png HTTP/1.1" 200 522896
191.109.179.107 - - [24/Aug/2019:13:25:59 -0500] "GET /galeria/nivo-slider/demo/images/Banner%20Visor%20Geografico%20Ambiental.jpg HTTP/1.1" 200 204673
191.109.179.107 - - [24/Aug/2019:13:26:09 -0500] "GET /galeria/nivo-slider/demo/images/Banner%20Visor%20Geografico%20Ambiental.jpg HTTP/1.1" 200 204673
191.109.179.107 - - [24/Aug/2019:13:26:09 -0500] "GET /galeria/nivo-slider/demo/images/Banner%20consumo%20sostenible%20final.jpg HTTP/1.1" 200 364746
191.109.179.107 - - [24/Aug/2019:13:26:19 -0500] "GET /galeria/nivo-slider/demo/images/Banner%20consumo%20sostenible%20final.jpg HTTP/1.1" 200 364746
191.109.179.107 - - [24/Aug/2019:13:26:19 -0500] "GET /galeria/nivo-slider/demo/images/bannersectorambiente.png HTTP/1.1" 200 308540
191.109.179.107 - - [24/Aug/2019:13:26:29 -0500] "GET /galeria/nivo-slider/demo/images/bannersectorambiente.png HTTP/1.1" 200 308540
191.109.179.107 - - [24/Aug/2019:13:26:29 -0500] "GET /galeria/nivo-slider/demo/images/Banner%20RCD.jpg HTTP/1.1" 200 92197
186.154.155.210 - - [24/Aug/2019:13:26:30 -0500] "GET /galeria/galeria/jquery.fancybox.css?v=2.1.5 HTTP/1.1" 200 4895
186.154.155.210 - - [24/Aug/2019:13:26:30 -0500] "GET /galeria/galeria/jquery.fancybox.js?v=2.1.5 HTTP/1.1" 200 48706
186.154.155.210 - - [24/Aug/2019:13:26:30 -0500] "GET /BLA/boletinlegal/js/jquery.scrollShow.js HTTP/1.1" 200 4586
190.60.214.130 - - [24/Aug/2019:13:26:34 -0500] "GET /galeria/galeria/jquery.fancybox.css?v=2.1.5 HTTP/1.1" 200 4895
190.60.214.130 - - [24/Aug/2019:13:26:34 -0500] "GET /BLA/boletinlegal/js/jquery.scrollShow.js HTTP/1.1" 200 4586
190.60.214.130 - - [24/Aug/2019:13:26:34 -0500] "GET /galeria/galeria/jquery.fancybox.js?v=2.1.5 HTTP/1.1" 200 48706
191.109.179.107 - - [24/Aug/2019:13:26:40 -0500] "GET /galeria/nivo-slider/demo/images/Banner%20RCD.jpg HTTP/1.1" 200 92197
191.109.179.107 - - [24/Aug/2019:13:26:40 -0500] "GET /galeria/nivo-slider/demo/images/Banner%20Conpes.jpg HTTP/1.1" 200 55220
191.109.179.107 - - [24/Aug/2019:13:26:50 -0500] "GET /galeria/nivo-slider/demo/images/Banner%20Conpes.jpg HTTP/1.1" 200 55220
191.109.179.107 - - [24/Aug/2019:13:26:50 -0500] "GET /galeria/nivo-slider/demo/images/Banner%20practicas%20sostenibles.jpg HTTP/1.1" 200 142958
192.168.175.104 - - [24/Aug/2019:13:26:54 -0500] "GET / HTTP/1.0" 200 9990
191.109.179.107 - - [24/Aug/2019:13:27:00 -0500] "GET /galeria/nivo-slider/demo/images/Banner%20practicas%20sostenibles.jpg HTTP/1.1" 200 142958
191.109.179.107 - - [24/Aug/2019:13:27:00 -0500] "GET /galeria/nivo-slider/demo/images/Banner%20POT.png HTTP/1.1" 200 418238
40.77.167.169 - - [24/Aug/2019:13:27:02 -0500] "GET / HTTP/1.1" 200 9990
191.109.179.107 - - [24/Aug/2019:13:27:10 -0500] "GET /galeria/nivo-slider/demo/images/Banner%20POT.png HTTP/1.1" 200 418238
191.109.179.107 - - [24/Aug/2019:13:27:10 -0500] "GET /galeria/nivo-slider/demo/images/BANNER%20punto.jpg HTTP/1.1" 200 75932
181.61.111.33 - - [24/Aug/2019:13:27:16 -0500] "GET /galeria/galeria/jquery.fancybox.css?v=2.1.5 HTTP/1.1" 200 4895
181.61.111.33 - - [24/Aug/2019:13:27:16 -0500] "GET /BLA/boletinlegal/js/jquery.scrollShow.js HTTP/1.1" 200 4586
181.61.111.33 - - [24/Aug/2019:13:27:16 -0500] "GET /galeria/galeria/jquery.fancybox.js?v=2.1.5 HTTP/1.1" 200 48706
191.109.179.107 - - [24/Aug/2019:13:27:20 -0500] "GET /galeria/nivo-slider/demo/images/BANNER%20punto.jpg HTTP/1.1" 200 75932
191.109.179.107 - - [24/Aug/2019:13:27:20 -0500] "GET /galeria/nivo-slider/demo/images/Banneranonimos.png HTTP/1.1" 200 109388
191.109.179.107 - - [24/Aug/2019:13:27:30 -0500] "GET /galeria/nivo-slider/demo/images/Banneranonimos.png HTTP/1.1" 200 109388
191.109.179.107 - - [24/Aug/2019:13:27:30 -0500] "GET /galeria/nivo-slider/demo/images/banner-humedales-de-bogota.jpg HTTP/1.1" 200 292611
191.109.179.107 - - [24/Aug/2019:13:27:40 -0500] "GET /galeria/nivo-slider/demo/images/banner-humedales-de-bogota.jpg HTTP/1.1" 200 292611
191.109.179.107 - - [24/Aug/2019:13:27:40 -0500] "GET /galeria/nivo-slider/demo/images/banner-bolsas-plasticas.jpg HTTP/1.1" 200 317939
191.109.179.107 - - [24/Aug/2019:13:27:50 -0500] "GET /galeria/nivo-slider/demo/images/banner-bolsas-plasticas.jpg HTTP/1.1" 200 317939
191.109.179.107 - - [24/Aug/2019:13:27:50 -0500] "GET /galeria/nivo-slider/demo/images/banner%20reciclaton%20agosto.jpg HTTP/1.1" 200 244820
54.36.150.25 - - [24/Aug/2019:13:27:52 -0500] "GET /BLA/resoluciones/RESOLUCIONES%202003/ANEXOS%20RES%202048/00000004.tif HTTP/1.1" 200 1821156
66.249.66.153 - - [24/Aug/2019:13:27:53 -0500] "GET /dama/libreria/pdf/polti_humedales_.pdf HTTP/1.1" 404 1019
191.109.179.107 - - [24/Aug/2019:13:28:00 -0500] "GET /galeria/nivo-slider/demo/images/banner%20reciclaton%20agosto.jpg HTTP/1.1" 200 244820
191.109.179.107 - - [24/Aug/2019:13:28:00 -0500] "GET /galeria/nivo-slider/demo/images/Banner%20web%20construccion%20sostenible.png HTTP/1.1" 200 380718
181.48.24.242 - - [24/Aug/2019:13:28:00 -0500] "GET /dama/libreria/jpg/sec_amb.jpg HTTP/1.1" 404 1019
181.48.24.242 - - [24/Aug/2019:13:28:00 -0500] "GET /dama/libreria/jpg/sec_amb.jpg HTTP/1.1" 404 1019
181.48.24.242 - - [24/Aug/2019:13:28:00 -0500] "GET /dama/libreria/jpg/sec_amb.jpg HTTP/1.1" 404 1019
181.48.24.242 - - [24/Aug/2019:13:28:00 -0500] "GET /dama/libreria/jpg/sec_amb.jpg HTTP/1.1" 404 1019
181.48.24.242 - - [24/Aug/2019:13:28:00 -0500] "GET /dama/libreria/jpg/sec_amb.jpg HTTP/1.1" 404 1019
181.48.24.242 - - [24/Aug/2019:13:28:00 -0500] "GET /dama/libreria/jpg/sec_amb.jpg HTTP/1.1" 404 1019
66.249.66.153 - - [24/Aug/2019:13:28:01 -0500] "GET /BLA/resoluciones/AUTOS%202009/0130.pdf HTTP/1.1" 200 171485
191.109.179.107 - - [24/Aug/2019:13:28:10 -0500] "GET /galeria/nivo-slider/demo/images/Banner%20web%20construccion%20sostenible.png HTTP/1.1" 200 380718
191.109.179.107 - - [24/Aug/2019:13:28:10 -0500] "GET /galeria/nivo-slider/demo/images/puntos%20atencion%20BANNER.jpg HTTP/1.1" 200 244208
66.249.66.153 - - [24/Aug/2019:13:28:11 -0500] "GET /BLA/resoluciones/RESOLUCIONES%202009/3455.pdf HTTP/1.1" 200 908367
190.24.59.168 - - [24/Aug/2019:13:28:16 -0500] "GET /galeria/galeria/jquery.fancybox.css?v=2.1.5 HTTP/1.1" 200 4895
190.24.59.168 - - [24/Aug/2019:13:28:16 -0500] "GET /BLA/boletinlegal/js/jquery.scrollShow.js HTTP/1.1" 200 4586
190.24.59.168 - - [24/Aug/2019:13:28:17 -0500] "GET /galeria/galeria/jquery.fancybox.js?v=2.1.5 HTTP/1.1" 200 48706
191.109.179.107 - - [24/Aug/2019:13:28:20 -0500] "GET /galeria/nivo-slider/demo/images/puntos%20atencion%20BANNER.jpg HTTP/1.1" 200 244208
191.109.179.107 - - [24/Aug/2019:13:28:20 -0500] "GET /galeria/nivo-slider/demo/images/Banner%20caminatas%20agosto.png HTTP/1.1" 200 522896
201.245.192.253 - - [24/Aug/2019:13:27:54 -0500] "POST /kwsrmcab/Wsrmcab HTTP/1.1" 200 213
201.245.192.253 - - [24/Aug/2019:13:27:54 -0500] "POST /kwsrmcab/Wsrmcab HTTP/1.1" 200 29202
191.109.179.107 - - [24/Aug/2019:13:28:30 -0500] "GET /galeria/nivo-slider/demo/images/Banner%20caminatas%20agosto.png HTTP/1.1" 200 522896
191.109.179.107 - - [24/Aug/2019:13:28:30 -0500] "GET /galeria/nivo-slider/demo/images/Banner%20Visor%20Geografico%20Ambiental.jpg HTTP/1.1" 200 204673
66.249.88.127 - - [24/Aug/2019:13:28:36 -0500] "GET /galeria/nivo-slider/demo/demo.html HTTP/1.1" 304 -
66.249.66.155 - - [24/Aug/2019:13:28:37 -0500] "GET /BLA/resoluciones/AUTOS%202013/0817.pdf HTTP/1.1" 304 -
66.249.88.125 - - [24/Aug/2019:13:28:37 -0500] "GET /galeria/nivo-slider/demo/images/Banner%20web%20construccion%20sostenible.png HTTP/1.1" 304 -
66.249.88.125 - - [24/Aug/2019:13:28:37 -0500] "GET /galeria/nivo-slider/demo/images/banner%20reciclaton%20agosto.jpg HTTP/1.1" 304 -
66.249.88.125 - - [24/Aug/2019:13:28:39 -0500] "GET /galeria/nivo-slider/demo/images/Banner%20caminatas%20agosto.png HTTP/1.1" 304 -
191.109.179.107 - - [24/Aug/2019:13:28:40 -0500] "GET /galeria/nivo-slider/demo/images/Banner%20Visor%20Geografico%20Ambiental.jpg HTTP/1.1" 200 204673
191.109.179.107 - - [24/Aug/2019:13:28:40 -0500] "GET /galeria/nivo-slider/demo/images/Banner%20consumo%20sostenible%20final.jpg HTTP/1.1" 200 364746
190.146.186.41 - - [24/Aug/2019:13:28:48 -0500] "GET /BLA/boletinlegal/js/jquery.scrollShow.js HTTP/1.1" 200 4586
190.146.186.41 - - [24/Aug/2019:13:28:48 -0500] "GET /galeria/galeria/jquery.fancybox.js?v=2.1.5 HTTP/1.1" 200 48706
190.146.186.41 - - [24/Aug/2019:13:28:49 -0500] "GET /galeria/galeria/jquery.fancybox.css?v=2.1.5 HTTP/1.1" 200 4895
190.146.186.41 - - [24/Aug/2019:13:28:49 -0500] "GET /galeria/carrusel/Carrusel/jquery.thumbnailScroller.css HTTP/1.1" 200 2066
190.146.186.41 - - [24/Aug/2019:13:28:49 -0500] "GET /galeria/carrusel/Carrusel/jquery-ui-1.8.13.custom.min.js HTTP/1.1" 200 10800
190.146.186.41 - - [24/Aug/2019:13:28:49 -0500] "GET /galeria/carrusel/Carrusel/jquery.thumbnailScroller.js HTTP/1.1" 200 8157
191.109.179.107 - - [24/Aug/2019:13:28:50 -0500] "GET /galeria/nivo-slider/demo/images/Banner%20consumo%20sostenible%20final.jpg HTTP/1.1" 200 364746
191.109.179.107 - - [24/Aug/2019:13:28:50 -0500] "GET /galeria/nivo-slider/demo/images/bannersectorambiente.png HTTP/1.1" 200 308540
190.146.186.41 - - [24/Aug/2019:13:28:50 -0500] "GET /galeria/nivo-slider/demo/demo.html HTTP/1.1" 200 4637
190.146.186.41 - - [24/Aug/2019:13:28:50 -0500] "GET /galeria/nivo-slider/nivo-slider.css HTTP/1.1" 200 1507
190.146.186.41 - - [24/Aug/2019:13:28:50 -0500] "GET /galeria/nivo-slider/themes/orman/orman.css HTTP/1.1" 200 2152
190.146.186.41 - - [24/Aug/2019:13:28:50 -0500] "GET /galeria/nivo-slider/themes/default/default.css HTTP/1.1" 200 1569
190.146.186.41 - - [24/Aug/2019:13:28:50 -0500] "GET /galeria/nivo-slider/themes/pascal/pascal.css HTTP/1.1" 200 2258
190.146.186.41 - - [24/Aug/2019:13:28:50 -0500] "GET /galeria/nivo-slider/demo/style.css HTTP/1.1" 200 2222
190.146.186.41 - - [24/Aug/2019:13:28:50 -0500] "GET /galeria/nivo-slider/demo/images/Banner%20Visor%20Geografico%20Ambiental.jpg HTTP/1.1" 200 204673
190.146.186.41 - - [24/Aug/2019:13:28:50 -0500] "GET /galeria/nivo-slider/demo/images/Banner%20practicas%20sostenibles.jpg HTTP/1.1" 200 142958
190.146.186.41 - - [24/Aug/2019:13:28:50 -0500] "GET /galeria/nivo-slider/demo/images/Banner%20RCD.jpg HTTP/1.1" 200 92197
190.146.186.41 - - [24/Aug/2019:13:28:50 -0500] "GET /galeria/nivo-slider/demo/images/Banner%20POT.png HTTP/1.1" 200 418238
190.146.186.41 - - [24/Aug/2019:13:28:50 -0500] "GET /galeria/nivo-slider/demo/images/Banner%20web%20construccion%20sostenible.png HTTP/1.1" 200 380718
190.146.186.41 - - [24/Aug/2019:13:28:50 -0500] "GET /galeria/nivo-slider/demo/images/BANNER%20punto.jpg HTTP/1.1" 200 75932
190.146.186.41 - - [24/Aug/2019:13:28:51 -0500] "GET /galeria/nivo-slider/demo/images/banner-bolsas-plasticas.jpg HTTP/1.1" 200 317939
190.146.186.41 - - [24/Aug/2019:13:28:51 -0500] "GET /galeria/nivo-slider/demo/images/puntos%20atencion%20BANNER.jpg HTTP/1.1" 200 244208
190.146.186.41 - - [24/Aug/2019:13:28:51 -0500] "GET /galeria/nivo-slider/demo/images/Banner%20consumo%20sostenible%20final.jpg HTTP/1.1" 200 364746
190.146.186.41 - - [24/Aug/2019:13:28:51 -0500] "GET /galeria/nivo-slider/demo/images/Banneranonimos.png HTTP/1.1" 200 109388
190.146.186.41 - - [24/Aug/2019:13:28:51 -0500] "GET /galeria/nivo-slider/demo/images/Banner%20Conpes.jpg HTTP/1.1" 200 55220
190.146.186.41 - - [24/Aug/2019:13:28:51 -0500] "GET /galeria/nivo-slider/demo/images/banner-humedales-de-bogota.jpg HTTP/1.1" 200 292611
190.146.186.41 - - [24/Aug/2019:13:28:51 -0500] "GET /galeria/nivo-slider/demo/images/Banner%20impacto.jpg HTTP/1.1" 200 72695
190.146.186.41 - - [24/Aug/2019:13:28:51 -0500] "GET /galeria/nivo-slider/demo/images/Banner%20caminatas%20agosto.png HTTP/1.1" 200 522896
190.146.186.41 - - [24/Aug/2019:13:28:51 -0500] "GET /galeria/nivo-slider/demo/images/bannersectorambiente.png HTTP/1.1" 200 308540
190.146.186.41 - - [24/Aug/2019:13:28:52 -0500] "GET /galeria/nivo-slider/demo/images/banner%20lluvias.jpg HTTP/1.1" 200 254815
190.146.186.41 - - [24/Aug/2019:13:28:52 -0500] "GET /galeria/nivo-slider/demo/scripts/jquery-1.7.1.min.js HTTP/1.1" 200 93868
190.146.186.41 - - [24/Aug/2019:13:28:52 -0500] "GET /galeria/nivo-slider/demo/images/4Simple_Slider.png HTTP/1.1" 200 11722
190.146.186.41 - - [24/Aug/2019:13:28:52 -0500] "GET /galeria/nivo-slider/themes/default/loading.gif HTTP/1.1" 200 1737
190.146.186.41 - - [24/Aug/2019:13:28:52 -0500] "GET /galeria/nivo-slider/demo/images/banner%20reciclaton%20agosto.jpg HTTP/1.1" 200 244820
190.146.186.41 - - [24/Aug/2019:13:28:52 -0500] "GET /galeria/nivo-slider/jquery.nivo.slider.pack.js HTTP/1.1" 200 11561
190.146.186.41 - - [24/Aug/2019:13:28:54 -0500] "GET /galeria/nivo-slider/themes/default/bullets.png HTTP/1.1" 200 1281
190.146.186.41 - - [24/Aug/2019:13:28:54 -0500] "GET /galeria/nivo-slider/themes/default/arrows.png HTTP/1.1" 200 824
191.109.179.107 - - [24/Aug/2019:13:29:00 -0500] "GET /galeria/nivo-slider/demo/images/bannersectorambiente.png HTTP/1.1" 200 308540
191.109.179.107 - - [24/Aug/2019:13:29:00 -0500] "GET /galeria/nivo-slider/demo/images/Banner%20RCD.jpg HTTP/1.1" 200 92197
201.245.192.253 - - [24/Aug/2019:13:28:28 -0500] "POST /kwsrmcab/Wsrmcab HTTP/1.1" 200 213
66.249.66.153 - - [24/Aug/2019:13:29:02 -0500] "GET /BLA/resoluciones/AUTOS%202009/2293.pdf HTTP/1.1" 200 298516
66.249.88.127 - - [24/Aug/2019:13:29:02 -0500] "GET /galeria/galeria/jquery.fancybox.js?v=2.1.5 HTTP/1.1" 200 48706
66.249.88.123 - - [24/Aug/2019:13:29:02 -0500] "GET /galeria/galeria/jquery.fancybox.css?v=2.1.5 HTTP/1.1" 200 4895
66.249.88.123 - - [24/Aug/2019:13:29:02 -0500] "GET /BLA/boletinlegal/js/jquery.scrollShow.js HTTP/1.1" 200 4586
191.109.179.107 - - [24/Aug/2019:13:29:10 -0500] "GET /galeria/nivo-slider/demo/images/Banner%20Conpes.jpg HTTP/1.1" 200 55220
191.109.179.107 - - [24/Aug/2019:13:29:10 -0500] "GET /galeria/nivo-slider/demo/images/Banner%20RCD.jpg HTTP/1.1" 200 92197
191.109.179.107 - - [24/Aug/2019:13:29:20 -0500] "GET /galeria/nivo-slider/demo/images/Banner%20Conpes.jpg HTTP/1.1" 200 55220
191.109.179.107 - - [24/Aug/2019:13:29:20 -0500] "GET /galeria/nivo-slider/demo/images/Banner%20practicas%20sostenibles.jpg HTTP/1.1" 200 142958
66.249.66.153 - - [24/Aug/2019:13:29:25 -0500] "GET /resoluciones/RESOLUCIONES%202007/RES%202007%201801%20AL%201900/RESOLUCION%201848%20DE%202007.pdf HTTP/1.1" 404 1018
191.109.179.107 - - [24/Aug/2019:13:29:30 -0500] "GET /galeria/nivo-slider/demo/images/Banner%20practicas%20sostenibles.jpg HTTP/1.1" 200 142958
191.109.179.107 - - [24/Aug/2019:13:29:30 -0500] "GET /galeria/nivo-slider/demo/images/Banner%20POT.png HTTP/1.1" 200 418238
191.109.179.107 - - [24/Aug/2019:13:29:40 -0500] "GET /galeria/nivo-slider/demo/images/Banner%20POT.png HTTP/1.1" 200 418238
181.65.124.154 - - [24/Aug/2019:13:29:40 -0500] "GET /galeria/galeria/jquery.fancybox.js?v=2.1.5 HTTP/1.1" 200 48706
181.65.124.154 - - [24/Aug/2019:13:29:40 -0500] "GET /galeria/galeria/jquery.fancybox.css?v=2.1.5 HTTP/1.1" 200 4895
181.65.124.154 - - [24/Aug/2019:13:29:40 -0500] "GET /BLA/boletinlegal/js/jquery.scrollShow.js HTTP/1.1" 200 4586
191.109.179.107 - - [24/Aug/2019:13:29:40 -0500] "GET /galeria/nivo-slider/demo/images/BANNER%20punto.jpg HTTP/1.1" 200 75932
191.109.179.107 - - [24/Aug/2019:13:29:50 -0500] "GET /galeria/nivo-slider/demo/images/BANNER%20punto.jpg HTTP/1.1" 200 75932
191.109.179.107 - - [24/Aug/2019:13:29:50 -0500] "GET /galeria/nivo-slider/demo/images/Banneranonimos.png HTTP/1.1" 200 109388
186.86.32.169 - - [24/Aug/2019:13:29:58 -0500] "GET /BLA/boletinlegal/js/jquery.scrollShow.js HTTP/1.1" 200 4586
186.86.32.169 - - [24/Aug/2019:13:29:58 -0500] "GET /galeria/galeria/jquery.fancybox.js?v=2.1.5 HTTP/1.1" 200 48706
186.86.32.169 - - [24/Aug/2019:13:29:58 -0500] "GET /galeria/galeria/jquery.fancybox.css?v=2.1.5 HTTP/1.1" 200 4895
186.86.32.169 - - [24/Aug/2019:13:29:59 -0500] "GET /galeria/carrusel/Carrusel/jquery.thumbnailScroller.css HTTP/1.1" 200 2066
186.86.32.169 - - [24/Aug/2019:13:29:59 -0500] "GET /galeria/carrusel/Carrusel/jquery-ui-1.8.13.custom.min.js HTTP/1.1" 200 10800
186.86.32.169 - - [24/Aug/2019:13:29:59 -0500] "GET /galeria/carrusel/Carrusel/jquery.thumbnailScroller.js HTTP/1.1" 200 8157
191.109.179.107 - - [24/Aug/2019:13:30:00 -0500] "GET /galeria/nivo-slider/demo/images/Banneranonimos.png HTTP/1.1" 200 109388
191.109.179.107 - - [24/Aug/2019:13:30:00 -0500] "GET /galeria/nivo-slider/demo/images/banner-humedales-de-bogota.jpg HTTP/1.1" 200 292611
186.86.32.169 - - [24/Aug/2019:13:30:00 -0500] "GET /galeria/nivo-slider/demo/demo.html HTTP/1.1" 200 4637
186.86.32.169 - - [24/Aug/2019:13:30:00 -0500] "GET /galeria/nivo-slider/themes/default/default.css HTTP/1.1" 200 1569
186.86.32.169 - - [24/Aug/2019:13:30:00 -0500] "GET /galeria/nivo-slider/nivo-slider.css HTTP/1.1" 200 1507
186.86.32.169 - - [24/Aug/2019:13:30:00 -0500] "GET /galeria/nivo-slider/themes/pascal/pascal.css HTTP/1.1" 200 2258
186.86.32.169 - - [24/Aug/2019:13:30:00 -0500] "GET /galeria/nivo-slider/themes/orman/orman.css HTTP/1.1" 200 2152
186.86.32.169 - - [24/Aug/2019:13:30:00 -0500] "GET /galeria/nivo-slider/demo/scripts/jquery-1.7.1.min.js HTTP/1.1" 200 93868
186.86.32.169 - - [24/Aug/2019:13:30:00 -0500] "GET /galeria/nivo-slider/demo/style.css HTTP/1.1" 200 2222
186.86.32.169 - - [24/Aug/2019:13:30:00 -0500] "GET /galeria/nivo-slider/jquery.nivo.slider.pack.js HTTP/1.1" 200 11561
186.86.32.169 - - [24/Aug/2019:13:30:00 -0500] "GET /galeria/nivo-slider/demo/images/banner%20reciclaton%20agosto.jpg HTTP/1.1" 200 244820
186.86.32.169 - - [24/Aug/2019:13:30:00 -0500] "GET /galeria/nivo-slider/demo/images/Banner%20web%20construccion%20sostenible.png HTTP/1.1" 200 380718
186.86.32.169 - - [24/Aug/2019:13:30:00 -0500] "GET /galeria/nivo-slider/demo/images/banner%20lluvias.jpg HTTP/1.1" 200 254815
186.28.6.124 - - [24/Aug/2019:13:30:01 -0500] "GET /BLA/boletinlegal/js/jquery.scrollShow.js HTTP/1.1" 200 4586
186.28.6.124 - - [24/Aug/2019:13:30:01 -0500] "GET /galeria/galeria/jquery.fancybox.js?v=2.1.5 HTTP/1.1" 200 48706
186.86.32.169 - - [24/Aug/2019:13:30:01 -0500] "GET /galeria/nivo-slider/demo/images/Banner%20impacto.jpg HTTP/1.1" 200 72695
186.28.6.124 - - [24/Aug/2019:13:30:01 -0500] "GET /galeria/galeria/jquery.fancybox.css?v=2.1.5 HTTP/1.1" 200 4895
186.86.32.169 - - [24/Aug/2019:13:30:01 -0500] "GET /galeria/nivo-slider/demo/images/puntos%20atencion%20BANNER.jpg HTTP/1.1" 200 244208
186.86.32.169 - - [24/Aug/2019:13:30:02 -0500] "GET /galeria/nivo-slider/demo/images/Banner%20caminatas%20agosto.png HTTP/1.1" 200 522896
186.86.32.169 - - [24/Aug/2019:13:30:02 -0500] "GET /galeria/nivo-slider/demo/images/Banner%20Visor%20Geografico%20Ambiental.jpg HTTP/1.1" 200 204673
186.86.32.169 - - [24/Aug/2019:13:30:04 -0500] "GET /galeria/nivo-slider/demo/images/Banner%20consumo%20sostenible%20final.jpg HTTP/1.1" 200 364746
186.86.32.169 - - [24/Aug/2019:13:30:04 -0500] "GET /galeria/nivo-slider/demo/images/bannersectorambiente.png HTTP/1.1" 200 308540
66.249.66.153 - - [24/Aug/2019:13:30:04 -0500] "GET /portel_dama/libreria/php/2006/ECOSISTEMAS%20FINAL%20web_mz27/x%20restauracion/sitio/22_proye/xtras_in/2a.pdf HTTP/1.1" 404 1018
186.86.32.169 - - [24/Aug/2019:13:30:05 -0500] "GET /galeria/nivo-slider/demo/images/Banner%20RCD.jpg HTTP/1.1" 200 92197
192.168.175.104 - - [24/Aug/2019:13:30:05 -0500] "GET / HTTP/1.1" 200 9990
186.86.32.169 - - [24/Aug/2019:13:30:05 -0500] "GET /galeria/nivo-slider/demo/images/Banner%20Conpes.jpg HTTP/1.1" 200 55220
186.86.32.169 - - [24/Aug/2019:13:30:06 -0500] "GET /galeria/nivo-slider/demo/images/Banner%20practicas%20sostenibles.jpg HTTP/1.1" 200 142958
186.86.32.169 - - [24/Aug/2019:13:30:06 -0500] "GET /galeria/nivo-slider/demo/images/Banner%20POT.png HTTP/1.1" 200 418238
186.86.32.169 - - [24/Aug/2019:13:30:06 -0500] "GET /galeria/nivo-slider/demo/images/BANNER%20punto.jpg HTTP/1.1" 200 75932
186.86.32.169 - - [24/Aug/2019:13:30:07 -0500] "GET /galeria/nivo-slider/demo/images/Banneranonimos.png HTTP/1.1" 200 109388
186.86.32.169 - - [24/Aug/2019:13:30:08 -0500] "GET /galeria/nivo-slider/demo/images/banner-humedales-de-bogota.jpg HTTP/1.1" 200 292611
186.86.32.169 - - [24/Aug/2019:13:30:09 -0500] "GET /galeria/nivo-slider/demo/images/banner-bolsas-plasticas.jpg HTTP/1.1" 200 317939
191.109.179.107 - - [24/Aug/2019:13:30:10 -0500] "GET /galeria/nivo-slider/demo/images/banner-humedales-de-bogota.jpg HTTP/1.1" 200 292611
191.109.179.107 - - [24/Aug/2019:13:30:10 -0500] "GET /galeria/nivo-slider/demo/images/banner-bolsas-plasticas.jpg HTTP/1.1" 200 317939
186.86.32.169 - - [24/Aug/2019:13:30:11 -0500] "GET /galeria/nivo-slider/demo/images/4Simple_Slider.png HTTP/1.1" 200 11722
186.86.32.169 - - [24/Aug/2019:13:30:11 -0500] "GET /galeria/nivo-slider/themes/default/loading.gif HTTP/1.1" 200 1737
186.86.32.169 - - [24/Aug/2019:13:30:13 -0500] "GET /galeria/nivo-slider/themes/default/arrows.png HTTP/1.1" 200 824
186.86.32.169 - - [24/Aug/2019:13:30:13 -0500] "GET /galeria/nivo-slider/themes/default/bullets.png HTTP/1.1" 200 1281
191.109.179.107 - - [24/Aug/2019:13:30:20 -0500] "GET /galeria/nivo-slider/demo/images/banner-bolsas-plasticas.jpg HTTP/1.1" 200 317939
191.109.179.107 - - [24/Aug/2019:13:30:20 -0500] "GET /galeria/nivo-slider/demo/images/banner%20reciclaton%20agosto.jpg HTTP/1.1" 200 244820
69.162.124.233 - - [24/Aug/2019:13:30:21 -0500] "HEAD / HTTP/1.1" 200 -
200.69.103.230 - - [24/Aug/2019:13:30:25 -0500] "GET /galeria/galeria/jquery.fancybox.css?v=2.1.5 HTTP/1.1" 200 4895
200.69.103.230 - - [24/Aug/2019:13:30:25 -0500] "GET /galeria/carrusel/Carrusel/jquery.thumbnailScroller.css HTTP/1.1" 200 2066
200.69.103.230 - - [24/Aug/2019:13:30:25 -0500] "GET /galeria/carrusel/Carrusel/jquery-ui-1.8.13.custom.min.js HTTP/1.1" 200 10800
200.69.103.230 - - [24/Aug/2019:13:30:25 -0500] "GET /galeria/carrusel/Carrusel/jquery.thumbnailScroller.js HTTP/1.1" 200 8157
200.69.103.230 - - [24/Aug/2019:13:30:26 -0500] "GET /galeria/nivo-slider/demo/demo.html HTTP/1.1" 200 4637
200.69.103.230 - - [24/Aug/2019:13:30:26 -0500] "GET /galeria/nivo-slider/themes/default/default.css HTTP/1.1" 200 1569
200.69.103.230 - - [24/Aug/2019:13:30:26 -0500] "GET /galeria/nivo-slider/themes/pascal/pascal.css HTTP/1.1" 200 2258
200.69.103.230 - - [24/Aug/2019:13:30:26 -0500] "GET /galeria/nivo-slider/themes/orman/orman.css HTTP/1.1" 200 2152
200.69.103.230 - - [24/Aug/2019:13:30:26 -0500] "GET /galeria/nivo-slider/nivo-slider.css HTTP/1.1" 200 1507
200.69.103.230 - - [24/Aug/2019:13:30:26 -0500] "GET /galeria/nivo-slider/demo/style.css HTTP/1.1" 200 2222
200.69.103.230 - - [24/Aug/2019:13:30:26 -0500] "GET /galeria/nivo-slider/demo/images/banner%20reciclaton%20agosto.jpg HTTP/1.1" 200 244820
200.69.103.230 - - [24/Aug/2019:13:30:26 -0500] "GET /galeria/nivo-slider/demo/images/banner%20lluvias.jpg HTTP/1.1" 200 254815
200.69.103.230 - - [24/Aug/2019:13:30:26 -0500] "GET /galeria/nivo-slider/demo/images/Banner%20impacto.jpg HTTP/1.1" 200 72695
200.69.103.230 - - [24/Aug/2019:13:30:26 -0500] "GET /galeria/nivo-slider/demo/images/puntos%20atencion%20BANNER.jpg HTTP/1.1" 200 244208
200.69.103.230 - - [24/Aug/2019:13:30:26 -0500] "GET /galeria/nivo-slider/demo/scripts/jquery-1.7.1.min.js HTTP/1.1" 200 93868
200.69.103.230 - - [24/Aug/2019:13:30:26 -0500] "GET /galeria/nivo-slider/jquery.nivo.slider.pack.js HTTP/1.1" 200 11561
200.69.103.230 - - [24/Aug/2019:13:30:26 -0500] "GET /galeria/nivo-slider/demo/images/4Simple_Slider.png HTTP/1.1" 200 11722
200.69.103.230 - - [24/Aug/2019:13:30:26 -0500] "GET /galeria/nivo-slider/themes/default/loading.gif HTTP/1.1" 200 1737
200.69.103.230 - - [24/Aug/2019:13:30:26 -0500] "GET /galeria/nivo-slider/demo/images/Banner%20Visor%20Geografico%20Ambiental.jpg HTTP/1.1" 200 204673
200.69.103.230 - - [24/Aug/2019:13:30:26 -0500] "GET /galeria/nivo-slider/demo/images/Banner%20RCD.jpg HTTP/1.1" 200 92197
200.69.103.230 - - [24/Aug/2019:13:30:26 -0500] "GET /galeria/nivo-slider/demo/images/Banner%20Conpes.jpg HTTP/1.1" 200 55220
200.69.103.230 - - [24/Aug/2019:13:30:26 -0500] "GET /galeria/nivo-slider/demo/images/Banner%20practicas%20sostenibles.jpg HTTP/1.1" 200 142958
200.69.103.230 - - [24/Aug/2019:13:30:26 -0500] "GET /galeria/nivo-slider/demo/images/BANNER%20punto.jpg HTTP/1.1" 200 75932
200.69.103.230 - - [24/Aug/2019:13:30:27 -0500] "GET /galeria/nivo-slider/demo/images/Banneranonimos.png HTTP/1.1" 200 109388
200.69.103.230 - - [24/Aug/2019:13:30:30 -0500] "GET /galeria/nivo-slider/demo/images/Banner%20web%20construccion%20sostenible.png HTTP/1.1" 304 -
191.109.179.107 - - [24/Aug/2019:13:30:30 -0500] "GET /galeria/nivo-slider/demo/images/banner%20reciclaton%20agosto.jpg HTTP/1.1" 200 244820
191.109.179.107 - - [24/Aug/2019:13:30:30 -0500] "GET /galeria/nivo-slider/demo/images/Banner%20web%20construccion%20sostenible.png HTTP/1.1" 200 380718
200.69.103.230 - - [24/Aug/2019:13:30:30 -0500] "GET /galeria/nivo-slider/demo/images/Banner%20caminatas%20agosto.png HTTP/1.1" 304 -
54.36.149.18 - - [24/Aug/2019:13:30:31 -0500] "GET /BLA/resoluciones/RESOLUCIONES%202004/RES%202004%201001-1050/00001029.tif HTTP/1.1" 200 182678
66.249.66.153 - - [24/Aug/2019:13:30:32 -0500] "GET /resoluciones/RESOLUCIONES%202008/1859.pdf HTTP/1.1" 404 1018
191.109.179.107 - - [24/Aug/2019:13:30:40 -0500] "GET /galeria/nivo-slider/demo/images/Banner%20web%20construccion%20sostenible.png HTTP/1.1" 200 380718
191.109.179.107 - - [24/Aug/2019:13:30:40 -0500] "GET /galeria/nivo-slider/demo/images/puntos%20atencion%20BANNER.jpg HTTP/1.1" 200 244208
66.249.66.153 - - [24/Aug/2019:13:30:41 -0500] "GET /BLA/resoluciones/AUTOS%202007/3632.pdf HTTP/1.1" 200 235649
66.249.66.146 - - [24/Aug/2019:13:30:49 -0500] "GET /portel_dama/libreria/pdf/varios2006/IGA2004.pdf HTTP/1.1" 404 1018
191.109.179.107 - - [24/Aug/2019:13:30:50 -0500] "GET /galeria/nivo-slider/demo/images/puntos%20atencion%20BANNER.jpg HTTP/1.1" 200 244208
191.109.179.107 - - [24/Aug/2019:13:30:50 -0500] "GET /galeria/nivo-slider/demo/images/Banner%20caminatas%20agosto.png HTTP/1.1" 200 522896
191.109.179.107 - - [24/Aug/2019:13:31:00 -0500] "GET /galeria/nivo-slider/demo/images/Banner%20caminatas%20agosto.png HTTP/1.1" 200 522896
191.109.179.107 - - [24/Aug/2019:13:31:00 -0500] "GET /galeria/nivo-slider/demo/images/Banner%20Visor%20Geografico%20Ambiental.jpg HTTP/1.1" 200 204673
190.158.111.4 - - [24/Aug/2019:13:31:03 -0500] "-" 408 -
190.26.130.116 - - [24/Aug/2019:13:31:07 -0500] "GET /galeria/galeria/jquery.fancybox.css?v=2.1.5 HTTP/1.1" 200 4895
190.26.130.116 - - [24/Aug/2019:13:31:07 -0500] "GET /BLA/boletinlegal/js/jquery.scrollShow.js HTTP/1.1" 200 4586
190.26.130.116 - - [24/Aug/2019:13:31:07 -0500] "GET /galeria/galeria/jquery.fancybox.js?v=2.1.5 HTTP/1.1" 200 48706
191.109.179.107 - - [24/Aug/2019:13:31:10 -0500] "GET /galeria/nivo-slider/demo/images/Banner%20consumo%20sostenible%20final.jpg HTTP/1.1" 200 364746
191.109.179.107 - - [24/Aug/2019:13:31:10 -0500] "GET /galeria/nivo-slider/demo/images/Banner%20Visor%20Geografico%20Ambiental.jpg HTTP/1.1" 200 204673
191.109.179.107 - - [24/Aug/2019:13:31:20 -0500] "GET /galeria/nivo-slider/demo/images/Banner%20consumo%20sostenible%20final.jpg HTTP/1.1" 200 364746
191.109.179.107 - - [24/Aug/2019:13:31:20 -0500] "GET /galeria/nivo-slider/demo/images/bannersectorambiente.png HTTP/1.1" 200 308540
191.109.179.107 - - [24/Aug/2019:13:31:30 -0500] "GET /galeria/nivo-slider/demo/images/bannersectorambiente.png HTTP/1.1" 200 308540
191.109.179.107 - - [24/Aug/2019:13:31:30 -0500] "GET /galeria/nivo-slider/demo/images/Banner%20RCD.jpg HTTP/1.1" 200 92197
191.109.179.107 - - [24/Aug/2019:13:31:40 -0500] "GET /galeria/nivo-slider/demo/images/Banner%20RCD.jpg HTTP/1.1" 200 92197
191.109.179.107 - - [24/Aug/2019:13:31:40 -0500] "GET /galeria/nivo-slider/demo/images/Banner%20Conpes.jpg HTTP/1.1" 200 55220
201.221.191.165 - - [24/Aug/2019:13:31:41 -0500] "GET /BLA/boletinlegal/js/jquery.scrollShow.js HTTP/1.1" 200 4586
201.221.191.165 - - [24/Aug/2019:13:31:42 -0500] "GET /galeria/galeria/jquery.fancybox.js?v=2.1.5 HTTP/1.1" 200 48706
201.221.191.165 - - [24/Aug/2019:13:31:42 -0500] "GET /galeria/galeria/jquery.fancybox.css?v=2.1.5 HTTP/1.1" 200 4895
190.158.111.4 - - [24/Aug/2019:13:31:42 -0500] "-" 408 -
191.109.179.107 - - [24/Aug/2019:13:31:50 -0500] "GET /galeria/nivo-slider/demo/images/Banner%20Conpes.jpg HTTP/1.1" 200 55220
191.109.179.107 - - [24/Aug/2019:13:31:50 -0500] "GET /galeria/nivo-slider/demo/images/Banner%20practicas%20sostenibles.jpg HTTP/1.1" 200 142958
192.168.175.104 - - [24/Aug/2019:13:31:53 -0500] "GET / HTTP/1.0" 200 9990
201.221.191.165 - - [24/Aug/2019:13:31:53 -0500] "GET /BLA/boletinlegal/js/jquery.scrollShow.js HTTP/1.1" 304 -
201.221.191.165 - - [24/Aug/2019:13:31:53 -0500] "GET /galeria/galeria/jquery.fancybox.js?v=2.1.5 HTTP/1.1" 304 -
201.221.191.165 - - [24/Aug/2019:13:31:53 -0500] "GET /galeria/galeria/jquery.fancybox.css?v=2.1.5 HTTP/1.1" 304 -
66.249.88.127 - - [24/Aug/2019:13:31:56 -0500] "GET /galeria/galeria/jquery.fancybox.css?v=2.1.5 HTTP/1.1" 200 4895
66.249.88.127 - - [24/Aug/2019:13:31:56 -0500] "GET /BLA/boletinlegal/js/jquery.scrollShow.js HTTP/1.1" 200 4586
66.249.88.127 - - [24/Aug/2019:13:31:56 -0500] "GET /galeria/galeria/jquery.fancybox.js?v=2.1.5 HTTP/1.1" 200 48706
191.109.179.107 - - [24/Aug/2019:13:32:00 -0500] "GET /galeria/nivo-slider/demo/images/Banner%20practicas%20sostenibles.jpg HTTP/1.1" 200 142958
191.109.179.107 - - [24/Aug/2019:13:32:00 -0500] "GET /galeria/nivo-slider/demo/images/Banner%20POT.png HTTP/1.1" 200 418238
191.109.179.107 - - [24/Aug/2019:13:32:10 -0500] "GET /galeria/nivo-slider/demo/images/Banner%20POT.png HTTP/1.1" 200 418238
191.109.179.107 - - [24/Aug/2019:13:32:10 -0500] "GET /galeria/nivo-slider/demo/images/BANNER%20punto.jpg HTTP/1.1" 200 75932
66.249.66.153 - - [24/Aug/2019:13:32:14 -0500] "GET /resoluciones/RESOLUCIONES%202010/3435.pdf HTTP/1.1" 404 1018
191.109.179.107 - - [24/Aug/2019:13:32:20 -0500] "GET /galeria/nivo-slider/demo/images/BANNER%20punto.jpg HTTP/1.1" 200 75932
191.109.179.107 - - [24/Aug/2019:13:32:20 -0500] "GET /galeria/nivo-slider/demo/images/Banneranonimos.png HTTP/1.1" 200 109388
191.109.179.107 - - [24/Aug/2019:13:32:30 -0500] "GET /galeria/nivo-slider/demo/images/Banneranonimos.png HTTP/1.1" 200 109388
191.109.179.107 - - [24/Aug/2019:13:32:30 -0500] "GET /galeria/nivo-slider/demo/images/banner-humedales-de-bogota.jpg HTTP/1.1" 200 292611
66.249.66.156 - - [24/Aug/2019:13:32:38 -0500] "GET /Residuos/curtiembres/curtiembres.html HTTP/1.1" 200 1965
191.109.179.107 - - [24/Aug/2019:13:32:40 -0500] "GET /galeria/nivo-slider/demo/images/banner-humedales-de-bogota.jpg HTTP/1.1" 200 292611
191.109.179.107 - - [24/Aug/2019:13:32:40 -0500] "GET /galeria/nivo-slider/demo/images/banner-bolsas-plasticas.jpg HTTP/1.1" 200 317939
191.109.179.107 - - [24/Aug/2019:13:32:50 -0500] "GET /galeria/nivo-slider/demo/images/banner-bolsas-plasticas.jpg HTTP/1.1" 200 317939
191.109.179.107 - - [24/Aug/2019:13:32:50 -0500] "GET /galeria/nivo-slider/demo/images/banner%20reciclaton%20agosto.jpg HTTP/1.1" 200 244820
66.249.66.153 - - [24/Aug/2019:13:32:59 -0500] "GET /interaccion? HTTP/1.1" 301 307
66.249.66.153 - - [24/Aug/2019:13:33:00 -0500] "GET /interaccion/? HTTP/1.1" 200 3292
191.109.179.107 - - [24/Aug/2019:13:33:00 -0500] "GET /galeria/nivo-slider/demo/images/banner%20reciclaton%20agosto.jpg HTTP/1.1" 200 244820
191.109.179.107 - - [24/Aug/2019:13:33:00 -0500] "GET /galeria/nivo-slider/demo/images/Banner%20web%20construccion%20sostenible.png HTTP/1.1" 200 380718
191.109.179.107 - - [24/Aug/2019:13:33:10 -0500] "GET /galeria/nivo-slider/demo/images/Banner%20web%20construccion%20sostenible.png HTTP/1.1" 200 380718
191.109.179.107 - - [24/Aug/2019:13:33:10 -0500] "GET /galeria/nivo-slider/demo/images/puntos%20atencion%20BANNER.jpg HTTP/1.1" 200 244208
186.80.170.239 - - [24/Aug/2019:13:33:10 -0500] "GET /galeria/galeria/jquery.fancybox.css?v=2.1.5 HTTP/1.1" 200 4895
186.80.170.239 - - [24/Aug/2019:13:33:10 -0500] "GET /galeria/galeria/jquery.fancybox.js?v=2.1.5 HTTP/1.1" 200 48706
186.80.170.239 - - [24/Aug/2019:13:33:10 -0500] "GET /BLA/boletinlegal/js/jquery.scrollShow.js HTTP/1.1" 200 4586
191.109.179.107 - - [24/Aug/2019:13:33:20 -0500] "GET /galeria/nivo-slider/demo/images/puntos%20atencion%20BANNER.jpg HTTP/1.1" 200 244208
191.109.179.107 - - [24/Aug/2019:13:33:20 -0500] "GET /galeria/nivo-slider/demo/images/Banner%20caminatas%20agosto.png HTTP/1.1" 200 522896
191.109.179.107 - - [24/Aug/2019:13:33:30 -0500] "GET /galeria/nivo-slider/demo/images/Banner%20caminatas%20agosto.png HTTP/1.1" 200 522896
191.109.179.107 - - [24/Aug/2019:13:33:30 -0500] "GET /galeria/nivo-slider/demo/images/Banner%20Visor%20Geografico%20Ambiental.jpg HTTP/1.1" 200 204673
191.109.179.107 - - [24/Aug/2019:13:33:40 -0500] "GET /galeria/nivo-slider/demo/images/Banner%20Visor%20Geografico%20Ambiental.jpg HTTP/1.1" 200 204673
191.109.179.107 - - [24/Aug/2019:13:33:40 -0500] "GET /galeria/nivo-slider/demo/images/Banner%20consumo%20sostenible%20final.jpg HTTP/1.1" 200 364746
66.249.66.159 - - [24/Aug/2019:13:33:46 -0500] "GET /portel_dama/libreria/php/2006/restauracion/22_proye/xtras_in/2a.pdf HTTP/1.1" 404 1019
191.109.179.107 - - [24/Aug/2019:13:33:50 -0500] "GET /galeria/nivo-slider/demo/images/Banner%20consumo%20sostenible%20final.jpg HTTP/1.1" 200 364746
191.109.179.107 - - [24/Aug/2019:13:33:50 -0500] "GET /galeria/nivo-slider/demo/images/bannersectorambiente.png HTTP/1.1" 200 308540
200.119.48.79 - - [24/Aug/2019:13:33:53 -0500] "GET /BLA/boletinlegal/js/jquery.scrollShow.js HTTP/1.1" 200 4586
200.119.48.79 - - [24/Aug/2019:13:33:53 -0500] "GET /galeria/galeria/jquery.fancybox.css?v=2.1.5 HTTP/1.1" 200 4895
200.119.48.79 - - [24/Aug/2019:13:33:53 -0500] "GET /galeria/galeria/jquery.fancybox.js?v=2.1.5 HTTP/1.1" 200 48706
191.109.179.107 - - [24/Aug/2019:13:34:00 -0500] "GET /galeria/nivo-slider/demo/images/bannersectorambiente.png HTTP/1.1" 200 308540
191.109.179.107 - - [24/Aug/2019:13:34:00 -0500] "GET /galeria/nivo-slider/demo/images/Banner%20RCD.jpg HTTP/1.1" 200 92197
191.109.179.107 - - [24/Aug/2019:13:34:10 -0500] "GET /galeria/nivo-slider/demo/images/Banner%20RCD.jpg HTTP/1.1" 200 92197
191.109.179.107 - - [24/Aug/2019:13:34:10 -0500] "GET /galeria/nivo-slider/demo/images/Banner%20Conpes.jpg HTTP/1.1" 200 55220
191.109.179.107 - - [24/Aug/2019:13:34:20 -0500] "GET /galeria/nivo-slider/demo/images/Banner%20Conpes.jpg HTTP/1.1" 200 55220
191.109.179.107 - - [24/Aug/2019:13:34:20 -0500] "GET /galeria/nivo-slider/demo/images/Banner%20practicas%20sostenibles.jpg HTTP/1.1" 200 142958
179.12.40.248 - - [24/Aug/2019:13:34:21 -0500] "GET /galeria/galeria/jquery.fancybox.css?v=2.1.5 HTTP/1.1" 200 4895
179.12.40.248 - - [24/Aug/2019:13:34:24 -0500] "GET /BLA/boletinlegal/js/jquery.scrollShow.js HTTP/1.1" 200 4586
179.12.40.248 - - [24/Aug/2019:13:34:24 -0500] "GET /galeria/galeria/jquery.fancybox.js?v=2.1.5 HTTP/1.1" 200 48706
191.109.179.107 - - [24/Aug/2019:13:34:30 -0500] "GET /galeria/nivo-slider/demo/images/Banner%20practicas%20sostenibles.jpg HTTP/1.1" 200 142958
191.109.179.107 - - [24/Aug/2019:13:34:30 -0500] "GET /galeria/nivo-slider/demo/images/Banner%20POT.png HTTP/1.1" 200 418238
191.109.179.107 - - [24/Aug/2019:13:34:40 -0500] "GET /galeria/nivo-slider/demo/images/Banner%20POT.png HTTP/1.1" 200 418238
191.109.179.107 - - [24/Aug/2019:13:34:40 -0500] "GET /galeria/nivo-slider/demo/images/BANNER%20punto.jpg HTTP/1.1" 200 75932
54.36.150.180 - - [24/Aug/2019:13:34:46 -0500] "GET /BLA/resoluciones/RESOLUCIONES%202006/RES%202006%201751-1800/00001757.tif HTTP/1.1" 200 162654
191.109.179.107 - - [24/Aug/2019:13:34:50 -0500] "GET /galeria/nivo-slider/demo/images/BANNER%20punto.jpg HTTP/1.1" 200 75932
191.109.179.107 - - [24/Aug/2019:13:34:50 -0500] "GET /galeria/nivo-slider/demo/images/Banneranonimos.png HTTP/1.1" 200 109388
190.255.246.240 - - [24/Aug/2019:13:35:00 -0500] "GET /galeria/galeria/jquery.fancybox.js?v=2.1.5 HTTP/1.1" 200 48706
191.109.179.107 - - [24/Aug/2019:13:35:00 -0500] "GET /galeria/nivo-slider/demo/images/Banneranonimos.png HTTP/1.1" 200 109388
191.109.179.107 - - [24/Aug/2019:13:35:00 -0500] "GET /galeria/nivo-slider/demo/images/banner-humedales-de-bogota.jpg HTTP/1.1" 200 292611
190.255.246.240 - - [24/Aug/2019:13:35:00 -0500] "GET /galeria/nivo-slider/demo/demo.html HTTP/1.1" 200 4637
190.255.246.240 - - [24/Aug/2019:13:35:01 -0500] "GET /galeria/nivo-slider/demo/images/banner%20reciclaton%20agosto.jpg HTTP/1.1" 200 244820
190.255.246.240 - - [24/Aug/2019:13:35:01 -0500] "GET /galeria/nivo-slider/demo/images/BANNER%20punto.jpg HTTP/1.1" 200 75932
190.255.246.240 - - [24/Aug/2019:13:35:01 -0500] "GET /galeria/nivo-slider/demo/images/Banner%20POT.png HTTP/1.1" 200 418238
190.255.246.240 - - [24/Aug/2019:13:35:01 -0500] "GET /galeria/nivo-slider/demo/images/Banner%20Conpes.jpg HTTP/1.1" 200 55220
190.255.246.240 - - [24/Aug/2019:13:35:01 -0500] "GET /galeria/nivo-slider/demo/images/Banner%20practicas%20sostenibles.jpg HTTP/1.1" 200 142958
190.255.246.240 - - [24/Aug/2019:13:35:01 -0500] "GET /galeria/nivo-slider/demo/images/Banner%20RCD.jpg HTTP/1.1" 200 92197
190.255.246.240 - - [24/Aug/2019:13:35:01 -0500] "GET /galeria/nivo-slider/demo/images/Banner%20Visor%20Geografico%20Ambiental.jpg HTTP/1.1" 200 204673
190.255.246.240 - - [24/Aug/2019:13:35:02 -0500] "GET /galeria/nivo-slider/demo/images/Banner%20caminatas%20agosto.png HTTP/1.1" 200 522896
190.255.246.240 - - [24/Aug/2019:13:35:02 -0500] "GET /galeria/nivo-slider/demo/images/Banneranonimos.png HTTP/1.1" 200 109388
190.255.246.240 - - [24/Aug/2019:13:35:02 -0500] "GET /galeria/nivo-slider/demo/images/banner-humedales-de-bogota.jpg HTTP/1.1" 200 292611
190.255.246.240 - - [24/Aug/2019:13:35:03 -0500] "GET /galeria/nivo-slider/demo/images/banner-bolsas-plasticas.jpg HTTP/1.1" 200 317939
190.255.246.240 - - [24/Aug/2019:13:35:03 -0500] "GET /galeria/nivo-slider/demo/images/bannersectorambiente.png HTTP/1.1" 200 308540
190.255.246.240 - - [24/Aug/2019:13:35:03 -0500] "GET /galeria/nivo-slider/demo/images/Banner%20consumo%20sostenible%20final.jpg HTTP/1.1" 200 364746
192.168.175.104 - - [24/Aug/2019:13:35:03 -0500] "GET / HTTP/1.1" 200 9990
190.255.246.240 - - [24/Aug/2019:13:35:04 -0500] "GET /galeria/nivo-slider/demo/scripts/jquery-1.7.1.min.js HTTP/1.1" 200 93868
190.255.246.240 - - [24/Aug/2019:13:35:05 -0500] "GET /galeria/nivo-slider/demo/images/Banner%20web%20construccion%20sostenible.png HTTP/1.1" 200 380718
66.249.66.157 - - [24/Aug/2019:13:35:09 -0500] "GET /PruebasSTORM/StormSDA_pruebas/userFiles/user_files/listas/114.xml HTTP/1.1" 200 188
191.109.179.107 - - [24/Aug/2019:13:35:10 -0500] "GET /galeria/nivo-slider/demo/images/banner-humedales-de-bogota.jpg HTTP/1.1" 200 292611
191.109.179.107 - - [24/Aug/2019:13:35:10 -0500] "GET /galeria/nivo-slider/demo/images/banner-bolsas-plasticas.jpg HTTP/1.1" 200 317939
191.109.179.107 - - [24/Aug/2019:13:35:20 -0500] "GET /galeria/nivo-slider/demo/images/banner%20reciclaton%20agosto.jpg HTTP/1.1" 200 244820
191.109.179.107 - - [24/Aug/2019:13:35:20 -0500] "GET /galeria/nivo-slider/demo/images/banner-bolsas-plasticas.jpg HTTP/1.1" 200 317939
69.162.124.233 - - [24/Aug/2019:13:35:21 -0500] "HEAD / HTTP/1.1" 200 -
191.109.179.107 - - [24/Aug/2019:13:35:30 -0500] "GET /galeria/nivo-slider/demo/images/banner%20reciclaton%20agosto.jpg HTTP/1.1" 200 244820
191.109.179.107 - - [24/Aug/2019:13:35:30 -0500] "GET /galeria/nivo-slider/demo/images/Banner%20web%20construccion%20sostenible.png HTTP/1.1" 200 380718
191.109.179.107 - - [24/Aug/2019:13:35:40 -0500] "GET /galeria/nivo-slider/demo/images/Banner%20web%20construccion%20sostenible.png HTTP/1.1" 200 380718
191.109.179.107 - - [24/Aug/2019:13:35:40 -0500] "GET /galeria/nivo-slider/demo/images/puntos%20atencion%20BANNER.jpg HTTP/1.1" 200 244208
191.109.179.107 - - [24/Aug/2019:13:35:50 -0500] "GET /galeria/nivo-slider/demo/images/puntos%20atencion%20BANNER.jpg HTTP/1.1" 200 244208
191.109.179.107 - - [24/Aug/2019:13:35:50 -0500] "GET /galeria/nivo-slider/demo/images/Banner%20caminatas%20agosto.png HTTP/1.1" 200 522896
66.249.88.125 - - [24/Aug/2019:13:35:55 -0500] "GET /galeria/galeria/jquery.fancybox.css?v=2.1.5 HTTP/1.1" 200 4895
66.249.88.123 - - [24/Aug/2019:13:35:55 -0500] "GET /galeria/galeria/jquery.fancybox.js?v=2.1.5 HTTP/1.1" 200 48706
66.249.88.127 - - [24/Aug/2019:13:35:55 -0500] "GET /BLA/boletinlegal/js/jquery.scrollShow.js HTTP/1.1" 200 4586
191.109.179.107 - - [24/Aug/2019:13:36:00 -0500] "GET /galeria/nivo-slider/demo/images/Banner%20caminatas%20agosto.png HTTP/1.1" 200 522896
191.109.179.107 - - [24/Aug/2019:13:36:00 -0500] "GET /galeria/nivo-slider/demo/images/Banner%20Visor%20Geografico%20Ambiental.jpg HTTP/1.1" 200 204673
191.109.179.107 - - [24/Aug/2019:13:36:10 -0500] "GET /galeria/nivo-slider/demo/images/Banner%20Visor%20Geografico%20Ambiental.jpg HTTP/1.1" 200 204673
191.109.179.107 - - [24/Aug/2019:13:36:10 -0500] "GET /galeria/nivo-slider/demo/images/Banner%20consumo%20sostenible%20final.jpg HTTP/1.1" 200 364746
191.109.179.107 - - [24/Aug/2019:13:36:20 -0500] "GET /galeria/nivo-slider/demo/images/Banner%20consumo%20sostenible%20final.jpg HTTP/1.1" 200 364746
191.109.179.107 - - [24/Aug/2019:13:36:20 -0500] "GET /galeria/nivo-slider/demo/images/bannersectorambiente.png HTTP/1.1" 200 308540
191.109.179.107 - - [24/Aug/2019:13:36:30 -0500] "GET /galeria/nivo-slider/demo/images/bannersectorambiente.png HTTP/1.1" 200 308540
191.109.179.107 - - [24/Aug/2019:13:36:30 -0500] "GET /galeria/nivo-slider/demo/images/Banner%20RCD.jpg HTTP/1.1" 200 92197
191.109.179.107 - - [24/Aug/2019:13:36:40 -0500] "GET /galeria/nivo-slider/demo/images/Banner%20RCD.jpg HTTP/1.1" 200 92197
191.109.179.107 - - [24/Aug/2019:13:36:40 -0500] "GET /galeria/nivo-slider/demo/images/Banner%20Conpes.jpg HTTP/1.1" 200 55220
66.249.66.153 - - [24/Aug/2019:13:36:48 -0500] "GET /svr-ciudadano/? HTTP/1.1" 200 93998
66.249.66.153 - - [24/Aug/2019:13:36:49 -0500] "GET /svr-ciudadano/js/dataTables.bootstrap.js HTTP/1.1" 200 4287
66.249.66.153 - - [24/Aug/2019:13:36:49 -0500] "GET /svr-ciudadano/js/jquery.dataTables.min.js HTTP/1.1" 200 153451
66.249.66.153 - - [24/Aug/2019:13:36:50 -0500] "GET /svr-ciudadano/css/dataTables.bootstrap.css HTTP/1.1" 200 7678
191.109.179.107 - - [24/Aug/2019:13:36:50 -0500] "GET /galeria/nivo-slider/demo/images/Banner%20practicas%20sostenibles.jpg HTTP/1.1" 200 142958
191.109.179.107 - - [24/Aug/2019:13:36:50 -0500] "GET /galeria/nivo-slider/demo/images/Banner%20Conpes.jpg HTTP/1.1" 200 55220
66.249.66.153 - - [24/Aug/2019:13:36:50 -0500] "GET /svr-ciudadano/js/jquery.min.js HTTP/1.1" 200 95786
192.168.175.104 - - [24/Aug/2019:13:36:51 -0500] "GET / HTTP/1.0" 200 9990
66.249.66.153 - - [24/Aug/2019:13:36:51 -0500] "GET /svr-ciudadano/css/bootstrap.min.css HTTP/1.1" 200 113498
66.249.66.153 - - [24/Aug/2019:13:36:52 -0500] "GET /svr-ciudadano/js/bootstrap.min.js HTTP/1.1" 200 35601
181.48.158.118 - - [24/Aug/2019:13:36:59 -0500] "GET /galeria/galeria/jquery.fancybox.css?v=2.1.5 HTTP/1.1" 200 4895
181.48.158.118 - - [24/Aug/2019:13:36:59 -0500] "GET /BLA/boletinlegal/js/jquery.scrollShow.js HTTP/1.1" 200 4586
181.48.158.118 - - [24/Aug/2019:13:36:59 -0500] "GET /galeria/galeria/jquery.fancybox.js?v=2.1.5 HTTP/1.1" 200 48706
186.145.24.195 - - [24/Aug/2019:13:37:00 -0500] "GET /BLA/boletinlegal/js/jquery.scrollShow.js HTTP/1.1" 200 4586
186.145.24.195 - - [24/Aug/2019:13:37:00 -0500] "GET /galeria/galeria/jquery.fancybox.js?v=2.1.5 HTTP/1.1" 200 48706
186.145.24.195 - - [24/Aug/2019:13:37:00 -0500] "GET /galeria/galeria/jquery.fancybox.css?v=2.1.5 HTTP/1.1" 200 4895
191.109.179.107 - - [24/Aug/2019:13:37:00 -0500] "GET /galeria/nivo-slider/demo/images/Banner%20practicas%20sostenibles.jpg HTTP/1.1" 200 142958
191.109.179.107 - - [24/Aug/2019:13:37:00 -0500] "GET /galeria/nivo-slider/demo/images/Banner%20POT.png HTTP/1.1" 200 418238
66.249.88.125 - - [24/Aug/2019:13:37:09 -0500] "GET /BLA/boletinlegal/js/jquery.scrollShow.js HTTP/1.1" 200 4586
66.249.88.127 - - [24/Aug/2019:13:37:09 -0500] "GET /galeria/galeria/jquery.fancybox.css?v=2.1.5 HTTP/1.1" 200 4895
66.249.88.127 - - [24/Aug/2019:13:37:09 -0500] "GET /galeria/galeria/jquery.fancybox.js?v=2.1.5 HTTP/1.1" 200 48706
191.109.179.107 - - [24/Aug/2019:13:37:10 -0500] "GET /galeria/nivo-slider/demo/images/Banner%20POT.png HTTP/1.1" 200 418238
191.109.179.107 - - [24/Aug/2019:13:37:10 -0500] "GET /galeria/nivo-slider/demo/images/BANNER%20punto.jpg HTTP/1.1" 200 75932
191.109.179.107 - - [24/Aug/2019:13:37:20 -0500] "GET /galeria/nivo-slider/demo/images/Banneranonimos.png HTTP/1.1" 200 109388
191.109.179.107 - - [24/Aug/2019:13:37:20 -0500] "GET /galeria/nivo-slider/demo/images/BANNER%20punto.jpg HTTP/1.1" 200 75932
186.145.24.195 - - [24/Aug/2019:13:37:22 -0500] "GET /galeria/galeria/jquery.fancybox.css?v=2.1.5 HTTP/1.1" 304 -
186.145.24.195 - - [24/Aug/2019:13:37:22 -0500] "GET /BLA/boletinlegal/js/jquery.scrollShow.js HTTP/1.1" 304 -
186.145.24.195 - - [24/Aug/2019:13:37:22 -0500] "GET /galeria/galeria/jquery.fancybox.js?v=2.1.5 HTTP/1.1" 304 -
186.80.157.146 - - [24/Aug/2019:13:37:23 -0500] "GET /galeria/galeria/jquery.fancybox.css?v=2.1.5 HTTP/1.1" 200 4895
186.80.157.146 - - [24/Aug/2019:13:37:23 -0500] "GET /galeria/carrusel/Carrusel/jquery.thumbnailScroller.css HTTP/1.1" 200 2066
186.80.157.146 - - [24/Aug/2019:13:37:23 -0500] "GET /galeria/galeria/jquery.fancybox.js?v=2.1.5 HTTP/1.1" 200 48706
186.80.157.146 - - [24/Aug/2019:13:37:23 -0500] "GET /BLA/boletinlegal/js/jquery.scrollShow.js HTTP/1.1" 200 4586
186.80.157.146 - - [24/Aug/2019:13:37:26 -0500] "GET /galeria/carrusel/Carrusel/jquery-ui-1.8.13.custom.min.js HTTP/1.1" 200 10800
186.80.157.146 - - [24/Aug/2019:13:37:26 -0500] "GET /galeria/carrusel/Carrusel/jquery.thumbnailScroller.js HTTP/1.1" 200 8157
186.80.157.146 - - [24/Aug/2019:13:37:27 -0500] "GET /galeria/nivo-slider/demo/demo.html HTTP/1.1" 200 4637
186.80.157.146 - - [24/Aug/2019:13:37:27 -0500] "GET /galeria/nivo-slider/themes/default/default.css HTTP/1.1" 200 1569
186.80.157.146 - - [24/Aug/2019:13:37:27 -0500] "GET /galeria/nivo-slider/nivo-slider.css HTTP/1.1" 200 1507
186.80.157.146 - - [24/Aug/2019:13:37:27 -0500] "GET /galeria/nivo-slider/themes/orman/orman.css HTTP/1.1" 200 2152
186.80.157.146 - - [24/Aug/2019:13:37:27 -0500] "GET /galeria/nivo-slider/demo/images/banner-bolsas-plasticas.jpg HTTP/1.1" 200 317939
186.80.157.146 - - [24/Aug/2019:13:37:27 -0500] "GET /galeria/nivo-slider/demo/style.css HTTP/1.1" 200 2222
186.80.157.146 - - [24/Aug/2019:13:37:27 -0500] "GET /galeria/nivo-slider/themes/pascal/pascal.css HTTP/1.1" 200 2258
