191.109.179.107 - - [24/Aug/2019:14:18:24 -0500] "GET /galeria/nivo-slider/demo/images/Banner%20caminatas%20agosto.png HTTP/1.1" 200 522896
66.249.66.155 - - [24/Aug/2019:14:18:30 -0500] "GET /BLA/resoluciones/AUTOS%202014/0922.pdf HTTP/1.1" 200 580164
191.109.179.107 - - [24/Aug/2019:14:18:34 -0500] "GET /galeria/nivo-slider/demo/images/Banner%20caminatas%20agosto.png HTTP/1.1" 200 522896
191.109.179.107 - - [24/Aug/2019:14:18:34 -0500] "GET /galeria/nivo-slider/demo/images/Banner%20Visor%20Geografico%20Ambiental.jpg HTTP/1.1" 200 204673
66.249.66.155 - - [24/Aug/2019:14:18:34 -0500] "GET /BLA/resoluciones/RESOLUCIONES%202009/7104.pdf HTTP/1.1" 200 241373
66.249.88.127 - - [24/Aug/2019:14:18:35 -0500] "GET /galeria/galeria/jquery.fancybox.js?v=2.1.5 HTTP/1.1" 200 48706
66.249.88.123 - - [24/Aug/2019:14:18:35 -0500] "GET /BLA/boletinlegal/js/jquery.scrollShow.js HTTP/1.1" 200 4586
66.249.88.123 - - [24/Aug/2019:14:18:35 -0500] "GET /galeria/galeria/jquery.fancybox.css?v=2.1.5 HTTP/1.1" 200 4895
66.249.66.153 - - [24/Aug/2019:14:18:36 -0500] "GET /BLA/resoluciones/AUTOS%202014/4463.pdf HTTP/1.1" 200 527527
191.109.179.107 - - [24/Aug/2019:14:18:44 -0500] "GET /galeria/nivo-slider/demo/images/Banner%20Visor%20Geografico%20Ambiental.jpg HTTP/1.1" 200 204673
191.109.179.107 - - [24/Aug/2019:14:18:44 -0500] "GET /galeria/nivo-slider/demo/images/Banner%20consumo%20sostenible%20final.jpg HTTP/1.1" 200 364746
66.249.66.153 - - [24/Aug/2019:14:18:45 -0500] "GET /BLA/resoluciones/AUTOS%202011/7758.pdf HTTP/1.1" 200 221376
66.249.66.155 - - [24/Aug/2019:14:18:46 -0500] "GET /BLA/resoluciones/RESOLUCIONES%202009/3698.pdf HTTP/1.1" 200 50524
186.155.13.54 - - [24/Aug/2019:14:18:51 -0500] "GET /galeria/galeria/jquery.fancybox.css?v=2.1.5 HTTP/1.1" 200 4895
186.155.13.54 - - [24/Aug/2019:14:18:51 -0500] "GET /BLA/boletinlegal/js/jquery.scrollShow.js HTTP/1.1" 200 4586
186.155.13.54 - - [24/Aug/2019:14:18:51 -0500] "GET /galeria/galeria/jquery.fancybox.js?v=2.1.5 HTTP/1.1" 200 48706
191.109.179.107 - - [24/Aug/2019:14:18:54 -0500] "GET /galeria/nivo-slider/demo/images/Banner%20consumo%20sostenible%20final.jpg HTTP/1.1" 200 364746
191.109.179.107 - - [24/Aug/2019:14:18:54 -0500] "GET /galeria/nivo-slider/demo/images/bannersectorambiente.png HTTP/1.1" 200 308540
201.245.192.253 - - [24/Aug/2019:14:17:53 -0500] "POST /kwsrmcab/Wsrmcab HTTP/1.1" 200 14746
201.245.192.253 - - [24/Aug/2019:14:17:53 -0500] "POST /kwsrmcab/Wsrmcab HTTP/1.1" 200 29381
66.249.66.153 - - [24/Aug/2019:14:19:01 -0500] "GET /BLA/resoluciones/AUTOS%202011/6425.pdf HTTP/1.1" 200 152770
191.109.179.107 - - [24/Aug/2019:14:19:04 -0500] "GET /galeria/nivo-slider/demo/images/bannersectorambiente.png HTTP/1.1" 200 308540
191.109.179.107 - - [24/Aug/2019:14:19:04 -0500] "GET /galeria/nivo-slider/demo/images/Banner%20RCD.jpg HTTP/1.1" 200 92197
191.109.179.107 - - [24/Aug/2019:14:19:14 -0500] "GET /galeria/nivo-slider/demo/images/Banner%20RCD.jpg HTTP/1.1" 200 92197
191.109.179.107 - - [24/Aug/2019:14:19:14 -0500] "GET /galeria/nivo-slider/demo/images/Banner%20Conpes.jpg HTTP/1.1" 200 55220
190.157.117.146 - - [24/Aug/2019:14:19:23 -0500] "GET /galeria/galeria/jquery.fancybox.css?v=2.1.5 HTTP/1.1" 200 4895
190.157.117.146 - - [24/Aug/2019:14:19:23 -0500] "GET /BLA/boletinlegal/js/jquery.scrollShow.js HTTP/1.1" 200 4586
190.157.117.146 - - [24/Aug/2019:14:19:23 -0500] "GET /galeria/galeria/jquery.fancybox.js?v=2.1.5 HTTP/1.1" 200 48706
191.109.179.107 - - [24/Aug/2019:14:19:24 -0500] "GET /galeria/nivo-slider/demo/images/Banner%20Conpes.jpg HTTP/1.1" 200 55220
191.109.179.107 - - [24/Aug/2019:14:19:24 -0500] "GET /galeria/nivo-slider/demo/images/Banner%20practicas%20sostenibles.jpg HTTP/1.1" 200 142958
181.130.50.228 - - [24/Aug/2019:14:19:24 -0500] "GET /galeria/galeria/fotos/juan-amarillo2G.jpg HTTP/1.1" 200 341507
201.245.192.253 - - [24/Aug/2019:14:18:53 -0500] "POST /kwsrmcab/Wsrmcab HTTP/1.1" 200 29526
191.109.179.107 - - [24/Aug/2019:14:19:34 -0500] "GET /galeria/nivo-slider/demo/images/Banner%20practicas%20sostenibles.jpg HTTP/1.1" 200 142958
191.109.179.107 - - [24/Aug/2019:14:19:34 -0500] "GET /galeria/nivo-slider/demo/images/Banner%20POT.png HTTP/1.1" 200 418238
66.249.88.123 - - [24/Aug/2019:14:19:35 -0500] "GET /galeria/galeria/jquery.fancybox.js?v=2.1.5 HTTP/1.1" 200 48706
66.249.88.127 - - [24/Aug/2019:14:19:35 -0500] "GET /galeria/galeria/jquery.fancybox.css?v=2.1.5 HTTP/1.1" 200 4895
66.249.88.123 - - [24/Aug/2019:14:19:35 -0500] "GET /BLA/boletinlegal/js/jquery.scrollShow.js HTTP/1.1" 200 4586
66.249.66.155 - - [24/Aug/2019:14:19:42 -0500] "GET /BLA/resoluciones/AUTOS%202007/0244.pdf HTTP/1.1" 200 16753
66.249.66.156 - - [24/Aug/2019:14:19:43 -0500] "GET /BLA/resoluciones/RESOLUCIONES%202009/2340.pdf HTTP/1.1" 200 394738
191.109.179.107 - - [24/Aug/2019:14:19:44 -0500] "GET /galeria/nivo-slider/demo/images/Banner%20POT.png HTTP/1.1" 200 418238
191.109.179.107 - - [24/Aug/2019:14:19:44 -0500] "GET /galeria/nivo-slider/demo/images/BANNER%20punto.jpg HTTP/1.1" 200 75932
192.168.175.104 - - [24/Aug/2019:14:19:46 -0500] "GET / HTTP/1.1" 200 9990
46.229.168.145 - - [24/Aug/2019:14:19:49 -0500] "GET /robots.txt HTTP/1.1" 404 1019
46.229.168.154 - - [24/Aug/2019:14:19:49 -0500] "GET /Anexos%20estudio%20Organizacional%20SDA/index.php?dir=ANEXO%2BNo.%2B9%2B-%2BRES%C3%83%C2%83%C3%82%C2%83%C3%83%C2%82%C3%82%C2%83%C3%83%C2%83%C3%82%C2%82%C3%83%C2%82%C3%82%C2%83%C3%83%C2%83%C3%82%C2%83%C3%83%C2%82%C3%82%C2%82%C3%83%C2%83%C3%82%C2%82%C3%83%C2%82%C3%82%C2%83%C3%83%C2%83%C3%82%C2%83%C3%83%C2%82%C3%82%C2%83%C3%83%C2%83%C3%82%C2%82%C3%83%C2%82%C3%82%C2%82%C3%83%C2%83%C3%82%C2%83%C3%83%C2%82%C3%82%C2%82%C3%83%C2%83%C3%82%C2%82%C3%83%C2%82%C3%82%C2%9AMENES%2BDE%2BLA%2BMEDICI%C3%83%C2%83%C3%82%C2%83%C3%83%C2%82%C3%82%C2%83%C3%83%C2%83%C3%82%C2%82%C3%83%C2%82%C3%82%C2%83%C3%83%C2%83%C3%82%C2%83%C3%83%C2%82%C3%82%C2%82%C3%83%C2%83%C3%82%C2%82%C3%83%C2%82%C3%82%C2%83%C3%83%C2%83%C3%82%C2%83%C3%83%C2%82%C3%82%C2%83%C3%83%C2%83%C3%82%C2%82%C3%83%C2%82%C3%82%C2%82%C3%83%C2%83%C3%82%C2%83%C3%83%C2%82%C3%82%C2%82%C3%83%C2%83%C3%82%C2%82%C3%83%C2%82%C3%82%C2%93N%2BDE%2BCARGAS%2BLABORALES%2BSDA%2F&order=desc&sort=date HTTP/1.1" 200 6960
186.29.234.190 - - [24/Aug/2019:14:19:50 -0500] "GET /galeria/galeria/jquery.fancybox.css?v=2.1.5 HTTP/1.1" 200 4895
186.29.234.190 - - [24/Aug/2019:14:19:51 -0500] "GET /BLA/boletinlegal/js/jquery.scrollShow.js HTTP/1.1" 200 4586
186.29.234.190 - - [24/Aug/2019:14:19:51 -0500] "GET /galeria/galeria/jquery.fancybox.js?v=2.1.5 HTTP/1.1" 200 48706
66.249.88.123 - - [24/Aug/2019:14:19:52 -0500] "GET /galeria/galeria/jquery.fancybox.css?v=2.1.5 HTTP/1.1" 200 4895
66.249.88.125 - - [24/Aug/2019:14:19:52 -0500] "GET /BLA/boletinlegal/js/jquery.scrollShow.js HTTP/1.1" 200 4586
66.249.88.125 - - [24/Aug/2019:14:19:52 -0500] "GET /galeria/galeria/jquery.fancybox.js?v=2.1.5 HTTP/1.1" 200 48706
191.109.179.107 - - [24/Aug/2019:14:19:54 -0500] "GET /galeria/nivo-slider/demo/images/BANNER%20punto.jpg HTTP/1.1" 200 75932
191.109.179.107 - - [24/Aug/2019:14:19:54 -0500] "GET /galeria/nivo-slider/demo/images/Banneranonimos.png HTTP/1.1" 200 109388
66.249.66.155 - - [24/Aug/2019:14:19:56 -0500] "GET /BLA/resoluciones/RESOLUCIONES%202009/3098.pdf HTTP/1.1" 200 476685
186.155.15.93 - - [24/Aug/2019:14:19:59 -0500] "GET /galeria/galeria/fotos/GuaymaralTorca2G.jpg HTTP/1.1" 200 352295
51.38.162.232 - - [24/Aug/2019:14:20:00 -0500] "GET /galeria/galeria/fotos/Humedal-Tibanica3P.jpg HTTP/1.0" 200 28016
51.15.209.128 - - [24/Aug/2019:14:20:00 -0500] "GET /galeria/galeria/fotos/Humedal-Tibanica1P.jpg HTTP/1.0" 200 26376
51.15.80.14 - - [24/Aug/2019:14:20:00 -0500] "GET /galeria/galeria/fotos/Humedal-Tibanica4P.jpg HTTP/1.0" 200 26708
51.38.162.232 - - [24/Aug/2019:14:20:01 -0500] "GET /galeria/galeria/fotos/Humedal-Tibanica2P.jpg HTTP/1.0" 200 29568
191.109.179.107 - - [24/Aug/2019:14:20:04 -0500] "GET /galeria/nivo-slider/demo/images/Banneranonimos.png HTTP/1.1" 200 109388
191.109.179.107 - - [24/Aug/2019:14:20:04 -0500] "GET /galeria/nivo-slider/demo/images/banner-humedales-de-bogota.jpg HTTP/1.1" 200 292611
191.109.179.107 - - [24/Aug/2019:14:20:14 -0500] "GET /galeria/nivo-slider/demo/images/banner-humedales-de-bogota.jpg HTTP/1.1" 200 292611
191.109.179.107 - - [24/Aug/2019:14:20:14 -0500] "GET /galeria/nivo-slider/demo/images/banner-bolsas-plasticas.jpg HTTP/1.1" 200 317939
69.162.124.233 - - [24/Aug/2019:14:20:20 -0500] "HEAD / HTTP/1.1" 200 -
191.109.179.107 - - [24/Aug/2019:14:20:24 -0500] "GET /galeria/nivo-slider/demo/images/banner-bolsas-plasticas.jpg HTTP/1.1" 200 317939
191.109.179.107 - - [24/Aug/2019:14:20:24 -0500] "GET /galeria/nivo-slider/demo/images/banner%20reciclaton%20agosto.jpg HTTP/1.1" 200 244820
181.130.50.228 - - [24/Aug/2019:14:20:33 -0500] "GET /galeria/galeria/fotos/juan-amarillo3G.jpg HTTP/1.1" 200 328975
191.109.179.107 - - [24/Aug/2019:14:20:34 -0500] "GET /galeria/nivo-slider/demo/images/banner%20reciclaton%20agosto.jpg HTTP/1.1" 200 244820
191.109.179.107 - - [24/Aug/2019:14:20:34 -0500] "GET /galeria/nivo-slider/demo/images/Banner%20web%20construccion%20sostenible.png HTTP/1.1" 200 380718
191.109.179.107 - - [24/Aug/2019:14:20:44 -0500] "GET /galeria/nivo-slider/demo/images/Banner%20web%20construccion%20sostenible.png HTTP/1.1" 200 380718
191.109.179.107 - - [24/Aug/2019:14:20:44 -0500] "GET /galeria/nivo-slider/demo/images/puntos%20atencion%20BANNER.jpg HTTP/1.1" 200 244208
66.249.88.127 - - [24/Aug/2019:14:20:44 -0500] "GET /BLA/boletinlegal/js/jquery.scrollShow.js HTTP/1.1" 200 4586
66.249.88.123 - - [24/Aug/2019:14:20:44 -0500] "GET /galeria/galeria/jquery.fancybox.css?v=2.1.5 HTTP/1.1" 200 4895
66.249.88.123 - - [24/Aug/2019:14:20:44 -0500] "GET /galeria/galeria/jquery.fancybox.js?v=2.1.5 HTTP/1.1" 200 48706
181.60.99.53 - - [24/Aug/2019:14:20:47 -0500] "GET /galeria/galeria/jquery.fancybox.css?v=2.1.5 HTTP/1.1" 200 4895
181.60.99.53 - - [24/Aug/2019:14:20:49 -0500] "GET /BLA/boletinlegal/js/jquery.scrollShow.js HTTP/1.1" 200 4586
181.60.99.53 - - [24/Aug/2019:14:20:50 -0500] "GET /galeria/galeria/jquery.fancybox.js?v=2.1.5 HTTP/1.1" 200 48706
66.249.66.155 - - [24/Aug/2019:14:20:53 -0500] "GET /Residuos/impresion/files/guia_impresion-lit.pdf HTTP/1.1" 304 -
191.109.179.107 - - [24/Aug/2019:14:20:54 -0500] "GET /galeria/nivo-slider/demo/images/puntos%20atencion%20BANNER.jpg HTTP/1.1" 200 244208
191.109.179.107 - - [24/Aug/2019:14:20:54 -0500] "GET /galeria/nivo-slider/demo/images/Banner%20caminatas%20agosto.png HTTP/1.1" 200 522896
66.249.66.153 - - [24/Aug/2019:14:21:04 -0500] "GET /BLA/resoluciones/AUTOS%202014/7203.pdf HTTP/1.1" 200 500008
191.109.179.107 - - [24/Aug/2019:14:21:04 -0500] "GET /galeria/nivo-slider/demo/images/Banner%20caminatas%20agosto.png HTTP/1.1" 200 522896
191.109.179.107 - - [24/Aug/2019:14:21:04 -0500] "GET /galeria/nivo-slider/demo/images/Banner%20Visor%20Geografico%20Ambiental.jpg HTTP/1.1" 200 204673
191.109.179.107 - - [24/Aug/2019:14:21:14 -0500] "GET /galeria/nivo-slider/demo/images/Banner%20Visor%20Geografico%20Ambiental.jpg HTTP/1.1" 200 204673
191.109.179.107 - - [24/Aug/2019:14:21:14 -0500] "GET /galeria/nivo-slider/demo/images/Banner%20consumo%20sostenible%20final.jpg HTTP/1.1" 200 364746
66.249.66.153 - - [24/Aug/2019:14:21:19 -0500] "GET /BLA/resoluciones/AUTOS%202014/4415.pdf HTTP/1.1" 200 543617
66.249.88.125 - - [24/Aug/2019:14:21:24 -0500] "GET /galeria/galeria/jquery.fancybox.css?v=2.1.5 HTTP/1.1" 200 4895
66.249.88.125 - - [24/Aug/2019:14:21:24 -0500] "GET /BLA/boletinlegal/js/jquery.scrollShow.js HTTP/1.1" 200 4586
66.249.88.127 - - [24/Aug/2019:14:21:24 -0500] "GET /galeria/galeria/jquery.fancybox.js?v=2.1.5 HTTP/1.1" 200 48706
191.109.179.107 - - [24/Aug/2019:14:21:24 -0500] "GET /galeria/nivo-slider/demo/images/Banner%20consumo%20sostenible%20final.jpg HTTP/1.1" 200 364746
191.109.179.107 - - [24/Aug/2019:14:21:24 -0500] "GET /galeria/nivo-slider/demo/images/bannersectorambiente.png HTTP/1.1" 200 308540
66.249.66.153 - - [24/Aug/2019:14:21:29 -0500] "GET /BLA/resoluciones/AUTOS%202015/2280.pdf HTTP/1.1" 304 -
191.109.179.107 - - [24/Aug/2019:14:21:34 -0500] "GET /galeria/nivo-slider/demo/images/bannersectorambiente.png HTTP/1.1" 200 308540
191.109.179.107 - - [24/Aug/2019:14:21:34 -0500] "GET /galeria/nivo-slider/demo/images/Banner%20RCD.jpg HTTP/1.1" 200 92197
192.168.175.104 - - [24/Aug/2019:14:21:34 -0500] "GET / HTTP/1.0" 200 9990
66.249.88.123 - - [24/Aug/2019:14:21:38 -0500] "GET /galeria/galeria/jquery.fancybox.css?v=2.1.5 HTTP/1.1" 200 4895
66.249.88.123 - - [24/Aug/2019:14:21:38 -0500] "GET /galeria/galeria/jquery.fancybox.js?v=2.1.5 HTTP/1.1" 200 48706
66.249.88.127 - - [24/Aug/2019:14:21:38 -0500] "GET /BLA/boletinlegal/js/jquery.scrollShow.js HTTP/1.1" 200 4586
191.109.179.107 - - [24/Aug/2019:14:21:44 -0500] "GET /galeria/nivo-slider/demo/images/Banner%20RCD.jpg HTTP/1.1" 200 92197
191.109.179.107 - - [24/Aug/2019:14:21:44 -0500] "GET /galeria/nivo-slider/demo/images/Banner%20Conpes.jpg HTTP/1.1" 200 55220
191.109.179.107 - - [24/Aug/2019:14:21:54 -0500] "GET /galeria/nivo-slider/demo/images/Banner%20Conpes.jpg HTTP/1.1" 200 55220
191.109.179.107 - - [24/Aug/2019:14:21:54 -0500] "GET /galeria/nivo-slider/demo/images/Banner%20practicas%20sostenibles.jpg HTTP/1.1" 200 142958
191.109.179.107 - - [24/Aug/2019:14:22:04 -0500] "GET /galeria/nivo-slider/demo/images/Banner%20practicas%20sostenibles.jpg HTTP/1.1" 200 142958
191.109.179.107 - - [24/Aug/2019:14:22:04 -0500] "GET /galeria/nivo-slider/demo/images/Banner%20POT.png HTTP/1.1" 200 418238
66.249.66.153 - - [24/Aug/2019:14:22:05 -0500] "GET /galeria/galeria/fotos/Entrenube3G.jpg HTTP/1.1" 200 138221
51.15.80.14 - - [24/Aug/2019:14:22:14 -0500] "GET /galeria/galeria/fotos/Humedal-Vaca3P.jpg HTTP/1.0" 200 38460
51.15.80.14 - - [24/Aug/2019:14:22:14 -0500] "GET /galeria/galeria/fotos/Humedal-vaca6P.jpg HTTP/1.0" 200 11678
51.15.80.14 - - [24/Aug/2019:14:22:14 -0500] "GET /galeria/galeria/fotos/Humedal-vaca7P.jpg HTTP/1.0" 200 11116
191.109.179.107 - - [24/Aug/2019:14:22:14 -0500] "GET /galeria/nivo-slider/demo/images/Banner%20POT.png HTTP/1.1" 200 418238
191.109.179.107 - - [24/Aug/2019:14:22:14 -0500] "GET /galeria/nivo-slider/demo/images/BANNER%20punto.jpg HTTP/1.1" 200 75932
51.38.162.232 - - [24/Aug/2019:14:22:14 -0500] "GET /galeria/galeria/fotos/Humedal-Vaca2P.jpg HTTP/1.0" 200 26921
191.109.179.107 - - [24/Aug/2019:14:22:24 -0500] "GET /galeria/nivo-slider/demo/images/BANNER%20punto.jpg HTTP/1.1" 200 75932
191.109.179.107 - - [24/Aug/2019:14:22:24 -0500] "GET /galeria/nivo-slider/demo/images/Banneranonimos.png HTTP/1.1" 200 109388
191.109.179.107 - - [24/Aug/2019:14:22:34 -0500] "GET /galeria/nivo-slider/demo/images/Banneranonimos.png HTTP/1.1" 200 109388
191.109.179.107 - - [24/Aug/2019:14:22:34 -0500] "GET /galeria/nivo-slider/demo/images/banner-humedales-de-bogota.jpg HTTP/1.1" 200 292611
191.109.179.107 - - [24/Aug/2019:14:22:44 -0500] "GET /galeria/nivo-slider/demo/images/banner-humedales-de-bogota.jpg HTTP/1.1" 200 292611
191.109.179.107 - - [24/Aug/2019:14:22:44 -0500] "GET /galeria/nivo-slider/demo/images/banner-bolsas-plasticas.jpg HTTP/1.1" 200 317939
191.109.179.107 - - [24/Aug/2019:14:22:54 -0500] "GET /galeria/nivo-slider/demo/images/banner-bolsas-plasticas.jpg HTTP/1.1" 200 317939
191.109.179.107 - - [24/Aug/2019:14:22:54 -0500] "GET /galeria/nivo-slider/demo/images/banner%20reciclaton%20agosto.jpg HTTP/1.1" 200 244820
54.36.150.183 - - [24/Aug/2019:14:23:01 -0500] "GET /BLA/resoluciones/RESOLUCIONES%202003/RES%202003%20851-900/897.tif HTTP/1.1" 200 732500
191.109.179.107 - - [24/Aug/2019:14:23:04 -0500] "GET /galeria/nivo-slider/demo/images/banner%20reciclaton%20agosto.jpg HTTP/1.1" 200 244820
191.109.179.107 - - [24/Aug/2019:14:23:04 -0500] "GET /galeria/nivo-slider/demo/images/Banner%20web%20construccion%20sostenible.png HTTP/1.1" 200 380718
191.109.179.107 - - [24/Aug/2019:14:23:14 -0500] "GET /galeria/nivo-slider/demo/images/Banner%20web%20construccion%20sostenible.png HTTP/1.1" 200 380718
191.109.179.107 - - [24/Aug/2019:14:23:14 -0500] "GET /galeria/nivo-slider/demo/images/puntos%20atencion%20BANNER.jpg HTTP/1.1" 200 244208
191.109.179.107 - - [24/Aug/2019:14:23:24 -0500] "GET /galeria/nivo-slider/demo/images/puntos%20atencion%20BANNER.jpg HTTP/1.1" 200 244208
191.109.179.107 - - [24/Aug/2019:14:23:24 -0500] "GET /galeria/nivo-slider/demo/images/Banner%20caminatas%20agosto.png HTTP/1.1" 200 522896
66.249.88.125 - - [24/Aug/2019:14:23:25 -0500] "GET /galeria/galeria/jquery.fancybox.js?v=2.1.5 HTTP/1.1" 200 48706
66.249.88.125 - - [24/Aug/2019:14:23:25 -0500] "GET /BLA/boletinlegal/js/jquery.scrollShow.js HTTP/1.1" 200 4586
66.249.88.123 - - [24/Aug/2019:14:23:25 -0500] "GET /galeria/galeria/jquery.fancybox.css?v=2.1.5 HTTP/1.1" 200 4895
66.249.66.153 - - [24/Aug/2019:14:23:27 -0500] "GET /BLA/resoluciones/AUTOS%202011/1865.pdf HTTP/1.1" 200 132235
191.109.179.107 - - [24/Aug/2019:14:23:34 -0500] "GET /galeria/nivo-slider/demo/images/Banner%20caminatas%20agosto.png HTTP/1.1" 200 522896
191.109.179.107 - - [24/Aug/2019:14:23:34 -0500] "GET /galeria/nivo-slider/demo/images/Banner%20Visor%20Geografico%20Ambiental.jpg HTTP/1.1" 200 204673
66.249.66.153 - - [24/Aug/2019:14:23:43 -0500] "GET /BLA/resoluciones/AUTOS%202011/5403.pdf HTTP/1.1" 200 135171
191.109.179.107 - - [24/Aug/2019:14:23:44 -0500] "GET /galeria/nivo-slider/demo/images/Banner%20Visor%20Geografico%20Ambiental.jpg HTTP/1.1" 200 204673
191.109.179.107 - - [24/Aug/2019:14:23:44 -0500] "GET /galeria/nivo-slider/demo/images/Banner%20consumo%20sostenible%20final.jpg HTTP/1.1" 200 364746
191.109.179.107 - - [24/Aug/2019:14:23:54 -0500] "GET /galeria/nivo-slider/demo/images/Banner%20consumo%20sostenible%20final.jpg HTTP/1.1" 200 364746
191.109.179.107 - - [24/Aug/2019:14:23:54 -0500] "GET /galeria/nivo-slider/demo/images/bannersectorambiente.png HTTP/1.1" 200 308540
191.109.179.107 - - [24/Aug/2019:14:24:04 -0500] "GET /galeria/nivo-slider/demo/images/bannersectorambiente.png HTTP/1.1" 200 308540
191.109.179.107 - - [24/Aug/2019:14:24:04 -0500] "GET /galeria/nivo-slider/demo/images/Banner%20RCD.jpg HTTP/1.1" 200 92197
191.92.172.2 - - [24/Aug/2019:14:24:10 -0500] "GET /BLA/boletinlegal/js/jquery.scrollShow.js HTTP/1.1" 200 4586
191.92.172.2 - - [24/Aug/2019:14:24:10 -0500] "GET /galeria/galeria/jquery.fancybox.js?v=2.1.5 HTTP/1.1" 200 48706
191.92.172.2 - - [24/Aug/2019:14:24:11 -0500] "GET /galeria/carrusel/Carrusel/jquery.thumbnailScroller.css HTTP/1.1" 200 2066
191.92.172.2 - - [24/Aug/2019:14:24:11 -0500] "GET /galeria/carrusel/Carrusel/jquery-ui-1.8.13.custom.min.js HTTP/1.1" 200 10800
191.92.172.2 - - [24/Aug/2019:14:24:11 -0500] "GET /galeria/carrusel/Carrusel/jquery.thumbnailScroller.js HTTP/1.1" 200 8157
191.109.179.107 - - [24/Aug/2019:14:24:14 -0500] "GET /galeria/nivo-slider/demo/images/Banner%20RCD.jpg HTTP/1.1" 200 92197
191.109.179.107 - - [24/Aug/2019:14:24:14 -0500] "GET /galeria/nivo-slider/demo/images/Banner%20Conpes.jpg HTTP/1.1" 200 55220
191.92.172.2 - - [24/Aug/2019:14:24:19 -0500] "GET /galeria/nivo-slider/demo/demo.html HTTP/1.1" 200 4637
191.92.172.2 - - [24/Aug/2019:14:24:20 -0500] "GET /galeria/nivo-slider/themes/default/default.css HTTP/1.1" 200 1569
191.92.172.2 - - [24/Aug/2019:14:24:20 -0500] "GET /galeria/nivo-slider/themes/pascal/pascal.css HTTP/1.1" 200 2258
191.92.172.2 - - [24/Aug/2019:14:24:20 -0500] "GET /galeria/nivo-slider/themes/orman/orman.css HTTP/1.1" 200 2152
191.92.172.2 - - [24/Aug/2019:14:24:20 -0500] "GET /galeria/nivo-slider/demo/style.css HTTP/1.1" 200 2222
191.92.172.2 - - [24/Aug/2019:14:24:20 -0500] "GET /galeria/nivo-slider/nivo-slider.css HTTP/1.1" 200 1507
191.92.172.2 - - [24/Aug/2019:14:24:20 -0500] "GET /galeria/nivo-slider/demo/scripts/jquery-1.7.1.min.js HTTP/1.1" 200 93868
191.92.172.2 - - [24/Aug/2019:14:24:20 -0500] "GET /galeria/nivo-slider/demo/images/banner%20lluvias.jpg HTTP/1.1" 200 254815
191.92.172.2 - - [24/Aug/2019:14:24:20 -0500] "GET /galeria/nivo-slider/demo/images/Banner%20Conpes.jpg HTTP/1.1" 200 55220
191.92.172.2 - - [24/Aug/2019:14:24:20 -0500] "GET /galeria/nivo-slider/demo/images/banner-bolsas-plasticas.jpg HTTP/1.1" 200 317939
191.92.172.2 - - [24/Aug/2019:14:24:20 -0500] "GET /galeria/nivo-slider/demo/images/Banneranonimos.png HTTP/1.1" 200 109388
191.92.172.2 - - [24/Aug/2019:14:24:20 -0500] "GET /galeria/nivo-slider/demo/images/BANNER%20punto.jpg HTTP/1.1" 200 75932
191.92.172.2 - - [24/Aug/2019:14:24:20 -0500] "GET /galeria/nivo-slider/demo/images/Banner%20POT.png HTTP/1.1" 200 418238
191.92.172.2 - - [24/Aug/2019:14:24:20 -0500] "GET /galeria/nivo-slider/demo/images/puntos%20atencion%20BANNER.jpg HTTP/1.1" 200 244208
191.92.172.2 - - [24/Aug/2019:14:24:21 -0500] "GET /galeria/nivo-slider/demo/images/Banner%20caminatas%20agosto.png HTTP/1.1" 200 522896
191.92.172.2 - - [24/Aug/2019:14:24:21 -0500] "GET /galeria/nivo-slider/demo/images/Banner%20web%20construccion%20sostenible.png HTTP/1.1" 200 380718
191.92.172.2 - - [24/Aug/2019:14:24:22 -0500] "GET /galeria/nivo-slider/demo/images/bannersectorambiente.png HTTP/1.1" 200 308540
191.92.172.2 - - [24/Aug/2019:14:24:24 -0500] "GET /galeria/nivo-slider/demo/images/Banner%20Visor%20Geografico%20Ambiental.jpg HTTP/1.1" 200 204673
191.92.172.2 - - [24/Aug/2019:14:24:24 -0500] "GET /galeria/nivo-slider/demo/images/banner-humedales-de-bogota.jpg HTTP/1.1" 200 292611
191.92.172.2 - - [24/Aug/2019:14:24:24 -0500] "GET /galeria/nivo-slider/demo/images/Banner%20RCD.jpg HTTP/1.1" 200 92197
191.109.179.107 - - [24/Aug/2019:14:24:24 -0500] "GET /galeria/nivo-slider/demo/images/Banner%20Conpes.jpg HTTP/1.1" 200 55220
191.109.179.107 - - [24/Aug/2019:14:24:24 -0500] "GET /galeria/nivo-slider/demo/images/Banner%20practicas%20sostenibles.jpg HTTP/1.1" 200 142958
191.92.172.2 - - [24/Aug/2019:14:24:24 -0500] "GET /galeria/nivo-slider/demo/images/Banner%20impacto.jpg HTTP/1.1" 200 72695
191.92.172.2 - - [24/Aug/2019:14:24:24 -0500] "GET /galeria/nivo-slider/demo/images/Banner%20practicas%20sostenibles.jpg HTTP/1.1" 200 142958
191.92.172.2 - - [24/Aug/2019:14:24:24 -0500] "GET /galeria/nivo-slider/demo/images/Banner%20consumo%20sostenible%20final.jpg HTTP/1.1" 200 364746
191.92.172.2 - - [24/Aug/2019:14:24:25 -0500] "GET /galeria/nivo-slider/demo/images/4Simple_Slider.png HTTP/1.1" 200 11722
191.92.172.2 - - [24/Aug/2019:14:24:25 -0500] "GET /galeria/nivo-slider/themes/default/loading.gif HTTP/1.1" 200 1737
191.92.172.2 - - [24/Aug/2019:14:24:25 -0500] "GET /galeria/nivo-slider/jquery.nivo.slider.pack.js HTTP/1.1" 200 11561
191.92.172.2 - - [24/Aug/2019:14:24:25 -0500] "GET /galeria/nivo-slider/demo/images/banner%20reciclaton%20agosto.jpg HTTP/1.1" 200 244820
66.249.66.153 - - [24/Aug/2019:14:24:27 -0500] "GET /BLA/resoluciones/RESOLUCIONES%202007/RES%202007%201401%20AL%201500/RESOLUCION%201478%20DE%202007.pdf HTTP/1.1" 304 -
191.92.172.2 - - [24/Aug/2019:14:24:33 -0500] "GET /galeria/nivo-slider/themes/default/arrows.png HTTP/1.1" 200 824
191.92.172.2 - - [24/Aug/2019:14:24:33 -0500] "GET /galeria/nivo-slider/themes/default/bullets.png HTTP/1.1" 200 1281
191.109.179.107 - - [24/Aug/2019:14:24:34 -0500] "GET /galeria/nivo-slider/demo/images/Banner%20practicas%20sostenibles.jpg HTTP/1.1" 200 142958
191.109.179.107 - - [24/Aug/2019:14:24:34 -0500] "GET /galeria/nivo-slider/demo/images/Banner%20POT.png HTTP/1.1" 200 418238
13.66.139.0 - - [24/Aug/2019:14:24:43 -0500] "GET /dama.php HTTP/1.1" 404 1015
191.109.179.107 - - [24/Aug/2019:14:24:44 -0500] "GET /galeria/nivo-slider/demo/images/Banner%20POT.png HTTP/1.1" 200 418238
191.109.179.107 - - [24/Aug/2019:14:24:44 -0500] "GET /galeria/nivo-slider/demo/images/BANNER%20punto.jpg HTTP/1.1" 200 75932
192.168.175.104 - - [24/Aug/2019:14:24:45 -0500] "GET / HTTP/1.1" 200 9990
66.249.66.156 - - [24/Aug/2019:14:24:52 -0500] "GET /BLA/resoluciones/RESOLUCIONES%202008/3462.pdf HTTP/1.1" 200 196915
191.109.179.107 - - [24/Aug/2019:14:24:54 -0500] "GET /galeria/nivo-slider/demo/images/BANNER%20punto.jpg HTTP/1.1" 200 75932
191.109.179.107 - - [24/Aug/2019:14:24:54 -0500] "GET /galeria/nivo-slider/demo/images/Banneranonimos.png HTTP/1.1" 200 109388
191.109.179.107 - - [24/Aug/2019:14:25:04 -0500] "GET /galeria/nivo-slider/demo/images/Banneranonimos.png HTTP/1.1" 200 109388
191.109.179.107 - - [24/Aug/2019:14:25:04 -0500] "GET /galeria/nivo-slider/demo/images/banner-humedales-de-bogota.jpg HTTP/1.1" 200 292611
186.84.22.200 - - [24/Aug/2019:14:25:12 -0500] "GET /galeria/nivo-slider/demo/demo.html HTTP/1.1" 304 -
186.84.22.200 - - [24/Aug/2019:14:25:12 -0500] "GET /galeria/nivo-slider/demo/images/Banner%20web%20construccion%20sostenible.png HTTP/1.1" 304 -
186.84.22.200 - - [24/Aug/2019:14:25:12 -0500] "GET /galeria/nivo-slider/demo/images/Banner%20impacto.jpg HTTP/1.1" 304 -
186.84.22.200 - - [24/Aug/2019:14:25:12 -0500] "GET /galeria/nivo-slider/demo/images/puntos%20atencion%20BANNER.jpg HTTP/1.1" 304 -
186.84.22.200 - - [24/Aug/2019:14:25:12 -0500] "GET /galeria/nivo-slider/demo/images/banner%20reciclaton%20agosto.jpg HTTP/1.1" 304 -
186.84.22.200 - - [24/Aug/2019:14:25:13 -0500] "GET /galeria/nivo-slider/demo/images/Banner%20Visor%20Geografico%20Ambiental.jpg HTTP/1.1" 304 -
186.84.22.200 - - [24/Aug/2019:14:25:13 -0500] "GET /galeria/nivo-slider/demo/images/Banner%20consumo%20sostenible%20final.jpg HTTP/1.1" 304 -
191.109.179.107 - - [24/Aug/2019:14:25:14 -0500] "GET /galeria/nivo-slider/demo/images/banner-humedales-de-bogota.jpg HTTP/1.1" 200 292611
191.109.179.107 - - [24/Aug/2019:14:25:14 -0500] "GET /galeria/nivo-slider/demo/images/banner-bolsas-plasticas.jpg HTTP/1.1" 200 317939
69.162.124.233 - - [24/Aug/2019:14:25:19 -0500] "HEAD / HTTP/1.1" 200 -
66.249.66.153 - - [24/Aug/2019:14:25:21 -0500] "GET /BLA/resoluciones/RESOLUCIONES%202009/7297.pdf HTTP/1.1" 200 364356
191.109.179.107 - - [24/Aug/2019:14:25:24 -0500] "GET /galeria/nivo-slider/demo/images/banner-bolsas-plasticas.jpg HTTP/1.1" 200 317939
191.109.179.107 - - [24/Aug/2019:14:25:24 -0500] "GET /galeria/nivo-slider/demo/images/banner%20reciclaton%20agosto.jpg HTTP/1.1" 200 244820
191.109.179.107 - - [24/Aug/2019:14:25:34 -0500] "GET /galeria/nivo-slider/demo/images/banner%20reciclaton%20agosto.jpg HTTP/1.1" 200 244820
191.109.179.107 - - [24/Aug/2019:14:25:34 -0500] "GET /galeria/nivo-slider/demo/images/Banner%20web%20construccion%20sostenible.png HTTP/1.1" 200 380718
191.109.179.107 - - [24/Aug/2019:14:25:44 -0500] "GET /galeria/nivo-slider/demo/images/Banner%20web%20construccion%20sostenible.png HTTP/1.1" 200 380718
191.109.179.107 - - [24/Aug/2019:14:25:44 -0500] "GET /galeria/nivo-slider/demo/images/puntos%20atencion%20BANNER.jpg HTTP/1.1" 200 244208
191.109.179.107 - - [24/Aug/2019:14:25:54 -0500] "GET /galeria/nivo-slider/demo/images/puntos%20atencion%20BANNER.jpg HTTP/1.1" 200 244208
191.109.179.107 - - [24/Aug/2019:14:25:54 -0500] "GET /galeria/nivo-slider/demo/images/Banner%20caminatas%20agosto.png HTTP/1.1" 200 522896
191.109.179.107 - - [24/Aug/2019:14:26:04 -0500] "GET /galeria/nivo-slider/demo/images/Banner%20caminatas%20agosto.png HTTP/1.1" 200 522896
191.109.179.107 - - [24/Aug/2019:14:26:04 -0500] "GET /galeria/nivo-slider/demo/images/Banner%20Visor%20Geografico%20Ambiental.jpg HTTP/1.1" 200 204673
157.55.39.87 - - [24/Aug/2019:14:26:05 -0500] "GET /SIG/ECS/126PM04-PR77.pdf HTTP/1.1" 304 -
207.46.13.16 - - [24/Aug/2019:14:26:05 -0500] "GET /transparencia/directorioservidores/2017/agosto.xlsx HTTP/1.1" 200 88875
191.109.179.107 - - [24/Aug/2019:14:26:14 -0500] "GET /galeria/nivo-slider/demo/images/Banner%20Visor%20Geografico%20Ambiental.jpg HTTP/1.1" 200 204673
191.109.179.107 - - [24/Aug/2019:14:26:14 -0500] "GET /galeria/nivo-slider/demo/images/Banner%20consumo%20sostenible%20final.jpg HTTP/1.1" 200 364746
191.109.179.107 - - [24/Aug/2019:14:26:24 -0500] "GET /galeria/nivo-slider/demo/images/Banner%20consumo%20sostenible%20final.jpg HTTP/1.1" 200 364746
191.109.179.107 - - [24/Aug/2019:14:26:24 -0500] "GET /galeria/nivo-slider/demo/images/bannersectorambiente.png HTTP/1.1" 200 308540
192.168.175.104 - - [24/Aug/2019:14:26:32 -0500] "GET / HTTP/1.0" 200 9990
191.109.179.107 - - [24/Aug/2019:14:26:34 -0500] "GET /galeria/nivo-slider/demo/images/bannersectorambiente.png HTTP/1.1" 200 308540
191.109.179.107 - - [24/Aug/2019:14:26:34 -0500] "GET /galeria/nivo-slider/demo/images/Banner%20RCD.jpg HTTP/1.1" 200 92197
191.109.179.107 - - [24/Aug/2019:14:26:44 -0500] "GET /galeria/nivo-slider/demo/images/Banner%20RCD.jpg HTTP/1.1" 200 92197
191.109.179.107 - - [24/Aug/2019:14:26:44 -0500] "GET /galeria/nivo-slider/demo/images/Banner%20Conpes.jpg HTTP/1.1" 200 55220
191.109.179.107 - - [24/Aug/2019:14:26:54 -0500] "GET /galeria/nivo-slider/demo/images/Banner%20Conpes.jpg HTTP/1.1" 200 55220
191.109.179.107 - - [24/Aug/2019:14:26:54 -0500] "GET /galeria/nivo-slider/demo/images/Banner%20practicas%20sostenibles.jpg HTTP/1.1" 200 142958
64.233.172.145 - - [24/Aug/2019:14:26:55 -0500] "GET /galeria/galeria/jquery.fancybox.css?v=2.1.5 HTTP/1.1" 304 -
64.233.172.145 - - [24/Aug/2019:14:26:55 -0500] "GET /galeria/galeria/jquery.fancybox.js?v=2.1.5 HTTP/1.1" 304 -
64.233.172.147 - - [24/Aug/2019:14:26:55 -0500] "GET /BLA/boletinlegal/js/jquery.scrollShow.js HTTP/1.1" 304 -
191.109.179.107 - - [24/Aug/2019:14:27:04 -0500] "GET /galeria/nivo-slider/demo/images/Banner%20practicas%20sostenibles.jpg HTTP/1.1" 200 142958
191.109.179.107 - - [24/Aug/2019:14:27:04 -0500] "GET /galeria/nivo-slider/demo/images/Banner%20POT.png HTTP/1.1" 200 418238
191.109.179.107 - - [24/Aug/2019:14:27:14 -0500] "GET /galeria/nivo-slider/demo/images/Banner%20POT.png HTTP/1.1" 200 418238
191.109.179.107 - - [24/Aug/2019:14:27:14 -0500] "GET /galeria/nivo-slider/demo/images/BANNER%20punto.jpg HTTP/1.1" 200 75932
186.155.143.212 - - [24/Aug/2019:14:27:19 -0500] "GET /galeria/galeria/fotos/Capellania2G.jpg HTTP/1.1" 200 523013
191.109.179.107 - - [24/Aug/2019:14:27:24 -0500] "GET /galeria/nivo-slider/demo/images/BANNER%20punto.jpg HTTP/1.1" 200 75932
191.109.179.107 - - [24/Aug/2019:14:27:24 -0500] "GET /galeria/nivo-slider/demo/images/Banneranonimos.png HTTP/1.1" 200 109388
186.155.161.22 - - [24/Aug/2019:14:27:28 -0500] "GET /galeria/galeria/jquery.fancybox.css?v=2.1.5 HTTP/1.1" 200 4895
186.155.161.22 - - [24/Aug/2019:14:27:28 -0500] "GET /BLA/boletinlegal/js/jquery.scrollShow.js HTTP/1.1" 200 4586
186.155.161.22 - - [24/Aug/2019:14:27:28 -0500] "GET /galeria/galeria/jquery.fancybox.js?v=2.1.5 HTTP/1.1" 200 48706
191.109.179.107 - - [24/Aug/2019:14:27:34 -0500] "GET /galeria/nivo-slider/demo/images/Banneranonimos.png HTTP/1.1" 200 109388
191.109.179.107 - - [24/Aug/2019:14:27:34 -0500] "GET /galeria/nivo-slider/demo/images/banner-humedales-de-bogota.jpg HTTP/1.1" 200 292611
66.249.66.153 - - [24/Aug/2019:14:27:42 -0500] "GET /BLA/resoluciones/RESOLUCIONES%202009/7036.pdf HTTP/1.1" 200 737415
191.109.179.107 - - [24/Aug/2019:14:27:44 -0500] "GET /galeria/nivo-slider/demo/images/banner-humedales-de-bogota.jpg HTTP/1.1" 200 292611
191.109.179.107 - - [24/Aug/2019:14:27:44 -0500] "GET /galeria/nivo-slider/demo/images/banner-bolsas-plasticas.jpg HTTP/1.1" 200 317939
181.49.188.9 - - [24/Aug/2019:14:27:54 -0500] "GET / HTTP/1.1" 200 9990
181.49.188.9 - - [24/Aug/2019:14:27:54 -0500] "GET /images/INTRANET.jpg HTTP/1.1" 200 37297
181.49.188.9 - - [24/Aug/2019:14:27:54 -0500] "GET /images/SDA.jpg HTTP/1.1" 200 48976
181.49.188.9 - - [24/Aug/2019:14:27:54 -0500] "GET /css/style.css HTTP/1.1" 200 3610
181.49.188.9 - - [24/Aug/2019:14:27:54 -0500] "GET /css/bootstrap.min.css HTTP/1.1" 200 105939
181.49.188.9 - - [24/Aug/2019:14:27:54 -0500] "GET /js/jquery.js HTTP/1.1" 200 97120
181.49.188.9 - - [24/Aug/2019:14:27:54 -0500] "GET /images/LINEA.jpg HTTP/1.1" 200 33035
181.49.188.9 - - [24/Aug/2019:14:27:54 -0500] "GET /js/bootstrap.min.js HTTP/1.1" 200 28538
181.49.188.9 - - [24/Aug/2019:14:27:54 -0500] "GET /images/INTERNET.jpg HTTP/1.1" 200 34880
181.49.188.9 - - [24/Aug/2019:14:27:54 -0500] "GET /images/NINOS.jpg HTTP/1.1" 200 44828
181.49.188.9 - - [24/Aug/2019:14:27:54 -0500] "GET /images/FOREST.jpg HTTP/1.1" 200 33277
181.49.188.9 - - [24/Aug/2019:14:27:54 -0500] "GET /images/RMCAB.jpg HTTP/1.1" 200 49926
181.49.188.9 - - [24/Aug/2019:14:27:54 -0500] "GET /images/BLA.jpg HTTP/1.1" 200 34672
181.49.188.9 - - [24/Aug/2019:14:27:54 -0500] "GET /images/SDQS.jpg HTTP/1.1" 200 47976
181.49.188.9 - - [24/Aug/2019:14:27:54 -0500] "GET /images/CORREO.jpg HTTP/1.1" 200 39337
181.49.188.9 - - [24/Aug/2019:14:27:54 -0500] "GET /images/CATALOGO.jpg HTTP/1.1" 200 35661
181.49.188.9 - - [24/Aug/2019:14:27:54 -0500] "GET /images/FORMATOS.jpg HTTP/1.1" 200 41585
191.109.179.107 - - [24/Aug/2019:14:27:54 -0500] "GET /galeria/nivo-slider/demo/images/banner-bolsas-plasticas.jpg HTTP/1.1" 200 317939
191.109.179.107 - - [24/Aug/2019:14:27:54 -0500] "GET /galeria/nivo-slider/demo/images/banner%20reciclaton%20agosto.jpg HTTP/1.1" 200 244820
152.202.19.191 - - [24/Aug/2019:14:27:55 -0500] "GET /galeria/galeria/jquery.fancybox.css?v=2.1.5 HTTP/1.1" 200 4895
152.202.19.191 - - [24/Aug/2019:14:27:55 -0500] "GET /BLA/boletinlegal/js/jquery.scrollShow.js HTTP/1.1" 200 4586
152.202.19.191 - - [24/Aug/2019:14:27:55 -0500] "GET /galeria/galeria/jquery.fancybox.js?v=2.1.5 HTTP/1.1" 200 48706
181.49.188.9 - - [24/Aug/2019:14:27:55 -0500] "GET /favicon.ico HTTP/1.1" 200 7782
179.18.35.64 - - [24/Aug/2019:14:27:58 -0500] "GET /BLA/resoluciones/AUTOS%202018/4972.pdf HTTP/1.1" 200 282336
40.77.167.32 - - [24/Aug/2019:14:28:00 -0500] "GET / HTTP/1.1" 200 9990
191.109.179.107 - - [24/Aug/2019:14:28:04 -0500] "GET /galeria/nivo-slider/demo/images/banner%20reciclaton%20agosto.jpg HTTP/1.1" 200 244820
191.109.179.107 - - [24/Aug/2019:14:28:04 -0500] "GET /galeria/nivo-slider/demo/images/Banner%20web%20construccion%20sostenible.png HTTP/1.1" 200 380718
157.55.39.132 - - [24/Aug/2019:14:28:11 -0500] "GET /css/style.css HTTP/1.1" 200 3610
157.55.39.132 - - [24/Aug/2019:14:28:11 -0500] "GET /js/jquery.js HTTP/1.1" 200 97120
191.109.179.107 - - [24/Aug/2019:14:28:14 -0500] "GET /galeria/nivo-slider/demo/images/Banner%20web%20construccion%20sostenible.png HTTP/1.1" 200 380718
191.109.179.107 - - [24/Aug/2019:14:28:14 -0500] "GET /galeria/nivo-slider/demo/images/puntos%20atencion%20BANNER.jpg HTTP/1.1" 200 244208
66.249.66.155 - - [24/Aug/2019:14:28:14 -0500] "GET /BLA/resoluciones/RESOLUCIONES%202011/0594.pdf HTTP/1.1" 200 195402
40.77.167.32 - - [24/Aug/2019:14:28:15 -0500] "GET /css/bootstrap.min.css HTTP/1.1" 200 105939
40.77.167.32 - - [24/Aug/2019:14:28:16 -0500] "GET /js/bootstrap.min.js HTTP/1.1" 200 28538
186.155.143.212 - - [24/Aug/2019:14:28:18 -0500] "GET /galeria/galeria/fotos/Humedal-Tibanica1G.jpg HTTP/1.1" 200 541579
191.89.83.9 - - [24/Aug/2019:14:28:21 -0500] "GET /BLA/boletinlegal/js/jquery.scrollShow.js HTTP/1.1" 200 4586
191.89.83.9 - - [24/Aug/2019:14:28:21 -0500] "GET /galeria/galeria/jquery.fancybox.css?v=2.1.5 HTTP/1.1" 200 4895
191.89.83.9 - - [24/Aug/2019:14:28:21 -0500] "GET /galeria/galeria/jquery.fancybox.js?v=2.1.5 HTTP/1.1" 200 48706
191.109.179.107 - - [24/Aug/2019:14:28:24 -0500] "GET /galeria/nivo-slider/demo/images/puntos%20atencion%20BANNER.jpg HTTP/1.1" 200 244208
191.109.179.107 - - [24/Aug/2019:14:28:24 -0500] "GET /galeria/nivo-slider/demo/images/Banner%20caminatas%20agosto.png HTTP/1.1" 200 522896
191.95.54.82 - - [24/Aug/2019:14:28:25 -0500] "-" 408 -
201.245.192.253 - - [24/Aug/2019:14:27:54 -0500] "POST /kwsrmcab/Wsrmcab HTTP/1.1" 200 29381
201.245.192.253 - - [24/Aug/2019:14:27:53 -0500] "POST /kwsrmcab/Wsrmcab HTTP/1.1" 200 29526
191.109.179.107 - - [24/Aug/2019:14:28:34 -0500] "GET /galeria/nivo-slider/demo/images/Banner%20caminatas%20agosto.png HTTP/1.1" 200 522896
191.109.179.107 - - [24/Aug/2019:14:28:34 -0500] "GET /galeria/nivo-slider/demo/images/Banner%20Visor%20Geografico%20Ambiental.jpg HTTP/1.1" 200 204673
191.109.179.107 - - [24/Aug/2019:14:28:44 -0500] "GET /galeria/nivo-slider/demo/images/Banner%20Visor%20Geografico%20Ambiental.jpg HTTP/1.1" 200 204673
191.109.179.107 - - [24/Aug/2019:14:28:44 -0500] "GET /galeria/nivo-slider/demo/images/Banner%20consumo%20sostenible%20final.jpg HTTP/1.1" 200 364746
40.77.167.32 - - [24/Aug/2019:14:28:49 -0500] "GET /POT-2013/Cartografia/11_Areas_Actividad_Extractiva_2013_V1.pdf HTTP/1.1" 200 3984327
66.249.88.123 - - [24/Aug/2019:14:28:49 -0500] "GET /galeria/galeria/jquery.fancybox.css?v=2.1.5 HTTP/1.1" 200 4895
66.249.88.123 - - [24/Aug/2019:14:28:49 -0500] "GET /BLA/boletinlegal/js/jquery.scrollShow.js HTTP/1.1" 200 4586
66.249.88.125 - - [24/Aug/2019:14:28:49 -0500] "GET /galeria/galeria/jquery.fancybox.js?v=2.1.5 HTTP/1.1" 200 48706
191.109.179.107 - - [24/Aug/2019:14:28:54 -0500] "GET /galeria/nivo-slider/demo/images/Banner%20consumo%20sostenible%20final.jpg HTTP/1.1" 200 364746
191.109.179.107 - - [24/Aug/2019:14:28:54 -0500] "GET /galeria/nivo-slider/demo/images/bannersectorambiente.png HTTP/1.1" 200 308540
191.109.179.107 - - [24/Aug/2019:14:29:04 -0500] "GET /galeria/nivo-slider/demo/images/bannersectorambiente.png HTTP/1.1" 200 308540
191.109.179.107 - - [24/Aug/2019:14:29:04 -0500] "GET /galeria/nivo-slider/demo/images/Banner%20RCD.jpg HTTP/1.1" 200 92197
191.109.179.107 - - [24/Aug/2019:14:29:14 -0500] "GET /galeria/nivo-slider/demo/images/Banner%20RCD.jpg HTTP/1.1" 200 92197
191.109.179.107 - - [24/Aug/2019:14:29:14 -0500] "GET /galeria/nivo-slider/demo/images/Banner%20Conpes.jpg HTTP/1.1" 200 55220
186.84.89.50 - - [24/Aug/2019:14:29:18 -0500] "GET /BLA/boletinlegal/js/jquery.scrollShow.js HTTP/1.1" 200 4586
186.84.89.50 - - [24/Aug/2019:14:29:18 -0500] "GET /galeria/galeria/jquery.fancybox.js?v=2.1.5 HTTP/1.1" 200 48706
186.84.89.50 - - [24/Aug/2019:14:29:18 -0500] "GET /galeria/galeria/jquery.fancybox.css?v=2.1.5 HTTP/1.1" 200 4895
40.77.167.32 - - [24/Aug/2019:14:29:19 -0500] "GET /BLA/boletinlegal/Directivas/2013/Directiva%20No.%203%20del%2016%20de%20julio%20de%202013.pdf HTTP/1.1" 200 127414
191.109.179.107 - - [24/Aug/2019:14:29:24 -0500] "GET /galeria/nivo-slider/demo/images/Banner%20Conpes.jpg HTTP/1.1" 200 55220
191.109.179.107 - - [24/Aug/2019:14:29:24 -0500] "GET /galeria/nivo-slider/demo/images/Banner%20practicas%20sostenibles.jpg HTTP/1.1" 200 142958
191.109.179.107 - - [24/Aug/2019:14:29:34 -0500] "GET /galeria/nivo-slider/demo/images/Banner%20practicas%20sostenibles.jpg HTTP/1.1" 200 142958
191.109.179.107 - - [24/Aug/2019:14:29:34 -0500] "GET /galeria/nivo-slider/demo/images/Banner%20POT.png HTTP/1.1" 200 418238
192.168.175.104 - - [24/Aug/2019:14:29:42 -0500] "GET / HTTP/1.1" 200 9990
191.109.179.107 - - [24/Aug/2019:14:29:44 -0500] "GET /galeria/nivo-slider/demo/images/Banner%20POT.png HTTP/1.1" 200 418238
191.109.179.107 - - [24/Aug/2019:14:29:44 -0500] "GET /galeria/nivo-slider/demo/images/BANNER%20punto.jpg HTTP/1.1" 200 75932
191.109.179.107 - - [24/Aug/2019:14:29:55 -0500] "GET /galeria/nivo-slider/demo/images/BANNER%20punto.jpg HTTP/1.1" 200 75932
191.109.179.107 - - [24/Aug/2019:14:29:55 -0500] "GET /galeria/nivo-slider/demo/images/Banneranonimos.png HTTP/1.1" 200 109388
191.109.179.107 - - [24/Aug/2019:14:30:05 -0500] "GET /galeria/nivo-slider/demo/images/Banneranonimos.png HTTP/1.1" 200 109388
191.109.179.107 - - [24/Aug/2019:14:30:05 -0500] "GET /galeria/nivo-slider/demo/images/banner-humedales-de-bogota.jpg HTTP/1.1" 200 292611
66.249.66.153 - - [24/Aug/2019:14:30:05 -0500] "GET /siipev/Diseno%20de%20Elementos%20de%20Mobiliario%20Urbano/Otros%20Elementos/Infografia/Parte2/M-70.png HTTP/1.1" 304 -
191.109.179.107 - - [24/Aug/2019:14:30:14 -0500] "GET /galeria/nivo-slider/demo/images/banner-humedales-de-bogota.jpg HTTP/1.1" 200 292611
191.109.179.107 - - [24/Aug/2019:14:30:14 -0500] "GET /galeria/nivo-slider/demo/images/banner-bolsas-plasticas.jpg HTTP/1.1" 200 317939
69.162.124.233 - - [24/Aug/2019:14:30:19 -0500] "HEAD / HTTP/1.1" 200 -
181.57.248.23 - - [24/Aug/2019:14:30:24 -0500] "GET /galeria/galeria/jquery.fancybox.css?v=2.1.5 HTTP/1.1" 200 4895
181.57.248.23 - - [24/Aug/2019:14:30:24 -0500] "GET /BLA/boletinlegal/js/jquery.scrollShow.js HTTP/1.1" 200 4586
181.57.248.23 - - [24/Aug/2019:14:30:24 -0500] "GET /galeria/galeria/jquery.fancybox.js?v=2.1.5 HTTP/1.1" 200 48706
191.109.179.107 - - [24/Aug/2019:14:30:24 -0500] "GET /galeria/nivo-slider/demo/images/banner-bolsas-plasticas.jpg HTTP/1.1" 200 317939
191.109.179.107 - - [24/Aug/2019:14:30:25 -0500] "GET /galeria/nivo-slider/demo/images/banner%20reciclaton%20agosto.jpg HTTP/1.1" 200 244820
191.109.179.107 - - [24/Aug/2019:14:30:34 -0500] "GET /galeria/nivo-slider/demo/images/banner%20reciclaton%20agosto.jpg HTTP/1.1" 200 244820
191.109.179.107 - - [24/Aug/2019:14:30:35 -0500] "GET /galeria/nivo-slider/demo/images/Banner%20web%20construccion%20sostenible.png HTTP/1.1" 200 380718
191.95.52.146 - - [24/Aug/2019:14:30:44 -0500] "GET /galeria/galeria/jquery.fancybox.js?v=2.1.5 HTTP/1.1" 200 48706
191.109.179.107 - - [24/Aug/2019:14:30:45 -0500] "GET /galeria/nivo-slider/demo/images/Banner%20web%20construccion%20sostenible.png HTTP/1.1" 200 380718
191.109.179.107 - - [24/Aug/2019:14:30:45 -0500] "GET /galeria/nivo-slider/demo/images/puntos%20atencion%20BANNER.jpg HTTP/1.1" 200 244208
186.155.15.44 - - [24/Aug/2019:14:30:51 -0500] "GET /galeria/galeria/fotos/Entrenube2G.jpg HTTP/1.1" 200 111422
191.109.179.107 - - [24/Aug/2019:14:30:55 -0500] "GET /galeria/nivo-slider/demo/images/puntos%20atencion%20BANNER.jpg HTTP/1.1" 200 244208
191.109.179.107 - - [24/Aug/2019:14:30:55 -0500] "GET /galeria/nivo-slider/demo/images/Banner%20caminatas%20agosto.png HTTP/1.1" 200 522896
66.249.66.155 - - [24/Aug/2019:14:30:55 -0500] "GET /BLA/resoluciones/RESOLUCIONES%202009/4180.pdf HTTP/1.1" 200 136052
191.109.179.107 - - [24/Aug/2019:14:31:05 -0500] "GET /galeria/nivo-slider/demo/images/Banner%20caminatas%20agosto.png HTTP/1.1" 200 522896
191.109.179.107 - - [24/Aug/2019:14:31:05 -0500] "GET /galeria/nivo-slider/demo/images/Banner%20Visor%20Geografico%20Ambiental.jpg HTTP/1.1" 200 204673
66.249.66.153 - - [24/Aug/2019:14:31:11 -0500] "GET /BLA/resoluciones/RESOLUCIONES%202009/6142.pdf HTTP/1.1" 200 745862
191.109.179.107 - - [24/Aug/2019:14:31:15 -0500] "GET /galeria/nivo-slider/demo/images/Banner%20Visor%20Geografico%20Ambiental.jpg HTTP/1.1" 200 204673
191.109.179.107 - - [24/Aug/2019:14:31:15 -0500] "GET /galeria/nivo-slider/demo/images/Banner%20consumo%20sostenible%20final.jpg HTTP/1.1" 200 364746
113.171.192.199 - - [24/Aug/2019:14:31:22 -0500] "GET /galeria/galeria/jquery.fancybox.js?v=2.1.5 HTTP/1.1" 200 48706
113.171.192.199 - - [24/Aug/2019:14:31:22 -0500] "GET /BLA/boletinlegal/js/jquery.scrollShow.js HTTP/1.1" 200 4586
113.171.192.199 - - [24/Aug/2019:14:31:22 -0500] "GET /galeria/galeria/jquery.fancybox.css?v=2.1.5 HTTP/1.1" 200 4895
191.109.179.107 - - [24/Aug/2019:14:31:25 -0500] "GET /galeria/nivo-slider/demo/images/Banner%20consumo%20sostenible%20final.jpg HTTP/1.1" 200 364746
191.109.179.107 - - [24/Aug/2019:14:31:25 -0500] "GET /galeria/nivo-slider/demo/images/bannersectorambiente.png HTTP/1.1" 200 308540
192.168.175.104 - - [24/Aug/2019:14:31:30 -0500] "GET / HTTP/1.0" 200 9990
54.37.23.120 - - [24/Aug/2019:14:31:31 -0500] "GET /desprendiblespago/images/cabezoteHojaVida.jpg HTTP/1.1" 200 8386
191.109.179.107 - - [24/Aug/2019:14:31:35 -0500] "GET /galeria/nivo-slider/demo/images/bannersectorambiente.png HTTP/1.1" 200 308540
191.109.179.107 - - [24/Aug/2019:14:31:35 -0500] "GET /galeria/nivo-slider/demo/images/Banner%20RCD.jpg HTTP/1.1" 200 92197
66.249.88.70 - - [24/Aug/2019:14:31:41 -0500] "GET /Residuos/curtiembres/files/guia_curtiembres.pdf HTTP/1.1" 200 13618642
113.171.192.199 - - [24/Aug/2019:14:31:44 -0500] "GET /galeria/galeria/jquery.fancybox.js?v=2.1.5 HTTP/1.1" 304 -
113.171.192.199 - - [24/Aug/2019:14:31:44 -0500] "GET /galeria/galeria/jquery.fancybox.css?v=2.1.5 HTTP/1.1" 304 -
113.171.192.199 - - [24/Aug/2019:14:31:44 -0500] "GET /BLA/boletinlegal/js/jquery.scrollShow.js HTTP/1.1" 304 -
191.109.179.107 - - [24/Aug/2019:14:31:45 -0500] "GET /galeria/nivo-slider/demo/images/Banner%20RCD.jpg HTTP/1.1" 200 92197
191.109.179.107 - - [24/Aug/2019:14:31:45 -0500] "GET /galeria/nivo-slider/demo/images/Banner%20Conpes.jpg HTTP/1.1" 200 55220
191.109.179.107 - - [24/Aug/2019:14:31:55 -0500] "GET /galeria/nivo-slider/demo/images/Banner%20Conpes.jpg HTTP/1.1" 200 55220
191.109.179.107 - - [24/Aug/2019:14:31:55 -0500] "GET /galeria/nivo-slider/demo/images/Banner%20practicas%20sostenibles.jpg HTTP/1.1" 200 142958
66.249.88.73 - - [24/Aug/2019:14:32:00 -0500] "GET /Residuos/curtiembres/files/guia_curtiembres.pdf HTTP/1.1" 206 1000000
66.249.88.76 - - [24/Aug/2019:14:32:00 -0500] "GET /Residuos/curtiembres/files/guia_curtiembres.pdf HTTP/1.1" 206 1000000
66.249.88.76 - - [24/Aug/2019:14:32:01 -0500] "GET /Residuos/curtiembres/files/guia_curtiembres.pdf HTTP/1.1" 206 1000000
66.249.88.73 - - [24/Aug/2019:14:32:01 -0500] "GET /Residuos/curtiembres/files/guia_curtiembres.pdf HTTP/1.1" 206 1000000
66.249.88.76 - - [24/Aug/2019:14:32:01 -0500] "GET /Residuos/curtiembres/files/guia_curtiembres.pdf HTTP/1.1" 206 1000000
186.84.20.89 - - [24/Aug/2019:14:32:02 -0500] "-" 408 -
191.109.179.107 - - [24/Aug/2019:14:32:05 -0500] "GET /galeria/nivo-slider/demo/images/Banner%20practicas%20sostenibles.jpg HTTP/1.1" 200 142958
191.109.179.107 - - [24/Aug/2019:14:32:05 -0500] "GET /galeria/nivo-slider/demo/images/Banner%20POT.png HTTP/1.1" 200 418238
191.109.179.107 - - [24/Aug/2019:14:32:15 -0500] "GET /galeria/nivo-slider/demo/images/Banner%20POT.png HTTP/1.1" 200 418238
191.109.179.107 - - [24/Aug/2019:14:32:15 -0500] "GET /galeria/nivo-slider/demo/images/BANNER%20punto.jpg HTTP/1.1" 200 75932
181.57.250.74 - - [24/Aug/2019:14:32:18 -0500] "GET /galeria/galeria/jquery.fancybox.js?v=2.1.5 HTTP/1.1" 200 48706
181.57.250.74 - - [24/Aug/2019:14:32:18 -0500] "GET /BLA/boletinlegal/js/jquery.scrollShow.js HTTP/1.1" 200 4586
181.57.250.74 - - [24/Aug/2019:14:32:18 -0500] "GET /galeria/galeria/jquery.fancybox.css?v=2.1.5 HTTP/1.1" 200 4895
181.57.250.74 - - [24/Aug/2019:14:32:18 -0500] "GET /galeria/carrusel/Carrusel/jquery.thumbnailScroller.css HTTP/1.1" 200 2066
181.57.250.74 - - [24/Aug/2019:14:32:18 -0500] "GET /galeria/carrusel/Carrusel/jquery-ui-1.8.13.custom.min.js HTTP/1.1" 200 10800
66.249.88.76 - - [24/Aug/2019:14:32:18 -0500] "GET /Residuos/curtiembres/files/guia_curtiembres.pdf HTTP/1.1" 206 1000000
181.57.250.74 - - [24/Aug/2019:14:32:19 -0500] "GET /galeria/carrusel/Carrusel/jquery.thumbnailScroller.js HTTP/1.1" 200 8157
181.53.12.171 - - [24/Aug/2019:14:32:23 -0500] "GET /BLA/resoluciones/AUTOS%202011/0489.pdf HTTP/1.1" 200 376421
181.53.12.171 - - [24/Aug/2019:14:32:23 -0500] "GET /favicon.ico HTTP/1.1" 200 7782
191.109.179.107 - - [24/Aug/2019:14:32:25 -0500] "GET /galeria/nivo-slider/demo/images/BANNER%20punto.jpg HTTP/1.1" 200 75932
191.109.179.107 - - [24/Aug/2019:14:32:25 -0500] "GET /galeria/nivo-slider/demo/images/Banneranonimos.png HTTP/1.1" 200 109388
66.249.88.76 - - [24/Aug/2019:14:32:29 -0500] "GET /Residuos/curtiembres/files/guia_curtiembres.pdf HTTP/1.1" 206 123061
191.109.179.107 - - [24/Aug/2019:14:32:35 -0500] "GET /galeria/nivo-slider/demo/images/Banneranonimos.png HTTP/1.1" 200 109388
191.109.179.107 - - [24/Aug/2019:14:32:35 -0500] "GET /galeria/nivo-slider/demo/images/banner-humedales-de-bogota.jpg HTTP/1.1" 200 292611
179.32.158.250 - - [24/Aug/2019:14:32:39 -0500] "GET /galeria/galeria/jquery.fancybox.css?v=2.1.5 HTTP/1.1" 200 4895
179.32.158.250 - - [24/Aug/2019:14:32:39 -0500] "GET /BLA/boletinlegal/js/jquery.scrollShow.js HTTP/1.1" 200 4586
179.32.158.250 - - [24/Aug/2019:14:32:39 -0500] "GET /galeria/galeria/jquery.fancybox.js?v=2.1.5 HTTP/1.1" 200 48706
191.109.179.107 - - [24/Aug/2019:14:32:45 -0500] "GET /galeria/nivo-slider/demo/images/banner-humedales-de-bogota.jpg HTTP/1.1" 200 292611
191.109.179.107 - - [24/Aug/2019:14:32:45 -0500] "GET /galeria/nivo-slider/demo/images/banner-bolsas-plasticas.jpg HTTP/1.1" 200 317939
66.249.66.156 - - [24/Aug/2019:14:32:46 -0500] "GET /BLA/resoluciones/AUTOS%202013/0013.pdf HTTP/1.1" 200 793562
190.130.74.215 - - [24/Aug/2019:14:32:51 -0500] "GET /galeria/galeria/jquery.fancybox.css?v=2.1.5 HTTP/1.1" 200 4895
190.130.74.215 - - [24/Aug/2019:14:32:51 -0500] "GET /galeria/carrusel/Carrusel/jquery.thumbnailScroller.css HTTP/1.1" 200 2066
190.130.74.215 - - [24/Aug/2019:14:32:51 -0500] "GET /galeria/galeria/jquery.fancybox.js?v=2.1.5 HTTP/1.1" 200 48706
190.130.74.215 - - [24/Aug/2019:14:32:51 -0500] "GET /BLA/boletinlegal/js/jquery.scrollShow.js HTTP/1.1" 200 4586
191.109.179.107 - - [24/Aug/2019:14:32:55 -0500] "GET /galeria/nivo-slider/demo/images/banner-bolsas-plasticas.jpg HTTP/1.1" 200 317939
191.109.179.107 - - [24/Aug/2019:14:32:55 -0500] "GET /galeria/nivo-slider/demo/images/banner%20reciclaton%20agosto.jpg HTTP/1.1" 200 244820
186.30.76.169 - - [24/Aug/2019:14:32:55 -0500] "GET /BLA/resoluciones/RESOLUCIONES%202017/3428.pdf HTTP/1.1" 200 503603
186.30.76.169 - - [24/Aug/2019:14:32:55 -0500] "GET /favicon.ico HTTP/1.1" 200 7782
190.130.74.215 - - [24/Aug/2019:14:32:56 -0500] "GET /galeria/carrusel/Carrusel/jquery-ui-1.8.13.custom.min.js HTTP/1.1" 200 10800
190.130.74.215 - - [24/Aug/2019:14:33:01 -0500] "GET /galeria/carrusel/Carrusel/jquery.thumbnailScroller.js HTTP/1.1" 200 8157
191.109.179.107 - - [24/Aug/2019:14:33:05 -0500] "GET /galeria/nivo-slider/demo/images/banner%20reciclaton%20agosto.jpg HTTP/1.1" 200 244820
191.109.179.107 - - [24/Aug/2019:14:33:05 -0500] "GET /galeria/nivo-slider/demo/images/Banner%20web%20construccion%20sostenible.png HTTP/1.1" 200 380718
181.57.250.74 - - [24/Aug/2019:14:33:06 -0500] "GET /galeria/nivo-slider/demo/demo.html HTTP/1.1" 200 4637
181.57.250.74 - - [24/Aug/2019:14:33:06 -0500] "GET /galeria/nivo-slider/themes/default/default.css HTTP/1.1" 200 1569
181.57.250.74 - - [24/Aug/2019:14:33:06 -0500] "GET /galeria/nivo-slider/themes/pascal/pascal.css HTTP/1.1" 200 2258
