181.61.208.129 - - [24/Aug/2019:12:30:57 -0500] "GET /galeria/nivo-slider/demo/images/Banner%20consumo%20sostenible%20final.jpg HTTP/1.1" 200 364746
181.61.208.129 - - [24/Aug/2019:12:30:58 -0500] "GET /galeria/nivo-slider/demo/images/bannersectorambiente.png HTTP/1.1" 200 308540
181.61.208.129 - - [24/Aug/2019:12:30:58 -0500] "GET /galeria/nivo-slider/demo/images/Banner%20RCD.jpg HTTP/1.1" 200 92197
181.61.208.129 - - [24/Aug/2019:12:30:58 -0500] "GET /galeria/nivo-slider/demo/images/Banner%20Conpes.jpg HTTP/1.1" 200 55220
181.61.208.129 - - [24/Aug/2019:12:30:58 -0500] "GET /galeria/nivo-slider/demo/images/Banner%20practicas%20sostenibles.jpg HTTP/1.1" 200 142958
181.61.208.129 - - [24/Aug/2019:12:30:59 -0500] "GET /galeria/nivo-slider/demo/images/Banner%20POT.png HTTP/1.1" 200 418238
181.61.208.129 - - [24/Aug/2019:12:30:59 -0500] "GET /galeria/nivo-slider/demo/images/BANNER%20punto.jpg HTTP/1.1" 200 75932
181.61.208.129 - - [24/Aug/2019:12:30:59 -0500] "GET /galeria/nivo-slider/demo/images/banner-humedales-de-bogota.jpg HTTP/1.1" 200 292611
181.61.208.129 - - [24/Aug/2019:12:30:59 -0500] "GET /galeria/nivo-slider/demo/images/Banneranonimos.png HTTP/1.1" 200 109388
66.249.66.153 - - [24/Aug/2019:12:31:00 -0500] "GET /BLA/resoluciones/AUTOS%202015/6126.pdf HTTP/1.1" 200 562474
181.61.208.129 - - [24/Aug/2019:12:31:00 -0500] "GET /galeria/nivo-slider/demo/images/banner-bolsas-plasticas.jpg HTTP/1.1" 200 317939
181.61.208.129 - - [24/Aug/2019:12:31:01 -0500] "GET /galeria/nivo-slider/themes/default/arrows.png HTTP/1.1" 200 824
181.61.208.129 - - [24/Aug/2019:12:31:01 -0500] "GET /galeria/nivo-slider/themes/default/bullets.png HTTP/1.1" 200 1281
191.109.179.107 - - [24/Aug/2019:12:31:03 -0500] "GET /galeria/nivo-slider/demo/images/Banner%20Visor%20Geografico%20Ambiental.jpg HTTP/1.1" 200 204673
191.109.179.107 - - [24/Aug/2019:12:31:03 -0500] "GET /galeria/nivo-slider/demo/images/Banner%20consumo%20sostenible%20final.jpg HTTP/1.1" 200 364746
191.109.179.107 - - [24/Aug/2019:12:31:13 -0500] "GET /galeria/nivo-slider/demo/images/Banner%20consumo%20sostenible%20final.jpg HTTP/1.1" 200 364746
191.109.179.107 - - [24/Aug/2019:12:31:13 -0500] "GET /galeria/nivo-slider/demo/images/bannersectorambiente.png HTTP/1.1" 200 308540
191.109.179.107 - - [24/Aug/2019:12:31:23 -0500] "GET /galeria/nivo-slider/demo/images/bannersectorambiente.png HTTP/1.1" 200 308540
191.109.179.107 - - [24/Aug/2019:12:31:23 -0500] "GET /galeria/nivo-slider/demo/images/Banner%20RCD.jpg HTTP/1.1" 200 92197
191.109.179.107 - - [24/Aug/2019:12:31:33 -0500] "GET /galeria/nivo-slider/demo/images/Banner%20RCD.jpg HTTP/1.1" 200 92197
191.109.179.107 - - [24/Aug/2019:12:31:33 -0500] "GET /galeria/nivo-slider/demo/images/Banner%20Conpes.jpg HTTP/1.1" 200 55220
66.249.66.157 - - [24/Aug/2019:12:31:36 -0500] "GET /portalsiaccapacitaciones/Soportes%20Capacitaciones%202016/Mesas%20de%20Trabajo%20Mayo%202016/Presentaci%C3%B3n%20Decreto%20442%20Llantas%20Usadas.pdf HTTP/1.1" 404 1019
191.109.179.107 - - [24/Aug/2019:12:31:43 -0500] "GET /galeria/nivo-slider/demo/images/Banner%20Conpes.jpg HTTP/1.1" 200 55220
191.109.179.107 - - [24/Aug/2019:12:31:43 -0500] "GET /galeria/nivo-slider/demo/images/Banner%20practicas%20sostenibles.jpg HTTP/1.1" 200 142958
186.146.11.214 - - [24/Aug/2019:12:31:43 -0500] "GET /galeria/galeria/jquery.fancybox.css?v=2.1.5 HTTP/1.1" 200 4895
186.146.11.214 - - [24/Aug/2019:12:31:46 -0500] "GET /BLA/boletinlegal/js/jquery.scrollShow.js HTTP/1.1" 200 4586
186.146.11.214 - - [24/Aug/2019:12:31:46 -0500] "GET /galeria/galeria/jquery.fancybox.js?v=2.1.5 HTTP/1.1" 200 48706
191.109.179.107 - - [24/Aug/2019:12:31:53 -0500] "GET /galeria/nivo-slider/demo/images/Banner%20practicas%20sostenibles.jpg HTTP/1.1" 200 142958
191.109.179.107 - - [24/Aug/2019:12:31:53 -0500] "GET /galeria/nivo-slider/demo/images/Banner%20POT.png HTTP/1.1" 200 418238
201.245.166.250 - - [24/Aug/2019:12:31:54 -0500] "GET /galeria/galeria/jquery.fancybox.css?v=2.1.5 HTTP/1.1" 200 4895
201.245.166.250 - - [24/Aug/2019:12:31:55 -0500] "GET /BLA/boletinlegal/js/jquery.scrollShow.js HTTP/1.1" 200 4586
201.245.166.250 - - [24/Aug/2019:12:31:55 -0500] "GET /galeria/galeria/jquery.fancybox.js?v=2.1.5 HTTP/1.1" 200 48706
191.109.179.107 - - [24/Aug/2019:12:32:03 -0500] "GET /galeria/nivo-slider/demo/images/Banner%20POT.png HTTP/1.1" 200 418238
191.109.179.107 - - [24/Aug/2019:12:32:03 -0500] "GET /galeria/nivo-slider/demo/images/BANNER%20punto.jpg HTTP/1.1" 200 75932
200.118.201.137 - - [24/Aug/2019:12:32:04 -0500] "GET /galeria/galeria/fotos/Entrenube3G.jpg HTTP/1.1" 200 138221
186.119.43.126 - - [24/Aug/2019:12:32:06 -0500] "GET /BLA/resoluciones/ HTTP/1.1" 200 11866
192.168.175.104 - - [24/Aug/2019:12:32:12 -0500] "GET / HTTP/1.0" 200 9990
191.109.179.107 - - [24/Aug/2019:12:32:13 -0500] "GET /galeria/nivo-slider/demo/images/BANNER%20punto.jpg HTTP/1.1" 200 75932
191.109.179.107 - - [24/Aug/2019:12:32:13 -0500] "GET /galeria/nivo-slider/demo/images/Banneranonimos.png HTTP/1.1" 200 109388
186.119.43.126 - - [24/Aug/2019:12:32:12 -0500] "GET /BLA/resoluciones/index.php?dir=AUTOS+2013%2F HTTP/1.1" 200 404494
190.158.111.4 - - [24/Aug/2019:12:32:17 -0500] "-" 408 -
191.109.179.107 - - [24/Aug/2019:12:32:23 -0500] "GET /galeria/nivo-slider/demo/images/Banneranonimos.png HTTP/1.1" 200 109388
191.109.179.107 - - [24/Aug/2019:12:32:23 -0500] "GET /galeria/nivo-slider/demo/images/banner-humedales-de-bogota.jpg HTTP/1.1" 200 292611
191.109.179.107 - - [24/Aug/2019:12:32:33 -0500] "GET /galeria/nivo-slider/demo/images/banner-humedales-de-bogota.jpg HTTP/1.1" 200 292611
191.109.179.107 - - [24/Aug/2019:12:32:33 -0500] "GET /galeria/nivo-slider/demo/images/banner-bolsas-plasticas.jpg HTTP/1.1" 200 317939
190.130.66.10 - - [24/Aug/2019:12:32:37 -0500] "GET /BLA/resoluciones/AUTOS%202015/1607.pdf HTTP/1.1" 200 486244
191.109.179.107 - - [24/Aug/2019:12:32:43 -0500] "GET /galeria/nivo-slider/demo/images/banner-bolsas-plasticas.jpg HTTP/1.1" 200 317939
191.109.179.107 - - [24/Aug/2019:12:32:43 -0500] "GET /galeria/nivo-slider/demo/images/banner%20reciclaton%20agosto.jpg HTTP/1.1" 200 244820
186.84.39.0 - - [24/Aug/2019:12:32:46 -0500] "GET /BLA/resoluciones/RESOLUCIONES%202008/3135.pdf HTTP/1.1" 200 229272
186.84.39.0 - - [24/Aug/2019:12:32:47 -0500] "GET /favicon.ico HTTP/1.1" 200 7782
179.18.27.130 - - [24/Aug/2019:12:32:48 -0500] "GET /BLA/resoluciones/RESOLUCIONES%202011/1696.pdf HTTP/1.1" 200 66713
179.18.27.130 - - [24/Aug/2019:12:32:48 -0500] "GET /favicon.ico HTTP/1.1" 200 7782
190.158.111.4 - - [24/Aug/2019:12:32:51 -0500] "-" 408 -
66.102.7.223 - - [24/Aug/2019:12:32:52 -0500] "GET /galeria/galeria/jquery.fancybox.css?v=2.1.5 HTTP/1.1" 200 4895
66.102.7.222 - - [24/Aug/2019:12:32:52 -0500] "GET /BLA/boletinlegal/js/jquery.scrollShow.js HTTP/1.1" 200 4586
66.102.7.223 - - [24/Aug/2019:12:32:52 -0500] "GET /galeria/galeria/jquery.fancybox.js?v=2.1.5 HTTP/1.1" 200 48706
191.109.179.107 - - [24/Aug/2019:12:32:53 -0500] "GET /galeria/nivo-slider/demo/images/banner%20reciclaton%20agosto.jpg HTTP/1.1" 200 244820
191.109.179.107 - - [24/Aug/2019:12:32:53 -0500] "GET /galeria/nivo-slider/demo/images/Banner%20web%20construccion%20sostenible.png HTTP/1.1" 200 380718
66.102.7.223 - - [24/Aug/2019:12:32:53 -0500] "GET /galeria/galeria/jquery.fancybox.css?v=2.1.5 HTTP/1.1" 304 -
66.102.7.223 - - [24/Aug/2019:12:32:53 -0500] "GET /galeria/galeria/jquery.fancybox.js?v=2.1.5 HTTP/1.1" 304 -
186.84.22.221 - - [24/Aug/2019:12:32:54 -0500] "GET /galeria/galeria/jquery.fancybox.css?v=2.1.5 HTTP/1.1" 200 4895
186.84.22.221 - - [24/Aug/2019:12:32:54 -0500] "GET /BLA/boletinlegal/js/jquery.scrollShow.js HTTP/1.1" 200 4586
186.84.22.221 - - [24/Aug/2019:12:32:54 -0500] "GET /galeria/galeria/jquery.fancybox.js?v=2.1.5 HTTP/1.1" 200 48706
191.109.179.107 - - [24/Aug/2019:12:33:03 -0500] "GET /galeria/nivo-slider/demo/images/Banner%20web%20construccion%20sostenible.png HTTP/1.1" 200 380718
191.109.179.107 - - [24/Aug/2019:12:33:03 -0500] "GET /galeria/nivo-slider/demo/images/puntos%20atencion%20BANNER.jpg HTTP/1.1" 200 244208
186.84.22.221 - - [24/Aug/2019:12:33:03 -0500] "GET /galeria/galeria/jquery.fancybox.js?v=2.1.5 HTTP/1.1" 304 -
186.84.22.221 - - [24/Aug/2019:12:33:03 -0500] "GET /galeria/galeria/jquery.fancybox.css?v=2.1.5 HTTP/1.1" 304 -
186.84.22.221 - - [24/Aug/2019:12:33:03 -0500] "GET /BLA/boletinlegal/js/jquery.scrollShow.js HTTP/1.1" 304 -
181.132.120.169 - - [24/Aug/2019:12:33:08 -0500] "GET /galeria/galeria/jquery.fancybox.js?v=2.1.5 HTTP/1.1" 200 48706
181.132.120.169 - - [24/Aug/2019:12:33:08 -0500] "GET /galeria/galeria/jquery.fancybox.css?v=2.1.5 HTTP/1.1" 200 4895
181.132.120.169 - - [24/Aug/2019:12:33:08 -0500] "GET /BLA/boletinlegal/js/jquery.scrollShow.js HTTP/1.1" 200 4586
186.84.21.89 - - [24/Aug/2019:12:33:11 -0500] "GET /BLA/resoluciones/RESOLUCIONES%202007/RES%202007%201401%20AL%201500/RESOLUCION%201409%20DE%202007.pdf HTTP/1.1" 200 276957
186.84.21.89 - - [24/Aug/2019:12:33:11 -0500] "GET /favicon.ico HTTP/1.1" 200 7782
181.132.120.169 - - [24/Aug/2019:12:33:12 -0500] "GET /galeria/galeria/jquery.fancybox.js?v=2.1.5 HTTP/1.1" 200 48706
181.132.120.169 - - [24/Aug/2019:12:33:12 -0500] "GET /BLA/boletinlegal/js/jquery.scrollShow.js HTTP/1.1" 200 4586
181.132.120.169 - - [24/Aug/2019:12:33:12 -0500] "GET /galeria/galeria/jquery.fancybox.css?v=2.1.5 HTTP/1.1" 200 4895
191.109.179.107 - - [24/Aug/2019:12:33:13 -0500] "GET /galeria/nivo-slider/demo/images/puntos%20atencion%20BANNER.jpg HTTP/1.1" 200 244208
191.109.179.107 - - [24/Aug/2019:12:33:13 -0500] "GET /galeria/nivo-slider/demo/images/Banner%20caminatas%20agosto.png HTTP/1.1" 200 522896
186.119.43.126 - - [24/Aug/2019:12:33:16 -0500] "GET /BLA/resoluciones/AUTOS%202013/0472.pdf HTTP/1.1" 200 951266
191.109.179.107 - - [24/Aug/2019:12:33:23 -0500] "GET /galeria/nivo-slider/demo/images/Banner%20caminatas%20agosto.png HTTP/1.1" 200 522896
191.109.179.107 - - [24/Aug/2019:12:33:23 -0500] "GET /galeria/nivo-slider/demo/images/Banner%20Visor%20Geografico%20Ambiental.jpg HTTP/1.1" 200 204673
66.249.88.123 - - [24/Aug/2019:12:33:26 -0500] "GET /BLA/boletinlegal/js/jquery.scrollShow.js HTTP/1.1" 200 4586
66.249.88.127 - - [24/Aug/2019:12:33:26 -0500] "GET /galeria/galeria/jquery.fancybox.css?v=2.1.5 HTTP/1.1" 200 4895
66.249.88.125 - - [24/Aug/2019:12:33:26 -0500] "GET /galeria/galeria/jquery.fancybox.js?v=2.1.5 HTTP/1.1" 200 48706
191.109.179.107 - - [24/Aug/2019:12:33:33 -0500] "GET /galeria/nivo-slider/demo/images/Banner%20Visor%20Geografico%20Ambiental.jpg HTTP/1.1" 200 204673
191.109.179.107 - - [24/Aug/2019:12:33:33 -0500] "GET /galeria/nivo-slider/demo/images/Banner%20consumo%20sostenible%20final.jpg HTTP/1.1" 200 364746
191.109.179.107 - - [24/Aug/2019:12:33:43 -0500] "GET /galeria/nivo-slider/demo/images/Banner%20consumo%20sostenible%20final.jpg HTTP/1.1" 200 364746
191.109.179.107 - - [24/Aug/2019:12:33:43 -0500] "GET /galeria/nivo-slider/demo/images/bannersectorambiente.png HTTP/1.1" 200 308540
191.109.179.107 - - [24/Aug/2019:12:33:53 -0500] "GET /galeria/nivo-slider/demo/images/bannersectorambiente.png HTTP/1.1" 200 308540
191.109.179.107 - - [24/Aug/2019:12:33:53 -0500] "GET /galeria/nivo-slider/demo/images/Banner%20RCD.jpg HTTP/1.1" 200 92197
66.249.66.153 - - [24/Aug/2019:12:33:58 -0500] "GET /ecodirectorio/files/res/pages/page_0038.swf HTTP/1.1" 404 1019
191.109.179.107 - - [24/Aug/2019:12:34:03 -0500] "GET /galeria/nivo-slider/demo/images/Banner%20RCD.jpg HTTP/1.1" 200 92197
191.109.179.107 - - [24/Aug/2019:12:34:03 -0500] "GET /galeria/nivo-slider/demo/images/Banner%20Conpes.jpg HTTP/1.1" 200 55220
179.33.89.119 - - [24/Aug/2019:12:34:04 -0500] "GET /galeria/galeria/jquery.fancybox.js?v=2.1.5 HTTP/1.1" 200 48706
179.33.89.119 - - [24/Aug/2019:12:34:04 -0500] "GET /BLA/boletinlegal/js/jquery.scrollShow.js HTTP/1.1" 200 4586
179.33.89.119 - - [24/Aug/2019:12:34:04 -0500] "GET /galeria/galeria/jquery.fancybox.css?v=2.1.5 HTTP/1.1" 200 4895
191.109.179.107 - - [24/Aug/2019:12:34:13 -0500] "GET /galeria/nivo-slider/demo/images/Banner%20Conpes.jpg HTTP/1.1" 200 55220
191.109.179.107 - - [24/Aug/2019:12:34:13 -0500] "GET /galeria/nivo-slider/demo/images/Banner%20practicas%20sostenibles.jpg HTTP/1.1" 200 142958
191.109.179.107 - - [24/Aug/2019:12:34:23 -0500] "GET /galeria/nivo-slider/demo/images/Banner%20practicas%20sostenibles.jpg HTTP/1.1" 200 142958
191.109.179.107 - - [24/Aug/2019:12:34:23 -0500] "GET /galeria/nivo-slider/demo/images/Banner%20POT.png HTTP/1.1" 200 418238
186.154.121.171 - - [24/Aug/2019:12:34:27 -0500] "GET /BLA/boletinlegal/js/jquery.scrollShow.js HTTP/1.1" 200 4586
186.154.121.171 - - [24/Aug/2019:12:34:27 -0500] "GET /galeria/galeria/jquery.fancybox.css?v=2.1.5 HTTP/1.1" 200 4895
186.154.121.171 - - [24/Aug/2019:12:34:27 -0500] "GET /galeria/galeria/jquery.fancybox.js?v=2.1.5 HTTP/1.1" 200 48706
66.249.88.125 - - [24/Aug/2019:12:34:28 -0500] "GET /galeria/galeria/fotos/Entrenube2G.jpg HTTP/1.1" 200 111422
66.249.88.125 - - [24/Aug/2019:12:34:30 -0500] "GET /galeria/galeria/fotos/Entrenube3G.jpg HTTP/1.1" 200 138221
191.109.179.107 - - [24/Aug/2019:12:34:33 -0500] "GET /galeria/nivo-slider/demo/images/Banner%20POT.png HTTP/1.1" 200 418238
191.109.179.107 - - [24/Aug/2019:12:34:33 -0500] "GET /galeria/nivo-slider/demo/images/BANNER%20punto.jpg HTTP/1.1" 200 75932
66.249.66.153 - - [24/Aug/2019:12:34:33 -0500] "GET /dama/libreria/php/decide.php?patron=03.1305020113&numm=55 HTTP/1.1" 404 1019
191.109.179.107 - - [24/Aug/2019:12:34:43 -0500] "GET /galeria/nivo-slider/demo/images/BANNER%20punto.jpg HTTP/1.1" 200 75932
191.109.179.107 - - [24/Aug/2019:12:34:43 -0500] "GET /galeria/nivo-slider/demo/images/Banneranonimos.png HTTP/1.1" 200 109388
191.109.179.107 - - [24/Aug/2019:12:34:53 -0500] "GET /galeria/nivo-slider/demo/images/Banneranonimos.png HTTP/1.1" 200 109388
191.109.179.107 - - [24/Aug/2019:12:34:53 -0500] "GET /galeria/nivo-slider/demo/images/banner-humedales-de-bogota.jpg HTTP/1.1" 200 292611
191.109.179.107 - - [24/Aug/2019:12:35:03 -0500] "GET /galeria/nivo-slider/demo/images/banner-humedales-de-bogota.jpg HTTP/1.1" 200 292611
191.109.179.107 - - [24/Aug/2019:12:35:03 -0500] "GET /galeria/nivo-slider/demo/images/banner-bolsas-plasticas.jpg HTTP/1.1" 200 317939
186.154.121.171 - - [24/Aug/2019:12:35:04 -0500] "GET /galeria/galeria/jquery.fancybox.js?v=2.1.5 HTTP/1.1" 200 48706
186.154.121.171 - - [24/Aug/2019:12:35:04 -0500] "GET /galeria/galeria/jquery.fancybox.css?v=2.1.5 HTTP/1.1" 200 4895
186.154.121.171 - - [24/Aug/2019:12:35:04 -0500] "GET /BLA/boletinlegal/js/jquery.scrollShow.js HTTP/1.1" 200 4586
190.127.196.197 - - [24/Aug/2019:12:35:12 -0500] "GET /BLA/resoluciones/AUTOS%202014/2716.pdf HTTP/1.1" 200 628678
186.119.43.126 - - [24/Aug/2019:12:35:12 -0500] "GET /BLA/resoluciones/ HTTP/1.1" 200 11866
191.109.179.107 - - [24/Aug/2019:12:35:13 -0500] "GET /galeria/nivo-slider/demo/images/banner-bolsas-plasticas.jpg HTTP/1.1" 200 317939
191.109.179.107 - - [24/Aug/2019:12:35:13 -0500] "GET /galeria/nivo-slider/demo/images/banner%20reciclaton%20agosto.jpg HTTP/1.1" 200 244820
190.127.196.197 - - [24/Aug/2019:12:35:14 -0500] "GET /favicon.ico HTTP/1.1" 200 7782
69.162.124.233 - - [24/Aug/2019:12:35:21 -0500] "HEAD / HTTP/1.1" 200 -
191.109.179.107 - - [24/Aug/2019:12:35:23 -0500] "GET /galeria/nivo-slider/demo/images/banner%20reciclaton%20agosto.jpg HTTP/1.1" 200 244820
191.109.179.107 - - [24/Aug/2019:12:35:23 -0500] "GET /galeria/nivo-slider/demo/images/Banner%20web%20construccion%20sostenible.png HTTP/1.1" 200 380718
186.119.43.126 - - [24/Aug/2019:12:35:23 -0500] "GET /BLA/resoluciones/index.php?dir=AUTOS+2013%2F HTTP/1.1" 200 12235
190.158.111.4 - - [24/Aug/2019:12:35:24 -0500] "-" 408 -
5.255.250.75 - - [24/Aug/2019:12:35:24 -0500] "GET /PruebasSTORM/StormSDA_pruebas/userFiles/user_files/89/desasociaFormula.xml HTTP/1.1" 200 58
186.119.43.126 - - [24/Aug/2019:12:35:23 -0500] "GET /BLA/resoluciones/index.php?dir=AUTOS+2013%2F HTTP/1.1" 200 404494
186.31.44.118 - - [24/Aug/2019:12:35:27 -0500] "GET /galeria/galeria/jquery.fancybox.js?v=2.1.5 HTTP/1.1" 200 48706
186.31.44.118 - - [24/Aug/2019:12:35:27 -0500] "GET /galeria/galeria/jquery.fancybox.css?v=2.1.5 HTTP/1.1" 200 4895
186.31.44.118 - - [24/Aug/2019:12:35:27 -0500] "GET /BLA/boletinlegal/js/jquery.scrollShow.js HTTP/1.1" 200 4586
192.168.175.104 - - [24/Aug/2019:12:35:28 -0500] "GET / HTTP/1.1" 200 9990
54.36.150.2 - - [24/Aug/2019:12:35:32 -0500] "GET /autoliquidacion/index.php?dir=Fauna%20Silvestre/SALVODONCUTOI%20DE%20MOVILIZACI%C3%83%C2%83%C3%82%C2%93N%20DE%20FAUNA%20SILVESTRE/&sort=size&order=asc HTTP/1.1" 200 6763
191.109.179.107 - - [24/Aug/2019:12:35:33 -0500] "GET /galeria/nivo-slider/demo/images/Banner%20web%20construccion%20sostenible.png HTTP/1.1" 200 380718
191.109.179.107 - - [24/Aug/2019:12:35:33 -0500] "GET /galeria/nivo-slider/demo/images/puntos%20atencion%20BANNER.jpg HTTP/1.1" 200 244208
190.158.111.4 - - [24/Aug/2019:12:35:37 -0500] "-" 408 -
186.119.43.126 - - [24/Aug/2019:12:35:40 -0500] "GET /BLA/resoluciones/AUTOS%202013/0474.pdf HTTP/1.1" 200 1756128
191.109.179.107 - - [24/Aug/2019:12:35:43 -0500] "GET /galeria/nivo-slider/demo/images/puntos%20atencion%20BANNER.jpg HTTP/1.1" 200 244208
191.109.179.107 - - [24/Aug/2019:12:35:43 -0500] "GET /galeria/nivo-slider/demo/images/Banner%20caminatas%20agosto.png HTTP/1.1" 200 522896
191.109.179.107 - - [24/Aug/2019:12:35:53 -0500] "GET /galeria/nivo-slider/demo/images/Banner%20caminatas%20agosto.png HTTP/1.1" 200 522896
191.109.179.107 - - [24/Aug/2019:12:35:53 -0500] "GET /galeria/nivo-slider/demo/images/Banner%20Visor%20Geografico%20Ambiental.jpg HTTP/1.1" 200 204673
46.229.168.148 - - [24/Aug/2019:12:35:56 -0500] "GET /Autoliquidacion/index.php?dir=Cobro%2BEvaluacion%2BCertificaci%C3%83%C2%B3n%2BPara%2BLa%2BDeducci%C3%83%C2%B3n%2BPor%2BInversi%C3%83%C2%B3n%2BEn%2BMedio%2BAmbiente%2F&order=asc&sort=size HTTP/1.1" 200 6799
66.249.88.125 - - [24/Aug/2019:12:35:57 -0500] "GET /galeria/carrusel/Carrusel/jquery.thumbnailScroller.css HTTP/1.1" 200 2066
66.249.88.127 - - [24/Aug/2019:12:35:57 -0500] "GET /galeria/carrusel/Carrusel/jquery-ui-1.8.13.custom.min.js HTTP/1.1" 200 10800
66.249.88.127 - - [24/Aug/2019:12:35:57 -0500] "GET /galeria/carrusel/Carrusel/jquery.thumbnailScroller.js HTTP/1.1" 200 8157
66.249.88.125 - - [24/Aug/2019:12:35:57 -0500] "GET /galeria/nivo-slider/demo/demo.html HTTP/1.1" 200 4637
66.249.88.127 - - [24/Aug/2019:12:35:58 -0500] "GET /galeria/nivo-slider/themes/pascal/pascal.css HTTP/1.1" 200 2258
66.249.88.123 - - [24/Aug/2019:12:35:58 -0500] "GET /galeria/nivo-slider/themes/default/default.css HTTP/1.1" 200 1569
66.249.88.127 - - [24/Aug/2019:12:35:58 -0500] "GET /galeria/nivo-slider/themes/orman/orman.css HTTP/1.1" 200 2152
66.249.88.127 - - [24/Aug/2019:12:35:58 -0500] "GET /galeria/nivo-slider/nivo-slider.css HTTP/1.1" 200 1507
66.249.88.123 - - [24/Aug/2019:12:35:58 -0500] "GET /galeria/nivo-slider/demo/style.css HTTP/1.1" 200 2222
66.249.88.127 - - [24/Aug/2019:12:35:58 -0500] "GET /galeria/nivo-slider/demo/scripts/jquery-1.7.1.min.js HTTP/1.1" 200 93868
190.158.111.4 - - [24/Aug/2019:12:35:58 -0500] "-" 408 -
66.249.88.125 - - [24/Aug/2019:12:35:58 -0500] "GET /galeria/nivo-slider/demo/images/banner%20reciclaton%20agosto.jpg HTTP/1.1" 200 244820
66.249.88.123 - - [24/Aug/2019:12:35:58 -0500] "GET /galeria/nivo-slider/demo/images/Banner%20impacto.jpg HTTP/1.1" 200 72695
66.249.88.123 - - [24/Aug/2019:12:35:58 -0500] "GET /galeria/nivo-slider/demo/images/banner%20lluvias.jpg HTTP/1.1" 200 254815
66.249.88.127 - - [24/Aug/2019:12:35:58 -0500] "GET /galeria/nivo-slider/demo/images/Banner%20web%20construccion%20sostenible.png HTTP/1.1" 200 380718
66.249.88.125 - - [24/Aug/2019:12:35:58 -0500] "GET /galeria/nivo-slider/jquery.nivo.slider.pack.js HTTP/1.1" 200 11561
66.249.88.125 - - [24/Aug/2019:12:35:58 -0500] "GET /galeria/nivo-slider/themes/default/loading.gif HTTP/1.1" 200 1737
66.249.88.123 - - [24/Aug/2019:12:35:58 -0500] "GET /galeria/nivo-slider/demo/images/4Simple_Slider.png HTTP/1.1" 200 11722
66.249.88.125 - - [24/Aug/2019:12:35:59 -0500] "GET /galeria/nivo-slider/demo/images/puntos%20atencion%20BANNER.jpg HTTP/1.1" 200 244208
66.249.88.125 - - [24/Aug/2019:12:35:59 -0500] "GET /galeria/nivo-slider/demo/images/Banner%20caminatas%20agosto.png HTTP/1.1" 200 522896
66.249.88.125 - - [24/Aug/2019:12:35:59 -0500] "GET /galeria/nivo-slider/demo/images/Banner%20Visor%20Geografico%20Ambiental.jpg HTTP/1.1" 200 204673
66.249.88.125 - - [24/Aug/2019:12:35:59 -0500] "GET /galeria/nivo-slider/demo/images/Banner%20consumo%20sostenible%20final.jpg HTTP/1.1" 200 364746
66.249.88.125 - - [24/Aug/2019:12:35:59 -0500] "GET /galeria/nivo-slider/demo/images/bannersectorambiente.png HTTP/1.1" 200 308540
66.249.88.125 - - [24/Aug/2019:12:35:59 -0500] "GET /galeria/nivo-slider/demo/images/Banner%20RCD.jpg HTTP/1.1" 200 92197
66.249.88.125 - - [24/Aug/2019:12:35:59 -0500] "GET /galeria/nivo-slider/demo/images/Banner%20Conpes.jpg HTTP/1.1" 200 55220
66.249.88.125 - - [24/Aug/2019:12:36:00 -0500] "GET /galeria/nivo-slider/demo/images/Banner%20practicas%20sostenibles.jpg HTTP/1.1" 200 142958
66.249.88.123 - - [24/Aug/2019:12:36:00 -0500] "GET /galeria/nivo-slider/demo/images/Banner%20POT.png HTTP/1.1" 200 418238
66.249.88.125 - - [24/Aug/2019:12:36:00 -0500] "GET /galeria/nivo-slider/demo/images/BANNER%20punto.jpg HTTP/1.1" 200 75932
66.249.88.125 - - [24/Aug/2019:12:36:00 -0500] "GET /galeria/nivo-slider/demo/images/Banneranonimos.png HTTP/1.1" 200 109388
66.249.88.125 - - [24/Aug/2019:12:36:00 -0500] "GET /galeria/nivo-slider/demo/images/banner-humedales-de-bogota.jpg HTTP/1.1" 200 292611
66.249.88.127 - - [24/Aug/2019:12:36:00 -0500] "GET /galeria/nivo-slider/demo/images/banner-bolsas-plasticas.jpg HTTP/1.1" 200 317939
66.249.88.127 - - [24/Aug/2019:12:36:01 -0500] "GET /galeria/nivo-slider/themes/default/arrows.png HTTP/1.1" 200 824
66.249.88.123 - - [24/Aug/2019:12:36:01 -0500] "GET /galeria/nivo-slider/themes/default/bullets.png HTTP/1.1" 200 1281
191.109.179.107 - - [24/Aug/2019:12:36:03 -0500] "GET /galeria/nivo-slider/demo/images/Banner%20Visor%20Geografico%20Ambiental.jpg HTTP/1.1" 200 204673
191.109.179.107 - - [24/Aug/2019:12:36:03 -0500] "GET /galeria/nivo-slider/demo/images/Banner%20consumo%20sostenible%20final.jpg HTTP/1.1" 200 364746
186.119.43.126 - - [24/Aug/2019:12:36:11 -0500] "GET /BLA/resoluciones/ HTTP/1.1" 200 11866
191.109.179.107 - - [24/Aug/2019:12:36:13 -0500] "GET /galeria/nivo-slider/demo/images/Banner%20consumo%20sostenible%20final.jpg HTTP/1.1" 200 364746
191.109.179.107 - - [24/Aug/2019:12:36:13 -0500] "GET /galeria/nivo-slider/demo/images/bannersectorambiente.png HTTP/1.1" 200 308540
190.158.111.4 - - [24/Aug/2019:12:36:22 -0500] "-" 408 -
191.109.179.107 - - [24/Aug/2019:12:36:23 -0500] "GET /galeria/nivo-slider/demo/images/bannersectorambiente.png HTTP/1.1" 200 308540
191.109.179.107 - - [24/Aug/2019:12:36:23 -0500] "GET /galeria/nivo-slider/demo/images/Banner%20RCD.jpg HTTP/1.1" 200 92197
191.109.179.107 - - [24/Aug/2019:12:36:33 -0500] "GET /galeria/nivo-slider/demo/images/Banner%20RCD.jpg HTTP/1.1" 200 92197
191.109.179.107 - - [24/Aug/2019:12:36:33 -0500] "GET /galeria/nivo-slider/demo/images/Banner%20Conpes.jpg HTTP/1.1" 200 55220
191.109.179.107 - - [24/Aug/2019:12:36:43 -0500] "GET /galeria/nivo-slider/demo/images/Banner%20Conpes.jpg HTTP/1.1" 200 55220
191.109.179.107 - - [24/Aug/2019:12:36:43 -0500] "GET /galeria/nivo-slider/demo/images/Banner%20practicas%20sostenibles.jpg HTTP/1.1" 200 142958
66.249.88.123 - - [24/Aug/2019:12:36:52 -0500] "GET /galeria/galeria/jquery.fancybox.js?v=2.1.5 HTTP/1.1" 200 48706
191.109.179.107 - - [24/Aug/2019:12:36:53 -0500] "GET /galeria/nivo-slider/demo/images/Banner%20practicas%20sostenibles.jpg HTTP/1.1" 200 142958
191.109.179.107 - - [24/Aug/2019:12:36:53 -0500] "GET /galeria/nivo-slider/demo/images/Banner%20POT.png HTTP/1.1" 200 418238
191.109.179.107 - - [24/Aug/2019:12:37:03 -0500] "GET /galeria/nivo-slider/demo/images/Banner%20POT.png HTTP/1.1" 200 418238
191.109.179.107 - - [24/Aug/2019:12:37:03 -0500] "GET /galeria/nivo-slider/demo/images/BANNER%20punto.jpg HTTP/1.1" 200 75932
192.168.175.104 - - [24/Aug/2019:12:37:11 -0500] "GET / HTTP/1.0" 200 9990
191.109.179.107 - - [24/Aug/2019:12:37:13 -0500] "GET /galeria/nivo-slider/demo/images/BANNER%20punto.jpg HTTP/1.1" 200 75932
191.109.179.107 - - [24/Aug/2019:12:37:13 -0500] "GET /galeria/nivo-slider/demo/images/Banneranonimos.png HTTP/1.1" 200 109388
191.109.179.107 - - [24/Aug/2019:12:37:23 -0500] "GET /galeria/nivo-slider/demo/images/Banneranonimos.png HTTP/1.1" 200 109388
191.109.179.107 - - [24/Aug/2019:12:37:23 -0500] "GET /galeria/nivo-slider/demo/images/banner-humedales-de-bogota.jpg HTTP/1.1" 200 292611
186.84.163.166 - - [24/Aug/2019:12:37:25 -0500] "GET /galeria/galeria/jquery.fancybox.js?v=2.1.5 HTTP/1.1" 200 48706
186.84.163.166 - - [24/Aug/2019:12:37:25 -0500] "GET /BLA/boletinlegal/js/jquery.scrollShow.js HTTP/1.1" 200 4586
186.84.163.166 - - [24/Aug/2019:12:37:25 -0500] "GET /galeria/galeria/jquery.fancybox.css?v=2.1.5 HTTP/1.1" 200 4895
191.109.179.107 - - [24/Aug/2019:12:37:33 -0500] "GET /galeria/nivo-slider/demo/images/banner-humedales-de-bogota.jpg HTTP/1.1" 200 292611
191.109.179.107 - - [24/Aug/2019:12:37:33 -0500] "GET /galeria/nivo-slider/demo/images/banner-bolsas-plasticas.jpg HTTP/1.1" 200 317939
186.119.43.126 - - [24/Aug/2019:12:37:37 -0500] "GET /BLA/resoluciones/index.php?dir=AUTOS+2015%2F HTTP/1.1" 200 540635
190.158.111.4 - - [24/Aug/2019:12:37:41 -0500] "-" 408 -
191.109.179.107 - - [24/Aug/2019:12:37:43 -0500] "GET /galeria/nivo-slider/demo/images/banner-bolsas-plasticas.jpg HTTP/1.1" 200 317939
191.109.179.107 - - [24/Aug/2019:12:37:43 -0500] "GET /galeria/nivo-slider/demo/images/banner%20reciclaton%20agosto.jpg HTTP/1.1" 200 244820
66.249.66.156 - - [24/Aug/2019:12:37:44 -0500] "GET /sipse/faces/javax.faces.resource/theme.css?ln=primefaces-sipse HTTP/1.1" 200 50058
191.109.179.107 - - [24/Aug/2019:12:37:53 -0500] "GET /galeria/nivo-slider/demo/images/banner%20reciclaton%20agosto.jpg HTTP/1.1" 200 244820
191.109.179.107 - - [24/Aug/2019:12:37:53 -0500] "GET /galeria/nivo-slider/demo/images/Banner%20web%20construccion%20sostenible.png HTTP/1.1" 200 380718
191.109.179.107 - - [24/Aug/2019:12:38:03 -0500] "GET /galeria/nivo-slider/demo/images/Banner%20web%20construccion%20sostenible.png HTTP/1.1" 200 380718
191.109.179.107 - - [24/Aug/2019:12:38:03 -0500] "GET /galeria/nivo-slider/demo/images/puntos%20atencion%20BANNER.jpg HTTP/1.1" 200 244208
191.109.179.107 - - [24/Aug/2019:12:38:13 -0500] "GET /galeria/nivo-slider/demo/images/puntos%20atencion%20BANNER.jpg HTTP/1.1" 200 244208
191.109.179.107 - - [24/Aug/2019:12:38:13 -0500] "GET /galeria/nivo-slider/demo/images/Banner%20caminatas%20agosto.png HTTP/1.1" 200 522896
190.7.136.19 - - [24/Aug/2019:12:38:20 -0500] "GET /BLA/boletinlegal/js/jquery.scrollShow.js HTTP/1.1" 200 4586
190.7.136.19 - - [24/Aug/2019:12:38:20 -0500] "GET /galeria/galeria/jquery.fancybox.css?v=2.1.5 HTTP/1.1" 200 4895
190.7.136.19 - - [24/Aug/2019:12:38:20 -0500] "GET /galeria/galeria/jquery.fancybox.js?v=2.1.5 HTTP/1.1" 200 48706
190.7.136.19 - - [24/Aug/2019:12:38:22 -0500] "GET /galeria/galeria/jquery.fancybox.js?v=2.1.5 HTTP/1.1" 200 48706
190.7.136.19 - - [24/Aug/2019:12:38:22 -0500] "GET /galeria/galeria/jquery.fancybox.css?v=2.1.5 HTTP/1.1" 200 4895
190.7.136.19 - - [24/Aug/2019:12:38:22 -0500] "GET /BLA/boletinlegal/js/jquery.scrollShow.js HTTP/1.1" 200 4586
191.109.179.107 - - [24/Aug/2019:12:38:23 -0500] "GET /galeria/nivo-slider/demo/images/Banner%20caminatas%20agosto.png HTTP/1.1" 200 522896
191.109.179.107 - - [24/Aug/2019:12:38:23 -0500] "GET /galeria/nivo-slider/demo/images/Banner%20Visor%20Geografico%20Ambiental.jpg HTTP/1.1" 200 204673
201.245.192.253 - - [24/Aug/2019:12:37:54 -0500] "POST /kwsrmcab/Wsrmcab HTTP/1.1" 200 28160
201.245.192.253 - - [24/Aug/2019:12:37:54 -0500] "POST /kwsrmcab/Wsrmcab HTTP/1.1" 200 213
66.249.66.155 - - [24/Aug/2019:12:38:30 -0500] "GET /galeria/mapa2/humedal.html? HTTP/1.1" 200 11166
191.109.179.107 - - [24/Aug/2019:12:38:33 -0500] "GET /galeria/nivo-slider/demo/images/Banner%20Visor%20Geografico%20Ambiental.jpg HTTP/1.1" 200 204673
191.109.179.107 - - [24/Aug/2019:12:38:33 -0500] "GET /galeria/nivo-slider/demo/images/Banner%20consumo%20sostenible%20final.jpg HTTP/1.1" 200 364746
66.249.66.156 - - [24/Aug/2019:12:38:43 -0500] "GET /BLA/resoluciones/AUTOS%202014/6652.pdf HTTP/1.1" 200 546838
191.109.179.107 - - [24/Aug/2019:12:38:43 -0500] "GET /galeria/nivo-slider/demo/images/Banner%20consumo%20sostenible%20final.jpg HTTP/1.1" 200 364746
191.109.179.107 - - [24/Aug/2019:12:38:43 -0500] "GET /galeria/nivo-slider/demo/images/bannersectorambiente.png HTTP/1.1" 200 308540
186.119.43.126 - - [24/Aug/2019:12:38:49 -0500] "GET /BLA/resoluciones/AUTOS%202015/4275.pdf HTTP/1.1" 200 580668
191.109.179.107 - - [24/Aug/2019:12:38:53 -0500] "GET /galeria/nivo-slider/demo/images/bannersectorambiente.png HTTP/1.1" 200 308540
191.109.179.107 - - [24/Aug/2019:12:38:53 -0500] "GET /galeria/nivo-slider/demo/images/Banner%20RCD.jpg HTTP/1.1" 200 92197
66.249.88.123 - - [24/Aug/2019:12:38:58 -0500] "GET /galeria/galeria/jquery.fancybox.css?v=2.1.5 HTTP/1.1" 200 4895
66.249.88.125 - - [24/Aug/2019:12:38:58 -0500] "GET /galeria/carrusel/Carrusel/jquery.thumbnailScroller.css HTTP/1.1" 200 2066
66.249.88.123 - - [24/Aug/2019:12:38:58 -0500] "GET /galeria/galeria/jquery.fancybox.js?v=2.1.5 HTTP/1.1" 200 48706
66.249.88.123 - - [24/Aug/2019:12:38:58 -0500] "GET /BLA/boletinlegal/js/jquery.scrollShow.js HTTP/1.1" 200 4586
66.249.88.123 - - [24/Aug/2019:12:38:58 -0500] "GET /galeria/carrusel/Carrusel/jquery-ui-1.8.13.custom.min.js HTTP/1.1" 200 10800
66.249.88.125 - - [24/Aug/2019:12:38:58 -0500] "GET /galeria/carrusel/Carrusel/jquery.thumbnailScroller.js HTTP/1.1" 200 8157
66.249.88.125 - - [24/Aug/2019:12:38:59 -0500] "GET /galeria/nivo-slider/demo/demo.html HTTP/1.1" 200 4637
66.249.88.123 - - [24/Aug/2019:12:39:00 -0500] "GET /galeria/nivo-slider/demo/style.css HTTP/1.1" 200 2222
66.249.88.125 - - [24/Aug/2019:12:39:00 -0500] "GET /galeria/nivo-slider/nivo-slider.css HTTP/1.1" 200 1507
66.249.88.127 - - [24/Aug/2019:12:39:00 -0500] "GET /galeria/nivo-slider/themes/orman/orman.css HTTP/1.1" 200 2152
66.249.88.125 - - [24/Aug/2019:12:39:00 -0500] "GET /galeria/nivo-slider/themes/default/default.css HTTP/1.1" 200 1569
66.249.88.127 - - [24/Aug/2019:12:39:00 -0500] "GET /galeria/nivo-slider/themes/pascal/pascal.css HTTP/1.1" 200 2258
66.249.88.125 - - [24/Aug/2019:12:39:00 -0500] "GET /galeria/nivo-slider/demo/scripts/jquery-1.7.1.min.js HTTP/1.1" 200 93868
66.249.88.123 - - [24/Aug/2019:12:39:00 -0500] "GET /galeria/nivo-slider/demo/images/banner-humedales-de-bogota.jpg HTTP/1.1" 200 292611
66.249.88.127 - - [24/Aug/2019:12:39:00 -0500] "GET /galeria/nivo-slider/demo/images/Banner%20web%20construccion%20sostenible.png HTTP/1.1" 200 380718
66.249.88.125 - - [24/Aug/2019:12:39:00 -0500] "GET /galeria/nivo-slider/demo/images/Banner%20RCD.jpg HTTP/1.1" 200 92197
66.249.88.125 - - [24/Aug/2019:12:39:00 -0500] "GET /galeria/nivo-slider/demo/images/Banner%20caminatas%20agosto.png HTTP/1.1" 200 522896
66.249.88.123 - - [24/Aug/2019:12:39:00 -0500] "GET /galeria/nivo-slider/demo/images/BANNER%20punto.jpg HTTP/1.1" 200 75932
66.249.88.123 - - [24/Aug/2019:12:39:00 -0500] "GET /galeria/nivo-slider/demo/images/Banner%20Conpes.jpg HTTP/1.1" 200 55220
66.249.88.127 - - [24/Aug/2019:12:39:00 -0500] "GET /galeria/nivo-slider/demo/images/Banner%20impacto.jpg HTTP/1.1" 200 72695
66.249.88.127 - - [24/Aug/2019:12:39:00 -0500] "GET /galeria/nivo-slider/demo/images/Banner%20practicas%20sostenibles.jpg HTTP/1.1" 200 142958
66.249.88.127 - - [24/Aug/2019:12:39:00 -0500] "GET /galeria/nivo-slider/demo/images/Banner%20consumo%20sostenible%20final.jpg HTTP/1.1" 200 364746
66.249.88.125 - - [24/Aug/2019:12:39:00 -0500] "GET /galeria/nivo-slider/demo/images/Banner%20Visor%20Geografico%20Ambiental.jpg HTTP/1.1" 200 204673
66.249.88.127 - - [24/Aug/2019:12:39:00 -0500] "GET /galeria/nivo-slider/demo/images/Banneranonimos.png HTTP/1.1" 200 109388
66.249.88.123 - - [24/Aug/2019:12:39:00 -0500] "GET /galeria/nivo-slider/demo/images/banner-bolsas-plasticas.jpg HTTP/1.1" 200 317939
66.249.88.123 - - [24/Aug/2019:12:39:00 -0500] "GET /galeria/nivo-slider/demo/images/bannersectorambiente.png HTTP/1.1" 200 308540
66.249.88.123 - - [24/Aug/2019:12:39:00 -0500] "GET /galeria/nivo-slider/demo/images/puntos%20atencion%20BANNER.jpg HTTP/1.1" 200 244208
66.249.88.125 - - [24/Aug/2019:12:39:00 -0500] "GET /galeria/nivo-slider/demo/images/banner%20lluvias.jpg HTTP/1.1" 200 254815
66.249.88.125 - - [24/Aug/2019:12:39:00 -0500] "GET /galeria/nivo-slider/demo/images/Banner%20POT.png HTTP/1.1" 200 418238
66.249.88.127 - - [24/Aug/2019:12:39:01 -0500] "GET /galeria/nivo-slider/themes/default/loading.gif HTTP/1.1" 200 1737
66.249.88.125 - - [24/Aug/2019:12:39:01 -0500] "GET /galeria/nivo-slider/demo/images/4Simple_Slider.png HTTP/1.1" 200 11722
66.249.88.123 - - [24/Aug/2019:12:39:01 -0500] "GET /galeria/nivo-slider/demo/images/banner%20reciclaton%20agosto.jpg HTTP/1.1" 200 244820
66.249.88.125 - - [24/Aug/2019:12:39:01 -0500] "GET /galeria/nivo-slider/jquery.nivo.slider.pack.js HTTP/1.1" 200 11561
201.245.192.253 - - [24/Aug/2019:12:38:28 -0500] "POST /kwsrmcab/Wsrmcab HTTP/1.1" 200 213
66.249.88.123 - - [24/Aug/2019:12:39:03 -0500] "GET /BLA/boletinlegal/js/jquery.scrollShow.js HTTP/1.1" 200 4586
66.249.88.123 - - [24/Aug/2019:12:39:03 -0500] "GET /galeria/galeria/jquery.fancybox.css?v=2.1.5 HTTP/1.1" 200 4895
66.249.88.125 - - [24/Aug/2019:12:39:03 -0500] "GET /galeria/galeria/jquery.fancybox.js?v=2.1.5 HTTP/1.1" 200 48706
191.109.179.107 - - [24/Aug/2019:12:39:03 -0500] "GET /galeria/nivo-slider/demo/images/Banner%20RCD.jpg HTTP/1.1" 200 92197
191.109.179.107 - - [24/Aug/2019:12:39:03 -0500] "GET /galeria/nivo-slider/demo/images/Banner%20Conpes.jpg HTTP/1.1" 200 55220
66.249.88.125 - - [24/Aug/2019:12:39:04 -0500] "GET /galeria/nivo-slider/themes/default/arrows.png HTTP/1.1" 200 824
66.249.88.127 - - [24/Aug/2019:12:39:04 -0500] "GET /galeria/nivo-slider/themes/default/bullets.png HTTP/1.1" 200 1281
191.109.179.107 - - [24/Aug/2019:12:39:13 -0500] "GET /galeria/nivo-slider/demo/images/Banner%20Conpes.jpg HTTP/1.1" 200 55220
191.109.179.107 - - [24/Aug/2019:12:39:13 -0500] "GET /galeria/nivo-slider/demo/images/Banner%20practicas%20sostenibles.jpg HTTP/1.1" 200 142958
191.95.52.99 - - [24/Aug/2019:12:39:13 -0500] "GET /galeria/galeria/jquery.fancybox.css?v=2.1.5 HTTP/1.1" 200 4895
191.95.52.99 - - [24/Aug/2019:12:39:13 -0500] "GET /BLA/boletinlegal/js/jquery.scrollShow.js HTTP/1.1" 200 4586
191.95.52.99 - - [24/Aug/2019:12:39:13 -0500] "GET /galeria/galeria/jquery.fancybox.js?v=2.1.5 HTTP/1.1" 200 48706
191.109.179.107 - - [24/Aug/2019:12:39:23 -0500] "GET /galeria/nivo-slider/demo/images/Banner%20practicas%20sostenibles.jpg HTTP/1.1" 200 142958
191.109.179.107 - - [24/Aug/2019:12:39:23 -0500] "GET /galeria/nivo-slider/demo/images/Banner%20POT.png HTTP/1.1" 200 418238
191.109.179.107 - - [24/Aug/2019:12:39:33 -0500] "GET /galeria/nivo-slider/demo/images/BANNER%20punto.jpg HTTP/1.1" 200 75932
191.109.179.107 - - [24/Aug/2019:12:39:33 -0500] "GET /galeria/nivo-slider/demo/images/Banner%20POT.png HTTP/1.1" 200 418238
191.109.179.107 - - [24/Aug/2019:12:39:43 -0500] "GET /galeria/nivo-slider/demo/images/BANNER%20punto.jpg HTTP/1.1" 200 75932
191.109.179.107 - - [24/Aug/2019:12:39:43 -0500] "GET /galeria/nivo-slider/demo/images/Banneranonimos.png HTTP/1.1" 200 109388
191.109.179.107 - - [24/Aug/2019:12:39:53 -0500] "GET /galeria/nivo-slider/demo/images/Banneranonimos.png HTTP/1.1" 200 109388
191.109.179.107 - - [24/Aug/2019:12:39:53 -0500] "GET /galeria/nivo-slider/demo/images/banner-humedales-de-bogota.jpg HTTP/1.1" 200 292611
66.249.66.157 - - [24/Aug/2019:12:39:55 -0500] "GET /PruebasSTORM/StormSDA_pruebas/userFiles/user_files/listas/118.xml HTTP/1.1" 200 607
191.109.179.107 - - [24/Aug/2019:12:40:03 -0500] "GET /galeria/nivo-slider/demo/images/banner-humedales-de-bogota.jpg HTTP/1.1" 200 292611
191.109.179.107 - - [24/Aug/2019:12:40:03 -0500] "GET /galeria/nivo-slider/demo/images/banner-bolsas-plasticas.jpg HTTP/1.1" 200 317939
191.109.179.107 - - [24/Aug/2019:12:40:13 -0500] "GET /galeria/nivo-slider/demo/images/banner-bolsas-plasticas.jpg HTTP/1.1" 200 317939
191.109.179.107 - - [24/Aug/2019:12:40:13 -0500] "GET /galeria/nivo-slider/demo/images/banner%20reciclaton%20agosto.jpg HTTP/1.1" 200 244820
69.162.124.233 - - [24/Aug/2019:12:40:21 -0500] "HEAD / HTTP/1.1" 200 -
191.109.179.107 - - [24/Aug/2019:12:40:23 -0500] "GET /galeria/nivo-slider/demo/images/banner%20reciclaton%20agosto.jpg HTTP/1.1" 200 244820
191.109.179.107 - - [24/Aug/2019:12:40:23 -0500] "GET /galeria/nivo-slider/demo/images/Banner%20web%20construccion%20sostenible.png HTTP/1.1" 200 380718
192.168.175.104 - - [24/Aug/2019:12:40:27 -0500] "GET / HTTP/1.1" 200 9990
191.109.179.107 - - [24/Aug/2019:12:40:33 -0500] "GET /galeria/nivo-slider/demo/images/Banner%20web%20construccion%20sostenible.png HTTP/1.1" 200 380718
191.109.179.107 - - [24/Aug/2019:12:40:33 -0500] "GET /galeria/nivo-slider/demo/images/puntos%20atencion%20BANNER.jpg HTTP/1.1" 200 244208
191.109.179.107 - - [24/Aug/2019:12:40:43 -0500] "GET /galeria/nivo-slider/demo/images/puntos%20atencion%20BANNER.jpg HTTP/1.1" 200 244208
191.109.179.107 - - [24/Aug/2019:12:40:43 -0500] "GET /galeria/nivo-slider/demo/images/Banner%20caminatas%20agosto.png HTTP/1.1" 200 522896
191.109.179.107 - - [24/Aug/2019:12:40:53 -0500] "GET /galeria/nivo-slider/demo/images/Banner%20caminatas%20agosto.png HTTP/1.1" 200 522896
191.109.179.107 - - [24/Aug/2019:12:40:53 -0500] "GET /galeria/nivo-slider/demo/images/Banner%20Visor%20Geografico%20Ambiental.jpg HTTP/1.1" 200 204673
191.109.179.107 - - [24/Aug/2019:12:41:03 -0500] "GET /galeria/nivo-slider/demo/images/Banner%20Visor%20Geografico%20Ambiental.jpg HTTP/1.1" 200 204673
191.109.179.107 - - [24/Aug/2019:12:41:03 -0500] "GET /galeria/nivo-slider/demo/images/Banner%20consumo%20sostenible%20final.jpg HTTP/1.1" 200 364746
66.249.66.153 - - [24/Aug/2019:12:41:06 -0500] "GET /ecodirectorio/files/res/navbtn/exitfullscreen.swf HTTP/1.1" 404 1019
191.95.54.82 - - [24/Aug/2019:12:41:11 -0500] "GET /galeria/galeria/jquery.fancybox.css?v=2.1.5 HTTP/1.1" 200 4895
191.95.54.82 - - [24/Aug/2019:12:41:11 -0500] "GET /BLA/boletinlegal/js/jquery.scrollShow.js HTTP/1.1" 200 4586
191.95.54.82 - - [24/Aug/2019:12:41:11 -0500] "GET /galeria/galeria/jquery.fancybox.js?v=2.1.5 HTTP/1.1" 200 48706
40.77.190.223 - - [24/Aug/2019:12:41:12 -0500] "GET /galeria/nivo-slider/demo/demo.html HTTP/1.1" 200 4637
191.109.179.107 - - [24/Aug/2019:12:41:13 -0500] "GET /galeria/nivo-slider/demo/images/Banner%20consumo%20sostenible%20final.jpg HTTP/1.1" 200 364746
191.109.179.107 - - [24/Aug/2019:12:41:13 -0500] "GET /galeria/nivo-slider/demo/images/bannersectorambiente.png HTTP/1.1" 200 308540
40.77.188.25 - - [24/Aug/2019:12:41:14 -0500] "GET /galeria/carrusel/Carrusel/jquery.thumbnailScroller.css HTTP/1.1" 200 2066
40.77.189.26 - - [24/Aug/2019:12:41:16 -0500] "GET /galeria/nivo-slider/themes/default/default.css HTTP/1.1" 200 1569
40.77.190.184 - - [24/Aug/2019:12:41:17 -0500] "GET /galeria/nivo-slider/themes/pascal/pascal.css HTTP/1.1" 200 2258
40.77.190.191 - - [24/Aug/2019:12:41:17 -0500] "GET /galeria/nivo-slider/themes/orman/orman.css HTTP/1.1" 200 2152
40.77.191.37 - - [24/Aug/2019:12:41:18 -0500] "GET /galeria/nivo-slider/nivo-slider.css HTTP/1.1" 200 1507
40.77.191.4 - - [24/Aug/2019:12:41:18 -0500] "GET /galeria/nivo-slider/demo/style.css HTTP/1.1" 200 2222
40.77.191.37 - - [24/Aug/2019:12:41:18 -0500] "GET /galeria/nivo-slider/demo/scripts/jquery-1.7.1.min.js HTTP/1.1" 200 93868
40.77.189.124 - - [24/Aug/2019:12:41:20 -0500] "GET /galeria/carrusel/Carrusel/jquery-ui-1.8.13.custom.min.js HTTP/1.1" 200 10800
191.109.179.107 - - [24/Aug/2019:12:41:23 -0500] "GET /galeria/nivo-slider/demo/images/bannersectorambiente.png HTTP/1.1" 200 308540
191.109.179.107 - - [24/Aug/2019:12:41:23 -0500] "GET /galeria/nivo-slider/demo/images/Banner%20RCD.jpg HTTP/1.1" 200 92197
40.77.190.191 - - [24/Aug/2019:12:41:24 -0500] "GET /galeria/nivo-slider/jquery.nivo.slider.pack.js HTTP/1.1" 200 11561
191.109.179.107 - - [24/Aug/2019:12:41:33 -0500] "GET /galeria/nivo-slider/demo/images/Banner%20RCD.jpg HTTP/1.1" 200 92197
191.109.179.107 - - [24/Aug/2019:12:41:33 -0500] "GET /galeria/nivo-slider/demo/images/Banner%20Conpes.jpg HTTP/1.1" 200 55220
40.77.189.104 - - [24/Aug/2019:12:41:34 -0500] "GET /galeria/carrusel/Carrusel/jquery.thumbnailScroller.js HTTP/1.1" 200 8157
190.158.111.4 - - [24/Aug/2019:12:41:39 -0500] "-" 408 -
191.109.179.107 - - [24/Aug/2019:12:41:43 -0500] "GET /galeria/nivo-slider/demo/images/Banner%20Conpes.jpg HTTP/1.1" 200 55220
191.109.179.107 - - [24/Aug/2019:12:41:43 -0500] "GET /galeria/nivo-slider/demo/images/Banner%20practicas%20sostenibles.jpg HTTP/1.1" 200 142958
66.249.88.127 - - [24/Aug/2019:12:41:46 -0500] "GET /galeria/galeria/jquery.fancybox.css?v=2.1.5 HTTP/1.1" 200 4895
66.249.88.125 - - [24/Aug/2019:12:41:46 -0500] "GET /galeria/galeria/jquery.fancybox.js?v=2.1.5 HTTP/1.1" 200 48706
66.249.88.125 - - [24/Aug/2019:12:41:46 -0500] "GET /BLA/boletinlegal/js/jquery.scrollShow.js HTTP/1.1" 200 4586
191.109.179.107 - - [24/Aug/2019:12:41:53 -0500] "GET /galeria/nivo-slider/demo/images/Banner%20practicas%20sostenibles.jpg HTTP/1.1" 200 142958
191.109.179.107 - - [24/Aug/2019:12:41:53 -0500] "GET /galeria/nivo-slider/demo/images/Banner%20POT.png HTTP/1.1" 200 418238
181.174.73.120 - - [24/Aug/2019:12:41:56 -0500] "GET /galeria/galeria/jquery.fancybox.css?v=2.1.5 HTTP/1.1" 200 4895
181.174.73.120 - - [24/Aug/2019:12:41:56 -0500] "GET /BLA/boletinlegal/js/jquery.scrollShow.js HTTP/1.1" 200 4586
181.174.73.120 - - [24/Aug/2019:12:41:56 -0500] "GET /galeria/galeria/jquery.fancybox.js?v=2.1.5 HTTP/1.1" 200 48706
181.59.202.177 - - [24/Aug/2019:12:41:58 -0500] "GET /galeria/galeria/jquery.fancybox.css?v=2.1.5 HTTP/1.1" 200 4895
181.59.202.177 - - [24/Aug/2019:12:42:00 -0500] "GET /BLA/boletinlegal/js/jquery.scrollShow.js HTTP/1.1" 200 4586
181.59.202.177 - - [24/Aug/2019:12:42:00 -0500] "GET /galeria/galeria/jquery.fancybox.js?v=2.1.5 HTTP/1.1" 200 48706
191.109.179.107 - - [24/Aug/2019:12:42:03 -0500] "GET /galeria/nivo-slider/demo/images/Banner%20POT.png HTTP/1.1" 200 418238
191.109.179.107 - - [24/Aug/2019:12:42:03 -0500] "GET /galeria/nivo-slider/demo/images/BANNER%20punto.jpg HTTP/1.1" 200 75932
181.59.59.0 - - [24/Aug/2019:12:42:08 -0500] "GET /galeria/galeria/jquery.fancybox.css?v=2.1.5 HTTP/1.1" 200 4895
181.59.59.0 - - [24/Aug/2019:12:42:08 -0500] "GET /galeria/galeria/jquery.fancybox.js?v=2.1.5 HTTP/1.1" 200 48706
181.59.59.0 - - [24/Aug/2019:12:42:08 -0500] "GET /BLA/boletinlegal/js/jquery.scrollShow.js HTTP/1.1" 200 4586
192.168.175.104 - - [24/Aug/2019:12:42:09 -0500] "GET / HTTP/1.0" 200 9990
191.109.179.107 - - [24/Aug/2019:12:42:13 -0500] "GET /galeria/nivo-slider/demo/images/BANNER%20punto.jpg HTTP/1.1" 200 75932
191.109.179.107 - - [24/Aug/2019:12:42:13 -0500] "GET /galeria/nivo-slider/demo/images/Banneranonimos.png HTTP/1.1" 200 109388
191.109.179.107 - - [24/Aug/2019:12:42:23 -0500] "GET /galeria/nivo-slider/demo/images/Banneranonimos.png HTTP/1.1" 200 109388
191.109.179.107 - - [24/Aug/2019:12:42:23 -0500] "GET /galeria/nivo-slider/demo/images/banner-humedales-de-bogota.jpg HTTP/1.1" 200 292611
191.109.179.107 - - [24/Aug/2019:12:42:33 -0500] "GET /galeria/nivo-slider/demo/images/banner-humedales-de-bogota.jpg HTTP/1.1" 200 292611
191.109.179.107 - - [24/Aug/2019:12:42:33 -0500] "GET /galeria/nivo-slider/demo/images/banner-bolsas-plasticas.jpg HTTP/1.1" 200 317939
190.117.68.53 - - [24/Aug/2019:12:42:38 -0500] "GET /galeria/galeria/fotos/mirador4G.jpg HTTP/1.1" 200 159827
190.156.56.249 - - [24/Aug/2019:12:42:40 -0500] "GET /galeria/galeria/jquery.fancybox.js?v=2.1.5 HTTP/1.1" 200 48706
190.156.56.249 - - [24/Aug/2019:12:42:40 -0500] "GET /galeria/galeria/jquery.fancybox.css?v=2.1.5 HTTP/1.1" 200 4895
190.156.56.249 - - [24/Aug/2019:12:42:40 -0500] "GET /BLA/boletinlegal/js/jquery.scrollShow.js HTTP/1.1" 200 4586
191.109.179.107 - - [24/Aug/2019:12:42:43 -0500] "GET /galeria/nivo-slider/demo/images/banner-bolsas-plasticas.jpg HTTP/1.1" 200 317939
191.109.179.107 - - [24/Aug/2019:12:42:43 -0500] "GET /galeria/nivo-slider/demo/images/banner%20reciclaton%20agosto.jpg HTTP/1.1" 200 244820
181.59.59.0 - - [24/Aug/2019:12:42:52 -0500] "GET /galeria/carrusel/Carrusel/jquery.thumbnailScroller.css HTTP/1.1" 200 2066
181.59.59.0 - - [24/Aug/2019:12:42:52 -0500] "GET /galeria/carrusel/Carrusel/jquery-ui-1.8.13.custom.min.js HTTP/1.1" 200 10800
181.59.59.0 - - [24/Aug/2019:12:42:52 -0500] "GET /galeria/carrusel/Carrusel/jquery.thumbnailScroller.js HTTP/1.1" 200 8157
181.59.59.0 - - [24/Aug/2019:12:42:53 -0500] "GET /galeria/nivo-slider/demo/demo.html HTTP/1.1" 200 4637
191.109.179.107 - - [24/Aug/2019:12:42:53 -0500] "GET /galeria/nivo-slider/demo/images/banner%20reciclaton%20agosto.jpg HTTP/1.1" 200 244820
191.109.179.107 - - [24/Aug/2019:12:42:53 -0500] "GET /galeria/nivo-slider/demo/images/Banner%20web%20construccion%20sostenible.png HTTP/1.1" 200 380718
66.249.88.125 - - [24/Aug/2019:12:42:54 -0500] "GET /galeria/galeria/jquery.fancybox.css?v=2.1.5 HTTP/1.1" 200 4895
66.249.88.127 - - [24/Aug/2019:12:42:54 -0500] "GET /BLA/boletinlegal/js/jquery.scrollShow.js HTTP/1.1" 200 4586
66.249.88.125 - - [24/Aug/2019:12:42:54 -0500] "GET /galeria/galeria/jquery.fancybox.js?v=2.1.5 HTTP/1.1" 200 48706
181.59.59.0 - - [24/Aug/2019:12:42:57 -0500] "GET /galeria/nivo-slider/themes/default/default.css HTTP/1.1" 200 1569
181.59.59.0 - - [24/Aug/2019:12:42:57 -0500] "GET /galeria/nivo-slider/themes/pascal/pascal.css HTTP/1.1" 200 2258
181.59.59.0 - - [24/Aug/2019:12:42:57 -0500] "GET /galeria/nivo-slider/themes/orman/orman.css HTTP/1.1" 200 2152
181.59.59.0 - - [24/Aug/2019:12:42:57 -0500] "GET /galeria/nivo-slider/nivo-slider.css HTTP/1.1" 200 1507
181.59.59.0 - - [24/Aug/2019:12:42:57 -0500] "GET /galeria/nivo-slider/demo/images/banner%20reciclaton%20agosto.jpg HTTP/1.1" 200 244820
181.59.59.0 - - [24/Aug/2019:12:42:57 -0500] "GET /galeria/nivo-slider/demo/style.css HTTP/1.1" 200 2222
181.59.59.0 - - [24/Aug/2019:12:42:57 -0500] "GET /galeria/nivo-slider/demo/scripts/jquery-1.7.1.min.js HTTP/1.1" 200 93868
181.59.59.0 - - [24/Aug/2019:12:42:57 -0500] "GET /galeria/nivo-slider/jquery.nivo.slider.pack.js HTTP/1.1" 200 11561
181.59.59.0 - - [24/Aug/2019:12:42:57 -0500] "GET /galeria/nivo-slider/demo/images/Banner%20Visor%20Geografico%20Ambiental.jpg HTTP/1.1" 200 204673
181.59.59.0 - - [24/Aug/2019:12:42:57 -0500] "GET /galeria/nivo-slider/demo/images/BANNER%20punto.jpg HTTP/1.1" 200 75932
181.59.59.0 - - [24/Aug/2019:12:42:57 -0500] "GET /galeria/nivo-slider/demo/images/Banner%20impacto.jpg HTTP/1.1" 200 72695
181.59.59.0 - - [24/Aug/2019:12:42:58 -0500] "GET /galeria/nivo-slider/demo/images/banner-bolsas-plasticas.jpg HTTP/1.1" 200 317939
181.59.59.0 - - [24/Aug/2019:12:42:58 -0500] "GET /galeria/nivo-slider/demo/images/Banner%20caminatas%20agosto.png HTTP/1.1" 200 522896
181.59.59.0 - - [24/Aug/2019:12:42:58 -0500] "GET /galeria/nivo-slider/demo/images/bannersectorambiente.png HTTP/1.1" 200 308540
181.59.59.0 - - [24/Aug/2019:12:42:58 -0500] "GET /galeria/nivo-slider/demo/images/Banner%20practicas%20sostenibles.jpg HTTP/1.1" 200 142958
181.59.59.0 - - [24/Aug/2019:12:42:58 -0500] "GET /galeria/nivo-slider/demo/images/Banner%20POT.png HTTP/1.1" 200 418238
181.59.59.0 - - [24/Aug/2019:12:42:58 -0500] "GET /galeria/nivo-slider/demo/images/Banner%20Conpes.jpg HTTP/1.1" 200 55220
181.59.59.0 - - [24/Aug/2019:12:42:58 -0500] "GET /galeria/nivo-slider/demo/images/banner%20lluvias.jpg HTTP/1.1" 200 254815
181.59.59.0 - - [24/Aug/2019:12:42:58 -0500] "GET /galeria/nivo-slider/demo/images/Banner%20RCD.jpg HTTP/1.1" 200 92197
181.59.59.0 - - [24/Aug/2019:12:42:59 -0500] "GET /galeria/nivo-slider/demo/images/Banner%20consumo%20sostenible%20final.jpg HTTP/1.1" 200 364746
181.59.59.0 - - [24/Aug/2019:12:42:59 -0500] "GET /galeria/nivo-slider/demo/images/puntos%20atencion%20BANNER.jpg HTTP/1.1" 200 244208
181.59.59.0 - - [24/Aug/2019:12:42:59 -0500] "GET /galeria/nivo-slider/demo/images/banner-humedales-de-bogota.jpg HTTP/1.1" 200 292611
181.59.59.0 - - [24/Aug/2019:12:42:59 -0500] "GET /galeria/nivo-slider/demo/images/Banner%20web%20construccion%20sostenible.png HTTP/1.1" 200 380718
181.59.59.0 - - [24/Aug/2019:12:43:00 -0500] "GET /galeria/nivo-slider/demo/images/Banneranonimos.png HTTP/1.1" 200 109388
181.59.59.0 - - [24/Aug/2019:12:43:00 -0500] "GET /galeria/nivo-slider/themes/default/loading.gif HTTP/1.1" 200 1737
181.59.59.0 - - [24/Aug/2019:12:43:00 -0500] "GET /galeria/nivo-slider/demo/images/4Simple_Slider.png HTTP/1.1" 200 11722
181.59.59.0 - - [24/Aug/2019:12:43:01 -0500] "GET /galeria/nivo-slider/themes/default/arrows.png HTTP/1.1" 200 824
181.59.59.0 - - [24/Aug/2019:12:43:01 -0500] "GET /galeria/nivo-slider/themes/default/bullets.png HTTP/1.1" 200 1281
190.27.3.246 - - [24/Aug/2019:12:43:01 -0500] "GET /BLA/boletinlegal/js/jquery.scrollShow.js HTTP/1.1" 200 4586
190.27.3.246 - - [24/Aug/2019:12:43:01 -0500] "GET /galeria/galeria/jquery.fancybox.js?v=2.1.5 HTTP/1.1" 200 48706
190.27.3.246 - - [24/Aug/2019:12:43:01 -0500] "GET /galeria/galeria/jquery.fancybox.css?v=2.1.5 HTTP/1.1" 200 4895
190.27.3.246 - - [24/Aug/2019:12:43:03 -0500] "GET /galeria/galeria/jquery.fancybox.js?v=2.1.5 HTTP/1.1" 304 -
190.27.3.246 - - [24/Aug/2019:12:43:03 -0500] "GET /galeria/galeria/jquery.fancybox.css?v=2.1.5 HTTP/1.1" 304 -
190.27.3.246 - - [24/Aug/2019:12:43:03 -0500] "GET /BLA/boletinlegal/js/jquery.scrollShow.js HTTP/1.1" 304 -
