186.28.210.3 - - [24/Aug/2019:13:15:15 -0500] "GET /galeria/galeria/jquery.fancybox.css?v=2.1.5 HTTP/1.1" 200 4895
191.109.179.107 - - [24/Aug/2019:13:15:19 -0500] "GET /galeria/nivo-slider/demo/images/banner-bolsas-plasticas.jpg HTTP/1.1" 200 317939
191.109.179.107 - - [24/Aug/2019:13:15:19 -0500] "GET /galeria/nivo-slider/demo/images/banner%20reciclaton%20agosto.jpg HTTP/1.1" 200 244820
69.162.124.233 - - [24/Aug/2019:13:15:21 -0500] "HEAD / HTTP/1.1" 200 -
191.109.179.107 - - [24/Aug/2019:13:15:29 -0500] "GET /galeria/nivo-slider/demo/images/banner%20reciclaton%20agosto.jpg HTTP/1.1" 200 244820
191.109.179.107 - - [24/Aug/2019:13:15:29 -0500] "GET /galeria/nivo-slider/demo/images/Banner%20web%20construccion%20sostenible.png HTTP/1.1" 200 380718
181.54.64.231 - - [24/Aug/2019:13:15:30 -0500] "GET /BLA/boletinlegal/js/jquery.scrollShow.js HTTP/1.1" 200 4586
181.54.64.231 - - [24/Aug/2019:13:15:30 -0500] "GET /galeria/galeria/jquery.fancybox.css?v=2.1.5 HTTP/1.1" 200 4895
181.54.64.231 - - [24/Aug/2019:13:15:30 -0500] "GET /galeria/galeria/jquery.fancybox.js?v=2.1.5 HTTP/1.1" 200 48706
190.158.111.4 - - [24/Aug/2019:13:15:38 -0500] "-" 408 -
191.109.179.107 - - [24/Aug/2019:13:15:39 -0500] "GET /galeria/nivo-slider/demo/images/Banner%20web%20construccion%20sostenible.png HTTP/1.1" 200 380718
191.109.179.107 - - [24/Aug/2019:13:15:39 -0500] "GET /galeria/nivo-slider/demo/images/puntos%20atencion%20BANNER.jpg HTTP/1.1" 200 244208
191.109.179.107 - - [24/Aug/2019:13:15:49 -0500] "GET /galeria/nivo-slider/demo/images/puntos%20atencion%20BANNER.jpg HTTP/1.1" 200 244208
191.109.179.107 - - [24/Aug/2019:13:15:49 -0500] "GET /galeria/nivo-slider/demo/images/Banner%20caminatas%20agosto.png HTTP/1.1" 200 522896
190.158.111.4 - - [24/Aug/2019:13:15:55 -0500] "-" 408 -
191.109.179.107 - - [24/Aug/2019:13:15:59 -0500] "GET /galeria/nivo-slider/demo/images/Banner%20caminatas%20agosto.png HTTP/1.1" 200 522896
191.109.179.107 - - [24/Aug/2019:13:15:59 -0500] "GET /galeria/nivo-slider/demo/images/Banner%20Visor%20Geografico%20Ambiental.jpg HTTP/1.1" 200 204673
191.109.179.107 - - [24/Aug/2019:13:16:09 -0500] "GET /galeria/nivo-slider/demo/images/Banner%20Visor%20Geografico%20Ambiental.jpg HTTP/1.1" 200 204673
191.109.179.107 - - [24/Aug/2019:13:16:09 -0500] "GET /galeria/nivo-slider/demo/images/Banner%20consumo%20sostenible%20final.jpg HTTP/1.1" 200 364746
46.229.168.147 - - [24/Aug/2019:13:16:18 -0500] "GET /Autoliquidacion/index.php?dir=Cobro%2BEvaluacion%2BCertificaci%F3n%2BPara%2BLa%2BDeducci%F3n%2BPor%2BInversi%F3n%2BEn%2BMedio%2BAmbiente%2F HTTP/1.1" 200 6772
191.109.179.107 - - [24/Aug/2019:13:16:19 -0500] "GET /galeria/nivo-slider/demo/images/Banner%20consumo%20sostenible%20final.jpg HTTP/1.1" 200 364746
191.109.179.107 - - [24/Aug/2019:13:16:19 -0500] "GET /galeria/nivo-slider/demo/images/bannersectorambiente.png HTTP/1.1" 200 308540
181.48.104.25 - - [24/Aug/2019:13:16:23 -0500] "GET /galeria/galeria/jquery.fancybox.js?v=2.1.5 HTTP/1.1" 200 48706
181.48.104.25 - - [24/Aug/2019:13:16:23 -0500] "GET /BLA/boletinlegal/js/jquery.scrollShow.js HTTP/1.1" 200 4586
181.48.104.25 - - [24/Aug/2019:13:16:23 -0500] "GET /galeria/galeria/jquery.fancybox.css?v=2.1.5 HTTP/1.1" 200 4895
181.48.104.25 - - [24/Aug/2019:13:16:23 -0500] "GET /galeria/carrusel/Carrusel/jquery.thumbnailScroller.css HTTP/1.1" 200 2066
181.48.104.25 - - [24/Aug/2019:13:16:23 -0500] "GET /galeria/carrusel/Carrusel/jquery-ui-1.8.13.custom.min.js HTTP/1.1" 200 10800
181.48.104.25 - - [24/Aug/2019:13:16:23 -0500] "GET /galeria/carrusel/Carrusel/jquery.thumbnailScroller.js HTTP/1.1" 200 8157
181.48.104.25 - - [24/Aug/2019:13:16:23 -0500] "GET /galeria/nivo-slider/demo/demo.html HTTP/1.1" 200 4637
181.48.104.25 - - [24/Aug/2019:13:16:23 -0500] "GET /galeria/nivo-slider/themes/default/default.css HTTP/1.1" 200 1569
181.48.104.25 - - [24/Aug/2019:13:16:23 -0500] "GET /galeria/nivo-slider/themes/pascal/pascal.css HTTP/1.1" 200 2258
181.48.104.25 - - [24/Aug/2019:13:16:23 -0500] "GET /galeria/nivo-slider/themes/orman/orman.css HTTP/1.1" 200 2152
181.48.104.25 - - [24/Aug/2019:13:16:23 -0500] "GET /galeria/nivo-slider/nivo-slider.css HTTP/1.1" 200 1507
181.48.104.25 - - [24/Aug/2019:13:16:23 -0500] "GET /galeria/nivo-slider/demo/style.css HTTP/1.1" 200 2222
181.48.104.25 - - [24/Aug/2019:13:16:23 -0500] "GET /galeria/nivo-slider/demo/images/banner%20reciclaton%20agosto.jpg HTTP/1.1" 200 244820
181.48.104.25 - - [24/Aug/2019:13:16:23 -0500] "GET /galeria/nivo-slider/demo/images/banner%20lluvias.jpg HTTP/1.1" 200 254815
181.48.104.25 - - [24/Aug/2019:13:16:23 -0500] "GET /galeria/nivo-slider/demo/images/Banner%20web%20construccion%20sostenible.png HTTP/1.1" 200 380718
181.48.104.25 - - [24/Aug/2019:13:16:23 -0500] "GET /galeria/nivo-slider/demo/images/puntos%20atencion%20BANNER.jpg HTTP/1.1" 200 244208
181.48.104.25 - - [24/Aug/2019:13:16:23 -0500] "GET /galeria/nivo-slider/demo/images/Banner%20impacto.jpg HTTP/1.1" 200 72695
181.48.104.25 - - [24/Aug/2019:13:16:23 -0500] "GET /galeria/nivo-slider/demo/images/Banner%20caminatas%20agosto.png HTTP/1.1" 200 522896
181.48.104.25 - - [24/Aug/2019:13:16:24 -0500] "GET /galeria/nivo-slider/demo/images/4Simple_Slider.png HTTP/1.1" 200 11722
181.48.104.25 - - [24/Aug/2019:13:16:24 -0500] "GET /galeria/nivo-slider/themes/default/loading.gif HTTP/1.1" 200 1737
181.48.104.25 - - [24/Aug/2019:13:16:24 -0500] "GET /galeria/nivo-slider/demo/scripts/jquery-1.7.1.min.js HTTP/1.1" 200 93868
181.48.104.25 - - [24/Aug/2019:13:16:24 -0500] "GET /galeria/nivo-slider/jquery.nivo.slider.pack.js HTTP/1.1" 200 11561
181.48.104.25 - - [24/Aug/2019:13:16:24 -0500] "GET /galeria/nivo-slider/demo/images/Banner%20Visor%20Geografico%20Ambiental.jpg HTTP/1.1" 200 204673
181.48.104.25 - - [24/Aug/2019:13:16:24 -0500] "GET /galeria/nivo-slider/demo/images/Banner%20consumo%20sostenible%20final.jpg HTTP/1.1" 200 364746
181.48.104.25 - - [24/Aug/2019:13:16:24 -0500] "GET /galeria/nivo-slider/demo/images/Banner%20RCD.jpg HTTP/1.1" 200 92197
181.48.104.25 - - [24/Aug/2019:13:16:24 -0500] "GET /galeria/nivo-slider/demo/images/bannersectorambiente.png HTTP/1.1" 200 308540
181.48.104.25 - - [24/Aug/2019:13:16:24 -0500] "GET /galeria/nivo-slider/demo/images/Banner%20Conpes.jpg HTTP/1.1" 200 55220
181.48.104.25 - - [24/Aug/2019:13:16:24 -0500] "GET /galeria/nivo-slider/demo/images/Banner%20practicas%20sostenibles.jpg HTTP/1.1" 200 142958
181.48.104.25 - - [24/Aug/2019:13:16:24 -0500] "GET /galeria/nivo-slider/demo/images/Banner%20POT.png HTTP/1.1" 200 418238
181.48.104.25 - - [24/Aug/2019:13:16:25 -0500] "GET /galeria/nivo-slider/demo/images/Banneranonimos.png HTTP/1.1" 200 109388
181.48.104.25 - - [24/Aug/2019:13:16:25 -0500] "GET /galeria/nivo-slider/demo/images/BANNER%20punto.jpg HTTP/1.1" 200 75932
181.48.104.25 - - [24/Aug/2019:13:16:25 -0500] "GET /galeria/nivo-slider/demo/images/banner-humedales-de-bogota.jpg HTTP/1.1" 200 292611
181.48.104.25 - - [24/Aug/2019:13:16:25 -0500] "GET /galeria/nivo-slider/demo/images/banner-bolsas-plasticas.jpg HTTP/1.1" 200 317939
190.158.111.4 - - [24/Aug/2019:13:16:26 -0500] "-" 408 -
181.48.104.25 - - [24/Aug/2019:13:16:28 -0500] "GET /galeria/nivo-slider/themes/default/arrows.png HTTP/1.1" 200 824
181.48.104.25 - - [24/Aug/2019:13:16:28 -0500] "GET /galeria/nivo-slider/themes/default/bullets.png HTTP/1.1" 200 1281
191.109.179.107 - - [24/Aug/2019:13:16:29 -0500] "GET /galeria/nivo-slider/demo/images/bannersectorambiente.png HTTP/1.1" 200 308540
191.109.179.107 - - [24/Aug/2019:13:16:29 -0500] "GET /galeria/nivo-slider/demo/images/Banner%20RCD.jpg HTTP/1.1" 200 92197
191.109.179.107 - - [24/Aug/2019:13:16:39 -0500] "GET /galeria/nivo-slider/demo/images/Banner%20RCD.jpg HTTP/1.1" 200 92197
191.109.179.107 - - [24/Aug/2019:13:16:39 -0500] "GET /galeria/nivo-slider/demo/images/Banner%20Conpes.jpg HTTP/1.1" 200 55220
191.109.179.107 - - [24/Aug/2019:13:16:49 -0500] "GET /galeria/nivo-slider/demo/images/Banner%20Conpes.jpg HTTP/1.1" 200 55220
191.109.179.107 - - [24/Aug/2019:13:16:49 -0500] "GET /galeria/nivo-slider/demo/images/Banner%20practicas%20sostenibles.jpg HTTP/1.1" 200 142958
181.61.220.185 - - [24/Aug/2019:13:16:52 -0500] "GET /BLA/boletinlegal/js/jquery.scrollShow.js HTTP/1.1" 200 4586
181.61.220.185 - - [24/Aug/2019:13:16:52 -0500] "GET /galeria/galeria/jquery.fancybox.js?v=2.1.5 HTTP/1.1" 200 48706
181.61.220.185 - - [24/Aug/2019:13:16:52 -0500] "GET /galeria/galeria/jquery.fancybox.css?v=2.1.5 HTTP/1.1" 200 4895
181.61.220.185 - - [24/Aug/2019:13:16:52 -0500] "GET /galeria/carrusel/Carrusel/jquery.thumbnailScroller.css HTTP/1.1" 200 2066
181.61.220.185 - - [24/Aug/2019:13:16:52 -0500] "GET /galeria/carrusel/Carrusel/jquery-ui-1.8.13.custom.min.js HTTP/1.1" 200 10800
181.61.220.185 - - [24/Aug/2019:13:16:52 -0500] "GET /galeria/carrusel/Carrusel/jquery.thumbnailScroller.js HTTP/1.1" 200 8157
192.168.175.104 - - [24/Aug/2019:13:16:58 -0500] "GET / HTTP/1.0" 200 9990
191.109.179.107 - - [24/Aug/2019:13:16:59 -0500] "GET /galeria/nivo-slider/demo/images/Banner%20practicas%20sostenibles.jpg HTTP/1.1" 200 142958
191.109.179.107 - - [24/Aug/2019:13:16:59 -0500] "GET /galeria/nivo-slider/demo/images/Banner%20POT.png HTTP/1.1" 200 418238
181.48.104.25 - - [24/Aug/2019:13:16:59 -0500] "GET /BLA/boletinlegal/js/jquery.scrollShow.js HTTP/1.1" 200 4586
181.48.104.25 - - [24/Aug/2019:13:17:00 -0500] "GET /galeria/galeria/jquery.fancybox.js?v=2.1.5 HTTP/1.1" 200 48706
181.48.104.25 - - [24/Aug/2019:13:17:00 -0500] "GET /galeria/galeria/jquery.fancybox.css?v=2.1.5 HTTP/1.1" 200 4895
191.109.179.107 - - [24/Aug/2019:13:17:09 -0500] "GET /galeria/nivo-slider/demo/images/Banner%20POT.png HTTP/1.1" 200 418238
191.109.179.107 - - [24/Aug/2019:13:17:09 -0500] "GET /galeria/nivo-slider/demo/images/BANNER%20punto.jpg HTTP/1.1" 200 75932
191.109.179.107 - - [24/Aug/2019:13:17:19 -0500] "GET /galeria/nivo-slider/demo/images/BANNER%20punto.jpg HTTP/1.1" 200 75932
191.109.179.107 - - [24/Aug/2019:13:17:19 -0500] "GET /galeria/nivo-slider/demo/images/Banneranonimos.png HTTP/1.1" 200 109388
181.59.6.58 - - [24/Aug/2019:13:17:27 -0500] "GET /BLA/boletinlegal/js/jquery.scrollShow.js HTTP/1.1" 200 4586
181.59.6.58 - - [24/Aug/2019:13:17:27 -0500] "GET /galeria/galeria/jquery.fancybox.js?v=2.1.5 HTTP/1.1" 200 48706
181.59.6.58 - - [24/Aug/2019:13:17:27 -0500] "GET /galeria/galeria/jquery.fancybox.css?v=2.1.5 HTTP/1.1" 200 4895
191.109.179.107 - - [24/Aug/2019:13:17:29 -0500] "GET /galeria/nivo-slider/demo/images/Banneranonimos.png HTTP/1.1" 200 109388
191.109.179.107 - - [24/Aug/2019:13:17:29 -0500] "GET /galeria/nivo-slider/demo/images/banner-humedales-de-bogota.jpg HTTP/1.1" 200 292611
186.147.10.12 - - [24/Aug/2019:13:17:32 -0500] "GET /galeria/galeria/jquery.fancybox.css?v=2.1.5 HTTP/1.1" 200 4895
186.147.10.12 - - [24/Aug/2019:13:17:32 -0500] "GET /BLA/boletinlegal/js/jquery.scrollShow.js HTTP/1.1" 200 4586
186.147.10.12 - - [24/Aug/2019:13:17:32 -0500] "GET /galeria/galeria/jquery.fancybox.js?v=2.1.5 HTTP/1.1" 200 48706
190.158.111.4 - - [24/Aug/2019:13:17:33 -0500] "-" 408 -
181.48.104.25 - - [24/Aug/2019:13:17:38 -0500] "GET /BLA/boletinlegal/js/jquery.scrollShow.js HTTP/1.1" 200 4586
181.48.104.25 - - [24/Aug/2019:13:17:38 -0500] "GET /galeria/galeria/jquery.fancybox.js?v=2.1.5 HTTP/1.1" 200 48706
181.48.104.25 - - [24/Aug/2019:13:17:39 -0500] "GET /galeria/galeria/jquery.fancybox.css?v=2.1.5 HTTP/1.1" 200 4895
191.109.179.107 - - [24/Aug/2019:13:17:39 -0500] "GET /galeria/nivo-slider/demo/images/banner-humedales-de-bogota.jpg HTTP/1.1" 200 292611
191.109.179.107 - - [24/Aug/2019:13:17:39 -0500] "GET /galeria/nivo-slider/demo/images/banner-bolsas-plasticas.jpg HTTP/1.1" 200 317939
190.148.39.189 - - [24/Aug/2019:13:17:40 -0500] "GET /galeria/galeria/jquery.fancybox.css?v=2.1.5 HTTP/1.1" 200 4895
190.148.39.189 - - [24/Aug/2019:13:17:40 -0500] "GET /BLA/boletinlegal/js/jquery.scrollShow.js HTTP/1.1" 200 4586
190.148.39.189 - - [24/Aug/2019:13:17:40 -0500] "GET /galeria/galeria/jquery.fancybox.js?v=2.1.5 HTTP/1.1" 200 48706
191.109.179.107 - - [24/Aug/2019:13:17:49 -0500] "GET /galeria/nivo-slider/demo/images/banner-bolsas-plasticas.jpg HTTP/1.1" 200 317939
191.109.179.107 - - [24/Aug/2019:13:17:49 -0500] "GET /galeria/nivo-slider/demo/images/banner%20reciclaton%20agosto.jpg HTTP/1.1" 200 244820
190.130.122.58 - - [24/Aug/2019:13:17:51 -0500] "GET /BLA/resoluciones/AUTOS%202013/0829.pdf HTTP/1.1" 200 1935124
66.249.66.139 - - [24/Aug/2019:13:17:53 -0500] "GET /galeria/juegos/ear/cab_ear.flv/ HTTP/1.1" 404 1015
66.249.66.153 - - [24/Aug/2019:13:17:55 -0500] "GET /BLA/resoluciones/RESOLUCIONES%202008/3488.pdf HTTP/1.1" 200 382402
66.249.66.153 - - [24/Aug/2019:13:17:55 -0500] "GET /Autoliquidacion/Solicitudes%20relacionadas%20con%20calidad%20del%20aire%20auditiva%20y%20visual/Acompa%C3%B1amiento%20para%20muestreo%20isocin%C3%A9tico%20y%20o%20determinaciones%20de%20emisiones%20a%20fuentes%20fijas/formato%20chequeo%20de%20boquillas.pdf HTTP/1.1" 404 1019
190.130.122.58 - - [24/Aug/2019:13:17:58 -0500] "GET /favicon.ico HTTP/1.1" 200 7782
191.109.179.107 - - [24/Aug/2019:13:17:59 -0500] "GET /galeria/nivo-slider/demo/images/banner%20reciclaton%20agosto.jpg HTTP/1.1" 200 244820
191.109.179.107 - - [24/Aug/2019:13:17:59 -0500] "GET /galeria/nivo-slider/demo/images/Banner%20web%20construccion%20sostenible.png HTTP/1.1" 200 380718
66.249.66.153 - - [24/Aug/2019:13:18:06 -0500] "GET /galeria/nivo-slider/demo/images/Caminatas%20marzo.png HTTP/1.1" 304 -
191.109.179.107 - - [24/Aug/2019:13:18:09 -0500] "GET /galeria/nivo-slider/demo/images/Banner%20web%20construccion%20sostenible.png HTTP/1.1" 200 380718
191.109.179.107 - - [24/Aug/2019:13:18:09 -0500] "GET /galeria/nivo-slider/demo/images/puntos%20atencion%20BANNER.jpg HTTP/1.1" 200 244208
66.249.66.139 - - [24/Aug/2019:13:18:17 -0500] "GET /galeria/juegos/ear/SkinUnderPlaySeekStop.swf HTTP/1.1" 404 1015
191.109.179.107 - - [24/Aug/2019:13:18:19 -0500] "GET /galeria/nivo-slider/demo/images/puntos%20atencion%20BANNER.jpg HTTP/1.1" 200 244208
191.109.179.107 - - [24/Aug/2019:13:18:19 -0500] "GET /galeria/nivo-slider/demo/images/Banner%20caminatas%20agosto.png HTTP/1.1" 200 522896
190.242.126.82 - - [24/Aug/2019:13:18:22 -0500] "GET /BLA/boletinlegal/js/jquery.scrollShow.js HTTP/1.1" 200 4586
190.242.126.82 - - [24/Aug/2019:13:18:22 -0500] "GET /galeria/galeria/jquery.fancybox.js?v=2.1.5 HTTP/1.1" 200 48706
190.242.126.82 - - [24/Aug/2019:13:18:22 -0500] "GET /galeria/galeria/jquery.fancybox.css?v=2.1.5 HTTP/1.1" 200 4895
201.245.192.253 - - [24/Aug/2019:13:17:53 -0500] "POST /kwsrmcab/Wsrmcab HTTP/1.1" 200 29202
201.245.192.253 - - [24/Aug/2019:13:17:53 -0500] "POST /kwsrmcab/Wsrmcab HTTP/1.1" 200 213
191.109.179.107 - - [24/Aug/2019:13:18:29 -0500] "GET /galeria/nivo-slider/demo/images/Banner%20caminatas%20agosto.png HTTP/1.1" 200 522896
191.109.179.107 - - [24/Aug/2019:13:18:29 -0500] "GET /galeria/nivo-slider/demo/images/Banner%20Visor%20Geografico%20Ambiental.jpg HTTP/1.1" 200 204673
66.249.66.153 - - [24/Aug/2019:13:18:31 -0500] "GET /ecodirectorio/files/res/languages/ar/zoom.xml HTTP/1.1" 404 1019
191.109.179.107 - - [24/Aug/2019:13:18:39 -0500] "GET /galeria/nivo-slider/demo/images/Banner%20Visor%20Geografico%20Ambiental.jpg HTTP/1.1" 200 204673
191.109.179.107 - - [24/Aug/2019:13:18:39 -0500] "GET /galeria/nivo-slider/demo/images/Banner%20consumo%20sostenible%20final.jpg HTTP/1.1" 200 364746
191.109.179.107 - - [24/Aug/2019:13:18:49 -0500] "GET /galeria/nivo-slider/demo/images/Banner%20consumo%20sostenible%20final.jpg HTTP/1.1" 200 364746
191.109.179.107 - - [24/Aug/2019:13:18:49 -0500] "GET /galeria/nivo-slider/demo/images/bannersectorambiente.png HTTP/1.1" 200 308540
191.109.179.107 - - [24/Aug/2019:13:18:59 -0500] "GET /galeria/nivo-slider/demo/images/bannersectorambiente.png HTTP/1.1" 200 308540
191.109.179.107 - - [24/Aug/2019:13:18:59 -0500] "GET /galeria/nivo-slider/demo/images/Banner%20RCD.jpg HTTP/1.1" 200 92197
201.245.192.253 - - [24/Aug/2019:13:18:27 -0500] "POST /kwsrmcab/Wsrmcab HTTP/1.1" 200 213
66.249.66.150 - - [24/Aug/2019:13:19:07 -0500] "GET /portel_dama/libreria/pdf/ecosistemas/restauracion/sitio/22_proye/xtras_in/4.pdf HTTP/1.1" 404 1018
191.109.179.107 - - [24/Aug/2019:13:19:09 -0500] "GET /galeria/nivo-slider/demo/images/Banner%20RCD.jpg HTTP/1.1" 200 92197
191.109.179.107 - - [24/Aug/2019:13:19:09 -0500] "GET /galeria/nivo-slider/demo/images/Banner%20Conpes.jpg HTTP/1.1" 200 55220
190.130.64.128 - - [24/Aug/2019:13:19:15 -0500] "GET /galeria/galeria/jquery.fancybox.css?v=2.1.5 HTTP/1.1" 200 4895
190.130.64.128 - - [24/Aug/2019:13:19:15 -0500] "GET /BLA/boletinlegal/js/jquery.scrollShow.js HTTP/1.1" 200 4586
190.130.64.128 - - [24/Aug/2019:13:19:15 -0500] "GET /galeria/galeria/jquery.fancybox.js?v=2.1.5 HTTP/1.1" 200 48706
186.84.90.163 - - [24/Aug/2019:13:19:15 -0500] "GET /galeria/galeria/jquery.fancybox.css?v=2.1.5 HTTP/1.1" 200 4895
186.84.90.163 - - [24/Aug/2019:13:19:15 -0500] "GET /BLA/boletinlegal/js/jquery.scrollShow.js HTTP/1.1" 200 4586
186.84.90.163 - - [24/Aug/2019:13:19:15 -0500] "GET /galeria/galeria/jquery.fancybox.js?v=2.1.5 HTTP/1.1" 200 48706
191.109.179.107 - - [24/Aug/2019:13:19:19 -0500] "GET /galeria/nivo-slider/demo/images/Banner%20Conpes.jpg HTTP/1.1" 200 55220
191.109.179.107 - - [24/Aug/2019:13:19:19 -0500] "GET /galeria/nivo-slider/demo/images/Banner%20practicas%20sostenibles.jpg HTTP/1.1" 200 142958
140.143.93.167 - - [24/Aug/2019:13:19:21 -0500] "GET /wp-login.php HTTP/1.1" 404 1018
140.143.93.167 - - [24/Aug/2019:13:19:22 -0500] "GET /?author=1 HTTP/1.1" 200 9990
140.143.93.167 - - [24/Aug/2019:13:19:26 -0500] "GET /?author=2 HTTP/1.1" 200 9990
191.109.179.107 - - [24/Aug/2019:13:19:29 -0500] "GET /galeria/nivo-slider/demo/images/Banner%20practicas%20sostenibles.jpg HTTP/1.1" 200 142958
191.109.179.107 - - [24/Aug/2019:13:19:29 -0500] "GET /galeria/nivo-slider/demo/images/Banner%20POT.png HTTP/1.1" 200 418238
191.109.179.107 - - [24/Aug/2019:13:19:39 -0500] "GET /galeria/nivo-slider/demo/images/BANNER%20punto.jpg HTTP/1.1" 200 75932
191.109.179.107 - - [24/Aug/2019:13:19:39 -0500] "GET /galeria/nivo-slider/demo/images/Banner%20POT.png HTTP/1.1" 200 418238
191.109.179.107 - - [24/Aug/2019:13:19:49 -0500] "GET /galeria/nivo-slider/demo/images/BANNER%20punto.jpg HTTP/1.1" 200 75932
191.109.179.107 - - [24/Aug/2019:13:19:49 -0500] "GET /galeria/nivo-slider/demo/images/Banneranonimos.png HTTP/1.1" 200 109388
140.143.93.167 - - [24/Aug/2019:13:19:50 -0500] "GET /?author=3 HTTP/1.1" 200 9990
140.143.93.167 - - [24/Aug/2019:13:19:52 -0500] "GET /?author=4 HTTP/1.1" 200 9990
140.143.93.167 - - [24/Aug/2019:13:19:54 -0500] "GET /?author=5 HTTP/1.1" 200 9990
191.109.179.107 - - [24/Aug/2019:13:19:59 -0500] "GET /galeria/nivo-slider/demo/images/Banneranonimos.png HTTP/1.1" 200 109388
191.109.179.107 - - [24/Aug/2019:13:19:59 -0500] "GET /galeria/nivo-slider/demo/images/banner-humedales-de-bogota.jpg HTTP/1.1" 200 292611
140.143.93.167 - - [24/Aug/2019:13:20:04 -0500] "GET /?author=6 HTTP/1.1" 200 9990
140.143.93.167 - - [24/Aug/2019:13:20:07 -0500] "GET /?author=7 HTTP/1.1" 200 9990
140.143.93.167 - - [24/Aug/2019:13:20:08 -0500] "GET /?author=8 HTTP/1.1" 200 9990
192.168.175.104 - - [24/Aug/2019:13:20:09 -0500] "GET / HTTP/1.1" 200 9990
191.109.179.107 - - [24/Aug/2019:13:20:09 -0500] "GET /galeria/nivo-slider/demo/images/banner-humedales-de-bogota.jpg HTTP/1.1" 200 292611
191.109.179.107 - - [24/Aug/2019:13:20:09 -0500] "GET /galeria/nivo-slider/demo/images/banner-bolsas-plasticas.jpg HTTP/1.1" 200 317939
140.143.93.167 - - [24/Aug/2019:13:20:09 -0500] "GET /?author=9 HTTP/1.1" 200 9990
140.143.93.167 - - [24/Aug/2019:13:20:10 -0500] "GET /?author=10 HTTP/1.1" 200 9990
140.143.93.167 - - [24/Aug/2019:13:20:11 -0500] "GET /?author=11 HTTP/1.1" 200 9990
181.61.220.185 - - [24/Aug/2019:13:20:14 -0500] "GET /galeria/nivo-slider/demo/demo.html HTTP/1.1" 200 4637
181.61.220.185 - - [24/Aug/2019:13:20:14 -0500] "GET /galeria/nivo-slider/themes/default/default.css HTTP/1.1" 200 1569
181.61.220.185 - - [24/Aug/2019:13:20:14 -0500] "GET /galeria/nivo-slider/themes/pascal/pascal.css HTTP/1.1" 200 2258
181.61.220.185 - - [24/Aug/2019:13:20:14 -0500] "GET /galeria/nivo-slider/demo/style.css HTTP/1.1" 200 2222
181.61.220.185 - - [24/Aug/2019:13:20:14 -0500] "GET /galeria/nivo-slider/nivo-slider.css HTTP/1.1" 200 1507
181.61.220.185 - - [24/Aug/2019:13:20:14 -0500] "GET /galeria/nivo-slider/themes/orman/orman.css HTTP/1.1" 200 2152
181.61.220.185 - - [24/Aug/2019:13:20:14 -0500] "GET /galeria/nivo-slider/demo/scripts/jquery-1.7.1.min.js HTTP/1.1" 200 93868
181.61.220.185 - - [24/Aug/2019:13:20:14 -0500] "GET /galeria/nivo-slider/demo/images/banner%20reciclaton%20agosto.jpg HTTP/1.1" 200 244820
181.61.220.185 - - [24/Aug/2019:13:20:14 -0500] "GET /galeria/nivo-slider/jquery.nivo.slider.pack.js HTTP/1.1" 200 11561
181.61.220.185 - - [24/Aug/2019:13:20:14 -0500] "GET /galeria/nivo-slider/demo/images/Banner%20web%20construccion%20sostenible.png HTTP/1.1" 200 380718
181.61.220.185 - - [24/Aug/2019:13:20:14 -0500] "GET /galeria/nivo-slider/demo/images/Banner%20impacto.jpg HTTP/1.1" 200 72695
181.61.220.185 - - [24/Aug/2019:13:20:14 -0500] "GET /galeria/nivo-slider/demo/images/banner%20lluvias.jpg HTTP/1.1" 200 254815
181.61.220.185 - - [24/Aug/2019:13:20:14 -0500] "GET /galeria/nivo-slider/demo/images/Banneranonimos.png HTTP/1.1" 200 109388
181.61.220.185 - - [24/Aug/2019:13:20:14 -0500] "GET /galeria/nivo-slider/demo/images/bannersectorambiente.png HTTP/1.1" 200 308540
140.143.93.167 - - [24/Aug/2019:13:20:14 -0500] "GET /?author=12 HTTP/1.1" 200 9990
181.61.220.185 - - [24/Aug/2019:13:20:14 -0500] "GET /galeria/nivo-slider/demo/images/Banner%20RCD.jpg HTTP/1.1" 200 92197
181.61.220.185 - - [24/Aug/2019:13:20:14 -0500] "GET /galeria/nivo-slider/demo/images/Banner%20Conpes.jpg HTTP/1.1" 200 55220
181.61.220.185 - - [24/Aug/2019:13:20:14 -0500] "GET /galeria/nivo-slider/demo/images/BANNER%20punto.jpg HTTP/1.1" 200 75932
181.61.220.185 - - [24/Aug/2019:13:20:15 -0500] "GET /galeria/nivo-slider/demo/images/Banner%20caminatas%20agosto.png HTTP/1.1" 200 522896
181.61.220.185 - - [24/Aug/2019:13:20:15 -0500] "GET /galeria/nivo-slider/demo/images/Banner%20Visor%20Geografico%20Ambiental.jpg HTTP/1.1" 200 204673
181.61.220.185 - - [24/Aug/2019:13:20:15 -0500] "GET /galeria/nivo-slider/demo/images/Banner%20practicas%20sostenibles.jpg HTTP/1.1" 200 142958
181.61.220.185 - - [24/Aug/2019:13:20:15 -0500] "GET /galeria/nivo-slider/demo/images/banner-bolsas-plasticas.jpg HTTP/1.1" 200 317939
181.61.220.185 - - [24/Aug/2019:13:20:15 -0500] "GET /galeria/nivo-slider/demo/images/Banner%20POT.png HTTP/1.1" 200 418238
181.61.220.185 - - [24/Aug/2019:13:20:15 -0500] "GET /galeria/nivo-slider/demo/images/banner-humedales-de-bogota.jpg HTTP/1.1" 200 292611
181.61.220.185 - - [24/Aug/2019:13:20:15 -0500] "GET /galeria/nivo-slider/demo/images/puntos%20atencion%20BANNER.jpg HTTP/1.1" 200 244208
181.61.220.185 - - [24/Aug/2019:13:20:15 -0500] "GET /galeria/nivo-slider/demo/images/Banner%20consumo%20sostenible%20final.jpg HTTP/1.1" 200 364746
181.61.220.185 - - [24/Aug/2019:13:20:16 -0500] "GET /galeria/nivo-slider/demo/images/4Simple_Slider.png HTTP/1.1" 200 11722
181.61.220.185 - - [24/Aug/2019:13:20:16 -0500] "GET /galeria/nivo-slider/themes/default/loading.gif HTTP/1.1" 200 1737
181.61.220.185 - - [24/Aug/2019:13:20:16 -0500] "GET /galeria/nivo-slider/themes/default/bullets.png HTTP/1.1" 200 1281
181.61.220.185 - - [24/Aug/2019:13:20:16 -0500] "GET /galeria/nivo-slider/themes/default/arrows.png HTTP/1.1" 200 824
140.143.93.167 - - [24/Aug/2019:13:20:19 -0500] "GET /?author=13 HTTP/1.1" 200 9990
191.109.179.107 - - [24/Aug/2019:13:20:19 -0500] "GET /galeria/nivo-slider/demo/images/banner-bolsas-plasticas.jpg HTTP/1.1" 200 317939
191.109.179.107 - - [24/Aug/2019:13:20:19 -0500] "GET /galeria/nivo-slider/demo/images/banner%20reciclaton%20agosto.jpg HTTP/1.1" 200 244820
186.30.25.126 - - [24/Aug/2019:13:20:19 -0500] "GET /BLA/resoluciones/RESOLUCIONES%202011/1674.pdf HTTP/1.1" 200 73223
140.143.93.167 - - [24/Aug/2019:13:20:20 -0500] "GET /?author=14 HTTP/1.1" 200 9990
140.143.93.167 - - [24/Aug/2019:13:20:21 -0500] "GET /?author=15 HTTP/1.1" 200 9990
69.162.124.233 - - [24/Aug/2019:13:20:21 -0500] "HEAD / HTTP/1.1" 200 -
191.109.179.107 - - [24/Aug/2019:13:20:29 -0500] "GET /galeria/nivo-slider/demo/images/banner%20reciclaton%20agosto.jpg HTTP/1.1" 200 244820
191.109.179.107 - - [24/Aug/2019:13:20:29 -0500] "GET /galeria/nivo-slider/demo/images/Banner%20web%20construccion%20sostenible.png HTTP/1.1" 200 380718
201.228.154.179 - - [24/Aug/2019:13:20:38 -0500] "GET /galeria/nivo-slider/demo/demo.html HTTP/1.1" 200 4637
201.228.154.179 - - [24/Aug/2019:13:20:38 -0500] "GET /galeria/nivo-slider/themes/default/default.css HTTP/1.1" 200 1569
201.228.154.179 - - [24/Aug/2019:13:20:38 -0500] "GET /galeria/nivo-slider/themes/orman/orman.css HTTP/1.1" 200 2152
201.228.154.179 - - [24/Aug/2019:13:20:38 -0500] "GET /galeria/nivo-slider/themes/pascal/pascal.css HTTP/1.1" 200 2258
201.228.154.179 - - [24/Aug/2019:13:20:38 -0500] "GET /galeria/nivo-slider/nivo-slider.css HTTP/1.1" 200 1507
201.228.154.179 - - [24/Aug/2019:13:20:38 -0500] "GET /galeria/nivo-slider/demo/style.css HTTP/1.1" 200 2222
201.228.154.179 - - [24/Aug/2019:13:20:38 -0500] "GET /galeria/nivo-slider/demo/scripts/jquery-1.7.1.min.js HTTP/1.1" 200 93868
201.228.154.179 - - [24/Aug/2019:13:20:38 -0500] "GET /galeria/nivo-slider/demo/images/Banner%20Conpes.jpg HTTP/1.1" 200 55220
201.228.154.179 - - [24/Aug/2019:13:20:38 -0500] "GET /galeria/nivo-slider/demo/images/puntos%20atencion%20BANNER.jpg HTTP/1.1" 200 244208
201.228.154.179 - - [24/Aug/2019:13:20:38 -0500] "GET /galeria/nivo-slider/demo/images/Banner%20RCD.jpg HTTP/1.1" 200 92197
201.228.154.179 - - [24/Aug/2019:13:20:38 -0500] "GET /galeria/nivo-slider/demo/images/banner%20lluvias.jpg HTTP/1.1" 200 254815
201.228.154.179 - - [24/Aug/2019:13:20:38 -0500] "GET /galeria/nivo-slider/demo/images/banner-bolsas-plasticas.jpg HTTP/1.1" 200 317939
191.109.179.107 - - [24/Aug/2019:13:20:39 -0500] "GET /galeria/nivo-slider/demo/images/Banner%20web%20construccion%20sostenible.png HTTP/1.1" 200 380718
191.109.179.107 - - [24/Aug/2019:13:20:39 -0500] "GET /galeria/nivo-slider/demo/images/puntos%20atencion%20BANNER.jpg HTTP/1.1" 200 244208
201.228.154.179 - - [24/Aug/2019:13:20:39 -0500] "GET /galeria/nivo-slider/demo/images/bannersectorambiente.png HTTP/1.1" 200 308540
201.228.154.179 - - [24/Aug/2019:13:20:40 -0500] "GET /galeria/nivo-slider/demo/images/Banner%20Visor%20Geografico%20Ambiental.jpg HTTP/1.1" 200 204673
201.228.154.179 - - [24/Aug/2019:13:20:41 -0500] "GET /galeria/nivo-slider/demo/images/Banner%20practicas%20sostenibles.jpg HTTP/1.1" 200 142958
201.228.154.179 - - [24/Aug/2019:13:20:41 -0500] "GET /galeria/nivo-slider/demo/images/Banner%20impacto.jpg HTTP/1.1" 200 72695
201.228.154.179 - - [24/Aug/2019:13:20:41 -0500] "GET /galeria/nivo-slider/demo/images/Banner%20web%20construccion%20sostenible.png HTTP/1.1" 200 380718
201.228.154.179 - - [24/Aug/2019:13:20:41 -0500] "GET /galeria/nivo-slider/demo/images/Banner%20POT.png HTTP/1.1" 200 418238
201.228.154.179 - - [24/Aug/2019:13:20:41 -0500] "GET /galeria/nivo-slider/demo/images/Banner%20caminatas%20agosto.png HTTP/1.1" 200 522896
201.228.154.179 - - [24/Aug/2019:13:20:42 -0500] "GET /galeria/nivo-slider/demo/images/Banner%20consumo%20sostenible%20final.jpg HTTP/1.1" 200 364746
201.228.154.179 - - [24/Aug/2019:13:20:43 -0500] "GET /galeria/nivo-slider/demo/images/banner-humedales-de-bogota.jpg HTTP/1.1" 200 292611
181.61.49.79 - - [24/Aug/2019:13:20:43 -0500] "GET /galeria/galeria/jquery.fancybox.css?v=2.1.5 HTTP/1.1" 200 4895
181.61.49.79 - - [24/Aug/2019:13:20:43 -0500] "GET /galeria/galeria/jquery.fancybox.js?v=2.1.5 HTTP/1.1" 200 48706
181.61.49.79 - - [24/Aug/2019:13:20:43 -0500] "GET /BLA/boletinlegal/js/jquery.scrollShow.js HTTP/1.1" 200 4586
201.228.154.179 - - [24/Aug/2019:13:20:44 -0500] "GET /galeria/nivo-slider/demo/images/BANNER%20punto.jpg HTTP/1.1" 200 75932
201.228.154.179 - - [24/Aug/2019:13:20:44 -0500] "GET /galeria/nivo-slider/demo/images/4Simple_Slider.png HTTP/1.1" 200 11722
201.228.154.179 - - [24/Aug/2019:13:20:44 -0500] "GET /galeria/nivo-slider/demo/images/Banneranonimos.png HTTP/1.1" 200 109388
201.228.154.179 - - [24/Aug/2019:13:20:44 -0500] "GET /galeria/nivo-slider/themes/default/loading.gif HTTP/1.1" 200 1737
201.228.154.179 - - [24/Aug/2019:13:20:44 -0500] "GET /galeria/nivo-slider/jquery.nivo.slider.pack.js HTTP/1.1" 200 11561
201.228.154.179 - - [24/Aug/2019:13:20:44 -0500] "GET /galeria/nivo-slider/demo/images/banner%20reciclaton%20agosto.jpg HTTP/1.1" 200 244820
66.249.66.155 - - [24/Aug/2019:13:20:46 -0500] "GET /BLA/resoluciones/RESOLUCIONES%202009/4163.pdf HTTP/1.1" 200 675126
201.228.154.179 - - [24/Aug/2019:13:20:48 -0500] "GET /galeria/nivo-slider/demo/demo.html HTTP/1.1" 200 4637
190.253.241.194 - - [24/Aug/2019:13:20:48 -0500] "GET /galeria/carrusel/Carrusel/jquery.thumbnailScroller.css HTTP/1.1" 200 2066
190.253.241.194 - - [24/Aug/2019:13:20:48 -0500] "GET /galeria/carrusel/Carrusel/jquery-ui-1.8.13.custom.min.js HTTP/1.1" 200 10800
190.253.241.194 - - [24/Aug/2019:13:20:49 -0500] "GET /galeria/carrusel/Carrusel/jquery.thumbnailScroller.js HTTP/1.1" 200 8157
201.228.154.179 - - [24/Aug/2019:13:20:49 -0500] "GET /galeria/nivo-slider/demo/style.css HTTP/1.1" 200 2222
201.228.154.179 - - [24/Aug/2019:13:20:49 -0500] "GET /galeria/nivo-slider/themes/default/default.css HTTP/1.1" 200 1569
201.228.154.179 - - [24/Aug/2019:13:20:49 -0500] "GET /galeria/nivo-slider/themes/orman/orman.css HTTP/1.1" 200 2152
201.228.154.179 - - [24/Aug/2019:13:20:49 -0500] "GET /galeria/nivo-slider/nivo-slider.css HTTP/1.1" 200 1507
201.228.154.179 - - [24/Aug/2019:13:20:49 -0500] "GET /galeria/nivo-slider/themes/pascal/pascal.css HTTP/1.1" 200 2258
201.228.154.179 - - [24/Aug/2019:13:20:49 -0500] "GET /galeria/nivo-slider/demo/images/Banner%20impacto.jpg HTTP/1.1" 200 72695
191.109.179.107 - - [24/Aug/2019:13:20:49 -0500] "GET /galeria/nivo-slider/demo/images/puntos%20atencion%20BANNER.jpg HTTP/1.1" 200 244208
191.109.179.107 - - [24/Aug/2019:13:20:49 -0500] "GET /galeria/nivo-slider/demo/images/Banner%20caminatas%20agosto.png HTTP/1.1" 200 522896
201.228.154.179 - - [24/Aug/2019:13:20:49 -0500] "GET /galeria/nivo-slider/demo/images/banner%20reciclaton%20agosto.jpg HTTP/1.1" 200 244820
201.228.154.179 - - [24/Aug/2019:13:20:49 -0500] "GET /galeria/nivo-slider/demo/images/Banner%20Visor%20Geografico%20Ambiental.jpg HTTP/1.1" 200 204673
201.228.154.179 - - [24/Aug/2019:13:20:49 -0500] "GET /galeria/nivo-slider/demo/images/banner%20lluvias.jpg HTTP/1.1" 200 254815
201.228.154.179 - - [24/Aug/2019:13:20:49 -0500] "GET /galeria/nivo-slider/demo/images/bannersectorambiente.png HTTP/1.1" 200 308540
201.228.154.179 - - [24/Aug/2019:13:20:49 -0500] "GET /galeria/nivo-slider/demo/images/Banner%20consumo%20sostenible%20final.jpg HTTP/1.1" 200 364746
190.253.241.194 - - [24/Aug/2019:13:20:50 -0500] "GET /galeria/nivo-slider/demo/demo.html HTTP/1.1" 200 4637
201.228.154.179 - - [24/Aug/2019:13:20:50 -0500] "GET /galeria/nivo-slider/themes/default/arrows.png HTTP/1.1" 200 824
201.228.154.179 - - [24/Aug/2019:13:20:50 -0500] "GET /galeria/nivo-slider/themes/default/bullets.png HTTP/1.1" 200 1281
190.253.241.194 - - [24/Aug/2019:13:20:51 -0500] "GET /galeria/nivo-slider/themes/default/default.css HTTP/1.1" 200 1569
190.253.241.194 - - [24/Aug/2019:13:20:51 -0500] "GET /galeria/nivo-slider/themes/orman/orman.css HTTP/1.1" 200 2152
190.253.241.194 - - [24/Aug/2019:13:20:51 -0500] "GET /galeria/nivo-slider/demo/style.css HTTP/1.1" 200 2222
190.253.241.194 - - [24/Aug/2019:13:20:51 -0500] "GET /galeria/nivo-slider/nivo-slider.css HTTP/1.1" 200 1507
190.253.241.194 - - [24/Aug/2019:13:20:51 -0500] "GET /galeria/nivo-slider/demo/images/banner%20reciclaton%20agosto.jpg HTTP/1.1" 200 244820
190.253.241.194 - - [24/Aug/2019:13:20:51 -0500] "GET /galeria/nivo-slider/themes/pascal/pascal.css HTTP/1.1" 200 2258
190.253.241.194 - - [24/Aug/2019:13:20:51 -0500] "GET /galeria/nivo-slider/demo/images/Banner%20web%20construccion%20sostenible.png HTTP/1.1" 200 380718
190.253.241.194 - - [24/Aug/2019:13:20:51 -0500] "GET /galeria/nivo-slider/demo/scripts/jquery-1.7.1.min.js HTTP/1.1" 200 93868
190.253.241.194 - - [24/Aug/2019:13:20:51 -0500] "GET /galeria/nivo-slider/jquery.nivo.slider.pack.js HTTP/1.1" 200 11561
190.253.241.194 - - [24/Aug/2019:13:20:51 -0500] "GET /galeria/nivo-slider/demo/images/banner%20lluvias.jpg HTTP/1.1" 200 254815
190.253.241.194 - - [24/Aug/2019:13:20:51 -0500] "GET /galeria/nivo-slider/demo/images/puntos%20atencion%20BANNER.jpg HTTP/1.1" 200 244208
190.253.241.194 - - [24/Aug/2019:13:20:51 -0500] "GET /galeria/nivo-slider/demo/images/Banner%20impacto.jpg HTTP/1.1" 200 72695
190.253.241.194 - - [24/Aug/2019:13:20:51 -0500] "GET /galeria/nivo-slider/demo/images/Banner%20consumo%20sostenible%20final.jpg HTTP/1.1" 200 364746
190.253.241.194 - - [24/Aug/2019:13:20:51 -0500] "GET /galeria/nivo-slider/demo/images/banner-bolsas-plasticas.jpg HTTP/1.1" 200 317939
190.253.241.194 - - [24/Aug/2019:13:20:52 -0500] "GET /galeria/nivo-slider/demo/images/banner-humedales-de-bogota.jpg HTTP/1.1" 200 292611
190.253.241.194 - - [24/Aug/2019:13:20:52 -0500] "GET /galeria/nivo-slider/demo/images/Banner%20RCD.jpg HTTP/1.1" 200 92197
190.253.241.194 - - [24/Aug/2019:13:20:52 -0500] "GET /galeria/nivo-slider/demo/images/Banner%20Visor%20Geografico%20Ambiental.jpg HTTP/1.1" 200 204673
190.253.241.194 - - [24/Aug/2019:13:20:52 -0500] "GET /galeria/nivo-slider/demo/images/Banneranonimos.png HTTP/1.1" 200 109388
190.253.241.194 - - [24/Aug/2019:13:20:52 -0500] "GET /galeria/nivo-slider/demo/images/BANNER%20punto.jpg HTTP/1.1" 200 75932
190.253.241.194 - - [24/Aug/2019:13:20:52 -0500] "GET /galeria/nivo-slider/demo/images/Banner%20practicas%20sostenibles.jpg HTTP/1.1" 200 142958
190.253.241.194 - - [24/Aug/2019:13:20:52 -0500] "GET /galeria/nivo-slider/demo/images/Banner%20caminatas%20agosto.png HTTP/1.1" 200 522896
190.253.241.194 - - [24/Aug/2019:13:20:52 -0500] "GET /galeria/nivo-slider/demo/images/Banner%20POT.png HTTP/1.1" 200 418238
190.253.241.194 - - [24/Aug/2019:13:20:52 -0500] "GET /galeria/nivo-slider/demo/images/bannersectorambiente.png HTTP/1.1" 200 308540
190.253.241.194 - - [24/Aug/2019:13:20:52 -0500] "GET /galeria/nivo-slider/demo/images/Banner%20Conpes.jpg HTTP/1.1" 200 55220
190.253.241.194 - - [24/Aug/2019:13:20:52 -0500] "GET /galeria/nivo-slider/themes/default/loading.gif HTTP/1.1" 200 1737
190.253.241.194 - - [24/Aug/2019:13:20:52 -0500] "GET /galeria/nivo-slider/demo/images/4Simple_Slider.png HTTP/1.1" 200 11722
190.253.241.194 - - [24/Aug/2019:13:20:53 -0500] "GET /galeria/nivo-slider/themes/default/arrows.png HTTP/1.1" 200 824
190.253.241.194 - - [24/Aug/2019:13:20:53 -0500] "GET /galeria/nivo-slider/themes/default/bullets.png HTTP/1.1" 200 1281
66.249.66.153 - - [24/Aug/2019:13:20:54 -0500] "GET /sig/ECS/126PM04-PR39.pdf HTTP/1.1" 200 6839636
191.109.179.107 - - [24/Aug/2019:13:20:59 -0500] "GET /galeria/nivo-slider/demo/images/Banner%20caminatas%20agosto.png HTTP/1.1" 200 522896
191.109.179.107 - - [24/Aug/2019:13:20:59 -0500] "GET /galeria/nivo-slider/demo/images/Banner%20Visor%20Geografico%20Ambiental.jpg HTTP/1.1" 200 204673
191.109.179.107 - - [24/Aug/2019:13:21:09 -0500] "GET /galeria/nivo-slider/demo/images/Banner%20Visor%20Geografico%20Ambiental.jpg HTTP/1.1" 200 204673
191.109.179.107 - - [24/Aug/2019:13:21:09 -0500] "GET /galeria/nivo-slider/demo/images/Banner%20consumo%20sostenible%20final.jpg HTTP/1.1" 200 364746
201.228.154.179 - - [24/Aug/2019:13:21:10 -0500] "GET /galeria/nivo-slider/jquery.nivo.slider.pack.js HTTP/1.1" 200 11561
201.228.154.179 - - [24/Aug/2019:13:21:10 -0500] "GET /galeria/nivo-slider/demo/images/Banner%20web%20construccion%20sostenible.png HTTP/1.1" 200 380718
201.228.154.179 - - [24/Aug/2019:13:21:10 -0500] "GET /galeria/nivo-slider/demo/images/banner%20lluvias.jpg HTTP/1.1" 200 254815
201.228.154.179 - - [24/Aug/2019:13:21:10 -0500] "GET /galeria/nivo-slider/demo/images/puntos%20atencion%20BANNER.jpg HTTP/1.1" 200 244208
201.228.154.179 - - [24/Aug/2019:13:21:10 -0500] "GET /galeria/nivo-slider/demo/images/Banner%20caminatas%20agosto.png HTTP/1.1" 200 522896
201.228.154.179 - - [24/Aug/2019:13:21:10 -0500] "GET /galeria/nivo-slider/themes/default/loading.gif HTTP/1.1" 200 1737
201.228.154.179 - - [24/Aug/2019:13:21:11 -0500] "GET /galeria/nivo-slider/demo/images/4Simple_Slider.png HTTP/1.1" 200 11722
201.228.154.179 - - [24/Aug/2019:13:21:12 -0500] "GET /galeria/nivo-slider/demo/images/Banner%20consumo%20sostenible%20final.jpg HTTP/1.1" 200 364746
201.228.154.179 - - [24/Aug/2019:13:21:12 -0500] "GET /galeria/nivo-slider/demo/images/bannersectorambiente.png HTTP/1.1" 200 308540
66.249.88.123 - - [24/Aug/2019:13:21:12 -0500] "GET /galeria/galeria/jquery.fancybox.css?v=2.1.5 HTTP/1.1" 200 4895
66.249.88.125 - - [24/Aug/2019:13:21:12 -0500] "GET /BLA/boletinlegal/js/jquery.scrollShow.js HTTP/1.1" 200 4586
66.249.88.125 - - [24/Aug/2019:13:21:12 -0500] "GET /galeria/galeria/jquery.fancybox.js?v=2.1.5 HTTP/1.1" 200 48706
201.228.154.179 - - [24/Aug/2019:13:21:18 -0500] "GET /galeria/nivo-slider/demo/images/Banner%20RCD.jpg HTTP/1.1" 200 92197
191.109.179.107 - - [24/Aug/2019:13:21:19 -0500] "GET /galeria/nivo-slider/demo/images/Banner%20consumo%20sostenible%20final.jpg HTTP/1.1" 200 364746
191.109.179.107 - - [24/Aug/2019:13:21:19 -0500] "GET /galeria/nivo-slider/demo/images/bannersectorambiente.png HTTP/1.1" 200 308540
201.228.154.179 - - [24/Aug/2019:13:21:19 -0500] "GET /galeria/nivo-slider/demo/images/BANNER%20punto.jpg HTTP/1.1" 200 75932
191.91.107.107 - - [24/Aug/2019:13:21:25 -0500] "GET /galeria/galeria/jquery.fancybox.css?v=2.1.5 HTTP/1.1" 200 4895
191.91.107.107 - - [24/Aug/2019:13:21:25 -0500] "GET /BLA/boletinlegal/js/jquery.scrollShow.js HTTP/1.1" 200 4586
191.91.107.107 - - [24/Aug/2019:13:21:25 -0500] "GET /galeria/galeria/jquery.fancybox.js?v=2.1.5 HTTP/1.1" 200 48706
191.109.179.107 - - [24/Aug/2019:13:21:29 -0500] "GET /galeria/nivo-slider/demo/images/bannersectorambiente.png HTTP/1.1" 200 308540
191.109.179.107 - - [24/Aug/2019:13:21:29 -0500] "GET /galeria/nivo-slider/demo/images/Banner%20RCD.jpg HTTP/1.1" 200 92197
66.249.66.155 - - [24/Aug/2019:13:21:29 -0500] "GET /BLA/resoluciones/RESOLUCIONES%202013/2071.pdf HTTP/1.1" 304 -
191.109.179.107 - - [24/Aug/2019:13:21:39 -0500] "GET /galeria/nivo-slider/demo/images/Banner%20RCD.jpg HTTP/1.1" 200 92197
191.109.179.107 - - [24/Aug/2019:13:21:39 -0500] "GET /galeria/nivo-slider/demo/images/Banner%20Conpes.jpg HTTP/1.1" 200 55220
201.228.154.179 - - [24/Aug/2019:13:21:41 -0500] "GET /galeria/nivo-slider/demo/scripts/jquery-1.7.1.min.js HTTP/1.1" 200 93868
201.228.154.179 - - [24/Aug/2019:13:21:41 -0500] "GET /galeria/nivo-slider/jquery.nivo.slider.pack.js HTTP/1.1" 200 11561
201.228.154.179 - - [24/Aug/2019:13:21:41 -0500] "GET /galeria/nivo-slider/demo/images/4Simple_Slider.png HTTP/1.1" 200 11722
201.228.154.179 - - [24/Aug/2019:13:21:41 -0500] "GET /galeria/nivo-slider/themes/default/loading.gif HTTP/1.1" 200 1737
201.228.154.179 - - [24/Aug/2019:13:21:41 -0500] "GET /galeria/nivo-slider/demo/images/Banner%20web%20construccion%20sostenible.png HTTP/1.1" 200 380718
201.228.154.179 - - [24/Aug/2019:13:21:45 -0500] "GET /galeria/nivo-slider/demo/images/puntos%20atencion%20BANNER.jpg HTTP/1.1" 200 244208
201.228.154.179 - - [24/Aug/2019:13:21:45 -0500] "GET /galeria/nivo-slider/demo/images/Banner%20caminatas%20agosto.png HTTP/1.1" 200 522896
191.109.179.107 - - [24/Aug/2019:13:21:49 -0500] "GET /galeria/nivo-slider/demo/images/Banner%20Conpes.jpg HTTP/1.1" 200 55220
191.109.179.107 - - [24/Aug/2019:13:21:49 -0500] "GET /galeria/nivo-slider/demo/images/Banner%20practicas%20sostenibles.jpg HTTP/1.1" 200 142958
192.168.175.104 - - [24/Aug/2019:13:21:55 -0500] "GET / HTTP/1.0" 200 9990
201.228.154.179 - - [24/Aug/2019:13:21:55 -0500] "GET /galeria/nivo-slider/demo/images/Banner%20RCD.jpg HTTP/1.1" 200 92197
201.228.154.179 - - [24/Aug/2019:13:21:56 -0500] "GET /galeria/nivo-slider/demo/images/Banner%20Conpes.jpg HTTP/1.1" 200 55220
201.228.154.179 - - [24/Aug/2019:13:21:57 -0500] "GET /galeria/nivo-slider/demo/images/Banner%20practicas%20sostenibles.jpg HTTP/1.1" 200 142958
191.109.179.107 - - [24/Aug/2019:13:21:59 -0500] "GET /galeria/nivo-slider/demo/images/Banner%20practicas%20sostenibles.jpg HTTP/1.1" 200 142958
191.109.179.107 - - [24/Aug/2019:13:21:59 -0500] "GET /galeria/nivo-slider/demo/images/Banner%20POT.png HTTP/1.1" 200 418238
201.228.154.179 - - [24/Aug/2019:13:22:02 -0500] "GET /galeria/nivo-slider/demo/images/Banner%20POT.png HTTP/1.1" 200 418238
66.249.66.158 - - [24/Aug/2019:13:22:03 -0500] "GET /galeria/carrusel/Carrusel/jquery.thumbnailScroller.css HTTP/1.1" 200 2066
66.249.66.153 - - [24/Aug/2019:13:22:03 -0500] "GET /galeria/carrusel/Carrusel/jquery-ui-1.8.13.custom.min.js HTTP/1.1" 200 10800
66.249.66.156 - - [24/Aug/2019:13:22:04 -0500] "GET /BLA/boletinlegal/js/jquery.scrollShow.js HTTP/1.1" 200 4586
66.249.66.156 - - [24/Aug/2019:13:22:04 -0500] "GET /galeria/galeria/jquery.fancybox.js?v=2.1.5 HTTP/1.1" 200 48706
66.249.66.153 - - [24/Aug/2019:13:22:05 -0500] "GET /galeria/galeria/jquery.fancybox.css?v=2.1.5 HTTP/1.1" 200 4895
201.228.154.179 - - [24/Aug/2019:13:22:05 -0500] "GET /galeria/nivo-slider/demo/images/BANNER%20punto.jpg HTTP/1.1" 200 75932
66.249.66.156 - - [24/Aug/2019:13:22:05 -0500] "GET /BLA/resoluciones/RESOLUCIONES%202019/0302.pdf HTTP/1.1" 304 -
66.249.66.155 - - [24/Aug/2019:13:22:06 -0500] "GET /galeria/carrusel/Carrusel/jquery.thumbnailScroller.js HTTP/1.1" 200 8157
191.109.179.107 - - [24/Aug/2019:13:22:09 -0500] "GET /galeria/nivo-slider/demo/images/Banner%20POT.png HTTP/1.1" 200 418238
191.109.179.107 - - [24/Aug/2019:13:22:09 -0500] "GET /galeria/nivo-slider/demo/images/BANNER%20punto.jpg HTTP/1.1" 200 75932
201.228.154.179 - - [24/Aug/2019:13:22:09 -0500] "GET /galeria/nivo-slider/demo/images/Banneranonimos.png HTTP/1.1" 200 109388
66.249.66.157 - - [24/Aug/2019:13:22:10 -0500] "GET /BLA/resoluciones/RESOLUCIONES%202009/0728.pdf HTTP/1.1" 200 335316
191.109.179.107 - - [24/Aug/2019:13:22:19 -0500] "GET /galeria/nivo-slider/demo/images/BANNER%20punto.jpg HTTP/1.1" 200 75932
191.109.179.107 - - [24/Aug/2019:13:22:19 -0500] "GET /galeria/nivo-slider/demo/images/Banneranonimos.png HTTP/1.1" 200 109388
66.249.66.155 - - [24/Aug/2019:13:22:21 -0500] "GET /BLA/resoluciones/RESOLUCIONES%202007/RES%202007%202101%20AL%202200/RESOLUCION%202148%20DE%202007.pdf HTTP/1.1" 200 181076
201.217.201.178 - - [24/Aug/2019:13:22:22 -0500] "GET /galeria/galeria/jquery.fancybox.css?v=2.1.5 HTTP/1.1" 200 4895
201.217.201.178 - - [24/Aug/2019:13:22:23 -0500] "GET /BLA/boletinlegal/js/jquery.scrollShow.js HTTP/1.1" 200 4586
201.217.201.178 - - [24/Aug/2019:13:22:23 -0500] "GET /galeria/galeria/jquery.fancybox.js?v=2.1.5 HTTP/1.1" 200 48706
66.249.88.125 - - [24/Aug/2019:13:22:28 -0500] "GET /BLA/boletinlegal/js/jquery.scrollShow.js HTTP/1.1" 200 4586
66.249.88.123 - - [24/Aug/2019:13:22:28 -0500] "GET /galeria/galeria/jquery.fancybox.css?v=2.1.5 HTTP/1.1" 200 4895
66.249.88.123 - - [24/Aug/2019:13:22:29 -0500] "GET /galeria/galeria/jquery.fancybox.js?v=2.1.5 HTTP/1.1" 200 48706
191.109.179.107 - - [24/Aug/2019:13:22:29 -0500] "GET /galeria/nivo-slider/demo/images/Banneranonimos.png HTTP/1.1" 200 109388
191.109.179.107 - - [24/Aug/2019:13:22:29 -0500] "GET /galeria/nivo-slider/demo/images/banner-humedales-de-bogota.jpg HTTP/1.1" 200 292611
191.109.179.107 - - [24/Aug/2019:13:22:39 -0500] "GET /galeria/nivo-slider/demo/images/banner-humedales-de-bogota.jpg HTTP/1.1" 200 292611
191.109.179.107 - - [24/Aug/2019:13:22:39 -0500] "GET /galeria/nivo-slider/demo/images/banner-bolsas-plasticas.jpg HTTP/1.1" 200 317939
66.249.66.156 - - [24/Aug/2019:13:22:41 -0500] "GET /BLA/resoluciones/RESOLUCIONES%202014/0412.pdf HTTP/1.1" 304 -
191.109.179.107 - - [24/Aug/2019:13:22:49 -0500] "GET /galeria/nivo-slider/demo/images/banner-bolsas-plasticas.jpg HTTP/1.1" 200 317939
191.109.179.107 - - [24/Aug/2019:13:22:49 -0500] "GET /galeria/nivo-slider/demo/images/banner%20reciclaton%20agosto.jpg HTTP/1.1" 200 244820
186.84.75.3 - - [24/Aug/2019:13:22:59 -0500] "GET /BLA/boletinlegal/js/jquery.scrollShow.js HTTP/1.1" 200 4586
186.84.75.3 - - [24/Aug/2019:13:22:59 -0500] "GET /galeria/galeria/jquery.fancybox.css?v=2.1.5 HTTP/1.1" 200 4895
186.84.75.3 - - [24/Aug/2019:13:22:59 -0500] "GET /galeria/galeria/jquery.fancybox.js?v=2.1.5 HTTP/1.1" 200 48706
191.109.179.107 - - [24/Aug/2019:13:22:59 -0500] "GET /galeria/nivo-slider/demo/images/banner%20reciclaton%20agosto.jpg HTTP/1.1" 200 244820
191.109.179.107 - - [24/Aug/2019:13:22:59 -0500] "GET /galeria/nivo-slider/demo/images/Banner%20web%20construccion%20sostenible.png HTTP/1.1" 200 380718
191.109.179.107 - - [24/Aug/2019:13:23:09 -0500] "GET /galeria/nivo-slider/demo/images/Banner%20web%20construccion%20sostenible.png HTTP/1.1" 200 380718
191.109.179.107 - - [24/Aug/2019:13:23:09 -0500] "GET /galeria/nivo-slider/demo/images/puntos%20atencion%20BANNER.jpg HTTP/1.1" 200 244208
191.109.179.107 - - [24/Aug/2019:13:23:19 -0500] "GET /galeria/nivo-slider/demo/images/puntos%20atencion%20BANNER.jpg HTTP/1.1" 200 244208
191.109.179.107 - - [24/Aug/2019:13:23:19 -0500] "GET /galeria/nivo-slider/demo/images/Banner%20caminatas%20agosto.png HTTP/1.1" 200 522896
186.147.227.231 - - [24/Aug/2019:13:23:26 -0500] "GET /galeria/galeria/jquery.fancybox.css?v=2.1.5 HTTP/1.1" 200 4895
186.147.227.231 - - [24/Aug/2019:13:23:26 -0500] "GET /BLA/boletinlegal/js/jquery.scrollShow.js HTTP/1.1" 200 4586
186.147.227.231 - - [24/Aug/2019:13:23:26 -0500] "GET /galeria/galeria/jquery.fancybox.js?v=2.1.5 HTTP/1.1" 200 48706
191.109.179.107 - - [24/Aug/2019:13:23:29 -0500] "GET /galeria/nivo-slider/demo/images/Banner%20caminatas%20agosto.png HTTP/1.1" 200 522896
191.109.179.107 - - [24/Aug/2019:13:23:29 -0500] "GET /galeria/nivo-slider/demo/images/Banner%20Visor%20Geografico%20Ambiental.jpg HTTP/1.1" 200 204673
66.249.66.153 - - [24/Aug/2019:13:23:33 -0500] "GET /resoluciones/RESOLUCIONES%202008/2939.pdf HTTP/1.1" 404 1018
191.109.179.107 - - [24/Aug/2019:13:23:39 -0500] "GET /galeria/nivo-slider/demo/images/Banner%20Visor%20Geografico%20Ambiental.jpg HTTP/1.1" 200 204673
191.109.179.107 - - [24/Aug/2019:13:23:39 -0500] "GET /galeria/nivo-slider/demo/images/Banner%20consumo%20sostenible%20final.jpg HTTP/1.1" 200 364746
190.158.111.4 - - [24/Aug/2019:13:23:41 -0500] "-" 408 -
191.109.179.107 - - [24/Aug/2019:13:23:49 -0500] "GET /galeria/nivo-slider/demo/images/Banner%20consumo%20sostenible%20final.jpg HTTP/1.1" 200 364746
191.109.179.107 - - [24/Aug/2019:13:23:49 -0500] "GET /galeria/nivo-slider/demo/images/bannersectorambiente.png HTTP/1.1" 200 308540
66.249.66.156 - - [24/Aug/2019:13:23:52 -0500] "GET /BLA/resoluciones/RESOLUCIONES%202018/1471.pdf HTTP/1.1" 304 -
66.249.66.155 - - [24/Aug/2019:13:23:57 -0500] "GET /BLA/resoluciones/RESOLUCIONES%202009/3867.pdf HTTP/1.1" 200 1233173
191.109.179.107 - - [24/Aug/2019:13:23:59 -0500] "GET /galeria/nivo-slider/demo/images/bannersectorambiente.png HTTP/1.1" 200 308540
191.109.179.107 - - [24/Aug/2019:13:23:59 -0500] "GET /galeria/nivo-slider/demo/images/Banner%20RCD.jpg HTTP/1.1" 200 92197
40.77.167.196 - - [24/Aug/2019:13:24:00 -0500] "GET /transparencia/directorioservidores/2016/julio2016.xlsx HTTP/1.1" 200 88722
191.109.179.107 - - [24/Aug/2019:13:24:09 -0500] "GET /galeria/nivo-slider/demo/images/Banner%20RCD.jpg HTTP/1.1" 200 92197
191.109.179.107 - - [24/Aug/2019:13:24:09 -0500] "GET /galeria/nivo-slider/demo/images/Banner%20Conpes.jpg HTTP/1.1" 200 55220
40.77.167.74 - - [24/Aug/2019:13:24:14 -0500] "GET /BLA/boletinlegal/Directivas/2011/Directiva%20No.%2010%20del%2028%20de%20Septiembre%20de%202011.pdf HTTP/1.1" 304 -
66.249.88.125 - - [24/Aug/2019:13:24:16 -0500] "GET /galeria/galeria/jquery.fancybox.css?v=2.1.5 HTTP/1.1" 200 4895
66.249.88.125 - - [24/Aug/2019:13:24:16 -0500] "GET /galeria/galeria/jquery.fancybox.js?v=2.1.5 HTTP/1.1" 200 48706
66.249.88.127 - - [24/Aug/2019:13:24:16 -0500] "GET /BLA/boletinlegal/js/jquery.scrollShow.js HTTP/1.1" 200 4586
66.249.66.153 - - [24/Aug/2019:13:24:16 -0500] "GET /BLA/resoluciones/RESOLUCIONES%202010/0128.pdf HTTP/1.1" 200 386612
191.109.179.107 - - [24/Aug/2019:13:24:19 -0500] "GET /galeria/nivo-slider/demo/images/Banner%20Conpes.jpg HTTP/1.1" 200 55220
191.109.179.107 - - [24/Aug/2019:13:24:19 -0500] "GET /galeria/nivo-slider/demo/images/Banner%20practicas%20sostenibles.jpg HTTP/1.1" 200 142958
66.249.66.155 - - [24/Aug/2019:13:24:22 -0500] "GET /portel_dama/libreria/php/2006/ECOSISTEMAS%20FINAL%20web_mz27/restauracion/sitio/22_proye/xtras_in/cni_3.pdf HTTP/1.1" 404 1018
66.249.66.157 - - [24/Aug/2019:13:24:24 -0500] "GET /portel_dama/libreria/php/2006/ECOSISTEMAS%20FINAL%20web_mz27/x%20restauracion/sitio/22_proye/xtras_in/4.pdf HTTP/1.1" 404 1019
66.249.66.155 - - [24/Aug/2019:13:24:27 -0500] "GET /Residuos/farmaceutica/files/guia_farmaceuticas.pdf HTTP/1.1" 304 -
191.109.179.107 - - [24/Aug/2019:13:24:29 -0500] "GET /galeria/nivo-slider/demo/images/Banner%20practicas%20sostenibles.jpg HTTP/1.1" 200 142958
191.109.179.107 - - [24/Aug/2019:13:24:29 -0500] "GET /galeria/nivo-slider/demo/images/Banner%20POT.png HTTP/1.1" 200 418238
191.109.179.107 - - [24/Aug/2019:13:24:39 -0500] "GET /galeria/nivo-slider/demo/images/Banner%20POT.png HTTP/1.1" 200 418238
191.109.179.107 - - [24/Aug/2019:13:24:39 -0500] "GET /galeria/nivo-slider/demo/images/BANNER%20punto.jpg HTTP/1.1" 200 75932
66.249.88.123 - - [24/Aug/2019:13:24:47 -0500] "GET /galeria/galeria/jquery.fancybox.css?v=2.1.5 HTTP/1.1" 200 4895
66.249.88.127 - - [24/Aug/2019:13:24:47 -0500] "GET /BLA/boletinlegal/js/jquery.scrollShow.js HTTP/1.1" 200 4586
