181.59.240.124 - - [03/Sep/2019:01:05:18 -0500] "GET /siipev/Diseno%20de%20Elementos%20de%20Mobiliario%20Urbano/Otros%20Elementos/Infografia/Parte2/M-40.PNG HTTP/1.1" 200 7816
181.59.240.124 - - [03/Sep/2019:01:05:18 -0500] "GET /siipev/Diseno%20de%20Elementos%20de%20Mobiliario%20Urbano/Otros%20Elementos/Infografia/Parte2/M-41.PNG HTTP/1.1" 200 4709
181.59.240.124 - - [03/Sep/2019:01:05:24 -0500] "GET /siipev/Diseno%20de%20Elementos%20de%20Mobiliario%20Urbano/Diseno%20pertenecientes%20al%20mobiliario%20urbano%20M10-M160/PARTE%20A/Dise%C3%B1o%20de%20Elementos%20M-50.pdf HTTP/1.1" 200 938555
54.36.150.179 - - [03/Sep/2019:01:05:31 -0500] "GET /BLA/resoluciones/RESOLUCIONES%202003/RES%202003%201901-1950/00001944.tif HTTP/1.1" 200 826130
66.249.64.19 - - [03/Sep/2019:01:05:31 -0500] "GET /BLA/resoluciones/RESOLUCIONES%202008/0661.pdf HTTP/1.1" 200 173702
66.249.64.19 - - [03/Sep/2019:01:05:33 -0500] "GET /BLA/resoluciones/RESOLUCIONES%202008/3455.pdf HTTP/1.1" 200 144494
54.36.150.55 - - [03/Sep/2019:01:05:35 -0500] "GET /BLA/resoluciones/RESOLUCIONES%202002/RES%202002%201601-1650/20021649.tif HTTP/1.1" 200 142748
66.249.64.19 - - [03/Sep/2019:01:05:35 -0500] "GET /BLA/resoluciones/RESOLUCIONES%202009/7716.pdf HTTP/1.1" 200 637404
66.249.64.19 - - [03/Sep/2019:01:05:38 -0500] "GET /BLA/resoluciones/RESOLUCIONES%202008/2239.pdf HTTP/1.1" 200 202194
66.249.64.19 - - [03/Sep/2019:01:05:40 -0500] "GET /resoluciones/RESOLUCIONES%202009/0582.pdf HTTP/1.1" 404 1018
69.162.124.232 - - [03/Sep/2019:01:05:45 -0500] "HEAD / HTTP/1.1" 200 -
66.249.64.19 - - [03/Sep/2019:01:05:49 -0500] "GET /BLA/resoluciones/RESOLUCIONES%202009/5850.pdf HTTP/1.1" 200 104118
192.168.175.104 - - [03/Sep/2019:01:05:51 -0500] "GET / HTTP/1.0" 200 9990
66.249.64.19 - - [03/Sep/2019:01:05:52 -0500] "GET /BLA/resoluciones/AUTOS%202014/1853.pdf HTTP/1.1" 200 461189
66.249.64.20 - - [03/Sep/2019:01:06:01 -0500] "GET /BLA/resoluciones/RESOLUCIONES%202009/4905.pdf HTTP/1.1" 200 634484
66.249.64.19 - - [03/Sep/2019:01:06:09 -0500] "GET /BLA/resoluciones/AUTOS%202011/6981.pdf HTTP/1.1" 200 155173
66.249.64.19 - - [03/Sep/2019:01:06:50 -0500] "GET /BLA/resoluciones/RESOLUCIONES%202009/9305.pdf HTTP/1.1" 200 573609
66.249.64.20 - - [03/Sep/2019:01:07:04 -0500] "GET /BLA/resoluciones/AUTOS%202014/4536.pdf HTTP/1.1" 200 423547
66.249.64.19 - - [03/Sep/2019:01:07:23 -0500] "GET /BLA/resoluciones/RESOLUCIONES%202010/0128.pdf HTTP/1.1" 200 386612
191.110.145.97 - - [03/Sep/2019:01:07:39 -0500] "GET /BLA/boletinlegal/js/jquery.scrollShow.js HTTP/1.1" 200 4586
191.110.145.97 - - [03/Sep/2019:01:07:39 -0500] "GET /galeria/galeria/jquery.fancybox.js?v=2.1.5 HTTP/1.1" 200 48706
191.110.145.97 - - [03/Sep/2019:01:07:39 -0500] "GET /galeria/galeria/jquery.fancybox.css?v=2.1.5 HTTP/1.1" 200 4895
191.110.145.97 - - [03/Sep/2019:01:07:44 -0500] "GET /BLA/boletinlegal/js/jquery.scrollShow.js HTTP/1.1" 200 4586
191.110.145.97 - - [03/Sep/2019:01:07:44 -0500] "GET /galeria/galeria/jquery.fancybox.js?v=2.1.5 HTTP/1.1" 200 48706
191.110.145.97 - - [03/Sep/2019:01:07:44 -0500] "GET /galeria/galeria/jquery.fancybox.css?v=2.1.5 HTTP/1.1" 200 4895
66.249.64.19 - - [03/Sep/2019:01:07:46 -0500] "GET /BLA/resoluciones/RESOLUCIONES%202008/0633.pdf HTTP/1.1" 200 19273
64.62.202.72 - - [03/Sep/2019:01:08:01 -0500] "-" 408 -
66.249.64.19 - - [03/Sep/2019:01:08:07 -0500] "GET /BLA/resoluciones/RESOLUCIONES%202009/5482.pdf HTTP/1.1" 200 502329
66.249.64.19 - - [03/Sep/2019:01:08:08 -0500] "GET /BLA/resoluciones/RESOLUCIONES%202008/5716.pdf HTTP/1.1" 200 252054
54.36.150.113 - - [03/Sep/2019:01:08:10 -0500] "GET /BLA/resoluciones/RESOLUCIONES%202005/RES%202005%201351-1400/00001362.tif HTTP/1.1" 200 159312
66.249.64.19 - - [03/Sep/2019:01:08:25 -0500] "GET /BLA/resoluciones/RESOLUCIONES%202008/2267.pdf HTTP/1.1" 200 205141
66.249.64.19 - - [03/Sep/2019:01:08:38 -0500] "GET /BLA/resoluciones/AUTOS%202012/1831.pdf HTTP/1.1" 200 275329
192.168.175.104 - - [03/Sep/2019:01:08:57 -0500] "GET / HTTP/1.1" 200 9990
66.249.64.19 - - [03/Sep/2019:01:09:46 -0500] "GET /BLA/resoluciones/RESOLUCIONES%202009/2308.pdf HTTP/1.1" 200 419708
66.249.64.19 - - [03/Sep/2019:01:09:52 -0500] "GET /BLA/resoluciones/RESOLUCIONES%202009/4500.pdf HTTP/1.1" 200 527709
69.162.124.232 - - [03/Sep/2019:01:10:44 -0500] "HEAD / HTTP/1.1" 200 -
66.249.64.19 - - [03/Sep/2019:01:10:48 -0500] "GET /BLA/resoluciones/RESOLUCIONES%202009/9795.pdf HTTP/1.1" 200 673488
192.168.175.104 - - [03/Sep/2019:01:10:48 -0500] "GET / HTTP/1.0" 200 9990
54.36.150.143 - - [03/Sep/2019:01:10:57 -0500] "GET /BLA/resoluciones/RESOLUCIONES%202005/RES%202005%201551-1600/00001593.tif HTTP/1.1" 200 150250
54.36.150.93 - - [03/Sep/2019:01:11:15 -0500] "GET /BLA/resoluciones/RESOLUCIONES%202006/RES%202006%202351-2400/00002383.tif HTTP/1.1" 200 160042
66.249.64.20 - - [03/Sep/2019:01:12:25 -0500] "GET /resoluciones/RESOLUCIONES%202009/9360.pdf HTTP/1.1" 404 1018
66.249.64.19 - - [03/Sep/2019:01:12:29 -0500] "GET /Anexos%20estudio%20Organizacional%20SDA/ANEXO%20No.%201-%20NORMAS%20LEGALES%20DE%20ESTRUCTURA%20Y%20PLANTA/Decreto%20175%20de%202009_files/ladc.css HTTP/1.1" 200 5119
66.249.64.20 - - [03/Sep/2019:01:12:31 -0500] "GET /Anexos%20estudio%20Organizacional%20SDA/ANEXO%20No.%201-%20NORMAS%20LEGALES%20DE%20ESTRUCTURA%20Y%20PLANTA/Decreto%20175%20de%202009_files/jquery.fancybox-1.2.5.js HTTP/1.1" 200 18179
66.249.64.19 - - [03/Sep/2019:01:12:33 -0500] "GET /Anexos%20estudio%20Organizacional%20SDA/ANEXO%20No.%201-%20NORMAS%20LEGALES%20DE%20ESTRUCTURA%20Y%20PLANTA/Decreto%20175%20de%202009_files/jquery.fancybox-1.2.5.css HTTP/1.1" 200 4557
66.249.64.19 - - [03/Sep/2019:01:12:35 -0500] "GET /Anexos%20estudio%20Organizacional%20SDA/ANEXO%20No.%201-%20NORMAS%20LEGALES%20DE%20ESTRUCTURA%20Y%20PLANTA/Decreto%20175%20de%202009_files/jquery-1.3.2.min.js HTTP/1.1" 200 57254
66.249.64.19 - - [03/Sep/2019:01:12:37 -0500] "GET /Anexos%20estudio%20Organizacional%20SDA/ANEXO%20No.%201-%20NORMAS%20LEGALES%20DE%20ESTRUCTURA%20Y%20PLANTA/Decreto%20175%20de%202009_files/AjaxRequest.js HTTP/1.1" 200 17069
66.249.64.19 - - [03/Sep/2019:01:12:39 -0500] "GET /Anexos%20estudio%20Organizacional%20SDA/ANEXO%20No.%201-%20NORMAS%20LEGALES%20DE%20ESTRUCTURA%20Y%20PLANTA/Decreto%20175%20de%202009_files/screen.css HTTP/1.1" 200 2444
66.249.64.19 - - [03/Sep/2019:01:12:41 -0500] "GET /Anexos%20estudio%20Organizacional%20SDA/ANEXO%20No.%201-%20NORMAS%20LEGALES%20DE%20ESTRUCTURA%20Y%20PLANTA/norma_ajax.jsp?showBar=true&AjaxRequestUniqueId=15672960000240 HTTP/1.1" 404 1478
66.249.64.19 - - [03/Sep/2019:01:12:43 -0500] "GET /BLA/resoluciones/RESOLUCIONES%202009/7873.pdf HTTP/1.1" 200 564553
66.249.64.19 - - [03/Sep/2019:01:12:47 -0500] "GET /BLA/resoluciones/RESOLUCIONES%202009/4410.pdf HTTP/1.1" 200 50054
181.49.77.67 - - [03/Sep/2019:01:12:48 -0500] "GET /galeria/galeria/jquery.fancybox.css?v=2.1.5 HTTP/1.1" 200 4895
181.49.77.67 - - [03/Sep/2019:01:12:48 -0500] "GET /BLA/boletinlegal/js/jquery.scrollShow.js HTTP/1.1" 200 4586
181.49.77.67 - - [03/Sep/2019:01:12:48 -0500] "GET /galeria/galeria/jquery.fancybox.js?v=2.1.5 HTTP/1.1" 200 48706
157.55.39.147 - - [03/Sep/2019:01:12:46 -0500] "GET /portalsiaccapacitaciones/Listas%20de%20Asistencia%202015/LA%2006-04-2015.pdf HTTP/1.1" 200 2194159
66.249.64.19 - - [03/Sep/2019:01:12:58 -0500] "GET /resoluciones/RESOLUCIONES%202009/0584.pdf HTTP/1.1" 404 1018
66.249.64.19 - - [03/Sep/2019:01:13:01 -0500] "GET /BLA/resoluciones/RESOLUCIONES%202008/5602.pdf HTTP/1.1" 200 251370
66.249.64.19 - - [03/Sep/2019:01:13:14 -0500] "GET /BLA/resoluciones/RESOLUCIONES%202008/2447.pdf HTTP/1.1" 200 108187
186.90.158.183 - - [03/Sep/2019:01:13:35 -0500] "GET / HTTP/1.1" 200 9990
192.168.175.104 - - [03/Sep/2019:01:13:55 -0500] "GET / HTTP/1.1" 200 9990
66.249.64.19 - - [03/Sep/2019:01:13:59 -0500] "GET /BLA/resoluciones/RESOLUCIONES%202008/2603.pdf HTTP/1.1" 200 140011
40.77.189.164 - - [03/Sep/2019:01:14:51 -0500] "GET /galeria/bibloteca/contentflow.js HTTP/1.1" 200 42804
40.77.191.15 - - [03/Sep/2019:01:14:51 -0500] "GET /galeria/bibloteca/contentflow.js HTTP/1.1" 200 42804
40.77.189.164 - - [03/Sep/2019:01:14:52 -0500] "GET /galeria/bibloteca/contentflow.css HTTP/1.1" 200 3201
40.77.189.164 - - [03/Sep/2019:01:14:52 -0500] "GET /galeria/bibloteca/ContentFlowAddOn_white.js HTTP/1.1" 200 2497
40.77.189.164 - - [03/Sep/2019:01:14:52 -0500] "GET /galeria/bibloteca/mycontentflow.css HTTP/1.1" 200 3110
40.77.191.15 - - [03/Sep/2019:01:14:52 -0500] "GET /galeria/bibloteca/mycontentflow.css HTTP/1.1" 200 3110
40.77.189.164 - - [03/Sep/2019:01:14:52 -0500] "GET /galeria/bibloteca/ContentFlowAddOn_white.css HTTP/1.1" 200 3355
40.77.189.218 - - [03/Sep/2019:01:14:53 -0500] "GET /galeria/bibloteca/ContentFlowAddOn_white.css HTTP/1.1" 200 3355
69.162.124.232 - - [03/Sep/2019:01:15:45 -0500] "HEAD / HTTP/1.1" 200 -
66.249.64.19 - - [03/Sep/2019:01:15:46 -0500] "GET /BLA/resoluciones/RESOLUCIONES%202008/2668.pdf HTTP/1.1" 200 79893
192.168.175.104 - - [03/Sep/2019:01:15:47 -0500] "GET / HTTP/1.0" 200 9990
66.249.64.20 - - [03/Sep/2019:01:16:21 -0500] "GET /BLA/resoluciones/RESOLUCIONES%202009/0749.pdf HTTP/1.1" 200 172846
54.36.149.20 - - [03/Sep/2019:01:16:47 -0500] "GET /BLA/resoluciones/RESOLUCIONES%202005/RES%202005%202801-2850/00002837.tif HTTP/1.1" 200 216116
66.249.64.19 - - [03/Sep/2019:01:17:12 -0500] "GET /BLA/resoluciones/AUTOS%202014/5316.pdf HTTP/1.1" 200 198536
152.61.128.50 - - [03/Sep/2019:01:17:14 -0500] "GET / HTTP/1.1" 200 9990
54.36.150.84 - - [03/Sep/2019:01:17:28 -0500] "GET /BLA/resoluciones/RESOLUCIONES%202003/RES%202003%20751-800/798.tif HTTP/1.1" 200 902636
152.61.128.50 - - [03/Sep/2019:01:17:14 -0500] "GET /arcgis/services/Calidad_del_Agua_WQI/MapServer/WMSServer?request=GetCapabilities&service=WMS HTTP/1.1" 503 1020
152.61.128.50 - - [03/Sep/2019:01:17:35 -0500] "GET /arcgis/services/Calidad_del_Agua_WQI/MapServer/WMSServer?SERVICE=WMS&REQUEST=GetCapabilities HTTP/1.1" 503 1020
152.61.128.50 - - [03/Sep/2019:01:17:35 -0500] "GET /arcgis/services/Calidad_del_Agua_WQI/MapServer/WMSServer?WMTVER=1.0.0&REQUEST=capabilities HTTP/1.1" 503 1020
66.249.64.19 - - [03/Sep/2019:01:17:58 -0500] "GET /BLA/resoluciones/RESOLUCIONES%202009/3181.pdf HTTP/1.1" 200 780548
66.249.64.19 - - [03/Sep/2019:01:18:19 -0500] "GET /robots.txt HTTP/1.1" 404 1018
66.249.64.19 - - [03/Sep/2019:01:18:19 -0500] "GET /BLA/resoluciones/AUTOS%202016/2967.pdf HTTP/1.1" 200 347941
207.46.13.13 - - [03/Sep/2019:01:18:31 -0500] "GET /SIG/Gestion%20Documental/126PA06-PR03%20CONSULTA%20Y%20PRETAMO%20DOCUMENTOS.pdf HTTP/1.1" 200 293855
190.9.240.16 - - [03/Sep/2019:01:18:31 -0500] "GET /galeria/galeria/jquery.fancybox.css?v=2.1.5 HTTP/1.1" 200 4895
190.9.240.16 - - [03/Sep/2019:01:18:31 -0500] "GET /BLA/boletinlegal/js/jquery.scrollShow.js HTTP/1.1" 200 4586
190.9.240.16 - - [03/Sep/2019:01:18:31 -0500] "GET /galeria/galeria/jquery.fancybox.js?v=2.1.5 HTTP/1.1" 200 48706
201.245.192.253 - - [03/Sep/2019:01:18:11 -0500] "POST /kwsrmcab/Wsrmcab HTTP/1.1" 200 28389
201.245.192.253 - - [03/Sep/2019:01:18:10 -0500] "POST /kwsrmcab/Wsrmcab HTTP/1.1" 200 25135
192.168.175.104 - - [03/Sep/2019:01:18:53 -0500] "GET / HTTP/1.1" 200 9990
211.183.238.98 - - [03/Sep/2019:01:18:53 -0500] "GET / HTTP/1.1" 200 9990
211.183.238.98 - - [03/Sep/2019:01:18:53 -0500] "GET ../../mnt/custom/ProductDefinition HTTP" 400 946
181.59.240.124 - - [03/Sep/2019:01:18:53 -0500] "GET /siipev/Diseno%20de%20Elementos%20de%20Mobiliario%20Urbano/Otros%20Elementos/PARTE%20B/Dise%C3%B1o%20de%20Elementos%20M50.pdf HTTP/1.1" 200 470810
66.249.64.19 - - [03/Sep/2019:01:19:14 -0500] "GET /BLA/resoluciones/RESOLUCIONES%202009/5069.pdf HTTP/1.1" 200 519849
181.137.250.95 - - [03/Sep/2019:01:19:20 -0500] "GET /inicio/ HTTP/1.1" 404 1335
201.245.192.253 - - [03/Sep/2019:01:18:48 -0500] "POST /kwsrmcab/Wsrmcab HTTP/1.1" 200 25135
181.137.250.95 - - [03/Sep/2019:01:19:31 -0500] "GET /inicio/ HTTP/1.1" 404 1335
181.137.250.95 - - [03/Sep/2019:01:19:33 -0500] "GET /inicio/ HTTP/1.1" 404 1335
66.249.64.19 - - [03/Sep/2019:01:20:18 -0500] "GET /BLA/resoluciones/RESOLUCIONES%202008/4798.pdf HTTP/1.1" 200 848592
192.168.175.104 - - [03/Sep/2019:01:20:44 -0500] "GET / HTTP/1.0" 200 9990
69.162.124.232 - - [03/Sep/2019:01:20:45 -0500] "HEAD / HTTP/1.1" 200 -
152.61.192.232 - - [03/Sep/2019:01:20:46 -0500] "GET / HTTP/1.1" 200 9990
66.249.64.19 - - [03/Sep/2019:01:20:52 -0500] "GET /BLA/resoluciones/AUTOS%202014/4523.pdf HTTP/1.1" 200 523411
152.61.192.232 - - [03/Sep/2019:01:20:46 -0500] "GET /arcgis/services/Calidad_del_Agua_WQI/MapServer/WMSServer?request=GetCapabilities&service=WMS HTTP/1.1" 503 1020
152.61.192.232 - - [03/Sep/2019:01:21:08 -0500] "GET /arcgis/services/Calidad_del_Agua_WQI/MapServer/WMSServer?SERVICE=WMS&REQUEST=GetCapabilities HTTP/1.1" 503 1020
152.61.192.232 - - [03/Sep/2019:01:21:08 -0500] "GET /arcgis/services/Calidad_del_Agua_WQI/MapServer/WMSServer?WMTVER=1.0.0&REQUEST=capabilities HTTP/1.1" 503 1020
66.249.64.19 - - [03/Sep/2019:01:21:22 -0500] "GET /BLA/resoluciones/RESOLUCIONES%202009/6085.pdf HTTP/1.1" 200 506583
66.249.64.19 - - [03/Sep/2019:01:21:23 -0500] "GET /BLA/resoluciones/RESOLUCIONES%202008/4724.pdf HTTP/1.1" 200 337460
66.249.64.19 - - [03/Sep/2019:01:22:08 -0500] "GET /BLA/resoluciones/RESOLUCIONES%202008/1264.pdf HTTP/1.1" 200 82456
66.249.64.19 - - [03/Sep/2019:01:23:38 -0500] "GET /BLA/resoluciones/RESOLUCIONES%202009/9581.pdf HTTP/1.1" 200 387636
192.168.175.104 - - [03/Sep/2019:01:23:51 -0500] "GET / HTTP/1.1" 200 9990
66.249.64.20 - - [03/Sep/2019:01:24:16 -0500] "GET /BLA/resoluciones/RESOLUCIONES%202008/3208.pdf HTTP/1.1" 200 213753
66.249.64.20 - - [03/Sep/2019:01:24:20 -0500] "GET /BLA/resoluciones/RESOLUCIONES%202009/3886.pdf HTTP/1.1" 200 298503
186.82.195.32 - - [03/Sep/2019:01:24:31 -0500] "GET /BLA/boletinlegal/js/jquery.scrollShow.js HTTP/1.1" 200 4586
186.82.195.32 - - [03/Sep/2019:01:24:31 -0500] "GET /galeria/galeria/jquery.fancybox.js?v=2.1.5 HTTP/1.1" 200 48706
186.82.195.32 - - [03/Sep/2019:01:24:31 -0500] "GET /galeria/galeria/jquery.fancybox.css?v=2.1.5 HTTP/1.1" 200 4895
186.82.195.32 - - [03/Sep/2019:01:24:32 -0500] "GET /galeria/carrusel/Carrusel/jquery.thumbnailScroller.css HTTP/1.1" 200 2066
186.82.195.32 - - [03/Sep/2019:01:24:32 -0500] "GET /galeria/carrusel/Carrusel/jquery-ui-1.8.13.custom.min.js HTTP/1.1" 200 10800
186.82.195.32 - - [03/Sep/2019:01:24:32 -0500] "GET /galeria/carrusel/Carrusel/jquery.thumbnailScroller.js HTTP/1.1" 200 8157
91.242.162.7 - - [03/Sep/2019:01:24:36 -0500] "GET /robots.txt HTTP/1.1" 404 1121
91.242.162.7 - - [03/Sep/2019:01:24:37 -0500] "GET / HTTP/1.1" 200 9990
66.249.64.19 - - [03/Sep/2019:01:25:15 -0500] "GET /BLA/resoluciones/AUTOS%202014/1469.pdf HTTP/1.1" 200 157612
54.36.148.133 - - [03/Sep/2019:01:25:20 -0500] "GET /BLA/resoluciones/RESOLUCIONES%202005/RES%202005%201101-1150/00001125.tif HTTP/1.1" 200 134802
192.168.175.104 - - [03/Sep/2019:01:25:42 -0500] "GET / HTTP/1.0" 200 9990
69.162.124.232 - - [03/Sep/2019:01:25:45 -0500] "HEAD / HTTP/1.1" 200 -
46.229.168.151 - - [03/Sep/2019:01:25:47 -0500] "GET /robots.txt HTTP/1.1" 404 1019
46.229.168.141 - - [03/Sep/2019:01:25:48 -0500] "GET /Autoliquidacion/index.php?dir=TR%C3%83%C2%81MITES%2BMINER%C3%83%C2%8DA%2F&order=asc&sort=name HTTP/1.1" 200 6598
66.249.64.19 - - [03/Sep/2019:01:25:58 -0500] "GET /BLA/resoluciones/RESOLUCIONES%202009/5283.pdf HTTP/1.1" 200 490593
66.249.88.123 - - [03/Sep/2019:01:26:06 -0500] "GET /galeria/galeria/jquery.fancybox.css?v=2.1.5 HTTP/1.1" 200 4895
66.249.88.123 - - [03/Sep/2019:01:26:06 -0500] "GET /BLA/boletinlegal/js/jquery.scrollShow.js HTTP/1.1" 200 4586
66.249.88.123 - - [03/Sep/2019:01:26:06 -0500] "GET /galeria/galeria/jquery.fancybox.js?v=2.1.5 HTTP/1.1" 200 48706
144.76.120.197 - - [03/Sep/2019:01:26:10 -0500] "GET /robots.txt HTTP/1.1" 404 1019
54.36.148.53 - - [03/Sep/2019:01:26:10 -0500] "GET /BLA/resoluciones/RESOLUCIONES%202004/RES%202004%201751-1800/00001773.tif HTTP/1.1" 200 148860
144.76.120.197 - - [03/Sep/2019:01:26:11 -0500] "GET /StormSDA/userFiles%20-%20Copy%2019-07-2012/user_files/86/?C=N;O=D/ HTTP/1.1" 200 877
144.76.120.197 - - [03/Sep/2019:01:26:15 -0500] "GET /StormSDA/userFiles%20-%20Copy%2019-07-2012/user_files/86/?C=S;O=A/ HTTP/1.1" 200 877
144.76.120.197 - - [03/Sep/2019:01:26:17 -0500] "GET /StormSDA/userFiles%20-%20Copy%2019-07-2012/user_files/87/?C=D;O=A/ HTTP/1.1" 200 877
144.76.120.197 - - [03/Sep/2019:01:26:19 -0500] "GET /StormSDA/userFiles%20-%20Copy%2019-07-2012/user_files/87/?C=M;O=A/ HTTP/1.1" 200 877
144.76.120.197 - - [03/Sep/2019:01:26:22 -0500] "GET /StormSDA/userFiles%20-%20Copy%2019-07-2012/user_files/87/?C=N;O=D/ HTTP/1.1" 200 877
144.76.120.197 - - [03/Sep/2019:01:26:43 -0500] "GET /StormSDA/userFiles%20-%20Copy%2019-07-2012/user_files/87/?C=S;O=A/ HTTP/1.1" 200 877
144.76.120.197 - - [03/Sep/2019:01:26:51 -0500] "GET /StormSDA/userFiles%20-%20Copy%2019-07-2012/user_files/88/?C=D;O=A/ HTTP/1.1" 200 877
66.249.64.19 - - [03/Sep/2019:01:26:53 -0500] "GET /BLA/resoluciones/RESOLUCIONES%202008/2144.pdf HTTP/1.1" 200 214656
144.76.120.197 - - [03/Sep/2019:01:26:59 -0500] "GET /StormSDA/userFiles%20-%20Copy%2019-07-2012/user_files/88/?C=M;O=A/ HTTP/1.1" 200 877
144.76.120.197 - - [03/Sep/2019:01:27:05 -0500] "GET /StormSDA/userFiles%20-%20Copy%2019-07-2012/user_files/88/?C=N;O=D/ HTTP/1.1" 200 877
40.77.190.102 - - [03/Sep/2019:01:27:12 -0500] "GET /transparencia/financiera/General%20Asignado/? HTTP/1.1" 200 42007
144.76.120.197 - - [03/Sep/2019:01:27:13 -0500] "GET /StormSDA/userFiles%20-%20Copy%2019-07-2012/user_files/88/?C=S;O=A/ HTTP/1.1" 200 877
144.76.120.197 - - [03/Sep/2019:01:27:17 -0500] "GET /StormSDA/userFiles%20-%20Copy%2019-07-2012/user_files/89/?C=D;O=A/ HTTP/1.1" 200 877
144.76.120.197 - - [03/Sep/2019:01:27:26 -0500] "GET /StormSDA/userFiles%20-%20Copy%2019-07-2012/user_files/89/?C=M;O=A/ HTTP/1.1" 200 877
144.76.120.197 - - [03/Sep/2019:01:27:31 -0500] "GET /StormSDA/userFiles/?C=D;O=D/ HTTP/1.1" 200 6087
144.76.120.197 - - [03/Sep/2019:01:27:41 -0500] "GET /StormSDA/userFiles/?C=M;O=D/ HTTP/1.1" 200 6087
144.76.120.197 - - [03/Sep/2019:01:27:47 -0500] "GET /StormSDA/userFiles/?C=N;O=A/ HTTP/1.1" 200 6087
144.76.120.197 - - [03/Sep/2019:01:27:52 -0500] "GET /StormSDA/userFiles/?C=S;O=D/ HTTP/1.1" 200 6087
144.76.120.197 - - [03/Sep/2019:01:27:58 -0500] "GET /robots.txt HTTP/1.1" 404 1019
144.76.120.197 - - [03/Sep/2019:01:28:07 -0500] "GET /galeria/galeria/fotos/?C=D;O=A/ HTTP/1.1" 200 101231
144.76.120.197 - - [03/Sep/2019:01:28:19 -0500] "GET /galeria/galeria/fotos/?C=M;O=A/ HTTP/1.1" 200 101231
66.249.64.20 - - [03/Sep/2019:01:28:24 -0500] "GET /BLA/resoluciones/RESOLUCIONES%202017/2490.pdf HTTP/1.1" 200 287821
144.76.120.197 - - [03/Sep/2019:01:28:25 -0500] "GET /galeria/galeria/fotos/?C=N;O=A/ HTTP/1.1" 200 101231
144.76.120.197 - - [03/Sep/2019:01:28:35 -0500] "GET /galeria/galeria/fotos/?C=N;O=D/ HTTP/1.1" 200 101231
201.245.192.253 - - [03/Sep/2019:01:28:11 -0500] "POST /kwsrmcab/Wsrmcab HTTP/1.1" 200 28389
144.76.120.197 - - [03/Sep/2019:01:28:44 -0500] "GET /galeria/galeria/fotos/?C=S;O=A/ HTTP/1.1" 200 101231
66.249.64.19 - - [03/Sep/2019:01:28:47 -0500] "GET /BLA/resoluciones/AUTOS%202010/5371.pdf HTTP/1.1" 304 -
192.168.175.104 - - [03/Sep/2019:01:28:50 -0500] "GET / HTTP/1.1" 200 9990
144.76.120.197 - - [03/Sep/2019:01:28:55 -0500] "GET /galeria/juegos/?C=M;O=D/ HTTP/1.1" 200 2032
66.249.64.20 - - [03/Sep/2019:01:30:02 -0500] "GET /BLA/resoluciones/RESOLUCIONES%202008/0717.pdf HTTP/1.1" 304 -
66.249.64.19 - - [03/Sep/2019:01:30:03 -0500] "GET /BLA/resoluciones/RESOLUCIONES%202008/5503.pdf HTTP/1.1" 200 258370
66.249.64.20 - - [03/Sep/2019:01:30:08 -0500] "GET /BLA/resoluciones/AUTOS%202014/4625.pdf HTTP/1.1" 200 520622
46.229.168.129 - - [03/Sep/2019:01:30:36 -0500] "GET /Autoliquidacion/index.php?dir=TR%C3%81MITES%2BACEITES-RESIDUOS-ESTACIONES%2FREGISTRO%2BCOMO%2BACOPIADOR%2BPRIMARIO%2F&order=desc&sort=name HTTP/1.1" 200 6787
192.168.175.104 - - [03/Sep/2019:01:30:40 -0500] "GET / HTTP/1.0" 200 9990
69.162.124.232 - - [03/Sep/2019:01:30:44 -0500] "HEAD / HTTP/1.1" 200 -
186.155.16.224 - - [03/Sep/2019:01:30:56 -0500] "GET /galeria/galeria/jquery.fancybox.css?v=2.1.5 HTTP/1.1" 200 4895
186.155.16.224 - - [03/Sep/2019:01:30:57 -0500] "GET /BLA/boletinlegal/js/jquery.scrollShow.js HTTP/1.1" 200 4586
186.155.16.224 - - [03/Sep/2019:01:31:00 -0500] "GET /galeria/galeria/jquery.fancybox.js?v=2.1.5 HTTP/1.1" 200 48706
157.55.39.28 - - [03/Sep/2019:01:31:04 -0500] "GET /robots.txt HTTP/1.1" 404 1018
207.46.13.204 - - [03/Sep/2019:01:31:09 -0500] "GET /bla/resoluciones/resoluciones%202011/1368.pdf HTTP/1.1" 200 1405678
69.30.226.234 - - [03/Sep/2019:01:31:38 -0500] "GET /robots.txt HTTP/1.1" 404 1019
69.30.226.234 - - [03/Sep/2019:01:31:49 -0500] "GET /SIG/index.php/ECS/126PM04-PR99.pdf/?dir=&sort=date&order=asc/ HTTP/1.1" 200 4959
207.46.13.135 - - [03/Sep/2019:01:31:55 -0500] "GET /galeria/galeria/jquery.fancybox.js?v=2.1.5 HTTP/1.1" 200 48706
69.30.226.234 - - [03/Sep/2019:01:31:59 -0500] "GET /SIG/index.php/ECS/126PM04-PR99.pdf/?dir=&sort=name&order=desc/ HTTP/1.1" 200 4959
69.30.226.234 - - [03/Sep/2019:01:32:07 -0500] "GET /SIG/index.php/ECS/126PM04-PR99.pdf/?dir=&sort=size&order=asc/ HTTP/1.1" 200 4959
91.121.168.80 - - [03/Sep/2019:01:32:10 -0500] "GET /robots.txt HTTP/1.1" 404 1019
91.121.168.80 - - [03/Sep/2019:01:32:12 -0500] "GET /PORTAL_SIAC/swf/videos/?C=D;O=A/ HTTP/1.1" 200 13066
69.30.226.234 - - [03/Sep/2019:01:32:12 -0500] "GET /SIG/index.php/ECS/126PM04-PR99.pdf/?dir=Comunicaciones// HTTP/1.1" 200 3186
91.121.168.80 - - [03/Sep/2019:01:32:14 -0500] "GET /PORTAL_SIAC/swf/videos/?C=M;O=A/ HTTP/1.1" 200 13066
91.121.168.80 - - [03/Sep/2019:01:32:15 -0500] "GET /PORTAL_SIAC/swf/videos/?C=N;O=D/ HTTP/1.1" 200 13066
91.121.168.80 - - [03/Sep/2019:01:32:17 -0500] "GET /PORTAL_SIAC/swf/videos/?C=S;O=A/ HTTP/1.1" 200 13066
91.121.168.80 - - [03/Sep/2019:01:32:19 -0500] "GET /PruebasSTORM/Pruebas/?C=D;O=A/ HTTP/1.1" 200 776
91.121.168.80 - - [03/Sep/2019:01:32:20 -0500] "GET /PruebasSTORM/Pruebas/?C=M;O=A/ HTTP/1.1" 200 776
91.121.168.80 - - [03/Sep/2019:01:32:22 -0500] "GET /PruebasSTORM/Pruebas/?C=N;O=D/ HTTP/1.1" 200 776
91.121.168.80 - - [03/Sep/2019:01:32:24 -0500] "GET /PruebasSTORM/Pruebas/?C=S;O=A/ HTTP/1.1" 200 776
69.30.226.234 - - [03/Sep/2019:01:32:24 -0500] "GET /SIG/index.php/ECS/126PM04-PR99.pdf/?dir=Control%20Disciplinario// HTTP/1.1" 200 2985
91.121.168.80 - - [03/Sep/2019:01:32:25 -0500] "GET /PruebasSTORM/StormSDA_pruebas/?C=D;O=A/ HTTP/1.1" 200 3559
91.121.168.80 - - [03/Sep/2019:01:32:27 -0500] "GET /PruebasSTORM/StormSDA_pruebas/?C=M;O=A/ HTTP/1.1" 200 3559
91.121.168.80 - - [03/Sep/2019:01:32:29 -0500] "GET /PruebasSTORM/StormSDA_pruebas/?C=N;O=D/ HTTP/1.1" 200 3559
91.121.168.80 - - [03/Sep/2019:01:32:30 -0500] "GET /PruebasSTORM/StormSDA_pruebas/?C=S;O=A/ HTTP/1.1" 200 3559
69.30.226.234 - - [03/Sep/2019:01:32:31 -0500] "GET /SIG/index.php/ECS/126PM04-PR99.pdf/?dir=Control%20y%20mejora// HTTP/1.1" 200 3075
91.121.168.80 - - [03/Sep/2019:01:32:32 -0500] "GET /PruebasSTORM/StormSDA_pruebas/forms/?C=D;O=A/ HTTP/1.1" 200 3538
69.30.226.234 - - [03/Sep/2019:01:32:36 -0500] "GET /SIG/index.php/ECS/126PM04-PR99.pdf/?dir=Direccionamiento%20Estrategico// HTTP/1.1" 200 4249
69.30.226.234 - - [03/Sep/2019:01:32:41 -0500] "GET /SIG/index.php/ECS/126PM04-PR99.pdf/?dir=ECS// HTTP/1.1" 200 16895
91.121.168.80 - - [03/Sep/2019:01:32:45 -0500] "GET /PruebasSTORM/StormSDA_pruebas/forms/?C=M;O=A/ HTTP/1.1" 200 3538
91.121.168.80 - - [03/Sep/2019:01:32:47 -0500] "GET /PruebasSTORM/StormSDA_pruebas/forms/?C=N;O=D/ HTTP/1.1" 200 3538
91.121.168.80 - - [03/Sep/2019:01:32:48 -0500] "GET /PruebasSTORM/StormSDA_pruebas/forms/?C=S;O=A/ HTTP/1.1" 200 3538
91.121.168.80 - - [03/Sep/2019:01:32:50 -0500] "GET /PruebasSTORM/StormSDA_pruebas/lib/?C=D;O=A/ HTTP/1.1" 200 6445
91.121.168.80 - - [03/Sep/2019:01:32:52 -0500] "GET /PruebasSTORM/StormSDA_pruebas/lib/?C=M;O=A/ HTTP/1.1" 200 6445
91.121.168.80 - - [03/Sep/2019:01:32:53 -0500] "GET /PruebasSTORM/StormSDA_pruebas/lib/?C=N;O=D/ HTTP/1.1" 200 6445
91.121.168.80 - - [03/Sep/2019:01:32:56 -0500] "GET /PruebasSTORM/StormSDA_pruebas/lib/?C=S;O=A/ HTTP/1.1" 200 6445
91.121.168.80 - - [03/Sep/2019:01:32:57 -0500] "GET /PruebasSTORM/StormSDA_pruebas/lib/win32/?C=D;O=A/ HTTP/1.1" 200 1266
91.121.168.80 - - [03/Sep/2019:01:32:59 -0500] "GET /PruebasSTORM/StormSDA_pruebas/lib/win32/?C=M;O=A/ HTTP/1.1" 200 1266
91.121.168.80 - - [03/Sep/2019:01:33:01 -0500] "GET /PruebasSTORM/StormSDA_pruebas/lib/win32/?C=N;O=D/ HTTP/1.1" 200 1266
91.121.168.80 - - [03/Sep/2019:01:33:02 -0500] "GET /PruebasSTORM/StormSDA_pruebas/lib/win32/?C=S;O=A/ HTTP/1.1" 200 1266
91.121.168.80 - - [03/Sep/2019:01:33:04 -0500] "GET /PruebasSTORM/StormSDA_pruebas/nsjars/?C=D;O=A/ HTTP/1.1" 200 4116
91.121.168.80 - - [03/Sep/2019:01:33:05 -0500] "GET /PruebasSTORM/StormSDA_pruebas/nsjars/?C=M;O=A/ HTTP/1.1" 200 4116
91.121.168.80 - - [03/Sep/2019:01:33:07 -0500] "GET /PruebasSTORM/StormSDA_pruebas/nsjars/?C=N;O=D/ HTTP/1.1" 200 4116
91.121.168.80 - - [03/Sep/2019:01:33:09 -0500] "GET /PruebasSTORM/StormSDA_pruebas/nsjars/?C=S;O=A/ HTTP/1.1" 200 4116
91.121.168.80 - - [03/Sep/2019:01:33:10 -0500] "GET /PruebasSTORM/StormSDA_pruebas/storm/?C=D;O=A/ HTTP/1.1" 200 5623
91.121.168.80 - - [03/Sep/2019:01:33:12 -0500] "GET /PruebasSTORM/StormSDA_pruebas/storm/?C=M;O=A/ HTTP/1.1" 200 5623
91.121.168.80 - - [03/Sep/2019:01:33:14 -0500] "GET /PruebasSTORM/StormSDA_pruebas/storm/?C=N;O=D/ HTTP/1.1" 200 5623
91.121.168.80 - - [03/Sep/2019:01:33:16 -0500] "GET /PruebasSTORM/StormSDA_pruebas/storm/?C=S;O=A/ HTTP/1.1" 200 5623
91.121.168.80 - - [03/Sep/2019:01:33:17 -0500] "GET /PruebasSTORM/StormSDA_pruebas/stormWeb/?C=D;O=A/ HTTP/1.1" 200 1475
91.121.168.80 - - [03/Sep/2019:01:33:19 -0500] "GET /PruebasSTORM/StormSDA_pruebas/stormWeb/?C=M;O=A/ HTTP/1.1" 200 1475
91.121.168.80 - - [03/Sep/2019:01:33:21 -0500] "GET /PruebasSTORM/StormSDA_pruebas/stormWeb/?C=N;O=D/ HTTP/1.1" 200 1475
69.30.226.234 - - [03/Sep/2019:01:33:22 -0500] "GET /SIG/index.php/ECS/126PM04-PR99.pdf/?dir=Gestion%20Documental// HTTP/1.1" 200 5851
91.121.168.80 - - [03/Sep/2019:01:33:22 -0500] "GET /PruebasSTORM/StormSDA_pruebas/stormWeb/?C=S;O=A/ HTTP/1.1" 200 1475
91.121.168.80 - - [03/Sep/2019:01:33:24 -0500] "GET /PruebasSTORM/StormSDA_pruebas/stormWeb/img/?C=D;O=A/ HTTP/1.1" 200 2988
91.121.168.80 - - [03/Sep/2019:01:33:26 -0500] "GET /PruebasSTORM/StormSDA_pruebas/stormWeb/img/?C=M;O=A/ HTTP/1.1" 200 2988
91.121.168.80 - - [03/Sep/2019:01:33:28 -0500] "GET /PruebasSTORM/StormSDA_pruebas/stormWeb/img/?C=S;O=A/ HTTP/1.1" 200 2988
91.121.168.80 - - [03/Sep/2019:01:33:31 -0500] "GET /PruebasSTORM/StormSDA_pruebas/storm_silv/?C=D;O=A/ HTTP/1.1" 200 5857
69.30.226.234 - - [03/Sep/2019:01:33:32 -0500] "GET /SIG/index.php/ECS/126PM04-PR99.pdf/?dir=Gestion%20Recursos%20Financieros// HTTP/1.1" 200 9159
91.121.168.80 - - [03/Sep/2019:01:33:32 -0500] "GET /PruebasSTORM/StormSDA_pruebas/storm_silv/?C=M;O=A/ HTTP/1.1" 200 5857
91.121.168.80 - - [03/Sep/2019:01:33:34 -0500] "GET /PruebasSTORM/StormSDA_pruebas/storm_silv/?C=N;O=D/ HTTP/1.1" 200 5857
91.121.168.80 - - [03/Sep/2019:01:33:35 -0500] "GET /PruebasSTORM/StormSDA_pruebas/storm_silv/?C=S;O=A/ HTTP/1.1" 200 5857
91.121.168.80 - - [03/Sep/2019:01:33:37 -0500] "GET /PruebasSTORM/StormSDA_pruebas/userFiles/?C=D;O=A/ HTTP/1.1" 200 5500
91.121.168.80 - - [03/Sep/2019:01:33:39 -0500] "GET /PruebasSTORM/StormSDA_pruebas/userFiles/?C=M;O=A/ HTTP/1.1" 200 5500
69.30.226.234 - - [03/Sep/2019:01:33:39 -0500] "GET /SIG/index.php/Gestion%20Documental/126PA06-PR01%20CONTROL%20DOCUMENTOS%20SIG.pdf/?dir=&sort=date&order=asc/ HTTP/1.1" 200 5711
91.121.168.80 - - [03/Sep/2019:01:33:40 -0500] "GET /PruebasSTORM/StormSDA_pruebas/userFiles/?C=N;O=D/ HTTP/1.1" 200 5500
91.121.168.80 - - [03/Sep/2019:01:33:42 -0500] "GET /PruebasSTORM/StormSDA_pruebas/userFiles/?C=S;O=A/ HTTP/1.1" 200 5500
91.121.168.80 - - [03/Sep/2019:01:33:44 -0500] "GET /PruebasSTORM/StormSDA_pruebas/userFiles/user_files/1/?C=D;O=A/ HTTP/1.1" 200 1754
91.121.168.80 - - [03/Sep/2019:01:33:45 -0500] "GET /PruebasSTORM/StormSDA_pruebas/userFiles/user_files/1/?C=M;O=A/ HTTP/1.1" 200 1754
91.121.168.80 - - [03/Sep/2019:01:33:47 -0500] "GET /PruebasSTORM/StormSDA_pruebas/userFiles/user_files/1/?C=N;O=D/ HTTP/1.1" 200 1754
192.168.175.104 - - [03/Sep/2019:01:33:47 -0500] "GET / HTTP/1.1" 200 9990
91.121.168.80 - - [03/Sep/2019:01:33:49 -0500] "GET /PruebasSTORM/StormSDA_pruebas/userFiles/user_files/1/?C=S;O=A/ HTTP/1.1" 200 1754
91.121.168.80 - - [03/Sep/2019:01:33:51 -0500] "GET /PruebasSTORM/StormSDA_pruebas/userFiles/user_files/85/?C=D;O=A/ HTTP/1.1" 200 1756
69.30.226.234 - - [03/Sep/2019:01:33:51 -0500] "GET /SIG/index.php/Gestion%20Documental/126PA06-PR01%20CONTROL%20DOCUMENTOS%20SIG.pdf/?dir=&sort=name&order=desc/ HTTP/1.1" 200 5711
91.121.168.80 - - [03/Sep/2019:01:33:53 -0500] "GET /PruebasSTORM/StormSDA_pruebas/userFiles/user_files/85/?C=M;O=A/ HTTP/1.1" 200 1756
91.121.168.80 - - [03/Sep/2019:01:33:54 -0500] "GET /PruebasSTORM/StormSDA_pruebas/userFiles/user_files/85/?C=N;O=D/ HTTP/1.1" 200 1756
91.121.168.80 - - [03/Sep/2019:01:33:56 -0500] "GET /PruebasSTORM/StormSDA_pruebas/userFiles/user_files/85/?C=S;O=A/ HTTP/1.1" 200 1756
207.46.13.194 - - [03/Sep/2019:01:33:57 -0500] "GET /SIG/Control%20Disciplinario/plantilla%20para%20Procedimientos%20-%20disciplinario%20ordinario%20version%20080.pdf HTTP/1.1" 200 2256826
91.121.168.80 - - [03/Sep/2019:01:33:58 -0500] "GET /PruebasSTORM/StormSDA_pruebas/userFiles/user_files/86/?C=D;O=A/ HTTP/1.1" 200 1756
91.121.168.80 - - [03/Sep/2019:01:34:00 -0500] "GET /PruebasSTORM/StormSDA_pruebas/userFiles/user_files/86/?C=M;O=A/ HTTP/1.1" 200 1756
69.30.226.234 - - [03/Sep/2019:01:34:00 -0500] "GET /SIG/index.php/Gestion%20Documental/126PA06-PR01%20CONTROL%20DOCUMENTOS%20SIG.pdf/?dir=&sort=size&order=asc/ HTTP/1.1" 200 5711
91.121.168.80 - - [03/Sep/2019:01:34:01 -0500] "GET /PruebasSTORM/StormSDA_pruebas/userFiles/user_files/86/?C=N;O=D/ HTTP/1.1" 200 1756
91.121.168.80 - - [03/Sep/2019:01:34:04 -0500] "GET /PruebasSTORM/StormSDA_pruebas/userFiles/user_files/86/?C=S;O=A/ HTTP/1.1" 200 1756
91.121.168.80 - - [03/Sep/2019:01:34:05 -0500] "GET /PruebasSTORM/StormSDA_pruebas/userFiles/user_files/87/?C=D;O=A/ HTTP/1.1" 200 1756
91.121.168.80 - - [03/Sep/2019:01:34:07 -0500] "GET /PruebasSTORM/StormSDA_pruebas/userFiles/user_files/87/?C=M;O=A/ HTTP/1.1" 200 1756
69.30.226.234 - - [03/Sep/2019:01:34:08 -0500] "GET /SIG/index.php/Gestion%20Documental/126PA06-PR01%20CONTROL%20DOCUMENTOS%20SIG.pdf/?dir=Comunicaciones// HTTP/1.1" 200 3482
91.121.168.80 - - [03/Sep/2019:01:34:09 -0500] "GET /PruebasSTORM/StormSDA_pruebas/userFiles/user_files/87/?C=N;O=D/ HTTP/1.1" 200 1756
91.121.168.80 - - [03/Sep/2019:01:34:10 -0500] "GET /PruebasSTORM/StormSDA_pruebas/userFiles/user_files/87/?C=S;O=A/ HTTP/1.1" 200 1756
91.121.168.80 - - [03/Sep/2019:01:34:12 -0500] "GET /PruebasSTORM/StormSDA_pruebas/userFiles/user_files/88/?C=D;O=A/ HTTP/1.1" 200 1756
91.121.168.80 - - [03/Sep/2019:01:34:14 -0500] "GET /PruebasSTORM/StormSDA_pruebas/userFiles/user_files/88/?C=M;O=A/ HTTP/1.1" 200 1756
91.121.168.80 - - [03/Sep/2019:01:34:16 -0500] "GET /PruebasSTORM/StormSDA_pruebas/userFiles/user_files/88/?C=N;O=D/ HTTP/1.1" 200 1756
91.121.168.80 - - [03/Sep/2019:01:34:17 -0500] "GET /PruebasSTORM/StormSDA_pruebas/userFiles/user_files/88/?C=S;O=A/ HTTP/1.1" 200 1756
91.121.168.80 - - [03/Sep/2019:01:34:19 -0500] "GET /PruebasSTORM/StormSDA_pruebas/userFiles/user_files/89/?C=D;O=A/ HTTP/1.1" 200 1756
69.30.226.234 - - [03/Sep/2019:01:34:20 -0500] "GET /SIG/index.php/Gestion%20Documental/126PA06-PR01%20CONTROL%20DOCUMENTOS%20SIG.pdf/?dir=Control%20Disciplinario// HTTP/1.1" 200 3281
91.121.168.80 - - [03/Sep/2019:01:34:21 -0500] "GET /PruebasSTORM/StormSDA_pruebas/userFiles/user_files/89/?C=M;O=A/ HTTP/1.1" 200 1756
91.121.168.80 - - [03/Sep/2019:01:34:22 -0500] "GET /PruebasSTORM/StormSDA_pruebas/userFiles/user_files/89/?C=N;O=D/ HTTP/1.1" 200 1756
66.249.64.19 - - [03/Sep/2019:01:34:23 -0500] "GET /BLA/resoluciones/AUTOS%202006/AUTOS%202006%202301%20-%202400/00002361.tif HTTP/1.1" 200 298240
91.121.168.80 - - [03/Sep/2019:01:34:24 -0500] "GET /PruebasSTORM/StormSDA_pruebas/userFiles/user_files/89/?C=S;O=A/ HTTP/1.1" 200 1756
91.121.168.80 - - [03/Sep/2019:01:34:26 -0500] "GET /PruebasSTORM/StormSDA_pruebas/userFiles/user_files/90/?C=D;O=A/ HTTP/1.1" 200 1756
91.121.168.80 - - [03/Sep/2019:01:34:27 -0500] "GET /PruebasSTORM/StormSDA_pruebas/userFiles/user_files/90/?C=M;O=A/ HTTP/1.1" 200 1756
69.30.226.234 - - [03/Sep/2019:01:34:28 -0500] "GET /SIG/index.php/Gestion%20Documental/126PA06-PR01%20CONTROL%20DOCUMENTOS%20SIG.pdf/?dir=Control%20y%20mejora// HTTP/1.1" 200 3409
91.121.168.80 - - [03/Sep/2019:01:34:29 -0500] "GET /PruebasSTORM/StormSDA_pruebas/userFiles/user_files/90/?C=N;O=D/ HTTP/1.1" 200 1756
91.121.168.80 - - [03/Sep/2019:01:34:31 -0500] "GET /PruebasSTORM/StormSDA_pruebas/userFiles/user_files/90/?C=S;O=A/ HTTP/1.1" 200 1756
91.121.168.80 - - [03/Sep/2019:01:34:32 -0500] "GET /PruebasSTORM/StormSDA_pruebas/userFiles/user_files/91/?C=D;O=A/ HTTP/1.1" 200 1756
91.121.168.80 - - [03/Sep/2019:01:34:34 -0500] "GET /PruebasSTORM/StormSDA_pruebas/userFiles/user_files/91/?C=M;O=A/ HTTP/1.1" 200 1756
91.121.168.80 - - [03/Sep/2019:01:34:36 -0500] "GET /PruebasSTORM/StormSDA_pruebas/userFiles/user_files/91/?C=N;O=D/ HTTP/1.1" 200 1756
91.121.168.80 - - [03/Sep/2019:01:34:37 -0500] "GET /PruebasSTORM/StormSDA_pruebas/userFiles/user_files/91/?C=S;O=A/ HTTP/1.1" 200 1756
69.30.226.234 - - [03/Sep/2019:01:34:37 -0500] "GET /SIG/index.php/Gestion%20Documental/126PA06-PR01%20CONTROL%20DOCUMENTOS%20SIG.pdf/?dir=Direccionamiento%20Estrategico// HTTP/1.1" 200 4545
91.121.168.80 - - [03/Sep/2019:01:34:39 -0500] "GET /PruebasSTORM/StormSDA_pruebas/userFiles/user_files/92/?C=D;O=A/ HTTP/1.1" 200 1756
66.249.64.19 - - [03/Sep/2019:01:34:41 -0500] "GET /BLA/resoluciones/RESOLUCIONES%202009/9130.pdf HTTP/1.1" 200 405166
91.121.168.80 - - [03/Sep/2019:01:34:41 -0500] "GET /PruebasSTORM/StormSDA_pruebas/userFiles/user_files/92/?C=M;O=A/ HTTP/1.1" 200 1756
91.121.168.80 - - [03/Sep/2019:01:34:42 -0500] "GET /PruebasSTORM/StormSDA_pruebas/userFiles/user_files/92/?C=N;O=D/ HTTP/1.1" 200 1756
91.121.168.80 - - [03/Sep/2019:01:34:44 -0500] "GET /PruebasSTORM/StormSDA_pruebas/userFiles/user_files/92/?C=S;O=A/ HTTP/1.1" 200 1756
69.30.226.234 - - [03/Sep/2019:01:34:46 -0500] "GET /SIG/index.php/Gestion%20Documental/126PA06-PR01%20CONTROL%20DOCUMENTOS%20SIG.pdf/?dir=ECS// HTTP/1.1" 200 17191
69.30.226.234 - - [03/Sep/2019:01:34:52 -0500] "GET /SIG/index.php/Gestion%20Documental/126PA06-PR01%20CONTROL%20DOCUMENTOS%20SIG.pdf/?dir=Gestion%20Documental// HTTP/1.1" 200 6147
45.238.181.201 - - [03/Sep/2019:01:34:55 -0500] "GET /galeria/galeria/jquery.fancybox.js?v=2.1.5 HTTP/1.1" 200 48706
45.238.181.201 - - [03/Sep/2019:01:34:55 -0500] "GET /BLA/boletinlegal/js/jquery.scrollShow.js HTTP/1.1" 200 4586
45.238.181.201 - - [03/Sep/2019:01:34:55 -0500] "GET /galeria/galeria/jquery.fancybox.css?v=2.1.5 HTTP/1.1" 200 4895
91.121.168.80 - - [03/Sep/2019:01:34:56 -0500] "GET /PruebasSTORM/StormSDA_pruebas/userFiles/user_files/93/?C=D;O=A/ HTTP/1.1" 200 1756
91.121.168.80 - - [03/Sep/2019:01:34:57 -0500] "GET /PruebasSTORM/StormSDA_pruebas/userFiles/user_files/93/?C=M;O=A/ HTTP/1.1" 200 1756
91.121.168.80 - - [03/Sep/2019:01:34:59 -0500] "GET /PruebasSTORM/StormSDA_pruebas/userFiles/user_files/93/?C=N;O=D/ HTTP/1.1" 200 1756
91.121.168.80 - - [03/Sep/2019:01:35:01 -0500] "GET /PruebasSTORM/StormSDA_pruebas/userFiles/user_files/95/?C=M;O=A/ HTTP/1.1" 200 1756
165.227.102.84 - - [03/Sep/2019:01:35:02 -0500] "HEAD /icons/apache_pb.gif HTTP/1.0" 200 -
91.121.168.80 - - [03/Sep/2019:01:35:02 -0500] "GET /PruebasSTORM/StormSDA_pruebas/userFiles/user_files/97/?C=D;O=A/ HTTP/1.1" 200 1756
69.30.226.234 - - [03/Sep/2019:01:35:03 -0500] "GET /SIG/index.php/Gestion%20Documental/126PA06-PR01%20CONTROL%20DOCUMENTOS%20SIG.pdf/?dir=Gestion%20Recursos%20Financieros// HTTP/1.1" 200 9455
91.121.168.80 - - [03/Sep/2019:01:35:04 -0500] "GET /PruebasSTORM/StormSDA_pruebas/userFiles/user_files/97/?C=N;O=D/ HTTP/1.1" 200 1756
91.121.168.80 - - [03/Sep/2019:01:35:06 -0500] "GET /PruebasSTORM/StormSDA_pruebas/userFiles/user_files/97/?C=S;O=A/ HTTP/1.1" 200 1756
91.121.168.80 - - [03/Sep/2019:01:35:07 -0500] "GET /PruebasSTORM/StormSDA_pruebas/userFiles/user_files/98/?C=D;O=A/ HTTP/1.1" 200 1756
91.121.168.80 - - [03/Sep/2019:01:35:09 -0500] "GET /PruebasSTORM/StormSDA_pruebas/userFiles/user_files/98/?C=M;O=A/ HTTP/1.1" 200 1756
91.121.168.80 - - [03/Sep/2019:01:35:11 -0500] "GET /PruebasSTORM/StormSDA_pruebas/userFiles/user_files/formulas/3/?C=D;O=A/ HTTP/1.1" 200 111022
91.121.168.80 - - [03/Sep/2019:01:35:13 -0500] "GET /PruebasSTORM/StormSDA_pruebas/userFiles/user_files/formulas/3/?C=N;O=D/ HTTP/1.1" 200 111022
91.121.168.80 - - [03/Sep/2019:01:35:15 -0500] "GET /PruebasSTORM/StormSDA_pruebas/userFiles/user_files/formulas/3/?C=S;O=A/ HTTP/1.1" 200 111022
69.30.226.234 - - [03/Sep/2019:01:35:16 -0500] "GET /SIG/index.php/Gestion%20Documental/126PA06-PR02%20CONTROL%20REGISTROS.pdf/?dir=&sort=date&order=asc/ HTTP/1.1" 200 5616
91.121.168.80 - - [03/Sep/2019:01:35:17 -0500] "GET /PruebasSTORM/StormSDA_pruebas/userFiles/user_files/formulas/4/?C=M;O=A/ HTTP/1.1" 200 905
66.249.64.117 - - [03/Sep/2019:01:35:17 -0500] "GET /galeria/juegos/ear/EARI.swf HTTP/1.1" 200 526915
91.121.168.80 - - [03/Sep/2019:01:35:19 -0500] "GET /PruebasSTORM/StormSDA_pruebas/userFiles/user_files/formulas/4/?C=N;O=D/ HTTP/1.1" 200 905
66.249.64.117 - - [03/Sep/2019:01:35:19 -0500] "GET /galeria/juegos/ear/EARI.swf HTTP/1.1" 200 526915
91.121.168.80 - - [03/Sep/2019:01:35:21 -0500] "GET /PruebasSTORM/StormSDA_pruebas/userFiles/user_files/formulas/4/?C=S;O=A/ HTTP/1.1" 200 905
91.121.168.80 - - [03/Sep/2019:01:35:22 -0500] "GET /PruebasSTORM/StormSDA_pruebas/userFiles/user_files/listas/?C=D;O=A/ HTTP/1.1" 200 49942
91.121.168.80 - - [03/Sep/2019:01:35:24 -0500] "GET /PruebasSTORM/StormSDA_pruebas/userFiles/user_files/listas/?C=M;O=A/ HTTP/1.1" 200 49942
66.249.64.113 - - [03/Sep/2019:01:35:26 -0500] "GET /galeria/juegos/ear/SkinUnderPlaySeekStop.swf HTTP/1.1" 404 1015
91.121.168.80 - - [03/Sep/2019:01:35:26 -0500] "GET /PruebasSTORM/StormSDA_pruebas/userFiles/user_files/listas/?C=N;O=D/ HTTP/1.1" 200 49942
69.30.226.234 - - [03/Sep/2019:01:35:27 -0500] "GET /SIG/index.php/Gestion%20Documental/126PA06-PR02%20CONTROL%20REGISTROS.pdf/?dir=&sort=name&order=desc/ HTTP/1.1" 200 5616
91.121.168.80 - - [03/Sep/2019:01:35:28 -0500] "GET /PruebasSTORM/StormSDA_pruebas/userFiles/user_files/listas/?C=S;O=A/ HTTP/1.1" 200 49942
91.121.168.80 - - [03/Sep/2019:01:35:34 -0500] "GET /PruebasSTORM/silvicultura2Pruebas/?C=D;O=A/ HTTP/1.1" 200 1235
91.121.168.80 - - [03/Sep/2019:01:35:35 -0500] "GET /PruebasSTORM/silvicultura2Pruebas/?C=M;O=A/ HTTP/1.1" 200 1235
69.30.226.234 - - [03/Sep/2019:01:35:37 -0500] "GET /SIG/index.php/Gestion%20Documental/126PA06-PR02%20CONTROL%20REGISTROS.pdf/?dir=&sort=size&order=asc/ HTTP/1.1" 200 5616
167.0.236.59 - - [03/Sep/2019:01:35:37 -0500] "GET /galeria/galeria/jquery.fancybox.css?v=2.1.5 HTTP/1.1" 200 4895
167.0.236.59 - - [03/Sep/2019:01:35:37 -0500] "GET /BLA/boletinlegal/js/jquery.scrollShow.js HTTP/1.1" 200 4586
167.0.236.59 - - [03/Sep/2019:01:35:37 -0500] "GET /galeria/galeria/jquery.fancybox.js?v=2.1.5 HTTP/1.1" 200 48706
91.121.168.80 - - [03/Sep/2019:01:35:37 -0500] "GET /PruebasSTORM/silvicultura2Pruebas/?C=N;O=D/ HTTP/1.1" 200 1235
192.168.175.104 - - [03/Sep/2019:01:35:38 -0500] "GET / HTTP/1.0" 200 9990
91.121.168.80 - - [03/Sep/2019:01:35:39 -0500] "GET /PruebasSTORM/silvicultura2Pruebas/?C=S;O=A/ HTTP/1.1" 200 1235
91.121.168.80 - - [03/Sep/2019:01:35:40 -0500] "GET /SIG/index.php/?dir=&sort=date&order=asc/ HTTP/1.1" 200 4532
91.121.168.80 - - [03/Sep/2019:01:35:42 -0500] "GET /SIG/index.php/?dir=&sort=name&order=asc/ HTTP/1.1" 200 4532
91.121.168.80 - - [03/Sep/2019:01:35:44 -0500] "GET /SIG/index.php/?dir=&sort=name&order=desc/ HTTP/1.1" 200 4532
69.162.124.232 - - [03/Sep/2019:01:35:44 -0500] "HEAD / HTTP/1.1" 200 -
91.121.168.80 - - [03/Sep/2019:01:35:45 -0500] "GET /SIG/index.php/?dir=&sort=size&order=asc/ HTTP/1.1" 200 4532
91.121.168.80 - - [03/Sep/2019:01:35:47 -0500] "GET /SIG/index.php/?dir=Comunicaciones// HTTP/1.1" 200 3011
69.30.226.234 - - [03/Sep/2019:01:35:47 -0500] "GET /SIG/index.php/Gestion%20Documental/126PA06-PR02%20CONTROL%20REGISTROS.pdf/?dir=Comunicaciones// HTTP/1.1" 200 3447
91.121.168.80 - - [03/Sep/2019:01:35:49 -0500] "GET /SIG/index.php/?dir=Comunicaciones//&sort=date&order=asc/ HTTP/1.1" 200 3010
91.121.168.80 - - [03/Sep/2019:01:35:52 -0500] "GET /SIG/index.php/?dir=Comunicaciones//&sort=name&order=desc/ HTTP/1.1" 200 3010
91.121.168.80 - - [03/Sep/2019:01:35:53 -0500] "GET /SIG/index.php/?dir=Comunicaciones//&sort=size&order=asc/ HTTP/1.1" 200 3010
69.30.226.234 - - [03/Sep/2019:01:35:55 -0500] "GET /SIG/index.php/Gestion%20Documental/126PA06-PR02%20CONTROL%20REGISTROS.pdf/?dir=Control%20Disciplinario// HTTP/1.1" 200 3246
91.121.168.80 - - [03/Sep/2019:01:35:55 -0500] "GET /SIG/index.php/?dir=Control%20Disciplinario// HTTP/1.1" 200 2810
91.121.168.80 - - [03/Sep/2019:01:35:57 -0500] "GET /SIG/index.php/?dir=Control%20Disciplinario//&sort=date&order=asc/ HTTP/1.1" 200 2809
91.121.168.80 - - [03/Sep/2019:01:35:59 -0500] "GET /SIG/index.php/?dir=Control%20Disciplinario//&sort=name&order=desc/ HTTP/1.1" 200 2809
91.121.168.80 - - [03/Sep/2019:01:36:01 -0500] "GET /SIG/index.php/?dir=Control%20Disciplinario//&sort=size&order=asc/ HTTP/1.1" 200 2809
91.121.168.80 - - [03/Sep/2019:01:36:02 -0500] "GET /SIG/index.php/?dir=Control%20y%20mejora// HTTP/1.1" 200 2879
91.121.168.80 - - [03/Sep/2019:01:36:04 -0500] "GET /SIG/index.php/?dir=Control%20y%20mejora//&sort=date&order=asc/ HTTP/1.1" 200 2878
91.121.168.80 - - [03/Sep/2019:01:36:06 -0500] "GET /SIG/index.php/?dir=Control%20y%20mejora//&sort=name&order=desc/ HTTP/1.1" 200 2878
91.121.168.80 - - [03/Sep/2019:01:36:07 -0500] "GET /SIG/index.php/?dir=Control%20y%20mejora//&sort=size&order=asc/ HTTP/1.1" 200 2878
91.121.168.80 - - [03/Sep/2019:01:36:09 -0500] "GET /SIG/index.php/?dir=Control%20y%20mejora//Control%20y%20mejora// HTTP/1.1" 200 3043
69.30.226.234 - - [03/Sep/2019:01:36:10 -0500] "GET /SIG/index.php/Gestion%20Documental/126PA06-PR02%20CONTROL%20REGISTROS.pdf/?dir=Control%20y%20mejora// HTTP/1.1" 200 3369
91.121.168.80 - - [03/Sep/2019:01:36:11 -0500] "GET /SIG/index.php/?dir=Control%20y%20mejora//Control%20y%20mejora//&sort=name&order=asc/ HTTP/1.1" 200 3042
91.121.168.80 - - [03/Sep/2019:01:36:12 -0500] "GET /SIG/index.php/?dir=Direccionamiento%20Estrategico// HTTP/1.1" 200 4074
91.121.168.80 - - [03/Sep/2019:01:36:14 -0500] "GET /SIG/index.php/?dir=Direccionamiento%20Estrategico//&sort=date&order=asc/ HTTP/1.1" 200 4073
91.121.168.80 - - [03/Sep/2019:01:36:16 -0500] "GET /SIG/index.php/?dir=Direccionamiento%20Estrategico//&sort=name&order=desc/ HTTP/1.1" 200 4073
91.121.168.80 - - [03/Sep/2019:01:36:17 -0500] "GET /SIG/index.php/?dir=Direccionamiento%20Estrategico//&sort=size&order=asc/ HTTP/1.1" 200 4073
91.121.168.80 - - [03/Sep/2019:01:36:19 -0500] "GET /SIG/index.php/?dir=ECS// HTTP/1.1" 200 16720
69.30.226.234 - - [03/Sep/2019:01:36:20 -0500] "GET /SIG/index.php/Gestion%20Documental/126PA06-PR02%20CONTROL%20REGISTROS.pdf/?dir=Direccionamiento%20Estrategico// HTTP/1.1" 200 4510
91.121.168.80 - - [03/Sep/2019:01:36:23 -0500] "GET /SIG/index.php/?dir=ECS//&sort=date&order=asc/ HTTP/1.1" 200 16719
91.121.168.80 - - [03/Sep/2019:01:36:25 -0500] "GET /SIG/index.php/?dir=ECS//&sort=name&order=desc/ HTTP/1.1" 200 16719
91.121.168.80 - - [03/Sep/2019:01:36:26 -0500] "GET /SIG/index.php/?dir=ECS//&sort=size&order=asc/ HTTP/1.1" 200 16719
91.121.168.80 - - [03/Sep/2019:01:36:28 -0500] "GET /SIG/index.php/?dir=Gestion%20Documental// HTTP/1.1" 200 5676
69.30.226.234 - - [03/Sep/2019:01:36:29 -0500] "GET /SIG/index.php/Gestion%20Documental/126PA06-PR02%20CONTROL%20REGISTROS.pdf/?dir=ECS// HTTP/1.1" 200 17156
91.121.168.80 - - [03/Sep/2019:01:36:30 -0500] "GET /SIG/index.php/?dir=Gestion%20Documental//&sort=date&order=asc/ HTTP/1.1" 200 5675
91.121.168.80 - - [03/Sep/2019:01:36:32 -0500] "GET /SIG/index.php/?dir=Gestion%20Documental//&sort=name&order=desc/ HTTP/1.1" 200 5675
91.121.168.80 - - [03/Sep/2019:01:36:33 -0500] "GET /SIG/index.php/?dir=Gestion%20Documental//&sort=size&order=asc/ HTTP/1.1" 200 5675
91.121.168.80 - - [03/Sep/2019:01:36:35 -0500] "GET /SIG/index.php/?dir=Gestion%20Recursos%20Financieros// HTTP/1.1" 200 8984
91.121.168.80 - - [03/Sep/2019:01:36:37 -0500] "GET /SIG/index.php/?dir=Gestion%20Recursos%20Financieros//&sort=date&order=asc/ HTTP/1.1" 200 8983
69.30.226.234 - - [03/Sep/2019:01:36:37 -0500] "GET /SIG/index.php/Gestion%20Documental/126PA06-PR02%20CONTROL%20REGISTROS.pdf/?dir=Gestion%20Documental// HTTP/1.1" 200 6112
91.121.168.80 - - [03/Sep/2019:01:36:40 -0500] "GET /SIG/index.php/?dir=Gestion%20Recursos%20Financieros//&sort=name&order=desc/ HTTP/1.1" 200 8983
91.121.168.80 - - [03/Sep/2019:01:36:41 -0500] "GET /SIG/index.php/?dir=Gestion%20Recursos%20Financieros//&sort=size&order=asc/ HTTP/1.1" 200 8983
91.121.168.80 - - [03/Sep/2019:01:36:44 -0500] "GET /SIG/index.php/Comunicaciones/126PG02-PR01.pdf/?dir=&sort=name&order=asc/ HTTP/1.1" 200 5190
91.121.168.80 - - [03/Sep/2019:01:36:45 -0500] "GET /SIG/index.php/Comunicaciones/126PG02-PR01.pdf/?dir=Comunicaciones//&sort=date&order=asc/ HTTP/1.1" 200 3284
69.30.226.234 - - [03/Sep/2019:01:36:46 -0500] "GET /SIG/index.php/Gestion%20Documental/126PA06-PR02%20CONTROL%20REGISTROS.pdf/?dir=Gestion%20Recursos%20Financieros// HTTP/1.1" 200 9420
91.121.168.80 - - [03/Sep/2019:01:36:47 -0500] "GET /SIG/index.php/Comunicaciones/126PG02-PR01.pdf/?dir=Comunicaciones//&sort=name&order=desc/ HTTP/1.1" 200 3284
91.121.168.80 - - [03/Sep/2019:01:36:48 -0500] "GET /SIG/index.php/Control%20y%20mejora/126PE01-PR08.pdf/?dir=ECS// HTTP/1.1" 200 17012
91.121.168.80 - - [03/Sep/2019:01:36:50 -0500] "GET /SIG/index.php/Control%20y%20mejora/126PE01-PR08.pdf/?dir=Gestion%20Documental// HTTP/1.1" 200 5968
91.121.168.80 - - [03/Sep/2019:01:36:52 -0500] "GET /SIG/index.php/Control%20y%20mejora/126PE01-PR08.pdf/?dir=Gestion%20Recursos%20Financieros// HTTP/1.1" 200 9276
69.30.226.234 - - [03/Sep/2019:01:36:53 -0500] "GET /SIG/index.php/Gestion%20Documental/126PA06-PR03%20CONSULTA%20Y%20PRETAMO%20DOCUMENTOS.pdf/?dir=&sort=date&order=asc/ HTTP/1.1" 200 5844
91.121.168.80 - - [03/Sep/2019:01:36:54 -0500] "GET /SIG/index.php/Direccionamiento%20Estrategico/126PG01-PR07.pdf/?dir=Gestion%20Documental// HTTP/1.1" 200 6076
91.121.168.80 - - [03/Sep/2019:01:36:55 -0500] "GET /SIG/index.php/Direccionamiento%20Estrategico/126PG01-PR07.pdf/?dir=Gestion%20Recursos%20Financieros// HTTP/1.1" 200 9384
91.121.168.80 - - [03/Sep/2019:01:36:57 -0500] "GET /SIG/index.php/ECS/126PM04-PR08.pdf/ECS/126PM04-PR103.pdf/?dir=&sort=date&order=asc/ HTTP/1.1" 200 5419
91.121.168.80 - - [03/Sep/2019:01:36:59 -0500] "GET /SIG/index.php/ECS/126PM04-PR08.pdf/ECS/126PM04-PR103.pdf/?dir=&sort=name&order=desc/ HTTP/1.1" 200 5419
91.121.168.80 - - [03/Sep/2019:01:37:00 -0500] "GET /SIG/index.php/ECS/126PM04-PR08.pdf/ECS/126PM04-PR103.pdf/?dir=Gestion%20Documental// HTTP/1.1" 200 6047
91.121.168.80 - - [03/Sep/2019:01:37:02 -0500] "GET /SIG/index.php/ECS/126PM04-PR08.pdf/ECS/126PM04-PR103.pdf/?dir=Gestion%20Recursos%20Financieros// HTTP/1.1" 200 9355
91.121.168.80 - - [03/Sep/2019:01:37:04 -0500] "GET /SIG/index.php/ECS/126PM04-PR08.pdf/ECS/126PM04-PR13.pdf/?dir=&sort=date&order=asc/ HTTP/1.1" 200 5400
69.30.226.234 - - [03/Sep/2019:01:37:05 -0500] "GET /SIG/index.php/Gestion%20Documental/126PA06-PR03%20CONSULTA%20Y%20PRETAMO%20DOCUMENTOS.pdf/?dir=&sort=name&order=desc/ HTTP/1.1" 200 5844
91.121.168.80 - - [03/Sep/2019:01:37:05 -0500] "GET /SIG/index.php/ECS/126PM04-PR08.pdf/ECS/126PM04-PR13.pdf/?dir=&sort=name&order=desc/ HTTP/1.1" 200 5400
91.121.168.80 - - [03/Sep/2019:01:37:13 -0500] "GET /SIG/index.php/ECS/126PM04-PR08.pdf/ECS/126PM04-PR13.pdf/?dir=&sort=size&order=asc/ HTTP/1.1" 200 5400
91.121.168.80 - - [03/Sep/2019:01:37:14 -0500] "GET /SIG/index.php/ECS/126PM04-PR08.pdf/ECS/126PM04-PR13.pdf/?dir=Comunicaciones// HTTP/1.1" 200 3375
69.30.226.234 - - [03/Sep/2019:01:37:15 -0500] "GET /SIG/index.php/Gestion%20Documental/126PA06-PR03%20CONSULTA%20Y%20PRETAMO%20DOCUMENTOS.pdf/?dir=&sort=size&order=asc/ HTTP/1.1" 200 5844
91.121.168.80 - - [03/Sep/2019:01:37:16 -0500] "GET /SIG/index.php/ECS/126PM04-PR08.pdf/ECS/126PM04-PR13.pdf/?dir=Control%20Disciplinario// HTTP/1.1" 200 3174
91.121.168.80 - - [03/Sep/2019:01:37:18 -0500] "GET /SIG/index.php/ECS/126PM04-PR08.pdf/ECS/126PM04-PR13.pdf/?dir=Control%20y%20mejora// HTTP/1.1" 200 3285
91.121.168.80 - - [03/Sep/2019:01:37:19 -0500] "GET /SIG/index.php/ECS/126PM04-PR08.pdf/ECS/126PM04-PR13.pdf/?dir=Direccionamiento%20Estrategico// HTTP/1.1" 200 4438
91.121.168.80 - - [03/Sep/2019:01:37:21 -0500] "GET /SIG/index.php/ECS/126PM04-PR08.pdf/ECS/126PM04-PR13.pdf/?dir=ECS// HTTP/1.1" 200 17084
91.121.168.80 - - [03/Sep/2019:01:37:23 -0500] "GET /SIG/index.php/ECS/126PM04-PR08.pdf/ECS/126PM04-PR13.pdf/?dir=Gestion%20Documental// HTTP/1.1" 200 6040
69.30.226.234 - - [03/Sep/2019:01:37:24 -0500] "GET /SIG/index.php/Gestion%20Documental/126PA06-PR03%20CONSULTA%20Y%20PRETAMO%20DOCUMENTOS.pdf/?dir=Comunicaciones// HTTP/1.1" 200 3531
91.121.168.80 - - [03/Sep/2019:01:37:24 -0500] "GET /SIG/index.php/ECS/126PM04-PR08.pdf/ECS/126PM04-PR13.pdf/?dir=Gestion%20Recursos%20Financieros// HTTP/1.1" 200 9348
91.121.168.80 - - [03/Sep/2019:01:37:27 -0500] "GET /SIG/index.php/ECS/126PM04-PR08.pdf/ECS/126PM04-PR14.pdf/?dir=&sort=date&order=asc/ HTTP/1.1" 200 5400
