91.121.168.80 - - [03/Sep/2019:01:37:29 -0500] "GET /SIG/index.php/ECS/126PM04-PR08.pdf/ECS/126PM04-PR14.pdf/?dir=&sort=name&order=desc/ HTTP/1.1" 200 5400
167.0.236.59 - - [03/Sep/2019:01:37:29 -0500] "GET /galeria/galeria/jquery.fancybox.css?v=2.1.5 HTTP/1.1" 304 -
167.0.236.59 - - [03/Sep/2019:01:37:29 -0500] "GET /BLA/boletinlegal/js/jquery.scrollShow.js HTTP/1.1" 304 -
167.0.236.59 - - [03/Sep/2019:01:37:29 -0500] "GET /galeria/galeria/jquery.fancybox.js?v=2.1.5 HTTP/1.1" 304 -
91.121.168.80 - - [03/Sep/2019:01:37:30 -0500] "GET /SIG/index.php/ECS/126PM04-PR08.pdf/ECS/126PM04-PR14.pdf/?dir=&sort=size&order=asc/ HTTP/1.1" 200 5400
91.121.168.80 - - [03/Sep/2019:01:37:32 -0500] "GET /SIG/index.php/ECS/126PM04-PR08.pdf/ECS/126PM04-PR14.pdf/?dir=Comunicaciones// HTTP/1.1" 200 3375
91.121.168.80 - - [03/Sep/2019:01:37:34 -0500] "GET /SIG/index.php/ECS/126PM04-PR08.pdf/ECS/126PM04-PR14.pdf/?dir=Control%20Disciplinario// HTTP/1.1" 200 3174
69.30.226.234 - - [03/Sep/2019:01:37:35 -0500] "GET /SIG/index.php/Gestion%20Documental/126PA06-PR03%20CONSULTA%20Y%20PRETAMO%20DOCUMENTOS.pdf/?dir=Control%20Disciplinario// HTTP/1.1" 200 3330
91.121.168.80 - - [03/Sep/2019:01:37:35 -0500] "GET /SIG/index.php/ECS/126PM04-PR08.pdf/ECS/126PM04-PR14.pdf/?dir=Control%20y%20mejora// HTTP/1.1" 200 3285
91.121.168.80 - - [03/Sep/2019:01:37:37 -0500] "GET /SIG/index.php/ECS/126PM04-PR08.pdf/ECS/126PM04-PR14.pdf/?dir=Direccionamiento%20Estrategico// HTTP/1.1" 200 4438
91.121.168.80 - - [03/Sep/2019:01:37:39 -0500] "GET /SIG/index.php/ECS/126PM04-PR08.pdf/ECS/126PM04-PR14.pdf/?dir=ECS// HTTP/1.1" 200 17084
91.121.168.80 - - [03/Sep/2019:01:37:41 -0500] "GET /SIG/index.php/ECS/126PM04-PR08.pdf/ECS/126PM04-PR18.pdf/?dir=Direccionamiento%20Estrategico// HTTP/1.1" 200 4438
91.121.168.80 - - [03/Sep/2019:01:37:42 -0500] "GET /SIG/index.php/ECS/126PM04-PR08.pdf/ECS/126PM04-PR82.pdf/ECS/126PM04-PR95.pdf/?dir=&sort=name&order=desc/ HTTP/1.1" 200 5841
91.121.168.80 - - [03/Sep/2019:01:37:44 -0500] "GET /SIG/index.php/ECS/126PM04-PR08.pdf/ECS/126PM04-PR82.pdf/ECS/126PM04-PR95.pdf/?dir=&sort=size&order=asc/ HTTP/1.1" 200 5841
69.30.226.234 - - [03/Sep/2019:01:37:46 -0500] "GET /SIG/index.php/Gestion%20Documental/126PA06-PR03%20CONSULTA%20Y%20PRETAMO%20DOCUMENTOS.pdf/?dir=Control%20y%20mejora// HTTP/1.1" 200 3465
91.121.168.80 - - [03/Sep/2019:01:37:46 -0500] "GET /SIG/index.php/ECS/126PM04-PR08.pdf/ECS/126PM04-PR82.pdf/ECS/126PM04-PR95.pdf/?dir=Comunicaciones// HTTP/1.1" 200 3564
66.249.88.125 - - [03/Sep/2019:01:37:47 -0500] "GET /galeria/galeria/jquery.fancybox.css?v=2.1.5 HTTP/1.1" 200 4895
66.249.88.125 - - [03/Sep/2019:01:37:47 -0500] "GET /BLA/boletinlegal/js/jquery.scrollShow.js HTTP/1.1" 200 4586
66.249.88.125 - - [03/Sep/2019:01:37:47 -0500] "GET /galeria/galeria/jquery.fancybox.js?v=2.1.5 HTTP/1.1" 200 48706
180.163.220.5 - - [03/Sep/2019:01:37:53 -0500] "GET /galeria/galeria/jquery.fancybox.css?v=2.1.5 HTTP/1.1" 200 4895
180.163.220.3 - - [03/Sep/2019:01:37:53 -0500] "GET /galeria/carrusel/Carrusel/jquery.thumbnailScroller.css HTTP/1.1" 200 2066
180.163.220.68 - - [03/Sep/2019:01:37:53 -0500] "GET /BLA/boletinlegal/js/jquery.scrollShow.js HTTP/1.1" 200 4586
180.163.220.3 - - [03/Sep/2019:01:37:53 -0500] "GET /galeria/galeria/jquery.fancybox.js?v=2.1.5 HTTP/1.1" 200 48706
180.163.220.3 - - [03/Sep/2019:01:37:53 -0500] "GET /galeria/carrusel/Carrusel/jquery-ui-1.8.13.custom.min.js HTTP/1.1" 200 10800
180.163.220.67 - - [03/Sep/2019:01:37:54 -0500] "GET /galeria/carrusel/Carrusel/jquery.thumbnailScroller.js HTTP/1.1" 200 8157
69.30.226.234 - - [03/Sep/2019:01:37:57 -0500] "GET /SIG/index.php/Gestion%20Documental/126PA06-PR03%20CONSULTA%20Y%20PRETAMO%20DOCUMENTOS.pdf/?dir=Direccionamiento%20Estrategico// HTTP/1.1" 200 4594
91.121.168.80 - - [03/Sep/2019:01:37:59 -0500] "GET /SIG/index.php/ECS/126PM04-PR08.pdf/ECS/126PM04-PR82.pdf/ECS/126PM04-PR95.pdf/?dir=Control%20Disciplinario// HTTP/1.1" 200 3363
91.121.168.80 - - [03/Sep/2019:01:38:02 -0500] "GET /SIG/index.php/ECS/126PM04-PR08.pdf/ECS/126PM04-PR82.pdf/ECS/126PM04-PR95.pdf/?dir=Control%20y%20mejora// HTTP/1.1" 200 3495
91.121.168.80 - - [03/Sep/2019:01:38:04 -0500] "GET /SIG/index.php/ECS/126PM04-PR08.pdf/ECS/126PM04-PR82.pdf/ECS/126PM04-PR95.pdf/?dir=Direccionamiento%20Estrategico// HTTP/1.1" 200 4627
91.121.168.80 - - [03/Sep/2019:01:38:06 -0500] "GET /SIG/index.php/ECS/126PM04-PR08.pdf/ECS/126PM04-PR82.pdf/ECS/126PM04-PR95.pdf/?dir=ECS// HTTP/1.1" 200 17273
91.121.168.80 - - [03/Sep/2019:01:38:07 -0500] "GET /SIG/index.php/ECS/126PM04-PR09.pdf/?dir=&sort=name&order=asc/ HTTP/1.1" 200 4959
91.121.168.80 - - [03/Sep/2019:01:38:09 -0500] "GET /SIG/index.php/ECS/126PM04-PR09.pdf/?dir=Control%20Disciplinario//&sort=date&order=asc/ HTTP/1.1" 200 2984
69.30.226.234 - - [03/Sep/2019:01:38:09 -0500] "GET /SIG/index.php/Gestion%20Documental/126PA06-PR03%20CONSULTA%20Y%20PRETAMO%20DOCUMENTOS.pdf/?dir=ECS// HTTP/1.1" 200 17240
91.121.168.80 - - [03/Sep/2019:01:38:11 -0500] "GET /SIG/index.php/ECS/126PM04-PR09.pdf/?dir=Control%20Disciplinario//&sort=name&order=desc/ HTTP/1.1" 200 2984
91.121.168.80 - - [03/Sep/2019:01:38:12 -0500] "GET /SIG/index.php/ECS/126PM04-PR09.pdf/?dir=Control%20Disciplinario//&sort=size&order=asc/ HTTP/1.1" 200 2984
91.121.168.80 - - [03/Sep/2019:01:38:14 -0500] "GET /SIG/index.php/ECS/126PM04-PR09.pdf/?dir=Control%20y%20mejora//&sort=date&order=asc/ HTTP/1.1" 200 3074
91.121.168.80 - - [03/Sep/2019:01:38:16 -0500] "GET /SIG/index.php/ECS/126PM04-PR09.pdf/?dir=Control%20y%20mejora//&sort=name&order=desc/ HTTP/1.1" 200 3074
91.121.168.80 - - [03/Sep/2019:01:38:17 -0500] "GET /SIG/index.php/ECS/126PM04-PR09.pdf/?dir=Control%20y%20mejora//&sort=size&order=asc/ HTTP/1.1" 200 3074
91.121.168.80 - - [03/Sep/2019:01:38:19 -0500] "GET /SIG/index.php/ECS/126PM04-PR09.pdf/?dir=Control%20y%20mejora//Control%20y%20mejora// HTTP/1.1" 200 3260
91.121.168.80 - - [03/Sep/2019:01:38:20 -0500] "GET /SIG/index.php/ECS/126PM04-PR09.pdf/?dir=Direccionamiento%20Estrategico//&sort=date&order=asc/ HTTP/1.1" 200 4248
91.121.168.80 - - [03/Sep/2019:01:38:22 -0500] "GET /SIG/index.php/ECS/126PM04-PR09.pdf/?dir=Direccionamiento%20Estrategico//&sort=name&order=desc/ HTTP/1.1" 200 4248
91.121.168.80 - - [03/Sep/2019:01:38:24 -0500] "GET /SIG/index.php/ECS/126PM04-PR09.pdf/?dir=Direccionamiento%20Estrategico//&sort=size&order=asc/ HTTP/1.1" 200 4248
69.30.226.234 - - [03/Sep/2019:01:38:25 -0500] "GET /SIG/index.php/Gestion%20Documental/126PA06-PR03%20CONSULTA%20Y%20PRETAMO%20DOCUMENTOS.pdf/?dir=Gestion%20Documental// HTTP/1.1" 200 6196
91.121.168.80 - - [03/Sep/2019:01:38:25 -0500] "GET /SIG/index.php/ECS/126PM04-PR09.pdf/?dir=ECS//&sort=date&order=asc/ HTTP/1.1" 200 16894
91.121.168.80 - - [03/Sep/2019:01:38:27 -0500] "GET /SIG/index.php/ECS/126PM04-PR09.pdf/?dir=ECS//&sort=name&order=desc/ HTTP/1.1" 200 16894
91.121.168.80 - - [03/Sep/2019:01:38:29 -0500] "GET /SIG/index.php/ECS/126PM04-PR09.pdf/?dir=ECS//&sort=size&order=asc/ HTTP/1.1" 200 16894
91.121.168.80 - - [03/Sep/2019:01:38:31 -0500] "GET /SIG/index.php/ECS/126PM04-PR09.pdf/?dir=Gestion%20Documental//&sort=date&order=asc/ HTTP/1.1" 200 5850
91.121.168.80 - - [03/Sep/2019:01:38:33 -0500] "GET /SIG/index.php/ECS/126PM04-PR09.pdf/?dir=Gestion%20Documental//&sort=name&order=desc/ HTTP/1.1" 200 5850
91.121.168.80 - - [03/Sep/2019:01:38:34 -0500] "GET /SIG/index.php/ECS/126PM04-PR09.pdf/?dir=Gestion%20Documental//&sort=size&order=asc/ HTTP/1.1" 200 5850
69.30.226.234 - - [03/Sep/2019:01:38:35 -0500] "GET /SIG/index.php/Gestion%20Documental/126PA06-PR03%20CONSULTA%20Y%20PRETAMO%20DOCUMENTOS.pdf/?dir=Gestion%20Recursos%20Financieros// HTTP/1.1" 200 9504
91.121.168.80 - - [03/Sep/2019:01:38:36 -0500] "GET /SIG/index.php/ECS/126PM04-PR09.pdf/?dir=Gestion%20Recursos%20Financieros//&sort=date&order=asc/ HTTP/1.1" 200 9158
91.121.168.80 - - [03/Sep/2019:01:38:38 -0500] "GET /SIG/index.php/ECS/126PM04-PR09.pdf/?dir=Gestion%20Recursos%20Financieros//&sort=name&order=desc/ HTTP/1.1" 200 9158
91.121.168.80 - - [03/Sep/2019:01:38:40 -0500] "GET /SIG/index.php/ECS/126PM04-PR09.pdf/?dir=Gestion%20Recursos%20Financieros//&sort=size&order=asc/ HTTP/1.1" 200 9158
91.121.168.80 - - [03/Sep/2019:01:38:42 -0500] "GET /SIG/index.php/ECS/126PM04-PR39.pdf/?dir=Control%20Disciplinario//&sort=size&order=asc/ HTTP/1.1" 200 2984
91.121.168.80 - - [03/Sep/2019:01:38:43 -0500] "GET /SIG/index.php/ECS/126PM04-PR42.pdf/?dir=Comunicaciones//&sort=date&order=asc/ HTTP/1.1" 200 3185
69.30.226.234 - - [03/Sep/2019:01:38:45 -0500] "GET /SIG/index.php/Gestion%20Documental/126PA06-PR04%20INGRESO%20Y%20ORGANIZ.%20DOCUMENTACION%20ARCHIVO%20CENTRAL.pdf/?dir=&sort=date&order=asc/ HTTP/1.1" 200 6205
91.121.168.80 - - [03/Sep/2019:01:38:45 -0500] "GET /SIG/index.php/ECS/126PM04-PR42.pdf/?dir=Comunicaciones//&sort=name&order=desc/ HTTP/1.1" 200 3185
201.245.192.253 - - [03/Sep/2019:01:38:11 -0500] "POST /kwsrmcab/Wsrmcab HTTP/1.1" 200 28389
192.168.175.104 - - [03/Sep/2019:01:38:45 -0500] "GET / HTTP/1.1" 200 9990
91.121.168.80 - - [03/Sep/2019:01:38:47 -0500] "GET /SIG/index.php/ECS/126PM04-PR42.pdf/?dir=Comunicaciones//&sort=size&order=asc/ HTTP/1.1" 200 3185
91.121.168.80 - - [03/Sep/2019:01:38:48 -0500] "GET /SIG/index.php/ECS/126PM04-PR42.pdf/?dir=Control%20Disciplinario//&sort=date&order=asc/ HTTP/1.1" 200 2984
91.121.168.80 - - [03/Sep/2019:01:38:50 -0500] "GET /SIG/index.php/ECS/126PM04-PR42.pdf/?dir=Control%20Disciplinario//&sort=name&order=desc/ HTTP/1.1" 200 2984
91.121.168.80 - - [03/Sep/2019:01:38:51 -0500] "GET /SIG/index.php/ECS/126PM04-PR42.pdf/?dir=Control%20Disciplinario//&sort=size&order=asc/ HTTP/1.1" 200 2984
91.121.168.80 - - [03/Sep/2019:01:38:53 -0500] "GET /SIG/index.php/ECS/126PM04-PR42.pdf/?dir=Control%20y%20mejora//&sort=date&order=asc/ HTTP/1.1" 200 3074
69.30.226.234 - - [03/Sep/2019:01:38:54 -0500] "GET /SIG/index.php/Gestion%20Documental/126PA06-PR04%20INGRESO%20Y%20ORGANIZ.%20DOCUMENTACION%20ARCHIVO%20CENTRAL.pdf/?dir=&sort=name&order=desc/ HTTP/1.1" 200 6205
91.121.168.80 - - [03/Sep/2019:01:38:55 -0500] "GET /SIG/index.php/ECS/126PM04-PR42.pdf/?dir=Control%20y%20mejora//&sort=name&order=desc/ HTTP/1.1" 200 3074
91.121.168.80 - - [03/Sep/2019:01:38:56 -0500] "GET /SIG/index.php/ECS/126PM04-PR42.pdf/?dir=Control%20y%20mejora//&sort=size&order=asc/ HTTP/1.1" 200 3074
91.121.168.80 - - [03/Sep/2019:01:38:58 -0500] "GET /SIG/index.php/ECS/126PM04-PR42.pdf/?dir=Control%20y%20mejora//Control%20y%20mejora// HTTP/1.1" 200 3260
91.121.168.80 - - [03/Sep/2019:01:39:00 -0500] "GET /SIG/index.php/ECS/126PM04-PR42.pdf/?dir=Direccionamiento%20Estrategico//&sort=date&order=asc/ HTTP/1.1" 200 4248
69.30.226.234 - - [03/Sep/2019:01:39:02 -0500] "GET /SIG/index.php/Gestion%20Documental/126PA06-PR04%20INGRESO%20Y%20ORGANIZ.%20DOCUMENTACION%20ARCHIVO%20CENTRAL.pdf/?dir=Comunicaciones// HTTP/1.1" 200 3664
91.121.168.80 - - [03/Sep/2019:01:39:02 -0500] "GET /SIG/index.php/ECS/126PM04-PR42.pdf/?dir=Direccionamiento%20Estrategico//&sort=name&order=desc/ HTTP/1.1" 200 4248
91.121.168.80 - - [03/Sep/2019:01:39:03 -0500] "GET /SIG/index.php/ECS/126PM04-PR42.pdf/?dir=Direccionamiento%20Estrategico//&sort=size&order=asc/ HTTP/1.1" 200 4248
91.121.168.80 - - [03/Sep/2019:01:39:08 -0500] "GET /SIG/index.php/ECS/126PM04-PR42.pdf/?dir=ECS//&sort=date&order=asc/ HTTP/1.1" 200 16894
91.121.168.80 - - [03/Sep/2019:01:39:09 -0500] "GET /SIG/index.php/ECS/126PM04-PR42.pdf/?dir=ECS//&sort=name&order=desc/ HTTP/1.1" 200 16894
91.121.168.80 - - [03/Sep/2019:01:39:11 -0500] "GET /SIG/index.php/ECS/126PM04-PR42.pdf/?dir=ECS//&sort=size&order=asc/ HTTP/1.1" 200 16894
69.30.226.234 - - [03/Sep/2019:01:39:12 -0500] "GET /SIG/index.php/Gestion%20Documental/126PA06-PR04%20INGRESO%20Y%20ORGANIZ.%20DOCUMENTACION%20ARCHIVO%20CENTRAL.pdf/?dir=Control%20Disciplinario// HTTP/1.1" 200 3463
91.121.168.80 - - [03/Sep/2019:01:39:13 -0500] "GET /SIG/index.php/ECS/126PM04-PR42.pdf/?dir=Gestion%20Documental//&sort=date&order=asc/ HTTP/1.1" 200 5850
91.121.168.80 - - [03/Sep/2019:01:39:15 -0500] "GET /SIG/index.php/ECS/126PM04-PR42.pdf/?dir=Gestion%20Documental//&sort=name&order=desc/ HTTP/1.1" 200 5850
69.30.226.234 - - [03/Sep/2019:01:39:20 -0500] "GET /SIG/index.php/Gestion%20Documental/126PA06-PR04%20INGRESO%20Y%20ORGANIZ.%20DOCUMENTACION%20ARCHIVO%20CENTRAL.pdf/?dir=Control%20y%20mejora// HTTP/1.1" 200 3617
69.30.226.234 - - [03/Sep/2019:01:39:28 -0500] "GET /SIG/index.php/Gestion%20Documental/126PA06-PR04%20INGRESO%20Y%20ORGANIZ.%20DOCUMENTACION%20ARCHIVO%20CENTRAL.pdf/?dir=Direccionamiento%20Estrategico// HTTP/1.1" 200 4727
91.121.168.80 - - [03/Sep/2019:01:39:38 -0500] "GET /SIG/index.php/ECS/126PM04-PR42.pdf/?dir=Gestion%20Documental//&sort=size&order=asc/ HTTP/1.1" 200 5850
91.121.168.80 - - [03/Sep/2019:01:39:40 -0500] "GET /SIG/index.php/ECS/126PM04-PR42.pdf/?dir=Gestion%20Recursos%20Financieros//&sort=date&order=asc/ HTTP/1.1" 200 9158
69.30.226.234 - - [03/Sep/2019:01:39:40 -0500] "GET /SIG/index.php/Gestion%20Documental/126PA06-PR04%20INGRESO%20Y%20ORGANIZ.%20DOCUMENTACION%20ARCHIVO%20CENTRAL.pdf/?dir=Gestion%20Recursos%20Financieros// HTTP/1.1" 200 9637
91.121.168.80 - - [03/Sep/2019:01:39:42 -0500] "GET /SIG/index.php/ECS/126PM04-PR42.pdf/?dir=Gestion%20Recursos%20Financieros//&sort=name&order=desc/ HTTP/1.1" 200 9158
91.121.168.80 - - [03/Sep/2019:01:39:44 -0500] "GET /SIG/index.php/ECS/126PM04-PR42.pdf/?dir=Gestion%20Recursos%20Financieros//&sort=size&order=asc/ HTTP/1.1" 200 9158
91.121.168.80 - - [03/Sep/2019:01:39:46 -0500] "GET /SIG/index.php?dir=Control%20y%20mejora//Control%20y%20mejora//&sort=date&order=asc/ HTTP/1.1" 200 3033
91.121.168.80 - - [03/Sep/2019:01:39:47 -0500] "GET /SIG/index.php?dir=Control%20y%20mejora//Control%20y%20mejora//&sort=name&order=desc/ HTTP/1.1" 200 3033
69.30.226.234 - - [03/Sep/2019:01:39:48 -0500] "GET /SIG/index.php/Gestion%20Documental/126PA06-PR05%20ORGANIZACION%20Y%20TRANFERENCIA%20DOCUMENTAL.pdf/?dir=&sort=date&order=asc/ HTTP/1.1" 200 6015
91.121.168.80 - - [03/Sep/2019:01:39:49 -0500] "GET /StormSDA/forms/?C=D;O=A/ HTTP/1.1" 200 3475
54.36.150.182 - - [03/Sep/2019:01:39:50 -0500] "GET /SIG/index.php?dir=Gestion%20Documental/&sort=date&order=desc HTTP/1.1" 200 5566
91.121.168.80 - - [03/Sep/2019:01:39:51 -0500] "GET /StormSDA/forms/?C=M;O=A/ HTTP/1.1" 200 3475
91.121.168.80 - - [03/Sep/2019:01:39:52 -0500] "GET /StormSDA/forms/?C=N;O=D/ HTTP/1.1" 200 3475
91.121.168.80 - - [03/Sep/2019:01:39:54 -0500] "GET /StormSDA/forms/?C=S;O=A/ HTTP/1.1" 200 3475
91.121.168.80 - - [03/Sep/2019:01:39:56 -0500] "GET /StormSDA/lib/?C=D;O=A/ HTTP/1.1" 200 6379
69.30.226.234 - - [03/Sep/2019:01:39:57 -0500] "GET /SIG/index.php/Gestion%20Documental/126PA06-PR05%20ORGANIZACION%20Y%20TRANFERENCIA%20DOCUMENTAL.pdf/?dir=&sort=name&order=desc/ HTTP/1.1" 200 6015
91.121.168.80 - - [03/Sep/2019:01:39:58 -0500] "GET /StormSDA/lib/?C=M;O=A/ HTTP/1.1" 200 6379
91.121.168.80 - - [03/Sep/2019:01:39:59 -0500] "GET /StormSDA/lib/?C=N;O=D/ HTTP/1.1" 200 6379
91.121.168.80 - - [03/Sep/2019:01:40:01 -0500] "GET /StormSDA/lib/?C=S;O=A/ HTTP/1.1" 200 6379
91.121.168.80 - - [03/Sep/2019:01:40:02 -0500] "GET /StormSDA/lib/win32/?C=D;O=A/ HTTP/1.1" 200 1203
91.121.168.80 - - [03/Sep/2019:01:40:04 -0500] "GET /StormSDA/lib/win32/?C=M;O=A/ HTTP/1.1" 200 1203
91.121.168.80 - - [03/Sep/2019:01:40:06 -0500] "GET /StormSDA/lib/win32/?C=N;O=D/ HTTP/1.1" 200 1203
91.121.168.80 - - [03/Sep/2019:01:40:07 -0500] "GET /StormSDA/lib/win32/?C=S;O=A/ HTTP/1.1" 200 1203
69.30.226.234 - - [03/Sep/2019:01:40:08 -0500] "GET /SIG/index.php/Gestion%20Documental/126PA06-PR05%20ORGANIZACION%20Y%20TRANFERENCIA%20DOCUMENTAL.pdf/?dir=&sort=size&order=asc/ HTTP/1.1" 200 6015
91.121.168.80 - - [03/Sep/2019:01:40:09 -0500] "GET /StormSDA/nsjars/?C=D;O=A/ HTTP/1.1" 200 5602
91.121.168.80 - - [03/Sep/2019:01:40:11 -0500] "GET /StormSDA/nsjars/?C=M;O=A/ HTTP/1.1" 200 5602
91.121.168.80 - - [03/Sep/2019:01:40:13 -0500] "GET /StormSDA/nsjars/?C=N;O=D/ HTTP/1.1" 200 5602
91.121.168.80 - - [03/Sep/2019:01:40:14 -0500] "GET /StormSDA/nsjars/?C=S;O=A/ HTTP/1.1" 200 5602
91.121.168.80 - - [03/Sep/2019:01:40:16 -0500] "GET /StormSDA/storm/?C=D;O=A/ HTTP/1.1" 200 5557
207.46.13.29 - - [03/Sep/2019:01:40:17 -0500] "GET /BLA/boletinlegal/js/jquery.scrollShow.js HTTP/1.1" 200 4586
91.121.168.80 - - [03/Sep/2019:01:40:18 -0500] "GET /StormSDA/storm/?C=M;O=A/ HTTP/1.1" 200 5557
69.30.226.234 - - [03/Sep/2019:01:40:18 -0500] "GET /SIG/index.php/Gestion%20Documental/126PA06-PR05%20ORGANIZACION%20Y%20TRANFERENCIA%20DOCUMENTAL.pdf/?dir=Comunicaciones// HTTP/1.1" 200 3594
91.121.168.80 - - [03/Sep/2019:01:40:19 -0500] "GET /StormSDA/storm/?C=N;O=D/ HTTP/1.1" 200 5557
91.121.168.80 - - [03/Sep/2019:01:40:21 -0500] "GET /StormSDA/storm/?C=S;O=A/ HTTP/1.1" 200 5557
207.46.13.135 - - [03/Sep/2019:01:40:21 -0500] "GET /robots.txt HTTP/1.1" 404 1018
91.121.168.80 - - [03/Sep/2019:01:40:23 -0500] "GET /StormSDA/stormWeb/img/?C=D;O=A/ HTTP/1.1" 200 2925
91.121.168.80 - - [03/Sep/2019:01:40:24 -0500] "GET /StormSDA/stormWeb/img/?C=M;O=A/ HTTP/1.1" 200 2925
207.46.13.204 - - [03/Sep/2019:01:40:26 -0500] "GET /galeria/galeria/jquery.fancybox.css?v=2.1.5 HTTP/1.1" 200 4895
91.121.168.80 - - [03/Sep/2019:01:40:26 -0500] "GET /StormSDA/stormWeb/img/?C=N;O=D/ HTTP/1.1" 200 2925
69.30.226.234 - - [03/Sep/2019:01:40:27 -0500] "GET /SIG/index.php/Gestion%20Documental/126PA06-PR05%20ORGANIZACION%20Y%20TRANFERENCIA%20DOCUMENTAL.pdf/?dir=Control%20Disciplinario// HTTP/1.1" 200 3393
91.121.168.80 - - [03/Sep/2019:01:40:27 -0500] "GET /StormSDA/stormWeb/img/?C=S;O=A/ HTTP/1.1" 200 2925
91.121.168.80 - - [03/Sep/2019:01:40:29 -0500] "GET /StormSDA/userFiles%20-%20Copy%2019-07-2012/?C=D;O=A/ HTTP/1.1" 200 5900
91.121.168.80 - - [03/Sep/2019:01:40:31 -0500] "GET /StormSDA/userFiles%20-%20Copy%2019-07-2012/?C=M;O=A/ HTTP/1.1" 200 5900
91.121.168.80 - - [03/Sep/2019:01:40:33 -0500] "GET /StormSDA/userFiles%20-%20Copy%2019-07-2012/?C=N;O=D/ HTTP/1.1" 200 5900
91.121.168.80 - - [03/Sep/2019:01:40:34 -0500] "GET /StormSDA/userFiles%20-%20Copy%2019-07-2012/?C=S;O=A/ HTTP/1.1" 200 5900
91.121.168.80 - - [03/Sep/2019:01:40:36 -0500] "GET /StormSDA/userFiles%20-%20Copy%2019-07-2012/user_files/1/?C=D;O=A/ HTTP/1.1" 200 1751
66.249.64.20 - - [03/Sep/2019:01:40:36 -0500] "GET /BLA/resoluciones/RESOLUCIONES%202009/0728.pdf HTTP/1.1" 200 335316
192.168.175.104 - - [03/Sep/2019:01:40:36 -0500] "GET / HTTP/1.0" 200 9990
91.121.168.80 - - [03/Sep/2019:01:40:37 -0500] "GET /StormSDA/userFiles%20-%20Copy%2019-07-2012/user_files/1/?C=M;O=A/ HTTP/1.1" 200 1751
181.58.223.147 - - [03/Sep/2019:01:40:38 -0500] "GET /BLA/boletinlegal/js/jquery.scrollShow.js HTTP/1.1" 200 4586
181.58.223.147 - - [03/Sep/2019:01:40:38 -0500] "GET /galeria/galeria/jquery.fancybox.js?v=2.1.5 HTTP/1.1" 200 48706
69.30.226.234 - - [03/Sep/2019:01:40:38 -0500] "GET /SIG/index.php/Gestion%20Documental/126PA06-PR05%20ORGANIZACION%20Y%20TRANFERENCIA%20DOCUMENTAL.pdf/?dir=Control%20y%20mejora// HTTP/1.1" 200 3537
181.58.223.147 - - [03/Sep/2019:01:40:38 -0500] "GET /galeria/galeria/jquery.fancybox.css?v=2.1.5 HTTP/1.1" 200 4895
181.58.223.147 - - [03/Sep/2019:01:40:38 -0500] "GET /galeria/carrusel/Carrusel/jquery.thumbnailScroller.css HTTP/1.1" 200 2066
181.58.223.147 - - [03/Sep/2019:01:40:38 -0500] "GET /galeria/carrusel/Carrusel/jquery-ui-1.8.13.custom.min.js HTTP/1.1" 200 10800
181.58.223.147 - - [03/Sep/2019:01:40:38 -0500] "GET /galeria/carrusel/Carrusel/jquery.thumbnailScroller.js HTTP/1.1" 200 8157
91.121.168.80 - - [03/Sep/2019:01:40:39 -0500] "GET /StormSDA/userFiles%20-%20Copy%2019-07-2012/user_files/1/?C=N;O=D/ HTTP/1.1" 200 1751
181.58.223.147 - - [03/Sep/2019:01:40:39 -0500] "GET /galeria/nivo-slider/demo/demo.html HTTP/1.1" 200 4905
181.58.223.147 - - [03/Sep/2019:01:40:40 -0500] "GET /galeria/nivo-slider/nivo-slider.css HTTP/1.1" 200 1507
181.58.223.147 - - [03/Sep/2019:01:40:40 -0500] "GET /galeria/nivo-slider/themes/orman/orman.css HTTP/1.1" 200 2152
181.58.223.147 - - [03/Sep/2019:01:40:40 -0500] "GET /galeria/nivo-slider/themes/default/default.css HTTP/1.1" 200 1569
181.58.223.147 - - [03/Sep/2019:01:40:40 -0500] "GET /galeria/nivo-slider/themes/pascal/pascal.css HTTP/1.1" 200 2258
181.58.223.147 - - [03/Sep/2019:01:40:40 -0500] "GET /galeria/nivo-slider/demo/style.css HTTP/1.1" 200 2222
181.58.223.147 - - [03/Sep/2019:01:40:40 -0500] "GET /galeria/nivo-slider/demo/images/Banner%20Visor%20Geografico%20Ambiental.jpg HTTP/1.1" 200 204673
181.58.223.147 - - [03/Sep/2019:01:40:40 -0500] "GET /galeria/nivo-slider/demo/scripts/jquery-1.7.1.min.js HTTP/1.1" 200 93868
181.58.223.147 - - [03/Sep/2019:01:40:40 -0500] "GET /galeria/nivo-slider/demo/images/bannersectorambiente.png HTTP/1.1" 200 308540
181.58.223.147 - - [03/Sep/2019:01:40:40 -0500] "GET /galeria/nivo-slider/demo/images/puntos%20atencion%20BANNER.jpg HTTP/1.1" 200 244208
181.58.223.147 - - [03/Sep/2019:01:40:40 -0500] "GET /galeria/nivo-slider/demo/images/Banner%20impacto.jpg HTTP/1.1" 200 72695
181.58.223.147 - - [03/Sep/2019:01:40:40 -0500] "GET /galeria/nivo-slider/demo/images/Caminatas%20septiembre%202019.jpg HTTP/1.1" 200 204949
181.58.223.147 - - [03/Sep/2019:01:40:40 -0500] "GET /galeria/nivo-slider/demo/images/Banner%20Conpes.jpg HTTP/1.1" 200 55220
181.58.223.147 - - [03/Sep/2019:01:40:40 -0500] "GET /galeria/nivo-slider/demo/images/Banneranonimos.png HTTP/1.1" 200 109388
91.121.168.80 - - [03/Sep/2019:01:40:41 -0500] "GET /StormSDA/userFiles%20-%20Copy%2019-07-2012/user_files/1/?C=S;O=A/ HTTP/1.1" 200 1751
181.58.223.147 - - [03/Sep/2019:01:40:41 -0500] "GET /galeria/nivo-slider/demo/images/Banner%20RCD.jpg HTTP/1.1" 200 92197
181.58.223.147 - - [03/Sep/2019:01:40:41 -0500] "GET /galeria/nivo-slider/demo/images/banner-bolsas-plasticas.jpg HTTP/1.1" 200 317939
181.58.223.147 - - [03/Sep/2019:01:40:41 -0500] "GET /galeria/nivo-slider/demo/images/Banner%20practicas%20sostenibles.jpg HTTP/1.1" 200 142958
181.58.223.147 - - [03/Sep/2019:01:40:41 -0500] "GET /galeria/nivo-slider/demo/images/Banner%20POT.png HTTP/1.1" 200 418238
181.58.223.147 - - [03/Sep/2019:01:40:42 -0500] "GET /galeria/nivo-slider/demo/images/Banner%20web%20Ecoempresarial%20ago.jpg HTTP/1.1" 200 752526
181.58.223.147 - - [03/Sep/2019:01:40:42 -0500] "GET /galeria/nivo-slider/demo/images/banner-humedales-de-bogota.jpg HTTP/1.1" 200 292611
181.58.223.147 - - [03/Sep/2019:01:40:42 -0500] "GET /galeria/nivo-slider/demo/images/BANNER%20punto.jpg HTTP/1.1" 200 75932
91.121.168.80 - - [03/Sep/2019:01:40:42 -0500] "GET /StormSDA/userFiles%20-%20Copy%2019-07-2012/user_files/85/?C=D;O=A/ HTTP/1.1" 200 877
181.58.223.147 - - [03/Sep/2019:01:40:43 -0500] "GET /galeria/nivo-slider/demo/images/Banner%20consumo%20sostenible%20final.jpg HTTP/1.1" 200 364746
181.58.223.147 - - [03/Sep/2019:01:40:43 -0500] "GET /galeria/nivo-slider/demo/images/Banner%20agua.png HTTP/1.1" 200 333961
181.58.223.147 - - [03/Sep/2019:01:40:43 -0500] "GET /galeria/nivo-slider/demo/images/banner%20lluvias.jpg HTTP/1.1" 200 254815
181.58.223.147 - - [03/Sep/2019:01:40:43 -0500] "GET /galeria/nivo-slider/demo/images/4Simple_Slider.png HTTP/1.1" 200 11722
181.58.223.147 - - [03/Sep/2019:01:40:44 -0500] "GET /galeria/nivo-slider/themes/default/loading.gif HTTP/1.1" 200 1737
181.58.223.147 - - [03/Sep/2019:01:40:44 -0500] "GET /galeria/nivo-slider/jquery.nivo.slider.pack.js HTTP/1.1" 200 11561
91.121.168.80 - - [03/Sep/2019:01:40:44 -0500] "GET /StormSDA/userFiles%20-%20Copy%2019-07-2012/user_files/85/?C=M;O=A/ HTTP/1.1" 200 877
181.58.223.147 - - [03/Sep/2019:01:40:44 -0500] "GET /galeria/nivo-slider/demo/images/banner%20reciclaton%20agosto.jpg HTTP/1.1" 200 244820
69.162.124.232 - - [03/Sep/2019:01:40:45 -0500] "HEAD / HTTP/1.1" 200 -
91.121.168.80 - - [03/Sep/2019:01:40:46 -0500] "GET /StormSDA/userFiles%20-%20Copy%2019-07-2012/user_files/85/?C=N;O=D/ HTTP/1.1" 200 877
181.58.223.147 - - [03/Sep/2019:01:40:46 -0500] "GET /galeria/nivo-slider/themes/default/arrows.png HTTP/1.1" 200 824
181.58.223.147 - - [03/Sep/2019:01:40:46 -0500] "GET /galeria/nivo-slider/themes/default/bullets.png HTTP/1.1" 200 1281
69.30.226.234 - - [03/Sep/2019:01:40:46 -0500] "GET /SIG/index.php/Gestion%20Documental/126PA06-PR05%20ORGANIZACION%20Y%20TRANFERENCIA%20DOCUMENTAL.pdf/?dir=Direccionamiento%20Estrategico// HTTP/1.1" 200 4657
91.121.168.80 - - [03/Sep/2019:01:40:47 -0500] "GET /StormSDA/userFiles%20-%20Copy%2019-07-2012/user_files/85/?C=S;O=A/ HTTP/1.1" 200 877
91.121.168.80 - - [03/Sep/2019:01:40:49 -0500] "GET /StormSDA/userFiles%20-%20Copy%2019-07-2012/user_files/86/?C=D;O=A/ HTTP/1.1" 200 877
91.121.168.80 - - [03/Sep/2019:01:40:51 -0500] "GET /StormSDA/userFiles%20-%20Copy%2019-07-2012/user_files/86/?C=M;O=A/ HTTP/1.1" 200 877
69.30.226.234 - - [03/Sep/2019:01:40:57 -0500] "GET /SIG/index.php/Gestion%20Documental/126PA06-PR05%20ORGANIZACION%20Y%20TRANFERENCIA%20DOCUMENTAL.pdf/?dir=ECS// HTTP/1.1" 200 17303
69.30.226.234 - - [03/Sep/2019:01:41:06 -0500] "GET /SIG/index.php/Gestion%20Documental/126PA06-PR05%20ORGANIZACION%20Y%20TRANFERENCIA%20DOCUMENTAL.pdf/?dir=Gestion%20Documental// HTTP/1.1" 200 6259
69.30.226.234 - - [03/Sep/2019:01:41:20 -0500] "GET /SIG/index.php/Gestion%20Documental/126PA06-PR08%20CONTROL%20Y%20TRAITE%20CORRESPONDENCIA%20EXTERNA%20RECIBIDA.pdf/?dir=&sort=name&order=desc/ HTTP/1.1" 200 6224
66.249.64.20 - - [03/Sep/2019:01:41:24 -0500] "GET /BLA/resoluciones/AUTOS%202014/1124.pdf HTTP/1.1" 200 362344
69.30.226.234 - - [03/Sep/2019:01:41:26 -0500] "GET /SIG/index.php/Gestion%20Documental/126PA06-PR08%20CONTROL%20Y%20TRAITE%20CORRESPONDENCIA%20EXTERNA%20RECIBIDA.pdf/?dir=&sort=size&order=asc/ HTTP/1.1" 200 6224
66.102.8.83 - - [03/Sep/2019:01:41:28 -0500] "GET /galeria/galeria/jquery.fancybox.css?v=2.1.5 HTTP/1.1" 200 4895
66.102.8.83 - - [03/Sep/2019:01:41:29 -0500] "GET /galeria/galeria/jquery.fancybox.css?v=2.1.5 HTTP/1.1" 304 -
66.102.8.84 - - [03/Sep/2019:01:41:29 -0500] "GET /BLA/boletinlegal/js/jquery.scrollShow.js HTTP/1.1" 304 -
66.102.8.85 - - [03/Sep/2019:01:41:29 -0500] "GET /galeria/galeria/jquery.fancybox.js?v=2.1.5 HTTP/1.1" 304 -
66.102.8.84 - - [03/Sep/2019:01:41:29 -0500] "GET /BLA/boletinlegal/js/jquery.scrollShow.js HTTP/1.1" 304 -
66.102.8.83 - - [03/Sep/2019:01:41:29 -0500] "GET /galeria/galeria/jquery.fancybox.js?v=2.1.5 HTTP/1.1" 304 -
66.102.8.85 - - [03/Sep/2019:01:41:29 -0500] "GET /galeria/nivo-slider/demo/demo.html HTTP/1.1" 200 4905
66.102.8.83 - - [03/Sep/2019:01:41:29 -0500] "GET /galeria/galeria/jquery.fancybox.css?v=2.1.5 HTTP/1.1" 304 -
66.102.8.84 - - [03/Sep/2019:01:41:30 -0500] "GET /galeria/galeria/jquery.fancybox.js?v=2.1.5 HTTP/1.1" 304 -
66.102.8.83 - - [03/Sep/2019:01:41:30 -0500] "GET /BLA/boletinlegal/js/jquery.scrollShow.js HTTP/1.1" 304 -
66.102.8.84 - - [03/Sep/2019:01:41:30 -0500] "GET /galeria/galeria/jquery.fancybox.css?v=2.1.5 HTTP/1.1" 304 -
69.30.226.234 - - [03/Sep/2019:01:41:38 -0500] "GET /SIG/index.php/Gestion%20Documental/126PA06-PR08%20CONTROL%20Y%20TRAITE%20CORRESPONDENCIA%20EXTERNA%20RECIBIDA.pdf/?dir=Comunicaciones// HTTP/1.1" 200 3671
69.30.226.234 - - [03/Sep/2019:01:41:49 -0500] "GET /SIG/index.php/Gestion%20Documental/126PA06-PR08%20CONTROL%20Y%20TRAITE%20CORRESPONDENCIA%20EXTERNA%20RECIBIDA.pdf/?dir=Control%20Disciplinario// HTTP/1.1" 200 3470
69.30.226.234 - - [03/Sep/2019:01:42:05 -0500] "GET /SIG/index.php/Gestion%20Documental/126PA06-PR08%20CONTROL%20Y%20TRAITE%20CORRESPONDENCIA%20EXTERNA%20RECIBIDA.pdf/?dir=Control%20y%20mejora// HTTP/1.1" 200 3625
69.30.226.234 - - [03/Sep/2019:01:42:12 -0500] "GET /SIG/index.php/Gestion%20Documental/126PA06-PR08%20CONTROL%20Y%20TRAITE%20CORRESPONDENCIA%20EXTERNA%20RECIBIDA.pdf/?dir=Direccionamiento%20Estrategico// HTTP/1.1" 200 4734
69.30.226.234 - - [03/Sep/2019:01:42:21 -0500] "GET /SIG/index.php/Gestion%20Documental/126PA06-PR08%20CONTROL%20Y%20TRAITE%20CORRESPONDENCIA%20EXTERNA%20RECIBIDA.pdf/?dir=ECS// HTTP/1.1" 200 17380
69.30.226.234 - - [03/Sep/2019:01:42:37 -0500] "GET /SIG/index.php/Gestion%20Documental/126PA06-PR08%20CONTROL%20Y%20TRAITE%20CORRESPONDENCIA%20EXTERNA%20RECIBIDA.pdf/?dir=Gestion%20Documental// HTTP/1.1" 200 6336
69.30.226.234 - - [03/Sep/2019:01:42:45 -0500] "GET /SIG/index.php/Gestion%20Documental/126PA06-PR09%20CIRCULARIZACION%20Y%20PRETAMO%20MATERIAL%20CENTRO%20DOCUMENTACION.pdf/?dir=&sort=name&order=desc/ HTTP/1.1" 200 6338
69.30.226.234 - - [03/Sep/2019:01:43:01 -0500] "GET /SIG/index.php/Gestion%20Documental/126PA06-PR09%20CIRCULARIZACION%20Y%20PRETAMO%20MATERIAL%20CENTRO%20DOCUMENTACION.pdf/?dir=&sort=size&order=asc/ HTTP/1.1" 200 6338
69.30.226.234 - - [03/Sep/2019:01:43:09 -0500] "GET /SIG/index.php/Gestion%20Documental/126PA06-PR09%20CIRCULARIZACION%20Y%20PRETAMO%20MATERIAL%20CENTRO%20DOCUMENTACION.pdf/?dir=Comunicaciones// HTTP/1.1" 200 3713
69.30.226.234 - - [03/Sep/2019:01:43:23 -0500] "GET /SIG/index.php/Gestion%20Documental/126PA06-PR09%20CIRCULARIZACION%20Y%20PRETAMO%20MATERIAL%20CENTRO%20DOCUMENTACION.pdf/?dir=Control%20Disciplinario// HTTP/1.1" 200 3512
69.30.226.234 - - [03/Sep/2019:01:43:32 -0500] "GET /SIG/index.php/Gestion%20Documental/126PA06-PR09%20CIRCULARIZACION%20Y%20PRETAMO%20MATERIAL%20CENTRO%20DOCUMENTACION.pdf/?dir=Control%20y%20mejora// HTTP/1.1" 200 3673
69.30.226.234 - - [03/Sep/2019:01:43:41 -0500] "GET /SIG/index.php/Gestion%20Documental/126PA06-PR09%20CIRCULARIZACION%20Y%20PRETAMO%20MATERIAL%20CENTRO%20DOCUMENTACION.pdf/?dir=Direccionamiento%20Estrategico// HTTP/1.1" 200 4776
192.168.175.104 - - [03/Sep/2019:01:43:44 -0500] "GET / HTTP/1.1" 200 9990
69.30.226.234 - - [03/Sep/2019:01:43:48 -0500] "GET /SIG/index.php/Gestion%20Documental/126PA06-PR09%20CIRCULARIZACION%20Y%20PRETAMO%20MATERIAL%20CENTRO%20DOCUMENTACION.pdf/?dir=ECS// HTTP/1.1" 200 17422
69.30.226.234 - - [03/Sep/2019:01:43:57 -0500] "GET /SIG/index.php/Gestion%20Documental/126PA06-PR09%20CIRCULARIZACION%20Y%20PRETAMO%20MATERIAL%20CENTRO%20DOCUMENTACION.pdf/?dir=Gestion%20Documental// HTTP/1.1" 200 6378
69.30.226.234 - - [03/Sep/2019:01:44:09 -0500] "GET /SIG/index.php/Gestion%20Documental/126PA06-PR09%20CIRCULARIZACION%20Y%20PRETAMO%20MATERIAL%20CENTRO%20DOCUMENTACION.pdf/?dir=Gestion%20Recursos%20Financieros// HTTP/1.1" 200 9686
69.30.226.234 - - [03/Sep/2019:01:44:17 -0500] "GET /SIG/index.php/Gestion%20Documental/126PA06-PR10%20INGRESO%20Y%20CATALOGACION%20MATERIAL%20BILIOG.CENTRO%20DOCUMENTACION.pdf/?dir=&sort=date&order=asc/ HTTP/1.1" 200 6414
69.30.226.234 - - [03/Sep/2019:01:44:30 -0500] "GET /SIG/index.php/Gestion%20Documental/126PA06-PR10%20INGRESO%20Y%20CATALOGACION%20MATERIAL%20BILIOG.CENTRO%20DOCUMENTACION.pdf/?dir=&sort=name&order=desc/ HTTP/1.1" 200 6414
69.30.226.234 - - [03/Sep/2019:01:44:46 -0500] "GET /SIG/index.php/Gestion%20Documental/126PA06-PR10%20INGRESO%20Y%20CATALOGACION%20MATERIAL%20BILIOG.CENTRO%20DOCUMENTACION.pdf/?dir=&sort=size&order=asc/ HTTP/1.1" 200 6414
69.30.226.234 - - [03/Sep/2019:01:44:50 -0500] "GET /SIG/index.php/Gestion%20Documental/126PA06-PR10%20INGRESO%20Y%20CATALOGACION%20MATERIAL%20BILIOG.CENTRO%20DOCUMENTACION.pdf/?dir=Comunicaciones// HTTP/1.1" 200 3741
69.30.226.234 - - [03/Sep/2019:01:45:02 -0500] "GET /SIG/index.php/Gestion%20Documental/126PA06-PR10%20INGRESO%20Y%20CATALOGACION%20MATERIAL%20BILIOG.CENTRO%20DOCUMENTACION.pdf/?dir=Control%20Disciplinario// HTTP/1.1" 200 3540
69.30.226.234 - - [03/Sep/2019:01:45:15 -0500] "GET /SIG/index.php/Gestion%20Documental/126PA06-PR10%20INGRESO%20Y%20CATALOGACION%20MATERIAL%20BILIOG.CENTRO%20DOCUMENTACION.pdf/?dir=Control%20y%20mejora// HTTP/1.1" 200 3705
69.30.226.234 - - [03/Sep/2019:01:45:23 -0500] "GET /SIG/index.php/Gestion%20Documental/126PA06-PR10%20INGRESO%20Y%20CATALOGACION%20MATERIAL%20BILIOG.CENTRO%20DOCUMENTACION.pdf/?dir=Direccionamiento%20Estrategico// HTTP/1.1" 200 4804
69.30.226.234 - - [03/Sep/2019:01:45:33 -0500] "GET /SIG/index.php/Gestion%20Documental/126PA06-PR10%20INGRESO%20Y%20CATALOGACION%20MATERIAL%20BILIOG.CENTRO%20DOCUMENTACION.pdf/?dir=ECS// HTTP/1.1" 200 17450
192.168.175.104 - - [03/Sep/2019:01:45:34 -0500] "GET / HTTP/1.0" 200 9990
69.162.124.232 - - [03/Sep/2019:01:45:45 -0500] "HEAD / HTTP/1.1" 200 -
69.30.226.234 - - [03/Sep/2019:01:45:47 -0500] "GET /SIG/index.php/Gestion%20Documental/126PA06-PR10%20INGRESO%20Y%20CATALOGACION%20MATERIAL%20BILIOG.CENTRO%20DOCUMENTACION.pdf/?dir=Gestion%20Documental// HTTP/1.1" 200 6406
34.77.38.25 - - [03/Sep/2019:01:45:49 -0500] "GET / HTTP/1.1" 200 9990
69.30.226.234 - - [03/Sep/2019:01:46:00 -0500] "GET /SIG/index.php/Gestion%20Documental/126PA06-PR10%20INGRESO%20Y%20CATALOGACION%20MATERIAL%20BILIOG.CENTRO%20DOCUMENTACION.pdf/?dir=Gestion%20Recursos%20Financieros// HTTP/1.1" 200 9714
69.30.226.234 - - [03/Sep/2019:01:46:27 -0500] "GET /SIG/index.php/Gestion%20Documental/126PA06-PR12%20SELECCION%20Y%20DEPURACION%20MATERIAL%20BILBIOG.CENTRO%20DOCUMENTACION.pdf/?dir=&sort=date&order=asc/ HTTP/1.1" 200 6433
69.30.226.234 - - [03/Sep/2019:01:46:35 -0500] "GET /SIG/index.php/Gestion%20Documental/126PA06-PR12%20SELECCION%20Y%20DEPURACION%20MATERIAL%20BILBIOG.CENTRO%20DOCUMENTACION.pdf/?dir=&sort=name&order=desc/ HTTP/1.1" 200 6433
69.30.226.234 - - [03/Sep/2019:01:46:43 -0500] "GET /SIG/index.php/Gestion%20Documental/126PA06-PR12%20SELECCION%20Y%20DEPURACION%20MATERIAL%20BILBIOG.CENTRO%20DOCUMENTACION.pdf/?dir=&sort=size&order=asc/ HTTP/1.1" 200 6433
69.30.226.234 - - [03/Sep/2019:01:46:51 -0500] "GET /SIG/index.php/Gestion%20Documental/126PA06-PR12%20SELECCION%20Y%20DEPURACION%20MATERIAL%20BILBIOG.CENTRO%20DOCUMENTACION.pdf/?dir=Comunicaciones// HTTP/1.1" 200 3748
69.30.226.234 - - [03/Sep/2019:01:47:00 -0500] "GET /SIG/index.php/Gestion%20Documental/126PA06-PR12%20SELECCION%20Y%20DEPURACION%20MATERIAL%20BILBIOG.CENTRO%20DOCUMENTACION.pdf/?dir=Control%20Disciplinario// HTTP/1.1" 200 3547
69.30.226.234 - - [03/Sep/2019:01:47:09 -0500] "GET /SIG/index.php/Gestion%20Documental/126PA06-PR12%20SELECCION%20Y%20DEPURACION%20MATERIAL%20BILBIOG.CENTRO%20DOCUMENTACION.pdf/?dir=Control%20y%20mejora// HTTP/1.1" 200 3713
69.30.226.234 - - [03/Sep/2019:01:47:18 -0500] "GET /SIG/index.php/Gestion%20Documental/126PA06-PR12%20SELECCION%20Y%20DEPURACION%20MATERIAL%20BILBIOG.CENTRO%20DOCUMENTACION.pdf/?dir=Direccionamiento%20Estrategico// HTTP/1.1" 200 4811
69.30.226.234 - - [03/Sep/2019:01:47:26 -0500] "GET /SIG/index.php/Gestion%20Documental/126PA06-PR12%20SELECCION%20Y%20DEPURACION%20MATERIAL%20BILBIOG.CENTRO%20DOCUMENTACION.pdf/?dir=ECS// HTTP/1.1" 200 17457
69.30.226.234 - - [03/Sep/2019:01:47:32 -0500] "GET /SIG/index.php/Gestion%20Documental/126PA06-PR12%20SELECCION%20Y%20DEPURACION%20MATERIAL%20BILBIOG.CENTRO%20DOCUMENTACION.pdf/?dir=Gestion%20Documental// HTTP/1.1" 200 6413
69.30.226.234 - - [03/Sep/2019:01:47:42 -0500] "GET /SIG/index.php/Gestion%20Documental/126PA06-PR12%20SELECCION%20Y%20DEPURACION%20MATERIAL%20BILBIOG.CENTRO%20DOCUMENTACION.pdf/?dir=Gestion%20Recursos%20Financieros// HTTP/1.1" 200 9721
69.30.226.234 - - [03/Sep/2019:01:47:51 -0500] "GET /SIG/index.php/Gestion%20Documental/126PA06-PR13%20CONTROL%20DOCUMENTOS%20EXTERNOS-NORMOGRAMA.pdf/?dir=&sort=date&order=asc/ HTTP/1.1" 200 6015
66.249.64.19 - - [03/Sep/2019:01:47:53 -0500] "GET /BLA/resoluciones/RESOLUCIONES%202009/3606.pdf HTTP/1.1" 200 43536
69.30.226.234 - - [03/Sep/2019:01:47:58 -0500] "GET /SIG/index.php/Gestion%20Documental/126PA06-PR13%20CONTROL%20DOCUMENTOS%20EXTERNOS-NORMOGRAMA.pdf/?dir=&sort=name&order=desc/ HTTP/1.1" 200 6015
69.30.226.234 - - [03/Sep/2019:01:48:04 -0500] "GET /SIG/index.php/Gestion%20Documental/126PA06-PR13%20CONTROL%20DOCUMENTOS%20EXTERNOS-NORMOGRAMA.pdf/?dir=&sort=size&order=asc/ HTTP/1.1" 200 6015
69.30.226.234 - - [03/Sep/2019:01:48:16 -0500] "GET /SIG/index.php/Gestion%20Documental/126PA06-PR13%20CONTROL%20DOCUMENTOS%20EXTERNOS-NORMOGRAMA.pdf/?dir=Comunicaciones// HTTP/1.1" 200 3594
69.30.226.234 - - [03/Sep/2019:01:48:34 -0500] "GET /SIG/index.php/Gestion%20Documental/126PA06-PR13%20CONTROL%20DOCUMENTOS%20EXTERNOS-NORMOGRAMA.pdf/?dir=Control%20Disciplinario// HTTP/1.1" 200 3393
192.168.175.104 - - [03/Sep/2019:01:48:42 -0500] "GET / HTTP/1.1" 200 9990
69.30.226.234 - - [03/Sep/2019:01:48:44 -0500] "GET /SIG/index.php/Gestion%20Recursos%20Financieros/126PA02-PR09%20SOLICITUD%20Y%20EXPEDICION%20CDP.pdf/?dir=Gestion%20Documental// HTTP/1.1" 200 6265
69.30.226.234 - - [03/Sep/2019:01:48:54 -0500] "GET /SIG/index.php/Gestion%20Recursos%20Financieros/126PA02-PR09%20SOLICITUD%20Y%20EXPEDICION%20CDP.pdf/?dir=Gestion%20Recursos%20Financieros// HTTP/1.1" 200 9573
66.249.88.127 - - [03/Sep/2019:01:48:56 -0500] "GET /galeria/galeria/jquery.fancybox.css?v=2.1.5 HTTP/1.1" 200 4895
66.249.88.123 - - [03/Sep/2019:01:48:56 -0500] "GET /galeria/galeria/jquery.fancybox.js?v=2.1.5 HTTP/1.1" 200 48706
66.249.88.127 - - [03/Sep/2019:01:48:56 -0500] "GET /BLA/boletinlegal/js/jquery.scrollShow.js HTTP/1.1" 200 4586
69.30.226.234 - - [03/Sep/2019:01:49:02 -0500] "GET /SIG/index.php/Gestion%20Recursos%20Financieros/126PA02-PR10%20SOLICITUD%20Y%20EXPEDICION%20CRP.pdf/?dir=&sort=date&order=asc/ HTTP/1.1" 200 5997
69.30.226.234 - - [03/Sep/2019:01:49:12 -0500] "GET /SIG/index.php/Gestion%20Recursos%20Financieros/126PA02-PR10%20SOLICITUD%20Y%20EXPEDICION%20CRP.pdf/?dir=&sort=name&order=desc/ HTTP/1.1" 200 5997
66.249.64.19 - - [03/Sep/2019:01:49:12 -0500] "GET /BLA/resoluciones/RESOLUCIONES%202011/3514.pdf HTTP/1.1" 200 440045
69.30.226.234 - - [03/Sep/2019:01:49:18 -0500] "GET /SIG/index.php/Gestion%20Recursos%20Financieros/126PA02-PR10%20SOLICITUD%20Y%20EXPEDICION%20CRP.pdf/?dir=&sort=size&order=asc/ HTTP/1.1" 200 5997
69.30.226.234 - - [03/Sep/2019:01:49:28 -0500] "GET /SIG/index.php/Gestion%20Recursos%20Financieros/126PA02-PR10%20SOLICITUD%20Y%20EXPEDICION%20CRP.pdf/?dir=Comunicaciones// HTTP/1.1" 200 3600
69.30.226.234 - - [03/Sep/2019:01:49:39 -0500] "GET /SIG/index.php/Gestion%20Recursos%20Financieros/126PA02-PR10%20SOLICITUD%20Y%20EXPEDICION%20CRP.pdf/?dir=Control%20Disciplinario// HTTP/1.1" 200 3399
69.30.226.234 - - [03/Sep/2019:01:49:47 -0500] "GET /SIG/index.php/Gestion%20Recursos%20Financieros/126PA02-PR10%20SOLICITUD%20Y%20EXPEDICION%20CRP.pdf/?dir=Control%20y%20mejora// HTTP/1.1" 200 3541
69.30.226.234 - - [03/Sep/2019:01:49:55 -0500] "GET /SIG/index.php/Gestion%20Recursos%20Financieros/126PA02-PR10%20SOLICITUD%20Y%20EXPEDICION%20CRP.pdf/?dir=Direccionamiento%20Estrategico// HTTP/1.1" 200 4663
69.30.226.234 - - [03/Sep/2019:01:50:04 -0500] "GET /SIG/index.php/Gestion%20Recursos%20Financieros/126PA02-PR10%20SOLICITUD%20Y%20EXPEDICION%20CRP.pdf/?dir=ECS// HTTP/1.1" 200 17309
69.30.226.234 - - [03/Sep/2019:01:50:12 -0500] "GET /SIG/index.php/Gestion%20Recursos%20Financieros/126PA02-PR10%20SOLICITUD%20Y%20EXPEDICION%20CRP.pdf/?dir=Gestion%20Documental// HTTP/1.1" 200 6265
69.30.226.234 - - [03/Sep/2019:01:50:24 -0500] "GET /SIG/index.php/Gestion%20Recursos%20Financieros/126PA02-PR10%20SOLICITUD%20Y%20EXPEDICION%20CRP.pdf/?dir=Gestion%20Recursos%20Financieros// HTTP/1.1" 200 9573
69.30.226.234 - - [03/Sep/2019:01:50:31 -0500] "GET /SIG/index.php/Gestion%20Recursos%20Financieros/126PA02-PR11%20REINTEGROS%20DE%20TESORERIA.pdf/?dir=&sort=date&order=asc/ HTTP/1.1" 200 5940
192.168.175.104 - - [03/Sep/2019:01:50:32 -0500] "GET / HTTP/1.0" 200 9990
69.30.226.234 - - [03/Sep/2019:01:50:42 -0500] "GET /SIG/index.php/Gestion%20Recursos%20Financieros/126PA02-PR11%20REINTEGROS%20DE%20TESORERIA.pdf/?dir=&sort=name&order=desc/ HTTP/1.1" 200 5940
69.162.124.232 - - [03/Sep/2019:01:50:44 -0500] "HEAD / HTTP/1.1" 200 -
69.30.226.234 - - [03/Sep/2019:01:50:48 -0500] "GET /SIG/index.php/Gestion%20Recursos%20Financieros/126PA02-PR11%20REINTEGROS%20DE%20TESORERIA.pdf/?dir=&sort=size&order=asc/ HTTP/1.1" 200 5940
69.30.226.234 - - [03/Sep/2019:01:50:53 -0500] "GET /SIG/index.php/Gestion%20Recursos%20Financieros/126PA02-PR11%20REINTEGROS%20DE%20TESORERIA.pdf/?dir=Comunicaciones// HTTP/1.1" 200 3579
69.30.226.234 - - [03/Sep/2019:01:51:04 -0500] "GET /SIG/index.php/Gestion%20Recursos%20Financieros/126PA02-PR11%20REINTEGROS%20DE%20TESORERIA.pdf/?dir=Control%20Disciplinario// HTTP/1.1" 200 3378
69.30.226.234 - - [03/Sep/2019:01:51:14 -0500] "GET /SIG/index.php/Gestion%20Recursos%20Financieros/126PA02-PR11%20REINTEGROS%20DE%20TESORERIA.pdf/?dir=Control%20y%20mejora// HTTP/1.1" 200 3517
54.36.150.164 - - [03/Sep/2019:01:51:25 -0500] "GET /BLA/resoluciones/RESOLUCIONES%202002/RES%202002%20751-800/2002RES797.tif HTTP/1.1" 200 86522
69.30.226.234 - - [03/Sep/2019:01:51:29 -0500] "GET /SIG/index.php/Gestion%20Recursos%20Financieros/126PA02-PR11%20REINTEGROS%20DE%20TESORERIA.pdf/?dir=Direccionamiento%20Estrategico// HTTP/1.1" 200 4642
69.30.226.234 - - [03/Sep/2019:01:51:40 -0500] "GET /SIG/index.php/Gestion%20Recursos%20Financieros/126PA02-PR11%20REINTEGROS%20DE%20TESORERIA.pdf/?dir=ECS// HTTP/1.1" 200 17288
69.30.226.234 - - [03/Sep/2019:01:51:51 -0500] "GET /SIG/index.php/Gestion%20Recursos%20Financieros/126PA02-PR11%20REINTEGROS%20DE%20TESORERIA.pdf/?dir=Gestion%20Documental// HTTP/1.1" 200 6244
69.30.226.234 - - [03/Sep/2019:01:52:01 -0500] "GET /SIG/index.php/Gestion%20Recursos%20Financieros/126PA02-PR11%20REINTEGROS%20DE%20TESORERIA.pdf/?dir=Gestion%20Recursos%20Financieros// HTTP/1.1" 200 9552
46.229.168.142 - - [03/Sep/2019:01:52:01 -0500] "GET /Autoliquidacion/index.php?dir=TR%C3%83%C2%83%C3%82%C2%83%C3%83%C2%82%C3%82%C2%83%C3%83%C2%83%C3%82%C2%82%C3%83%C2%82%C3%82%C2%83%C3%83%C2%83%C3%82%C2%83%C3%83%C2%82%C3%82%C2%82%C3%83%C2%83%C3%82%C2%82%C3%83%C2%82%C3%82%C2%83%C3%83%C2%83%C3%82%C2%83%C3%83%C2%82%C3%82%C2%83%C3%83%C2%83%C3%82%C2%82%C3%83%C2%82%C3%82%C2%82%C3%83%C2%83%C3%82%C2%83%C3%83%C2%82%C3%82%C2%82%C3%83%C2%83%C3%82%C2%82%C3%83%C2%82%C3%82%C2%81MITES%2BACEITES-RESIDUOS-ESTACIONES%2FREGISTRO%2BCOMO%2BACOPIADOR%2BPRIMARIO%2F&order=desc&sort=size HTTP/1.1" 200 7543
69.30.226.234 - - [03/Sep/2019:01:52:11 -0500] "GET /SIG/index.php/Gestion%20Recursos%20Financieros/126PA02-PR12%20REPROGRAMACION%20DEL%20PAC.pdf/?dir=&sort=date&order=asc/ HTTP/1.1" 200 5921
69.30.226.234 - - [03/Sep/2019:01:52:19 -0500] "GET /SIG/index.php/Gestion%20Recursos%20Financieros/126PA02-PR12%20REPROGRAMACION%20DEL%20PAC.pdf/?dir=&sort=name&order=desc/ HTTP/1.1" 200 5921
54.36.148.136 - - [03/Sep/2019:01:52:20 -0500] "GET /BLA/resoluciones/RESOLUCIONES%202005/RES%202005%201301-1350/00001344.tif HTTP/1.1" 200 37338
69.30.226.234 - - [03/Sep/2019:01:52:30 -0500] "GET /SIG/index.php/Gestion%20Recursos%20Financieros/126PA02-PR12%20REPROGRAMACION%20DEL%20PAC.pdf/?dir=&sort=size&order=asc/ HTTP/1.1" 200 5921
69.30.226.234 - - [03/Sep/2019:01:52:39 -0500] "GET /SIG/index.php/Gestion%20Recursos%20Financieros/126PA02-PR12%20REPROGRAMACION%20DEL%20PAC.pdf/?dir=Comunicaciones// HTTP/1.1" 200 3572
181.51.32.66 - - [03/Sep/2019:01:52:42 -0500] "GET /galeria/galeria/jquery.fancybox.css?v=2.1.5 HTTP/1.1" 200 4895
181.51.32.66 - - [03/Sep/2019:01:52:43 -0500] "GET /BLA/boletinlegal/js/jquery.scrollShow.js HTTP/1.1" 200 4586
181.51.32.66 - - [03/Sep/2019:01:52:43 -0500] "GET /galeria/galeria/jquery.fancybox.js?v=2.1.5 HTTP/1.1" 200 48706
69.30.226.234 - - [03/Sep/2019:01:52:48 -0500] "GET /SIG/index.php/Gestion%20Recursos%20Financieros/126PA02-PR12%20REPROGRAMACION%20DEL%20PAC.pdf/?dir=Control%20Disciplinario// HTTP/1.1" 200 3371
46.229.168.132 - - [03/Sep/2019:01:52:51 -0500] "GET /Autoliquidacion/index.php?dir=Solicitudes%2Brelacionadas%2Bcon%2Bocupaci%C3%83%C2%B3n%2Bde%2Bcauce%2F&order=asc&sort=size HTTP/1.1" 200 6682
69.30.226.234 - - [03/Sep/2019:01:52:57 -0500] "GET /SIG/index.php/Gestion%20Recursos%20Financieros/126PA02-PR12%20REPROGRAMACION%20DEL%20PAC.pdf/?dir=Control%20y%20mejora// HTTP/1.1" 200 3509
69.30.226.234 - - [03/Sep/2019:01:53:08 -0500] "GET /SIG/index.php/Gestion%20Recursos%20Financieros/126PA02-PR12%20REPROGRAMACION%20DEL%20PAC.pdf/?dir=Direccionamiento%20Estrategico// HTTP/1.1" 200 4635
69.30.226.234 - - [03/Sep/2019:01:53:18 -0500] "GET /SIG/index.php/Gestion%20Recursos%20Financieros/126PA02-PR12%20REPROGRAMACION%20DEL%20PAC.pdf/?dir=ECS// HTTP/1.1" 200 17281
66.249.64.19 - - [03/Sep/2019:01:53:23 -0500] "GET /BLA/resoluciones/AUTOS%202014/7082.pdf HTTP/1.1" 200 577262
69.30.226.234 - - [03/Sep/2019:01:53:29 -0500] "GET /SIG/index.php/Gestion%20Recursos%20Financieros/126PA02-PR12%20REPROGRAMACION%20DEL%20PAC.pdf/?dir=Gestion%20Documental// HTTP/1.1" 200 6237
69.30.226.234 - - [03/Sep/2019:01:53:38 -0500] "GET /SIG/index.php/Gestion%20Recursos%20Financieros/126PA02-PR12%20REPROGRAMACION%20DEL%20PAC.pdf/?dir=Gestion%20Recursos%20Financieros// HTTP/1.1" 200 9545
192.168.175.104 - - [03/Sep/2019:01:53:41 -0500] "GET / HTTP/1.1" 200 9990
69.30.226.234 - - [03/Sep/2019:01:53:50 -0500] "GET /SIG/index.php/Gestion%20Recursos%20Financieros/126PA02-PR17%20CONCILIACION%20OPERACIONES%20RECIPROCAS.pdf/?dir=&sort=date&order=asc/ HTTP/1.1" 200 6168
69.30.226.234 - - [03/Sep/2019:01:54:01 -0500] "GET /SIG/index.php/Gestion%20Recursos%20Financieros/126PA02-PR17%20CONCILIACION%20OPERACIONES%20RECIPROCAS.pdf/?dir=&sort=name&order=desc/ HTTP/1.1" 200 6168
69.30.226.234 - - [03/Sep/2019:01:54:11 -0500] "GET /SIG/index.php/Gestion%20Recursos%20Financieros/126PA02-PR17%20CONCILIACION%20OPERACIONES%20RECIPROCAS.pdf/?dir=&sort=size&order=asc/ HTTP/1.1" 200 6168
69.30.226.234 - - [03/Sep/2019:01:54:20 -0500] "GET /SIG/index.php/Gestion%20Recursos%20Financieros/126PA02-PR17%20CONCILIACION%20OPERACIONES%20RECIPROCAS.pdf/?dir=Comunicaciones// HTTP/1.1" 200 3663
69.30.226.234 - - [03/Sep/2019:01:54:28 -0500] "GET /SIG/index.php/Gestion%20Recursos%20Financieros/126PA02-PR17%20CONCILIACION%20OPERACIONES%20RECIPROCAS.pdf/?dir=Control%20Disciplinario// HTTP/1.1" 200 3462
195.235.115.10 - - [03/Sep/2019:01:54:29 -0500] "GET /galeria/galeria/jquery.fancybox.css?v=2.1.5 HTTP/1.1" 200 4895
195.235.115.10 - - [03/Sep/2019:01:54:29 -0500] "GET /BLA/boletinlegal/js/jquery.scrollShow.js HTTP/1.1" 200 4586
195.235.115.10 - - [03/Sep/2019:01:54:30 -0500] "GET /galeria/galeria/jquery.fancybox.js?v=2.1.5 HTTP/1.1" 200 48706
69.30.226.234 - - [03/Sep/2019:01:54:38 -0500] "GET /SIG/index.php/Gestion%20Recursos%20Financieros/126PA02-PR17%20CONCILIACION%20OPERACIONES%20RECIPROCAS.pdf/?dir=Control%20y%20mejora// HTTP/1.1" 200 3613
69.30.226.234 - - [03/Sep/2019:01:54:49 -0500] "GET /SIG/index.php/Gestion%20Recursos%20Financieros/126PA02-PR17%20CONCILIACION%20OPERACIONES%20RECIPROCAS.pdf/?dir=Direccionamiento%20Estrategico// HTTP/1.1" 200 4726
69.30.226.234 - - [03/Sep/2019:01:55:00 -0500] "GET /SIG/index.php/Gestion%20Recursos%20Financieros/126PA02-PR17%20CONCILIACION%20OPERACIONES%20RECIPROCAS.pdf/?dir=ECS// HTTP/1.1" 200 17372
69.30.226.234 - - [03/Sep/2019:01:55:10 -0500] "GET /SIG/index.php/Gestion%20Recursos%20Financieros/126PA02-PR17%20CONCILIACION%20OPERACIONES%20RECIPROCAS.pdf/?dir=Gestion%20Documental// HTTP/1.1" 200 6328
69.30.226.234 - - [03/Sep/2019:01:55:17 -0500] "GET /SIG/index.php/Gestion%20Recursos%20Financieros/126PA02-PR17%20CONCILIACION%20OPERACIONES%20RECIPROCAS.pdf/?dir=Gestion%20Recursos%20Financieros// HTTP/1.1" 200 9636
69.30.226.234 - - [03/Sep/2019:01:55:27 -0500] "GET /SIG/index.php/Gestion%20Recursos%20Financieros/126PA02-PR18%20REGISTRO%20CONTABLE%20ORDENES%20DE%20PAGO.pdf/?dir=&sort=date&order=asc/ HTTP/1.1" 200 6130
192.168.175.104 - - [03/Sep/2019:01:55:30 -0500] "GET / HTTP/1.0" 200 9990
69.30.226.234 - - [03/Sep/2019:01:55:36 -0500] "GET /SIG/index.php/Gestion%20Recursos%20Financieros/126PA02-PR18%20REGISTRO%20CONTABLE%20ORDENES%20DE%20PAGO.pdf/?dir=&sort=name&order=desc/ HTTP/1.1" 200 6130
69.162.124.232 - - [03/Sep/2019:01:55:44 -0500] "HEAD / HTTP/1.1" 200 -
69.30.226.234 - - [03/Sep/2019:01:55:45 -0500] "GET /SIG/index.php/Gestion%20Recursos%20Financieros/126PA02-PR18%20REGISTRO%20CONTABLE%20ORDENES%20DE%20PAGO.pdf/?dir=&sort=size&order=asc/ HTTP/1.1" 200 6130
69.30.226.234 - - [03/Sep/2019:01:55:55 -0500] "GET /SIG/index.php/Gestion%20Recursos%20Financieros/126PA02-PR18%20REGISTRO%20CONTABLE%20ORDENES%20DE%20PAGO.pdf/?dir=Comunicaciones// HTTP/1.1" 200 3649
69.30.226.234 - - [03/Sep/2019:01:56:07 -0500] "GET /SIG/index.php/Gestion%20Recursos%20Financieros/126PA02-PR18%20REGISTRO%20CONTABLE%20ORDENES%20DE%20PAGO.pdf/?dir=Control%20Disciplinario// HTTP/1.1" 200 3448
69.30.226.234 - - [03/Sep/2019:01:56:16 -0500] "GET /SIG/index.php/Gestion%20Recursos%20Financieros/126PA02-PR18%20REGISTRO%20CONTABLE%20ORDENES%20DE%20PAGO.pdf/?dir=Control%20y%20mejora// HTTP/1.1" 200 3597
69.30.226.234 - - [03/Sep/2019:01:56:25 -0500] "GET /SIG/index.php/Gestion%20Recursos%20Financieros/126PA02-PR18%20REGISTRO%20CONTABLE%20ORDENES%20DE%20PAGO.pdf/?dir=Direccionamiento%20Estrategico// HTTP/1.1" 200 4712
54.36.150.35 - - [03/Sep/2019:01:56:29 -0500] "GET /BLA/resoluciones/RESOLUCIONES%202006/RES%202006%202351-2400/00002358.tif HTTP/1.1" 200 161786
69.30.226.234 - - [03/Sep/2019:01:56:36 -0500] "GET /SIG/index.php/Gestion%20Recursos%20Financieros/126PA02-PR18%20REGISTRO%20CONTABLE%20ORDENES%20DE%20PAGO.pdf/?dir=ECS// HTTP/1.1" 200 17358
69.30.226.234 - - [03/Sep/2019:01:56:42 -0500] "GET /SIG/index.php/Gestion%20Recursos%20Financieros/126PA02-PR18%20REGISTRO%20CONTABLE%20ORDENES%20DE%20PAGO.pdf/?dir=Gestion%20Documental// HTTP/1.1" 200 6314
69.30.226.234 - - [03/Sep/2019:01:56:51 -0500] "GET /SIG/index.php/Gestion%20Recursos%20Financieros/126PA02-PR18%20REGISTRO%20CONTABLE%20ORDENES%20DE%20PAGO.pdf/?dir=Gestion%20Recursos%20Financieros// HTTP/1.1" 200 9622
69.30.226.234 - - [03/Sep/2019:01:57:01 -0500] "GET /SIG/index.php/Gestion%20Recursos%20Financieros/126PA02-PR19%20CAUSACION%20Y%20PAGO%20NOMINA.pdf/?dir=&sort=date&order=asc/ HTTP/1.1" 200 5940
69.30.226.234 - - [03/Sep/2019:01:57:09 -0500] "GET /SIG/index.php/Gestion%20Recursos%20Financieros/126PA02-PR19%20CAUSACION%20Y%20PAGO%20NOMINA.pdf/?dir=&sort=name&order=desc/ HTTP/1.1" 200 5940
69.30.226.234 - - [03/Sep/2019:01:57:21 -0500] "GET /SIG/index.php/Gestion%20Recursos%20Financieros/126PA02-PR19%20CAUSACION%20Y%20PAGO%20NOMINA.pdf/?dir=&sort=size&order=asc/ HTTP/1.1" 200 5940
