190.25.204.196 - - [03/Sep/2019:08:32:45 -0500] "GET /galeria/nivo-slider/themes/pascal/pascal.css HTTP/1.1" 200 2258
190.25.204.196 - - [03/Sep/2019:08:32:45 -0500] "GET /galeria/nivo-slider/nivo-slider.css HTTP/1.1" 200 1507
190.25.204.196 - - [03/Sep/2019:08:32:45 -0500] "GET /galeria/nivo-slider/themes/orman/orman.css HTTP/1.1" 200 2152
190.25.204.196 - - [03/Sep/2019:08:32:45 -0500] "GET /galeria/nivo-slider/themes/default/default.css HTTP/1.1" 200 1569
190.25.204.196 - - [03/Sep/2019:08:32:45 -0500] "GET /galeria/nivo-slider/demo/style.css HTTP/1.1" 200 2222
190.25.204.196 - - [03/Sep/2019:08:32:45 -0500] "GET /galeria/nivo-slider/demo/images/banner%20reciclaton%20agosto.jpg HTTP/1.1" 200 244820
190.68.153.223 - - [03/Sep/2019:08:32:45 -0500] "GET /BLA/boletinlegal/js/jquery.scrollShow.js HTTP/1.1" 200 4586
190.68.153.223 - - [03/Sep/2019:08:32:45 -0500] "GET /galeria/galeria/jquery.fancybox.css?v=2.1.5 HTTP/1.1" 200 4895
190.68.153.223 - - [03/Sep/2019:08:32:45 -0500] "GET /galeria/galeria/jquery.fancybox.js?v=2.1.5 HTTP/1.1" 200 48706
190.25.204.196 - - [03/Sep/2019:08:32:45 -0500] "GET /galeria/nivo-slider/demo/images/Banner%20web%20Ecoempresarial%20ago.jpg HTTP/1.1" 200 752526
190.25.204.196 - - [03/Sep/2019:08:32:45 -0500] "GET /galeria/nivo-slider/demo/images/banner%20lluvias.jpg HTTP/1.1" 200 254815
190.25.204.196 - - [03/Sep/2019:08:32:45 -0500] "GET /galeria/nivo-slider/demo/images/Banner%20consumo%20sostenible%20final.jpg HTTP/1.1" 200 364746
190.25.204.196 - - [03/Sep/2019:08:32:45 -0500] "GET /galeria/nivo-slider/demo/images/Banner%20agua.png HTTP/1.1" 200 333961
190.25.204.196 - - [03/Sep/2019:08:32:45 -0500] "GET /galeria/nivo-slider/demo/images/Banner%20impacto.jpg HTTP/1.1" 200 72695
190.25.204.196 - - [03/Sep/2019:08:32:46 -0500] "GET /galeria/nivo-slider/demo/images/Banner%20Visor%20Geografico%20Ambiental.jpg HTTP/1.1" 200 204673
190.25.204.196 - - [03/Sep/2019:08:32:46 -0500] "GET /galeria/nivo-slider/demo/images/Caminatas%20septiembre%202019.jpg HTTP/1.1" 200 204949
186.30.86.33 - - [03/Sep/2019:08:32:46 -0500] "GET /Residuos/metalmecanica/images/page50.swf HTTP/1.1" 200 27730
190.25.204.196 - - [03/Sep/2019:08:32:46 -0500] "GET /galeria/nivo-slider/demo/images/puntos%20atencion%20BANNER.jpg HTTP/1.1" 200 244208
190.25.204.196 - - [03/Sep/2019:08:32:46 -0500] "GET /galeria/nivo-slider/demo/scripts/jquery-1.7.1.min.js HTTP/1.1" 200 93868
190.25.204.196 - - [03/Sep/2019:08:32:46 -0500] "GET /galeria/nivo-slider/demo/images/4Simple_Slider.png HTTP/1.1" 200 11722
186.30.86.33 - - [03/Sep/2019:08:32:46 -0500] "GET /Residuos/metalmecanica/images/page51.swf HTTP/1.1" 200 19882
186.30.86.33 - - [03/Sep/2019:08:32:46 -0500] "GET /Residuos/metalmecanica/files/search/search50.xml HTTP/1.1" 200 11561
190.25.204.196 - - [03/Sep/2019:08:32:46 -0500] "GET /galeria/nivo-slider/themes/default/loading.gif HTTP/1.1" 200 1737
186.30.86.33 - - [03/Sep/2019:08:32:46 -0500] "GET /Residuos/metalmecanica/files/search/search51.xml HTTP/1.1" 200 14070
190.25.204.196 - - [03/Sep/2019:08:32:46 -0500] "GET /galeria/nivo-slider/jquery.nivo.slider.pack.js HTTP/1.1" 200 11561
190.25.204.196 - - [03/Sep/2019:08:32:47 -0500] "GET /galeria/nivo-slider/demo/images/bannersectorambiente.png HTTP/1.1" 200 308540
190.25.204.196 - - [03/Sep/2019:08:32:47 -0500] "GET /galeria/nivo-slider/demo/images/Banner%20RCD.jpg HTTP/1.1" 200 92197
186.30.86.33 - - [03/Sep/2019:08:32:47 -0500] "GET /Residuos/metalmecanica/images/page52.swf HTTP/1.1" 200 22108
190.25.204.196 - - [03/Sep/2019:08:32:47 -0500] "GET /galeria/nivo-slider/demo/images/Banner%20Conpes.jpg HTTP/1.1" 200 55220
190.25.204.196 - - [03/Sep/2019:08:32:47 -0500] "GET /galeria/nivo-slider/demo/images/Banner%20practicas%20sostenibles.jpg HTTP/1.1" 200 142958
144.76.99.215 - - [03/Sep/2019:08:32:47 -0500] "GET /SIG/index.php/ECS/126PM04-PR47.pdf/?dir=&sort=date&order=asc/ HTTP/1.1" 200 4959
186.30.86.33 - - [03/Sep/2019:08:32:47 -0500] "GET /Residuos/metalmecanica/files/search/search52.xml HTTP/1.1" 200 13770
186.30.86.33 - - [03/Sep/2019:08:32:47 -0500] "GET /Residuos/metalmecanica/images/page53.swf HTTP/1.1" 200 20305
190.25.204.196 - - [03/Sep/2019:08:32:47 -0500] "GET /galeria/nivo-slider/demo/images/Banner%20POT.png HTTP/1.1" 200 418238
186.30.86.33 - - [03/Sep/2019:08:32:47 -0500] "GET /Residuos/metalmecanica/files/search/search53.xml HTTP/1.1" 200 15210
190.25.204.196 - - [03/Sep/2019:08:32:48 -0500] "GET /galeria/nivo-slider/demo/images/BANNER%20punto.jpg HTTP/1.1" 200 75932
190.25.204.196 - - [03/Sep/2019:08:32:48 -0500] "GET /galeria/nivo-slider/demo/images/Banneranonimos.png HTTP/1.1" 200 109388
190.25.204.196 - - [03/Sep/2019:08:32:48 -0500] "GET /galeria/nivo-slider/demo/images/banner-humedales-de-bogota.jpg HTTP/1.1" 200 292611
186.30.86.33 - - [03/Sep/2019:08:32:48 -0500] "GET /Residuos/metalmecanica/images/page54.swf HTTP/1.1" 200 29133
190.25.204.196 - - [03/Sep/2019:08:32:48 -0500] "GET /galeria/nivo-slider/demo/images/banner-bolsas-plasticas.jpg HTTP/1.1" 200 317939
186.30.86.33 - - [03/Sep/2019:08:32:49 -0500] "GET /Residuos/metalmecanica/images/page55.swf HTTP/1.1" 200 16000
190.25.204.196 - - [03/Sep/2019:08:32:49 -0500] "GET /galeria/nivo-slider/themes/default/bullets.png HTTP/1.1" 200 1281
190.25.204.196 - - [03/Sep/2019:08:32:49 -0500] "GET /galeria/nivo-slider/themes/default/arrows.png HTTP/1.1" 200 824
186.30.86.33 - - [03/Sep/2019:08:32:49 -0500] "GET /Residuos/metalmecanica/files/search/search54.xml HTTP/1.1" 200 5734
186.30.86.33 - - [03/Sep/2019:08:32:49 -0500] "GET /Residuos/metalmecanica/files/search/search55.xml HTTP/1.1" 200 15713
186.30.86.33 - - [03/Sep/2019:08:32:49 -0500] "GET /Residuos/metalmecanica/images/page56.swf HTTP/1.1" 200 19979
186.30.86.33 - - [03/Sep/2019:08:32:50 -0500] "GET /Residuos/metalmecanica/files/search/search56.xml HTTP/1.1" 200 15559
186.30.86.33 - - [03/Sep/2019:08:32:50 -0500] "GET /Residuos/metalmecanica/images/page57.swf HTTP/1.1" 200 23110
186.30.86.33 - - [03/Sep/2019:08:32:50 -0500] "GET /Residuos/metalmecanica/files/search/search57.xml HTTP/1.1" 200 15689
186.30.86.33 - - [03/Sep/2019:08:32:51 -0500] "GET /Residuos/metalmecanica/images/page58.swf HTTP/1.1" 200 32643
186.30.86.33 - - [03/Sep/2019:08:32:51 -0500] "GET /Residuos/metalmecanica/files/search/search58.xml HTTP/1.1" 200 10586
186.30.86.33 - - [03/Sep/2019:08:32:51 -0500] "GET /Residuos/metalmecanica/images/page59.swf HTTP/1.1" 200 37319
186.30.86.33 - - [03/Sep/2019:08:32:51 -0500] "GET /Residuos/metalmecanica/files/search/search59.xml HTTP/1.1" 200 13700
144.76.99.215 - - [03/Sep/2019:08:32:52 -0500] "GET /SIG/index.php/ECS/126PM04-PR47.pdf/?dir=&sort=name&order=desc/ HTTP/1.1" 200 4959
186.30.86.33 - - [03/Sep/2019:08:32:53 -0500] "GET /Residuos/metalmecanica/images/page60.swf HTTP/1.1" 200 21548
186.30.86.33 - - [03/Sep/2019:08:32:53 -0500] "GET /Residuos/metalmecanica/files/search/search60.xml HTTP/1.1" 200 10208
186.30.86.33 - - [03/Sep/2019:08:32:53 -0500] "GET /Residuos/metalmecanica/images/page61.swf HTTP/1.1" 200 55487
186.30.86.33 - - [03/Sep/2019:08:32:53 -0500] "GET /Residuos/metalmecanica/files/search/search61.xml HTTP/1.1" 200 11307
144.76.99.215 - - [03/Sep/2019:08:32:55 -0500] "GET /SIG/index.php/ECS/126PM04-PR47.pdf/?dir=&sort=size&order=asc/ HTTP/1.1" 200 4959
186.30.86.33 - - [03/Sep/2019:08:32:55 -0500] "GET /Residuos/metalmecanica/images/page62.swf HTTP/1.1" 200 29409
186.30.86.33 - - [03/Sep/2019:08:32:56 -0500] "GET /Residuos/metalmecanica/files/search/search62.xml HTTP/1.1" 200 7530
186.30.86.33 - - [03/Sep/2019:08:32:56 -0500] "GET /Residuos/metalmecanica/images/page63.swf HTTP/1.1" 200 22603
186.30.86.33 - - [03/Sep/2019:08:32:56 -0500] "GET /Residuos/metalmecanica/files/search/search63.xml HTTP/1.1" 200 14883
186.30.86.33 - - [03/Sep/2019:08:32:57 -0500] "GET /Residuos/metalmecanica/images/page64.swf HTTP/1.1" 200 58340
186.30.86.33 - - [03/Sep/2019:08:32:57 -0500] "GET /Residuos/metalmecanica/images/page65.swf HTTP/1.1" 200 40132
186.30.86.33 - - [03/Sep/2019:08:32:57 -0500] "GET /Residuos/metalmecanica/files/search/search64.xml HTTP/1.1" 200 5623
186.30.86.33 - - [03/Sep/2019:08:32:57 -0500] "GET /Residuos/metalmecanica/files/search/search65.xml HTTP/1.1" 200 8684
191.151.60.247 - - [03/Sep/2019:08:32:58 -0500] "GET /galeria/galeria/jquery.fancybox.js?v=2.1.5 HTTP/1.1" 200 48706
191.151.60.247 - - [03/Sep/2019:08:32:58 -0500] "GET /galeria/galeria/jquery.fancybox.css?v=2.1.5 HTTP/1.1" 200 4895
191.151.60.247 - - [03/Sep/2019:08:32:58 -0500] "GET /BLA/boletinlegal/js/jquery.scrollShow.js HTTP/1.1" 200 4586
144.76.99.215 - - [03/Sep/2019:08:32:58 -0500] "GET /SIG/index.php/ECS/126PM04-PR47.pdf/?dir=Comunicaciones// HTTP/1.1" 200 3186
186.30.86.33 - - [03/Sep/2019:08:32:58 -0500] "GET /Residuos/metalmecanica/images/page66.swf HTTP/1.1" 200 59778
186.30.86.33 - - [03/Sep/2019:08:32:59 -0500] "GET /Residuos/metalmecanica/images/page67.swf HTTP/1.1" 200 30306
186.30.86.33 - - [03/Sep/2019:08:32:59 -0500] "GET /Residuos/metalmecanica/files/search/search66.xml HTTP/1.1" 200 13914
186.30.86.33 - - [03/Sep/2019:08:32:59 -0500] "GET /Residuos/metalmecanica/files/search/search67.xml HTTP/1.1" 200 12680
186.30.86.33 - - [03/Sep/2019:08:33:00 -0500] "GET /Residuos/metalmecanica/images/page68.swf HTTP/1.1" 200 31071
186.30.86.33 - - [03/Sep/2019:08:33:00 -0500] "GET /Residuos/metalmecanica/files/search/search68.xml HTTP/1.1" 200 10199
186.30.86.33 - - [03/Sep/2019:08:33:00 -0500] "GET /Residuos/metalmecanica/images/page69.swf HTTP/1.1" 200 74429
186.30.86.33 - - [03/Sep/2019:08:33:00 -0500] "GET /Residuos/metalmecanica/files/search/search69.xml HTTP/1.1" 200 13373
144.76.99.215 - - [03/Sep/2019:08:33:01 -0500] "GET /SIG/index.php/ECS/126PM04-PR47.pdf/?dir=Control%20Disciplinario// HTTP/1.1" 200 2985
186.30.86.33 - - [03/Sep/2019:08:33:01 -0500] "GET /Residuos/metalmecanica/images/page70.swf HTTP/1.1" 200 17513
186.30.86.33 - - [03/Sep/2019:08:33:02 -0500] "GET /Residuos/metalmecanica/images/page71.swf HTTP/1.1" 200 18369
186.30.86.33 - - [03/Sep/2019:08:33:02 -0500] "GET /Residuos/metalmecanica/files/search/search70.xml HTTP/1.1" 200 9674
186.30.86.33 - - [03/Sep/2019:08:33:02 -0500] "GET /Residuos/metalmecanica/files/search/search71.xml HTTP/1.1" 200 11259
186.30.86.33 - - [03/Sep/2019:08:33:03 -0500] "GET /Residuos/metalmecanica/images/page72.swf HTTP/1.1" 200 27424
186.30.86.33 - - [03/Sep/2019:08:33:03 -0500] "GET /Residuos/metalmecanica/images/page73.swf HTTP/1.1" 200 17687
186.30.86.33 - - [03/Sep/2019:08:33:03 -0500] "GET /Residuos/metalmecanica/files/search/search72.xml HTTP/1.1" 200 10856
186.30.86.33 - - [03/Sep/2019:08:33:03 -0500] "GET /Residuos/metalmecanica/files/search/search73.xml HTTP/1.1" 200 8142
186.30.86.33 - - [03/Sep/2019:08:33:05 -0500] "GET /Residuos/metalmecanica/images/page74.swf HTTP/1.1" 200 23772
186.30.86.33 - - [03/Sep/2019:08:33:05 -0500] "GET /Residuos/metalmecanica/files/search/search74.xml HTTP/1.1" 200 15956
186.30.86.33 - - [03/Sep/2019:08:33:05 -0500] "GET /Residuos/metalmecanica/images/page75.swf HTTP/1.1" 200 28833
186.30.86.33 - - [03/Sep/2019:08:33:05 -0500] "GET /Residuos/metalmecanica/files/search/search75.xml HTTP/1.1" 200 18854
144.76.99.215 - - [03/Sep/2019:08:33:05 -0500] "GET /SIG/index.php/ECS/126PM04-PR47.pdf/?dir=Control%20y%20mejora// HTTP/1.1" 200 3075
191.151.60.247 - - [03/Sep/2019:08:33:05 -0500] "GET /galeria/galeria/jquery.fancybox.js?v=2.1.5 HTTP/1.1" 304 -
191.151.60.247 - - [03/Sep/2019:08:33:05 -0500] "GET /galeria/galeria/jquery.fancybox.css?v=2.1.5 HTTP/1.1" 304 -
191.151.60.247 - - [03/Sep/2019:08:33:05 -0500] "GET /BLA/boletinlegal/js/jquery.scrollShow.js HTTP/1.1" 304 -
192.168.175.104 - - [03/Sep/2019:08:33:06 -0500] "GET / HTTP/1.0" 200 9990
186.30.86.33 - - [03/Sep/2019:08:33:07 -0500] "GET /Residuos/metalmecanica/images/page76.swf HTTP/1.1" 200 17145
186.30.86.33 - - [03/Sep/2019:08:33:08 -0500] "GET /Residuos/metalmecanica/files/search/search76.xml HTTP/1.1" 200 9828
186.30.86.33 - - [03/Sep/2019:08:33:08 -0500] "GET /Residuos/metalmecanica/images/page77.swf HTTP/1.1" 200 26145
186.30.86.33 - - [03/Sep/2019:08:33:08 -0500] "GET /Residuos/metalmecanica/files/search/search77.xml HTTP/1.1" 200 13608
144.76.99.215 - - [03/Sep/2019:08:33:08 -0500] "GET /SIG/index.php/ECS/126PM04-PR47.pdf/?dir=Direccionamiento%20Estrategico// HTTP/1.1" 200 4249
144.76.99.215 - - [03/Sep/2019:08:33:11 -0500] "GET /SIG/index.php/ECS/126PM04-PR47.pdf/?dir=ECS// HTTP/1.1" 200 16895
190.143.111.130 - - [03/Sep/2019:08:33:15 -0500] "GET /BLA/resoluciones/AUTOS%202016/2962.pdf HTTP/1.1" 200 647098
144.76.99.215 - - [03/Sep/2019:08:33:15 -0500] "GET /SIG/index.php/ECS/126PM04-PR47.pdf/?dir=Gestion%20Documental// HTTP/1.1" 200 5851
144.76.99.215 - - [03/Sep/2019:08:33:18 -0500] "GET /SIG/index.php/ECS/126PM04-PR47.pdf/?dir=Gestion%20Recursos%20Financieros// HTTP/1.1" 200 9159
144.76.99.215 - - [03/Sep/2019:08:33:21 -0500] "GET /SIG/index.php/ECS/126PM04-PR48.pdf/?dir=&sort=date&order=asc/ HTTP/1.1" 200 4959
144.76.99.215 - - [03/Sep/2019:08:33:22 -0500] "GET /SIG/index.php/ECS/126PM04-PR48.pdf/?dir=&sort=name&order=desc/ HTTP/1.1" 200 4959
144.76.99.215 - - [03/Sep/2019:08:33:32 -0500] "GET /SIG/index.php/ECS/126PM04-PR48.pdf/?dir=&sort=size&order=asc/ HTTP/1.1" 200 4959
144.76.99.215 - - [03/Sep/2019:08:33:34 -0500] "GET /SIG/index.php/ECS/126PM04-PR48.pdf/?dir=Comunicaciones// HTTP/1.1" 200 3186
144.76.99.215 - - [03/Sep/2019:08:33:37 -0500] "GET /SIG/index.php/ECS/126PM04-PR48.pdf/?dir=Control%20Disciplinario// HTTP/1.1" 200 2985
144.76.99.215 - - [03/Sep/2019:08:33:40 -0500] "GET /SIG/index.php/ECS/126PM04-PR48.pdf/?dir=Control%20y%20mejora// HTTP/1.1" 200 3075
144.76.99.215 - - [03/Sep/2019:08:33:42 -0500] "GET /SIG/index.php/ECS/126PM04-PR48.pdf/?dir=Direccionamiento%20Estrategico// HTTP/1.1" 200 4249
144.76.99.215 - - [03/Sep/2019:08:33:45 -0500] "GET /SIG/index.php/ECS/126PM04-PR48.pdf/?dir=ECS// HTTP/1.1" 200 16895
144.76.99.215 - - [03/Sep/2019:08:33:48 -0500] "GET /SIG/index.php/ECS/126PM04-PR49.pdf/?dir=Control%20y%20mejora// HTTP/1.1" 200 3075
144.76.99.215 - - [03/Sep/2019:08:33:51 -0500] "GET /SIG/index.php/ECS/126PM04-PR49.pdf/?dir=Direccionamiento%20Estrategico// HTTP/1.1" 200 4249
144.76.99.215 - - [03/Sep/2019:08:33:53 -0500] "GET /SIG/index.php/ECS/126PM04-PR49.pdf/?dir=ECS// HTTP/1.1" 200 16895
144.76.99.215 - - [03/Sep/2019:08:33:56 -0500] "GET /SIG/index.php/ECS/126PM04-PR49.pdf/?dir=Gestion%20Documental// HTTP/1.1" 200 5851
144.76.99.215 - - [03/Sep/2019:08:34:03 -0500] "GET /SIG/index.php/ECS/126PM04-PR49.pdf/?dir=Gestion%20Recursos%20Financieros// HTTP/1.1" 200 9159
144.76.99.215 - - [03/Sep/2019:08:34:05 -0500] "GET /SIG/index.php/ECS/126PM04-PR53.pdf/?dir=&sort=date&order=asc/ HTTP/1.1" 200 4959
186.84.90.197 - - [03/Sep/2019:08:34:06 -0500] "GET /galeria/galeria/jquery.fancybox.css?v=2.1.5 HTTP/1.1" 200 4895
186.84.90.197 - - [03/Sep/2019:08:34:06 -0500] "GET /BLA/boletinlegal/js/jquery.scrollShow.js HTTP/1.1" 200 4586
186.84.90.197 - - [03/Sep/2019:08:34:06 -0500] "GET /galeria/galeria/jquery.fancybox.js?v=2.1.5 HTTP/1.1" 200 48706
66.249.88.127 - - [03/Sep/2019:08:34:07 -0500] "GET /BLA/resoluciones/RESOLUCIONES%202016/0461.pdf HTTP/1.1" 200 808902
5.62.51.35 - - [03/Sep/2019:08:34:09 -0500] "GET /BLA/boletinlegal/js/jquery.scrollShow.js HTTP/1.1" 200 4586
144.76.99.215 - - [03/Sep/2019:08:34:09 -0500] "GET /SIG/index.php/ECS/126PM04-PR53.pdf/?dir=&sort=name&order=desc/ HTTP/1.1" 200 4959
5.62.51.35 - - [03/Sep/2019:08:34:10 -0500] "GET /galeria/galeria/jquery.fancybox.js?v=2.1.5 HTTP/1.1" 200 48706
5.62.51.35 - - [03/Sep/2019:08:34:10 -0500] "GET /galeria/galeria/jquery.fancybox.css?v=2.1.5 HTTP/1.1" 200 4895
144.76.99.215 - - [03/Sep/2019:08:34:11 -0500] "GET /SIG/index.php/ECS/126PM04-PR55.pdf/?dir=Gestion%20Recursos%20Financieros// HTTP/1.1" 200 9159
144.76.99.215 - - [03/Sep/2019:08:34:14 -0500] "GET /SIG/index.php/ECS/126PM04-PR56.pdf/?dir=&sort=date&order=asc/ HTTP/1.1" 200 4959
5.62.51.35 - - [03/Sep/2019:08:34:14 -0500] "GET /galeria/carrusel/Carrusel/jquery.thumbnailScroller.css HTTP/1.1" 200 2066
5.62.51.35 - - [03/Sep/2019:08:34:14 -0500] "GET /galeria/carrusel/Carrusel/jquery-ui-1.8.13.custom.min.js HTTP/1.1" 200 10800
5.62.51.35 - - [03/Sep/2019:08:34:15 -0500] "GET /galeria/carrusel/Carrusel/jquery.thumbnailScroller.js HTTP/1.1" 200 8157
5.62.51.35 - - [03/Sep/2019:08:34:15 -0500] "GET /galeria/nivo-slider/demo/demo.html HTTP/1.1" 200 4905
5.62.51.35 - - [03/Sep/2019:08:34:16 -0500] "GET /galeria/nivo-slider/themes/default/default.css HTTP/1.1" 200 1569
5.62.51.35 - - [03/Sep/2019:08:34:16 -0500] "GET /galeria/nivo-slider/themes/pascal/pascal.css HTTP/1.1" 200 2258
5.62.51.35 - - [03/Sep/2019:08:34:16 -0500] "GET /galeria/nivo-slider/themes/orman/orman.css HTTP/1.1" 200 2152
5.62.51.35 - - [03/Sep/2019:08:34:16 -0500] "GET /galeria/nivo-slider/nivo-slider.css HTTP/1.1" 200 1507
5.62.51.35 - - [03/Sep/2019:08:34:16 -0500] "GET /galeria/nivo-slider/demo/style.css HTTP/1.1" 200 2222
5.62.51.35 - - [03/Sep/2019:08:34:16 -0500] "GET /galeria/nivo-slider/jquery.nivo.slider.pack.js HTTP/1.1" 200 11561
144.76.99.215 - - [03/Sep/2019:08:34:19 -0500] "GET /SIG/index.php/ECS/126PM04-PR56.pdf/?dir=&sort=name&order=desc/ HTTP/1.1" 200 4959
181.48.246.28 - - [03/Sep/2019:08:34:21 -0500] "GET /BLA/resoluciones/RESOLUCIONES%202012/1312.pdf HTTP/1.1" 200 1167773
181.48.246.28 - - [03/Sep/2019:08:34:21 -0500] "GET /favicon.ico HTTP/1.1" 200 7782
144.76.99.215 - - [03/Sep/2019:08:34:22 -0500] "GET /SIG/index.php/ECS/126PM04-PR56.pdf/?dir=&sort=size&order=asc/ HTTP/1.1" 200 4959
144.76.99.215 - - [03/Sep/2019:08:34:24 -0500] "GET /SIG/index.php/ECS/126PM04-PR56.pdf/?dir=Comunicaciones// HTTP/1.1" 200 3186
144.76.99.215 - - [03/Sep/2019:08:34:27 -0500] "GET /SIG/index.php/ECS/126PM04-PR56.pdf/?dir=Control%20Disciplinario// HTTP/1.1" 200 2985
144.76.99.215 - - [03/Sep/2019:08:34:31 -0500] "GET /SIG/index.php/ECS/126PM04-PR56.pdf/?dir=Control%20y%20mejora// HTTP/1.1" 200 3075
144.76.99.215 - - [03/Sep/2019:08:34:34 -0500] "GET /SIG/index.php/ECS/126PM04-PR56.pdf/?dir=Direccionamiento%20Estrategico// HTTP/1.1" 200 4249
144.76.99.215 - - [03/Sep/2019:08:34:36 -0500] "GET /SIG/index.php/ECS/126PM04-PR56.pdf/?dir=ECS// HTTP/1.1" 200 16895
144.76.99.215 - - [03/Sep/2019:08:34:41 -0500] "GET /SIG/index.php/ECS/126PM04-PR56.pdf/?dir=Gestion%20Documental// HTTP/1.1" 200 5851
190.242.113.145 - - [03/Sep/2019:08:34:41 -0500] "GET /galeria/galeria/jquery.fancybox.css?v=2.1.5 HTTP/1.1" 200 4895
190.242.113.145 - - [03/Sep/2019:08:34:41 -0500] "GET /BLA/boletinlegal/js/jquery.scrollShow.js HTTP/1.1" 200 4586
190.242.113.145 - - [03/Sep/2019:08:34:41 -0500] "GET /galeria/galeria/jquery.fancybox.js?v=2.1.5 HTTP/1.1" 200 48706
144.76.99.215 - - [03/Sep/2019:08:34:43 -0500] "GET /SIG/index.php/ECS/126PM04-PR56.pdf/?dir=Gestion%20Recursos%20Financieros// HTTP/1.1" 200 9159
157.55.39.164 - - [03/Sep/2019:08:34:32 -0500] "GET /POT-2013/Cartografia/29_EDIFICABILIDAD.pdf HTTP/1.1" 200 3041378
186.84.200.45 - - [03/Sep/2019:08:34:44 -0500] "GET /BLA/boletinlegal/images/background.gif HTTP/1.1" 200 -
144.76.99.215 - - [03/Sep/2019:08:34:46 -0500] "GET /SIG/index.php/ECS/126PM04-PR57.pdf/?dir=&sort=date&order=asc/ HTTP/1.1" 200 4959
144.76.99.215 - - [03/Sep/2019:08:34:48 -0500] "GET /SIG/index.php/ECS/126PM04-PR57.pdf/?dir=&sort=name&order=desc/ HTTP/1.1" 200 4959
144.76.99.215 - - [03/Sep/2019:08:34:53 -0500] "GET /SIG/index.php/ECS/126PM04-PR57.pdf/?dir=&sort=size&order=asc/ HTTP/1.1" 200 4959
66.249.88.123 - - [03/Sep/2019:08:34:54 -0500] "GET /galeria/galeria/jquery.fancybox.css?v=2.1.5 HTTP/1.1" 200 4895
66.249.88.127 - - [03/Sep/2019:08:34:54 -0500] "GET /galeria/galeria/jquery.fancybox.js?v=2.1.5 HTTP/1.1" 200 48706
66.249.88.127 - - [03/Sep/2019:08:34:54 -0500] "GET /BLA/boletinlegal/js/jquery.scrollShow.js HTTP/1.1" 200 4586
144.76.99.215 - - [03/Sep/2019:08:34:55 -0500] "GET /SIG/index.php/ECS/126PM04-PR57.pdf/?dir=Comunicaciones// HTTP/1.1" 200 3186
186.84.200.45 - - [03/Sep/2019:08:34:56 -0500] "GET /BLA/boletinlegal/Directivas/2019/Directiva%20No.%200001%20del%2011%20de%20junio%20de%202019.pdf HTTP/1.1" 200 228190
144.76.99.215 - - [03/Sep/2019:08:35:00 -0500] "GET /SIG/index.php/ECS/126PM04-PR57.pdf/?dir=Control%20Disciplinario// HTTP/1.1" 200 2985
144.76.99.215 - - [03/Sep/2019:08:35:02 -0500] "GET /SIG/index.php/ECS/126PM04-PR57.pdf/?dir=Control%20y%20mejora// HTTP/1.1" 200 3075
144.76.99.215 - - [03/Sep/2019:08:35:04 -0500] "GET /SIG/index.php/ECS/126PM04-PR57.pdf/?dir=Direccionamiento%20Estrategico// HTTP/1.1" 200 4249
144.76.99.215 - - [03/Sep/2019:08:35:07 -0500] "GET /SIG/index.php/ECS/126PM04-PR57.pdf/?dir=ECS// HTTP/1.1" 200 16895
144.76.99.215 - - [03/Sep/2019:08:35:10 -0500] "GET /SIG/index.php/ECS/126PM04-PR57.pdf/?dir=Gestion%20Documental// HTTP/1.1" 200 5851
66.249.88.125 - - [03/Sep/2019:08:35:12 -0500] "GET /BLA/resoluciones/AUTOS%202014/4257.pdf HTTP/1.1" 200 581369
144.76.99.215 - - [03/Sep/2019:08:35:12 -0500] "GET /SIG/index.php/ECS/126PM04-PR57.pdf/?dir=Gestion%20Recursos%20Financieros// HTTP/1.1" 200 9159
144.76.99.215 - - [03/Sep/2019:08:35:16 -0500] "GET /SIG/index.php/ECS/126PM04-PR58.pdf/?dir=&sort=date&order=asc/ HTTP/1.1" 200 4959
144.76.99.215 - - [03/Sep/2019:08:35:19 -0500] "GET /SIG/index.php/ECS/126PM04-PR58.pdf/?dir=&sort=name&order=desc/ HTTP/1.1" 200 4959
144.76.99.215 - - [03/Sep/2019:08:35:21 -0500] "GET /SIG/index.php/ECS/126PM04-PR58.pdf/?dir=&sort=size&order=asc/ HTTP/1.1" 200 4959
144.76.99.215 - - [03/Sep/2019:08:35:25 -0500] "GET /SIG/index.php/ECS/126PM04-PR58.pdf/?dir=Comunicaciones// HTTP/1.1" 200 3186
191.106.165.165 - - [03/Sep/2019:08:35:27 -0500] "GET /galeria/galeria/jquery.fancybox.css?v=2.1.5 HTTP/1.1" 200 4895
191.106.165.165 - - [03/Sep/2019:08:35:27 -0500] "GET /galeria/galeria/jquery.fancybox.js?v=2.1.5 HTTP/1.1" 200 48706
191.106.165.165 - - [03/Sep/2019:08:35:27 -0500] "GET /BLA/boletinlegal/js/jquery.scrollShow.js HTTP/1.1" 200 4586
144.76.99.215 - - [03/Sep/2019:08:35:28 -0500] "GET /SIG/index.php/ECS/126PM04-PR58.pdf/?dir=Control%20Disciplinario// HTTP/1.1" 200 2985
144.76.99.215 - - [03/Sep/2019:08:35:30 -0500] "GET /SIG/index.php/ECS/126PM04-PR58.pdf/?dir=Control%20y%20mejora// HTTP/1.1" 200 3075
144.76.99.215 - - [03/Sep/2019:08:35:32 -0500] "GET /SIG/index.php/ECS/126PM04-PR58.pdf/?dir=Direccionamiento%20Estrategico// HTTP/1.1" 200 4249
144.76.99.215 - - [03/Sep/2019:08:35:33 -0500] "GET /SIG/index.php/ECS/126PM04-PR58.pdf/?dir=ECS// HTTP/1.1" 200 16895
144.76.99.215 - - [03/Sep/2019:08:35:36 -0500] "GET /SIG/index.php/ECS/126PM04-PR58.pdf/?dir=Gestion%20Documental// HTTP/1.1" 200 5851
176.113.72.75 - - [03/Sep/2019:08:35:37 -0500] "GET /galeria/galeria/jquery.fancybox.css?v=2.1.5 HTTP/1.1" 200 4895
144.76.99.215 - - [03/Sep/2019:08:35:38 -0500] "GET /SIG/index.php/ECS/126PM04-PR58.pdf/?dir=Gestion%20Recursos%20Financieros// HTTP/1.1" 200 9159
176.113.72.75 - - [03/Sep/2019:08:35:38 -0500] "GET /BLA/boletinlegal/js/jquery.scrollShow.js HTTP/1.1" 200 4586
144.76.99.215 - - [03/Sep/2019:08:35:40 -0500] "GET /SIG/index.php/ECS/126PM04-PR59.pdf/?dir=&sort=date&order=asc/ HTTP/1.1" 200 4959
144.76.99.215 - - [03/Sep/2019:08:35:42 -0500] "GET /SIG/index.php/ECS/126PM04-PR59.pdf/?dir=&sort=name&order=desc/ HTTP/1.1" 200 4959
176.113.72.75 - - [03/Sep/2019:08:35:42 -0500] "GET /galeria/galeria/jquery.fancybox.js?v=2.1.5 HTTP/1.1" 200 48706
186.84.200.45 - - [03/Sep/2019:08:35:42 -0500] "GET /galeria/galeria/jquery.fancybox.css?v=2.1.5 HTTP/1.1" 200 4895
186.84.200.45 - - [03/Sep/2019:08:35:42 -0500] "GET /BLA/boletinlegal/js/jquery.scrollShow.js HTTP/1.1" 200 4586
186.84.200.45 - - [03/Sep/2019:08:35:42 -0500] "GET /galeria/galeria/jquery.fancybox.js?v=2.1.5 HTTP/1.1" 200 48706
144.76.99.215 - - [03/Sep/2019:08:35:44 -0500] "GET /SIG/index.php/ECS/126PM04-PR59.pdf/?dir=&sort=size&order=asc/ HTTP/1.1" 200 4959
191.102.199.235 - - [03/Sep/2019:08:35:46 -0500] "GET /BLA/boletinlegal/js/jquery.scrollShow.js HTTP/1.1" 200 4586
191.102.199.235 - - [03/Sep/2019:08:35:46 -0500] "GET /galeria/galeria/jquery.fancybox.js?v=2.1.5 HTTP/1.1" 200 48706
144.76.99.215 - - [03/Sep/2019:08:35:46 -0500] "GET /SIG/index.php/ECS/126PM04-PR59.pdf/?dir=Comunicaciones// HTTP/1.1" 200 3186
191.102.199.235 - - [03/Sep/2019:08:35:46 -0500] "GET /galeria/galeria/jquery.fancybox.css?v=2.1.5 HTTP/1.1" 200 4895
191.102.199.235 - - [03/Sep/2019:08:35:46 -0500] "GET /galeria/carrusel/Carrusel/jquery.thumbnailScroller.css HTTP/1.1" 200 2066
191.102.199.235 - - [03/Sep/2019:08:35:46 -0500] "GET /galeria/carrusel/Carrusel/jquery-ui-1.8.13.custom.min.js HTTP/1.1" 200 10800
191.102.199.235 - - [03/Sep/2019:08:35:46 -0500] "GET /galeria/carrusel/Carrusel/jquery.thumbnailScroller.js HTTP/1.1" 200 8157
144.76.99.215 - - [03/Sep/2019:08:35:49 -0500] "GET /SIG/index.php/ECS/126PM04-PR59.pdf/?dir=Control%20Disciplinario// HTTP/1.1" 200 2985
144.76.99.215 - - [03/Sep/2019:08:35:51 -0500] "GET /SIG/index.php/ECS/126PM04-PR59.pdf/?dir=Control%20y%20mejora// HTTP/1.1" 200 3075
144.76.99.215 - - [03/Sep/2019:08:35:53 -0500] "GET /SIG/index.php/ECS/126PM04-PR59.pdf/?dir=Direccionamiento%20Estrategico// HTTP/1.1" 200 4249
144.76.99.215 - - [03/Sep/2019:08:35:55 -0500] "GET /SIG/index.php/ECS/126PM04-PR59.pdf/?dir=ECS// HTTP/1.1" 200 16895
144.76.99.215 - - [03/Sep/2019:08:36:02 -0500] "GET /SIG/index.php/ECS/126PM04-PR60.pdf/?dir=ECS// HTTP/1.1" 200 16895
144.76.99.215 - - [03/Sep/2019:08:36:04 -0500] "GET /SIG/index.php/ECS/126PM04-PR60.pdf/?dir=Gestion%20Documental// HTTP/1.1" 200 5851
144.76.99.215 - - [03/Sep/2019:08:36:06 -0500] "GET /SIG/index.php/ECS/126PM04-PR60.pdf/?dir=Gestion%20Recursos%20Financieros// HTTP/1.1" 200 9159
192.168.175.104 - - [03/Sep/2019:08:36:07 -0500] "GET / HTTP/1.1" 200 9990
144.76.99.215 - - [03/Sep/2019:08:36:09 -0500] "GET /SIG/index.php/ECS/126PM04-PR80.pdf/?dir=Gestion%20Documental// HTTP/1.1" 200 5851
144.76.99.215 - - [03/Sep/2019:08:36:12 -0500] "GET /SIG/index.php/ECS/126PM04-PR80.pdf/?dir=Gestion%20Recursos%20Financieros// HTTP/1.1" 200 9159
144.76.99.215 - - [03/Sep/2019:08:36:15 -0500] "GET /SIG/index.php/ECS/126PM04-PR88.pdf/?dir=Control%20y%20mejora// HTTP/1.1" 200 3075
144.76.99.215 - - [03/Sep/2019:08:36:18 -0500] "GET /SIG/index.php/ECS/126PM04-PR88.pdf/?dir=Direccionamiento%20Estrategico// HTTP/1.1" 200 4249
144.76.99.215 - - [03/Sep/2019:08:36:20 -0500] "GET /SIG/index.php/ECS/126PM04-PR88.pdf/?dir=ECS// HTTP/1.1" 200 16895
144.76.99.215 - - [03/Sep/2019:08:36:23 -0500] "GET /SIG/index.php/ECS/126PM04-PR88.pdf/?dir=Gestion%20Documental// HTTP/1.1" 200 5851
144.76.99.215 - - [03/Sep/2019:08:36:26 -0500] "GET /SIG/index.php/ECS/126PM04-PR88.pdf/?dir=Gestion%20Recursos%20Financieros// HTTP/1.1" 200 9159
190.93.137.26 - - [03/Sep/2019:08:36:27 -0500] "GET /BLA/boletinlegal/js/jquery.scrollShow.js HTTP/1.1" 200 4586
190.93.137.26 - - [03/Sep/2019:08:36:27 -0500] "GET /galeria/galeria/jquery.fancybox.css?v=2.1.5 HTTP/1.1" 200 4895
190.93.137.26 - - [03/Sep/2019:08:36:27 -0500] "GET /galeria/galeria/jquery.fancybox.js?v=2.1.5 HTTP/1.1" 200 48706
144.76.99.215 - - [03/Sep/2019:08:36:28 -0500] "GET /SIG/index.php/ECS/126PM04-PR91.pdf/?dir=&sort=date&order=asc/ HTTP/1.1" 200 4959
144.76.99.215 - - [03/Sep/2019:08:36:32 -0500] "GET /SIG/index.php/ECS/126PM04-PR91.pdf/?dir=&sort=name&order=desc/ HTTP/1.1" 200 4959
144.76.99.215 - - [03/Sep/2019:08:36:34 -0500] "GET /SIG/index.php/ECS/126PM04-PR91.pdf/?dir=&sort=size&order=asc/ HTTP/1.1" 200 4959
181.49.145.84 - - [03/Sep/2019:08:36:36 -0500] "GET /BLA/boletinlegal/js/jquery.scrollShow.js HTTP/1.1" 200 4586
181.49.145.84 - - [03/Sep/2019:08:36:36 -0500] "GET /galeria/galeria/jquery.fancybox.css?v=2.1.5 HTTP/1.1" 200 4895
181.49.145.84 - - [03/Sep/2019:08:36:36 -0500] "GET /galeria/galeria/jquery.fancybox.js?v=2.1.5 HTTP/1.1" 200 48706
144.76.99.215 - - [03/Sep/2019:08:36:37 -0500] "GET /SIG/index.php/ECS/126PM04-PR91.pdf/?dir=Comunicaciones// HTTP/1.1" 200 3186
144.76.99.215 - - [03/Sep/2019:08:36:39 -0500] "GET /SIG/index.php/ECS/126PM04-PR91.pdf/?dir=Control%20Disciplinario// HTTP/1.1" 200 2985
201.244.52.63 - - [03/Sep/2019:08:36:41 -0500] "GET /BLA/boletinlegal/js/jquery.scrollShow.js HTTP/1.1" 200 4586
144.76.99.215 - - [03/Sep/2019:08:36:42 -0500] "GET /SIG/index.php/ECS/126PM04-PR91.pdf/?dir=Control%20y%20mejora// HTTP/1.1" 200 3075
201.245.192.253 - - [03/Sep/2019:08:36:43 -0500] "GET /galeria/nivo-slider/demo/demo.html HTTP/1.1" 200 4905
201.245.192.253 - - [03/Sep/2019:08:36:44 -0500] "GET /galeria/nivo-slider/demo/images/Banner%20agua.png HTTP/1.1" 200 333961
201.245.192.253 - - [03/Sep/2019:08:36:44 -0500] "GET /galeria/nivo-slider/demo/images/Banner%20web%20Ecoempresarial%20ago.jpg HTTP/1.1" 304 -
201.245.192.253 - - [03/Sep/2019:08:36:44 -0500] "GET /galeria/nivo-slider/demo/images/Caminatas%20septiembre%202019.jpg HTTP/1.1" 304 -
201.244.52.63 - - [03/Sep/2019:08:36:44 -0500] "GET /galeria/galeria/jquery.fancybox.css?v=2.1.5 HTTP/1.1" 200 4895
201.244.52.63 - - [03/Sep/2019:08:36:48 -0500] "GET /galeria/galeria/jquery.fancybox.js?v=2.1.5 HTTP/1.1" 200 48706
144.76.99.215 - - [03/Sep/2019:08:36:52 -0500] "GET /SIG/index.php/ECS/126PM04-PR91.pdf/?dir=Direccionamiento%20Estrategico// HTTP/1.1" 200 4249
144.76.99.215 - - [03/Sep/2019:08:36:56 -0500] "GET /SIG/index.php/ECS/126PM04-PR91.pdf/?dir=ECS// HTTP/1.1" 200 16895
201.245.192.253 - - [03/Sep/2019:08:36:57 -0500] "GET /galeria/nivo-slider/demo/demo.html HTTP/1.1" 200 4905
201.245.192.253 - - [03/Sep/2019:08:36:59 -0500] "GET /galeria/nivo-slider/demo/images/Banner%20agua.png HTTP/1.1" 200 333961
201.244.52.63 - - [03/Sep/2019:08:36:59 -0500] "GET /galeria/carrusel/Carrusel/jquery.thumbnailScroller.css HTTP/1.1" 200 2066
201.245.192.253 - - [03/Sep/2019:08:36:59 -0500] "GET /galeria/nivo-slider/demo/images/Caminatas%20septiembre%202019.jpg HTTP/1.1" 304 -
201.245.192.253 - - [03/Sep/2019:08:37:00 -0500] "GET /galeria/nivo-slider/demo/images/bannersectorambiente.png HTTP/1.1" 304 -
144.76.99.215 - - [03/Sep/2019:08:37:01 -0500] "GET /SIG/index.php/ECS/126PM04-PR91.pdf/?dir=Gestion%20Documental// HTTP/1.1" 200 5851
144.76.99.215 - - [03/Sep/2019:08:37:04 -0500] "GET /SIG/index.php/ECS/126PM04-PR91.pdf/?dir=Gestion%20Recursos%20Financieros// HTTP/1.1" 200 9159
144.76.99.215 - - [03/Sep/2019:08:37:07 -0500] "GET /SIG/index.php/ECS/126PM04-PR92.pdf/?dir=&sort=date&order=asc/ HTTP/1.1" 200 4959
144.76.99.215 - - [03/Sep/2019:08:37:10 -0500] "GET /SIG/index.php/ECS/126PM04-PR92.pdf/?dir=&sort=name&order=desc/ HTTP/1.1" 200 4959
190.239.213.27 - - [03/Sep/2019:08:37:11 -0500] "GET /galeria/galeria/jquery.fancybox.js?v=2.1.5 HTTP/1.1" 200 48706
190.239.213.27 - - [03/Sep/2019:08:37:11 -0500] "GET /galeria/galeria/jquery.fancybox.css?v=2.1.5 HTTP/1.1" 200 4895
190.239.213.27 - - [03/Sep/2019:08:37:11 -0500] "GET /BLA/boletinlegal/js/jquery.scrollShow.js HTTP/1.1" 200 4586
66.249.64.19 - - [03/Sep/2019:08:37:12 -0500] "GET /BLA/resoluciones/RESOLUCIONES%202017/1869.pdf HTTP/1.1" 304 -
144.76.99.215 - - [03/Sep/2019:08:37:13 -0500] "GET /SIG/index.php/ECS/126PM04-PR92.pdf/?dir=&sort=size&order=asc/ HTTP/1.1" 200 4959
144.76.99.215 - - [03/Sep/2019:08:37:15 -0500] "GET /SIG/index.php/ECS/126PM04-PR92.pdf/?dir=Comunicaciones// HTTP/1.1" 200 3186
181.225.110.242 - - [03/Sep/2019:08:37:17 -0500] "GET /galeria/galeria/jquery.fancybox.css?v=2.1.5 HTTP/1.1" 200 4895
181.225.110.242 - - [03/Sep/2019:08:37:17 -0500] "GET /BLA/boletinlegal/js/jquery.scrollShow.js HTTP/1.1" 200 4586
181.225.110.242 - - [03/Sep/2019:08:37:17 -0500] "GET /galeria/galeria/jquery.fancybox.js?v=2.1.5 HTTP/1.1" 200 48706
191.102.199.235 - - [03/Sep/2019:08:37:18 -0500] "GET /galeria/nivo-slider/demo/demo.html HTTP/1.1" 200 4905
191.102.199.235 - - [03/Sep/2019:08:37:18 -0500] "GET /galeria/nivo-slider/themes/default/default.css HTTP/1.1" 200 1569
191.102.199.235 - - [03/Sep/2019:08:37:18 -0500] "GET /galeria/nivo-slider/themes/pascal/pascal.css HTTP/1.1" 200 2258
191.102.199.235 - - [03/Sep/2019:08:37:18 -0500] "GET /galeria/nivo-slider/themes/orman/orman.css HTTP/1.1" 200 2152
201.244.52.63 - - [03/Sep/2019:08:37:19 -0500] "GET /galeria/nivo-slider/demo/demo.html HTTP/1.1" 200 4905
201.244.52.63 - - [03/Sep/2019:08:37:19 -0500] "GET /galeria/carrusel/Carrusel/jquery-ui-1.8.13.custom.min.js HTTP/1.1" 200 10800
191.102.199.235 - - [03/Sep/2019:08:37:19 -0500] "GET /galeria/nivo-slider/demo/style.css HTTP/1.1" 200 2222
191.102.199.235 - - [03/Sep/2019:08:37:19 -0500] "GET /galeria/nivo-slider/nivo-slider.css HTTP/1.1" 200 1507
191.102.199.235 - - [03/Sep/2019:08:37:19 -0500] "GET /galeria/nivo-slider/demo/images/Banner%20consumo%20sostenible%20final.jpg HTTP/1.1" 200 364746
191.102.199.235 - - [03/Sep/2019:08:37:19 -0500] "GET /galeria/nivo-slider/demo/images/puntos%20atencion%20BANNER.jpg HTTP/1.1" 200 244208
191.102.199.235 - - [03/Sep/2019:08:37:19 -0500] "GET /galeria/nivo-slider/demo/images/banner%20lluvias.jpg HTTP/1.1" 200 254815
191.102.199.235 - - [03/Sep/2019:08:37:19 -0500] "GET /galeria/nivo-slider/demo/images/Banner%20Conpes.jpg HTTP/1.1" 200 55220
191.102.199.235 - - [03/Sep/2019:08:37:19 -0500] "GET /galeria/nivo-slider/demo/images/Banner%20agua.png HTTP/1.1" 200 333961
191.102.199.235 - - [03/Sep/2019:08:37:19 -0500] "GET /galeria/nivo-slider/demo/images/Banner%20RCD.jpg HTTP/1.1" 200 92197
144.76.99.215 - - [03/Sep/2019:08:37:20 -0500] "GET /SIG/index.php/ECS/126PM04-PR92.pdf/?dir=Control%20Disciplinario// HTTP/1.1" 200 2985
201.244.52.63 - - [03/Sep/2019:08:37:22 -0500] "GET /galeria/carrusel/Carrusel/jquery.thumbnailScroller.js HTTP/1.1" 200 8157
144.76.99.215 - - [03/Sep/2019:08:37:23 -0500] "GET /SIG/index.php/ECS/126PM04-PR92.pdf/?dir=Control%20y%20mejora// HTTP/1.1" 200 3075
201.244.52.63 - - [03/Sep/2019:08:37:24 -0500] "GET /galeria/nivo-slider/themes/default/default.css HTTP/1.1" 200 1569
201.244.52.63 - - [03/Sep/2019:08:37:24 -0500] "GET /galeria/nivo-slider/themes/pascal/pascal.css HTTP/1.1" 200 2258
191.102.199.235 - - [03/Sep/2019:08:37:25 -0500] "GET /galeria/nivo-slider/demo/images/Banner%20web%20Ecoempresarial%20ago.jpg HTTP/1.1" 200 752526
201.244.52.63 - - [03/Sep/2019:08:37:27 -0500] "GET /galeria/nivo-slider/themes/orman/orman.css HTTP/1.1" 200 2152
144.76.99.215 - - [03/Sep/2019:08:37:27 -0500] "GET /SIG/index.php/ECS/126PM04-PR92.pdf/?dir=Direccionamiento%20Estrategico// HTTP/1.1" 200 4249
201.244.52.63 - - [03/Sep/2019:08:37:27 -0500] "GET /galeria/nivo-slider/nivo-slider.css HTTP/1.1" 200 1507
201.244.52.63 - - [03/Sep/2019:08:37:28 -0500] "GET /galeria/nivo-slider/demo/style.css HTTP/1.1" 200 2222
201.244.52.63 - - [03/Sep/2019:08:37:29 -0500] "GET /galeria/nivo-slider/demo/images/BANNER%20punto.jpg HTTP/1.1" 200 75932
144.76.99.215 - - [03/Sep/2019:08:37:29 -0500] "GET /SIG/index.php/ECS/126PM04-PR92.pdf/?dir=ECS// HTTP/1.1" 200 16895
201.244.52.63 - - [03/Sep/2019:08:37:31 -0500] "GET /galeria/nivo-slider/demo/images/banner%20reciclaton%20agosto.jpg HTTP/1.1" 200 244820
201.244.52.63 - - [03/Sep/2019:08:37:31 -0500] "GET /galeria/nivo-slider/demo/images/Banner%20RCD.jpg HTTP/1.1" 200 92197
201.244.52.63 - - [03/Sep/2019:08:37:31 -0500] "GET /galeria/nivo-slider/demo/images/Banner%20Visor%20Geografico%20Ambiental.jpg HTTP/1.1" 200 204673
201.244.52.63 - - [03/Sep/2019:08:37:31 -0500] "GET /galeria/nivo-slider/demo/images/Caminatas%20septiembre%202019.jpg HTTP/1.1" 200 204949
200.119.114.95 - - [03/Sep/2019:08:37:32 -0500] "GET /BLA/boletinlegal/js/jquery.scrollShow.js HTTP/1.1" 200 4586
200.119.114.95 - - [03/Sep/2019:08:37:32 -0500] "GET /galeria/galeria/jquery.fancybox.js?v=2.1.5 HTTP/1.1" 200 48706
200.119.114.95 - - [03/Sep/2019:08:37:32 -0500] "GET /galeria/galeria/jquery.fancybox.css?v=2.1.5 HTTP/1.1" 200 4895
144.76.99.215 - - [03/Sep/2019:08:37:32 -0500] "GET /SIG/index.php/ECS/126PM04-PR92.pdf/?dir=Gestion%20Documental// HTTP/1.1" 200 5851
201.244.52.63 - - [03/Sep/2019:08:37:33 -0500] "GET /galeria/nivo-slider/demo/images/Banner%20impacto.jpg HTTP/1.1" 200 72695
144.76.99.215 - - [03/Sep/2019:08:37:34 -0500] "GET /SIG/index.php/ECS/126PM04-PR92.pdf/?dir=Gestion%20Recursos%20Financieros// HTTP/1.1" 200 9159
191.102.199.235 - - [03/Sep/2019:08:37:35 -0500] "GET /galeria/nivo-slider/demo/images/Caminatas%20septiembre%202019.jpg HTTP/1.1" 200 204949
104.129.204.56 - - [03/Sep/2019:08:37:36 -0500] "GET /galeria/galeria/jquery.fancybox.css?v=2.1.5 HTTP/1.1" 200 4895
104.129.204.56 - - [03/Sep/2019:08:37:36 -0500] "GET /galeria/galeria/jquery.fancybox.js?v=2.1.5 HTTP/1.1" 200 48706
104.129.204.56 - - [03/Sep/2019:08:37:36 -0500] "GET /BLA/boletinlegal/js/jquery.scrollShow.js HTTP/1.1" 200 4586
144.76.99.215 - - [03/Sep/2019:08:37:36 -0500] "GET /SIG/index.php/ECS/126PM04-PR93.pdf/?dir=&sort=date&order=asc/ HTTP/1.1" 200 4959
191.102.199.235 - - [03/Sep/2019:08:37:39 -0500] "GET /galeria/nivo-slider/demo/images/bannersectorambiente.png HTTP/1.1" 200 308540
144.76.99.215 - - [03/Sep/2019:08:37:39 -0500] "GET /SIG/index.php/ECS/126PM04-PR93.pdf/?dir=&sort=name&order=desc/ HTTP/1.1" 200 4959
190.68.153.222 - - [03/Sep/2019:08:37:40 -0500] "GET /galeria/galeria/jquery.fancybox.js?v=2.1.5 HTTP/1.1" 200 48706
190.68.153.222 - - [03/Sep/2019:08:37:40 -0500] "GET /BLA/boletinlegal/js/jquery.scrollShow.js HTTP/1.1" 200 4586
190.68.153.222 - - [03/Sep/2019:08:37:40 -0500] "GET /galeria/galeria/jquery.fancybox.css?v=2.1.5 HTTP/1.1" 200 4895
144.76.99.215 - - [03/Sep/2019:08:37:42 -0500] "GET /SIG/index.php/ECS/126PM04-PR93.pdf/?dir=&sort=size&order=asc/ HTTP/1.1" 200 4959
191.102.199.235 - - [03/Sep/2019:08:37:46 -0500] "GET /galeria/nivo-slider/demo/images/Banner%20Visor%20Geografico%20Ambiental.jpg HTTP/1.1" 200 204673
144.76.99.215 - - [03/Sep/2019:08:37:46 -0500] "GET /SIG/index.php/ECS/126PM04-PR93.pdf/?dir=Comunicaciones// HTTP/1.1" 200 3186
201.245.192.253 - - [03/Sep/2019:08:37:47 -0500] "GET /galeria/galeria/jquery.fancybox.js?v=2.1.5 HTTP/1.1" 200 48706
201.245.192.253 - - [03/Sep/2019:08:37:47 -0500] "GET /galeria/galeria/jquery.fancybox.css?v=2.1.5 HTTP/1.1" 200 4895
201.245.192.253 - - [03/Sep/2019:08:37:47 -0500] "GET /galeria/carrusel/Carrusel/jquery.thumbnailScroller.css HTTP/1.1" 200 2066
201.245.192.253 - - [03/Sep/2019:08:37:47 -0500] "GET /galeria/nivo-slider/demo/demo.html HTTP/1.1" 200 4905
201.245.192.253 - - [03/Sep/2019:08:37:47 -0500] "GET /galeria/nivo-slider/themes/default/default.css HTTP/1.1" 200 1569
201.245.192.253 - - [03/Sep/2019:08:37:47 -0500] "GET /galeria/nivo-slider/themes/pascal/pascal.css HTTP/1.1" 200 2258
201.245.192.253 - - [03/Sep/2019:08:37:47 -0500] "GET /galeria/nivo-slider/themes/orman/orman.css HTTP/1.1" 200 2152
201.245.192.253 - - [03/Sep/2019:08:37:47 -0500] "GET /galeria/nivo-slider/nivo-slider.css HTTP/1.1" 200 1507
201.245.192.253 - - [03/Sep/2019:08:37:47 -0500] "GET /galeria/nivo-slider/demo/style.css HTTP/1.1" 200 2222
201.245.192.253 - - [03/Sep/2019:08:37:47 -0500] "GET /galeria/nivo-slider/demo/images/banner%20reciclaton%20agosto.jpg HTTP/1.1" 200 244820
201.245.192.253 - - [03/Sep/2019:08:37:47 -0500] "GET /galeria/nivo-slider/demo/images/4Simple_Slider.png HTTP/1.1" 200 11722
201.245.192.253 - - [03/Sep/2019:08:37:47 -0500] "GET /galeria/nivo-slider/themes/default/loading.gif HTTP/1.1" 200 1737
201.245.192.253 - - [03/Sep/2019:08:37:47 -0500] "GET /galeria/nivo-slider/demo/images/banner%20lluvias.jpg HTTP/1.1" 200 254815
201.245.192.253 - - [03/Sep/2019:08:37:47 -0500] "GET /galeria/nivo-slider/demo/images/Banner%20impacto.jpg HTTP/1.1" 200 72695
201.245.192.253 - - [03/Sep/2019:08:37:47 -0500] "GET /galeria/nivo-slider/demo/images/Banner%20agua.png HTTP/1.1" 200 333961
201.245.192.253 - - [03/Sep/2019:08:37:47 -0500] "GET /galeria/nivo-slider/demo/images/puntos%20atencion%20BANNER.jpg HTTP/1.1" 200 244208
201.245.192.253 - - [03/Sep/2019:08:37:47 -0500] "GET /galeria/nivo-slider/demo/images/Caminatas%20septiembre%202019.jpg HTTP/1.1" 200 204949
201.245.192.253 - - [03/Sep/2019:08:37:47 -0500] "GET /galeria/nivo-slider/demo/images/Banner%20Visor%20Geografico%20Ambiental.jpg HTTP/1.1" 200 204673
201.245.192.253 - - [03/Sep/2019:08:37:48 -0500] "GET /galeria/nivo-slider/demo/images/Banner%20RCD.jpg HTTP/1.1" 200 92197
201.245.192.253 - - [03/Sep/2019:08:37:48 -0500] "GET /galeria/nivo-slider/demo/images/Banner%20Conpes.jpg HTTP/1.1" 200 55220
201.245.192.253 - - [03/Sep/2019:08:37:48 -0500] "GET /galeria/nivo-slider/demo/images/Banner%20practicas%20sostenibles.jpg HTTP/1.1" 200 142958
201.245.192.253 - - [03/Sep/2019:08:37:48 -0500] "GET /galeria/nivo-slider/demo/images/BANNER%20punto.jpg HTTP/1.1" 200 75932
201.245.192.253 - - [03/Sep/2019:08:37:48 -0500] "GET /galeria/nivo-slider/demo/images/Banneranonimos.png HTTP/1.1" 200 109388
201.245.192.253 - - [03/Sep/2019:08:37:48 -0500] "GET /galeria/nivo-slider/demo/images/Banner%20web%20Ecoempresarial%20ago.jpg HTTP/1.1" 304 -
201.245.192.253 - - [03/Sep/2019:08:37:49 -0500] "GET /galeria/nivo-slider/themes/default/arrows.png HTTP/1.1" 200 824
201.245.192.253 - - [03/Sep/2019:08:37:49 -0500] "GET /galeria/nivo-slider/themes/default/bullets.png HTTP/1.1" 200 1281
144.76.99.215 - - [03/Sep/2019:08:37:50 -0500] "GET /SIG/index.php/ECS/126PM04-PR93.pdf/?dir=Control%20Disciplinario// HTTP/1.1" 200 2985
144.76.99.215 - - [03/Sep/2019:08:37:54 -0500] "GET /SIG/index.php/ECS/126PM04-PR93.pdf/?dir=Control%20y%20mejora// HTTP/1.1" 200 3075
191.102.199.235 - - [03/Sep/2019:08:37:55 -0500] "GET /galeria/nivo-slider/demo/images/BANNER%20punto.jpg HTTP/1.1" 200 75932
191.102.199.235 - - [03/Sep/2019:08:37:56 -0500] "GET /galeria/nivo-slider/demo/images/Banner%20impacto.jpg HTTP/1.1" 200 72695
144.76.99.215 - - [03/Sep/2019:08:37:57 -0500] "GET /SIG/index.php/ECS/126PM04-PR93.pdf/?dir=Direccionamiento%20Estrategico// HTTP/1.1" 200 4249
191.102.199.235 - - [03/Sep/2019:08:37:58 -0500] "GET /galeria/nivo-slider/demo/images/Banner%20practicas%20sostenibles.jpg HTTP/1.1" 200 142958
144.76.99.215 - - [03/Sep/2019:08:38:01 -0500] "GET /SIG/index.php/ECS/126PM04-PR93.pdf/?dir=ECS// HTTP/1.1" 200 16895
181.48.195.229 - - [03/Sep/2019:08:38:01 -0500] "GET /galeria/galeria/jquery.fancybox.css?v=2.1.5 HTTP/1.1" 200 4895
181.48.195.229 - - [03/Sep/2019:08:38:01 -0500] "GET /BLA/boletinlegal/js/jquery.scrollShow.js HTTP/1.1" 200 4586
181.48.195.229 - - [03/Sep/2019:08:38:01 -0500] "GET /galeria/galeria/jquery.fancybox.js?v=2.1.5 HTTP/1.1" 200 48706
191.102.199.235 - - [03/Sep/2019:08:38:02 -0500] "GET /galeria/nivo-slider/demo/images/Banner%20POT.png HTTP/1.1" 200 418238
190.242.36.170 - - [03/Sep/2019:08:38:03 -0500] "GET /galeria/galeria/jquery.fancybox.css?v=2.1.5 HTTP/1.1" 200 4895
190.242.36.170 - - [03/Sep/2019:08:38:03 -0500] "GET /BLA/boletinlegal/js/jquery.scrollShow.js HTTP/1.1" 200 4586
190.242.36.170 - - [03/Sep/2019:08:38:03 -0500] "GET /galeria/galeria/jquery.fancybox.js?v=2.1.5 HTTP/1.1" 200 48706
191.102.199.235 - - [03/Sep/2019:08:38:04 -0500] "GET /galeria/nivo-slider/demo/scripts/jquery-1.7.1.min.js HTTP/1.1" 200 93868
192.168.175.104 - - [03/Sep/2019:08:38:04 -0500] "GET / HTTP/1.0" 200 9990
191.102.199.235 - - [03/Sep/2019:08:38:04 -0500] "GET /galeria/nivo-slider/themes/default/loading.gif HTTP/1.1" 200 1737
144.76.99.215 - - [03/Sep/2019:08:38:05 -0500] "GET /SIG/index.php/ECS/126PM04-PR93.pdf/?dir=Gestion%20Documental// HTTP/1.1" 200 5851
191.102.199.235 - - [03/Sep/2019:08:38:05 -0500] "GET /galeria/nivo-slider/demo/images/4Simple_Slider.png HTTP/1.1" 200 11722
191.102.199.235 - - [03/Sep/2019:08:38:05 -0500] "GET /galeria/nivo-slider/jquery.nivo.slider.pack.js HTTP/1.1" 200 11561
191.102.199.235 - - [03/Sep/2019:08:38:06 -0500] "GET /galeria/nivo-slider/demo/images/banner%20reciclaton%20agosto.jpg HTTP/1.1" 200 244820
181.57.9.243 - - [03/Sep/2019:08:38:08 -0500] "GET /BLA/resoluciones/RESOLUCIONES%202010/6910.pdf HTTP/1.1" 200 312971
144.76.99.215 - - [03/Sep/2019:08:38:07 -0500] "GET /SIG/index.php/ECS/126PM04-PR93.pdf/?dir=Gestion%20Recursos%20Financieros// HTTP/1.1" 200 9159
181.57.9.243 - - [03/Sep/2019:08:38:09 -0500] "GET /favicon.ico HTTP/1.1" 200 7782
191.102.199.235 - - [03/Sep/2019:08:38:09 -0500] "GET /galeria/nivo-slider/demo/images/Banneranonimos.png HTTP/1.1" 200 109388
191.102.199.235 - - [03/Sep/2019:08:38:09 -0500] "GET /galeria/nivo-slider/demo/images/banner-humedales-de-bogota.jpg HTTP/1.1" 200 292611
144.76.99.215 - - [03/Sep/2019:08:38:12 -0500] "GET /SIG/index.php/ECS/126PM04-PR94.pdf/?dir=&sort=date&order=asc/ HTTP/1.1" 200 4959
181.236.183.220 - - [03/Sep/2019:08:38:13 -0500] "GET /galeria/galeria/jquery.fancybox.css?v=2.1.5 HTTP/1.1" 200 4895
181.236.183.220 - - [03/Sep/2019:08:38:13 -0500] "GET /BLA/boletinlegal/js/jquery.scrollShow.js HTTP/1.1" 200 4586
181.236.183.220 - - [03/Sep/2019:08:38:13 -0500] "GET /galeria/galeria/jquery.fancybox.js?v=2.1.5 HTTP/1.1" 200 48706
181.57.9.243 - - [03/Sep/2019:08:38:13 -0500] "GET /BLA/resoluciones/RESOLUCIONES%202009/3589.pdf HTTP/1.1" 200 117784
191.102.199.235 - - [03/Sep/2019:08:38:15 -0500] "GET /galeria/nivo-slider/demo/images/banner-bolsas-plasticas.jpg HTTP/1.1" 200 317939
144.76.99.215 - - [03/Sep/2019:08:38:15 -0500] "GET /SIG/index.php/ECS/126PM04-PR94.pdf/?dir=&sort=name&order=desc/ HTTP/1.1" 200 4959
207.46.13.3 - - [03/Sep/2019:08:38:15 -0500] "GET /BLA/boletinlegal/Directivas/2009/Directiva%20No.%20del%2023%20de%20Diciembre%20de%202009.pdf HTTP/1.1" 304 -
54.36.150.53 - - [03/Sep/2019:08:38:19 -0500] "GET /BLA/resoluciones/RESOLUCIONES%202003/RES%202003%20751-800/776.tif HTTP/1.1" 200 135036
144.76.99.215 - - [03/Sep/2019:08:38:20 -0500] "GET /SIG/index.php/ECS/126PM04-PR94.pdf/?dir=&sort=size&order=asc/ HTTP/1.1" 200 4959
201.244.52.63 - - [03/Sep/2019:08:38:23 -0500] "GET /galeria/nivo-slider/demo/images/banner%20lluvias.jpg HTTP/1.1" 200 254815
144.76.99.215 - - [03/Sep/2019:08:38:25 -0500] "GET /SIG/index.php/ECS/126PM04-PR94.pdf/?dir=Comunicaciones// HTTP/1.1" 200 3186
201.245.192.253 - - [03/Sep/2019:08:38:26 -0500] "GET /galeria/galeria/jquery.fancybox.css?v=2.1.5 HTTP/1.1" 200 4895
201.245.192.253 - - [03/Sep/2019:08:38:26 -0500] "GET /galeria/carrusel/Carrusel/jquery.thumbnailScroller.css HTTP/1.1" 200 2066
201.245.192.253 - - [03/Sep/2019:08:38:26 -0500] "GET /galeria/nivo-slider/demo/images/4Simple_Slider.png HTTP/1.1" 200 11722
201.245.192.253 - - [03/Sep/2019:08:38:26 -0500] "GET /galeria/nivo-slider/themes/default/loading.gif HTTP/1.1" 200 1737
201.245.192.253 - - [03/Sep/2019:08:38:26 -0500] "GET /galeria/nivo-slider/themes/default/arrows.png HTTP/1.1" 200 824
201.245.192.253 - - [03/Sep/2019:08:38:26 -0500] "GET /galeria/nivo-slider/themes/default/bullets.png HTTP/1.1" 200 1281
144.76.99.215 - - [03/Sep/2019:08:38:30 -0500] "GET /SIG/index.php/ECS/126PM04-PR94.pdf/?dir=Control%20Disciplinario// HTTP/1.1" 200 2985
144.76.99.215 - - [03/Sep/2019:08:38:32 -0500] "GET /SIG/index.php/ECS/126PM04-PR94.pdf/?dir=Control%20y%20mejora// HTTP/1.1" 200 3075
144.76.99.215 - - [03/Sep/2019:08:38:36 -0500] "GET /SIG/index.php/ECS/126PM04-PR94.pdf/?dir=Direccionamiento%20Estrategico// HTTP/1.1" 200 4249
201.244.52.63 - - [03/Sep/2019:08:38:38 -0500] "GET /galeria/nivo-slider/demo/images/puntos%20atencion%20BANNER.jpg HTTP/1.1" 200 244208
190.143.108.158 - - [03/Sep/2019:08:38:38 -0500] "GET /siipev/Diseno%20de%20Elementos%20de%20Mobiliario%20Urbano/Diseno%20pertenecientes%20al%20mobiliario%20urbano%20M10-M160/PARTE%20A/Dise%C3%B1o%20de%20Elementos%20M-40.pdf HTTP/1.1" 200 486554
144.76.99.215 - - [03/Sep/2019:08:38:39 -0500] "GET /SIG/index.php/ECS/126PM04-PR94.pdf/?dir=ECS// HTTP/1.1" 200 16895
144.76.99.215 - - [03/Sep/2019:08:38:42 -0500] "GET /SIG/index.php/ECS/126PM04-PR94.pdf/?dir=Gestion%20Documental// HTTP/1.1" 200 5851
186.81.164.12 - - [03/Sep/2019:08:38:42 -0500] "GET /autoliquidacion/Grupo%20Forestal%20-%20Silvicultura/Instructivo-solicitud-Verificaci%C3%B3n-para-expedici%C3%B3n-SUNL.pdf HTTP/1.1" 200 1088994
201.245.192.253 - - [03/Sep/2019:08:38:10 -0500] "POST /kwsrmcab/Wsrmcab HTTP/1.1" 200 24850
144.76.99.215 - - [03/Sep/2019:08:38:44 -0500] "GET /SIG/index.php/ECS/126PM04-PR94.pdf/?dir=Gestion%20Recursos%20Financieros// HTTP/1.1" 200 9159
144.76.99.215 - - [03/Sep/2019:08:38:46 -0500] "GET /SIG/index.php/ECS/126PM04-PR95.pdf/?dir=&sort=date&order=asc/ HTTP/1.1" 200 4959
144.76.99.215 - - [03/Sep/2019:08:38:50 -0500] "GET /SIG/index.php/ECS/126PM04-PR95.pdf/?dir=&sort=name&order=desc/ HTTP/1.1" 200 4959
144.76.99.215 - - [03/Sep/2019:08:38:54 -0500] "GET /SIG/index.php/ECS/126PM04-PR95.pdf/?dir=&sort=size&order=asc/ HTTP/1.1" 200 4959
144.76.99.215 - - [03/Sep/2019:08:38:56 -0500] "GET /SIG/index.php/ECS/126PM04-PR95.pdf/?dir=Comunicaciones// HTTP/1.1" 200 3186
190.68.153.222 - - [03/Sep/2019:08:38:57 -0500] "GET /galeria/galeria/jquery.fancybox.css?v=2.1.5 HTTP/1.1" 304 -
190.68.153.222 - - [03/Sep/2019:08:38:57 -0500] "GET /BLA/boletinlegal/js/jquery.scrollShow.js HTTP/1.1" 304 -
190.68.153.222 - - [03/Sep/2019:08:38:57 -0500] "GET /galeria/galeria/jquery.fancybox.js?v=2.1.5 HTTP/1.1" 304 -
144.76.99.215 - - [03/Sep/2019:08:38:58 -0500] "GET /SIG/index.php/ECS/126PM04-PR95.pdf/?dir=Control%20Disciplinario// HTTP/1.1" 200 2985
144.76.99.215 - - [03/Sep/2019:08:39:01 -0500] "GET /SIG/index.php/ECS/126PM04-PR95.pdf/?dir=Control%20y%20mejora// HTTP/1.1" 200 3075
190.143.108.158 - - [03/Sep/2019:08:39:03 -0500] "GET /siipev/Diseno%20de%20Elementos%20de%20Mobiliario%20Urbano/Otros%20Elementos/PARTE%20C/Dise%C3%B1o%20de%20Elementos%20MEA10.pdf HTTP/1.1" 200 784480
144.76.99.215 - - [03/Sep/2019:08:39:04 -0500] "GET /SIG/index.php/ECS/126PM04-PR95.pdf/?dir=Direccionamiento%20Estrategico// HTTP/1.1" 200 4249
144.76.99.215 - - [03/Sep/2019:08:39:06 -0500] "GET /SIG/index.php/ECS/126PM04-PR95.pdf/?dir=ECS// HTTP/1.1" 200 16895
66.102.8.78 - - [03/Sep/2019:08:39:08 -0500] "-" 408 -
190.143.108.158 - - [03/Sep/2019:08:39:08 -0500] "GET /siipev/Diseno%20de%20Elementos%20de%20Mobiliario%20Urbano/Otros%20Elementos/PARTE%20C/Dise%C3%B1o%20de%20Elementos%20MEA50.pdf HTTP/1.1" 200 1052759
