186.86.26.50 - - [03/Sep/2019:05:35:56 -0500] "GET /BLA/boletinlegal/js/jquery.scrollShow.js HTTP/1.1" 200 4586
66.249.64.20 - - [03/Sep/2019:05:35:56 -0500] "GET /BLA/resoluciones/RESOLUCIONES%202009/4704.pdf HTTP/1.1" 200 328193
178.63.11.212 - - [03/Sep/2019:05:36:03 -0500] "GET /SIG/index.php/ECS/126PM04-PR23.pdf/ECS//126PM04-PR101.pdf/ HTTP/1.1" 200 5420
66.249.88.127 - - [03/Sep/2019:05:36:14 -0500] "GET /BLA/boletinlegal/js/jquery.scrollShow.js HTTP/1.1" 200 4586
66.249.88.125 - - [03/Sep/2019:05:36:14 -0500] "GET /galeria/galeria/jquery.fancybox.css?v=2.1.5 HTTP/1.1" 200 4895
66.249.88.125 - - [03/Sep/2019:05:36:14 -0500] "GET /galeria/galeria/jquery.fancybox.js?v=2.1.5 HTTP/1.1" 200 48706
178.63.11.212 - - [03/Sep/2019:05:36:19 -0500] "GET /SIG/index.php/ECS/126PM04-PR23.pdf/ECS//126PM04-PR102.pdf/ HTTP/1.1" 200 5420
178.63.11.212 - - [03/Sep/2019:05:36:23 -0500] "GET /SIG/index.php/ECS/126PM04-PR23.pdf/ECS//126PM04-PR103.pdf/ HTTP/1.1" 200 5420
178.63.11.212 - - [03/Sep/2019:05:36:31 -0500] "GET /SIG/index.php/ECS/126PM04-PR23.pdf/ECS//126PM04-PR104.pdf/ HTTP/1.1" 200 5420
178.63.11.212 - - [03/Sep/2019:05:36:38 -0500] "GET /SIG/index.php/ECS/126PM04-PR23.pdf/ECS//126PM04-PR105.pdf/ HTTP/1.1" 200 5420
178.63.11.212 - - [03/Sep/2019:05:36:49 -0500] "GET /SIG/index.php/ECS/126PM04-PR23.pdf/ECS//126PM04-PR106.pdf/ HTTP/1.1" 200 5420
178.63.11.212 - - [03/Sep/2019:05:36:54 -0500] "GET /SIG/index.php/ECS/126PM04-PR23.pdf/ECS//126PM04-PR107.pdf/ HTTP/1.1" 200 5420
54.36.148.95 - - [03/Sep/2019:05:37:04 -0500] "GET /BLA/resoluciones/RESOLUCIONES%202006/RES%202006%202451-2500/00002453.tif HTTP/1.1" 200 252486
178.63.11.212 - - [03/Sep/2019:05:37:05 -0500] "GET /SIG/index.php/ECS/126PM04-PR23.pdf/ECS//126PM04-PR108.pdf/ HTTP/1.1" 200 5420
190.27.131.119 - - [03/Sep/2019:05:37:05 -0500] "GET /BLA/resoluciones/AUTOS%202013/0114.pdf HTTP/1.1" 200 1157714
54.36.148.252 - - [03/Sep/2019:05:37:06 -0500] "GET /robots.txt HTTP/1.1" 404 1015
190.27.131.119 - - [03/Sep/2019:05:37:06 -0500] "GET /favicon.ico HTTP/1.1" 200 7782
54.36.150.49 - - [03/Sep/2019:05:37:07 -0500] "GET / HTTP/1.1" 200 9990
178.63.11.212 - - [03/Sep/2019:05:37:14 -0500] "GET /SIG/index.php/ECS/126PM04-PR23.pdf/ECS//126PM04-PR109.pdf/ HTTP/1.1" 200 5420
192.168.175.104 - - [03/Sep/2019:05:37:15 -0500] "GET / HTTP/1.1" 200 9990
178.63.11.212 - - [03/Sep/2019:05:37:22 -0500] "GET /SIG/index.php/ECS/126PM04-PR23.pdf/ECS//126PM04-PR11.pdf/ HTTP/1.1" 200 5401
181.53.12.251 - - [03/Sep/2019:05:37:24 -0500] "GET /BLA/boletinlegal/js/jquery.scrollShow.js HTTP/1.1" 200 4586
181.53.12.251 - - [03/Sep/2019:05:37:24 -0500] "GET /galeria/galeria/jquery.fancybox.css?v=2.1.5 HTTP/1.1" 200 4895
181.53.12.251 - - [03/Sep/2019:05:37:24 -0500] "GET /galeria/galeria/jquery.fancybox.js?v=2.1.5 HTTP/1.1" 200 48706
178.63.11.212 - - [03/Sep/2019:05:37:29 -0500] "GET /SIG/index.php/ECS/126PM04-PR23.pdf/ECS//126PM04-PR110.pdf/ HTTP/1.1" 200 5420
178.63.11.212 - - [03/Sep/2019:05:37:33 -0500] "GET /SIG/index.php/ECS/126PM04-PR23.pdf/ECS//126PM04-PR113.pdf/ HTTP/1.1" 200 5420
178.63.11.212 - - [03/Sep/2019:05:37:37 -0500] "GET /SIG/index.php/ECS/126PM04-PR23.pdf/ECS//126PM04-PR114.pdf/ HTTP/1.1" 200 5420
178.63.11.212 - - [03/Sep/2019:05:37:43 -0500] "GET /SIG/index.php/ECS/126PM04-PR23.pdf/ECS//126PM04-PR13.pdf/ HTTP/1.1" 200 5401
178.63.11.212 - - [03/Sep/2019:05:37:48 -0500] "GET /SIG/index.php/ECS/126PM04-PR23.pdf/ECS//126PM04-PR14.pdf/ HTTP/1.1" 200 5401
178.63.11.212 - - [03/Sep/2019:05:37:52 -0500] "GET /SIG/index.php/ECS/126PM04-PR23.pdf/ECS//126PM04-PR15.pdf/ HTTP/1.1" 200 5401
181.236.241.26 - - [03/Sep/2019:05:37:59 -0500] "GET /BLA/resoluciones/AUTOS%202015/2668.pdf HTTP/1.1" 200 596437
181.236.241.26 - - [03/Sep/2019:05:37:59 -0500] "GET /favicon.ico HTTP/1.1" 200 7782
178.63.11.212 - - [03/Sep/2019:05:38:12 -0500] "GET /SIG/index.php/ECS/126PM04-PR23.pdf/ECS//126PM04-PR16.pdf/ HTTP/1.1" 200 5401
178.63.11.212 - - [03/Sep/2019:05:38:16 -0500] "GET /SIG/index.php/ECS/126PM04-PR23.pdf/ECS//126PM04-PR17.pdf/ HTTP/1.1" 200 5401
178.63.11.212 - - [03/Sep/2019:05:38:35 -0500] "GET /SIG/index.php/ECS/126PM04-PR23.pdf/ECS//126PM04-PR18.pdf/ HTTP/1.1" 200 5401
201.245.192.253 - - [03/Sep/2019:05:38:11 -0500] "POST /kwsrmcab/Wsrmcab HTTP/1.1" 200 24673
178.63.11.212 - - [03/Sep/2019:05:38:49 -0500] "GET /SIG/index.php/ECS/126PM04-PR23.pdf/ECS//126PM04-PR19.pdf/ HTTP/1.1" 200 5401
178.63.11.212 - - [03/Sep/2019:05:38:59 -0500] "GET /SIG/index.php/ECS/126PM04-PR23.pdf/ECS//126PM04-PR20.pdf/ HTTP/1.1" 200 5401
178.63.11.212 - - [03/Sep/2019:05:39:05 -0500] "GET /SIG/index.php/ECS/126PM04-PR23.pdf/ECS//126PM04-PR22.pdf/ HTTP/1.1" 200 5401
192.168.175.104 - - [03/Sep/2019:05:39:11 -0500] "GET / HTTP/1.0" 200 9990
178.63.11.212 - - [03/Sep/2019:05:39:13 -0500] "GET /SIG/index.php/ECS/126PM04-PR23.pdf/Gestion%20Documental//126PA06-PR08%20CONTROL%20Y%20TRAITE%20CORRESPONDENCIA%20EXTERNA%20RECIBIDA.pdf/ HTTP/1.1" 200 6666
178.63.11.212 - - [03/Sep/2019:05:39:17 -0500] "GET /SIG/index.php/ECS/126PM04-PR23.pdf/Gestion%20Documental//126PA06-PR09%20CIRCULARIZACION%20Y%20PRETAMO%20MATERIAL%20CENTRO%20DOCUMENTACION.pdf/ HTTP/1.1" 200 6780
178.63.11.212 - - [03/Sep/2019:05:39:22 -0500] "GET /SIG/index.php/ECS/126PM04-PR23.pdf/Gestion%20Documental//126PA06-PR10%20INGRESO%20Y%20CATALOGACION%20MATERIAL%20BILIOG.CENTRO%20DOCUMENTACION.pdf/ HTTP/1.1" 200 6856
178.63.11.212 - - [03/Sep/2019:05:39:35 -0500] "GET /SIG/index.php/ECS/126PM04-PR23.pdf/Gestion%20Documental//126PA06-PR12%20SELECCION%20Y%20DEPURACION%20MATERIAL%20BILBIOG.CENTRO%20DOCUMENTACION.pdf/ HTTP/1.1" 200 6875
178.63.11.212 - - [03/Sep/2019:05:39:48 -0500] "GET /SIG/index.php/ECS/126PM04-PR23.pdf/Gestion%20Documental//126PA06-PR13%20CONTROL%20DOCUMENTOS%20EXTERNOS-NORMOGRAMA.pdf/ HTTP/1.1" 200 6457
178.63.11.212 - - [03/Sep/2019:05:39:57 -0500] "GET /SIG/index.php/ECS/126PM04-PR23.pdf/Gestion%20Recursos%20Financieros//126PA02-PR01%20ACTAS%20ANULACION-PRESUPUESTO.pdf/ HTTP/1.1" 200 6458
178.63.11.212 - - [03/Sep/2019:05:40:05 -0500] "GET /SIG/index.php/ECS/126PM04-PR23.pdf/Gestion%20Recursos%20Financieros//126PA02-PR02%20ACTAS%20FENECIMIENTO-PRESUPUESTO.pdf/ HTTP/1.1" 200 6515
186.84.88.176 - - [03/Sep/2019:05:40:06 -0500] "GET /galeria/carrusel/Carrusel/jquery.thumbnailScroller.css HTTP/1.1" 200 2066
186.84.88.176 - - [03/Sep/2019:05:40:06 -0500] "GET /galeria/carrusel/Carrusel/jquery-ui-1.8.13.custom.min.js HTTP/1.1" 200 10800
186.84.88.176 - - [03/Sep/2019:05:40:06 -0500] "GET /galeria/carrusel/Carrusel/jquery.thumbnailScroller.js HTTP/1.1" 200 8157
186.84.88.176 - - [03/Sep/2019:05:40:06 -0500] "GET /galeria/nivo-slider/demo/demo.html HTTP/1.1" 200 4905
186.84.88.176 - - [03/Sep/2019:05:40:06 -0500] "GET /galeria/nivo-slider/themes/default/default.css HTTP/1.1" 200 1569
186.84.88.176 - - [03/Sep/2019:05:40:06 -0500] "GET /galeria/nivo-slider/themes/pascal/pascal.css HTTP/1.1" 200 2258
186.84.88.176 - - [03/Sep/2019:05:40:07 -0500] "GET /galeria/nivo-slider/themes/orman/orman.css HTTP/1.1" 200 2152
186.84.88.176 - - [03/Sep/2019:05:40:07 -0500] "GET /galeria/nivo-slider/demo/style.css HTTP/1.1" 200 2222
186.84.88.176 - - [03/Sep/2019:05:40:07 -0500] "GET /galeria/nivo-slider/nivo-slider.css HTTP/1.1" 200 1507
186.84.88.176 - - [03/Sep/2019:05:40:07 -0500] "GET /galeria/nivo-slider/demo/scripts/jquery-1.7.1.min.js HTTP/1.1" 200 93868
186.84.88.176 - - [03/Sep/2019:05:40:07 -0500] "GET /galeria/nivo-slider/demo/images/BANNER%20punto.jpg HTTP/1.1" 200 75932
186.84.88.176 - - [03/Sep/2019:05:40:07 -0500] "GET /galeria/nivo-slider/demo/images/Banner%20RCD.jpg HTTP/1.1" 200 92197
186.84.88.176 - - [03/Sep/2019:05:40:07 -0500] "GET /galeria/nivo-slider/demo/images/Banner%20web%20Ecoempresarial%20ago.jpg HTTP/1.1" 200 752526
186.84.88.176 - - [03/Sep/2019:05:40:07 -0500] "GET /galeria/nivo-slider/demo/images/banner%20lluvias.jpg HTTP/1.1" 200 254815
186.84.88.176 - - [03/Sep/2019:05:40:07 -0500] "GET /galeria/nivo-slider/demo/images/Caminatas%20septiembre%202019.jpg HTTP/1.1" 200 204949
186.84.88.176 - - [03/Sep/2019:05:40:07 -0500] "GET /galeria/nivo-slider/demo/images/Banner%20POT.png HTTP/1.1" 200 418238
186.84.88.176 - - [03/Sep/2019:05:40:07 -0500] "GET /galeria/nivo-slider/demo/images/Banner%20Conpes.jpg HTTP/1.1" 200 55220
186.84.88.176 - - [03/Sep/2019:05:40:07 -0500] "GET /galeria/nivo-slider/demo/images/bannersectorambiente.png HTTP/1.1" 200 308540
186.84.88.176 - - [03/Sep/2019:05:40:07 -0500] "GET /galeria/nivo-slider/demo/images/puntos%20atencion%20BANNER.jpg HTTP/1.1" 200 244208
186.84.88.176 - - [03/Sep/2019:05:40:08 -0500] "GET /galeria/nivo-slider/demo/images/banner-humedales-de-bogota.jpg HTTP/1.1" 200 292611
186.84.88.176 - - [03/Sep/2019:05:40:08 -0500] "GET /galeria/nivo-slider/demo/images/Banner%20agua.png HTTP/1.1" 200 333961
186.84.88.176 - - [03/Sep/2019:05:40:08 -0500] "GET /galeria/nivo-slider/demo/images/Banner%20consumo%20sostenible%20final.jpg HTTP/1.1" 200 364746
186.84.88.176 - - [03/Sep/2019:05:40:08 -0500] "GET /galeria/nivo-slider/demo/images/banner-bolsas-plasticas.jpg HTTP/1.1" 200 317939
186.84.88.176 - - [03/Sep/2019:05:40:08 -0500] "GET /galeria/nivo-slider/demo/images/Banner%20Visor%20Geografico%20Ambiental.jpg HTTP/1.1" 200 204673
186.84.88.176 - - [03/Sep/2019:05:40:09 -0500] "GET /galeria/nivo-slider/demo/images/Banneranonimos.png HTTP/1.1" 200 109388
186.84.88.176 - - [03/Sep/2019:05:40:09 -0500] "GET /galeria/nivo-slider/demo/images/Banner%20impacto.jpg HTTP/1.1" 200 72695
186.84.88.176 - - [03/Sep/2019:05:40:09 -0500] "GET /galeria/nivo-slider/demo/images/Banner%20practicas%20sostenibles.jpg HTTP/1.1" 200 142958
186.84.88.176 - - [03/Sep/2019:05:40:09 -0500] "GET /galeria/nivo-slider/themes/default/loading.gif HTTP/1.1" 200 1737
186.84.88.176 - - [03/Sep/2019:05:40:09 -0500] "GET /galeria/nivo-slider/demo/images/4Simple_Slider.png HTTP/1.1" 200 11722
186.84.88.176 - - [03/Sep/2019:05:40:09 -0500] "GET /galeria/nivo-slider/jquery.nivo.slider.pack.js HTTP/1.1" 200 11561
186.84.88.176 - - [03/Sep/2019:05:40:09 -0500] "GET /galeria/nivo-slider/demo/images/banner%20reciclaton%20agosto.jpg HTTP/1.1" 200 244820
66.249.88.123 - - [03/Sep/2019:05:40:09 -0500] "GET /galeria/galeria/jquery.fancybox.css?v=2.1.5 HTTP/1.1" 200 4895
66.249.88.125 - - [03/Sep/2019:05:40:10 -0500] "GET /BLA/boletinlegal/js/jquery.scrollShow.js HTTP/1.1" 200 4586
66.249.88.123 - - [03/Sep/2019:05:40:10 -0500] "GET /galeria/galeria/jquery.fancybox.js?v=2.1.5 HTTP/1.1" 200 48706
186.84.88.176 - - [03/Sep/2019:05:40:10 -0500] "GET /galeria/nivo-slider/themes/default/arrows.png HTTP/1.1" 200 824
186.84.88.176 - - [03/Sep/2019:05:40:10 -0500] "GET /galeria/nivo-slider/themes/default/bullets.png HTTP/1.1" 200 1281
66.249.64.20 - - [03/Sep/2019:05:40:12 -0500] "GET /galeria/galeria/fotos/1GuaymaralTorcaP1.jpg HTTP/1.1" 304 -
178.63.11.212 - - [03/Sep/2019:05:40:18 -0500] "GET /SIG/index.php/ECS/126PM04-PR23.pdf/Gestion%20Recursos%20Financieros//126PA02-PR03%20CONSTITUCION%20RESERVAS.pdf/ HTTP/1.1" 200 6344
190.165.45.219 - - [03/Sep/2019:05:40:20 -0500] "GET /BLA/boletinlegal/js/jquery.scrollShow.js HTTP/1.1" 200 4586
190.165.45.219 - - [03/Sep/2019:05:40:20 -0500] "GET /galeria/galeria/jquery.fancybox.js?v=2.1.5 HTTP/1.1" 200 48706
190.165.45.219 - - [03/Sep/2019:05:40:20 -0500] "GET /galeria/galeria/jquery.fancybox.css?v=2.1.5 HTTP/1.1" 200 4895
178.63.11.212 - - [03/Sep/2019:05:40:21 -0500] "GET /SIG/index.php/ECS/126PM04-PR23.pdf/Gestion%20Recursos%20Financieros//126PA02-PR05%20ELABORACION%20ANTEPROYECTO%20PRESUPUESTO.pdf/ HTTP/1.1" 200 6629
178.63.11.212 - - [03/Sep/2019:05:40:27 -0500] "GET /SIG/index.php/ECS/126PM04-PR23.pdf/Gestion%20Recursos%20Financieros//126PA02-PR06%20MODIFICACIONES%20PRESUPUESTALES.pdf/ HTTP/1.1" 200 6496
190.165.45.219 - - [03/Sep/2019:05:40:32 -0500] "GET /galeria/galeria/jquery.fancybox.js?v=2.1.5 HTTP/1.1" 304 -
190.165.45.219 - - [03/Sep/2019:05:40:32 -0500] "GET /BLA/boletinlegal/js/jquery.scrollShow.js HTTP/1.1" 304 -
190.165.45.219 - - [03/Sep/2019:05:40:32 -0500] "GET /galeria/galeria/jquery.fancybox.css?v=2.1.5 HTTP/1.1" 304 -
190.165.45.219 - - [03/Sep/2019:05:40:34 -0500] "GET /BLA/boletinlegal/js/jquery.scrollShow.js HTTP/1.1" 304 -
190.165.45.219 - - [03/Sep/2019:05:40:34 -0500] "GET /galeria/galeria/jquery.fancybox.js?v=2.1.5 HTTP/1.1" 304 -
178.63.11.212 - - [03/Sep/2019:05:40:44 -0500] "GET /SIG/index.php/ECS/126PM04-PR23.pdf/Gestion%20Recursos%20Financieros//126PA02-PR07%20TRAMITE%20Y%20PAGO%20PASIVOS%20EXIGIBLES.pdf/ HTTP/1.1" 200 6553
178.63.11.212 - - [03/Sep/2019:05:40:47 -0500] "GET /SIG/index.php/ECS/126PM04-PR82.pdf/?dir=&sort=date&order=asc/ HTTP/1.1" 200 4959
178.63.11.212 - - [03/Sep/2019:05:40:56 -0500] "GET /SIG/index.php/ECS/126PM04-PR82.pdf/?dir=&sort=name&order=desc/ HTTP/1.1" 200 4959
178.63.11.212 - - [03/Sep/2019:05:41:15 -0500] "GET /SIG/index.php/ECS/126PM04-PR82.pdf/?dir=&sort=size&order=asc/ HTTP/1.1" 200 4959
54.36.148.204 - - [03/Sep/2019:05:41:16 -0500] "GET /SIG/index.php?dir=Gesti%F3n+de+Recursos+Inform%E1ticos+y+Tecnol%F3gicos%2F HTTP/1.1" 200 3621
178.63.11.212 - - [03/Sep/2019:05:41:23 -0500] "GET /SIG/index.php/ECS/126PM04-PR82.pdf/?dir=Comunicaciones// HTTP/1.1" 200 3186
178.63.11.212 - - [03/Sep/2019:05:41:26 -0500] "GET /SIG/index.php/ECS/126PM04-PR82.pdf/?dir=Control%20Disciplinario// HTTP/1.1" 200 2985
178.63.11.212 - - [03/Sep/2019:05:41:39 -0500] "GET /SIG/index.php/ECS/126PM04-PR82.pdf/?dir=Control%20y%20mejora// HTTP/1.1" 200 3075
178.63.11.212 - - [03/Sep/2019:05:41:44 -0500] "GET /SIG/index.php/ECS/126PM04-PR82.pdf/?dir=Direccionamiento%20Estrategico// HTTP/1.1" 200 4249
178.63.11.212 - - [03/Sep/2019:05:41:50 -0500] "GET /SIG/index.php/ECS/126PM04-PR82.pdf/?dir=ECS// HTTP/1.1" 200 16895
178.63.11.212 - - [03/Sep/2019:05:41:55 -0500] "GET /SIG/index.php/ECS/126PM04-PR82.pdf/?dir=Gestion%20Documental// HTTP/1.1" 200 5851
178.63.11.212 - - [03/Sep/2019:05:42:01 -0500] "GET /SIG/index.php/ECS/126PM04-PR82.pdf/?dir=Gestion%20Recursos%20Financieros// HTTP/1.1" 200 9159
66.249.83.220 - - [03/Sep/2019:05:42:07 -0500] "GET /galeria/galeria/jquery.fancybox.css?v=2.1.5 HTTP/1.1" 200 4895
66.249.83.217 - - [03/Sep/2019:05:42:07 -0500] "GET /galeria/galeria/jquery.fancybox.js?v=2.1.5 HTTP/1.1" 200 48706
66.249.83.220 - - [03/Sep/2019:05:42:07 -0500] "GET /BLA/boletinlegal/js/jquery.scrollShow.js HTTP/1.1" 200 4586
66.249.83.217 - - [03/Sep/2019:05:42:07 -0500] "GET /galeria/galeria/jquery.fancybox.js?v=2.1.5 HTTP/1.1" 200 48706
66.249.83.217 - - [03/Sep/2019:05:42:07 -0500] "GET /galeria/galeria/jquery.fancybox.css?v=2.1.5 HTTP/1.1" 200 4895
66.249.83.220 - - [03/Sep/2019:05:42:08 -0500] "GET /galeria/galeria/jquery.fancybox.css?v=2.1.5 HTTP/1.1" 304 -
66.249.83.217 - - [03/Sep/2019:05:42:08 -0500] "GET /galeria/galeria/jquery.fancybox.js?v=2.1.5 HTTP/1.1" 304 -
66.249.88.123 - - [03/Sep/2019:05:42:08 -0500] "GET /BLA/boletinlegal/js/jquery.scrollShow.js HTTP/1.1" 304 -
66.249.83.219 - - [03/Sep/2019:05:42:08 -0500] "GET /galeria/galeria/jquery.fancybox.js?v=2.1.5 HTTP/1.1" 304 -
66.249.64.19 - - [03/Sep/2019:05:42:09 -0500] "GET /galeria/galeria/fotos/Humedal-Santa-Mar%C3%ADa-del-Lago4P.jpg HTTP/1.1" 200 33121
66.249.64.20 - - [03/Sep/2019:05:42:10 -0500] "GET /galeria/galeria/fotos/Humedal-Santa-Mar%C3%ADa-del-Lago3P.jpg HTTP/1.1" 304 -
178.63.11.212 - - [03/Sep/2019:05:42:11 -0500] "GET /SIG/index.php/ECS/126PM04-PR83.pdf/?dir=&sort=date&order=asc/ HTTP/1.1" 200 4959
192.168.175.104 - - [03/Sep/2019:05:42:14 -0500] "GET / HTTP/1.1" 200 9990
66.249.64.20 - - [03/Sep/2019:05:42:23 -0500] "GET /BLA/resoluciones/RESOLUCIONES%202014/2883.pdf HTTP/1.1" 304 -
178.63.11.212 - - [03/Sep/2019:05:42:26 -0500] "GET /SIG/index.php/ECS/126PM04-PR83.pdf/?dir=&sort=name&order=desc/ HTTP/1.1" 200 4959
178.63.11.212 - - [03/Sep/2019:05:42:29 -0500] "GET /SIG/index.php/ECS/126PM04-PR83.pdf/?dir=&sort=size&order=asc/ HTTP/1.1" 200 4959
178.63.11.212 - - [03/Sep/2019:05:42:38 -0500] "GET /SIG/index.php/ECS/126PM04-PR83.pdf/?dir=Comunicaciones// HTTP/1.1" 200 3186
178.63.11.212 - - [03/Sep/2019:05:42:42 -0500] "GET /SIG/index.php/ECS/126PM04-PR83.pdf/?dir=Control%20Disciplinario// HTTP/1.1" 200 2985
178.63.11.212 - - [03/Sep/2019:05:42:47 -0500] "GET /SIG/index.php/ECS/126PM04-PR83.pdf/?dir=Control%20y%20mejora// HTTP/1.1" 200 3075
178.63.11.212 - - [03/Sep/2019:05:42:51 -0500] "GET /SIG/index.php/ECS/126PM04-PR83.pdf/?dir=Direccionamiento%20Estrategico// HTTP/1.1" 200 4249
178.63.11.212 - - [03/Sep/2019:05:42:55 -0500] "GET /SIG/index.php/ECS/126PM04-PR83.pdf/?dir=ECS// HTTP/1.1" 200 16895
178.63.11.212 - - [03/Sep/2019:05:43:00 -0500] "GET /SIG/index.php/ECS/126PM04-PR83.pdf/?dir=Gestion%20Documental// HTTP/1.1" 200 5851
54.36.150.54 - - [03/Sep/2019:05:43:01 -0500] "GET /www.ambientebogota.gov.co:81/ HTTP/1.1" 403 1021
178.63.11.212 - - [03/Sep/2019:05:43:03 -0500] "GET /SIG/index.php/ECS/126PM04-PR83.pdf/?dir=Gestion%20Recursos%20Financieros// HTTP/1.1" 200 9159
66.249.64.20 - - [03/Sep/2019:05:43:04 -0500] "GET /galeria/galeria/fotos/Soratama2G.jpg HTTP/1.1" 304 -
178.63.11.212 - - [03/Sep/2019:05:43:08 -0500] "GET /SIG/index.php/ECS/126PM04-PR84.pdf/?dir=&sort=date&order=asc/ HTTP/1.1" 200 4959
178.63.11.212 - - [03/Sep/2019:05:43:13 -0500] "GET /SIG/index.php/ECS/126PM04-PR84.pdf/?dir=&sort=name&order=desc/ HTTP/1.1" 200 4959
178.63.11.212 - - [03/Sep/2019:05:43:19 -0500] "GET /SIG/index.php/ECS/126PM04-PR84.pdf/?dir=&sort=size&order=asc/ HTTP/1.1" 200 4959
178.63.11.212 - - [03/Sep/2019:05:43:24 -0500] "GET /SIG/index.php/ECS/126PM04-PR84.pdf/?dir=Comunicaciones// HTTP/1.1" 200 3186
66.249.64.19 - - [03/Sep/2019:05:43:27 -0500] "GET /BLA/resoluciones/RESOLUCIONES%202007/RES%202007%202101%20AL%202200/RESOLUCION%202107%20DE%202007.pdf HTTP/1.1" 304 -
178.63.11.212 - - [03/Sep/2019:05:43:32 -0500] "GET /SIG/index.php/ECS/126PM04-PR84.pdf/?dir=Control%20Disciplinario// HTTP/1.1" 200 2985
178.63.11.212 - - [03/Sep/2019:05:43:39 -0500] "GET /SIG/index.php/ECS/126PM04-PR84.pdf/?dir=Control%20y%20mejora// HTTP/1.1" 200 3075
178.63.11.212 - - [03/Sep/2019:05:43:49 -0500] "GET /SIG/index.php/ECS/126PM04-PR84.pdf/?dir=Direccionamiento%20Estrategico// HTTP/1.1" 200 4249
178.63.11.212 - - [03/Sep/2019:05:43:54 -0500] "GET /SIG/index.php/ECS/126PM04-PR84.pdf/?dir=ECS// HTTP/1.1" 200 16895
178.63.11.212 - - [03/Sep/2019:05:44:00 -0500] "GET /SIG/index.php/ECS/126PM04-PR84.pdf/?dir=Gestion%20Documental// HTTP/1.1" 200 5851
54.36.148.71 - - [03/Sep/2019:05:44:09 -0500] "GET /BLA/resoluciones/RESOLUCIONES%202002/RES%202002%201351-1400/20021365.tif HTTP/1.1" 200 86832
192.168.175.104 - - [03/Sep/2019:05:44:09 -0500] "GET / HTTP/1.0" 200 9990
191.149.193.219 - - [03/Sep/2019:05:44:13 -0500] "GET /galeria/galeria/jquery.fancybox.js?v=2.1.5 HTTP/1.1" 200 48706
191.149.193.219 - - [03/Sep/2019:05:44:13 -0500] "GET /galeria/galeria/jquery.fancybox.css?v=2.1.5 HTTP/1.1" 200 4895
191.149.193.219 - - [03/Sep/2019:05:44:13 -0500] "GET /BLA/boletinlegal/js/jquery.scrollShow.js HTTP/1.1" 200 4586
181.136.16.181 - - [03/Sep/2019:05:44:18 -0500] "GET /galeria/galeria/jquery.fancybox.js?v=2.1.5 HTTP/1.1" 200 48706
181.136.16.181 - - [03/Sep/2019:05:44:18 -0500] "GET /galeria/galeria/jquery.fancybox.css?v=2.1.5 HTTP/1.1" 200 4895
181.136.16.181 - - [03/Sep/2019:05:44:18 -0500] "GET /BLA/boletinlegal/js/jquery.scrollShow.js HTTP/1.1" 200 4586
191.149.193.219 - - [03/Sep/2019:05:44:20 -0500] "GET /galeria/galeria/jquery.fancybox.js?v=2.1.5 HTTP/1.1" 304 -
191.149.193.219 - - [03/Sep/2019:05:44:20 -0500] "GET /galeria/galeria/jquery.fancybox.css?v=2.1.5 HTTP/1.1" 304 -
191.149.193.219 - - [03/Sep/2019:05:44:20 -0500] "GET /BLA/boletinlegal/js/jquery.scrollShow.js HTTP/1.1" 304 -
178.63.11.212 - - [03/Sep/2019:05:44:23 -0500] "GET /SIG/index.php/ECS/126PM04-PR84.pdf/?dir=Gestion%20Recursos%20Financieros// HTTP/1.1" 200 9159
66.249.88.125 - - [03/Sep/2019:05:44:24 -0500] "GET /galeria/galeria/jquery.fancybox.css?v=2.1.5 HTTP/1.1" 200 4895
66.249.88.125 - - [03/Sep/2019:05:44:24 -0500] "GET /galeria/galeria/jquery.fancybox.js?v=2.1.5 HTTP/1.1" 200 48706
66.249.88.125 - - [03/Sep/2019:05:44:24 -0500] "GET /BLA/boletinlegal/js/jquery.scrollShow.js HTTP/1.1" 200 4586
178.63.11.212 - - [03/Sep/2019:05:44:27 -0500] "GET /SIG/index.php/ECS/126PM04-PR86.pdf/?dir=&sort=date&order=asc/ HTTP/1.1" 200 4959
66.249.88.125 - - [03/Sep/2019:05:44:31 -0500] "GET /BLA/boletinlegal/js/jquery.scrollShow.js HTTP/1.1" 200 4586
66.249.88.123 - - [03/Sep/2019:05:44:31 -0500] "GET /galeria/galeria/jquery.fancybox.js?v=2.1.5 HTTP/1.1" 200 48706
66.249.88.123 - - [03/Sep/2019:05:44:31 -0500] "GET /galeria/galeria/jquery.fancybox.css?v=2.1.5 HTTP/1.1" 200 4895
178.63.11.212 - - [03/Sep/2019:05:44:31 -0500] "GET /SIG/index.php/ECS/126PM04-PR86.pdf/?dir=&sort=name&order=desc/ HTTP/1.1" 200 4959
66.249.64.20 - - [03/Sep/2019:05:44:32 -0500] "GET /BLA/resoluciones/AUTOS%202015/1141.pdf HTTP/1.1" 304 -
178.63.11.212 - - [03/Sep/2019:05:44:38 -0500] "GET /SIG/index.php/ECS/126PM04-PR86.pdf/?dir=&sort=size&order=asc/ HTTP/1.1" 200 4959
178.63.11.212 - - [03/Sep/2019:05:44:42 -0500] "GET /SIG/index.php/ECS/126PM04-PR86.pdf/?dir=Comunicaciones// HTTP/1.1" 200 3186
178.63.11.212 - - [03/Sep/2019:05:44:44 -0500] "GET /SIG/index.php/ECS/126PM04-PR86.pdf/?dir=Control%20Disciplinario// HTTP/1.1" 200 2985
178.63.11.212 - - [03/Sep/2019:05:44:50 -0500] "GET /SIG/index.php/ECS/126PM04-PR86.pdf/?dir=Control%20y%20mejora// HTTP/1.1" 200 3075
179.6.57.51 - - [03/Sep/2019:05:44:51 -0500] "GET /galeria/galeria/jquery.fancybox.css?v=2.1.5 HTTP/1.1" 200 4895
179.6.57.51 - - [03/Sep/2019:05:44:51 -0500] "GET /galeria/galeria/jquery.fancybox.js?v=2.1.5 HTTP/1.1" 200 48706
178.63.11.212 - - [03/Sep/2019:05:45:00 -0500] "GET /SIG/index.php/ECS/126PM04-PR86.pdf/?dir=Direccionamiento%20Estrategico// HTTP/1.1" 200 4249
178.63.11.212 - - [03/Sep/2019:05:45:09 -0500] "GET /SIG/index.php/ECS/126PM04-PR86.pdf/?dir=ECS// HTTP/1.1" 200 16895
178.63.11.212 - - [03/Sep/2019:05:45:14 -0500] "GET /SIG/index.php/ECS/126PM04-PR86.pdf/?dir=Gestion%20Documental// HTTP/1.1" 200 5851
46.229.168.134 - - [03/Sep/2019:05:45:15 -0500] "GET /robots.txt HTTP/1.1" 404 1019
46.229.168.146 - - [03/Sep/2019:05:45:18 -0500] "GET /Anexos%20estudio%20Organizacional%20SDA/index.php?dir=ANEXO%2BNo.%2B3-%2BCONTRATACI%C3%93N%2B%2BOPS%C2%B4s%2B2008-2012%2F&order=asc&sort=size HTTP/1.1" 200 6145
178.63.11.212 - - [03/Sep/2019:05:45:20 -0500] "GET /SIG/index.php/ECS/126PM04-PR86.pdf/?dir=Gestion%20Recursos%20Financieros// HTTP/1.1" 200 9159
157.55.39.158 - - [03/Sep/2019:05:43:52 -0500] "GET /BLA/boletinlegal/ HTTP/1.1" 200 67122
178.63.11.212 - - [03/Sep/2019:05:45:34 -0500] "GET /SIG/index.php/ECS/126PM04-PR87.pdf/?dir=&sort=date&order=asc/ HTTP/1.1" 200 4959
178.63.11.212 - - [03/Sep/2019:05:45:37 -0500] "GET /SIG/index.php/ECS/126PM04-PR87.pdf/?dir=&sort=name&order=desc/ HTTP/1.1" 200 4959
178.63.11.212 - - [03/Sep/2019:05:45:39 -0500] "GET /SIG/index.php/ECS/126PM04-PR87.pdf/?dir=&sort=size&order=asc/ HTTP/1.1" 200 4959
178.63.11.212 - - [03/Sep/2019:05:45:42 -0500] "GET /SIG/index.php/ECS/126PM04-PR87.pdf/?dir=Comunicaciones// HTTP/1.1" 200 3186
66.249.64.19 - - [03/Sep/2019:05:45:45 -0500] "GET /BLA/resoluciones/AUTOS%202006/AUTOS%202006%202401%20-%202500/00002404.tif HTTP/1.1" 200 79390
178.63.11.212 - - [03/Sep/2019:05:45:47 -0500] "GET /SIG/index.php/ECS/126PM04-PR87.pdf/?dir=Control%20Disciplinario// HTTP/1.1" 200 2985
190.67.246.60 - - [03/Sep/2019:05:45:49 -0500] "GET /BLA/boletinlegal/js/jquery.scrollShow.js HTTP/1.1" 200 4586
190.67.246.60 - - [03/Sep/2019:05:45:49 -0500] "GET /galeria/galeria/jquery.fancybox.js?v=2.1.5 HTTP/1.1" 200 48706
190.67.246.60 - - [03/Sep/2019:05:45:49 -0500] "GET /galeria/galeria/jquery.fancybox.css?v=2.1.5 HTTP/1.1" 200 4895
190.67.246.60 - - [03/Sep/2019:05:45:49 -0500] "GET /galeria/carrusel/Carrusel/jquery.thumbnailScroller.css HTTP/1.1" 200 2066
190.67.246.60 - - [03/Sep/2019:05:45:49 -0500] "GET /galeria/carrusel/Carrusel/jquery-ui-1.8.13.custom.min.js HTTP/1.1" 200 10800
190.67.246.60 - - [03/Sep/2019:05:45:49 -0500] "GET /galeria/carrusel/Carrusel/jquery.thumbnailScroller.js HTTP/1.1" 200 8157
178.63.11.212 - - [03/Sep/2019:05:45:52 -0500] "GET /SIG/index.php/ECS/126PM04-PR87.pdf/?dir=Control%20y%20mejora// HTTP/1.1" 200 3075
178.63.11.212 - - [03/Sep/2019:05:45:59 -0500] "GET /SIG/index.php/ECS/126PM04-PR87.pdf/?dir=Direccionamiento%20Estrategico// HTTP/1.1" 200 4249
178.63.11.212 - - [03/Sep/2019:05:46:05 -0500] "GET /SIG/index.php/ECS/126PM04-PR87.pdf/?dir=ECS// HTTP/1.1" 200 16895
186.28.166.27 - - [03/Sep/2019:05:46:07 -0500] "GET /appsia/controlador HTTP/1.1" 200 4393
186.28.166.27 - - [03/Sep/2019:05:46:08 -0500] "GET /appsia/scripts/validarIngreso.js HTTP/1.1" 200 851
186.28.166.27 - - [03/Sep/2019:05:46:08 -0500] "GET /appsia/css/estilos.css HTTP/1.1" 200 4804
186.28.166.27 - - [03/Sep/2019:05:46:08 -0500] "GET /appsia/images/logo_bogota_p.png HTTP/1.1" 200 14951
186.28.166.27 - - [03/Sep/2019:05:46:08 -0500] "GET /appsia/images/cabezoteHojaVida.png HTTP/1.1" 200 32493
186.28.166.27 - - [03/Sep/2019:05:46:08 -0500] "GET /favicon.ico HTTP/1.1" 200 7782
178.63.11.212 - - [03/Sep/2019:05:46:20 -0500] "GET /SIG/index.php/ECS/126PM04-PR87.pdf/?dir=Gestion%20Documental// HTTP/1.1" 200 5851
178.63.11.212 - - [03/Sep/2019:05:46:24 -0500] "GET /SIG/index.php/ECS/126PM04-PR87.pdf/?dir=Gestion%20Recursos%20Financieros// HTTP/1.1" 200 9159
178.63.11.212 - - [03/Sep/2019:05:46:28 -0500] "GET /SIG/index.php/ECS/126PM04-PR88.pdf/?dir=&sort=date&order=asc/ HTTP/1.1" 200 4959
178.63.11.212 - - [03/Sep/2019:05:46:38 -0500] "GET /SIG/index.php/ECS/126PM04-PR88.pdf/?dir=&sort=name&order=desc/ HTTP/1.1" 200 4959
178.63.11.212 - - [03/Sep/2019:05:46:51 -0500] "GET /SIG/index.php/ECS/126PM04-PR88.pdf/?dir=&sort=size&order=asc/ HTTP/1.1" 200 4959
178.63.11.212 - - [03/Sep/2019:05:46:59 -0500] "GET /SIG/index.php/ECS/126PM04-PR88.pdf/?dir=Comunicaciones// HTTP/1.1" 200 3186
178.63.11.212 - - [03/Sep/2019:05:47:08 -0500] "GET /SIG/index.php/ECS/126PM04-PR88.pdf/?dir=Control%20Disciplinario// HTTP/1.1" 200 2985
192.168.175.104 - - [03/Sep/2019:05:47:11 -0500] "GET / HTTP/1.1" 200 9990
88.16.65.140 - - [03/Sep/2019:05:47:14 -0500] "GET /galeria/galeria/jquery.fancybox.css?v=2.1.5 HTTP/1.1" 200 4895
88.16.65.140 - - [03/Sep/2019:05:47:14 -0500] "GET /BLA/boletinlegal/js/jquery.scrollShow.js HTTP/1.1" 200 4586
88.16.65.140 - - [03/Sep/2019:05:47:14 -0500] "GET /galeria/galeria/jquery.fancybox.js?v=2.1.5 HTTP/1.1" 200 48706
178.63.11.212 - - [03/Sep/2019:05:47:15 -0500] "GET /SIG/index.php/ECS/126PM04-PR95.pdf/?dir=Gestion%20Recursos%20Financieros// HTTP/1.1" 200 9159
178.63.11.212 - - [03/Sep/2019:05:47:20 -0500] "GET /SIG/index.php/ECS/126PM04-PR96.pdf/?dir=&sort=date&order=asc/ HTTP/1.1" 200 4959
178.63.11.212 - - [03/Sep/2019:05:47:24 -0500] "GET /SIG/index.php/ECS/126PM04-PR96.pdf/?dir=&sort=name&order=desc/ HTTP/1.1" 200 4959
181.130.236.206 - - [03/Sep/2019:05:47:24 -0500] "GET /BLA/boletinlegal/js/jquery.scrollShow.js HTTP/1.1" 200 4586
181.130.236.206 - - [03/Sep/2019:05:47:24 -0500] "GET /galeria/galeria/jquery.fancybox.css?v=2.1.5 HTTP/1.1" 200 4895
181.130.236.206 - - [03/Sep/2019:05:47:24 -0500] "GET /galeria/galeria/jquery.fancybox.js?v=2.1.5 HTTP/1.1" 200 48706
178.63.11.212 - - [03/Sep/2019:05:47:31 -0500] "GET /SIG/index.php/ECS/126PM04-PR96.pdf/?dir=&sort=size&order=asc/ HTTP/1.1" 200 4959
207.46.13.194 - - [03/Sep/2019:05:47:33 -0500] "GET /BLA/boletinlegal/styles2.css HTTP/1.1" 200 1838
54.36.150.125 - - [03/Sep/2019:05:47:34 -0500] "GET /BLA/resoluciones/index.php?dir=RESOLUCIONES%202002/RES%202002%201451-1500/&sort=date&order=asc HTTP/1.1" 200 12146
40.77.167.119 - - [03/Sep/2019:05:47:37 -0500] "GET /BLA/boletinlegal/js/jquery.js HTTP/1.1" 200 57254
178.63.11.212 - - [03/Sep/2019:05:47:38 -0500] "GET /SIG/index.php/ECS/126PM04-PR96.pdf/?dir=Comunicaciones// HTTP/1.1" 200 3186
40.77.167.119 - - [03/Sep/2019:05:47:38 -0500] "GET /BLA/boletinlegal/js/jquery.scrollTo-min.js HTTP/1.1" 200 1150
40.77.167.119 - - [03/Sep/2019:05:47:38 -0500] "GET /BLA/boletinlegal/js/jquery.scrollShow.js HTTP/1.1" 200 4586
186.148.186.253 - - [03/Sep/2019:05:47:49 -0500] "GET /galeria/galeria/jquery.fancybox.css?v=2.1.5 HTTP/1.1" 200 4895
186.148.186.253 - - [03/Sep/2019:05:47:49 -0500] "GET /BLA/boletinlegal/js/jquery.scrollShow.js HTTP/1.1" 200 4586
186.148.186.253 - - [03/Sep/2019:05:47:49 -0500] "GET /galeria/galeria/jquery.fancybox.js?v=2.1.5 HTTP/1.1" 200 48706
178.63.11.212 - - [03/Sep/2019:05:47:50 -0500] "GET /SIG/index.php/ECS/126PM04-PR96.pdf/?dir=Control%20Disciplinario// HTTP/1.1" 200 2985
178.63.11.212 - - [03/Sep/2019:05:47:53 -0500] "GET /SIG/index.php/ECS/126PM04-PR96.pdf/?dir=Control%20y%20mejora// HTTP/1.1" 200 3075
178.63.11.212 - - [03/Sep/2019:05:47:57 -0500] "GET /SIG/index.php/ECS/126PM04-PR96.pdf/?dir=Direccionamiento%20Estrategico// HTTP/1.1" 200 4249
54.36.148.119 - - [03/Sep/2019:05:48:02 -0500] "GET /BLA/resoluciones/RESOLUCIONES%202003/RES%202003%20351-400/379.tif HTTP/1.1" 200 302892
178.63.11.212 - - [03/Sep/2019:05:48:04 -0500] "GET /SIG/index.php/ECS/126PM04-PR96.pdf/?dir=ECS// HTTP/1.1" 200 16895
178.63.11.212 - - [03/Sep/2019:05:48:11 -0500] "GET /SIG/index.php/ECS/126PM04-PR96.pdf/?dir=Gestion%20Documental// HTTP/1.1" 200 5851
66.249.64.20 - - [03/Sep/2019:05:48:12 -0500] "GET /BLA/resoluciones/AUTOS%202014/1441.pdf HTTP/1.1" 200 1230439
178.63.11.212 - - [03/Sep/2019:05:48:24 -0500] "GET /SIG/index.php/ECS/126PM04-PR96.pdf/?dir=Gestion%20Recursos%20Financieros// HTTP/1.1" 200 9159
178.63.11.212 - - [03/Sep/2019:05:48:28 -0500] "GET /SIG/index.php/ECS/126PM04-PR97.pdf/?dir=&sort=date&order=asc/ HTTP/1.1" 200 4959
178.63.11.212 - - [03/Sep/2019:05:48:30 -0500] "GET /SIG/index.php/ECS/126PM04-PR97.pdf/?dir=&sort=name&order=desc/ HTTP/1.1" 200 4959
178.63.11.212 - - [03/Sep/2019:05:48:44 -0500] "GET /SIG/index.php/ECS/126PM04-PR97.pdf/?dir=&sort=size&order=asc/ HTTP/1.1" 200 4959
178.63.11.212 - - [03/Sep/2019:05:48:49 -0500] "GET /SIG/index.php/ECS/126PM04-PR97.pdf/?dir=Comunicaciones// HTTP/1.1" 200 3186
66.249.64.19 - - [03/Sep/2019:05:48:50 -0500] "GET /BLA/resoluciones/RESOLUCIONES%202016/0688.pdf HTTP/1.1" 200 475332
178.63.11.212 - - [03/Sep/2019:05:48:57 -0500] "GET /SIG/index.php/ECS/126PM04-PR97.pdf/?dir=Control%20Disciplinario// HTTP/1.1" 200 2985
178.63.11.212 - - [03/Sep/2019:05:48:59 -0500] "GET /SIG/index.php/ECS/126PM04-PR97.pdf/?dir=Control%20y%20mejora// HTTP/1.1" 200 3075
192.168.175.104 - - [03/Sep/2019:05:49:07 -0500] "GET / HTTP/1.0" 200 9990
178.63.11.212 - - [03/Sep/2019:05:49:14 -0500] "GET /SIG/index.php/ECS/126PM04-PR97.pdf/?dir=Direccionamiento%20Estrategico// HTTP/1.1" 200 4249
178.63.11.212 - - [03/Sep/2019:05:49:24 -0500] "GET /SIG/index.php/ECS/126PM04-PR97.pdf/?dir=ECS// HTTP/1.1" 200 16895
178.63.11.212 - - [03/Sep/2019:05:49:34 -0500] "GET /SIG/index.php/ECS/126PM04-PR97.pdf/?dir=Gestion%20Documental// HTTP/1.1" 200 5851
178.63.11.212 - - [03/Sep/2019:05:49:42 -0500] "GET /SIG/index.php/ECS/126PM04-PR97.pdf/?dir=Gestion%20Recursos%20Financieros// HTTP/1.1" 200 9159
179.18.53.85 - - [03/Sep/2019:05:50:11 -0500] "GET /galeria/galeria/jquery.fancybox.js?v=2.1.5 HTTP/1.1" 200 48706
179.18.53.85 - - [03/Sep/2019:05:50:11 -0500] "GET /galeria/galeria/jquery.fancybox.css?v=2.1.5 HTTP/1.1" 200 4895
179.18.53.85 - - [03/Sep/2019:05:50:11 -0500] "GET /BLA/boletinlegal/js/jquery.scrollShow.js HTTP/1.1" 200 4586
178.63.11.212 - - [03/Sep/2019:05:50:13 -0500] "GET /SIG/index.php/ECS/126PM04-PR98.pdf/?dir=&sort=name&order=desc/ HTTP/1.1" 200 4959
178.63.11.212 - - [03/Sep/2019:05:50:24 -0500] "GET /SIG/index.php/ECS/126PM04-PR98.pdf/?dir=&sort=size&order=asc/ HTTP/1.1" 200 4959
178.63.11.212 - - [03/Sep/2019:05:50:28 -0500] "GET /SIG/index.php/ECS/126PM04-PR98.pdf/?dir=Comunicaciones// HTTP/1.1" 200 3186
178.63.11.212 - - [03/Sep/2019:05:50:32 -0500] "GET /SIG/index.php/ECS/126PM04-PR98.pdf/?dir=Control%20Disciplinario// HTTP/1.1" 200 2985
66.249.64.19 - - [03/Sep/2019:05:50:38 -0500] "GET /BLA/resoluciones/AUTOS%202013/3153.pdf HTTP/1.1" 304 -
178.63.11.212 - - [03/Sep/2019:05:50:38 -0500] "GET /SIG/index.php/ECS/126PM04-PR98.pdf/?dir=Control%20y%20mejora// HTTP/1.1" 200 3075
178.63.11.212 - - [03/Sep/2019:05:50:46 -0500] "GET /SIG/index.php/ECS/126PM04-PR98.pdf/?dir=Direccionamiento%20Estrategico// HTTP/1.1" 200 4249
178.63.11.212 - - [03/Sep/2019:05:50:52 -0500] "GET /SIG/index.php/ECS/126PM04-PR98.pdf/?dir=ECS// HTTP/1.1" 200 16895
66.249.64.19 - - [03/Sep/2019:05:50:59 -0500] "GET /BLA/resoluciones/AUTOS%202015/2008.pdf HTTP/1.1" 304 -
178.63.11.212 - - [03/Sep/2019:05:51:06 -0500] "GET /SIG/index.php/ECS/126PM04-PR98.pdf/?dir=Gestion%20Documental// HTTP/1.1" 200 5851
178.63.11.212 - - [03/Sep/2019:05:51:10 -0500] "GET /SIG/index.php/ECS/126PM04-PR98.pdf/?dir=Gestion%20Recursos%20Financieros// HTTP/1.1" 200 9159
66.249.64.19 - - [03/Sep/2019:05:51:26 -0500] "GET /galeria/galeria/fotos/Entrenube2G.jpg HTTP/1.1" 200 111422
66.249.64.19 - - [03/Sep/2019:05:51:27 -0500] "GET /galeria/galeria/fotos/Humedal-vaca6G.jpg HTTP/1.1" 304 -
66.249.64.19 - - [03/Sep/2019:05:52:03 -0500] "GET /BLA/resoluciones/AUTOS%202016/2628.pdf HTTP/1.1" 304 -
192.168.175.104 - - [03/Sep/2019:05:52:10 -0500] "GET / HTTP/1.1" 200 9990
207.46.13.204 - - [03/Sep/2019:05:52:17 -0500] "GET /BLA/resoluciones/RESOLUCIONES%202015/1042.pdf HTTP/1.1" 200 486040
66.249.64.20 - - [03/Sep/2019:05:52:29 -0500] "GET /galeria/galeria/fotos/Humedal-Tibanica1G.jpg HTTP/1.1" 200 541579
157.55.39.164 - - [03/Sep/2019:05:52:33 -0500] "GET /SIG/Gesti%C3%B3n%20Talento%20Humano/126PA01-PR08.pdf HTTP/1.1" 200 89643
190.94.18.99 - - [03/Sep/2019:05:52:57 -0500] "GET /galeria/galeria/jquery.fancybox.css?v=2.1.5 HTTP/1.1" 200 4895
148.101.70.3 - - [03/Sep/2019:05:52:57 -0500] "GET /galeria/galeria/jquery.fancybox.js?v=2.1.5 HTTP/1.1" 200 48706
148.255.137.165 - - [03/Sep/2019:05:52:57 -0500] "GET /BLA/boletinlegal/js/jquery.scrollShow.js HTTP/1.1" 200 4586
54.36.150.8 - - [03/Sep/2019:05:53:02 -0500] "GET /BLA/resoluciones/RESOLUCIONES%202002/RES%202002%20351-400/00000380.tif HTTP/1.1" 200 60396
109.168.52.25 - - [03/Sep/2019:05:53:03 -0500] "GET / HTTP/1.1" 200 9990
66.249.64.19 - - [03/Sep/2019:05:53:08 -0500] "GET /BLA/resoluciones/AUTOS%202015/3219.pdf HTTP/1.1" 304 -
66.249.64.19 - - [03/Sep/2019:05:53:32 -0500] "GET /galeria/galeria/fotos/Humedal-Tibanica3G.jpg HTTP/1.1" 200 428565
66.249.88.123 - - [03/Sep/2019:05:53:42 -0500] "GET /galeria/galeria/jquery.fancybox.css?v=2.1.5 HTTP/1.1" 200 4895
66.249.88.125 - - [03/Sep/2019:05:53:42 -0500] "GET /BLA/boletinlegal/js/jquery.scrollShow.js HTTP/1.1" 200 4586
66.249.88.125 - - [03/Sep/2019:05:53:42 -0500] "GET /galeria/galeria/jquery.fancybox.js?v=2.1.5 HTTP/1.1" 200 48706
186.84.88.192 - - [03/Sep/2019:05:53:56 -0500] "GET /galeria/nivo-slider/demo/demo.html HTTP/1.1" 200 4905
186.84.88.192 - - [03/Sep/2019:05:54:00 -0500] "GET /galeria/nivo-slider/demo/images/banner%20reciclaton%20agosto.jpg HTTP/1.1" 304 -
186.84.88.192 - - [03/Sep/2019:05:54:00 -0500] "GET /galeria/nivo-slider/demo/images/Banner%20web%20Ecoempresarial%20ago.jpg HTTP/1.1" 304 -
186.84.88.192 - - [03/Sep/2019:05:54:01 -0500] "GET /galeria/nivo-slider/demo/images/Banner%20agua.png HTTP/1.1" 200 333961
186.84.88.192 - - [03/Sep/2019:05:54:01 -0500] "GET /galeria/nivo-slider/demo/images/Caminatas%20septiembre%202019.jpg HTTP/1.1" 304 -
192.168.175.104 - - [03/Sep/2019:05:54:06 -0500] "GET / HTTP/1.0" 200 9990
157.55.39.158 - - [03/Sep/2019:05:54:18 -0500] "GET /BLA/boletinlegal/Circulares/2011/Circular%20No.%202%20del%2026%20de%20Mayo%20de%202011.pdf HTTP/1.1" 200 644194
66.249.64.19 - - [03/Sep/2019:05:54:38 -0500] "GET /galeria/galeria/fotos/Soratama1G.jpg HTTP/1.1" 200 127762
46.229.168.145 - - [03/Sep/2019:05:54:41 -0500] "GET /Autoliquidacion/index.php?dir=TR%C3%83%C2%83%C3%82%C2%83%C3%83%C2%82%C3%82%C2%83%C3%83%C2%83%C3%82%C2%82%C3%83%C2%82%C3%82%C2%83%C3%83%C2%83%C3%82%C2%83%C3%83%C2%82%C3%82%C2%82%C3%83%C2%83%C3%82%C2%82%C3%83%C2%82%C3%82%C2%81MITES%2BMINER%C3%83%C2%83%C3%82%C2%83%C3%83%C2%82%C3%82%C2%83%C3%83%C2%83%C3%82%C2%82%C3%83%C2%82%C3%82%C2%83%C3%83%C2%83%C3%82%C2%83%C3%83%C2%82%C3%82%C2%82%C3%83%C2%83%C3%82%C2%82%C3%83%C2%82%C3%82%C2%8DA%2F&order=desc&sort=name HTTP/1.1" 200 6957
207.46.13.194 - - [03/Sep/2019:05:55:27 -0500] "GET /POT-2013/Cartografia/26_Espacio_Publico_2013_V1.pdf HTTP/1.1" 200 3519741
66.249.88.123 - - [03/Sep/2019:05:56:13 -0500] "GET /galeria/galeria/jquery.fancybox.css?v=2.1.5 HTTP/1.1" 200 4895
66.249.88.125 - - [03/Sep/2019:05:56:13 -0500] "GET /BLA/boletinlegal/js/jquery.scrollShow.js HTTP/1.1" 200 4586
66.249.88.125 - - [03/Sep/2019:05:56:13 -0500] "GET /galeria/galeria/jquery.fancybox.js?v=2.1.5 HTTP/1.1" 200 48706
192.168.175.104 - - [03/Sep/2019:05:57:08 -0500] "GET / HTTP/1.1" 200 9990
66.249.64.19 - - [03/Sep/2019:05:57:14 -0500] "GET /BLA/resoluciones/AUTOS%202015/1711.pdf HTTP/1.1" 200 825672
66.249.64.19 - - [03/Sep/2019:05:57:15 -0500] "GET /BLA/resoluciones/AUTOS%202014/5002.pdf HTTP/1.1" 200 1504686
54.36.150.38 - - [03/Sep/2019:05:58:04 -0500] "GET /BLA/resoluciones/RESOLUCIONES%202002/RES%202002%201251-1301/20021296.tif HTTP/1.1" 200 104158
181.53.12.205 - - [03/Sep/2019:05:58:27 -0500] "GET /galeria/galeria/jquery.fancybox.css?v=2.1.5 HTTP/1.1" 200 4895
181.53.12.205 - - [03/Sep/2019:05:58:27 -0500] "GET /BLA/boletinlegal/js/jquery.scrollShow.js HTTP/1.1" 200 4586
181.53.12.205 - - [03/Sep/2019:05:58:27 -0500] "GET /galeria/galeria/jquery.fancybox.js?v=2.1.5 HTTP/1.1" 200 48706
186.115.17.253 - - [03/Sep/2019:05:58:32 -0500] "GET /galeria/galeria/jquery.fancybox.css?v=2.1.5 HTTP/1.1" 200 4895
186.115.17.253 - - [03/Sep/2019:05:58:32 -0500] "GET /galeria/carrusel/Carrusel/jquery.thumbnailScroller.css HTTP/1.1" 200 2066
186.115.17.253 - - [03/Sep/2019:05:58:32 -0500] "GET /BLA/boletinlegal/js/jquery.scrollShow.js HTTP/1.1" 200 4586
186.115.17.253 - - [03/Sep/2019:05:58:32 -0500] "GET /galeria/galeria/jquery.fancybox.js?v=2.1.5 HTTP/1.1" 200 48706
186.115.17.253 - - [03/Sep/2019:05:58:32 -0500] "GET /galeria/carrusel/Carrusel/jquery-ui-1.8.13.custom.min.js HTTP/1.1" 200 10800
186.115.17.253 - - [03/Sep/2019:05:58:32 -0500] "GET /galeria/carrusel/Carrusel/jquery.thumbnailScroller.js HTTP/1.1" 200 8157
186.113.245.96 - - [03/Sep/2019:05:58:33 -0500] "GET /BLA/boletinlegal/js/jquery.scrollShow.js HTTP/1.1" 200 4586
186.115.17.253 - - [03/Sep/2019:05:58:33 -0500] "GET /galeria/nivo-slider/demo/demo.html HTTP/1.1" 200 4905
186.113.245.96 - - [03/Sep/2019:05:58:33 -0500] "GET /galeria/galeria/jquery.fancybox.css?v=2.1.5 HTTP/1.1" 200 4895
186.113.245.96 - - [03/Sep/2019:05:58:33 -0500] "GET /galeria/galeria/jquery.fancybox.js?v=2.1.5 HTTP/1.1" 200 48706
186.115.17.253 - - [03/Sep/2019:05:58:33 -0500] "GET /galeria/nivo-slider/themes/default/default.css HTTP/1.1" 200 1569
186.115.17.253 - - [03/Sep/2019:05:58:33 -0500] "GET /galeria/nivo-slider/themes/pascal/pascal.css HTTP/1.1" 200 2258
186.115.17.253 - - [03/Sep/2019:05:58:33 -0500] "GET /galeria/nivo-slider/themes/orman/orman.css HTTP/1.1" 200 2152
186.115.17.253 - - [03/Sep/2019:05:58:33 -0500] "GET /galeria/nivo-slider/nivo-slider.css HTTP/1.1" 200 1507
186.115.17.253 - - [03/Sep/2019:05:58:33 -0500] "GET /galeria/nivo-slider/demo/style.css HTTP/1.1" 200 2222
186.115.17.253 - - [03/Sep/2019:05:58:33 -0500] "GET /galeria/nivo-slider/demo/scripts/jquery-1.7.1.min.js HTTP/1.1" 200 93868
186.115.17.253 - - [03/Sep/2019:05:58:33 -0500] "GET /galeria/nivo-slider/demo/images/banner%20reciclaton%20agosto.jpg HTTP/1.1" 200 244820
186.115.17.253 - - [03/Sep/2019:05:58:33 -0500] "GET /galeria/nivo-slider/jquery.nivo.slider.pack.js HTTP/1.1" 200 11561
186.115.17.253 - - [03/Sep/2019:05:58:33 -0500] "GET /galeria/nivo-slider/demo/images/Banner%20web%20Ecoempresarial%20ago.jpg HTTP/1.1" 200 752526
186.115.17.253 - - [03/Sep/2019:05:58:33 -0500] "GET /galeria/nivo-slider/demo/images/banner%20lluvias.jpg HTTP/1.1" 200 254815
186.115.17.253 - - [03/Sep/2019:05:58:33 -0500] "GET /galeria/nivo-slider/demo/images/Banner%20impacto.jpg HTTP/1.1" 200 72695
186.115.17.253 - - [03/Sep/2019:05:58:34 -0500] "GET /galeria/nivo-slider/themes/default/loading.gif HTTP/1.1" 200 1737
186.115.17.253 - - [03/Sep/2019:05:58:34 -0500] "GET /galeria/nivo-slider/demo/images/4Simple_Slider.png HTTP/1.1" 200 11722
186.115.17.253 - - [03/Sep/2019:05:58:34 -0500] "GET /galeria/nivo-slider/demo/images/Banner%20agua.png HTTP/1.1" 200 333961
186.115.17.253 - - [03/Sep/2019:05:58:34 -0500] "GET /galeria/nivo-slider/demo/images/puntos%20atencion%20BANNER.jpg HTTP/1.1" 200 244208
186.115.17.253 - - [03/Sep/2019:05:58:36 -0500] "GET /galeria/nivo-slider/demo/images/Caminatas%20septiembre%202019.jpg HTTP/1.1" 200 204949
185.173.35.13 - - [03/Sep/2019:05:58:44 -0500] "GET / HTTP/1.0" 200 9990
192.168.175.104 - - [03/Sep/2019:05:59:03 -0500] "GET / HTTP/1.0" 200 9990
46.229.168.131 - - [03/Sep/2019:05:59:09 -0500] "GET /Autoliquidacion/index.php?dir=Solicitud%2Bde%2BClasificaci%C3%83%C2%83%C3%82%C2%83%C3%83%C2%82%C3%82%C2%83%C3%83%C2%83%C3%82%C2%82%C3%83%C2%82%C3%82%C2%83%C3%83%C2%83%C3%82%C2%83%C3%83%C2%82%C3%82%C2%82%C3%83%C2%83%C3%82%C2%82%C3%83%C2%82%C3%82%C2%83%C3%83%C2%83%C3%82%C2%83%C3%83%C2%82%C3%82%C2%83%C3%83%C2%83%C3%82%C2%82%C3%83%C2%82%C3%82%C2%82%C3%83%C2%83%C3%82%C2%83%C3%83%C2%82%C3%82%C2%82%C3%83%C2%83%C3%82%C2%82%C3%83%C2%82%C3%82%C2%83%C3%83%C2%83%C3%82%C2%83%C3%83%C2%82%C3%82%C2%83%C3%83%C2%83%C3%82%C2%82%C3%83%C2%82%C3%82%C2%83%C3%83%C2%83%C3%82%C2%83%C3%83%C2%82%C3%82%C2%82%C3%83%C2%83%C3%82%C2%82%C3%83%C2%82%C3%82%C2%82%C3%83%C2%83%C3%82%C2%83%C3%83%C2%82%C3%82%C2%83%C3%83%C2%83%C3%82%C2%82%C3%83%C2%82%C3%82%C2%82%C3%83%C2%83%C3%82%C2%83%C3%83%C2%82%C3%82%C2%82%C3%83%C2%83%C3%82%C2%82%C3%83%C2%82%C3%82%C2%83%C3%83%C2%83%C3%82%C2%83%C3%83%C2%82%C3%82%C2%83%C3%83%C2%83%C3%82%C2%82%C3%83%C2%82%C3%82%C2%83%C3%83%C2%83%C3%82%C2%83%C3%83%C2%82%C3%82%C2%82%C3%83%C2%83%C3%82%C2%82%C3%83%C2%82%C3%82%C2%83%C3%83%C2%83%C3%82%C2%83%C3%83%C2%82%C3%82%C2%83%C3%83%C2%83%C3%82%C2%82%C3%83%C2%82%C3%82%C2%82%C3%83%C2%83%C3%82%C2%83%C3%83%C2%82%C3%82%C2%82%C3%83%C2%83%C3%82%C2%82%C3%83%C2%82%C3%82%C2%82%C3%83%C2%83%C3%82%C2%83%C3%83%C2%82%C3%82%C2%83%C3%83%C2%83%C3%82%C2%82%C3%83%C2%82%C3%82%C2%83%C3%83%C2%83%C3%82%C2%83%C3%83%C2%82%C3%82%C2%82%C3%83%C2%83%C3%82%C2%82%C3%83%C2%82%C3%82%C2%82%C3%83%C2%83%C3%82%C2%83%C3%83%C2%82%C3%82%C2%83%C3%83%C2%83%C3%82%C2%82%C3%83%C2%82%C3%82%C2%82%C3%83%C2%83%C3%82%C2%83%C3%83%C2%82%C3%82%C2%82%C3%83%C2%83%C3%82%C2%82%C3%83%C2%82%C3%82%C2%B3n%2Bde%2BImpacto%2BAmbiental%2F&order=asc&sort=date HTTP/1.1" 200 8206
66.249.64.19 - - [03/Sep/2019:05:59:31 -0500] "GET /BLA/resoluciones/RESOLUCIONES%202006/RES%202006%20601-650/00000625.tif HTTP/1.1" 200 136928
190.27.25.24 - - [03/Sep/2019:05:59:53 -0500] "GET /galeria/galeria/jquery.fancybox.js?v=2.1.5 HTTP/1.1" 200 48706
190.27.25.24 - - [03/Sep/2019:05:59:53 -0500] "GET /BLA/boletinlegal/js/jquery.scrollShow.js HTTP/1.1" 200 4586
190.27.25.24 - - [03/Sep/2019:05:59:53 -0500] "GET /galeria/galeria/jquery.fancybox.css?v=2.1.5 HTTP/1.1" 200 4895
190.27.25.24 - - [03/Sep/2019:06:00:15 -0500] "GET /BLA/boletinlegal/js/jquery.scrollShow.js HTTP/1.1" 200 4586
190.27.25.24 - - [03/Sep/2019:06:00:15 -0500] "GET /galeria/galeria/jquery.fancybox.css?v=2.1.5 HTTP/1.1" 200 4895
190.27.25.24 - - [03/Sep/2019:06:00:15 -0500] "GET /galeria/galeria/jquery.fancybox.js?v=2.1.5 HTTP/1.1" 200 48706
66.249.64.28 - - [03/Sep/2019:06:00:51 -0500] "GET /videos/23demayo/1.jpg HTTP/1.1" 200 14071
66.249.64.19 - - [03/Sep/2019:06:00:54 -0500] "GET /BLA/resoluciones/AUTOS%202006/AUTOS%202006%202401%20-%202500/00002481.tif HTTP/1.1" 200 55352
200.69.103.254 - - [03/Sep/2019:06:01:43 -0500] "GET /BLA/boletinlegal/js/jquery.scrollShow.js HTTP/1.1" 200 4586
200.69.103.254 - - [03/Sep/2019:06:01:43 -0500] "GET /galeria/galeria/jquery.fancybox.css?v=2.1.5 HTTP/1.1" 200 4895
200.69.103.254 - - [03/Sep/2019:06:01:43 -0500] "GET /galeria/galeria/jquery.fancybox.js?v=2.1.5 HTTP/1.1" 200 48706
66.249.64.19 - - [03/Sep/2019:06:01:44 -0500] "GET /BLA/resoluciones/AUTOS%202015/1803.pdf HTTP/1.1" 304 -
54.36.148.181 - - [03/Sep/2019:06:01:48 -0500] "GET /BLA/resoluciones/RESOLUCIONES%202006/RES%202006%201751-1800/00001790.tif HTTP/1.1" 200 161920
66.249.64.19 - - [03/Sep/2019:06:01:56 -0500] "GET /BLA/resoluciones/AUTOS%202006/AUTOS%202006%202401%20-%202500/00002434.tif HTTP/1.1" 200 57468
192.168.175.104 - - [03/Sep/2019:06:02:07 -0500] "GET / HTTP/1.1" 200 9990
108.36.214.134 - - [03/Sep/2019:06:02:23 -0500] "GET / HTTP/1.1" 200 9990
66.249.88.127 - - [03/Sep/2019:06:03:21 -0500] "GET /galeria/galeria/jquery.fancybox.css?v=2.1.5 HTTP/1.1" 200 4895
66.249.88.123 - - [03/Sep/2019:06:03:21 -0500] "GET /BLA/boletinlegal/js/jquery.scrollShow.js HTTP/1.1" 200 4586
66.249.88.123 - - [03/Sep/2019:06:03:21 -0500] "GET /galeria/galeria/jquery.fancybox.js?v=2.1.5 HTTP/1.1" 200 48706
66.249.64.20 - - [03/Sep/2019:06:03:38 -0500] "GET /BLA/resoluciones/AUTOS%202006/AUTOS%202006%202401%20-%202500/00002479.tif HTTP/1.1" 200 85798
192.168.175.104 - - [03/Sep/2019:06:04:02 -0500] "GET / HTTP/1.0" 200 9990
191.89.235.101 - - [03/Sep/2019:06:04:36 -0500] "GET /galeria/galeria/jquery.fancybox.css?v=2.1.5 HTTP/1.1" 200 4895
191.89.235.101 - - [03/Sep/2019:06:04:36 -0500] "GET /BLA/boletinlegal/js/jquery.scrollShow.js HTTP/1.1" 200 4586
191.89.235.101 - - [03/Sep/2019:06:04:36 -0500] "GET /galeria/galeria/jquery.fancybox.js?v=2.1.5 HTTP/1.1" 200 48706
190.182.12.168 - - [03/Sep/2019:06:04:41 -0500] "GET /galeria/galeria/jquery.fancybox.css?v=2.1.5 HTTP/1.1" 200 4895
190.182.12.168 - - [03/Sep/2019:06:04:41 -0500] "GET /BLA/boletinlegal/js/jquery.scrollShow.js HTTP/1.1" 200 4586
190.182.12.168 - - [03/Sep/2019:06:04:41 -0500] "GET /galeria/galeria/jquery.fancybox.js?v=2.1.5 HTTP/1.1" 200 48706
54.36.148.82 - - [03/Sep/2019:06:05:55 -0500] "GET /BLA/resoluciones/RESOLUCIONES%202004/RES%202004%20701-750/00000723.tif HTTP/1.1" 200 126214
66.249.64.27 - - [03/Sep/2019:06:06:01 -0500] "GET /BLA/boletinlegal/jurisprudencia/analisis/AnalisisC-035-16.docx HTTP/1.1" 304 -
66.249.88.123 - - [03/Sep/2019:06:06:09 -0500] "GET /galeria/galeria/jquery.fancybox.css?v=2.1.5 HTTP/1.1" 200 4895
66.249.88.125 - - [03/Sep/2019:06:06:09 -0500] "GET /galeria/galeria/jquery.fancybox.js?v=2.1.5 HTTP/1.1" 200 48706
66.249.64.19 - - [03/Sep/2019:06:06:16 -0500] "GET /BLA/resoluciones/AUTOS%202014/2835.pdf HTTP/1.1" 200 1194212
66.249.88.123 - - [03/Sep/2019:06:06:33 -0500] "GET /galeria/galeria/jquery.fancybox.js?v=2.1.5 HTTP/1.1" 200 48706
66.249.88.127 - - [03/Sep/2019:06:06:33 -0500] "GET /galeria/galeria/jquery.fancybox.css?v=2.1.5 HTTP/1.1" 200 4895
207.46.13.128 - - [03/Sep/2019:06:06:45 -0500] "GET /catalogoisis/ HTTP/1.1" 200 8575
192.168.175.104 - - [03/Sep/2019:06:07:05 -0500] "GET / HTTP/1.1" 200 9990
66.249.64.20 - - [03/Sep/2019:06:07:06 -0500] "GET /BLA/resoluciones/RESOLUCIONES%202017/0912.pdf HTTP/1.1" 304 -
144.76.119.201 - - [03/Sep/2019:06:07:09 -0500] "GET /robots.txt HTTP/1.1" 404 1019
144.76.119.201 - - [03/Sep/2019:06:07:11 -0500] "GET /SIG/index.php/Direccionamiento%20Estrategico/126PG01-PR17.pdf/?dir=Control%20y%20mejora// HTTP/1.1" 200 3325
144.76.119.201 - - [03/Sep/2019:06:07:13 -0500] "GET /SIG/index.php/Direccionamiento%20Estrategico/126PG01-PR17.pdf/?dir=Direccionamiento%20Estrategico// HTTP/1.1" 200 4474
144.76.119.201 - - [03/Sep/2019:06:07:19 -0500] "GET /SIG/index.php/Direccionamiento%20Estrategico/126PG01-PR17.pdf/?dir=ECS// HTTP/1.1" 200 17120
144.76.119.201 - - [03/Sep/2019:06:07:27 -0500] "GET /SIG/index.php/ECS/126PM04-PR06.pdf/?dir=Control%20Disciplinario// HTTP/1.1" 200 2985
144.76.119.201 - - [03/Sep/2019:06:07:30 -0500] "GET /SIG/index.php/ECS/126PM04-PR06.pdf/?dir=Control%20y%20mejora// HTTP/1.1" 200 3075
144.76.119.201 - - [03/Sep/2019:06:07:33 -0500] "GET /SIG/index.php/ECS/126PM04-PR06.pdf/?dir=Direccionamiento%20Estrategico// HTTP/1.1" 200 4249
144.76.119.201 - - [03/Sep/2019:06:07:38 -0500] "GET /SIG/index.php/ECS/126PM04-PR06.pdf/?dir=ECS// HTTP/1.1" 200 16895
144.76.119.201 - - [03/Sep/2019:06:07:42 -0500] "GET /SIG/index.php/ECS/126PM04-PR06.pdf/?dir=Gestion%20Documental// HTTP/1.1" 200 5851
144.76.119.201 - - [03/Sep/2019:06:07:46 -0500] "GET /SIG/index.php/ECS/126PM04-PR06.pdf/?dir=Gestion%20Recursos%20Financieros// HTTP/1.1" 200 9159
144.76.119.201 - - [03/Sep/2019:06:07:54 -0500] "GET /SIG/index.php/ECS/126PM04-PR07.pdf/?dir=&sort=date&order=asc/ HTTP/1.1" 200 4959
144.76.119.201 - - [03/Sep/2019:06:07:58 -0500] "GET /SIG/index.php/ECS/126PM04-PR07.pdf/?dir=&sort=name&order=desc/ HTTP/1.1" 200 4959
144.76.119.201 - - [03/Sep/2019:06:08:03 -0500] "GET /SIG/index.php/ECS/126PM04-PR07.pdf/?dir=&sort=size&order=asc/ HTTP/1.1" 200 4959
144.76.119.201 - - [03/Sep/2019:06:08:08 -0500] "GET /SIG/index.php/ECS/126PM04-PR07.pdf/?dir=Comunicaciones// HTTP/1.1" 200 3186
144.76.119.201 - - [03/Sep/2019:06:08:11 -0500] "GET /SIG/index.php/ECS/126PM04-PR07.pdf/?dir=Control%20Disciplinario// HTTP/1.1" 200 2985
157.55.39.164 - - [03/Sep/2019:06:08:13 -0500] "GET /PORTAL_SIAC/swf/videos/ HTTP/1.1" 200 13066
144.76.119.201 - - [03/Sep/2019:06:08:14 -0500] "GET /SIG/index.php/ECS/126PM04-PR07.pdf/?dir=Control%20y%20mejora// HTTP/1.1" 200 3075
144.76.119.201 - - [03/Sep/2019:06:08:20 -0500] "GET /SIG/index.php/ECS/126PM04-PR07.pdf/?dir=Direccionamiento%20Estrategico// HTTP/1.1" 200 4249
144.76.119.201 - - [03/Sep/2019:06:08:24 -0500] "GET /SIG/index.php/ECS/126PM04-PR07.pdf/?dir=ECS// HTTP/1.1" 200 16895
144.76.119.201 - - [03/Sep/2019:06:08:35 -0500] "GET /SIG/index.php/ECS/126PM04-PR07.pdf/?dir=Gestion%20Documental// HTTP/1.1" 200 5851
144.76.119.201 - - [03/Sep/2019:06:08:37 -0500] "GET /SIG/index.php/ECS/126PM04-PR07.pdf/?dir=Gestion%20Recursos%20Financieros// HTTP/1.1" 200 9159
144.76.119.201 - - [03/Sep/2019:06:08:40 -0500] "GET /SIG/index.php/ECS/126PM04-PR08.pdf/?dir=&sort=date&order=asc/ HTTP/1.1" 200 4959
