159.203.199.86 - - [10/Sep/2019:00:50:43 -0500] "GET / HTTP/1.1" 200 9990
66.249.64.20 - - [10/Sep/2019:00:50:46 -0500] "GET /BLA/resoluciones/AUTOS%202008/0729.pdf HTTP/1.1" 200 93723
66.249.64.20 - - [10/Sep/2019:00:50:59 -0500] "GET /BLA/resoluciones/RESOLUCIONES%202008/2987.pdf HTTP/1.1" 200 318090
66.249.64.19 - - [10/Sep/2019:00:51:09 -0500] "GET /BLA/resoluciones/RESOLUCIONES%202014/3927.pdf HTTP/1.1" 200 492681
192.168.175.104 - - [10/Sep/2019:00:51:46 -0500] "GET / HTTP/1.1" 200 9990
66.249.64.19 - - [10/Sep/2019:00:51:56 -0500] "GET /BLA/resoluciones/RESOLUCIONES%202014/2239.pdf HTTP/1.1" 200 231135
54.36.148.76 - - [10/Sep/2019:00:52:03 -0500] "GET /BLA/resoluciones/RESOLUCIONES%202002/RES%202002%201901-1950/20021902.tif HTTP/1.1" 200 215634
78.189.227.74 - - [10/Sep/2019:00:52:03 -0500] "GET ../../mnt/custom/ProductDefinition HTTP" 400 946
69.162.124.232 - - [10/Sep/2019:00:52:38 -0500] "HEAD / HTTP/1.1" 200 -
66.249.64.121 - - [10/Sep/2019:00:52:42 -0500] "GET /BLA/boletinlegal/jurisprudencia/analisis/AnalisisT-095-16.docx HTTP/1.1" 304 -
192.168.175.104 - - [10/Sep/2019:00:52:43 -0500] "GET / HTTP/1.0" 200 9990
66.249.64.19 - - [10/Sep/2019:00:53:28 -0500] "GET /BLA/resoluciones/AUTOS%202016/0315.pdf HTTP/1.1" 200 662267
46.229.168.133 - - [10/Sep/2019:00:54:09 -0500] "GET /POT-2013/index.php?dir=expediente%2F&order=desc&sort=size HTTP/1.1" 200 1902
66.249.64.19 - - [10/Sep/2019:00:54:38 -0500] "GET /BLA/resoluciones/RESOLUCIONES%202007/RES%202007%201001%20AL%201100/RESOLUCION%201043%20DE%202007.pdf HTTP/1.1" 200 438959
157.55.39.19 - - [10/Sep/2019:00:54:45 -0500] "GET /robots.txt HTTP/1.1" 404 1017
91.242.162.9 - - [10/Sep/2019:00:54:46 -0500] "GET /robots.txt HTTP/1.1" 404 1121
157.55.39.19 - - [10/Sep/2019:00:54:46 -0500] "GET /robots.txt HTTP/1.1" 404 1017
91.242.162.9 - - [10/Sep/2019:00:54:47 -0500] "GET /BLA/boletinlegal/doctrina.php HTTP/1.1" 200 5604
207.46.13.6 - - [10/Sep/2019:00:54:51 -0500] "GET /BLA/boletinlegal/jurisprudencia/analisis/ANALISIST-257-96.docx HTTP/1.1" 200 19486
66.249.64.20 - - [10/Sep/2019:00:55:24 -0500] "GET /BLA/resoluciones/AUTOS%202015/1308.pdf HTTP/1.1" 200 820882
66.249.64.19 - - [10/Sep/2019:00:56:11 -0500] "GET /BLA/resoluciones/RESOLUCIONES%202015/2861.pdf HTTP/1.1" 304 -
54.36.150.124 - - [10/Sep/2019:00:56:31 -0500] "GET /BLA/resoluciones/index.php?dir=AUTOS%202006/&sort=date&order=asc HTTP/1.1" 200 9519
66.249.64.19 - - [10/Sep/2019:00:56:33 -0500] "GET /BLA/resoluciones/AUTOS%202013/0084.pdf HTTP/1.1" 200 1560848
177.226.255.115 - - [10/Sep/2019:00:56:42 -0500] "GET /galeria/galeria/jquery.fancybox.css?v=2.1.5 HTTP/1.1" 200 4895
177.226.255.115 - - [10/Sep/2019:00:56:42 -0500] "GET /BLA/boletinlegal/js/jquery.scrollShow.js HTTP/1.1" 200 4586
177.226.255.115 - - [10/Sep/2019:00:56:42 -0500] "GET /galeria/galeria/jquery.fancybox.js?v=2.1.5 HTTP/1.1" 200 48706
181.49.85.188 - - [10/Sep/2019:00:56:43 -0500] "GET /galeria/galeria/jquery.fancybox.css?v=2.1.5 HTTP/1.1" 200 4895
192.168.175.104 - - [10/Sep/2019:00:56:44 -0500] "GET / HTTP/1.1" 200 9990
66.249.64.19 - - [10/Sep/2019:00:56:45 -0500] "GET /BLA/resoluciones/Autos%202008/2154.pdf HTTP/1.1" 200 288606
181.49.85.188 - - [10/Sep/2019:00:56:47 -0500] "GET /BLA/boletinlegal/js/jquery.scrollShow.js HTTP/1.1" 200 4586
181.49.85.188 - - [10/Sep/2019:00:56:47 -0500] "GET /galeria/galeria/jquery.fancybox.js?v=2.1.5 HTTP/1.1" 200 48706
66.249.64.19 - - [10/Sep/2019:00:56:57 -0500] "GET /BLA/resoluciones/AUTOS%202016/2978.pdf HTTP/1.1" 200 439077
66.249.64.19 - - [10/Sep/2019:00:57:13 -0500] "GET /BLA/resoluciones/RESOLUCIONES%202017/1788.pdf HTTP/1.1" 200 518824
69.162.124.232 - - [10/Sep/2019:00:57:38 -0500] "HEAD / HTTP/1.1" 200 -
192.168.175.104 - - [10/Sep/2019:00:57:41 -0500] "GET / HTTP/1.0" 200 9990
66.249.64.19 - - [10/Sep/2019:00:58:06 -0500] "GET /BLA/resoluciones/AUTOS%202017/3039.pdf HTTP/1.1" 304 -
66.249.64.19 - - [10/Sep/2019:00:59:04 -0500] "GET /BLA/resoluciones/AUTOS%202014/6726.pdf HTTP/1.1" 200 221231
66.249.64.9 - - [10/Sep/2019:00:59:09 -0500] "GET /portel_dama/libreria/php/2006/restauracion/22_proye/xtras_in/cni_3.pdf HTTP/1.1" 404 1018
66.249.64.19 - - [10/Sep/2019:00:59:15 -0500] "GET /BLA/resoluciones/AUTOS%202014/2491.pdf HTTP/1.1" 304 -
66.249.64.19 - - [10/Sep/2019:00:59:32 -0500] "GET /BLA/resoluciones/RESOLUCIONES%202009/6398.pdf HTTP/1.1" 200 483077
46.229.168.142 - - [10/Sep/2019:01:00:33 -0500] "GET /Autoliquidacion/index.php?dir=Cobro%2BEvaluacion%2BCertificaci%C3%83%C2%83%C3%82%C2%83%C3%83%C2%82%C3%82%C2%83%C3%83%C2%83%C3%82%C2%82%C3%83%C2%82%C3%82%C2%83%C3%83%C2%83%C3%82%C2%83%C3%83%C2%82%C3%82%C2%82%C3%83%C2%83%C3%82%C2%82%C3%83%C2%82%C3%82%C2%B3n%2BPara%2BLa%2BDeducci%C3%83%C2%83%C3%82%C2%83%C3%83%C2%82%C3%82%C2%83%C3%83%C2%83%C3%82%C2%82%C3%83%C2%82%C3%82%C2%83%C3%83%C2%83%C3%82%C2%83%C3%83%C2%82%C3%82%C2%82%C3%83%C2%83%C3%82%C2%82%C3%83%C2%82%C3%82%C2%B3n%2BPor%2BInversi%C3%83%C2%83%C3%82%C2%83%C3%83%C2%82%C3%82%C2%83%C3%83%C2%83%C3%82%C2%82%C3%83%C2%82%C3%82%C2%83%C3%83%C2%83%C3%82%C2%83%C3%83%C2%82%C3%82%C2%82%C3%83%C2%83%C3%82%C2%82%C3%83%C2%82%C3%82%C2%B3n%2BEn%2BMedio%2BAmbiente%2F&order=desc&sort=date HTTP/1.1" 200 7338
181.130.227.145 - - [10/Sep/2019:01:00:37 -0500] "GET /galeria/galeria/jquery.fancybox.css?v=2.1.5 HTTP/1.1" 200 4895
181.130.227.145 - - [10/Sep/2019:01:00:38 -0500] "GET /BLA/boletinlegal/js/jquery.scrollShow.js HTTP/1.1" 200 4586
181.130.227.145 - - [10/Sep/2019:01:00:39 -0500] "GET /galeria/galeria/jquery.fancybox.js?v=2.1.5 HTTP/1.1" 200 48706
54.36.149.102 - - [10/Sep/2019:01:00:42 -0500] "GET /BLA/resoluciones/RESOLUCIONES%202003/RES%202003%201751-1800/20031783.tif HTTP/1.1" 200 44652
66.249.64.19 - - [10/Sep/2019:01:01:11 -0500] "GET /BLA/boletinlegal/jurisprudencia/analisis/Analisis%20Sentencia%20T-1077,%202%20corregida.doc HTTP/1.1" 304 -
191.102.220.93 - - [10/Sep/2019:01:01:13 -0500] "GET /galeria/galeria/jquery.fancybox.css?v=2.1.5 HTTP/1.1" 200 4895
191.102.220.93 - - [10/Sep/2019:01:01:13 -0500] "GET /BLA/boletinlegal/js/jquery.scrollShow.js HTTP/1.1" 200 4586
191.102.220.93 - - [10/Sep/2019:01:01:13 -0500] "GET /galeria/galeria/jquery.fancybox.js?v=2.1.5 HTTP/1.1" 200 48706
46.229.168.129 - - [10/Sep/2019:01:01:19 -0500] "GET /Anexos%20estudio%20Organizacional%20SDA/index.php?dir=ANEXO%2BNo.%2B7%2B-%2BPROYECTO%2BDE%2BDECRETO%2BMODIFICATORIO%2BDE%2BESTRUCTURA%2BDE%2BLA%2BSDA%2F&order=asc&sort=size HTTP/1.1" 200 6226
66.249.64.20 - - [10/Sep/2019:01:01:38 -0500] "GET /BLA/resoluciones/AUTOS%202015/2489.pdf HTTP/1.1" 304 -
66.249.88.125 - - [10/Sep/2019:01:01:39 -0500] "GET /galeria/galeria/jquery.fancybox.js?v=2.1.5 HTTP/1.1" 200 48706
66.249.88.125 - - [10/Sep/2019:01:01:39 -0500] "GET /galeria/galeria/jquery.fancybox.css?v=2.1.5 HTTP/1.1" 200 4895
66.249.88.125 - - [10/Sep/2019:01:01:40 -0500] "GET /galeria/galeria/jquery.fancybox.js?v=2.1.5 HTTP/1.1" 304 -
66.249.88.127 - - [10/Sep/2019:01:01:40 -0500] "GET /BLA/boletinlegal/js/jquery.scrollShow.js HTTP/1.1" 304 -
66.249.88.123 - - [10/Sep/2019:01:01:40 -0500] "GET /galeria/galeria/jquery.fancybox.css?v=2.1.5 HTTP/1.1" 304 -
192.168.175.104 - - [10/Sep/2019:01:01:41 -0500] "GET / HTTP/1.1" 200 9990
66.249.88.123 - - [10/Sep/2019:01:01:42 -0500] "GET /galeria/galeria/jquery.fancybox.css?v=2.1.5 HTTP/1.1" 304 -
66.249.88.125 - - [10/Sep/2019:01:01:42 -0500] "GET /BLA/boletinlegal/js/jquery.scrollShow.js HTTP/1.1" 304 -
66.249.88.127 - - [10/Sep/2019:01:01:42 -0500] "GET /galeria/galeria/jquery.fancybox.css?v=2.1.5 HTTP/1.1" 304 -
66.249.88.123 - - [10/Sep/2019:01:01:42 -0500] "GET /galeria/galeria/jquery.fancybox.js?v=2.1.5 HTTP/1.1" 304 -
66.249.88.125 - - [10/Sep/2019:01:01:44 -0500] "GET /galeria/galeria/jquery.fancybox.css?v=2.1.5 HTTP/1.1" 200 4895
66.249.88.127 - - [10/Sep/2019:01:01:44 -0500] "GET /BLA/boletinlegal/js/jquery.scrollShow.js HTTP/1.1" 200 4586
66.249.88.123 - - [10/Sep/2019:01:01:44 -0500] "GET /galeria/galeria/jquery.fancybox.js?v=2.1.5 HTTP/1.1" 200 48706
54.36.150.127 - - [10/Sep/2019:01:02:36 -0500] "GET /BLA/resoluciones/RESOLUCIONES%202003/ANEXOS%20RES%202048/00000015.tif HTTP/1.1" 200 76014
69.162.124.232 - - [10/Sep/2019:01:02:38 -0500] "HEAD / HTTP/1.1" 200 -
192.168.175.104 - - [10/Sep/2019:01:02:39 -0500] "GET / HTTP/1.0" 200 9990
66.249.64.19 - - [10/Sep/2019:01:02:46 -0500] "GET /BLA/resoluciones/RESOLUCIONES%202007/RES%202007%202101%20AL%202200/RESOLUCION%202130%20DE%202007.pdf HTTP/1.1" 200 471833
66.249.64.19 - - [10/Sep/2019:01:03:55 -0500] "GET /portel_dama/libreria/pdf/ecosistemas/restauracion/sitio/22_proye/xtras_in/2a.pdf HTTP/1.1" 404 1018
66.249.64.19 - - [10/Sep/2019:01:04:04 -0500] "GET /BLA/resoluciones/RESOLUCIONES%202011/2546.pdf HTTP/1.1" 200 761300
207.46.13.189 - - [10/Sep/2019:01:04:06 -0500] "GET /transparencia/directorioservidores/2016/junio2016.xlsx HTTP/1.1" 200 92924
66.249.64.29 - - [10/Sep/2019:01:04:20 -0500] "GET /ial/presentaciones/pte1/1.pdf HTTP/1.1" 404 1019
66.249.64.19 - - [10/Sep/2019:01:04:40 -0500] "GET /BLA/boletinlegal/jurisprudencia/analisis/analisis%20C-595-2010.doc HTTP/1.1" 304 -
181.176.112.39 - - [10/Sep/2019:01:04:54 -0500] "GET /BLA/resoluciones/RESOLUCIONES%202016/2425.pdf HTTP/1.1" 200 487890
181.176.112.39 - - [10/Sep/2019:01:04:55 -0500] "GET /favicon.ico HTTP/1.1" 200 7782
66.249.64.19 - - [10/Sep/2019:01:05:03 -0500] "GET /BLA/resoluciones/AUTOS%202011/7401.pdf HTTP/1.1" 304 -
54.36.148.150 - - [10/Sep/2019:01:05:12 -0500] "GET /BLA/resoluciones/RESOLUCIONES%202002/RES%202002%20551-600/00000576.tif HTTP/1.1" 200 87750
66.249.64.19 - - [10/Sep/2019:01:05:18 -0500] "GET /BLA/resoluciones/AUTOS%202011/7320.pdf HTTP/1.1" 200 238903
66.249.64.19 - - [10/Sep/2019:01:05:26 -0500] "GET /BLA/resoluciones/AUTOS%202018/0832.pdf HTTP/1.1" 200 282578
66.249.64.123 - - [10/Sep/2019:01:05:49 -0500] "GET /BLA/boletinlegal/jurisprudencia/analisis/Analisis%20jurisprudencial%20Sentencia%20C-366-11.doc HTTP/1.1" 304 -
66.249.64.19 - - [10/Sep/2019:01:06:12 -0500] "GET /BLA/resoluciones/RESOLUCIONES%202013/2795.pdf HTTP/1.1" 200 658327
192.168.175.104 - - [10/Sep/2019:01:06:39 -0500] "GET / HTTP/1.1" 200 9990
192.168.175.104 - - [10/Sep/2019:01:07:37 -0500] "GET / HTTP/1.0" 200 9990
69.162.124.232 - - [10/Sep/2019:01:07:38 -0500] "HEAD / HTTP/1.1" 200 -
66.249.64.31 - - [10/Sep/2019:01:07:49 -0500] "GET /ial/sitio/MEMORIAS%20SIMAH/Auditorio/Viernes%20AM/Sesion%205%20830%201000/4%20Anne%20Chung%20Japon.pdf HTTP/1.1" 404 1019
186.86.32.68 - - [10/Sep/2019:01:08:15 -0500] "GET /galeria/galeria/jquery.fancybox.css?v=2.1.5 HTTP/1.1" 200 4895
186.86.32.68 - - [10/Sep/2019:01:08:15 -0500] "GET /BLA/boletinlegal/js/jquery.scrollShow.js HTTP/1.1" 200 4586
186.86.32.68 - - [10/Sep/2019:01:08:15 -0500] "GET /galeria/galeria/jquery.fancybox.js?v=2.1.5 HTTP/1.1" 200 48706
66.249.69.141 - - [10/Sep/2019:01:08:31 -0500] "GET /siipev/Diseno%20de%20Elementos%20de%20Mobiliario%20Urbano/Otros%20Elementos/PARTE%20B/Dise%C3%B1o%20de%20Elementos%20M-71.pdf HTTP/1.1" 304 -
66.249.64.19 - - [10/Sep/2019:01:08:54 -0500] "GET /BLA/resoluciones/AUTOS%202018/3537.pdf HTTP/1.1" 304 -
190.235.15.111 - - [10/Sep/2019:01:09:08 -0500] "GET /BLA/boletinlegal/js/jquery.scrollShow.js HTTP/1.1" 200 4586
190.235.15.111 - - [10/Sep/2019:01:09:08 -0500] "GET /galeria/galeria/jquery.fancybox.css?v=2.1.5 HTTP/1.1" 200 4895
190.235.15.111 - - [10/Sep/2019:01:09:08 -0500] "GET /galeria/galeria/jquery.fancybox.js?v=2.1.5 HTTP/1.1" 200 48706
66.249.64.20 - - [10/Sep/2019:01:09:31 -0500] "GET /BLA/resoluciones/RESOLUCIONES%202011/3471.pdf HTTP/1.1" 200 535192
54.36.150.157 - - [10/Sep/2019:01:09:36 -0500] "GET /BLA/resoluciones/RESOLUCIONES%202005/RES%202005%202151-2200/00002171.tif HTTP/1.1" 200 117094
66.249.64.20 - - [10/Sep/2019:01:09:40 -0500] "GET /BLA/resoluciones/RESOLUCIONES%202014/2812.pdf HTTP/1.1" 200 752395
66.249.64.19 - - [10/Sep/2019:01:10:04 -0500] "GET /BLA/resoluciones/RESOLUCIONES%202013/1118.pdf HTTP/1.1" 200 652414
66.249.64.19 - - [10/Sep/2019:01:10:27 -0500] "GET /BLA/resoluciones/AUTOS%202013/1771.pdf HTTP/1.1" 200 750039
186.84.21.160 - - [10/Sep/2019:01:10:31 -0500] "GET /BLA/resoluciones/RESOLUCIONES%202007/RES%202007%20601%20AL%20700/RESOLUCION%200645%20DE%202007.pdf HTTP/1.1" 200 449791
186.84.21.160 - - [10/Sep/2019:01:10:32 -0500] "GET /favicon.ico HTTP/1.1" 200 7782
66.249.64.20 - - [10/Sep/2019:01:10:50 -0500] "GET /BLA/resoluciones/RESOLUCIONES%202011/5356.pdf HTTP/1.1" 200 468959
181.140.107.134 - - [10/Sep/2019:01:10:59 -0500] "GET /galeria/galeria/jquery.fancybox.css?v=2.1.5 HTTP/1.1" 200 4895
181.140.107.134 - - [10/Sep/2019:01:10:59 -0500] "GET /BLA/boletinlegal/js/jquery.scrollShow.js HTTP/1.1" 200 4586
181.140.107.134 - - [10/Sep/2019:01:10:59 -0500] "GET /galeria/galeria/jquery.fancybox.js?v=2.1.5 HTTP/1.1" 200 48706
66.249.64.20 - - [10/Sep/2019:01:11:06 -0500] "GET /BLA/resoluciones/RESOLUCIONES%202009/8523.pdf HTTP/1.1" 200 369159
66.249.64.19 - - [10/Sep/2019:01:11:13 -0500] "GET /BLA/resoluciones/RESOLUCIONES%202011/1120.pdf HTTP/1.1" 200 249416
192.168.175.104 - - [10/Sep/2019:01:11:37 -0500] "GET / HTTP/1.1" 200 9990
192.168.175.104 - - [10/Sep/2019:01:12:35 -0500] "GET / HTTP/1.0" 200 9990
69.162.124.232 - - [10/Sep/2019:01:12:38 -0500] "HEAD / HTTP/1.1" 200 -
66.249.64.19 - - [10/Sep/2019:01:13:37 -0500] "GET /BLA/resoluciones/AUTOS%202018/4486.pdf HTTP/1.1" 304 -
196.52.43.58 - - [10/Sep/2019:01:13:37 -0500] "GET / HTTP/1.0" 200 9990
66.249.64.19 - - [10/Sep/2019:01:13:38 -0500] "GET /BLA/resoluciones/Decretos/Decreto%20597%20de%2019%20de%20octubre%20del%202018.pdf HTTP/1.1" 200 9436448
66.249.64.19 - - [10/Sep/2019:01:14:45 -0500] "GET /BLA/resoluciones/RESOLUCIONES%202009/3348.pdf HTTP/1.1" 200 552729
66.249.64.23 - - [10/Sep/2019:01:14:50 -0500] "GET /BLA/resoluciones/AUTOS%202014/2771.pdf HTTP/1.1" 200 465836
40.77.188.220 - - [10/Sep/2019:01:14:51 -0500] "GET /galeria/juegos/ear/ HTTP/1.1" 200 1093
152.61.128.50 - - [10/Sep/2019:01:14:52 -0500] "GET / HTTP/1.1" 200 9990
186.82.226.161 - - [10/Sep/2019:01:14:57 -0500] "GET /BLA/boletinlegal/js/jquery.scrollShow.js HTTP/1.1" 200 4586
186.82.226.161 - - [10/Sep/2019:01:14:58 -0500] "GET /galeria/galeria/jquery.fancybox.js?v=2.1.5 HTTP/1.1" 200 48706
186.82.226.161 - - [10/Sep/2019:01:14:58 -0500] "GET /galeria/galeria/jquery.fancybox.css?v=2.1.5 HTTP/1.1" 200 4895
186.82.226.161 - - [10/Sep/2019:01:14:59 -0500] "GET /galeria/carrusel/Carrusel/jquery.thumbnailScroller.css HTTP/1.1" 200 2066
186.82.226.161 - - [10/Sep/2019:01:14:59 -0500] "GET /galeria/carrusel/Carrusel/jquery-ui-1.8.13.custom.min.js HTTP/1.1" 200 10800
186.82.226.161 - - [10/Sep/2019:01:15:03 -0500] "GET /galeria/nivo-slider/demo/demo.html HTTP/1.1" 304 -
186.82.226.161 - - [10/Sep/2019:01:15:06 -0500] "GET /galeria/nivo-slider/demo/images/banner%20reciclaton%20agosto.jpg HTTP/1.1" 304 -
186.82.226.161 - - [10/Sep/2019:01:15:07 -0500] "GET /galeria/nivo-slider/demo/images/banner%20capacitacion%20rcd%20web.jpg HTTP/1.1" 200 234263
186.82.226.161 - - [10/Sep/2019:01:15:07 -0500] "GET /galeria/nivo-slider/demo/images/Banner%20web%20Ecoempresarial%20ago.jpg HTTP/1.1" 304 -
186.82.226.161 - - [10/Sep/2019:01:15:07 -0500] "GET /galeria/nivo-slider/demo/images/Banner%20impacto.jpg HTTP/1.1" 304 -
186.82.226.161 - - [10/Sep/2019:01:15:07 -0500] "GET /galeria/nivo-slider/demo/images/Banner%20agua.png HTTP/1.1" 304 -
186.82.226.161 - - [10/Sep/2019:01:15:07 -0500] "GET /galeria/nivo-slider/demo/images/Banner%20Visor%20Geografico%20Ambiental.jpg HTTP/1.1" 304 -
186.82.226.161 - - [10/Sep/2019:01:15:08 -0500] "GET /galeria/nivo-slider/demo/images/Caminatas%20septiembre%202019.jpg HTTP/1.1" 304 -
186.82.226.161 - - [10/Sep/2019:01:15:08 -0500] "GET /galeria/nivo-slider/demo/images/puntos%20atencion%20BANNER.jpg HTTP/1.1" 304 -
152.61.128.50 - - [10/Sep/2019:01:14:52 -0500] "GET /arcgis/services/Calidad_del_Agua_WQI/MapServer/WMSServer?request=GetCapabilities&service=WMS HTTP/1.1" 503 1020
152.61.128.50 - - [10/Sep/2019:01:15:14 -0500] "GET /arcgis/services/Calidad_del_Agua_WQI/MapServer/WMSServer?SERVICE=WMS&REQUEST=GetCapabilities HTTP/1.1" 503 1020
152.61.128.50 - - [10/Sep/2019:01:15:14 -0500] "GET /arcgis/services/Calidad_del_Agua_WQI/MapServer/WMSServer?WMTVER=1.0.0&REQUEST=capabilities HTTP/1.1" 503 1020
46.229.168.134 - - [10/Sep/2019:01:15:15 -0500] "GET /robots.txt HTTP/1.1" 404 1019
46.229.168.130 - - [10/Sep/2019:01:15:15 -0500] "GET /Autoliquidacion/index.php?dir=Solicitud%2Bde%2Bexpedici%C3%83%C2%83%C3%82%C2%83%C3%83%C2%82%C3%82%C2%83%C3%83%C2%83%C3%82%C2%82%C3%83%C2%82%C3%82%C2%83%C3%83%C2%83%C3%82%C2%83%C3%83%C2%82%C3%82%C2%82%C3%83%C2%83%C3%82%C2%82%C3%83%C2%82%C3%82%C2%83%C3%83%C2%83%C3%82%C2%83%C3%83%C2%82%C3%82%C2%83%C3%83%C2%83%C3%82%C2%82%C3%83%C2%82%C3%82%C2%82%C3%83%C2%83%C3%82%C2%83%C3%83%C2%82%C3%82%C2%82%C3%83%C2%83%C3%82%C2%82%C3%83%C2%82%C3%82%C2%83%C3%83%C2%83%C3%82%C2%83%C3%83%C2%82%C3%82%C2%83%C3%83%C2%83%C3%82%C2%82%C3%83%C2%82%C3%82%C2%83%C3%83%C2%83%C3%82%C2%83%C3%83%C2%82%C3%82%C2%82%C3%83%C2%83%C3%82%C2%82%C3%83%C2%82%C3%82%C2%82%C3%83%C2%83%C3%82%C2%83%C3%83%C2%82%C3%82%C2%83%C3%83%C2%83%C3%82%C2%82%C3%83%C2%82%C3%82%C2%82%C3%83%C2%83%C3%82%C2%83%C3%83%C2%82%C3%82%C2%82%C3%83%C2%83%C3%82%C2%82%C3%83%C2%82%C3%82%C2%B3n%2Bde%2Bcertificados%2Bde%2Bestado%2Bde%2Bconservaci%C3%83%C2%83%C3%82%C2%83%C3%83%C2%82%C3%82%C2%83%C3%83%C2%83%C3%82%C2%82%C3%83%C2%82%C3%82%C2%83%C3%83%C2%83%C3%82%C2%83%C3%83%C2%82%C3%82%C2%82%C3%83%C2%83%C3%82%C2%82%C3%83%C2%82%C3%82%C2%83%C3%83%C2%83%C3%82%C2%83%C3%83%C2%82%C3%82%C2%83%C3%83%C2%83%C3%82%C2%82%C3%83%C2%82%C3%82%C2%82%C3%83%C2%83%C3%82%C2%83%C3%83%C2%82%C3%82%C2%82%C3%83%C2%83%C3%82%C2%82%C3%83%C2%82%C3%82%C2%83%C3%83%C2%83%C3%82%C2%83%C3%83%C2%82%C3%82%C2%83%C3%83%C2%83%C3%82%C2%82%C3%83%C2%82%C3%82%C2%83%C3%83%C2%83%C3%82%C2%83%C3%83%C2%82%C3%82%C2%82%C3%83%C2%83%C3%82%C2%82%C3%83%C2%82%C3%82%C2%82%C3%83%C2%83%C3%82%C2%83%C3%83%C2%82%C3%82%C2%83%C3%83%C2%83%C3%82%C2%82%C3%83%C2%82%C3%82%C2%82%C3%83%C2%83%C3%82%C2%83%C3%83%C2%82%C3%82%C2%82%C3%83%C2%83%C3%82%C2%82%C3%83%C2%82%C3%82%C2%B3n%2Bambiental%2B%28CECA%29%2F&order=asc&sort=name HTTP/1.1" 200 8308
46.229.168.148 - - [10/Sep/2019:01:15:39 -0500] "GET /Anexos%20estudio%20Organizacional%20SDA/index.php?dir=ANEXO%2BNo.%2B8%2B-%2BMATRICES%2BDE%2BREGISTRO%2BY%2BDE%2BSALIDA%2BMEDICI%C3%83%C2%83%C3%82%C2%93N%2BCARGAS%2BLABORALES%2BSDA%2F&order=desc&sort=date HTTP/1.1" 200 6261
66.249.64.19 - - [10/Sep/2019:01:16:05 -0500] "GET /BLA/resoluciones/RESOLUCIONES%202009/5270.pdf HTTP/1.1" 200 762107
66.249.64.121 - - [10/Sep/2019:01:16:12 -0500] "GET /BLA/boletinlegal/jurisprudencia/analisis/ANALISIST-257-96.docx HTTP/1.1" 304 -
66.249.64.19 - - [10/Sep/2019:01:16:14 -0500] "GET /BLA/resoluciones/AUTOS%202017/4343.pdf HTTP/1.1" 304 -
66.249.64.19 - - [10/Sep/2019:01:16:16 -0500] "GET /BLA/resoluciones/AUTOS%202011/7663.pdf HTTP/1.1" 304 -
66.249.64.20 - - [10/Sep/2019:01:16:18 -0500] "GET /BLA/resoluciones/RESOLUCIONES%202011/5715.pdf HTTP/1.1" 200 591366
66.249.64.20 - - [10/Sep/2019:01:16:24 -0500] "GET /BLA/resoluciones/AUTOS%202013/2813.pdf HTTP/1.1" 200 259542
66.249.64.19 - - [10/Sep/2019:01:16:27 -0500] "GET /BLA/resoluciones/RESOLUCIONES%202009/0228.pdf HTTP/1.1" 200 240848
192.168.175.104 - - [10/Sep/2019:01:16:35 -0500] "GET / HTTP/1.1" 200 9990
66.249.64.20 - - [10/Sep/2019:01:16:39 -0500] "GET /BLA/boletinlegal/jurisprudencia/analisis/ANALISIST-257-96.docx HTTP/1.1" 304 -
66.249.64.20 - - [10/Sep/2019:01:17:10 -0500] "GET /BLA/resoluciones/RESOLUCIONES%202013/1619.pdf HTTP/1.1" 200 643986
192.168.175.104 - - [10/Sep/2019:01:17:33 -0500] "GET / HTTP/1.0" 200 9990
190.90.91.67 - - [10/Sep/2019:01:17:36 -0500] "GET /BLA/boletinlegal/js/jquery.scrollShow.js HTTP/1.1" 200 4586
190.90.91.67 - - [10/Sep/2019:01:17:36 -0500] "GET /galeria/galeria/jquery.fancybox.css?v=2.1.5 HTTP/1.1" 200 4895
190.90.91.67 - - [10/Sep/2019:01:17:36 -0500] "GET /galeria/galeria/jquery.fancybox.js?v=2.1.5 HTTP/1.1" 200 48706
69.162.124.232 - - [10/Sep/2019:01:17:38 -0500] "HEAD / HTTP/1.1" 200 -
181.51.32.105 - - [10/Sep/2019:01:18:05 -0500] "GET /Residuos/textiles/files/guia_textiles.pdf HTTP/1.1" 200 12356716
201.245.192.253 - - [10/Sep/2019:01:17:39 -0500] "POST /kwsrmcab/Wsrmcab HTTP/1.1" 200 29705
201.245.192.253 - - [10/Sep/2019:01:17:40 -0500] "POST /kwsrmcab/Wsrmcab HTTP/1.1" 200 30630
181.51.32.105 - - [10/Sep/2019:01:18:18 -0500] "GET /favicon.ico HTTP/1.1" 200 7782
66.249.64.20 - - [10/Sep/2019:01:18:43 -0500] "GET /siipev/Diseno%20de%20Elementos%20de%20Mobiliario%20Urbano/Diseno%20pertenecientes%20al%20mobiliario%20urbano%20M10-M160/PARTE%20A/Dise%C3%B1o%20de%20Elementos%20M-82.pdf HTTP/1.1" 200 757911
152.61.192.232 - - [10/Sep/2019:01:18:44 -0500] "GET / HTTP/1.1" 200 9990
201.245.192.253 - - [10/Sep/2019:01:18:14 -0500] "POST /kwsrmcab/Wsrmcab HTTP/1.1" 200 29705
66.249.64.19 - - [10/Sep/2019:01:18:56 -0500] "GET /BLA/resoluciones/AUTOS%202011/2467.pdf HTTP/1.1" 304 -
5.255.250.154 - - [10/Sep/2019:01:19:02 -0500] "GET /robots.txt HTTP/1.1" 404 1015
5.255.250.154 - - [10/Sep/2019:01:19:02 -0500] "GET /favicon.ico HTTP/1.1" 200 7782
152.61.192.232 - - [10/Sep/2019:01:18:45 -0500] "GET /arcgis/services/Calidad_del_Agua_WQI/MapServer/WMSServer?request=GetCapabilities&service=WMS HTTP/1.1" 503 1020
152.61.192.232 - - [10/Sep/2019:01:19:06 -0500] "GET /arcgis/services/Calidad_del_Agua_WQI/MapServer/WMSServer?SERVICE=WMS&REQUEST=GetCapabilities HTTP/1.1" 503 1020
152.61.192.232 - - [10/Sep/2019:01:19:06 -0500] "GET /arcgis/services/Calidad_del_Agua_WQI/MapServer/WMSServer?WMTVER=1.0.0&REQUEST=capabilities HTTP/1.1" 503 1020
66.249.64.19 - - [10/Sep/2019:01:19:42 -0500] "GET /BLA/resoluciones/RESOLUCIONES%202011/1660.pdf HTTP/1.1" 304 -
66.249.64.19 - - [10/Sep/2019:01:19:48 -0500] "GET /resoluciones/RESOLUCIONES%202007/RES%202007%203901%20AL%204000/RESOLUCION%203984%20DE%202007.pdf HTTP/1.1" 404 1018
66.249.64.19 - - [10/Sep/2019:01:20:00 -0500] "GET /BLA/resoluciones/RESOLUCIONES%202008/1740.pdf HTTP/1.1" 200 374771
66.249.64.19 - - [10/Sep/2019:01:20:05 -0500] "GET /BLA/resoluciones/RESOLUCIONES%202014/2495.pdf HTTP/1.1" 200 3094773
66.249.64.19 - - [10/Sep/2019:01:21:25 -0500] "GET /siipev/Diseno%20de%20Elementos%20de%20Mobiliario%20Urbano/Diseno%20pertenecientes%20al%20mobiliario%20urbano%20M10-M160/PARTE%20A/Dise%C3%B1o%20de%20Elementos%20M-81.pdf HTTP/1.1" 304 -
66.249.64.19 - - [10/Sep/2019:01:21:28 -0500] "GET /BLA/resoluciones/AUTOS%202012/2515.pdf HTTP/1.1" 200 547693
192.168.175.104 - - [10/Sep/2019:01:21:33 -0500] "GET / HTTP/1.1" 200 9990
66.249.64.19 - - [10/Sep/2019:01:22:01 -0500] "GET /BLA/resoluciones/RESOLUCIONES%202013/2540.pdf HTTP/1.1" 200 273194
66.249.64.19 - - [10/Sep/2019:01:22:24 -0500] "GET /BLA/resoluciones/RESOLUCIONES%202015/0997.pdf HTTP/1.1" 200 518048
66.249.64.123 - - [10/Sep/2019:01:22:30 -0500] "GET / HTTP/1.1" 200 9990
192.168.175.104 - - [10/Sep/2019:01:22:31 -0500] "GET / HTTP/1.0" 200 9990
69.162.124.232 - - [10/Sep/2019:01:22:38 -0500] "HEAD / HTTP/1.1" 200 -
54.36.148.4 - - [10/Sep/2019:01:22:45 -0500] "GET /BLA/resoluciones/RESOLUCIONES%202005/RES%202005%202951-3000/00002969.tif HTTP/1.1" 200 95638
66.249.64.20 - - [10/Sep/2019:01:22:48 -0500] "GET /BLA/resoluciones/AUTOS%202016/2006.pdf HTTP/1.1" 200 308276
66.249.64.19 - - [10/Sep/2019:01:23:09 -0500] "GET /resoluciones/RESOLUCIONES%202008/2514.pdf HTTP/1.1" 404 1018
66.249.64.19 - - [10/Sep/2019:01:23:13 -0500] "GET /BLA/resoluciones/RESOLUCIONES%202007/RES%202007%202301%20AL%202400/RESOLUCION%202343%20DE%202007.pdf HTTP/1.1" 200 316335
66.249.64.19 - - [10/Sep/2019:01:23:34 -0500] "GET /BLA/resoluciones/RESOLUCIONES%202015/1042.pdf HTTP/1.1" 200 486040
66.249.64.19 - - [10/Sep/2019:01:23:57 -0500] "GET /BLA/resoluciones/AUTOS%202015/2630.pdf HTTP/1.1" 200 791956
46.229.168.138 - - [10/Sep/2019:01:24:44 -0500] "GET /Anexos%20estudio%20Organizacional%20SDA/index.php?dir=ANEXO%2BNo.%2B9%2B-%2BRES%C3%83%C2%83%C3%82%C2%83%C3%83%C2%82%C3%82%C2%83%C3%83%C2%83%C3%82%C2%82%C3%83%C2%82%C3%82%C2%83%C3%83%C2%83%C3%82%C2%83%C3%83%C2%82%C3%82%C2%82%C3%83%C2%83%C3%82%C2%82%C3%83%C2%82%C3%82%C2%9AMENES%2BDE%2BLA%2BMEDICI%C3%83%C2%83%C3%82%C2%83%C3%83%C2%82%C3%82%C2%83%C3%83%C2%83%C3%82%C2%82%C3%83%C2%82%C3%82%C2%83%C3%83%C2%83%C3%82%C2%83%C3%83%C2%82%C3%82%C2%82%C3%83%C2%83%C3%82%C2%82%C3%83%C2%82%C3%82%C2%93N%2BDE%2BCARGAS%2BLABORALES%2BSDA%2F&order=asc&sort=date HTTP/1.1" 200 6577
54.36.148.120 - - [10/Sep/2019:01:24:50 -0500] "GET /BLA/resoluciones/RESOLUCIONES%202003/RES%202003%201951-2000/00001970.tif HTTP/1.1" 200 88306
66.249.64.19 - - [10/Sep/2019:01:25:06 -0500] "GET /BLA/resoluciones/AUTOS%202015/0250.pdf HTTP/1.1" 200 321469
66.249.64.19 - - [10/Sep/2019:01:25:30 -0500] "GET /silvicultura/6.pdf HTTP/1.1" 200 215404
40.77.188.105 - - [10/Sep/2019:01:25:36 -0500] "GET /videos/galeria-cronicas/1V3wnplaylist.htm? HTTP/1.1" 200 4013
40.77.188.105 - - [10/Sep/2019:01:25:39 -0500] "GET /videos/galeria-cronicas/skin/blue.monday/jplayer.blue.monday.css HTTP/1.1" 200 12518
40.77.188.105 - - [10/Sep/2019:01:25:40 -0500] "GET /videos/galeria-cronicas/js/jplayer.playlist.min.js HTTP/1.1" 200 8608
46.229.168.135 - - [10/Sep/2019:01:25:42 -0500] "GET /Autoliquidacion/index.php?dir=Grupo%2BForestal%2B-%2BIndustria%2Bde%2Bla%2BMadera%2F&order=asc&sort=name HTTP/1.1" 200 6649
66.249.64.20 - - [10/Sep/2019:01:25:53 -0500] "GET /BLA/resoluciones/AUTOS%202014/6469.pdf HTTP/1.1" 304 -
66.249.64.19 - - [10/Sep/2019:01:26:16 -0500] "GET /BLA/resoluciones/RESOLUCIONES%202017/1190.pdf HTTP/1.1" 200 316273
192.168.175.104 - - [10/Sep/2019:01:26:31 -0500] "GET / HTTP/1.1" 200 9990
54.36.150.93 - - [10/Sep/2019:01:26:36 -0500] "GET /BLA/resoluciones/RESOLUCIONES%202003/RES%202003%201851--1900/20031880.tif HTTP/1.1" 200 86928
66.249.64.19 - - [10/Sep/2019:01:27:02 -0500] "GET /BLA/resoluciones/RESOLUCIONES%202007/RES%202007%203201%20AL%203300/RESOLUCION%203257%20DE%202007.pdf HTTP/1.1" 200 2739877
66.249.64.20 - - [10/Sep/2019:01:27:25 -0500] "GET /BLA/resoluciones/AUTOS%202010/3619.pdf HTTP/1.1" 200 373346
192.168.175.104 - - [10/Sep/2019:01:27:29 -0500] "GET / HTTP/1.0" 200 9990
69.162.124.232 - - [10/Sep/2019:01:27:38 -0500] "HEAD / HTTP/1.1" 200 -
201.245.192.253 - - [10/Sep/2019:01:27:40 -0500] "POST /kwsrmcab/Wsrmcab HTTP/1.1" 200 30630
66.249.64.20 - - [10/Sep/2019:01:28:35 -0500] "GET /BLA/resoluciones/RESOLUCIONES%202010/7061.pdf HTTP/1.1" 304 -
66.249.64.20 - - [10/Sep/2019:01:28:37 -0500] "GET /BLA/resoluciones/AUTOS%202013/3413.pdf HTTP/1.1" 200 617321
66.249.64.19 - - [10/Sep/2019:01:29:46 -0500] "GET /BLA/resoluciones/RESOLUCIONES%202007/RES%202007%202301%20AL%202400/RESOLUCION%202368%20DE%202007.pdf HTTP/1.1" 200 218910
66.249.64.19 - - [10/Sep/2019:01:29:57 -0500] "GET /BLA/resoluciones/RESOLUCIONES%202009/0374.pdf HTTP/1.1" 200 207064
66.249.64.19 - - [10/Sep/2019:01:30:07 -0500] "GET /BLA/boletinlegal/jurisprudencia/analisis/Analisis%20jurisprudencial%20Sentencia%20C-366-11.doc HTTP/1.1" 304 -
190.239.58.5 - - [10/Sep/2019:01:30:11 -0500] "GET /galeria/galeria/jquery.fancybox.css?v=2.1.5 HTTP/1.1" 200 4895
190.239.58.5 - - [10/Sep/2019:01:30:11 -0500] "GET /galeria/galeria/jquery.fancybox.js?v=2.1.5 HTTP/1.1" 200 48706
190.239.58.5 - - [10/Sep/2019:01:30:11 -0500] "GET /BLA/boletinlegal/js/jquery.scrollShow.js HTTP/1.1" 200 4586
66.249.64.19 - - [10/Sep/2019:01:31:17 -0500] "GET /BLA/resoluciones/RESOLUCIONES%202017/0419.pdf HTTP/1.1" 200 603870
157.55.39.149 - - [10/Sep/2019:01:31:09 -0500] "GET /portalsiaccapacitaciones/Soportes%20Capacitaciones%202016/Mesas%20de%20Trabajo%202016/Presentaci%C3%B3n%20Vertimientos.pdf HTTP/1.1" 200 2203301
192.168.175.104 - - [10/Sep/2019:01:31:29 -0500] "GET / HTTP/1.1" 200 9990
186.96.98.10 - - [10/Sep/2019:01:32:13 -0500] "GET /BLA/boletinlegal/js/jquery.scrollShow.js HTTP/1.1" 200 4586
186.96.98.10 - - [10/Sep/2019:01:32:13 -0500] "GET /galeria/galeria/jquery.fancybox.css?v=2.1.5 HTTP/1.1" 200 4895
186.96.98.10 - - [10/Sep/2019:01:32:13 -0500] "GET /galeria/galeria/jquery.fancybox.js?v=2.1.5 HTTP/1.1" 200 48706
181.132.7.88 - - [10/Sep/2019:01:32:20 -0500] "GET /galeria/galeria/jquery.fancybox.js?v=2.1.5 HTTP/1.1" 200 48706
181.132.7.88 - - [10/Sep/2019:01:32:20 -0500] "GET /BLA/boletinlegal/js/jquery.scrollShow.js HTTP/1.1" 200 4586
181.132.7.88 - - [10/Sep/2019:01:32:20 -0500] "GET /galeria/galeria/jquery.fancybox.css?v=2.1.5 HTTP/1.1" 200 4895
192.168.175.104 - - [10/Sep/2019:01:32:27 -0500] "GET / HTTP/1.0" 200 9990
66.249.64.19 - - [10/Sep/2019:01:32:35 -0500] "GET /BLA/resoluciones/AUTOS%202014/4456.pdf HTTP/1.1" 200 544908
66.249.64.19 - - [10/Sep/2019:01:32:36 -0500] "GET /BLA/resoluciones/RESOLUCIONES%202011/6076.pdf HTTP/1.1" 200 280626
69.162.124.232 - - [10/Sep/2019:01:32:38 -0500] "HEAD / HTTP/1.1" 200 -
66.249.64.20 - - [10/Sep/2019:01:32:50 -0500] "GET /BLA/resoluciones/RESOLUCIONES%202011/5308.pdf HTTP/1.1" 304 -
181.139.108.54 - - [10/Sep/2019:01:33:17 -0500] "GET /galeria/galeria/jquery.fancybox.css?v=2.1.5 HTTP/1.1" 200 4895
181.139.108.54 - - [10/Sep/2019:01:33:17 -0500] "GET /BLA/boletinlegal/js/jquery.scrollShow.js HTTP/1.1" 200 4586
181.139.108.54 - - [10/Sep/2019:01:33:17 -0500] "GET /galeria/galeria/jquery.fancybox.js?v=2.1.5 HTTP/1.1" 200 48706
66.249.64.20 - - [10/Sep/2019:01:33:36 -0500] "GET /BLA/resoluciones/AUTOS%202013/3432.pdf HTTP/1.1" 200 381704
66.249.64.19 - - [10/Sep/2019:01:33:59 -0500] "GET /BLA/resoluciones/RESOLUCIONES%202010/5504.pdf HTTP/1.1" 200 2789611
66.249.64.19 - - [10/Sep/2019:01:34:22 -0500] "GET /BLA/resoluciones/AUTOS%202016/1558.pdf HTTP/1.1" 200 372524
66.249.64.20 - - [10/Sep/2019:01:34:45 -0500] "GET /BLA/resoluciones/AUTOS%202013/2830.pdf HTTP/1.1" 200 414376
116.50.58.180 - - [10/Sep/2019:01:34:57 -0500] "GET /galeria/galeria/jquery.fancybox.js?v=2.1.5 HTTP/1.1" 200 48706
116.50.58.180 - - [10/Sep/2019:01:34:58 -0500] "GET /galeria/galeria/jquery.fancybox.css?v=2.1.5 HTTP/1.1" 200 4895
66.249.64.19 - - [10/Sep/2019:01:35:08 -0500] "GET /BLA/resoluciones/AUTOS%202013/3060.pdf HTTP/1.1" 200 247262
116.50.58.180 - - [10/Sep/2019:01:35:22 -0500] "GET /BLA/boletinlegal/js/jquery.scrollShow.js HTTP/1.1" 200 4586
66.249.64.19 - - [10/Sep/2019:01:35:32 -0500] "GET /BLA/resoluciones/RESOLUCIONES%202010/5224.pdf HTTP/1.1" 200 785463
66.249.64.19 - - [10/Sep/2019:01:35:55 -0500] "GET /BLA/resoluciones/RESOLUCIONES%202013/1401.pdf HTTP/1.1" 200 675815
186.154.34.223 - - [10/Sep/2019:01:36:17 -0500] "GET /galeria/galeria/jquery.fancybox.css?v=2.1.5 HTTP/1.1" 200 4895
186.154.34.223 - - [10/Sep/2019:01:36:17 -0500] "GET /BLA/boletinlegal/js/jquery.scrollShow.js HTTP/1.1" 200 4586
186.154.34.223 - - [10/Sep/2019:01:36:17 -0500] "GET /galeria/galeria/jquery.fancybox.js?v=2.1.5 HTTP/1.1" 200 48706
66.249.64.19 - - [10/Sep/2019:01:36:18 -0500] "GET /BLA/resoluciones/RESOLUCIONES%202008/3117.pdf HTTP/1.1" 200 291981
192.168.175.104 - - [10/Sep/2019:01:36:27 -0500] "GET / HTTP/1.1" 200 9990
192.168.175.104 - - [10/Sep/2019:01:37:26 -0500] "GET / HTTP/1.0" 200 9990
66.249.64.19 - - [10/Sep/2019:01:37:31 -0500] "GET /BLA/resoluciones/AUTOS%202016/2151.pdf HTTP/1.1" 200 537763
66.249.64.19 - - [10/Sep/2019:01:37:32 -0500] "GET /BLA/resoluciones/RESOLUCIONES%202013/1300.pdf HTTP/1.1" 200 564371
69.162.124.232 - - [10/Sep/2019:01:37:38 -0500] "HEAD / HTTP/1.1" 200 -
207.46.13.5 - - [10/Sep/2019:01:37:39 -0500] "GET / HTTP/1.1" 200 9990
54.36.149.94 - - [10/Sep/2019:01:37:56 -0500] "GET /BLA/resoluciones/RESOLUCIONES%202003/RES%202003%201001-1050/1014.tif HTTP/1.1" 200 754756
66.249.64.19 - - [10/Sep/2019:01:38:14 -0500] "GET /BLA/resoluciones/RESOLUCIONES%202008/1694.pdf HTTP/1.1" 304 -
201.245.192.253 - - [10/Sep/2019:01:37:40 -0500] "POST /kwsrmcab/Wsrmcab HTTP/1.1" 200 30630
78.41.94.197 - - [10/Sep/2019:01:38:24 -0500] "GET / HTTP/1.1" 200 9990
46.229.168.146 - - [10/Sep/2019:01:38:33 -0500] "GET /Autoliquidacion/index.php?dir=TR%C3%83%C2%83%C3%82%C2%83%C3%83%C2%82%C3%82%C2%83%C3%83%C2%83%C3%82%C2%82%C3%83%C2%82%C3%82%C2%81MITES%2BACEITES-RESIDUOS-ESTACIONES%2F&order=desc&sort=size HTTP/1.1" 200 6732
66.249.64.19 - - [10/Sep/2019:01:38:37 -0500] "GET /BLA/resoluciones/RESOLUCIONES%202010/4766.pdf HTTP/1.1" 304 -
139.162.119.197 - - [10/Sep/2019:01:38:39 -0500] "GET / HTTP/1.1" 200 9990
66.249.64.19 - - [10/Sep/2019:01:39:23 -0500] "GET /BLA/resoluciones/AUTOS%202014/5558.pdf HTTP/1.1" 200 361239
66.249.64.19 - - [10/Sep/2019:01:39:46 -0500] "GET /BLA/resoluciones/AUTOS%202010/6104.pdf HTTP/1.1" 304 -
66.249.64.20 - - [10/Sep/2019:01:39:52 -0500] "GET /BLA/resoluciones/AUTOS%202011/3861.pdf HTTP/1.1" 200 154286
66.249.64.19 - - [10/Sep/2019:01:40:05 -0500] "GET /BLA/resoluciones/AUTOS%202011/5331.pdf HTTP/1.1" 200 186100
66.249.64.19 - - [10/Sep/2019:01:40:09 -0500] "GET /BLA/resoluciones/AUTOS%202010/6921.pdf HTTP/1.1" 200 2076333
66.249.64.20 - - [10/Sep/2019:01:40:27 -0500] "GET /BLA/resoluciones/RESOLUCIONES%202008/4778.pdf HTTP/1.1" 200 173894
186.145.222.172 - - [10/Sep/2019:01:40:30 -0500] "GET /BLA/boletinlegal/js/jquery.scrollShow.js HTTP/1.1" 200 4586
186.145.222.172 - - [10/Sep/2019:01:40:30 -0500] "GET /galeria/galeria/jquery.fancybox.css?v=2.1.5 HTTP/1.1" 200 4895
186.145.222.172 - - [10/Sep/2019:01:40:30 -0500] "GET /galeria/galeria/jquery.fancybox.js?v=2.1.5 HTTP/1.1" 200 48706
66.249.64.19 - - [10/Sep/2019:01:40:32 -0500] "GET /BLA/resoluciones/AUTOS%202015/0088.pdf HTTP/1.1" 304 -
192.168.175.104 - - [10/Sep/2019:01:41:26 -0500] "GET / HTTP/1.1" 200 9990
66.249.64.20 - - [10/Sep/2019:01:41:33 -0500] "GET /BLA/resoluciones/RESOLUCIONES%202016/0330.pdf HTTP/1.1" 304 -
66.249.64.20 - - [10/Sep/2019:01:41:35 -0500] "GET /BLA/resoluciones/RESOLUCIONES%202009/1801.pdf HTTP/1.1" 200 633698
66.249.64.19 - - [10/Sep/2019:01:41:38 -0500] "GET /BLA/resoluciones/AUTOS%202013/0560.pdf HTTP/1.1" 200 1719741
66.249.64.19 - - [10/Sep/2019:01:41:41 -0500] "GET /BLA/resoluciones/RESOLUCIONES%202009/4504.pdf HTTP/1.1" 200 526023
54.36.150.163 - - [10/Sep/2019:01:41:58 -0500] "GET /BLA/resoluciones/RESOLUCIONES%202006/RES%202006%20%202901-2950/00002946.tif HTTP/1.1" 200 305092
66.249.64.19 - - [10/Sep/2019:01:42:05 -0500] "GET /BLA/resoluciones/RESOLUCIONES%202014/3900.pdf HTTP/1.1" 304 -
192.168.175.104 - - [10/Sep/2019:01:42:25 -0500] "GET / HTTP/1.0" 200 9990
66.249.64.20 - - [10/Sep/2019:01:42:28 -0500] "GET /BLA/resoluciones/AUTOS%202017/0265.pdf HTTP/1.1" 304 -
69.162.124.232 - - [10/Sep/2019:01:42:38 -0500] "HEAD / HTTP/1.1" 200 -
66.249.64.19 - - [10/Sep/2019:01:43:24 -0500] "GET /robots.txt HTTP/1.1" 404 1018
66.249.64.19 - - [10/Sep/2019:01:43:41 -0500] "GET /BLA/resoluciones/RESOLUCIONES%202009/7547.pdf HTTP/1.1" 200 512432
66.249.64.27 - - [10/Sep/2019:01:43:53 -0500] "GET /dama/libreria/pdf/foroaire/UNIANDES%201.pdf HTTP/1.1" 404 1019
187.159.42.188 - - [10/Sep/2019:01:44:00 -0500] "GET /galeria/galeria/jquery.fancybox.css?v=2.1.5 HTTP/1.1" 200 4895
187.159.42.188 - - [10/Sep/2019:01:44:00 -0500] "GET /BLA/boletinlegal/js/jquery.scrollShow.js HTTP/1.1" 200 4586
187.159.42.188 - - [10/Sep/2019:01:44:00 -0500] "GET /galeria/galeria/jquery.fancybox.js?v=2.1.5 HTTP/1.1" 200 48706
66.249.64.19 - - [10/Sep/2019:01:44:01 -0500] "GET /BLA/resoluciones/AUTOS%202015/0223.pdf HTTP/1.1" 304 -
66.249.88.127 - - [10/Sep/2019:01:44:29 -0500] "GET /galeria/galeria/jquery.fancybox.css?v=2.1.5 HTTP/1.1" 200 4895
66.249.88.127 - - [10/Sep/2019:01:44:29 -0500] "GET /BLA/boletinlegal/js/jquery.scrollShow.js HTTP/1.1" 200 4586
66.249.88.127 - - [10/Sep/2019:01:44:29 -0500] "GET /galeria/galeria/jquery.fancybox.js?v=2.1.5 HTTP/1.1" 200 48706
66.249.64.19 - - [10/Sep/2019:01:45:10 -0500] "GET /BLA/resoluciones/AUTOS%202013/1327.pdf HTTP/1.1" 200 1985645
66.249.64.29 - - [10/Sep/2019:01:45:19 -0500] "GET /portel_dama/libreria/php/2006/restauracion/55_artic/xtras/13.pdf HTTP/1.1" 404 1019
66.249.64.19 - - [10/Sep/2019:01:45:19 -0500] "GET /BLA/resoluciones/RESOLUCIONES%202009/3918.pdf HTTP/1.1" 200 930034
34.77.242.49 - - [10/Sep/2019:01:46:00 -0500] "GET / HTTP/1.1" 200 9990
192.168.175.104 - - [10/Sep/2019:01:46:24 -0500] "GET / HTTP/1.1" 200 9990
66.249.64.20 - - [10/Sep/2019:01:46:24 -0500] "GET /BLA/resoluciones/RESOLUCIONES%202007/RES%202007%204001%20AL%204100/RESOLUCION%204047%20DE%202007.pdf HTTP/1.1" 200 839491
66.249.64.20 - - [10/Sep/2019:01:46:27 -0500] "GET /BLA/resoluciones/AUTOS%202016/1489.pdf HTTP/1.1" 200 297162
192.168.175.104 - - [10/Sep/2019:01:47:23 -0500] "GET / HTTP/1.0" 200 9990
66.249.64.19 - - [10/Sep/2019:01:47:29 -0500] "GET /BLA/resoluciones/AUTOS%202007/3770.pdf HTTP/1.1" 200 130534
69.162.124.232 - - [10/Sep/2019:01:47:38 -0500] "HEAD / HTTP/1.1" 200 -
66.249.64.19 - - [10/Sep/2019:01:47:44 -0500] "GET /resoluciones/RESOLUCIONES%202009/2869.pdf HTTP/1.1" 404 1018
66.249.64.19 - - [10/Sep/2019:01:47:52 -0500] "GET /BLA/resoluciones/RESOLUCIONES%202014/0702.pdf HTTP/1.1" 200 26706291
54.36.149.37 - - [10/Sep/2019:01:48:10 -0500] "GET /BLA/resoluciones/RESOLUCIONES%202002/RES%202002%20451-500/00000478.tif HTTP/1.1" 200 66310
54.36.150.8 - - [10/Sep/2019:01:48:14 -0500] "GET /BLA/resoluciones/RESOLUCIONES%202004/RES%202004%20351-400/00000374.tif HTTP/1.1" 200 103378
66.249.64.31 - - [10/Sep/2019:01:48:50 -0500] "GET /robots.txt HTTP/1.1" 404 1019
66.249.64.19 - - [10/Sep/2019:01:49:39 -0500] "GET /BLA/resoluciones/RESOLUCIONES%202008/2317.pdf HTTP/1.1" 200 355516
66.249.64.29 - - [10/Sep/2019:01:49:42 -0500] "GET /portel_dama/libreria/php/2006/restauracion/22_proye/xtras_in/3a.pdf HTTP/1.1" 404 1019
66.249.64.19 - - [10/Sep/2019:01:49:52 -0500] "GET /BLA/resoluciones/RESOLUCIONES%202009/5469.pdf HTTP/1.1" 200 519843
66.249.64.19 - - [10/Sep/2019:01:49:59 -0500] "GET /BLA/resoluciones/RESOLUCIONES%202008/2963.pdf HTTP/1.1" 200 331704
66.249.64.19 - - [10/Sep/2019:01:50:05 -0500] "GET /BLA/resoluciones/RESOLUCIONES%202009/0175.pdf HTTP/1.1" 200 212192
66.249.64.19 - - [10/Sep/2019:01:50:14 -0500] "GET /BLA/resoluciones/AUTOS%202017/0429.pdf HTTP/1.1" 200 507804
66.249.64.20 - - [10/Sep/2019:01:50:17 -0500] "GET /BLA/resoluciones/RESOLUCIONES%202011/6563.pdf HTTP/1.1" 200 2501452
66.249.64.19 - - [10/Sep/2019:01:50:24 -0500] "GET /BLA/resoluciones/AUTOS%202011/7391.pdf HTTP/1.1" 200 173714
66.249.64.20 - - [10/Sep/2019:01:50:25 -0500] "GET /BLA/resoluciones/AUTOS%202018/0217.pdf HTTP/1.1" 304 -
66.249.64.19 - - [10/Sep/2019:01:50:27 -0500] "GET /BLA/resoluciones/RESOLUCIONES%202009/4994.pdf HTTP/1.1" 200 706351
66.249.64.20 - - [10/Sep/2019:01:50:37 -0500] "GET /BLA/resoluciones/RESOLUCIONES%202008/2665.pdf HTTP/1.1" 304 -
192.168.175.104 - - [10/Sep/2019:01:51:22 -0500] "GET / HTTP/1.1" 200 9990
52.162.211.179 - - [10/Sep/2019:01:51:41 -0500] "GET /BLA/boletinlegal/js/jquery.scrollShow.js HTTP/1.1" 200 4586
52.162.211.179 - - [10/Sep/2019:01:51:41 -0500] "GET /galeria/galeria/jquery.fancybox.js?v=2.1.5 HTTP/1.1" 200 48706
52.162.211.179 - - [10/Sep/2019:01:51:41 -0500] "GET /galeria/galeria/jquery.fancybox.css?v=2.1.5 HTTP/1.1" 200 4895
52.162.211.179 - - [10/Sep/2019:01:51:47 -0500] "GET /BLA/boletinlegal/js/jquery.scrollShow.js HTTP/1.1" 200 4586
52.162.211.179 - - [10/Sep/2019:01:51:47 -0500] "GET /galeria/galeria/jquery.fancybox.js?v=2.1.5 HTTP/1.1" 200 48706
52.162.211.179 - - [10/Sep/2019:01:51:47 -0500] "GET /galeria/galeria/jquery.fancybox.css?v=2.1.5 HTTP/1.1" 200 4895
95.216.16.51 - - [10/Sep/2019:01:52:01 -0500] "GET /robots.txt HTTP/1.1" 404 1015
95.216.16.51 - - [10/Sep/2019:01:52:06 -0500] "GET /StormSDA/userFiles%20-%20Copy%2019-07-2012/user_files/85/?C=D;O=A/ HTTP/1.1" 200 873
95.216.16.51 - - [10/Sep/2019:01:52:11 -0500] "GET /StormSDA/userFiles%20-%20Copy%2019-07-2012/user_files/85/?C=M;O=A/ HTTP/1.1" 200 873
95.216.16.51 - - [10/Sep/2019:01:52:16 -0500] "GET /StormSDA/userFiles%20-%20Copy%2019-07-2012/user_files/85/?C=S;O=A/ HTTP/1.1" 200 873
66.249.64.19 - - [10/Sep/2019:01:52:19 -0500] "GET /BLA/resoluciones/AUTOS%202008/1183.pdf HTTP/1.1" 200 184395
95.216.16.51 - - [10/Sep/2019:01:52:20 -0500] "GET /StormSDA/userFiles%20-%20Copy%2019-07-2012/user_files/87/?C=D;O=A/ HTTP/1.1" 200 873
192.168.175.104 - - [10/Sep/2019:01:52:22 -0500] "GET / HTTP/1.0" 200 9990
95.216.16.51 - - [10/Sep/2019:01:52:26 -0500] "GET /StormSDA/userFiles%20-%20Copy%2019-07-2012/user_files/87/?C=M;O=A/ HTTP/1.1" 200 873
95.216.16.51 - - [10/Sep/2019:01:52:28 -0500] "GET /StormSDA/userFiles%20-%20Copy%2019-07-2012/user_files/87/?C=S;O=A/ HTTP/1.1" 200 873
95.216.16.51 - - [10/Sep/2019:01:52:31 -0500] "GET /robots.txt HTTP/1.1" 404 1019
95.216.16.51 - - [10/Sep/2019:01:52:37 -0500] "GET /SIG/index.php/Comunicaciones/126PG02-PR03.pdf/?dir=&sort=date&order=asc/ HTTP/1.1" 200 5190
69.162.124.232 - - [10/Sep/2019:01:52:38 -0500] "HEAD / HTTP/1.1" 200 -
66.249.64.20 - - [10/Sep/2019:01:52:39 -0500] "GET /BLA/resoluciones/RESOLUCIONES%202016/2090.pdf HTTP/1.1" 304 -
95.216.16.51 - - [10/Sep/2019:01:52:40 -0500] "GET /SIG/index.php/Comunicaciones/126PG02-PR03.pdf/?dir=Direccionamiento%20Estrategico// HTTP/1.1" 200 4348
95.216.16.51 - - [10/Sep/2019:01:52:43 -0500] "GET /SIG/index.php/ECS/126PM04-PR10.pdf/?dir=Direccionamiento%20Estrategico// HTTP/1.1" 200 4249
66.249.64.20 - - [10/Sep/2019:01:52:45 -0500] "GET /BLA/resoluciones/AUTOS%202011/6755.pdf HTTP/1.1" 200 234042
66.249.64.20 - - [10/Sep/2019:01:52:48 -0500] "GET /BLA/resoluciones/RESOLUCIONES%202008/0649.pdf HTTP/1.1" 200 96939
66.249.64.19 - - [10/Sep/2019:01:52:54 -0500] "GET /BLA/resoluciones/RESOLUCIONES%202009/0730.pdf HTTP/1.1" 304 -
66.249.64.19 - - [10/Sep/2019:01:52:58 -0500] "GET /BLA/resoluciones/RESOLUCIONES%202009/1392.pdf HTTP/1.1" 200 469909
66.249.64.19 - - [10/Sep/2019:01:53:01 -0500] "GET /BLA/resoluciones/RESOLUCIONES%202008/4740.pdf HTTP/1.1" 200 405360
66.249.64.19 - - [10/Sep/2019:01:53:04 -0500] "GET /BLA/resoluciones/RESOLUCIONES%202009/6444.pdf HTTP/1.1" 200 437439
66.249.64.20 - - [10/Sep/2019:01:53:07 -0500] "GET /BLA/resoluciones/Autos%202008/1955.pdf HTTP/1.1" 200 94747
66.249.64.20 - - [10/Sep/2019:01:53:10 -0500] "GET /BLA/resoluciones/RESOLUCIONES%202008/4827.pdf HTTP/1.1" 200 28721
66.249.64.20 - - [10/Sep/2019:01:53:13 -0500] "GET /BLA/resoluciones/RESOLUCIONES%202007/RES%202007%20101%20AL%20200/RESOLUCION%200112%20DE%202007.pdf HTTP/1.1" 200 453931
66.249.64.20 - - [10/Sep/2019:01:53:16 -0500] "GET /BLA/resoluciones/RESOLUCIONES%202009/6062.pdf HTTP/1.1" 200 639549
66.249.64.19 - - [10/Sep/2019:01:53:19 -0500] "GET /BLA/resoluciones/AUTOS%202015/1596.pdf HTTP/1.1" 304 -
66.249.64.20 - - [10/Sep/2019:01:53:22 -0500] "GET /BLA/resoluciones/RESOLUCIONES%202009/8387.pdf HTTP/1.1" 200 424524
95.216.16.51 - - [10/Sep/2019:01:53:23 -0500] "GET /SIG/index.php/ECS/126PM04-PR21.pdf/?dir=Control%20y%20mejora//&sort=date&order=asc/ HTTP/1.1" 200 3074
66.249.64.20 - - [10/Sep/2019:01:53:24 -0500] "GET /BLA/resoluciones/RESOLUCIONES%202008/3498.pdf HTTP/1.1" 200 388734
66.249.64.117 - - [10/Sep/2019:01:53:28 -0500] "GET /BLA/boletinlegal/Circulares/2017/Circular%20No.%202%20del%201%20de%20Septiembre%20de%202017.pdf HTTP/1.1" 200 152575
66.249.64.20 - - [10/Sep/2019:01:53:30 -0500] "GET /BLA/resoluciones/RESOLUCIONES%202008/4122.pdf HTTP/1.1" 200 486810
95.216.16.51 - - [10/Sep/2019:01:53:32 -0500] "GET /ecodirectorio/?C=D;O=A/ HTTP/1.1" 200 749
95.216.16.51 - - [10/Sep/2019:01:53:34 -0500] "GET /ecodirectorio/?C=M;O=A/ HTTP/1.1" 200 749
179.7.226.188 - - [10/Sep/2019:01:53:45 -0500] "GET /siipev/Diseno%20de%20Elementos%20de%20Mobiliario%20Urbano/Diseno%20pertenecientes%20al%20mobiliario%20urbano%20M10-M160/Infografia/Parte1/M-10.png HTTP/1.1" 200 11175
66.249.64.20 - - [10/Sep/2019:01:54:24 -0500] "GET /BLA/resoluciones/RESOLUCIONES%202009/5853.pdf HTTP/1.1" 200 108172
66.249.64.19 - - [10/Sep/2019:01:54:29 -0500] "GET /BLA/resoluciones/RESOLUCIONES%202008/2901.pdf HTTP/1.1" 200 275419
207.46.13.5 - - [10/Sep/2019:01:54:30 -0500] "GET /portalsiaccapacitaciones/Listas%20de%20Asistencia%202015/L.A-MT7-11Jun2015.pdf HTTP/1.1" 304 -
66.249.64.19 - - [10/Sep/2019:01:54:36 -0500] "GET /BLA/resoluciones/RESOLUCIONES%202008/5128.pdf HTTP/1.1" 200 419004
66.249.64.19 - - [10/Sep/2019:01:54:42 -0500] "GET /BLA/resoluciones/RESOLUCIONES%202008/0378.pdf HTTP/1.1" 200 235977
66.249.64.19 - - [10/Sep/2019:01:54:47 -0500] "GET /BLA/resoluciones/RESOLUCIONES%202018/1180.pdf HTTP/1.1" 200 488654
66.249.64.19 - - [10/Sep/2019:01:54:56 -0500] "GET /BLA/resoluciones/RESOLUCIONES%202008/0613.pdf HTTP/1.1" 200 174481
66.249.64.19 - - [10/Sep/2019:01:55:01 -0500] "GET /BLA/resoluciones/RESOLUCIONES%202005/RES%202005%201151-1200/00001157.tif HTTP/1.1" 200 187266
66.249.64.19 - - [10/Sep/2019:01:55:03 -0500] "GET /BLA/resoluciones/AUTOS%202011/5442.pdf HTTP/1.1" 200 142252
17.58.101.181 - - [10/Sep/2019:01:55:37 -0500] "GET /robots.txt HTTP/1.1" 404 1019
17.58.96.83 - - [10/Sep/2019:01:55:38 -0500] "GET /re/Talleres/plastico/imagenes%20plastico/plastico%20link.htm HTTP/1.1" 404 1019
66.249.64.19 - - [10/Sep/2019:01:55:44 -0500] "GET /BLA/resoluciones/AUTOS%202014/5790.pdf HTTP/1.1" 200 209080
45.239.180.30 - - [10/Sep/2019:01:55:52 -0500] "GET / HTTP/1.1" 200 9990
54.36.148.183 - - [10/Sep/2019:01:55:54 -0500] "GET /BLA/resoluciones/RESOLUCIONES%202003/RES%202003%201501-1550/20031509.tif HTTP/1.1" 200 93992
66.249.64.19 - - [10/Sep/2019:01:55:58 -0500] "GET /BLA/resoluciones/RESOLUCIONES%202015/1647.pdf HTTP/1.1" 304 -
66.249.64.19 - - [10/Sep/2019:01:56:00 -0500] "GET /BLA/resoluciones/RESOLUCIONES%202008/4376.pdf HTTP/1.1" 200 427598
66.249.64.19 - - [10/Sep/2019:01:56:03 -0500] "GET /BLA/resoluciones/RESOLUCIONES%202008/3426.pdf HTTP/1.1" 200 255758
66.249.64.19 - - [10/Sep/2019:01:56:16 -0500] "GET /BLA/resoluciones/RESOLUCIONES%202009/0574.pdf HTTP/1.1" 200 303417
66.249.64.19 - - [10/Sep/2019:01:56:17 -0500] "GET /BLA/resoluciones/RESOLUCIONES%202009/1544.pdf HTTP/1.1" 200 331177
192.168.175.104 - - [10/Sep/2019:01:56:20 -0500] "GET / HTTP/1.1" 200 9990
66.249.64.27 - - [10/Sep/2019:01:56:22 -0500] "GET /BLA/boletinlegal/Circulares/2017/Circular%20No.%20011%20del%2005%20de%20julio%20de%202017.pdf HTTP/1.1" 304 -
66.249.64.19 - - [10/Sep/2019:01:56:29 -0500] "GET /BLA/resoluciones/RESOLUCIONES%202008/3262.pdf HTTP/1.1" 200 264176
66.249.64.19 - - [10/Sep/2019:01:56:32 -0500] "GET /BLA/resoluciones/RESOLUCIONES%202009/4597.pdf HTTP/1.1" 200 645579
66.249.88.123 - - [10/Sep/2019:01:56:36 -0500] "GET /BLA/boletinlegal/js/jquery.scrollShow.js HTTP/1.1" 200 4586
66.249.88.127 - - [10/Sep/2019:01:56:36 -0500] "GET /galeria/galeria/jquery.fancybox.css?v=2.1.5 HTTP/1.1" 200 4895
66.249.88.127 - - [10/Sep/2019:01:56:36 -0500] "GET /galeria/galeria/jquery.fancybox.js?v=2.1.5 HTTP/1.1" 200 48706
66.249.64.19 - - [10/Sep/2019:01:56:45 -0500] "GET /BLA/resoluciones/RESOLUCIONES%202019/0302.pdf HTTP/1.1" 200 306397
91.242.162.9 - - [10/Sep/2019:01:56:46 -0500] "GET /Anexos%20estudio%20Organizacional%20SDA/index.php?dir=ANEXO%20No.%205%20-%20ESTUDIO%20Y%20PROPUESTA%20SERAMB%20IENTE/&order=desc&sort=date HTTP/1.1" 200 3622
66.249.64.19 - - [10/Sep/2019:01:57:08 -0500] "GET /BLA/resoluciones/RESOLUCIONES%202008/5316.pdf HTTP/1.1" 200 211530
66.249.64.19 - - [10/Sep/2019:01:57:17 -0500] "GET /BLA/resoluciones/AUTOS%202014/6548.pdf HTTP/1.1" 200 467518
192.168.175.104 - - [10/Sep/2019:01:57:20 -0500] "GET / HTTP/1.0" 200 9990
66.249.64.19 - - [10/Sep/2019:01:57:23 -0500] "GET /BLA/resoluciones/RESOLUCIONES%202008/2008.pdf HTTP/1.1" 200 266935
66.249.64.20 - - [10/Sep/2019:01:57:32 -0500] "GET /galeria/nivo-slider/demo/images/Caminatas%20septiembre%202019.jpg HTTP/1.1" 200 204949
66.249.64.19 - - [10/Sep/2019:01:57:35 -0500] "GET /BLA/resoluciones/RESOLUCIONES%202009/6486.pdf HTTP/1.1" 200 655403
69.162.124.232 - - [10/Sep/2019:01:57:38 -0500] "HEAD / HTTP/1.1" 200 -
66.249.64.19 - - [10/Sep/2019:01:57:41 -0500] "GET /BLA/resoluciones/AUTOS%202011/7732.pdf HTTP/1.1" 200 246019
66.249.64.19 - - [10/Sep/2019:01:57:42 -0500] "GET /BLA/resoluciones/AUTOS%202014/5008.pdf HTTP/1.1" 200 566503
66.249.64.19 - - [10/Sep/2019:01:57:44 -0500] "GET /BLA/resoluciones/RESOLUCIONES%202008/3961.pdf HTTP/1.1" 200 250912
66.249.64.20 - - [10/Sep/2019:01:57:51 -0500] "GET /BLA/resoluciones/RESOLUCIONES%202008/0554.pdf HTTP/1.1" 200 96151
66.249.64.20 - - [10/Sep/2019:01:57:53 -0500] "GET /BLA/resoluciones/RESOLUCIONES%202009/1773.pdf HTTP/1.1" 200 411391
66.249.64.19 - - [10/Sep/2019:01:57:56 -0500] "GET /BLA/resoluciones/AUTOS%202014/4126.pdf HTTP/1.1" 200 507967
66.249.64.20 - - [10/Sep/2019:01:58:03 -0500] "GET /BLA/resoluciones/RESOLUCIONES%202008/5658.pdf HTTP/1.1" 200 26695
66.249.64.19 - - [10/Sep/2019:01:58:07 -0500] "GET /BLA/resoluciones/RESOLUCIONES%202009/8433.pdf HTTP/1.1" 200 563758
66.249.64.20 - - [10/Sep/2019:01:58:10 -0500] "GET /BLA/resoluciones/RESOLUCIONES%202008/2783.pdf HTTP/1.1" 200 253563
66.249.64.19 - - [10/Sep/2019:01:59:05 -0500] "GET /BLA/resoluciones/AUTOS%202016/2704.pdf HTTP/1.1" 200 545542
66.249.64.20 - - [10/Sep/2019:01:59:07 -0500] "GET /BLA/resoluciones/RESOLUCIONES%202008/3145.pdf HTTP/1.1" 200 462425
66.249.64.19 - - [10/Sep/2019:01:59:12 -0500] "GET /BLA/resoluciones/RESOLUCIONES%202008/2859.pdf HTTP/1.1" 200 256422
66.249.64.19 - - [10/Sep/2019:01:59:17 -0500] "GET /BLA/resoluciones/RESOLUCIONES%202007/RES%202007%20301%20AL%20400/RESOLUCION%200374%20DE%202007.pdf HTTP/1.1" 200 391014
66.249.64.20 - - [10/Sep/2019:01:59:20 -0500] "GET /BLA/resoluciones/RESOLUCIONES%202008/3235.pdf HTTP/1.1" 200 227824
66.249.64.29 - - [10/Sep/2019:01:59:22 -0500] "GET /portel_dama/libreria/php/2006/ECOSISTEMAS%20FINAL%20web_mz27/xxxxx%20incendios/sitio/xtras/2.pdf HTTP/1.1" 404 1019
66.249.64.19 - - [10/Sep/2019:01:59:24 -0500] "GET /BLA/resoluciones/RESOLUCIONES%202008/0507.pdf HTTP/1.1" 200 220446
66.249.64.19 - - [10/Sep/2019:01:59:27 -0500] "GET /BLA/resoluciones/RESOLUCIONES%202009/9003.pdf HTTP/1.1" 200 354371
66.249.64.19 - - [10/Sep/2019:01:59:29 -0500] "GET /BLA/resoluciones/AUTOS%202013/1309.pdf HTTP/1.1" 304 -
66.249.64.20 - - [10/Sep/2019:01:59:31 -0500] "GET /BLA/resoluciones/RESOLUCIONES%202009/8934.pdf HTTP/1.1" 200 362689
