66.249.66.153 - - [11/Sep/2019:01:38:39 -0500] "GET /BLA/resoluciones/RESOLUCIONES%202009/6631.pdf HTTP/1.1" 200 400098
66.249.66.156 - - [11/Sep/2019:01:38:40 -0500] "GET /BLA/resoluciones/RESOLUCIONES%202009/6186.pdf HTTP/1.1" 200 702492
66.249.66.155 - - [11/Sep/2019:01:38:41 -0500] "GET /BLA/resoluciones/RESOLUCIONES%202007/RES%202007%20901%20AL%201000/RESOLUCION%200953%20DE%202007.pdf HTTP/1.1" 200 221039
66.249.66.155 - - [11/Sep/2019:01:38:43 -0500] "GET /BLA/resoluciones/RESOLUCIONES%202009/5937.pdf HTTP/1.1" 200 531441
66.249.66.153 - - [11/Sep/2019:01:38:45 -0500] "GET /BLA/resoluciones/RESOLUCIONES%202009/0045.pdf HTTP/1.1" 200 553219
66.249.66.155 - - [11/Sep/2019:01:38:46 -0500] "GET /BLA/resoluciones/RESOLUCIONES%202008/5689.pdf HTTP/1.1" 200 157650
190.90.24.69 - - [11/Sep/2019:01:38:47 -0500] "GET /galeria/galeria/jquery.fancybox.js?v=2.1.5 HTTP/1.1" 200 48706
190.90.24.69 - - [11/Sep/2019:01:38:47 -0500] "GET /BLA/boletinlegal/js/jquery.scrollShow.js HTTP/1.1" 200 4586
190.90.24.69 - - [11/Sep/2019:01:38:47 -0500] "GET /galeria/galeria/jquery.fancybox.css?v=2.1.5 HTTP/1.1" 200 4895
66.249.66.153 - - [11/Sep/2019:01:38:58 -0500] "GET /BLA/resoluciones/RESOLUCIONES%202009/9020.pdf HTTP/1.1" 200 497796
66.249.66.156 - - [11/Sep/2019:01:39:00 -0500] "GET /BLA/resoluciones/RESOLUCIONES%202009/4809.pdf HTTP/1.1" 200 308071
66.249.66.156 - - [11/Sep/2019:01:39:01 -0500] "GET /BLA/resoluciones/AUTOS%202011/6827.pdf HTTP/1.1" 200 153102
66.249.66.153 - - [11/Sep/2019:01:39:02 -0500] "GET /BLA/resoluciones/RESOLUCIONES%202009/0865.pdf HTTP/1.1" 200 309603
66.249.66.157 - - [11/Sep/2019:01:39:03 -0500] "GET /BLA/resoluciones/RESOLUCIONES%202008/0780.pdf HTTP/1.1" 200 18739
66.249.66.156 - - [11/Sep/2019:01:39:04 -0500] "GET /BLA/resoluciones/RESOLUCIONES%202009/3269.pdf HTTP/1.1" 200 703152
190.90.24.69 - - [11/Sep/2019:01:39:05 -0500] "GET /galeria/galeria/jquery.fancybox.css?v=2.1.5 HTTP/1.1" 304 -
190.90.24.69 - - [11/Sep/2019:01:39:05 -0500] "GET /BLA/boletinlegal/js/jquery.scrollShow.js HTTP/1.1" 304 -
190.90.24.69 - - [11/Sep/2019:01:39:05 -0500] "GET /galeria/galeria/jquery.fancybox.js?v=2.1.5 HTTP/1.1" 304 -
66.249.66.153 - - [11/Sep/2019:01:39:06 -0500] "GET /BLA/resoluciones/RESOLUCIONES%202009/1652.pdf HTTP/1.1" 200 402244
66.249.66.157 - - [11/Sep/2019:01:39:08 -0500] "GET /BLA/resoluciones/RESOLUCIONES%202009/8756.pdf HTTP/1.1" 200 642461
66.249.66.153 - - [11/Sep/2019:01:39:10 -0500] "GET /BLA/resoluciones/AUTOS%202011/6391.pdf HTTP/1.1" 200 268902
66.249.66.153 - - [11/Sep/2019:01:39:11 -0500] "GET /BLA/resoluciones/AUTOS%202011/7148.pdf HTTP/1.1" 200 139148
66.249.66.155 - - [11/Sep/2019:01:39:20 -0500] "GET /BLA/resoluciones/RESOLUCIONES%202009/4202.pdf HTTP/1.1" 200 1383067
66.249.66.153 - - [11/Sep/2019:01:39:24 -0500] "GET /BLA/resoluciones/RESOLUCIONES%202008/3888.pdf HTTP/1.1" 200 26451
66.249.66.153 - - [11/Sep/2019:01:39:26 -0500] "GET /BLA/resoluciones/AUTOS%202011/5723.pdf HTTP/1.1" 200 126885
201.245.192.253 - - [11/Sep/2019:01:39:37 -0500] "GET /galeria/nivo-slider/demo/Banner%20sostenibilidad.jpg HTTP/1.1" 404 1314
66.249.66.156 - - [11/Sep/2019:01:39:42 -0500] "GET /BLA/resoluciones/RESOLUCIONES%202008/1984.pdf HTTP/1.1" 200 295744
201.245.192.253 - - [11/Sep/2019:01:39:47 -0500] "GET /galeria/nivo-slider/demo/Banner%20sostenibilidad.jpg HTTP/1.1" 404 1314
66.249.66.155 - - [11/Sep/2019:01:39:47 -0500] "GET /BLA/resoluciones/RESOLUCIONES%202008/4952.pdf HTTP/1.1" 200 240356
66.249.66.156 - - [11/Sep/2019:01:39:49 -0500] "GET /BLA/resoluciones/RESOLUCIONES%202008/4071.pdf HTTP/1.1" 200 410296
66.249.66.156 - - [11/Sep/2019:01:39:53 -0500] "GET /BLA/resoluciones/RESOLUCIONES%202008/2235.pdf HTTP/1.1" 200 203768
66.249.66.156 - - [11/Sep/2019:01:39:53 -0500] "GET /BLA/resoluciones/RESOLUCIONES%202011/3368.pdf HTTP/1.1" 200 752583
66.249.66.155 - - [11/Sep/2019:01:39:55 -0500] "GET /BLA/resoluciones/RESOLUCIONES%202007/RES%202007%203301%20AL%203400/RESOLUCION%203354%20DE%202007.pdf HTTP/1.1" 200 723846
66.249.66.155 - - [11/Sep/2019:01:39:58 -0500] "GET /BLA/resoluciones/AUTOS%202011/3934.pdf HTTP/1.1" 200 488262
66.249.66.156 - - [11/Sep/2019:01:40:02 -0500] "GET /BLA/resoluciones/RESOLUCIONES%202009/4431.pdf HTTP/1.1" 200 104856
66.249.66.155 - - [11/Sep/2019:01:40:03 -0500] "GET /BLA/resoluciones/RESOLUCIONES%202009/6294.pdf HTTP/1.1" 200 2071060
66.249.66.156 - - [11/Sep/2019:01:40:07 -0500] "GET /BLA/resoluciones/AUTOS%202017/1368.pdf HTTP/1.1" 200 437214
66.249.66.155 - - [11/Sep/2019:01:40:10 -0500] "GET /BLA/resoluciones/AUTOS%202011/7450.pdf HTTP/1.1" 200 165495
66.249.66.158 - - [11/Sep/2019:01:40:12 -0500] "GET /BLA/resoluciones/RESOLUCIONES%202008/4296.pdf HTTP/1.1" 200 586171
66.249.66.157 - - [11/Sep/2019:01:40:16 -0500] "GET /BLA/resoluciones/RESOLUCIONES%202009/9785.pdf HTTP/1.1" 200 1005202
66.249.66.155 - - [11/Sep/2019:01:40:19 -0500] "GET /BLA/resoluciones/AUTOS%202011/4035.pdf HTTP/1.1" 200 205634
66.249.66.153 - - [11/Sep/2019:01:40:26 -0500] "GET /BLA/resoluciones/AUTOS%202011/0250.pdf HTTP/1.1" 200 271948
66.249.66.155 - - [11/Sep/2019:01:40:28 -0500] "GET /portel_dama/libreria/php/2006/ECOSISTEMAS%20FINAL%20web_mz27/restauracion/sitio/22_proye/xtras_in/cni_3.pdf HTTP/1.1" 404 1018
66.249.66.157 - - [11/Sep/2019:01:40:30 -0500] "GET /BLA/resoluciones/RESOLUCIONES%202009/4501.pdf HTTP/1.1" 200 504529
66.249.66.155 - - [11/Sep/2019:01:40:32 -0500] "GET /BLA/resoluciones/RESOLUCIONES%202017/0300.pdf HTTP/1.1" 200 395620
66.249.66.156 - - [11/Sep/2019:01:40:35 -0500] "GET /BLA/resoluciones/AUTOS%202007/1353.pdf HTTP/1.1" 200 36112
66.249.66.157 - - [11/Sep/2019:01:40:45 -0500] "GET /BLA/resoluciones/RESOLUCIONES%202009/1838.pdf HTTP/1.1" 200 498986
66.249.66.156 - - [11/Sep/2019:01:40:47 -0500] "GET /BLA/resoluciones/RESOLUCIONES%202009/2348.pdf HTTP/1.1" 200 498059
66.249.66.153 - - [11/Sep/2019:01:40:54 -0500] "GET /BLA/resoluciones/RESOLUCIONES%202009/8506.pdf HTTP/1.1" 200 353778
66.249.66.153 - - [11/Sep/2019:01:40:55 -0500] "GET /BLA/resoluciones/AUTOS%202014/5511.pdf HTTP/1.1" 200 143864
66.249.66.155 - - [11/Sep/2019:01:40:59 -0500] "GET /BLA/resoluciones/RESOLUCIONES%202008/4507.pdf HTTP/1.1" 200 441966
66.249.66.155 - - [11/Sep/2019:01:41:08 -0500] "GET /BLA/resoluciones/RESOLUCIONES%202009/4439.pdf HTTP/1.1" 200 384840
66.249.66.155 - - [11/Sep/2019:01:41:10 -0500] "GET /BLA/resoluciones/RESOLUCIONES%202009/2477.pdf HTTP/1.1" 200 377381
66.249.66.153 - - [11/Sep/2019:01:41:15 -0500] "GET /BLA/resoluciones/AUTOS%202013/0270.pdf HTTP/1.1" 200 3178617
66.249.66.153 - - [11/Sep/2019:01:41:21 -0500] "GET /StormSDA/nsjars/ HTTP/1.1" 200 5601
66.249.66.153 - - [11/Sep/2019:01:41:22 -0500] "GET /BLA/resoluciones/RESOLUCIONES%202009/0654.pdf HTTP/1.1" 200 22249
66.249.66.155 - - [11/Sep/2019:01:41:24 -0500] "GET /BLA/resoluciones/RESOLUCIONES%202009/8815.pdf HTTP/1.1" 200 704216
66.249.66.153 - - [11/Sep/2019:01:41:25 -0500] "GET /BLA/resoluciones/RESOLUCIONES%202008/4534.pdf HTTP/1.1" 200 308971
66.249.66.157 - - [11/Sep/2019:01:41:27 -0500] "GET /BLA/resoluciones/RESOLUCIONES%202008/5341.pdf HTTP/1.1" 200 232658
66.249.66.157 - - [11/Sep/2019:01:41:27 -0500] "GET /BLA/resoluciones/RESOLUCIONES%202009/2865.pdf HTTP/1.1" 200 586986
192.168.175.104 - - [11/Sep/2019:01:41:33 -0500] "GET / HTTP/1.0" 200 9990
69.162.124.232 - - [11/Sep/2019:01:41:34 -0500] "HEAD / HTTP/1.1" 200 -
66.249.66.157 - - [11/Sep/2019:01:41:39 -0500] "GET /BLA/resoluciones/RESOLUCIONES%202009/6432.pdf HTTP/1.1" 200 436521
66.249.66.155 - - [11/Sep/2019:01:41:45 -0500] "GET /BLA/resoluciones/RESOLUCIONES%202008/2188.pdf HTTP/1.1" 200 903393
66.249.66.156 - - [11/Sep/2019:01:41:48 -0500] "GET /BLA/resoluciones/RESOLUCIONES%202009/6255.pdf HTTP/1.1" 200 430477
66.249.66.155 - - [11/Sep/2019:01:41:57 -0500] "GET /BLA/resoluciones/RESOLUCIONES%202007/RES%202007%20901%20AL%201000/RESOLUCION%200950%20DE%202007.pdf HTTP/1.1" 200 228087
66.249.66.153 - - [11/Sep/2019:01:42:16 -0500] "GET /BLA/resoluciones/RESOLUCIONES%202009/2886.pdf HTTP/1.1" 200 793088
66.249.66.153 - - [11/Sep/2019:01:42:18 -0500] "GET /BLA/resoluciones/RESOLUCIONES%202008/0106.pdf HTTP/1.1" 200 367790
66.249.66.153 - - [11/Sep/2019:01:42:31 -0500] "GET /BLA/resoluciones/RESOLUCIONES%202009/6343.pdf HTTP/1.1" 200 539323
201.245.192.253 - - [11/Sep/2019:01:42:37 -0500] "GET /galeria/nivo-slider/demo/Banner%20sostenibilidad.jpg HTTP/1.1" 404 1314
192.168.175.104 - - [11/Sep/2019:01:42:37 -0500] "GET / HTTP/1.1" 200 9990
66.249.66.155 - - [11/Sep/2019:01:42:39 -0500] "GET /BLA/resoluciones/Notificaciones/RESOLUCIONES%202014/2701.doc HTTP/1.1" 200 125440
66.249.66.155 - - [11/Sep/2019:01:42:42 -0500] "GET /BLA/resoluciones/RESOLUCIONES%202009/5098.pdf HTTP/1.1" 200 501697
201.245.192.253 - - [11/Sep/2019:01:42:47 -0500] "GET /galeria/nivo-slider/demo/Banner%20sostenibilidad.jpg HTTP/1.1" 404 1314
216.244.66.195 - - [11/Sep/2019:01:43:01 -0500] "GET /BLA/resoluciones/RESOLUCIONES%202013/0120.pdf HTTP/1.1" 200 7266053
66.249.66.155 - - [11/Sep/2019:01:43:07 -0500] "GET /BLA/resoluciones/RESOLUCIONES%202009/9027.pdf HTTP/1.1" 200 362794
66.249.66.153 - - [11/Sep/2019:01:43:24 -0500] "GET /BLA/resoluciones/RESOLUCIONES%202009/0357.pdf HTTP/1.1" 200 347189
66.249.66.153 - - [11/Sep/2019:01:43:34 -0500] "GET /BLA/resoluciones/RESOLUCIONES%202009/2662.pdf HTTP/1.1" 200 849990
66.249.66.153 - - [11/Sep/2019:01:43:34 -0500] "GET /robots.txt HTTP/1.1" 404 1018
66.249.66.156 - - [11/Sep/2019:01:43:36 -0500] "GET /BLA/resoluciones/RESOLUCIONES%202009/7073.pdf HTTP/1.1" 200 251685
66.249.66.155 - - [11/Sep/2019:01:44:28 -0500] "GET /BLA/resoluciones/RESOLUCIONES%202009/9082.pdf HTTP/1.1" 200 547375
66.249.66.153 - - [11/Sep/2019:01:44:51 -0500] "GET /BLA/boletinlegal/notificaciones.php HTTP/1.1" 200 7087
201.245.192.253 - - [11/Sep/2019:01:45:37 -0500] "GET /galeria/nivo-slider/demo/Banner%20sostenibilidad.jpg HTTP/1.1" 404 1314
181.61.173.136 - - [11/Sep/2019:01:45:46 -0500] "GET /BLA/resoluciones/RESOLUCIONES%202014/2271.pdf HTTP/1.1" 200 2999578
201.245.192.253 - - [11/Sep/2019:01:45:47 -0500] "GET /galeria/nivo-slider/demo/Banner%20sostenibilidad.jpg HTTP/1.1" 404 1314
157.55.39.26 - - [11/Sep/2019:01:46:18 -0500] "GET /robots.txt HTTP/1.1" 404 1049
157.55.39.26 - - [11/Sep/2019:01:46:19 -0500] "GET /robots.txt HTTP/1.1" 404 1049
192.168.175.104 - - [11/Sep/2019:01:46:32 -0500] "GET / HTTP/1.0" 200 9990
207.46.13.153 - - [11/Sep/2019:01:46:27 -0500] "GET /BLA/boletinlegal/Circulares/2009/Circular%20Instructiva%20-%20Memorando%202009IE24363.pdf HTTP/1.1" 200 1544636
69.162.124.232 - - [11/Sep/2019:01:46:34 -0500] "HEAD / HTTP/1.1" 200 -
66.249.66.150 - - [11/Sep/2019:01:46:45 -0500] "GET /BLA/boletinlegal/Circulares/2010/Circular%2006%20de%208%20de%20septiembre%20de%202010.pdf HTTP/1.1" 200 4657752
66.249.66.156 - - [11/Sep/2019:01:47:32 -0500] "GET /BLA/resoluciones/RESOLUCIONES%202009/7794.pdf HTTP/1.1" 200 496333
192.168.175.104 - - [11/Sep/2019:01:47:36 -0500] "GET / HTTP/1.1" 200 9990
66.249.66.156 - - [11/Sep/2019:01:48:01 -0500] "GET /BLA/resoluciones/AUTOS%202011/4993.pdf HTTP/1.1" 200 234395
66.249.66.155 - - [11/Sep/2019:01:48:33 -0500] "GET /BLA/resoluciones/RESOLUCIONES%202009/3291.pdf HTTP/1.1" 200 612695
201.245.192.253 - - [11/Sep/2019:01:48:37 -0500] "GET /galeria/nivo-slider/demo/Banner%20sostenibilidad.jpg HTTP/1.1" 404 1314
201.245.192.253 - - [11/Sep/2019:01:48:47 -0500] "GET /galeria/nivo-slider/demo/Banner%20sostenibilidad.jpg HTTP/1.1" 404 1314
66.249.66.153 - - [11/Sep/2019:01:48:56 -0500] "GET /BLA/resoluciones/RESOLUCIONES%202009/3367.pdf HTTP/1.1" 200 549035
54.36.150.153 - - [11/Sep/2019:01:49:08 -0500] "GET /BLA/resoluciones/RESOLUCIONES%202006/RES%202006%20%202901-2950/00002940.tif HTTP/1.1" 200 35896
201.198.223.9 - - [11/Sep/2019:01:49:25 -0500] "GET /BLA/resoluciones/RESOLUCIONES%202014/0327.pdf HTTP/1.1" 200 516598
201.198.223.9 - - [11/Sep/2019:01:49:26 -0500] "GET /favicon.ico HTTP/1.1" 200 7782
201.198.223.9 - - [11/Sep/2019:01:50:13 -0500] "GET /BLA/resoluciones/AUTOS%202016/0327.pdf HTTP/1.1" 200 463152
66.249.66.153 - - [11/Sep/2019:01:50:16 -0500] "GET /BLA/resoluciones/RESOLUCIONES%202009/1894.pdf HTTP/1.1" 200 350577
66.249.66.153 - - [11/Sep/2019:01:50:36 -0500] "GET /BLA/resoluciones/RESOLUCIONES%202008/1399.pdf HTTP/1.1" 200 144125
66.249.66.155 - - [11/Sep/2019:01:50:50 -0500] "GET /BLA/resoluciones/RESOLUCIONES%202007/RES%202007%201726%20AL%201800/RESOLUCION%201760%20DE%202007.pdf HTTP/1.1" 200 1746889
192.168.175.104 - - [11/Sep/2019:01:51:30 -0500] "GET / HTTP/1.0" 200 9990
69.162.124.232 - - [11/Sep/2019:01:51:34 -0500] "HEAD / HTTP/1.1" 200 -
201.245.192.253 - - [11/Sep/2019:01:51:37 -0500] "GET /galeria/nivo-slider/demo/Banner%20sostenibilidad.jpg HTTP/1.1" 404 1314
66.249.66.153 - - [11/Sep/2019:01:51:37 -0500] "GET /BLA/resoluciones/RESOLUCIONES%202008/3109.pdf HTTP/1.1" 200 717833
181.53.12.209 - - [11/Sep/2019:01:51:40 -0500] "GET /galeria/galeria/jquery.fancybox.css?v=2.1.5 HTTP/1.1" 200 4895
181.53.12.209 - - [11/Sep/2019:01:51:40 -0500] "GET /BLA/boletinlegal/js/jquery.scrollShow.js HTTP/1.1" 200 4586
181.53.12.209 - - [11/Sep/2019:01:51:40 -0500] "GET /galeria/galeria/jquery.fancybox.js?v=2.1.5 HTTP/1.1" 200 48706
201.245.192.253 - - [11/Sep/2019:01:51:47 -0500] "GET /galeria/nivo-slider/demo/Banner%20sostenibilidad.jpg HTTP/1.1" 404 1314
66.249.66.153 - - [11/Sep/2019:01:52:06 -0500] "GET /BLA/resoluciones/AUTOS%202011/7542.pdf HTTP/1.1" 200 508313
192.168.175.104 - - [11/Sep/2019:01:52:36 -0500] "GET / HTTP/1.1" 200 9990
66.249.66.156 - - [11/Sep/2019:01:52:54 -0500] "GET /BLA/resoluciones/RESOLUCIONES%202009/3115.pdf HTTP/1.1" 200 475865
66.249.66.155 - - [11/Sep/2019:01:53:17 -0500] "GET /BLA/resoluciones/RESOLUCIONES%202008/0319.pdf HTTP/1.1" 200 297009
186.28.43.206 - - [11/Sep/2019:01:53:18 -0500] "GET /galeria/galeria/jquery.fancybox.css?v=2.1.5 HTTP/1.1" 200 4895
186.28.43.206 - - [11/Sep/2019:01:53:18 -0500] "GET /BLA/boletinlegal/js/jquery.scrollShow.js HTTP/1.1" 200 4586
186.28.43.206 - - [11/Sep/2019:01:53:19 -0500] "GET /galeria/galeria/jquery.fancybox.js?v=2.1.5 HTTP/1.1" 200 48706
216.244.66.195 - - [11/Sep/2019:01:53:30 -0500] "GET /robots.txt HTTP/1.1" 404 1018
66.249.66.156 - - [11/Sep/2019:01:53:35 -0500] "GET /BLA/resoluciones/AUTOS%202013/1290.pdf HTTP/1.1" 200 1753339
40.77.167.197 - - [11/Sep/2019:01:53:36 -0500] "GET / HTTP/1.1" 200 9990
54.36.150.150 - - [11/Sep/2019:01:53:41 -0500] "GET /BLA/resoluciones/RESOLUCIONES%202000/2000%202900-2915.tif HTTP/1.1" 200 1525102
66.249.66.155 - - [11/Sep/2019:01:54:17 -0500] "GET /BLA/resoluciones/RESOLUCIONES%202011/2043.pdf HTTP/1.1" 200 434353
201.245.192.253 - - [11/Sep/2019:01:54:37 -0500] "GET /galeria/nivo-slider/demo/Banner%20sostenibilidad.jpg HTTP/1.1" 404 1314
201.245.192.253 - - [11/Sep/2019:01:54:47 -0500] "GET /galeria/nivo-slider/demo/Banner%20sostenibilidad.jpg HTTP/1.1" 404 1314
66.249.66.159 - - [11/Sep/2019:01:54:48 -0500] "GET /galeria/nivo-slider/demo/images/torca2ed.jpg HTTP/1.1" 304 -
66.249.66.153 - - [11/Sep/2019:01:55:29 -0500] "GET /BLA/resoluciones/RESOLUCIONES%202008/4057.pdf HTTP/1.1" 200 422526
66.249.66.153 - - [11/Sep/2019:01:55:42 -0500] "GET /BLA/resoluciones/AUTOS%202011/7495.pdf HTTP/1.1" 200 534091
66.249.66.153 - - [11/Sep/2019:01:56:03 -0500] "GET /BLA/resoluciones/AUTOS%202011/6828.pdf HTTP/1.1" 200 161341
66.249.66.153 - - [11/Sep/2019:01:56:12 -0500] "GET /BLA/resoluciones/RESOLUCIONES%202008/4353.pdf HTTP/1.1" 200 416168
190.24.29.79 - - [11/Sep/2019:01:56:12 -0500] "GET /galeria/galeria/jquery.fancybox.css?v=2.1.5 HTTP/1.1" 200 4895
190.24.29.79 - - [11/Sep/2019:01:56:12 -0500] "GET /BLA/boletinlegal/js/jquery.scrollShow.js HTTP/1.1" 200 4586
190.24.29.79 - - [11/Sep/2019:01:56:12 -0500] "GET /galeria/galeria/jquery.fancybox.js?v=2.1.5 HTTP/1.1" 200 48706
66.249.66.153 - - [11/Sep/2019:01:56:20 -0500] "GET /BLA/resoluciones/AUTOS%202016/1644.pdf HTTP/1.1" 200 849356
192.168.175.104 - - [11/Sep/2019:01:56:28 -0500] "GET / HTTP/1.0" 200 9990
69.162.124.232 - - [11/Sep/2019:01:56:34 -0500] "HEAD / HTTP/1.1" 200 -
89.186.77.190 - - [11/Sep/2019:01:56:47 -0500] "GET ../../mnt/custom/ProductDefinition HTTP" 400 946
192.168.175.104 - - [11/Sep/2019:01:57:34 -0500] "GET / HTTP/1.1" 200 9990
66.249.66.153 - - [11/Sep/2019:01:57:36 -0500] "GET /BLA/resoluciones/RESOLUCIONES%202009/1397.pdf HTTP/1.1" 200 4816691
201.245.192.253 - - [11/Sep/2019:01:57:37 -0500] "GET /galeria/nivo-slider/demo/Banner%20sostenibilidad.jpg HTTP/1.1" 404 1314
66.249.66.153 - - [11/Sep/2019:01:57:42 -0500] "GET /BLA/resoluciones/AUTOS%202014/3105.pdf HTTP/1.1" 304 -
201.245.192.253 - - [11/Sep/2019:01:57:47 -0500] "GET /galeria/nivo-slider/demo/Banner%20sostenibilidad.jpg HTTP/1.1" 404 1314
66.249.66.155 - - [11/Sep/2019:01:57:59 -0500] "GET /BLA/resoluciones/AUTOS%202011/1733.pdf HTTP/1.1" 200 182188
46.229.168.131 - - [11/Sep/2019:01:58:12 -0500] "GET /robots.txt HTTP/1.1" 404 1019
46.229.168.146 - - [11/Sep/2019:01:58:15 -0500] "GET /Autoliquidacion/index.php?dir=TR%C3%83%C2%83%C3%82%C2%83%C3%83%C2%82%C3%82%C2%83%C3%83%C2%83%C3%82%C2%82%C3%83%C2%82%C3%82%C2%83%C3%83%C2%83%C3%82%C2%83%C3%83%C2%82%C3%82%C2%82%C3%83%C2%83%C3%82%C2%82%C3%83%C2%82%C3%82%C2%83%C3%83%C2%83%C3%82%C2%83%C3%83%C2%82%C3%82%C2%83%C3%83%C2%83%C3%82%C2%82%C3%83%C2%82%C3%82%C2%82%C3%83%C2%83%C3%82%C2%83%C3%83%C2%82%C3%82%C2%82%C3%83%C2%83%C3%82%C2%82%C3%83%C2%82%C3%82%C2%83%C3%83%C2%83%C3%82%C2%83%C3%83%C2%82%C3%82%C2%83%C3%83%C2%83%C3%82%C2%82%C3%83%C2%82%C3%82%C2%83%C3%83%C2%83%C3%82%C2%83%C3%83%C2%82%C3%82%C2%82%C3%83%C2%83%C3%82%C2%82%C3%83%C2%82%C3%82%C2%82%C3%83%C2%83%C3%82%C2%83%C3%83%C2%82%C3%82%C2%83%C3%83%C2%83%C3%82%C2%82%C3%83%C2%82%C3%82%C2%82%C3%83%C2%83%C3%82%C2%83%C3%83%C2%82%C3%82%C2%82%C3%83%C2%83%C3%82%C2%82%C3%83%C2%82%C3%82%C2%83%C3%83%C2%83%C3%82%C2%83%C3%83%C2%82%C3%82%C2%83%C3%83%C2%83%C3%82%C2%82%C3%83%C2%82%C3%82%C2%83%C3%83%C2%83%C3%82%C2%83%C3%83%C2%82%C3%82%C2%82%C3%83%C2%83%C3%82%C2%82%C3%83%C2%82%C3%82%C2%83%C3%83%C2%83%C3%82%C2%83%C3%83%C2%82%C3%82%C2%83%C3%83%C2%83%C3%82%C2%82%C3%83%C2%82%C3%82%C2%82%C3%83%C2%83%C3%82%C2%83%C3%83%C2%82%C3%82%C2%82%C3%83%C2%83%C3%82%C2%82%C3%83%C2%82%C3%82%C2%82%C3%83%C2%83%C3%82%C2%83%C3%83%C2%82%C3%82%C2%83%C3%83%C2%83%C3%82%C2%82%C3%83%C2%82%C3%82%C2%83%C3%83%C2%83%C3%82%C2%83%C3%83%C2%82%C3%82%C2%82%C3%83%C2%83%C3%82%C2%82%C3%83%C2%82%C3%82%C2%82%C3%83%C2%83%C3%82%C2%83%C3%83%C2%82%C3%82%C2%83%C3%83%C2%83%C3%82%C2%82%C3%83%C2%82%C3%82%C2%82%C3%83%C2%83%C3%82%C2%83%C3%83%C2%82%C3%82%C2%82%C3%83%C2%83%C3%82%C2%82%C3%83%C2%82%C3%82%C2%83%C3%83%C2%83%C3%82%C2%83%C3%83%C2%82%C3%82%C2%83%C3%83%C2%83%C3%82%C2%82%C3%83%C2%82%C3%82%C2%83%C3%83%C2%83%C3%82%C2%83%C3%83%C2%82%C3%82%C2%82%C3%83%C2%83%C3%82%C2%82%C3%83%C2%82%C3%82%C2%83%C3%83%C2%83%C3%82%C2%83%C3%83%C2%82%C3%82%C2%83%C3%83%C2%83%C3%82%C2%82%C3%83%C2%82%C3%82%C2%82%C3%83%C2%83%C3%82%C2%83%C3%83%C2%82%C3%82%C2%82%C3%83%C2%83%C3%82%C2%82%C3%83%C2%82%C3%82%C2%83%C3%83%C2%83%C3%82%C2%83%C3%83%C2%82%C3%82%C2%83%C3%83%C2%83%C3%82%C2%82%C3%83%C2%82%C3%82%C2%83%C3%83%C2%83%C3%82%C2%83%C3%83%C2%82%C3%82%C2%82%C3%83%C2%83%C3%82%C2%82%C3%83%C2%82%C3%82%C2%82%C3%83%C2%83%C3%82%C2%83%C3%83%C2%82%C3%82%C2%83%C3%83%C2%83%C3%82%C2%82%C3%83%C2%82%C3%82%C2%82%C3%83%C2%83%C3%82%C2%83%C3%83%C2%82%C3%82%C2%82%C3%83%C2%83%C3%82%C2%82%C3%83%C2%82%C3%82%C2%82%C3%83%C2%83%C3%82%C2%83%C3%83%C2%82%C3%82%C2%83%C3%83%C2%83%C3%82%C2%82%C3%83%C2%82%C3%82%C2%83%C3%83%C2%83%C3%82%C2%83%C3%83%C2%82%C3%82%C2%82%C3%83%C2%83%C3%82%C2%82%C3%83%C2%82%C3%82%C2%83%C3%83%C2%83%C3%82%C2%83%C3%83%C2%82%C3%82%C2%83%C3%83%C2%83%C3%82%C2%82%C3%83%C2%82%C3%82%C2%82%C3%83%C2%83%C3%82%C2%83%C3%83%C2%82%C3%82%C2%82%C3%83%C2%83%C3%82%C2%82%C3%83%C2%82%C3%82%C2%82%C3%83%C2%83%C3%82%C2%83%C3%83%C2%82%C3%82%C2%83%C3%83%C2%83%C3%82%C2%82%C3%83%C2%82%C3%82%C2%83%C3%83%C2%83%C3%82%C2%83%C3%83%C2%82%C3%82%C2%82%C3%83%C2%83%C3%82%C2%82%C3%83%C2%82%C3%82%C2%82%C3%83%C2%83%C3%82%C2%83%C3%83%C2%82%C3%82%C2%83%C3%83%C2%83%C3%82%C2%82%C3%83%C2%82%C3%82%C2%82%C3%83%C2%83%C3%82%C2%83%C3%83%C2%82%C3%82%C2%82%C3%83%C2%83%C3%82%C2%82%C3%83%C2%82%C3%82%C2%81MITES%2BACEITES-RESIDUOS-ESTACIONES%2F&order=desc&sort=date HTTP/1.1" 200 9708
66.249.88.123 - - [11/Sep/2019:01:58:21 -0500] "GET /galeria/galeria/jquery.fancybox.css?v=2.1.5 HTTP/1.1" 200 4895
66.249.88.127 - - [11/Sep/2019:01:58:21 -0500] "GET /BLA/boletinlegal/js/jquery.scrollShow.js HTTP/1.1" 200 4586
66.249.88.125 - - [11/Sep/2019:01:58:21 -0500] "GET /galeria/galeria/jquery.fancybox.js?v=2.1.5 HTTP/1.1" 200 48706
66.249.66.157 - - [11/Sep/2019:01:58:23 -0500] "GET /BLA/resoluciones/RESOLUCIONES%202018/2754.pdf HTTP/1.1" 304 -
66.249.66.157 - - [11/Sep/2019:01:58:26 -0500] "GET /BLA/resoluciones/RESOLUCIONES%202009/6276.pdf HTTP/1.1" 200 430925
191.156.48.117 - - [11/Sep/2019:01:59:38 -0500] "-" 408 -
66.249.66.153 - - [11/Sep/2019:01:59:43 -0500] "GET /BLA/resoluciones/RESOLUCIONES%202009/6446.pdf HTTP/1.1" 200 436075
66.249.66.153 - - [11/Sep/2019:02:00:26 -0500] "GET /BLA/resoluciones/AUTOS%202009/0532.pdf HTTP/1.1" 304 -
201.245.192.253 - - [11/Sep/2019:02:00:37 -0500] "GET /galeria/nivo-slider/demo/Banner%20sostenibilidad.jpg HTTP/1.1" 404 1314
201.245.192.253 - - [11/Sep/2019:02:00:47 -0500] "GET /galeria/nivo-slider/demo/Banner%20sostenibilidad.jpg HTTP/1.1" 404 1314
66.249.66.153 - - [11/Sep/2019:02:01:07 -0500] "GET /BLA/resoluciones/AUTOS%202013/6600.pdf HTTP/1.1" 304 -
192.168.175.104 - - [11/Sep/2019:02:01:26 -0500] "GET / HTTP/1.0" 200 9990
69.162.124.232 - - [11/Sep/2019:02:01:33 -0500] "HEAD / HTTP/1.1" 200 -
66.249.66.153 - - [11/Sep/2019:02:02:25 -0500] "GET /BLA/resoluciones/RESOLUCIONES%202002/RES%202002%20501-550/00000531.tif HTTP/1.1" 200 91568
66.249.66.153 - - [11/Sep/2019:02:02:29 -0500] "GET /BLA/resoluciones/RESOLUCIONES%202007/RES%202007%203301%20AL%203400/RESOLUCION%203329%20DE%202007.pdf HTTP/1.1" 304 -
192.168.175.104 - - [11/Sep/2019:02:02:33 -0500] "GET / HTTP/1.1" 200 9990
191.102.221.214 - - [11/Sep/2019:02:03:08 -0500] "GET /galeria/galeria/jquery.fancybox.css?v=2.1.5 HTTP/1.1" 200 4895
191.102.221.214 - - [11/Sep/2019:02:03:08 -0500] "GET /galeria/galeria/jquery.fancybox.js?v=2.1.5 HTTP/1.1" 200 48706
191.102.221.214 - - [11/Sep/2019:02:03:08 -0500] "GET /BLA/boletinlegal/js/jquery.scrollShow.js HTTP/1.1" 200 4586
66.249.66.155 - - [11/Sep/2019:02:03:10 -0500] "GET /BLA/resoluciones/AUTOS%202016/2647.pdf HTTP/1.1" 304 -
66.249.66.155 - - [11/Sep/2019:02:03:14 -0500] "GET /BLA/resoluciones/RESOLUCIONES%202008/1719.pdf HTTP/1.1" 200 44178
201.245.192.253 - - [11/Sep/2019:02:03:37 -0500] "GET /galeria/nivo-slider/demo/Banner%20sostenibilidad.jpg HTTP/1.1" 404 1314
54.36.148.62 - - [11/Sep/2019:02:03:41 -0500] "GET /BLA/resoluciones/RESOLUCIONES%202006/RES%202006%20801-850/00000843.tif HTTP/1.1" 200 215608
201.245.192.253 - - [11/Sep/2019:02:03:47 -0500] "GET /galeria/nivo-slider/demo/Banner%20sostenibilidad.jpg HTTP/1.1" 404 1314
66.249.66.155 - - [11/Sep/2019:02:03:51 -0500] "GET /BLA/resoluciones/RESOLUCIONES%202017/0227.pdf HTTP/1.1" 304 -
66.249.66.155 - - [11/Sep/2019:02:04:32 -0500] "GET /BLA/resoluciones/RESOLUCIONES%202010/3039.pdf HTTP/1.1" 200 357960
66.249.66.155 - - [11/Sep/2019:02:05:14 -0500] "GET /BLA/resoluciones/RESOLUCIONES%202008/0386.pdf HTTP/1.1" 200 304124
66.249.66.155 - - [11/Sep/2019:02:05:54 -0500] "GET /BLA/resoluciones/AUTOS%202007/3280.pdf HTTP/1.1" 200 208330
66.249.66.155 - - [11/Sep/2019:02:05:55 -0500] "GET /BLA/resoluciones/RESOLUCIONES%202013/1339.pdf HTTP/1.1" 304 -
181.53.12.51 - - [11/Sep/2019:02:05:55 -0500] "GET /galeria/mapa/humedal2017.jpg HTTP/1.1" 200 644667
181.53.12.51 - - [11/Sep/2019:02:06:08 -0500] "GET /galeria/galeria/jquery.fancybox.js?v=2.1.5 HTTP/1.1" 200 48706
181.53.12.51 - - [11/Sep/2019:02:06:08 -0500] "GET /galeria/galeria/jquery.fancybox.css?v=2.1.5 HTTP/1.1" 200 4895
181.53.12.51 - - [11/Sep/2019:02:06:09 -0500] "GET /galeria/mapa/humedal.html? HTTP/1.1" 200 13190
181.53.12.51 - - [11/Sep/2019:02:06:09 -0500] "GET /galeria/mapa/TORCA12.jpg HTTP/1.1" 200 24337
181.53.12.51 - - [11/Sep/2019:02:06:09 -0500] "GET /galeria/mapa/Guaymaral12.jpg HTTP/1.1" 200 53686
181.53.12.51 - - [11/Sep/2019:02:06:10 -0500] "GET /galeria/mapa/CONEJERA12.jpg HTTP/1.1" 200 21841
181.53.12.51 - - [11/Sep/2019:02:06:10 -0500] "GET /galeria/mapa/CORDOBA12.jpg HTTP/1.1" 200 23380
181.53.12.51 - - [11/Sep/2019:02:06:10 -0500] "GET /galeria/mapa/JUANAMARILLO12.jpg HTTP/1.1" 200 21131
181.53.12.51 - - [11/Sep/2019:02:06:10 -0500] "GET /galeria/mapa/SANTAMARIA22.jpg HTTP/1.1" 200 22321
181.53.12.51 - - [11/Sep/2019:02:06:10 -0500] "GET /galeria/mapa/JABOQUE12.jpg HTTP/1.1" 200 21815
181.53.12.51 - - [11/Sep/2019:02:06:10 -0500] "GET /galeria/mapa/capellania12.jpg HTTP/1.1" 200 22811
181.53.12.51 - - [11/Sep/2019:02:06:10 -0500] "GET /galeria/mapa/MEANDRO12.jpg HTTP/1.1" 200 22732
181.53.12.51 - - [11/Sep/2019:02:06:10 -0500] "GET /galeria/mapa/TECHO12.jpg HTTP/1.1" 200 27716
181.53.12.51 - - [11/Sep/2019:02:06:10 -0500] "GET /galeria/mapa/BURRO12.jpg HTTP/1.1" 200 24169
181.53.12.51 - - [11/Sep/2019:02:06:10 -0500] "GET /galeria/mapa/VACA12.jpg HTTP/1.1" 200 22491
181.53.12.51 - - [11/Sep/2019:02:06:10 -0500] "GET /galeria/mapa/TIBANICA12.jpg HTTP/1.1" 200 23039
181.53.12.51 - - [11/Sep/2019:02:06:10 -0500] "GET /galeria/mapa/Aula-Soratama.jpg HTTP/1.1" 200 51270
181.53.12.51 - - [11/Sep/2019:02:06:10 -0500] "GET /galeria/mapa/Aula-Nevados.jpg HTTP/1.1" 200 64761
181.53.12.51 - - [11/Sep/2019:02:06:11 -0500] "GET /galeria/mapa/Montana-Entrenubes.jpg HTTP/1.1" 200 42011
181.53.12.51 - - [11/Sep/2019:02:06:11 -0500] "GET /galeria/mapa/aulaSantaM.jpg HTTP/1.1" 200 69216
181.53.12.51 - - [11/Sep/2019:02:06:11 -0500] "GET /galeria/mapa/Humedal-salitre2.jpg HTTP/1.1" 200 58520
181.53.12.51 - - [11/Sep/2019:02:06:11 -0500] "GET /galeria/mapa/1Humedal-La-Isla.jpg HTTP/1.1" 200 60370
181.53.12.51 - - [11/Sep/2019:02:06:11 -0500] "GET /galeria/mapa/Humedal-tunjo.jpg HTTP/1.1" 200 46098
45.238.180.217 - - [11/Sep/2019:02:06:22 -0500] "GET /galeria/galeria/jquery.fancybox.css?v=2.1.5 HTTP/1.1" 200 4895
45.238.180.217 - - [11/Sep/2019:02:06:22 -0500] "GET /galeria/galeria/jquery.fancybox.js?v=2.1.5 HTTP/1.1" 200 48706
45.238.180.217 - - [11/Sep/2019:02:06:22 -0500] "GET /BLA/boletinlegal/js/jquery.scrollShow.js HTTP/1.1" 200 4586
192.168.175.104 - - [11/Sep/2019:02:06:24 -0500] "GET / HTTP/1.0" 200 9990
69.162.124.232 - - [11/Sep/2019:02:06:33 -0500] "HEAD / HTTP/1.1" 200 -
66.249.66.155 - - [11/Sep/2019:02:06:36 -0500] "GET /BLA/resoluciones/RESOLUCIONES%202007/RES%202007%201501%20AL%201600/RESOLUCION%201554%20DE%202007.pdf HTTP/1.1" 200 814708
201.245.192.253 - - [11/Sep/2019:02:06:37 -0500] "GET /galeria/nivo-slider/demo/Banner%20sostenibilidad.jpg HTTP/1.1" 404 1314
201.245.192.253 - - [11/Sep/2019:02:06:47 -0500] "GET /galeria/nivo-slider/demo/Banner%20sostenibilidad.jpg HTTP/1.1" 404 1314
66.249.66.153 - - [11/Sep/2019:02:07:17 -0500] "GET /BLA/resoluciones/RESOLUCIONES%202014/0740.pdf HTTP/1.1" 304 -
192.168.175.104 - - [11/Sep/2019:02:07:31 -0500] "GET / HTTP/1.1" 200 9990
66.249.66.156 - - [11/Sep/2019:02:07:58 -0500] "GET /BLA/resoluciones/RESOLUCIONES%202017/0979.pdf HTTP/1.1" 200 6159037
66.249.66.155 - - [11/Sep/2019:02:08:39 -0500] "GET /BLA/resoluciones/RESOLUCIONES%202014/1729.pdf HTTP/1.1" 200 533969
91.242.162.82 - - [11/Sep/2019:02:09:05 -0500] "GET /Anexos%20estudio%20Organizacional%20SDA/ANEXO%20No.%205%20-%20ESTUDIO%20Y%20PROPUESTA%20SERAMB%20IENTE/Proyecto%20de%20modificaci%C3%B3n%20decreto%20109%20comisi%C3%B3n%20consolidadora.pdf HTTP/1.1" 200 366542
66.249.66.153 - - [11/Sep/2019:02:09:20 -0500] "GET /BLA/resoluciones/RESOLUCIONES%202009/1800.pdf HTTP/1.1" 200 770609
201.245.192.253 - - [11/Sep/2019:02:09:37 -0500] "GET /galeria/nivo-slider/demo/Banner%20sostenibilidad.jpg HTTP/1.1" 404 1314
66.249.66.156 - - [11/Sep/2019:02:09:37 -0500] "GET /BLA/resoluciones/AUTOS%202014/5314.pdf HTTP/1.1" 200 1625596
66.249.66.155 - - [11/Sep/2019:02:09:40 -0500] "GET /galeria/nivo-slider/demo/images/3animal.jpg HTTP/1.1" 304 -
201.245.192.253 - - [11/Sep/2019:02:09:47 -0500] "GET /galeria/nivo-slider/demo/Banner%20sostenibilidad.jpg HTTP/1.1" 404 1314
190.25.104.73 - - [11/Sep/2019:02:10:13 -0500] "GET /BLA/resoluciones/RESOLUCIONES%202007/RES%202007%20201%20AL%20300/RESOLUCION%200273%20DE%202007.pdf HTTP/1.1" 200 309577
192.168.175.104 - - [11/Sep/2019:02:11:22 -0500] "GET / HTTP/1.0" 200 9990
69.162.124.232 - - [11/Sep/2019:02:11:33 -0500] "HEAD / HTTP/1.1" 200 -
192.168.175.104 - - [11/Sep/2019:02:12:29 -0500] "GET / HTTP/1.1" 200 9990
201.245.192.253 - - [11/Sep/2019:02:12:37 -0500] "GET /galeria/nivo-slider/demo/Banner%20sostenibilidad.jpg HTTP/1.1" 404 1314
201.245.192.253 - - [11/Sep/2019:02:12:47 -0500] "GET /galeria/nivo-slider/demo/Banner%20sostenibilidad.jpg HTTP/1.1" 404 1314
179.0.146.16 - - [11/Sep/2019:02:13:14 -0500] "GET /galeria/nivo-slider/demo/images/Banner%20servicios.jpg HTTP/1.1" 304 -
66.249.66.153 - - [11/Sep/2019:02:13:20 -0500] "GET /BLA/resoluciones/RESOLUCIONES%202010/5080.pdf HTTP/1.1" 200 499799
66.249.66.153 - - [11/Sep/2019:02:14:07 -0500] "GET /BLA/resoluciones/AUTOS%202016/0258.pdf HTTP/1.1" 200 569248
66.249.66.155 - - [11/Sep/2019:02:15:29 -0500] "GET /BLA/resoluciones/AUTOS%202015/6839.pdf HTTP/1.1" 200 590382
201.245.192.253 - - [11/Sep/2019:02:15:36 -0500] "GET /galeria/nivo-slider/demo/Banner%20sostenibilidad.jpg HTTP/1.1" 404 1314
201.245.192.253 - - [11/Sep/2019:02:15:46 -0500] "GET /galeria/nivo-slider/demo/Banner%20sostenibilidad.jpg HTTP/1.1" 404 1314
66.249.66.156 - - [11/Sep/2019:02:16:11 -0500] "GET /BLA/resoluciones/Notificaciones/AUTOS%202017/01150.pdf HTTP/1.1" 304 -
192.168.175.104 - - [11/Sep/2019:02:16:20 -0500] "GET / HTTP/1.0" 200 9990
69.162.124.232 - - [11/Sep/2019:02:16:33 -0500] "HEAD / HTTP/1.1" 200 -
52.162.213.79 - - [11/Sep/2019:02:16:48 -0500] "GET /galeria/galeria/jquery.fancybox.js?v=2.1.5 HTTP/1.1" 200 48706
52.162.213.79 - - [11/Sep/2019:02:16:48 -0500] "GET /BLA/boletinlegal/js/jquery.scrollShow.js HTTP/1.1" 200 4586
52.162.213.79 - - [11/Sep/2019:02:16:49 -0500] "GET /galeria/galeria/jquery.fancybox.css?v=2.1.5 HTTP/1.1" 200 4895
66.249.66.156 - - [11/Sep/2019:02:16:49 -0500] "GET /BLA/resoluciones/RESOLUCIONES%202004/RES%202004%202151-2200/00002192.tif HTTP/1.1" 200 597074
52.162.213.79 - - [11/Sep/2019:02:16:54 -0500] "GET /BLA/boletinlegal/js/jquery.scrollShow.js HTTP/1.1" 200 4586
52.162.213.79 - - [11/Sep/2019:02:16:54 -0500] "GET /galeria/galeria/jquery.fancybox.js?v=2.1.5 HTTP/1.1" 200 48706
52.162.213.79 - - [11/Sep/2019:02:16:54 -0500] "GET /galeria/galeria/jquery.fancybox.css?v=2.1.5 HTTP/1.1" 200 4895
66.249.66.155 - - [11/Sep/2019:02:17:03 -0500] "GET /BLA/resoluciones/AUTOS%202007/1761.pdf HTTP/1.1" 200 39151
192.168.175.104 - - [11/Sep/2019:02:17:26 -0500] "GET / HTTP/1.1" 200 9990
66.249.66.155 - - [11/Sep/2019:02:17:33 -0500] "GET /huelladecarbono/soluciones2.swf HTTP/1.1" 200 44100
66.249.66.156 - - [11/Sep/2019:02:18:14 -0500] "GET /BLA/resoluciones/AUTOS%202013/1326.pdf HTTP/1.1" 200 1790917
201.245.192.253 - - [11/Sep/2019:02:18:36 -0500] "GET /galeria/nivo-slider/demo/Banner%20sostenibilidad.jpg HTTP/1.1" 404 1314
54.36.150.88 - - [11/Sep/2019:02:18:38 -0500] "GET /BLA/resoluciones/RESOLUCIONES%202005/RES%202005%20901-950/00000947.tif HTTP/1.1" 200 166970
201.245.192.253 - - [11/Sep/2019:02:18:46 -0500] "GET /galeria/nivo-slider/demo/Banner%20sostenibilidad.jpg HTTP/1.1" 404 1314
201.245.192.253 - - [11/Sep/2019:02:17:36 -0500] "POST /kwsrmcab/Wsrmcab HTTP/1.1" 200 29546
201.245.192.253 - - [11/Sep/2019:02:17:35 -0500] "POST /kwsrmcab/Wsrmcab HTTP/1.1" 200 30782
66.249.66.155 - - [11/Sep/2019:02:18:55 -0500] "GET /BLA/resoluciones/RESOLUCIONES%202007/RES%202007%202101%20AL%202200/RESOLUCION%202118%20DE%202007.pdf HTTP/1.1" 304 -
201.245.192.253 - - [11/Sep/2019:02:18:35 -0500] "POST /kwsrmcab/Wsrmcab HTTP/1.1" 200 30782
66.249.66.155 - - [11/Sep/2019:02:19:36 -0500] "GET /BLA/resoluciones/AUTOS%202012/1117.pdf HTTP/1.1" 304 -
66.249.66.153 - - [11/Sep/2019:02:20:17 -0500] "GET /BLA/resoluciones/index.php?dir=RESOLUCIONES+2007%2FRES+2007+301+AL+400%2F HTTP/1.1" 200 26381
192.168.175.104 - - [11/Sep/2019:02:21:17 -0500] "GET / HTTP/1.0" 200 9990
69.162.124.232 - - [11/Sep/2019:02:21:33 -0500] "HEAD / HTTP/1.1" 200 -
201.245.192.253 - - [11/Sep/2019:02:21:36 -0500] "GET /galeria/nivo-slider/demo/Banner%20sostenibilidad.jpg HTTP/1.1" 404 1314
66.249.66.153 - - [11/Sep/2019:02:21:39 -0500] "GET /BLA/resoluciones/AUTOS%202015/6709.pdf HTTP/1.1" 304 -
201.245.192.253 - - [11/Sep/2019:02:21:46 -0500] "GET /galeria/nivo-slider/demo/Banner%20sostenibilidad.jpg HTTP/1.1" 404 1314
192.168.175.104 - - [11/Sep/2019:02:22:24 -0500] "GET / HTTP/1.1" 200 9990
179.12.236.247 - - [11/Sep/2019:02:22:47 -0500] "GET /galeria/galeria/jquery.fancybox.css?v=2.1.5 HTTP/1.1" 200 4895
179.12.236.247 - - [11/Sep/2019:02:22:47 -0500] "GET /galeria/galeria/jquery.fancybox.js?v=2.1.5 HTTP/1.1" 200 48706
179.12.236.247 - - [11/Sep/2019:02:22:47 -0500] "GET /BLA/boletinlegal/js/jquery.scrollShow.js HTTP/1.1" 200 4586
179.12.236.247 - - [11/Sep/2019:02:22:48 -0500] "GET /autoliquidacion HTTP/1.1" 301 310
179.12.236.247 - - [11/Sep/2019:02:22:48 -0500] "GET /autoliquidacion/ HTTP/1.1" 200 6377
179.12.236.247 - - [11/Sep/2019:02:22:48 -0500] "GET /autoliquidacion/dlf/folder.png HTTP/1.1" 200 410
179.12.236.247 - - [11/Sep/2019:02:22:48 -0500] "GET /autoliquidacion/dlf/styles.css HTTP/1.1" 200 3045
179.12.236.247 - - [11/Sep/2019:02:22:48 -0500] "GET /autoliquidacion/dlf/bg.gif HTTP/1.1" 200 54
179.12.236.247 - - [11/Sep/2019:02:22:50 -0500] "GET /autoliquidacion/index.php?dir=Plan+de+manejo+ambiental+para+sitios+de+aprovechamiento+y+o+disposicion+final+de+escombros%2F HTTP/1.1" 200 2472
179.12.236.247 - - [11/Sep/2019:02:22:50 -0500] "GET /autoliquidacion/dlf/html.gif HTTP/1.1" 200 632
179.12.236.247 - - [11/Sep/2019:02:22:50 -0500] "GET /autoliquidacion/dlf/dirup.png HTTP/1.1" 200 644
179.12.236.247 - - [11/Sep/2019:02:22:51 -0500] "GET /BLA/boletinlegal/js/jquery.scrollShow.js HTTP/1.1" 304 -
179.12.236.247 - - [11/Sep/2019:02:22:51 -0500] "GET /galeria/galeria/jquery.fancybox.js?v=2.1.5 HTTP/1.1" 304 -
179.12.236.247 - - [11/Sep/2019:02:22:51 -0500] "GET /galeria/galeria/jquery.fancybox.css?v=2.1.5 HTTP/1.1" 304 -
179.12.236.247 - - [11/Sep/2019:02:22:51 -0500] "GET /autoliquidacion HTTP/1.1" 301 310
179.12.236.247 - - [11/Sep/2019:02:22:51 -0500] "GET /autoliquidacion/ HTTP/1.1" 200 6377
179.12.236.247 - - [11/Sep/2019:02:22:52 -0500] "GET /autoliquidacion/dlf/styles.css HTTP/1.1" 304 -
179.12.236.247 - - [11/Sep/2019:02:22:52 -0500] "GET /autoliquidacion/dlf/folder.png HTTP/1.1" 304 -
179.12.236.247 - - [11/Sep/2019:02:22:52 -0500] "GET /autoliquidacion/dlf/bg.gif HTTP/1.1" 304 -
179.12.236.247 - - [11/Sep/2019:02:23:03 -0500] "GET /autoliquidacion/index.php?dir=Permiso+de+ocupaci%F3n+de+cauce%2F HTTP/1.1" 200 2434
179.12.236.247 - - [11/Sep/2019:02:23:03 -0500] "GET /autoliquidacion/dlf/xls.gif HTTP/1.1" 200 636
179.12.236.247 - - [11/Sep/2019:02:23:05 -0500] "GET /autoliquidacion/Permiso%20de%20ocupaci%C3%B3n%20de%20cauce/Aplicativo.html HTTP/1.1" 200 359
179.12.236.247 - - [11/Sep/2019:02:23:18 -0500] "GET /autoliquidacion HTTP/1.1" 301 310
179.12.236.247 - - [11/Sep/2019:02:23:18 -0500] "GET /autoliquidacion/ HTTP/1.1" 200 6377
179.12.236.247 - - [11/Sep/2019:02:23:19 -0500] "GET /BLA/boletinlegal/js/jquery.scrollShow.js HTTP/1.1" 304 -
179.12.236.247 - - [11/Sep/2019:02:23:20 -0500] "GET /galeria/galeria/jquery.fancybox.js?v=2.1.5 HTTP/1.1" 304 -
179.12.236.247 - - [11/Sep/2019:02:23:20 -0500] "GET /galeria/galeria/jquery.fancybox.css?v=2.1.5 HTTP/1.1" 304 -
179.12.236.247 - - [11/Sep/2019:02:23:20 -0500] "GET /autoliquidacion HTTP/1.1" 301 310
179.12.236.247 - - [11/Sep/2019:02:23:21 -0500] "GET /autoliquidacion/ HTTP/1.1" 200 6377
179.12.236.247 - - [11/Sep/2019:02:23:21 -0500] "GET /autoliquidacion/dlf/styles.css HTTP/1.1" 304 -
179.12.236.247 - - [11/Sep/2019:02:23:21 -0500] "GET /autoliquidacion/dlf/folder.png HTTP/1.1" 304 -
179.12.236.247 - - [11/Sep/2019:02:23:21 -0500] "GET /autoliquidacion/dlf/bg.gif HTTP/1.1" 304 -
179.12.236.247 - - [11/Sep/2019:02:23:41 -0500] "GET /autoliquidacion/index.php?dir=Permiso+de+ocupaci%F3n+de+cauce%2F HTTP/1.1" 200 2434
179.12.236.247 - - [11/Sep/2019:02:23:43 -0500] "GET /autoliquidacion/Permiso%20de%20ocupaci%C3%B3n%20de%20cauce/PM04-PR36-F1%20Formulario%20de%20solicitud%20de%20permiso%20de%20ocupaci%C3%B3n%20de%20cauce,%20playas%20y%20lechos%20-%20lista%20de%20chequeo.xls HTTP/1.1" 200 95744
179.12.236.247 - - [11/Sep/2019:02:23:56 -0500] "GET /autoliquidacion/ HTTP/1.1" 200 6377
201.245.192.253 - - [11/Sep/2019:02:24:37 -0500] "GET /galeria/nivo-slider/demo/Banner%20sostenibilidad.jpg HTTP/1.1" 404 1314
201.245.192.253 - - [11/Sep/2019:02:24:46 -0500] "GET /galeria/nivo-slider/demo/Banner%20sostenibilidad.jpg HTTP/1.1" 404 1314
181.61.112.105 - - [11/Sep/2019:02:24:50 -0500] "GET /galeria/galeria/jquery.fancybox.js?v=2.1.5 HTTP/1.1" 200 48706
181.61.112.105 - - [11/Sep/2019:02:24:50 -0500] "GET /BLA/boletinlegal/js/jquery.scrollShow.js HTTP/1.1" 200 4586
181.61.112.105 - - [11/Sep/2019:02:24:50 -0500] "GET /galeria/galeria/jquery.fancybox.css?v=2.1.5 HTTP/1.1" 200 4895
181.61.112.105 - - [11/Sep/2019:02:24:50 -0500] "GET /galeria/carrusel/Carrusel/jquery.thumbnailScroller.css HTTP/1.1" 200 2066
181.61.112.105 - - [11/Sep/2019:02:24:51 -0500] "GET /galeria/carrusel/Carrusel/jquery-ui-1.8.13.custom.min.js HTTP/1.1" 200 10800
181.61.112.105 - - [11/Sep/2019:02:24:51 -0500] "GET /galeria/carrusel/Carrusel/jquery.thumbnailScroller.js HTTP/1.1" 200 8157
54.36.150.25 - - [11/Sep/2019:02:24:54 -0500] "GET /BLA/resoluciones/RESOLUCIONES%202006/RES%202006%20951-1000/00000968.tif HTTP/1.1" 200 376242
66.249.66.153 - - [11/Sep/2019:02:25:31 -0500] "GET /galeria/nivo-slider/demo/images/astromirador2.jpg HTTP/1.1" 200 134539
192.168.175.104 - - [11/Sep/2019:02:26:15 -0500] "GET / HTTP/1.0" 200 9990
69.162.124.232 - - [11/Sep/2019:02:26:33 -0500] "HEAD / HTTP/1.1" 200 -
192.168.175.104 - - [11/Sep/2019:02:27:23 -0500] "GET / HTTP/1.1" 200 9990
201.245.192.253 - - [11/Sep/2019:02:27:36 -0500] "GET /galeria/nivo-slider/demo/Banner%20sostenibilidad.jpg HTTP/1.1" 404 1314
201.245.192.253 - - [11/Sep/2019:02:27:46 -0500] "GET /galeria/nivo-slider/demo/Banner%20sostenibilidad.jpg HTTP/1.1" 404 1314
66.249.66.153 - - [11/Sep/2019:02:28:12 -0500] "GET /BLA/resoluciones/RESOLUCIONES%202011/4658.pdf HTTP/1.1" 200 435011
201.245.192.253 - - [11/Sep/2019:02:27:35 -0500] "POST /kwsrmcab/Wsrmcab HTTP/1.1" 200 30782
201.245.192.253 - - [11/Sep/2019:02:27:35 -0500] "POST /kwsrmcab/Wsrmcab HTTP/1.1" 200 29546
54.36.150.66 - - [11/Sep/2019:02:28:35 -0500] "GET /BLA/resoluciones/index.php?dir=RESOLUCIONES%202002/RES%202002%201751-1800/&sort=date&order=asc HTTP/1.1" 200 12156
20.36.244.102 - - [11/Sep/2019:02:30:08 -0500] "GET /noticias/rssambiente.php HTTP/1.1" 200 11090
66.249.66.153 - - [11/Sep/2019:02:30:33 -0500] "GET /BLA/resoluciones/AUTOS%202016/2177.pdf HTTP/1.1" 200 517225
144.76.182.226 - - [11/Sep/2019:02:30:33 -0500] "GET /robots.txt HTTP/1.1" 404 1019
144.76.182.226 - - [11/Sep/2019:02:30:36 -0500] "GET /PruebasSTORM/StormSDA_pruebas/userFiles/user_files/95/?C=D;O=A/ HTTP/1.1" 200 1756
201.245.192.253 - - [11/Sep/2019:02:30:36 -0500] "GET /galeria/nivo-slider/demo/Banner%20sostenibilidad.jpg HTTP/1.1" 404 1314
201.245.192.253 - - [11/Sep/2019:02:30:46 -0500] "GET /galeria/nivo-slider/demo/Banner%20sostenibilidad.jpg HTTP/1.1" 404 1314
144.76.182.226 - - [11/Sep/2019:02:30:47 -0500] "GET /PruebasSTORM/StormSDA_pruebas/userFiles/user_files/95/?C=M;O=A/ HTTP/1.1" 200 1756
144.76.182.226 - - [11/Sep/2019:02:30:54 -0500] "GET /PruebasSTORM/StormSDA_pruebas/userFiles/user_files/95/?C=S;O=A/ HTTP/1.1" 200 1756
144.76.182.226 - - [11/Sep/2019:02:30:58 -0500] "GET /PruebasSTORM/StormSDA_pruebas/userFiles/user_files/98/?C=D;O=A/ HTTP/1.1" 200 1756
144.76.182.226 - - [11/Sep/2019:02:31:03 -0500] "GET /PruebasSTORM/StormSDA_pruebas/userFiles/user_files/98/?C=M;O=A/ HTTP/1.1" 200 1756
144.76.182.226 - - [11/Sep/2019:02:31:05 -0500] "GET /PruebasSTORM/StormSDA_pruebas/userFiles/user_files/98/?C=S;O=A/ HTTP/1.1" 200 1756
144.76.182.226 - - [11/Sep/2019:02:31:07 -0500] "GET /PruebasSTORM/StormSDA_pruebas/userFiles/user_files/formulas/ HTTP/1.1" 200 1507
144.76.182.226 - - [11/Sep/2019:02:31:10 -0500] "GET /SIG/index.php/Comunicaciones/126PG02-PR09.pdf/?dir=Gestion%20Recursos%20Financieros// HTTP/1.1" 200 9258
192.168.175.104 - - [11/Sep/2019:02:31:13 -0500] "GET / HTTP/1.0" 200 9990
144.76.182.226 - - [11/Sep/2019:02:31:16 -0500] "GET /SIG/index.php/Control%20Disciplinario/plantilla%20para%20Procedimientos%20-%20disciplinario%20ordinario%20version%20080.pdf/?dir=&sort=name&order=desc/ HTTP/1.1" 200 6382
144.76.182.226 - - [11/Sep/2019:02:31:19 -0500] "GET /SIG/index.php/ECS/126PM04-PR06.pdf/?dir=Direccionamiento%20Estrategico// HTTP/1.1" 200 4249
144.76.182.226 - - [11/Sep/2019:02:31:27 -0500] "GET /SIG/index.php/ECS/126PM04-PR06.pdf/?dir=Gestion%20Documental// HTTP/1.1" 200 5851
144.76.182.226 - - [11/Sep/2019:02:31:32 -0500] "GET /SIG/index.php/ECS/126PM04-PR08.pdf/ECS/126PM04-PR103.pdf/?dir=&sort=size&order=asc/ HTTP/1.1" 200 5419
69.162.124.232 - - [11/Sep/2019:02:31:33 -0500] "HEAD / HTTP/1.1" 200 -
144.76.182.226 - - [11/Sep/2019:02:31:36 -0500] "GET /SIG/index.php/ECS/126PM04-PR08.pdf/ECS/126PM04-PR103.pdf/?dir=Direccionamiento%20Estrategico// HTTP/1.1" 200 4445
144.76.182.226 - - [11/Sep/2019:02:31:40 -0500] "GET /SIG/index.php/ECS/126PM04-PR10.pdf/?dir=&sort=date&order=asc/ HTTP/1.1" 200 4959
46.229.168.152 - - [11/Sep/2019:02:31:43 -0500] "GET /robots.txt HTTP/1.1" 404 1019
46.229.168.161 - - [11/Sep/2019:02:31:43 -0500] "GET /Autoliquidacion/index.php?dir=TR%C3%83%C2%83%C3%82%C2%83%C3%83%C2%82%C3%82%C2%83%C3%83%C2%83%C3%82%C2%82%C3%83%C2%82%C3%82%C2%83%C3%83%C2%83%C3%82%C2%83%C3%83%C2%82%C3%82%C2%82%C3%83%C2%83%C3%82%C2%82%C3%83%C2%82%C3%82%C2%83%C3%83%C2%83%C3%82%C2%83%C3%83%C2%82%C3%82%C2%83%C3%83%C2%83%C3%82%C2%82%C3%83%C2%82%C3%82%C2%82%C3%83%C2%83%C3%82%C2%83%C3%83%C2%82%C3%82%C2%82%C3%83%C2%83%C3%82%C2%82%C3%83%C2%82%C3%82%C2%83%C3%83%C2%83%C3%82%C2%83%C3%83%C2%82%C3%82%C2%83%C3%83%C2%83%C3%82%C2%82%C3%83%C2%82%C3%82%C2%83%C3%83%C2%83%C3%82%C2%83%C3%83%C2%82%C3%82%C2%82%C3%83%C2%83%C3%82%C2%82%C3%83%C2%82%C3%82%C2%82%C3%83%C2%83%C3%82%C2%83%C3%83%C2%82%C3%82%C2%83%C3%83%C2%83%C3%82%C2%82%C3%83%C2%82%C3%82%C2%82%C3%83%C2%83%C3%82%C2%83%C3%83%C2%82%C3%82%C2%82%C3%83%C2%83%C3%82%C2%82%C3%83%C2%82%C3%82%C2%81MITES%2BAGUAS%2BSUPERFICIALES%2F&order=desc&sort=date HTTP/1.1" 200 7380
144.76.182.226 - - [11/Sep/2019:02:31:52 -0500] "GET /SIG/index.php/ECS/126PM04-PR10.pdf/?dir=&sort=size&order=asc/ HTTP/1.1" 200 4959
144.76.182.226 - - [11/Sep/2019:02:31:59 -0500] "GET /SIG/index.php/ECS/126PM04-PR10.pdf/?dir=Comunicaciones// HTTP/1.1" 200 3186
144.76.182.226 - - [11/Sep/2019:02:32:02 -0500] "GET /SIG/index.php/ECS/126PM04-PR10.pdf/?dir=Control%20Disciplinario// HTTP/1.1" 200 2985
144.76.182.226 - - [11/Sep/2019:02:32:06 -0500] "GET /SIG/index.php/ECS/126PM04-PR10.pdf/?dir=Control%20y%20mejora// HTTP/1.1" 200 3075
144.76.182.226 - - [11/Sep/2019:02:32:13 -0500] "GET /SIG/index.php/ECS/126PM04-PR10.pdf/?dir=Gestion%20Recursos%20Financieros// HTTP/1.1" 200 9159
207.46.13.42 - - [11/Sep/2019:02:32:15 -0500] "GET /BLA/resoluciones/AUTOS%202015/1052.pdf HTTP/1.1" 200 2210866
144.76.182.226 - - [11/Sep/2019:02:32:18 -0500] "GET /SIG/index.php/ECS/126PM04-PR23.pdf/?dir=Gestion%20Recursos%20Financieros//&sort=name&order=desc/ HTTP/1.1" 200 9158
192.168.175.104 - - [11/Sep/2019:02:32:22 -0500] "GET / HTTP/1.1" 200 9990
144.76.182.226 - - [11/Sep/2019:02:32:23 -0500] "GET /SIG/index.php/ECS/126PM04-PR59.pdf/?dir=&sort=date&order=asc/ HTTP/1.1" 200 4959
144.76.182.226 - - [11/Sep/2019:02:32:26 -0500] "GET /SIG/index.php/ECS/126PM04-PR59.pdf/?dir=&sort=name&order=desc/ HTTP/1.1" 200 4959
144.76.182.226 - - [11/Sep/2019:02:32:33 -0500] "GET /SIG/index.php/ECS/126PM04-PR59.pdf/?dir=&sort=size&order=asc/ HTTP/1.1" 200 4959
144.76.182.226 - - [11/Sep/2019:02:32:38 -0500] "GET /SIG/index.php/ECS/126PM04-PR59.pdf/?dir=Comunicaciones// HTTP/1.1" 200 3186
144.76.182.226 - - [11/Sep/2019:02:32:45 -0500] "GET /SIG/index.php/ECS/126PM04-PR59.pdf/?dir=Control%20Disciplinario// HTTP/1.1" 200 2985
144.76.182.226 - - [11/Sep/2019:02:32:48 -0500] "GET /SIG/index.php/ECS/126PM04-PR59.pdf/?dir=Control%20y%20mejora// HTTP/1.1" 200 3075
144.76.182.226 - - [11/Sep/2019:02:32:51 -0500] "GET /StormSDA/userFiles/user_files/?C=S;O=A/ HTTP/1.1" 200 8988
201.245.192.253 - - [11/Sep/2019:02:33:36 -0500] "GET /galeria/nivo-slider/demo/Banner%20sostenibilidad.jpg HTTP/1.1" 404 1314
201.245.192.253 - - [11/Sep/2019:02:33:46 -0500] "GET /galeria/nivo-slider/demo/Banner%20sostenibilidad.jpg HTTP/1.1" 404 1314
66.249.66.155 - - [11/Sep/2019:02:35:21 -0500] "GET /galeria/galeria/fotos/Humedal-Vaca2G.jpg HTTP/1.1" 304 -
192.168.175.104 - - [11/Sep/2019:02:36:11 -0500] "GET / HTTP/1.0" 200 9990
69.162.124.232 - - [11/Sep/2019:02:36:33 -0500] "HEAD / HTTP/1.1" 200 -
201.245.192.253 - - [11/Sep/2019:02:36:36 -0500] "GET /galeria/nivo-slider/demo/Banner%20sostenibilidad.jpg HTTP/1.1" 404 1314
201.245.192.253 - - [11/Sep/2019:02:36:46 -0500] "GET /galeria/nivo-slider/demo/Banner%20sostenibilidad.jpg HTTP/1.1" 404 1314
192.168.175.104 - - [11/Sep/2019:02:37:21 -0500] "GET / HTTP/1.1" 200 9990
66.249.66.153 - - [11/Sep/2019:02:37:24 -0500] "GET /BLA/resoluciones/RESOLUCIONES%202011/0829.pdf HTTP/1.1" 200 2320483
201.245.192.253 - - [11/Sep/2019:02:37:35 -0500] "POST /kwsrmcab/Wsrmcab HTTP/1.1" 200 29546
201.245.192.253 - - [11/Sep/2019:02:39:36 -0500] "GET /galeria/nivo-slider/demo/Banner%20sostenibilidad.jpg HTTP/1.1" 404 1314
201.245.192.253 - - [11/Sep/2019:02:39:46 -0500] "GET /galeria/nivo-slider/demo/Banner%20sostenibilidad.jpg HTTP/1.1" 404 1314
66.249.66.153 - - [11/Sep/2019:02:40:08 -0500] "GET /Autoliquidacion/Grupo%20Forestal%20-%20Silvicultura/Ficha%20tecnica%20de%20registro%20-%20Ficha%202.docx HTTP/1.1" 404 1019
66.249.66.155 - - [11/Sep/2019:02:40:49 -0500] "GET /silvicultura/8.pdf HTTP/1.1" 200 245468
192.168.175.104 - - [11/Sep/2019:02:41:09 -0500] "GET / HTTP/1.0" 200 9990
157.55.39.68 - - [11/Sep/2019:02:41:14 -0500] "GET /BLA/boletinlegal/actas/acta%20de%20acuerdo%2001%20adop%20regla%20inter%20CISPAER.pdf HTTP/1.1" 200 837068
69.162.124.232 - - [11/Sep/2019:02:41:33 -0500] "HEAD / HTTP/1.1" 200 -
66.249.66.155 - - [11/Sep/2019:02:42:12 -0500] "GET /BLA/resoluciones/RESOLUCIONES%202007/RES%202007%202101%20AL%202200/RESOLUCION%202117%20DE%202007.pdf HTTP/1.1" 200 282093
216.244.66.195 - - [11/Sep/2019:02:42:17 -0500] "GET /robots.txt HTTP/1.1" 404 1018
192.168.175.104 - - [11/Sep/2019:02:42:21 -0500] "GET / HTTP/1.1" 200 9990
201.245.192.253 - - [11/Sep/2019:02:42:36 -0500] "GET /galeria/nivo-slider/demo/Banner%20sostenibilidad.jpg HTTP/1.1" 404 1314
201.245.192.253 - - [11/Sep/2019:02:42:46 -0500] "GET /galeria/nivo-slider/demo/Banner%20sostenibilidad.jpg HTTP/1.1" 404 1314
66.249.66.153 - - [11/Sep/2019:02:43:04 -0500] "GET /BLA/resoluciones/AUTOS%202007/3625.pdf HTTP/1.1" 200 282020
66.102.6.77 - - [11/Sep/2019:02:43:47 -0500] "-" 408 -
66.102.6.77 - - [11/Sep/2019:02:43:47 -0500] "-" 408 -
66.102.6.80 - - [11/Sep/2019:02:43:47 -0500] "-" 408 -
66.102.6.79 - - [11/Sep/2019:02:43:47 -0500] "-" 408 -
66.102.6.80 - - [11/Sep/2019:02:43:47 -0500] "-" 408 -
66.102.6.77 - - [11/Sep/2019:02:43:47 -0500] "-" 408 -
66.102.6.77 - - [11/Sep/2019:02:43:48 -0500] "-" 408 -
66.102.6.77 - - [11/Sep/2019:02:43:48 -0500] "-" 408 -
66.102.6.77 - - [11/Sep/2019:02:43:48 -0500] "-" 408 -
66.249.66.153 - - [11/Sep/2019:02:45:14 -0500] "GET /BLA/resoluciones/RESOLUCIONES%202006/RES%202006%2051-100/00000098.tif HTTP/1.1" 200 202728
201.245.192.253 - - [11/Sep/2019:02:45:36 -0500] "GET /galeria/nivo-slider/demo/Banner%20sostenibilidad.jpg HTTP/1.1" 404 1314
201.245.192.253 - - [11/Sep/2019:02:45:46 -0500] "GET /galeria/nivo-slider/demo/Banner%20sostenibilidad.jpg HTTP/1.1" 404 1314
192.168.175.104 - - [11/Sep/2019:02:46:08 -0500] "GET / HTTP/1.0" 200 9990
69.162.124.232 - - [11/Sep/2019:02:46:33 -0500] "HEAD / HTTP/1.1" 200 -
192.168.175.104 - - [11/Sep/2019:02:47:20 -0500] "GET / HTTP/1.1" 200 9990
181.54.229.182 - - [11/Sep/2019:02:48:12 -0500] "GET /galeria/galeria/jquery.fancybox.css?v=2.1.5 HTTP/1.1" 200 4895
181.54.229.182 - - [11/Sep/2019:02:48:12 -0500] "GET /galeria/carrusel/Carrusel/jquery.thumbnailScroller.css HTTP/1.1" 200 2066
181.54.229.182 - - [11/Sep/2019:02:48:12 -0500] "GET /galeria/galeria/jquery.fancybox.js?v=2.1.5 HTTP/1.1" 200 48706
181.54.229.182 - - [11/Sep/2019:02:48:12 -0500] "GET /BLA/boletinlegal/js/jquery.scrollShow.js HTTP/1.1" 200 4586
181.54.229.182 - - [11/Sep/2019:02:48:12 -0500] "GET /galeria/carrusel/Carrusel/jquery-ui-1.8.13.custom.min.js HTTP/1.1" 200 10800
181.54.229.182 - - [11/Sep/2019:02:48:12 -0500] "GET /galeria/carrusel/Carrusel/jquery.thumbnailScroller.js HTTP/1.1" 200 8157
181.54.229.182 - - [11/Sep/2019:02:48:12 -0500] "GET /galeria/nivo-slider/demo/demo.html HTTP/1.1" 200 5186
181.54.229.182 - - [11/Sep/2019:02:48:12 -0500] "GET /galeria/nivo-slider/themes/default/default.css HTTP/1.1" 200 1569
181.54.229.182 - - [11/Sep/2019:02:48:12 -0500] "GET /galeria/nivo-slider/themes/pascal/pascal.css HTTP/1.1" 200 2258
181.54.229.182 - - [11/Sep/2019:02:48:12 -0500] "GET /galeria/nivo-slider/themes/orman/orman.css HTTP/1.1" 200 2152
181.54.229.182 - - [11/Sep/2019:02:48:12 -0500] "GET /galeria/nivo-slider/nivo-slider.css HTTP/1.1" 200 1507
181.54.229.182 - - [11/Sep/2019:02:48:12 -0500] "GET /galeria/nivo-slider/demo/style.css HTTP/1.1" 200 2222
181.54.229.182 - - [11/Sep/2019:02:48:12 -0500] "GET /galeria/nivo-slider/demo/scripts/jquery-1.7.1.min.js HTTP/1.1" 200 93868
181.54.229.182 - - [11/Sep/2019:02:48:12 -0500] "GET /galeria/nivo-slider/demo/images/banner%20reciclaton%20agosto.jpg HTTP/1.1" 200 244820
