191.156.47.43 - - [14/Sep/2019:13:43:23 -0500] "GET /galeria/galeria/jquery.fancybox.js?v=2.1.5 HTTP/1.1" 200 48706
186.29.183.127 - - [14/Sep/2019:13:43:43 -0500] "GET /galeria/galeria/jquery.fancybox.css?v=2.1.5 HTTP/1.1" 200 4895
186.155.58.101 - - [14/Sep/2019:13:43:44 -0500] "GET /galeria/galeria/jquery.fancybox.js?v=2.1.5 HTTP/1.1" 200 48706
186.155.58.101 - - [14/Sep/2019:13:43:44 -0500] "GET /BLA/boletinlegal/js/jquery.scrollShow.js HTTP/1.1" 200 4586
186.155.58.101 - - [14/Sep/2019:13:43:44 -0500] "GET /galeria/galeria/jquery.fancybox.css?v=2.1.5 HTTP/1.1" 200 4895
186.29.183.127 - - [14/Sep/2019:13:43:47 -0500] "GET /BLA/boletinlegal/js/jquery.scrollShow.js HTTP/1.1" 200 4586
186.29.183.127 - - [14/Sep/2019:13:43:47 -0500] "GET /galeria/galeria/jquery.fancybox.js?v=2.1.5 HTTP/1.1" 200 48706
190.85.103.98 - - [14/Sep/2019:13:43:52 -0500] "GET /BLA/resoluciones/AUTOS%202012/2566.pdf HTTP/1.1" 200 505067
66.249.64.19 - - [14/Sep/2019:13:43:54 -0500] "GET /BLA/resoluciones/AUTOS%202007/0268.pdf HTTP/1.1" 200 82600
190.85.103.98 - - [14/Sep/2019:13:43:55 -0500] "GET /favicon.ico HTTP/1.1" 200 7782
66.249.64.19 - - [14/Sep/2019:13:44:30 -0500] "GET /BLA/resoluciones/RESOLUCIONES%202011/5152.pdf HTTP/1.1" 200 425097
191.156.26.175 - - [14/Sep/2019:13:44:44 -0500] "GET /BLA/resoluciones/AUTOS%202017/4050.pdf HTTP/1.1" 200 306989
66.249.64.19 - - [14/Sep/2019:13:44:51 -0500] "GET /BLA/resoluciones/RESOLUCIONES%202011/5013.pdf HTTP/1.1" 200 1733503
66.249.64.19 - - [14/Sep/2019:13:44:55 -0500] "GET /BLA/resoluciones/RESOLUCIONES%202009/2967.pdf HTTP/1.1" 200 601202
66.249.64.20 - - [14/Sep/2019:13:45:06 -0500] "GET /BLA/resoluciones/AUTOS%202011/4018.pdf HTTP/1.1" 200 334913
54.36.149.33 - - [14/Sep/2019:13:45:09 -0500] "GET /BLA/resoluciones/RESOLUCIONES%202002/RES%202002%201601-1650/20021610.tif HTTP/1.1" 200 98212
192.168.175.104 - - [14/Sep/2019:13:45:20 -0500] "GET / HTTP/1.0" 200 9990
190.24.59.96 - - [14/Sep/2019:13:45:21 -0500] "GET /galeria/galeria/jquery.fancybox.css?v=2.1.5 HTTP/1.1" 200 4895
190.24.59.96 - - [14/Sep/2019:13:45:21 -0500] "GET /BLA/boletinlegal/js/jquery.scrollShow.js HTTP/1.1" 200 4586
190.24.59.96 - - [14/Sep/2019:13:45:21 -0500] "GET /galeria/galeria/jquery.fancybox.js?v=2.1.5 HTTP/1.1" 200 48706
201.245.192.253 - - [14/Sep/2019:13:45:23 -0500] "GET /galeria/nivo-slider/demo/Banner%20sostenibilidad.jpg HTTP/1.1" 404 1314
201.245.192.253 - - [14/Sep/2019:13:45:33 -0500] "GET /galeria/nivo-slider/demo/Banner%20sostenibilidad.jpg HTTP/1.1" 404 1314
66.249.64.19 - - [14/Sep/2019:13:45:42 -0500] "GET /BLA/resoluciones/RESOLUCIONES%202011/0491.pdf HTTP/1.1" 200 71009
192.168.175.104 - - [14/Sep/2019:13:46:10 -0500] "GET / HTTP/1.1" 200 9990
66.249.64.19 - - [14/Sep/2019:13:46:18 -0500] "GET /BLA/resoluciones/AUTOS%202011/5313.pdf HTTP/1.1" 200 282361
66.249.64.20 - - [14/Sep/2019:13:46:54 -0500] "GET /BLA/resoluciones/AUTOS%202007/0186.pdf HTTP/1.1" 200 60739
69.162.124.232 - - [14/Sep/2019:13:47:01 -0500] "HEAD / HTTP/1.1" 200 -
186.30.178.31 - - [14/Sep/2019:13:47:18 -0500] "GET /galeria/galeria/jquery.fancybox.css?v=2.1.5 HTTP/1.1" 200 4895
186.30.178.31 - - [14/Sep/2019:13:47:18 -0500] "GET /BLA/boletinlegal/js/jquery.scrollShow.js HTTP/1.1" 200 4586
186.30.178.31 - - [14/Sep/2019:13:47:18 -0500] "GET /galeria/galeria/jquery.fancybox.js?v=2.1.5 HTTP/1.1" 200 48706
170.82.40.22 - - [14/Sep/2019:13:47:26 -0500] "GET /galeria/galeria/jquery.fancybox.js?v=2.1.5 HTTP/1.1" 200 48706
170.82.40.22 - - [14/Sep/2019:13:47:26 -0500] "GET /galeria/galeria/jquery.fancybox.css?v=2.1.5 HTTP/1.1" 200 4895
170.82.40.22 - - [14/Sep/2019:13:47:26 -0500] "GET /BLA/boletinlegal/js/jquery.scrollShow.js HTTP/1.1" 200 4586
66.249.64.19 - - [14/Sep/2019:13:47:30 -0500] "GET /BLA/resoluciones/AUTOS%202011/0551.pdf HTTP/1.1" 200 183907
66.249.64.19 - - [14/Sep/2019:13:48:06 -0500] "GET /BLA/resoluciones/AUTOS%202011/0799.pdf HTTP/1.1" 200 154315
201.245.192.253 - - [14/Sep/2019:13:48:23 -0500] "GET /galeria/nivo-slider/demo/Banner%20sostenibilidad.jpg HTTP/1.1" 404 1314
201.245.192.253 - - [14/Sep/2019:13:48:33 -0500] "GET /galeria/nivo-slider/demo/Banner%20sostenibilidad.jpg HTTP/1.1" 404 1314
66.249.64.19 - - [14/Sep/2019:13:48:33 -0500] "GET /BLA/resoluciones/AUTOS%202007/2748.pdf HTTP/1.1" 200 83094
66.249.64.19 - - [14/Sep/2019:13:48:42 -0500] "GET /BLA/resoluciones/AUTOS%202011/0271.pdf HTTP/1.1" 200 156417
66.249.64.19 - - [14/Sep/2019:13:49:18 -0500] "GET /BLA/resoluciones/AUTOS%202011/6817.pdf HTTP/1.1" 200 221200
190.24.59.20 - - [14/Sep/2019:13:49:24 -0500] "GET /galeria/galeria/jquery.fancybox.js?v=2.1.5 HTTP/1.1" 200 48706
190.24.59.20 - - [14/Sep/2019:13:49:24 -0500] "GET /BLA/boletinlegal/js/jquery.scrollShow.js HTTP/1.1" 200 4586
190.24.59.20 - - [14/Sep/2019:13:49:24 -0500] "GET /galeria/galeria/jquery.fancybox.css?v=2.1.5 HTTP/1.1" 200 4895
66.249.64.20 - - [14/Sep/2019:13:49:49 -0500] "GET /galeria/galeria/fotos/Entrenube1P.jpg HTTP/1.1" 304 -
190.78.242.222 - - [14/Sep/2019:13:49:54 -0500] "GET /galeria/galeria/jquery.fancybox.css?v=2.1.5 HTTP/1.1" 200 4895
190.78.242.222 - - [14/Sep/2019:13:49:54 -0500] "GET /BLA/boletinlegal/js/jquery.scrollShow.js HTTP/1.1" 200 4586
190.78.242.222 - - [14/Sep/2019:13:49:54 -0500] "GET /galeria/galeria/jquery.fancybox.js?v=2.1.5 HTTP/1.1" 200 48706
66.249.88.191 - - [14/Sep/2019:13:49:54 -0500] "GET /galeria/galeria/jquery.fancybox.css?v=2.1.5 HTTP/1.1" 200 4895
66.249.88.189 - - [14/Sep/2019:13:49:54 -0500] "GET /BLA/boletinlegal/js/jquery.scrollShow.js HTTP/1.1" 200 4586
66.249.88.189 - - [14/Sep/2019:13:49:54 -0500] "GET /galeria/galeria/jquery.fancybox.js?v=2.1.5 HTTP/1.1" 200 48706
66.249.64.20 - - [14/Sep/2019:13:49:54 -0500] "GET /BLA/resoluciones/RESOLUCIONES%202010/0441.pdf HTTP/1.1" 200 255481
192.168.175.104 - - [14/Sep/2019:13:50:18 -0500] "GET / HTTP/1.0" 200 9990
186.86.80.120 - - [14/Sep/2019:13:50:29 -0500] "GET /galeria/galeria/jquery.fancybox.css?v=2.1.5 HTTP/1.1" 200 4895
186.86.80.120 - - [14/Sep/2019:13:50:30 -0500] "GET /BLA/boletinlegal/js/jquery.scrollShow.js HTTP/1.1" 200 4586
186.86.80.120 - - [14/Sep/2019:13:50:30 -0500] "GET /galeria/galeria/jquery.fancybox.js?v=2.1.5 HTTP/1.1" 200 48706
186.86.80.120 - - [14/Sep/2019:13:50:32 -0500] "GET /autoliquidacion HTTP/1.1" 301 310
186.86.80.120 - - [14/Sep/2019:13:50:32 -0500] "GET /autoliquidacion/ HTTP/1.1" 200 6377
186.86.80.120 - - [14/Sep/2019:13:50:33 -0500] "GET /autoliquidacion/dlf/styles.css HTTP/1.1" 200 3045
186.86.80.120 - - [14/Sep/2019:13:50:34 -0500] "GET /autoliquidacion/dlf/folder.png HTTP/1.1" 200 410
186.86.80.120 - - [14/Sep/2019:13:50:34 -0500] "GET /autoliquidacion/dlf/bg.gif HTTP/1.1" 200 54
186.86.80.120 - - [14/Sep/2019:13:50:55 -0500] "GET /autoliquidacion/index.php?dir=Grupo+Forestal+-+Silvicultura%2F HTTP/1.1" 200 4080
186.86.80.120 - - [14/Sep/2019:13:50:55 -0500] "GET /autoliquidacion/index.php?dir=Grupo+Forestal+-+Silvicultura%2F HTTP/1.1" 200 4080
186.86.80.120 - - [14/Sep/2019:13:50:55 -0500] "GET /autoliquidacion/dlf/dirup.png HTTP/1.1" 200 644
186.86.80.120 - - [14/Sep/2019:13:50:55 -0500] "GET /autoliquidacion/dlf/xls.gif HTTP/1.1" 200 636
186.86.80.120 - - [14/Sep/2019:13:50:55 -0500] "GET /autoliquidacion/dlf/unknown.png HTTP/1.1" 200 266
186.86.80.120 - - [14/Sep/2019:13:50:55 -0500] "GET /autoliquidacion/dlf/pdf.gif HTTP/1.1" 200 272
186.86.80.120 - - [14/Sep/2019:13:51:07 -0500] "GET /autoliquidacion/Grupo%20Forestal%20-%20Silvicultura/Formulario%20de%20recoleccion%20de%20informacion%20silvicultural%20por%20individuo%20-%20Ficha%201.xls HTTP/1.1" 200 1516544
192.168.175.104 - - [14/Sep/2019:13:51:07 -0500] "GET / HTTP/1.1" 200 9990
186.86.80.120 - - [14/Sep/2019:13:51:15 -0500] "GET /autoliquidacion/Grupo%20Forestal%20-%20Silvicultura/Formulario%20de%20solicitud%20de%20manejo%20o%20aprovechamiento%20forestal.xlsx HTTP/1.1" 200 60405
66.249.64.20 - - [14/Sep/2019:13:51:21 -0500] "GET /BLA/resoluciones/AUTOS%202011/0826.pdf HTTP/1.1" 200 161395
46.229.168.148 - - [14/Sep/2019:13:51:23 -0500] "GET /robots.txt HTTP/1.1" 404 1019
201.245.192.253 - - [14/Sep/2019:13:51:23 -0500] "GET /galeria/nivo-slider/demo/Banner%20sostenibilidad.jpg HTTP/1.1" 404 1314
46.229.168.137 - - [14/Sep/2019:13:51:23 -0500] "GET /POT-2013/index.php?dir=Articulado%2F HTTP/1.1" 200 1857
181.138.149.167 - - [14/Sep/2019:13:51:30 -0500] "GET /galeria/galeria/jquery.fancybox.css?v=2.1.5 HTTP/1.1" 200 4895
181.138.149.167 - - [14/Sep/2019:13:51:30 -0500] "GET /BLA/boletinlegal/js/jquery.scrollShow.js HTTP/1.1" 200 4586
181.138.149.167 - - [14/Sep/2019:13:51:30 -0500] "GET /galeria/galeria/jquery.fancybox.js?v=2.1.5 HTTP/1.1" 200 48706
186.86.80.120 - - [14/Sep/2019:13:51:33 -0500] "GET /autoliquidacion/Grupo%20Forestal%20-%20Silvicultura/FICHA%20T%C3%89CNICA%20DE%20REGISTRO%20-%20FICHA%202-.docx HTTP/1.1" 200 42215
201.245.192.253 - - [14/Sep/2019:13:51:33 -0500] "GET /galeria/nivo-slider/demo/Banner%20sostenibilidad.jpg HTTP/1.1" 404 1314
46.229.168.138 - - [14/Sep/2019:13:51:39 -0500] "GET /Autoliquidacion/index.php?dir=TR%C3%83%C2%83%C3%82%C2%83%C3%83%C2%82%C3%82%C2%83%C3%83%C2%83%C3%82%C2%82%C3%83%C2%82%C3%82%C2%83%C3%83%C2%83%C3%82%C2%83%C3%83%C2%82%C3%82%C2%82%C3%83%C2%83%C3%82%C2%82%C3%83%C2%82%C3%82%C2%83%C3%83%C2%83%C3%82%C2%83%C3%83%C2%82%C3%82%C2%83%C3%83%C2%83%C3%82%C2%82%C3%83%C2%82%C3%82%C2%82%C3%83%C2%83%C3%82%C2%83%C3%83%C2%82%C3%82%C2%82%C3%83%C2%83%C3%82%C2%82%C3%83%C2%82%C3%82%C2%81MITES%2BVERTIMIENTOS%2F&order=desc&sort=name HTTP/1.1" 200 6975
66.249.64.20 - - [14/Sep/2019:13:51:43 -0500] "GET /BLA/resoluciones/AUTOS%202011/1127.pdf HTTP/1.1" 200 250570
69.162.124.232 - - [14/Sep/2019:13:52:01 -0500] "HEAD / HTTP/1.1" 200 -
66.249.64.20 - - [14/Sep/2019:13:52:19 -0500] "GET /BLA/resoluciones/AUTOS%202011/6444.pdf HTTP/1.1" 200 235985
66.249.88.187 - - [14/Sep/2019:13:52:20 -0500] "GET /BLA/boletinlegal/js/jquery.scrollShow.js HTTP/1.1" 200 4586
66.249.88.187 - - [14/Sep/2019:13:52:20 -0500] "GET /galeria/galeria/jquery.fancybox.js?v=2.1.5 HTTP/1.1" 200 48706
66.249.88.189 - - [14/Sep/2019:13:52:20 -0500] "GET /galeria/galeria/jquery.fancybox.css?v=2.1.5 HTTP/1.1" 200 4895
186.154.33.16 - - [14/Sep/2019:13:52:39 -0500] "GET /galeria/galeria/jquery.fancybox.css?v=2.1.5 HTTP/1.1" 200 4895
186.154.33.16 - - [14/Sep/2019:13:52:39 -0500] "GET /BLA/boletinlegal/js/jquery.scrollShow.js HTTP/1.1" 200 4586
186.154.33.16 - - [14/Sep/2019:13:52:39 -0500] "GET /galeria/galeria/jquery.fancybox.js?v=2.1.5 HTTP/1.1" 200 48706
83.44.151.150 - - [14/Sep/2019:13:52:50 -0500] "GET /BLA/resoluciones/RESOLUCIONES%202010/7169.pdf HTTP/1.1" 200 67467
83.44.151.150 - - [14/Sep/2019:13:52:51 -0500] "GET /favicon.ico HTTP/1.1" 200 7782
66.249.64.19 - - [14/Sep/2019:13:52:55 -0500] "GET /BLA/resoluciones/AUTOS%202011/4263.pdf HTTP/1.1" 200 277231
191.95.55.111 - - [14/Sep/2019:13:53:09 -0500] "GET /galeria/galeria/jquery.fancybox.js?v=2.1.5 HTTP/1.1" 200 48706
191.95.55.111 - - [14/Sep/2019:13:53:09 -0500] "GET /galeria/galeria/jquery.fancybox.css?v=2.1.5 HTTP/1.1" 200 4895
191.95.55.111 - - [14/Sep/2019:13:53:09 -0500] "GET /BLA/boletinlegal/js/jquery.scrollShow.js HTTP/1.1" 200 4586
181.142.163.196 - - [14/Sep/2019:13:53:12 -0500] "GET /BLA/boletinlegal/js/jquery.scrollShow.js HTTP/1.1" 200 4586
181.142.163.196 - - [14/Sep/2019:13:53:12 -0500] "GET /galeria/galeria/jquery.fancybox.js?v=2.1.5 HTTP/1.1" 200 48706
181.142.163.196 - - [14/Sep/2019:13:53:12 -0500] "GET /galeria/galeria/jquery.fancybox.css?v=2.1.5 HTTP/1.1" 200 4895
191.95.55.111 - - [14/Sep/2019:13:53:14 -0500] "GET /BLA/boletinlegal/js/jquery.scrollShow.js HTTP/1.1" 304 -
191.95.55.111 - - [14/Sep/2019:13:53:14 -0500] "GET /galeria/galeria/jquery.fancybox.css?v=2.1.5 HTTP/1.1" 304 -
191.95.55.111 - - [14/Sep/2019:13:53:14 -0500] "GET /galeria/galeria/jquery.fancybox.js?v=2.1.5 HTTP/1.1" 304 -
66.249.64.19 - - [14/Sep/2019:13:53:17 -0500] "GET /BLA/resoluciones/RESOLUCIONES%202008/5473.pdf HTTP/1.1" 200 257806
207.46.13.93 - - [14/Sep/2019:13:53:36 -0500] "GET /BLA/boletinlegal/normativa.php HTTP/1.1" 200 8156
190.253.1.202 - - [14/Sep/2019:13:53:54 -0500] "GET /galeria/galeria/jquery.fancybox.css?v=2.1.5 HTTP/1.1" 200 4895
190.253.1.202 - - [14/Sep/2019:13:53:56 -0500] "GET /BLA/boletinlegal/js/jquery.scrollShow.js HTTP/1.1" 200 4586
190.253.1.202 - - [14/Sep/2019:13:53:56 -0500] "GET /galeria/galeria/jquery.fancybox.js?v=2.1.5 HTTP/1.1" 200 48706
40.77.167.219 - - [14/Sep/2019:13:53:59 -0500] "GET /galeria/bibloteca/contentflow.css HTTP/1.1" 200 3201
190.146.144.201 - - [14/Sep/2019:13:53:59 -0500] "GET /galeria/galeria/jquery.fancybox.js?v=2.1.5 HTTP/1.1" 200 48706
190.146.144.201 - - [14/Sep/2019:13:53:59 -0500] "GET /BLA/boletinlegal/js/jquery.scrollShow.js HTTP/1.1" 200 4586
190.146.144.201 - - [14/Sep/2019:13:53:59 -0500] "GET /galeria/galeria/jquery.fancybox.css?v=2.1.5 HTTP/1.1" 200 4895
190.146.144.201 - - [14/Sep/2019:13:53:59 -0500] "GET /galeria/carrusel/Carrusel/jquery-ui-1.8.13.custom.min.js HTTP/1.1" 200 10800
190.146.144.201 - - [14/Sep/2019:13:53:59 -0500] "GET /galeria/carrusel/Carrusel/jquery.thumbnailScroller.css HTTP/1.1" 200 2066
190.146.144.201 - - [14/Sep/2019:13:53:59 -0500] "GET /galeria/carrusel/Carrusel/jquery.thumbnailScroller.js HTTP/1.1" 200 8157
40.77.167.164 - - [14/Sep/2019:13:54:03 -0500] "GET /galeria/bibloteca/ContentFlowAddOn_white.js HTTP/1.1" 200 2497
40.77.167.164 - - [14/Sep/2019:13:54:03 -0500] "GET /galeria/bibloteca/mycontentflow.css HTTP/1.1" 200 3110
54.36.148.110 - - [14/Sep/2019:13:54:09 -0500] "GET /robots.txt HTTP/1.1" 404 1034
201.245.192.253 - - [14/Sep/2019:13:54:23 -0500] "GET /galeria/nivo-slider/demo/Banner%20sostenibilidad.jpg HTTP/1.1" 404 1314
201.245.192.253 - - [14/Sep/2019:13:54:33 -0500] "GET /galeria/nivo-slider/demo/Banner%20sostenibilidad.jpg HTTP/1.1" 404 1314
40.77.167.215 - - [14/Sep/2019:13:54:46 -0500] "GET /BLA/boletinlegal/Directivas/2014/Directiva%20No.%205%20del%2026%20de%20Diciembre%20de%202014.pdf HTTP/1.1" 200 3424865
66.249.64.19 - - [14/Sep/2019:13:55:11 -0500] "GET /galeria/galeria/fotos/Entrenube3P.jpg HTTP/1.1" 304 -
192.168.175.104 - - [14/Sep/2019:13:55:16 -0500] "GET / HTTP/1.0" 200 9990
186.115.240.195 - - [14/Sep/2019:13:55:19 -0500] "GET /galeria/galeria/jquery.fancybox.css?v=2.1.5 HTTP/1.1" 200 4895
186.115.240.195 - - [14/Sep/2019:13:55:19 -0500] "GET /BLA/boletinlegal/js/jquery.scrollShow.js HTTP/1.1" 200 4586
186.115.240.195 - - [14/Sep/2019:13:55:19 -0500] "GET /galeria/galeria/jquery.fancybox.js?v=2.1.5 HTTP/1.1" 200 48706
190.24.132.6 - - [14/Sep/2019:13:55:19 -0500] "GET /BLA/boletinlegal/js/jquery.scrollShow.js HTTP/1.1" 200 4586
190.24.132.6 - - [14/Sep/2019:13:55:19 -0500] "GET /galeria/galeria/jquery.fancybox.js?v=2.1.5 HTTP/1.1" 200 48706
190.24.132.6 - - [14/Sep/2019:13:55:19 -0500] "GET /galeria/galeria/jquery.fancybox.css?v=2.1.5 HTTP/1.1" 200 4895
200.119.124.84 - - [14/Sep/2019:13:55:22 -0500] "GET /autoliquidacion/Solicitudes%20relacionadas%20con%20calidad%20del%20aire%20auditiva%20y%20visual/Registro%20de%20Elementos%20de%20publicidad%20Exterior%20Visual/Aplicativo%20PEV%202019%20-%20Actualizado.xls HTTP/1.1" 200 58368
181.49.188.11 - - [14/Sep/2019:13:55:22 -0500] "GET /BLA/boletinlegal/js/jquery.scrollShow.js HTTP/1.1" 200 4586
181.49.188.11 - - [14/Sep/2019:13:55:22 -0500] "GET /galeria/galeria/jquery.fancybox.css?v=2.1.5 HTTP/1.1" 200 4895
181.49.188.11 - - [14/Sep/2019:13:55:22 -0500] "GET /galeria/galeria/jquery.fancybox.js?v=2.1.5 HTTP/1.1" 200 48706
40.77.167.215 - - [14/Sep/2019:13:55:15 -0500] "GET /BLA/boletinlegal/Directivas/2014/Directiva%20No.%205%20del%2026%20de%20Diciembre%20de%202014.pdf HTTP/1.1" 200 3424865
157.55.39.18 - - [14/Sep/2019:13:55:23 -0500] "GET /robots.txt HTTP/1.1" 404 1018
157.55.39.18 - - [14/Sep/2019:13:55:24 -0500] "GET /robots.txt HTTP/1.1" 404 1018
200.119.124.84 - - [14/Sep/2019:13:55:25 -0500] "GET /autoliquidacion/Solicitudes%20relacionadas%20con%20calidad%20del%20aire%20auditiva%20y%20visual/Registro%20de%20Elementos%20de%20publicidad%20Exterior%20Visual/PM04PR16F1ListadeChequeoDocumentosSolicituddeRegistroPEV.xls HTTP/1.1" 200 77824
54.36.149.90 - - [14/Sep/2019:13:55:31 -0500] "GET /galeria/galeria/fotos/Pacto_Madera2G.jpg HTTP/1.1" 200 72853
66.249.64.19 - - [14/Sep/2019:13:55:55 -0500] "GET /robots.txt HTTP/1.1" 404 1018
66.249.64.20 - - [14/Sep/2019:13:56:01 -0500] "GET /BLA/resoluciones/AUTOS%202011/4907.pdf HTTP/1.1" 200 196349
66.249.64.19 - - [14/Sep/2019:13:56:02 -0500] "GET /BLA/resoluciones/AUTOS%202011/0266.pdf HTTP/1.1" 200 157363
66.249.64.20 - - [14/Sep/2019:13:56:04 -0500] "GET /BLA/resoluciones/AUTOS%202011/5047.pdf HTTP/1.1" 200 632757
66.249.88.191 - - [14/Sep/2019:13:56:04 -0500] "GET /BLA/resoluciones/RESOLUCIONES%202007/RES%202007%201%20AL%20100/RESOLUCION%200007DE%202007.pdf HTTP/1.1" 200 164907
192.168.175.104 - - [14/Sep/2019:13:56:05 -0500] "GET / HTTP/1.1" 200 9990
60.191.52.254 - - [14/Sep/2019:13:56:13 -0500] "HEAD http://112.124.42.80:63435/ HTTP/1.1" 200 -
66.249.64.19 - - [14/Sep/2019:13:56:20 -0500] "GET /BLA/resoluciones/RESOLUCIONES%202009/7291.pdf HTTP/1.1" 200 265775
190.248.229.119 - - [14/Sep/2019:13:56:29 -0500] "GET /BLA/boletinlegal/js/jquery.scrollShow.js HTTP/1.1" 200 4586
190.248.229.119 - - [14/Sep/2019:13:56:29 -0500] "GET /galeria/galeria/jquery.fancybox.css?v=2.1.5 HTTP/1.1" 200 4895
190.248.229.119 - - [14/Sep/2019:13:56:29 -0500] "GET /galeria/galeria/jquery.fancybox.js?v=2.1.5 HTTP/1.1" 200 48706
66.249.64.19 - - [14/Sep/2019:13:56:36 -0500] "GET /BLA/resoluciones/RESOLUCIONES%202009/2607.pdf HTTP/1.1" 200 331416
66.249.64.19 - - [14/Sep/2019:13:56:42 -0500] "GET /BLA/resoluciones/RESOLUCIONES%202008/3054.pdf HTTP/1.1" 200 348783
66.249.88.187 - - [14/Sep/2019:13:56:46 -0500] "GET /galeria/galeria/jquery.fancybox.css?v=2.1.5 HTTP/1.1" 200 4895
66.249.88.187 - - [14/Sep/2019:13:56:46 -0500] "GET /galeria/galeria/jquery.fancybox.js?v=2.1.5 HTTP/1.1" 200 48706
66.249.88.189 - - [14/Sep/2019:13:56:46 -0500] "GET /BLA/boletinlegal/js/jquery.scrollShow.js HTTP/1.1" 200 4586
69.162.124.232 - - [14/Sep/2019:13:57:01 -0500] "HEAD / HTTP/1.1" 200 -
66.249.64.19 - - [14/Sep/2019:13:57:02 -0500] "GET /BLA/resoluciones/RESOLUCIONES%202008/1432.pdf HTTP/1.1" 200 280811
66.249.64.19 - - [14/Sep/2019:13:57:03 -0500] "GET /BLA/resoluciones/RESOLUCIONES%202009/1842.pdf HTTP/1.1" 200 243649
66.249.64.19 - - [14/Sep/2019:13:57:07 -0500] "GET /BLA/resoluciones/AUTOS%202007/3810.pdf HTTP/1.1" 200 177151
40.77.167.164 - - [14/Sep/2019:13:57:09 -0500] "GET /catalogoisis/ HTTP/1.1" 200 8575
181.143.35.114 - - [14/Sep/2019:13:57:11 -0500] "GET /galeria/galeria/jquery.fancybox.css?v=2.1.5 HTTP/1.1" 200 4895
181.143.35.114 - - [14/Sep/2019:13:57:11 -0500] "GET /BLA/boletinlegal/js/jquery.scrollShow.js HTTP/1.1" 200 4586
181.143.35.114 - - [14/Sep/2019:13:57:11 -0500] "GET /galeria/galeria/jquery.fancybox.js?v=2.1.5 HTTP/1.1" 200 48706
66.249.64.20 - - [14/Sep/2019:13:57:17 -0500] "GET /BLA/resoluciones/RESOLUCIONES%202009/6176.pdf HTTP/1.1" 200 656194
40.77.167.164 - - [14/Sep/2019:13:57:21 -0500] "GET /catalogoisis/Css/Busqueda.css HTTP/1.1" 200 1995
40.77.167.164 - - [14/Sep/2019:13:57:21 -0500] "GET /catalogoisis/Js/AceptarLimpiar.js HTTP/1.1" 200 331
40.77.167.164 - - [14/Sep/2019:13:57:21 -0500] "GET /catalogoisis/Js/Enter.js HTTP/1.1" 200 1208
40.77.167.164 - - [14/Sep/2019:13:57:22 -0500] "GET /catalogoisis/imagenes/aceptar1.gif HTTP/1.1" 200 604
40.77.167.164 - - [14/Sep/2019:13:57:22 -0500] "GET /catalogoisis/imagenes/br1c1.gif HTTP/1.1" 200 172
201.245.192.253 - - [14/Sep/2019:13:57:23 -0500] "GET /galeria/nivo-slider/demo/Banner%20sostenibilidad.jpg HTTP/1.1" 404 1314
40.77.167.177 - - [14/Sep/2019:13:57:25 -0500] "GET /catalogoisis/Js/CriterioCombinada.js HTTP/1.1" 200 1843
40.77.167.177 - - [14/Sep/2019:13:57:25 -0500] "GET /catalogoisis/Js/Remote.js HTTP/1.1" 200 436
99.191.27.21 - - [14/Sep/2019:13:57:25 -0500] "PUT /webdav/UDP.php HTTP/1.1" 405 938
40.77.167.219 - - [14/Sep/2019:13:57:30 -0500] "GET /catalogoisis/Js/Cookies.js HTTP/1.1" 200 1369
40.77.167.219 - - [14/Sep/2019:13:57:30 -0500] "GET /catalogoisis/Js/LimpiarCombinada.js HTTP/1.1" 200 207
40.77.167.219 - - [14/Sep/2019:13:57:30 -0500] "GET /catalogoisis/imagenes/br3c2.gif HTTP/1.1" 200 285
40.77.167.219 - - [14/Sep/2019:13:57:30 -0500] "GET /catalogoisis/imagenes/limpiar1.gif HTTP/1.1" 200 606
201.245.192.253 - - [14/Sep/2019:13:57:33 -0500] "GET /galeria/nivo-slider/demo/Banner%20sostenibilidad.jpg HTTP/1.1" 404 1314
40.77.167.164 - - [14/Sep/2019:13:57:35 -0500] "GET /catalogoisis/imagenes/br3c1.gif HTTP/1.1" 200 177
40.77.167.15 - - [14/Sep/2019:13:57:42 -0500] "GET /catalogoisis/Js/Go.js HTTP/1.1" 200 364
40.77.167.15 - - [14/Sep/2019:13:57:42 -0500] "GET /catalogoisis/Js/Numero.js HTTP/1.1" 200 398
186.29.53.56 - - [14/Sep/2019:13:58:04 -0500] "GET /videos/galeria-cronicas/1V3wnplaylist.htm? HTTP/1.1" 200 4013
186.29.53.56 - - [14/Sep/2019:13:58:05 -0500] "GET /videos/galeria-cronicas/skin/blue.monday/jplayer.blue.monday.css HTTP/1.1" 200 12518
186.29.53.56 - - [14/Sep/2019:13:58:05 -0500] "GET /videos/galeria-cronicas/js/jplayer.playlist.min.js HTTP/1.1" 200 8608
186.29.53.56 - - [14/Sep/2019:13:58:05 -0500] "GET /videos/galeria-cronicas/js/jquery.jplayer.min.js HTTP/1.1" 200 43668
186.29.53.56 - - [14/Sep/2019:13:58:06 -0500] "GET /videos/galeria-cronicas/skin/blue.monday/jplayer.blue.monday.video.play.png HTTP/1.1" 200 14424
186.29.53.56 - - [14/Sep/2019:13:58:06 -0500] "GET /videos/galeria-cronicas/skin/blue.monday/jplayer.blue.monday.jpg HTTP/1.1" 200 23189
186.29.53.56 - - [14/Sep/2019:13:58:06 -0500] "GET /videos/galeria-cronicas/1videos/parche.mp4video.mp4 HTTP/1.1" 206 2821840
186.29.53.56 - - [14/Sep/2019:13:58:06 -0500] "GET /videos/galeria-cronicas/1videos/parche.mp4video.mp4 HTTP/1.1" 206 36560
186.29.53.56 - - [14/Sep/2019:13:58:07 -0500] "GET /videos/galeria-cronicas/1videos/parche.mp4video.mp4 HTTP/1.1" 206 2600629
66.249.88.191 - - [14/Sep/2019:13:58:09 -0500] "GET /galeria/galeria/jquery.fancybox.css?v=2.1.5 HTTP/1.1" 200 4895
66.249.88.189 - - [14/Sep/2019:13:58:09 -0500] "GET /BLA/boletinlegal/js/jquery.scrollShow.js HTTP/1.1" 200 4586
66.249.88.189 - - [14/Sep/2019:13:58:09 -0500] "GET /galeria/galeria/jquery.fancybox.js?v=2.1.5 HTTP/1.1" 200 48706
66.249.64.19 - - [14/Sep/2019:13:58:19 -0500] "GET /BLA/resoluciones/RESOLUCIONES%202010/6760.pdf HTTP/1.1" 200 872387
66.249.64.19 - - [14/Sep/2019:13:58:43 -0500] "GET /BLA/resoluciones/RESOLUCIONES%202009/6764.pdf HTTP/1.1" 200 658586
66.249.64.19 - - [14/Sep/2019:13:58:55 -0500] "GET /BLA/resoluciones/AUTOS%202011/3797.pdf HTTP/1.1" 200 239783
186.154.44.175 - - [14/Sep/2019:13:59:36 -0500] "GET /galeria/galeria/jquery.fancybox.css?v=2.1.5 HTTP/1.1" 200 4895
186.154.44.175 - - [14/Sep/2019:13:59:36 -0500] "GET /BLA/boletinlegal/js/jquery.scrollShow.js HTTP/1.1" 200 4586
186.154.44.175 - - [14/Sep/2019:13:59:36 -0500] "GET /galeria/galeria/jquery.fancybox.js?v=2.1.5 HTTP/1.1" 200 48706
186.84.20.199 - - [14/Sep/2019:13:59:37 -0500] "GET /BLA/boletinlegal/js/jquery.scrollShow.js HTTP/1.1" 200 4586
186.84.20.199 - - [14/Sep/2019:13:59:38 -0500] "GET /galeria/galeria/jquery.fancybox.js?v=2.1.5 HTTP/1.1" 200 48706
186.84.20.199 - - [14/Sep/2019:13:59:38 -0500] "GET /galeria/galeria/jquery.fancybox.css?v=2.1.5 HTTP/1.1" 200 4895
186.179.100.127 - - [14/Sep/2019:13:59:38 -0500] "GET /BLA/resoluciones/RESOLUCIONES%202007/RES%202007%201401%20AL%201500/RESOLUCION%201407%20DE%202007.pdf HTTP/1.1" 200 343493
186.84.20.199 - - [14/Sep/2019:13:59:39 -0500] "GET /galeria/carrusel/Carrusel/jquery.thumbnailScroller.css HTTP/1.1" 200 2066
186.84.20.199 - - [14/Sep/2019:13:59:39 -0500] "GET /galeria/carrusel/Carrusel/jquery-ui-1.8.13.custom.min.js HTTP/1.1" 200 10800
186.84.20.199 - - [14/Sep/2019:13:59:39 -0500] "GET /galeria/carrusel/Carrusel/jquery.thumbnailScroller.js HTTP/1.1" 200 8157
186.84.20.199 - - [14/Sep/2019:13:59:42 -0500] "GET /galeria/nivo-slider/demo/demo.html HTTP/1.1" 200 5186
186.84.20.199 - - [14/Sep/2019:13:59:45 -0500] "GET /galeria/nivo-slider/themes/default/default.css HTTP/1.1" 200 1569
186.84.20.199 - - [14/Sep/2019:13:59:45 -0500] "GET /galeria/nivo-slider/themes/pascal/pascal.css HTTP/1.1" 200 2258
186.84.20.199 - - [14/Sep/2019:13:59:45 -0500] "GET /galeria/nivo-slider/themes/orman/orman.css HTTP/1.1" 200 2152
186.84.20.199 - - [14/Sep/2019:13:59:46 -0500] "GET /galeria/nivo-slider/demo/style.css HTTP/1.1" 200 2222
186.84.20.199 - - [14/Sep/2019:13:59:46 -0500] "GET /galeria/nivo-slider/nivo-slider.css HTTP/1.1" 200 1507
186.84.20.199 - - [14/Sep/2019:13:59:46 -0500] "GET /galeria/nivo-slider/demo/images/banner%20reciclaton%20agosto.jpg HTTP/1.1" 200 244820
186.84.20.199 - - [14/Sep/2019:13:59:46 -0500] "GET /galeria/nivo-slider/demo/images/Banner%20web%20Ecoempresarial%20ago.jpg HTTP/1.1" 200 752526
186.84.20.199 - - [14/Sep/2019:13:59:46 -0500] "GET /galeria/nivo-slider/jquery.nivo.slider.pack.js HTTP/1.1" 200 11561
186.84.20.199 - - [14/Sep/2019:13:59:46 -0500] "GET /galeria/nivo-slider/demo/scripts/jquery-1.7.1.min.js HTTP/1.1" 200 93868
186.84.20.199 - - [14/Sep/2019:13:59:46 -0500] "GET /galeria/nivo-slider/demo/images/banner%20capacitacion%20rcd%20web.jpg HTTP/1.1" 200 234263
186.84.20.199 - - [14/Sep/2019:13:59:46 -0500] "GET /galeria/nivo-slider/demo/images/Banner%20agua.png HTTP/1.1" 200 333961
186.84.20.199 - - [14/Sep/2019:13:59:46 -0500] "GET /galeria/nivo-slider/demo/images/Banneranonimos.png HTTP/1.1" 200 109388
186.84.20.199 - - [14/Sep/2019:13:59:48 -0500] "GET /galeria/nivo-slider/demo/images/Banner%20practicas%20sostenibles.jpg HTTP/1.1" 200 142958
186.84.20.199 - - [14/Sep/2019:13:59:48 -0500] "GET /galeria/nivo-slider/demo/images/Banner%20consumo%20sostenible%20final.jpg HTTP/1.1" 200 364746
186.84.20.199 - - [14/Sep/2019:13:59:48 -0500] "GET /galeria/nivo-slider/demo/images/banner-humedales-de-bogota.jpg HTTP/1.1" 200 292611
186.84.20.199 - - [14/Sep/2019:13:59:48 -0500] "GET /galeria/nivo-slider/demo/images/Caminatas%20septiembre%202019.jpg HTTP/1.1" 200 204949
186.84.20.199 - - [14/Sep/2019:13:59:48 -0500] "GET /galeria/nivo-slider/demo/images/Sostenibilidad%20banner.jpg HTTP/1.1" 200 145484
186.84.20.199 - - [14/Sep/2019:13:59:49 -0500] "GET /galeria/nivo-slider/demo/images/bannersectorambiente.png HTTP/1.1" 200 308540
186.84.20.199 - - [14/Sep/2019:13:59:49 -0500] "GET /galeria/nivo-slider/demo/images/Banner%20POT.png HTTP/1.1" 200 418238
186.84.20.199 - - [14/Sep/2019:13:59:49 -0500] "GET /galeria/nivo-slider/demo/images/Banner%20Conpes.jpg HTTP/1.1" 200 55220
186.84.20.199 - - [14/Sep/2019:13:59:49 -0500] "GET /galeria/nivo-slider/demo/images/Banner%20RCD.jpg HTTP/1.1" 200 92197
186.84.20.199 - - [14/Sep/2019:13:59:49 -0500] "GET /galeria/nivo-slider/demo/images/banner-bolsas-plasticas.jpg HTTP/1.1" 200 317939
186.84.20.199 - - [14/Sep/2019:13:59:49 -0500] "GET /galeria/nivo-slider/demo/images/BANNER%20punto.jpg HTTP/1.1" 200 75932
186.84.20.199 - - [14/Sep/2019:13:59:50 -0500] "GET /galeria/nivo-slider/demo/images/Banner%20Visor%20Geografico%20Ambiental.jpg HTTP/1.1" 200 204673
186.84.20.199 - - [14/Sep/2019:13:59:50 -0500] "GET /galeria/nivo-slider/demo/images/puntos%20atencion%20BANNER.jpg HTTP/1.1" 200 244208
186.84.20.199 - - [14/Sep/2019:13:59:50 -0500] "GET /galeria/nivo-slider/demo/images/4Simple_Slider.png HTTP/1.1" 200 11722
186.84.20.199 - - [14/Sep/2019:13:59:50 -0500] "GET /galeria/nivo-slider/themes/default/loading.gif HTTP/1.1" 200 1737
186.84.20.199 - - [14/Sep/2019:13:59:51 -0500] "GET /galeria/nivo-slider/themes/default/arrows.png HTTP/1.1" 200 824
186.84.20.199 - - [14/Sep/2019:13:59:51 -0500] "GET /galeria/nivo-slider/themes/default/bullets.png HTTP/1.1" 200 1281
192.168.175.104 - - [14/Sep/2019:14:00:15 -0500] "GET / HTTP/1.0" 200 9990
66.249.64.20 - - [14/Sep/2019:14:00:20 -0500] "GET /galeria/galeria/fotos/Entrenube4P.jpg HTTP/1.1" 304 -
66.249.64.28 - - [14/Sep/2019:14:00:22 -0500] "GET / HTTP/1.1" 200 9990
201.245.192.253 - - [14/Sep/2019:14:00:23 -0500] "GET /galeria/nivo-slider/demo/Banner%20sostenibilidad.jpg HTTP/1.1" 404 1314
66.249.64.19 - - [14/Sep/2019:14:00:26 -0500] "GET /BLA/resoluciones/RESOLUCIONES%202009/9655.pdf HTTP/1.1" 200 534991
201.245.192.253 - - [14/Sep/2019:14:00:33 -0500] "GET /galeria/nivo-slider/demo/Banner%20sostenibilidad.jpg HTTP/1.1" 404 1314
40.77.188.32 - - [14/Sep/2019:14:00:41 -0500] "GET /svr-ciudadano/? HTTP/1.1" 200 70300
40.77.190.66 - - [14/Sep/2019:14:00:45 -0500] "GET /svr-ciudadano/css/bootstrap.min.css HTTP/1.1" 200 113498
40.77.188.80 - - [14/Sep/2019:14:00:46 -0500] "GET /svr-ciudadano/css/dataTables.bootstrap.css HTTP/1.1" 200 7678
40.77.188.37 - - [14/Sep/2019:14:00:46 -0500] "GET /svr-ciudadano/js/jquery.min.js HTTP/1.1" 200 95786
40.77.189.90 - - [14/Sep/2019:14:00:47 -0500] "GET /svr-ciudadano/js/bootstrap.min.js HTTP/1.1" 200 35601
40.77.189.106 - - [14/Sep/2019:14:00:48 -0500] "GET /svr-ciudadano/js/jquery.dataTables.min.js HTTP/1.1" 200 153451
40.77.190.216 - - [14/Sep/2019:14:00:49 -0500] "GET /svr-ciudadano/js/dataTables.bootstrap.js HTTP/1.1" 200 4287
40.77.167.164 - - [14/Sep/2019:14:00:59 -0500] "GET /galeria/galeria/fotos/Humedal-Santa-Mar%C3%ADa-del-Lago3G.jpg HTTP/1.1" 200 271832
192.168.175.104 - - [14/Sep/2019:14:01:03 -0500] "GET / HTTP/1.1" 200 9990
66.249.64.19 - - [14/Sep/2019:14:01:20 -0500] "GET /BLA/resoluciones/AUTOS%202018/2578.pdf HTTP/1.1" 304 -
157.55.39.215 - - [14/Sep/2019:14:01:21 -0500] "GET / HTTP/1.1" 200 9990
69.162.124.232 - - [14/Sep/2019:14:02:01 -0500] "HEAD / HTTP/1.1" 200 -
66.249.64.19 - - [14/Sep/2019:14:02:10 -0500] "GET /BLA/resoluciones/RESOLUCIONES%202017/3019.pdf HTTP/1.1" 200 1340256
181.49.83.224 - - [14/Sep/2019:14:02:16 -0500] "GET /galeria/galeria/jquery.fancybox.css?v=2.1.5 HTTP/1.1" 200 4895
181.49.83.224 - - [14/Sep/2019:14:02:16 -0500] "GET /galeria/galeria/jquery.fancybox.js?v=2.1.5 HTTP/1.1" 200 48706
181.49.83.224 - - [14/Sep/2019:14:02:16 -0500] "GET /BLA/boletinlegal/js/jquery.scrollShow.js HTTP/1.1" 200 4586
66.249.64.19 - - [14/Sep/2019:14:02:26 -0500] "GET /BLA/resoluciones/AUTOS%202015/3339.pdf HTTP/1.1" 200 669258
66.249.64.20 - - [14/Sep/2019:14:02:32 -0500] "GET /BLA/resoluciones/AUTOS%202017/2439.pdf HTTP/1.1" 200 365435
191.102.196.136 - - [14/Sep/2019:14:02:39 -0500] "GET /galeria/galeria/jquery.fancybox.css?v=2.1.5 HTTP/1.1" 200 4895
191.102.196.136 - - [14/Sep/2019:14:02:39 -0500] "GET /BLA/boletinlegal/js/jquery.scrollShow.js HTTP/1.1" 200 4586
191.102.196.136 - - [14/Sep/2019:14:02:39 -0500] "GET /galeria/galeria/jquery.fancybox.js?v=2.1.5 HTTP/1.1" 200 48706
152.200.242.119 - - [14/Sep/2019:14:02:40 -0500] "GET /BLA/boletinlegal/js/jquery.scrollShow.js HTTP/1.1" 200 4586
66.249.64.19 - - [14/Sep/2019:14:02:42 -0500] "GET /BLA/resoluciones/RESOLUCIONES%202009/7577.pdf HTTP/1.1" 200 450392
207.46.13.183 - - [14/Sep/2019:14:02:43 -0500] "GET /portalsiaccapacitaciones/Soportes%20Capacitaciones%202015/0011.%20Pres.%20MT-PIGA-19-10-2015.pdf HTTP/1.1" 304 -
207.46.13.183 - - [14/Sep/2019:14:02:44 -0500] "GET /Autoliquidacion/TR%C3%83%C2%81MITES%20AGUAS%20SUBTERR%C3%83%C2%81NEAS/126PM04-PR94-SOLICITUD%20MODIFICACI%C3%83%E2%80%99N%20CONCESI%C3%83%E2%80%9CN%20AGUAS%20SUBTERR%C3%83%C2%81NEAS/Lista%20de%20Chequeo%20Solicitud%20Modificaci%C3%83%C2%B3n%20Concesi%C3%83%C2%B3n.xls HTTP/1.1" 404 1019
207.46.13.183 - - [14/Sep/2019:14:02:44 -0500] "GET /portalsiaccapacitaciones/Soportes%20Capacitaciones%202015/0014.%20ppt%20Huella%20de%20Carbono%2019_11_15.pdf HTTP/1.1" 200 1757207
152.201.18.122 - - [14/Sep/2019:14:02:56 -0500] "-" 408 -
66.249.64.19 - - [14/Sep/2019:14:02:58 -0500] "GET /BLA/resoluciones/RESOLUCIONES%202009/4133.pdf HTTP/1.1" 200 781461
66.249.64.19 - - [14/Sep/2019:14:03:07 -0500] "GET /BLA/resoluciones/AUTOS%202015/2330.pdf HTTP/1.1" 200 725202
46.229.168.136 - - [14/Sep/2019:14:03:08 -0500] "GET /Autoliquidacion/index.php?dir=Plan%2Bde%2Bmanejo%2Bambiental%2Bpara%2Bsitios%2Bde%2Baprovechamiento%2By%2Bo%2Bdisposicion%2Bfinal%2Bde%2Bescombros%2F&order=desc&sort=date HTTP/1.1" 200 6801
66.249.64.20 - - [14/Sep/2019:14:03:09 -0500] "GET /BLA/resoluciones/AUTOS%202015/6376.pdf HTTP/1.1" 304 -
186.28.232.62 - - [14/Sep/2019:14:03:22 -0500] "GET /BLA/boletinlegal/js/jquery.scrollShow.js HTTP/1.1" 200 4586
186.28.232.62 - - [14/Sep/2019:14:03:22 -0500] "GET /galeria/galeria/jquery.fancybox.css?v=2.1.5 HTTP/1.1" 200 4895
186.28.232.62 - - [14/Sep/2019:14:03:22 -0500] "GET /galeria/galeria/jquery.fancybox.js?v=2.1.5 HTTP/1.1" 200 48706
201.245.192.253 - - [14/Sep/2019:14:03:23 -0500] "GET /galeria/nivo-slider/demo/Banner%20sostenibilidad.jpg HTTP/1.1" 404 1314
66.249.64.19 - - [14/Sep/2019:14:03:24 -0500] "GET /BLA/resoluciones/RESOLUCIONES%202009/4549.pdf HTTP/1.1" 200 639525
66.249.64.19 - - [14/Sep/2019:14:03:26 -0500] "GET /BLA/resoluciones/RESOLUCIONES%202009/4301.pdf HTTP/1.1" 200 499725
201.245.192.253 - - [14/Sep/2019:14:03:33 -0500] "GET /galeria/nivo-slider/demo/Banner%20sostenibilidad.jpg HTTP/1.1" 404 1314
66.249.64.19 - - [14/Sep/2019:14:03:42 -0500] "GET /BLA/resoluciones/RESOLUCIONES%202009/7301.pdf HTTP/1.1" 200 340458
66.249.64.19 - - [14/Sep/2019:14:03:44 -0500] "GET /BLA/resoluciones/RESOLUCIONES%202007/RES%202007%20801%20AL%20900/RESOLUCION%200827%20DE%202007.pdf HTTP/1.1" 304 -
66.249.88.189 - - [14/Sep/2019:14:03:58 -0500] "GET /galeria/galeria/jquery.fancybox.css?v=2.1.5 HTTP/1.1" 200 4895
66.249.88.191 - - [14/Sep/2019:14:03:58 -0500] "GET /galeria/galeria/jquery.fancybox.js?v=2.1.5 HTTP/1.1" 200 48706
66.249.88.191 - - [14/Sep/2019:14:03:58 -0500] "GET /BLA/boletinlegal/js/jquery.scrollShow.js HTTP/1.1" 200 4586
66.249.64.19 - - [14/Sep/2019:14:04:06 -0500] "GET /BLA/resoluciones/RESOLUCIONES%202008/2939.pdf HTTP/1.1" 200 228608
66.249.64.19 - - [14/Sep/2019:14:04:20 -0500] "GET /BLA/resoluciones/Notificaciones/AUTOS%202015/3597.doc HTTP/1.1" 304 -
181.143.25.226 - - [14/Sep/2019:14:04:31 -0500] "GET /galeria/galeria/jquery.fancybox.css?v=2.1.5 HTTP/1.1" 200 4895
181.143.25.226 - - [14/Sep/2019:14:04:31 -0500] "GET /BLA/boletinlegal/js/jquery.scrollShow.js HTTP/1.1" 200 4586
181.143.25.226 - - [14/Sep/2019:14:04:31 -0500] "GET /galeria/galeria/jquery.fancybox.js?v=2.1.5 HTTP/1.1" 200 48706
171.67.70.80 - - [14/Sep/2019:14:04:47 -0500] "GET / HTTP/1.1" 200 9990
66.249.64.19 - - [14/Sep/2019:14:05:02 -0500] "GET /BLA/resoluciones/RESOLUCIONES%202009/2892.pdf HTTP/1.1" 200 469960
201.244.175.213 - - [14/Sep/2019:14:05:11 -0500] "GET /galeria/galeria/jquery.fancybox.js?v=2.1.5 HTTP/1.1" 200 48706
201.244.175.213 - - [14/Sep/2019:14:05:11 -0500] "GET /galeria/galeria/jquery.fancybox.css?v=2.1.5 HTTP/1.1" 200 4895
201.244.175.213 - - [14/Sep/2019:14:05:11 -0500] "GET /BLA/boletinlegal/js/jquery.scrollShow.js HTTP/1.1" 200 4586
192.168.175.104 - - [14/Sep/2019:14:05:12 -0500] "GET / HTTP/1.0" 200 9990
201.244.175.213 - - [14/Sep/2019:14:05:17 -0500] "GET /BLA/boletinlegal/js/jquery.scrollShow.js HTTP/1.1" 304 -
201.244.175.213 - - [14/Sep/2019:14:05:17 -0500] "GET /galeria/galeria/jquery.fancybox.js?v=2.1.5 HTTP/1.1" 304 -
201.244.175.213 - - [14/Sep/2019:14:05:17 -0500] "GET /galeria/galeria/jquery.fancybox.css?v=2.1.5 HTTP/1.1" 304 -
189.215.209.167 - - [14/Sep/2019:14:05:46 -0500] "GET /galeria/galeria/jquery.fancybox.css?v=2.1.5 HTTP/1.1" 200 4895
189.215.209.167 - - [14/Sep/2019:14:05:46 -0500] "GET /galeria/galeria/jquery.fancybox.js?v=2.1.5 HTTP/1.1" 200 48706
54.36.150.155 - - [14/Sep/2019:14:05:54 -0500] "GET /BLA/resoluciones/RESOLUCIONES%202004/RES%202004%201151-1200/00001179.tif HTTP/1.1" 200 202994
66.249.64.19 - - [14/Sep/2019:14:05:56 -0500] "GET /BLA/resoluciones/RESOLUCIONES%202008/1578.pdf HTTP/1.1" 200 223525
192.168.175.104 - - [14/Sep/2019:14:06:01 -0500] "GET / HTTP/1.1" 200 9990
187.201.75.183 - - [14/Sep/2019:14:06:08 -0500] "GET /galeria/galeria/jquery.fancybox.css?v=2.1.5 HTTP/1.1" 200 4895
187.201.75.183 - - [14/Sep/2019:14:06:08 -0500] "GET /BLA/boletinlegal/js/jquery.scrollShow.js HTTP/1.1" 200 4586
187.201.75.183 - - [14/Sep/2019:14:06:08 -0500] "GET /galeria/galeria/jquery.fancybox.js?v=2.1.5 HTTP/1.1" 200 48706
66.249.64.19 - - [14/Sep/2019:14:06:14 -0500] "GET /BLA/resoluciones/RESOLUCIONES%202008/1117.pdf HTTP/1.1" 200 92511
66.249.64.19 - - [14/Sep/2019:14:06:18 -0500] "GET /BLA/resoluciones/RESOLUCIONES%202009/8606.pdf HTTP/1.1" 200 270595
201.245.192.253 - - [14/Sep/2019:14:06:23 -0500] "GET /galeria/nivo-slider/demo/Banner%20sostenibilidad.jpg HTTP/1.1" 404 1314
66.249.64.19 - - [14/Sep/2019:14:06:24 -0500] "GET /BLA/resoluciones/RESOLUCIONES%202009/6484.pdf HTTP/1.1" 200 109232
66.249.88.187 - - [14/Sep/2019:14:06:26 -0500] "GET /galeria/carrusel/Carrusel/jquery.thumbnailScroller.css HTTP/1.1" 200 2066
66.249.64.19 - - [14/Sep/2019:14:06:26 -0500] "GET /BLA/resoluciones/RESOLUCIONES%202009/1278.pdf HTTP/1.1" 200 1525666
66.249.88.189 - - [14/Sep/2019:14:06:26 -0500] "GET /galeria/carrusel/Carrusel/jquery-ui-1.8.13.custom.min.js HTTP/1.1" 200 10800
66.249.88.189 - - [14/Sep/2019:14:06:26 -0500] "GET /galeria/carrusel/Carrusel/jquery.thumbnailScroller.js HTTP/1.1" 200 8157
66.249.88.189 - - [14/Sep/2019:14:06:26 -0500] "GET /galeria/nivo-slider/demo/demo.html HTTP/1.1" 200 5186
66.249.88.189 - - [14/Sep/2019:14:06:26 -0500] "GET /galeria/nivo-slider/themes/default/default.css HTTP/1.1" 200 1569
66.249.88.189 - - [14/Sep/2019:14:06:26 -0500] "GET /galeria/nivo-slider/themes/pascal/pascal.css HTTP/1.1" 200 2258
66.249.88.189 - - [14/Sep/2019:14:06:26 -0500] "GET /galeria/nivo-slider/themes/orman/orman.css HTTP/1.1" 200 2152
66.249.88.191 - - [14/Sep/2019:14:06:26 -0500] "GET /galeria/nivo-slider/demo/style.css HTTP/1.1" 200 2222
66.249.88.191 - - [14/Sep/2019:14:06:27 -0500] "GET /galeria/nivo-slider/nivo-slider.css HTTP/1.1" 200 1507
66.249.88.191 - - [14/Sep/2019:14:06:27 -0500] "GET /galeria/nivo-slider/demo/images/banner%20reciclaton%20agosto.jpg HTTP/1.1" 200 244820
66.249.88.191 - - [14/Sep/2019:14:06:27 -0500] "GET /galeria/nivo-slider/demo/scripts/jquery-1.7.1.min.js HTTP/1.1" 200 93868
66.249.88.189 - - [14/Sep/2019:14:06:27 -0500] "GET /galeria/nivo-slider/jquery.nivo.slider.pack.js HTTP/1.1" 200 11561
66.249.88.189 - - [14/Sep/2019:14:06:27 -0500] "GET /galeria/nivo-slider/demo/images/Banner%20web%20Ecoempresarial%20ago.jpg HTTP/1.1" 200 752526
66.249.88.187 - - [14/Sep/2019:14:06:27 -0500] "GET /galeria/nivo-slider/demo/images/banner%20capacitacion%20rcd%20web.jpg HTTP/1.1" 200 234263
66.249.88.189 - - [14/Sep/2019:14:06:27 -0500] "GET /galeria/nivo-slider/demo/images/Banner%20agua.png HTTP/1.1" 200 333961
66.249.88.191 - - [14/Sep/2019:14:06:27 -0500] "GET /galeria/nivo-slider/demo/images/4Simple_Slider.png HTTP/1.1" 200 11722
66.249.88.189 - - [14/Sep/2019:14:06:27 -0500] "GET /galeria/nivo-slider/themes/default/loading.gif HTTP/1.1" 200 1737
201.245.192.253 - - [14/Sep/2019:14:06:33 -0500] "GET /galeria/nivo-slider/demo/Banner%20sostenibilidad.jpg HTTP/1.1" 404 1314
66.249.88.189 - - [14/Sep/2019:14:06:35 -0500] "GET /galeria/nivo-slider/demo/images/banner%20reciclaton%20agosto.jpg HTTP/1.1" 200 244820
66.249.88.189 - - [14/Sep/2019:14:06:35 -0500] "GET /galeria/nivo-slider/demo/images/Banner%20agua.png HTTP/1.1" 200 333961
66.249.88.187 - - [14/Sep/2019:14:06:35 -0500] "GET /galeria/nivo-slider/demo/images/banner%20capacitacion%20rcd%20web.jpg HTTP/1.1" 200 234263
66.249.88.189 - - [14/Sep/2019:14:06:35 -0500] "GET /galeria/nivo-slider/jquery.nivo.slider.pack.js HTTP/1.1" 200 11561
66.249.88.189 - - [14/Sep/2019:14:06:35 -0500] "GET /galeria/nivo-slider/demo/images/Sostenibilidad%20banner.jpg HTTP/1.1" 200 145484
66.249.88.187 - - [14/Sep/2019:14:06:35 -0500] "GET /galeria/nivo-slider/demo/images/Banner%20web%20Ecoempresarial%20ago.jpg HTTP/1.1" 200 752526
66.249.88.191 - - [14/Sep/2019:14:06:35 -0500] "GET /galeria/nivo-slider/demo/images/puntos%20atencion%20BANNER.jpg HTTP/1.1" 200 244208
66.249.88.191 - - [14/Sep/2019:14:06:36 -0500] "GET /galeria/nivo-slider/demo/images/Caminatas%20septiembre%202019.jpg HTTP/1.1" 200 204949
66.249.88.191 - - [14/Sep/2019:14:06:36 -0500] "GET /galeria/nivo-slider/demo/images/Banner%20consumo%20sostenible%20final.jpg HTTP/1.1" 200 364746
66.249.88.187 - - [14/Sep/2019:14:06:36 -0500] "GET /galeria/nivo-slider/demo/images/Banner%20Visor%20Geografico%20Ambiental.jpg HTTP/1.1" 200 204673
66.249.88.191 - - [14/Sep/2019:14:06:36 -0500] "GET /galeria/nivo-slider/demo/images/bannersectorambiente.png HTTP/1.1" 200 308540
66.249.88.189 - - [14/Sep/2019:14:06:36 -0500] "GET /galeria/nivo-slider/demo/images/Banner%20RCD.jpg HTTP/1.1" 200 92197
66.249.88.187 - - [14/Sep/2019:14:06:36 -0500] "GET /galeria/nivo-slider/demo/images/Banner%20Conpes.jpg HTTP/1.1" 200 55220
66.249.88.187 - - [14/Sep/2019:14:06:36 -0500] "GET /galeria/nivo-slider/demo/images/Banner%20practicas%20sostenibles.jpg HTTP/1.1" 200 142958
66.249.88.189 - - [14/Sep/2019:14:06:37 -0500] "GET /galeria/nivo-slider/demo/images/Banner%20POT.png HTTP/1.1" 200 418238
66.249.88.191 - - [14/Sep/2019:14:06:37 -0500] "GET /galeria/nivo-slider/demo/images/BANNER%20punto.jpg HTTP/1.1" 200 75932
66.249.88.187 - - [14/Sep/2019:14:06:37 -0500] "GET /galeria/nivo-slider/demo/images/Banneranonimos.png HTTP/1.1" 200 109388
66.249.88.191 - - [14/Sep/2019:14:06:37 -0500] "GET /galeria/nivo-slider/demo/images/banner-bolsas-plasticas.jpg HTTP/1.1" 200 317939
66.249.88.187 - - [14/Sep/2019:14:06:37 -0500] "GET /galeria/nivo-slider/demo/images/banner-humedales-de-bogota.jpg HTTP/1.1" 200 292611
66.249.64.19 - - [14/Sep/2019:14:06:38 -0500] "GET /BLA/resoluciones/RESOLUCIONES%202008/3743.pdf HTTP/1.1" 200 154078
66.249.88.187 - - [14/Sep/2019:14:06:38 -0500] "GET /galeria/nivo-slider/themes/default/arrows.png HTTP/1.1" 200 824
66.249.88.191 - - [14/Sep/2019:14:06:38 -0500] "GET /galeria/nivo-slider/themes/default/bullets.png HTTP/1.1" 200 1281
66.249.64.20 - - [14/Sep/2019:14:06:40 -0500] "GET /BLA/resoluciones/RESOLUCIONES%202008/5551.pdf HTTP/1.1" 200 158299
207.46.13.174 - - [14/Sep/2019:14:06:45 -0500] "GET /Autoliquidacion/TR%C3%81MITES%20AGUAS%20SUPERFICIALES/Lista%20de%20chequeo%20concesion%20de%20aguas%20superficiales.XLS HTTP/1.1" 304 -
174.141.183.60 - - [14/Sep/2019:14:06:58 -0500] "GET /galeria/galeria/jquery.fancybox.css?v=2.1.5 HTTP/1.1" 200 4895
174.141.183.60 - - [14/Sep/2019:14:06:58 -0500] "GET /BLA/boletinlegal/js/jquery.scrollShow.js HTTP/1.1" 200 4586
174.141.183.60 - - [14/Sep/2019:14:06:58 -0500] "GET /galeria/galeria/jquery.fancybox.js?v=2.1.5 HTTP/1.1" 200 48706
69.162.124.232 - - [14/Sep/2019:14:07:01 -0500] "HEAD / HTTP/1.1" 200 -
66.249.64.19 - - [14/Sep/2019:14:07:05 -0500] "GET /BLA/resoluciones/RESOLUCIONES%202009/0751.pdf HTTP/1.1" 200 426532
54.36.150.100 - - [14/Sep/2019:14:07:09 -0500] "GET /BLA/resoluciones/RESOLUCIONES%202002/RES%202002%201901-1950/20021922.tif HTTP/1.1" 200 138744
179.18.61.220 - - [14/Sep/2019:14:07:12 -0500] "GET /galeria/galeria/jquery.fancybox.css?v=2.1.5 HTTP/1.1" 200 4895
179.18.61.220 - - [14/Sep/2019:14:07:12 -0500] "GET /BLA/boletinlegal/js/jquery.scrollShow.js HTTP/1.1" 200 4586
179.18.61.220 - - [14/Sep/2019:14:07:12 -0500] "GET /galeria/galeria/jquery.fancybox.js?v=2.1.5 HTTP/1.1" 200 48706
66.249.88.187 - - [14/Sep/2019:14:07:20 -0500] "GET /BLA/boletinlegal/js/jquery.scrollShow.js HTTP/1.1" 304 -
66.249.88.191 - - [14/Sep/2019:14:07:20 -0500] "GET /galeria/galeria/jquery.fancybox.js?v=2.1.5 HTTP/1.1" 304 -
66.249.88.189 - - [14/Sep/2019:14:07:20 -0500] "GET /galeria/galeria/jquery.fancybox.css?v=2.1.5 HTTP/1.1" 304 -
186.84.89.34 - - [14/Sep/2019:14:07:21 -0500] "GET /BLA/boletinlegal/js/jquery.scrollShow.js HTTP/1.1" 200 4586
186.84.89.34 - - [14/Sep/2019:14:07:21 -0500] "GET /galeria/galeria/jquery.fancybox.js?v=2.1.5 HTTP/1.1" 200 48706
186.84.89.34 - - [14/Sep/2019:14:07:21 -0500] "GET /galeria/galeria/jquery.fancybox.css?v=2.1.5 HTTP/1.1" 200 4895
190.61.46.4 - - [14/Sep/2019:14:07:22 -0500] "GET /BLA/boletinlegal/js/jquery.scrollShow.js HTTP/1.1" 200 4586
190.61.46.4 - - [14/Sep/2019:14:07:22 -0500] "GET /galeria/galeria/jquery.fancybox.css?v=2.1.5 HTTP/1.1" 200 4895
190.61.46.4 - - [14/Sep/2019:14:07:22 -0500] "GET /galeria/galeria/jquery.fancybox.js?v=2.1.5 HTTP/1.1" 200 48706
186.84.89.34 - - [14/Sep/2019:14:07:22 -0500] "GET /galeria/carrusel/Carrusel/jquery.thumbnailScroller.css HTTP/1.1" 200 2066
186.84.89.34 - - [14/Sep/2019:14:07:22 -0500] "GET /galeria/carrusel/Carrusel/jquery.thumbnailScroller.js HTTP/1.1" 200 8157
186.84.89.34 - - [14/Sep/2019:14:07:22 -0500] "GET /galeria/carrusel/Carrusel/jquery-ui-1.8.13.custom.min.js HTTP/1.1" 200 10800
190.130.122.13 - - [14/Sep/2019:14:07:28 -0500] "GET /galeria/galeria/jquery.fancybox.css?v=2.1.5 HTTP/1.1" 200 4895
190.130.122.13 - - [14/Sep/2019:14:07:28 -0500] "GET /BLA/boletinlegal/js/jquery.scrollShow.js HTTP/1.1" 200 4586
190.130.122.13 - - [14/Sep/2019:14:07:28 -0500] "GET /galeria/galeria/jquery.fancybox.js?v=2.1.5 HTTP/1.1" 200 48706
190.61.46.4 - - [14/Sep/2019:14:07:28 -0500] "GET /BLA/boletinlegal/js/jquery.scrollShow.js HTTP/1.1" 304 -
190.61.46.4 - - [14/Sep/2019:14:07:28 -0500] "GET /galeria/galeria/jquery.fancybox.css?v=2.1.5 HTTP/1.1" 304 -
190.61.46.4 - - [14/Sep/2019:14:07:28 -0500] "GET /galeria/galeria/jquery.fancybox.js?v=2.1.5 HTTP/1.1" 304 -
66.249.88.187 - - [14/Sep/2019:14:07:38 -0500] "GET /galeria/galeria/jquery.fancybox.css?v=2.1.5 HTTP/1.1" 200 4895
66.249.88.187 - - [14/Sep/2019:14:07:38 -0500] "GET /galeria/galeria/jquery.fancybox.js?v=2.1.5 HTTP/1.1" 200 48706
66.249.88.191 - - [14/Sep/2019:14:07:38 -0500] "GET /BLA/boletinlegal/js/jquery.scrollShow.js HTTP/1.1" 200 4586
66.249.64.19 - - [14/Sep/2019:14:07:40 -0500] "GET /BLA/resoluciones/RESOLUCIONES%202008/3425.pdf HTTP/1.1" 200 317625
66.249.64.20 - - [14/Sep/2019:14:07:43 -0500] "GET /BLA/resoluciones/RESOLUCIONES%202009/8818.pdf HTTP/1.1" 200 549105
66.249.64.119 - - [14/Sep/2019:14:07:47 -0500] "GET /dama/libreria/pdf/SAS/DX%20lavanderias.pdf HTTP/1.1" 404 1015
207.46.13.77 - - [14/Sep/2019:14:08:25 -0500] "GET /SIG/Gestion%20Documental/126PA06-PR05%20ORGANIZACION%20Y%20TRANFERENCIA%20DOCUMENTAL.pdf HTTP/1.1" 200 302208
66.249.64.23 - - [14/Sep/2019:14:09:02 -0500] "GET /BLA/resoluciones/RESOLUCIONES%202008/2980.pdf HTTP/1.1" 200 203911
216.244.66.195 - - [14/Sep/2019:14:09:02 -0500] "GET /robots.txt HTTP/1.1" 404 1018
66.249.64.22 - - [14/Sep/2019:14:09:07 -0500] "GET /BLA/resoluciones/RESOLUCIONES%202009/2520.pdf HTTP/1.1" 200 962753
201.245.192.253 - - [14/Sep/2019:14:09:23 -0500] "GET /galeria/nivo-slider/demo/Banner%20sostenibilidad.jpg HTTP/1.1" 404 1314
66.249.64.19 - - [14/Sep/2019:14:09:28 -0500] "GET /BLA/resoluciones/RESOLUCIONES%202009/7740.pdf HTTP/1.1" 200 556894
201.245.192.253 - - [14/Sep/2019:14:09:33 -0500] "GET /galeria/nivo-slider/demo/Banner%20sostenibilidad.jpg HTTP/1.1" 404 1314
42.236.10.109 - - [14/Sep/2019:14:10:08 -0500] "GET / HTTP/1.1" 200 9990
200.122.253.142 - - [14/Sep/2019:14:10:08 -0500] "GET /galeria/galeria/jquery.fancybox.css?v=2.1.5 HTTP/1.1" 200 4895
200.122.253.142 - - [14/Sep/2019:14:10:08 -0500] "GET /BLA/boletinlegal/js/jquery.scrollShow.js HTTP/1.1" 200 4586
200.122.253.142 - - [14/Sep/2019:14:10:08 -0500] "GET /galeria/galeria/jquery.fancybox.js?v=2.1.5 HTTP/1.1" 200 48706
192.168.175.104 - - [14/Sep/2019:14:10:10 -0500] "GET / HTTP/1.0" 200 9990
192.168.175.104 - - [14/Sep/2019:14:10:59 -0500] "GET / HTTP/1.1" 200 9990
66.249.64.20 - - [14/Sep/2019:14:11:45 -0500] "GET /BLA/resoluciones/RESOLUCIONES%202009/0780.pdf HTTP/1.1" 200 282144
66.249.64.20 - - [14/Sep/2019:14:11:46 -0500] "GET /BLA/resoluciones/RESOLUCIONES%202008/1960.pdf HTTP/1.1" 200 17073
66.249.64.19 - - [14/Sep/2019:14:11:49 -0500] "GET /BLA/resoluciones/AUTOS%202011/5990.pdf HTTP/1.1" 200 1819097
66.249.64.19 - - [14/Sep/2019:14:11:52 -0500] "GET /BLA/resoluciones/RESOLUCIONES%202008/5642.pdf HTTP/1.1" 200 236056
69.162.124.232 - - [14/Sep/2019:14:12:01 -0500] "HEAD / HTTP/1.1" 200 -
66.249.64.19 - - [14/Sep/2019:14:12:07 -0500] "GET /BLA/resoluciones/RESOLUCIONES%202009/5654.pdf HTTP/1.1" 200 673040
152.201.16.55 - - [14/Sep/2019:14:12:20 -0500] "GET /galeria/nivo-slider/demo/images/puntos%20atencion%20BANNER.jpg HTTP/1.1" 200 244208
152.201.16.55 - - [14/Sep/2019:14:12:20 -0500] "GET /galeria/nivo-slider/demo/images/Banner%20agua.png HTTP/1.1" 200 333961
152.201.16.55 - - [14/Sep/2019:14:12:20 -0500] "GET /galeria/nivo-slider/demo/images/Sostenibilidad%20banner.jpg HTTP/1.1" 200 145484
152.201.16.55 - - [14/Sep/2019:14:12:20 -0500] "GET /galeria/nivo-slider/demo/images/banner%20capacitacion%20rcd%20web.jpg HTTP/1.1" 200 234263
152.201.16.55 - - [14/Sep/2019:14:12:21 -0500] "GET /galeria/nivo-slider/demo/images/Caminatas%20septiembre%202019.jpg HTTP/1.1" 200 204949
152.201.16.55 - - [14/Sep/2019:14:12:21 -0500] "GET /galeria/nivo-slider/demo/images/Banner%20Visor%20Geografico%20Ambiental.jpg HTTP/1.1" 200 204673
152.201.16.55 - - [14/Sep/2019:14:12:21 -0500] "GET /galeria/nivo-slider/demo/images/Banner%20consumo%20sostenible%20final.jpg HTTP/1.1" 200 364746
152.201.16.55 - - [14/Sep/2019:14:12:21 -0500] "GET /galeria/nivo-slider/demo/images/bannersectorambiente.png HTTP/1.1" 200 308540
152.201.16.55 - - [14/Sep/2019:14:12:22 -0500] "GET /galeria/nivo-slider/demo/images/Banner%20RCD.jpg HTTP/1.1" 200 92197
152.201.16.55 - - [14/Sep/2019:14:12:23 -0500] "GET /galeria/nivo-slider/demo/images/Banner%20Conpes.jpg HTTP/1.1" 200 55220
152.201.16.55 - - [14/Sep/2019:14:12:23 -0500] "GET /galeria/nivo-slider/demo/images/Banner%20practicas%20sostenibles.jpg HTTP/1.1" 200 142958
201.245.192.253 - - [14/Sep/2019:14:12:23 -0500] "GET /galeria/nivo-slider/demo/Banner%20sostenibilidad.jpg HTTP/1.1" 404 1314
152.201.16.55 - - [14/Sep/2019:14:12:23 -0500] "GET /galeria/nivo-slider/demo/images/Banner%20POT.png HTTP/1.1" 200 418238
152.201.16.55 - - [14/Sep/2019:14:12:23 -0500] "GET /galeria/nivo-slider/demo/images/BANNER%20punto.jpg HTTP/1.1" 200 75932
152.201.16.55 - - [14/Sep/2019:14:12:24 -0500] "GET /galeria/nivo-slider/demo/images/Banneranonimos.png HTTP/1.1" 200 109388
