152.201.16.55 - - [14/Sep/2019:14:12:24 -0500] "GET /galeria/nivo-slider/demo/images/banner-humedales-de-bogota.jpg HTTP/1.1" 200 292611
152.201.16.55 - - [14/Sep/2019:14:12:24 -0500] "GET /galeria/nivo-slider/demo/images/banner-bolsas-plasticas.jpg HTTP/1.1" 200 317939
152.201.16.55 - - [14/Sep/2019:14:12:24 -0500] "GET /galeria/nivo-slider/demo/images/4Simple_Slider.png HTTP/1.1" 200 11722
152.201.16.55 - - [14/Sep/2019:14:12:25 -0500] "GET /galeria/nivo-slider/themes/default/loading.gif HTTP/1.1" 200 1737
66.249.64.19 - - [14/Sep/2019:14:12:25 -0500] "GET /BLA/resoluciones/RESOLUCIONES%202009/9452.pdf HTTP/1.1" 200 417966
201.245.192.253 - - [14/Sep/2019:14:12:33 -0500] "GET /galeria/nivo-slider/demo/Banner%20sostenibilidad.jpg HTTP/1.1" 404 1314
186.86.80.120 - - [14/Sep/2019:14:12:33 -0500] "GET /autoliquidacion/Grupo%20Forestal%20-%20Silvicultura/Formato%20de%20ejecuci%C3%B3n%20de%20actividades%20silviculturales.xlsx HTTP/1.1" 200 70292
66.249.64.19 - - [14/Sep/2019:14:12:44 -0500] "GET /BLA/resoluciones/AUTOS%202011/7395.pdf HTTP/1.1" 200 204740
66.249.64.19 - - [14/Sep/2019:14:12:45 -0500] "GET /BLA/resoluciones/AUTOS%202007/0939.pdf HTTP/1.1" 200 56939
66.249.64.19 - - [14/Sep/2019:14:12:53 -0500] "GET /BLA/resoluciones/RESOLUCIONES%202009/8847.pdf HTTP/1.1" 200 465133
66.249.88.189 - - [14/Sep/2019:14:12:56 -0500] "GET /galeria/galeria/jquery.fancybox.js?v=2.1.5 HTTP/1.1" 200 48706
66.249.88.191 - - [14/Sep/2019:14:12:56 -0500] "GET /BLA/boletinlegal/js/jquery.scrollShow.js HTTP/1.1" 200 4586
66.249.88.191 - - [14/Sep/2019:14:12:56 -0500] "GET /galeria/galeria/jquery.fancybox.css?v=2.1.5 HTTP/1.1" 200 4895
66.249.64.19 - - [14/Sep/2019:14:12:56 -0500] "GET /galeria/nivo-slider/demo/images/incendios-forestales.png HTTP/1.1" 304 -
66.249.64.19 - - [14/Sep/2019:14:12:58 -0500] "GET /BLA/resoluciones/AUTOS%202011/5692.pdf HTTP/1.1" 200 138257
190.90.252.212 - - [14/Sep/2019:14:13:06 -0500] "GET /galeria/galeria/jquery.fancybox.css?v=2.1.5 HTTP/1.1" 200 4895
190.90.252.212 - - [14/Sep/2019:14:13:06 -0500] "GET /BLA/boletinlegal/js/jquery.scrollShow.js HTTP/1.1" 200 4586
190.90.252.212 - - [14/Sep/2019:14:13:06 -0500] "GET /galeria/galeria/jquery.fancybox.js?v=2.1.5 HTTP/1.1" 200 48706
66.249.64.19 - - [14/Sep/2019:14:13:07 -0500] "GET /BLA/resoluciones/RESOLUCIONES%202009/1478.pdf HTTP/1.1" 200 476348
66.249.88.191 - - [14/Sep/2019:14:13:09 -0500] "GET /galeria/galeria/jquery.fancybox.css?v=2.1.5 HTTP/1.1" 200 4895
66.249.88.191 - - [14/Sep/2019:14:13:09 -0500] "GET /BLA/boletinlegal/js/jquery.scrollShow.js HTTP/1.1" 200 4586
66.249.88.189 - - [14/Sep/2019:14:13:09 -0500] "GET /galeria/galeria/jquery.fancybox.js?v=2.1.5 HTTP/1.1" 200 48706
66.249.64.20 - - [14/Sep/2019:14:13:21 -0500] "GET /BLA/resoluciones/AUTOS%202017/3639.pdf HTTP/1.1" 200 304664
66.249.88.191 - - [14/Sep/2019:14:13:44 -0500] "GET /galeria/galeria/jquery.fancybox.css?v=2.1.5 HTTP/1.1" 200 4895
66.249.88.187 - - [14/Sep/2019:14:13:44 -0500] "GET /BLA/boletinlegal/js/jquery.scrollShow.js HTTP/1.1" 200 4586
66.249.88.189 - - [14/Sep/2019:14:13:44 -0500] "GET /galeria/galeria/jquery.fancybox.js?v=2.1.5 HTTP/1.1" 200 48706
181.49.188.12 - - [14/Sep/2019:14:13:50 -0500] "GET /BLA/boletinlegal/js/jquery.scrollShow.js HTTP/1.1" 200 4586
181.49.188.12 - - [14/Sep/2019:14:13:50 -0500] "GET /galeria/galeria/jquery.fancybox.css?v=2.1.5 HTTP/1.1" 200 4895
181.49.188.12 - - [14/Sep/2019:14:13:50 -0500] "GET /galeria/galeria/jquery.fancybox.js?v=2.1.5 HTTP/1.1" 200 48706
66.249.64.19 - - [14/Sep/2019:14:13:57 -0500] "GET /BLA/resoluciones/RESOLUCIONES%202010/1260.pdf HTTP/1.1" 200 101256
66.249.64.19 - - [14/Sep/2019:14:14:05 -0500] "GET /BLA/resoluciones/RESOLUCIONES%202013/1520.pdf HTTP/1.1" 200 265004
181.53.12.66 - - [14/Sep/2019:14:14:08 -0500] "GET /galeria/galeria/jquery.fancybox.css?v=2.1.5 HTTP/1.1" 200 4895
181.53.12.66 - - [14/Sep/2019:14:14:08 -0500] "GET /BLA/boletinlegal/js/jquery.scrollShow.js HTTP/1.1" 200 4586
181.53.12.66 - - [14/Sep/2019:14:14:08 -0500] "GET /galeria/galeria/jquery.fancybox.js?v=2.1.5 HTTP/1.1" 200 48706
66.249.64.19 - - [14/Sep/2019:14:14:14 -0500] "GET /BLA/resoluciones/RESOLUCIONES%202008/5160.pdf HTTP/1.1" 200 207563
186.84.88.140 - - [14/Sep/2019:14:14:18 -0500] "-" 408 -
66.249.64.19 - - [14/Sep/2019:14:14:30 -0500] "GET /BLA/resoluciones/RESOLUCIONES%202009/5776.pdf HTTP/1.1" 200 1006847
192.168.175.104 - - [14/Sep/2019:14:15:09 -0500] "GET / HTTP/1.0" 200 9990
201.245.192.253 - - [14/Sep/2019:14:15:23 -0500] "GET /galeria/nivo-slider/demo/Banner%20sostenibilidad.jpg HTTP/1.1" 404 1314
66.249.64.19 - - [14/Sep/2019:14:15:23 -0500] "GET /BLA/resoluciones/RESOLUCIONES%202009/9397.pdf HTTP/1.1" 200 408359
66.249.64.20 - - [14/Sep/2019:14:15:24 -0500] "GET /BLA/resoluciones/RESOLUCIONES%202008/4372.pdf HTTP/1.1" 200 598766
66.249.64.20 - - [14/Sep/2019:14:15:25 -0500] "GET /BLA/resoluciones/RESOLUCIONES%202008/3361.pdf HTTP/1.1" 200 239792
66.249.64.19 - - [14/Sep/2019:14:15:28 -0500] "GET /BLA/resoluciones/RESOLUCIONES%202008/0841.pdf HTTP/1.1" 200 436306
66.249.64.19 - - [14/Sep/2019:14:15:30 -0500] "GET /BLA/resoluciones/RESOLUCIONES%202011/1397.pdf HTTP/1.1" 200 73541
201.245.192.253 - - [14/Sep/2019:14:15:33 -0500] "GET /galeria/nivo-slider/demo/Banner%20sostenibilidad.jpg HTTP/1.1" 404 1314
66.249.64.20 - - [14/Sep/2019:14:15:41 -0500] "GET /BLA/resoluciones/RESOLUCIONES%202009/5868.pdf HTTP/1.1" 200 599497
66.249.64.19 - - [14/Sep/2019:14:15:45 -0500] "GET /BLA/resoluciones/RESOLUCIONES%202010/0952.pdf HTTP/1.1" 200 461769
66.249.64.19 - - [14/Sep/2019:14:15:49 -0500] "GET /BLA/resoluciones/RESOLUCIONES%202011/5311.pdf HTTP/1.1" 200 408600
66.249.88.191 - - [14/Sep/2019:14:15:54 -0500] "GET /galeria/galeria/jquery.fancybox.js?v=2.1.5 HTTP/1.1" 200 48706
66.249.88.187 - - [14/Sep/2019:14:15:54 -0500] "GET /BLA/boletinlegal/js/jquery.scrollShow.js HTTP/1.1" 200 4586
66.249.88.191 - - [14/Sep/2019:14:15:54 -0500] "GET /galeria/galeria/jquery.fancybox.css?v=2.1.5 HTTP/1.1" 200 4895
192.168.175.104 - - [14/Sep/2019:14:15:57 -0500] "GET / HTTP/1.1" 200 9990
66.249.64.19 - - [14/Sep/2019:14:16:48 -0500] "GET /BLA/resoluciones/AUTOS%202007/0234.pdf HTTP/1.1" 200 17864
66.249.64.20 - - [14/Sep/2019:14:16:49 -0500] "GET /BLA/resoluciones/RESOLUCIONES%202009/9477.pdf HTTP/1.1" 200 538565
66.249.64.20 - - [14/Sep/2019:14:16:53 -0500] "GET /BLA/resoluciones/RESOLUCIONES%202009/1503.pdf HTTP/1.1" 200 446488
66.249.64.19 - - [14/Sep/2019:14:16:57 -0500] "GET /BLA/resoluciones/AUTOS%202011/4574.pdf HTTP/1.1" 200 120286
69.162.124.232 - - [14/Sep/2019:14:17:01 -0500] "HEAD / HTTP/1.1" 200 -
66.249.64.19 - - [14/Sep/2019:14:17:09 -0500] "GET /BLA/resoluciones/RESOLUCIONES%202008/1528.pdf HTTP/1.1" 200 67980
152.201.1.50 - - [14/Sep/2019:14:17:10 -0500] "GET /galeria/galeria/fotos/Humedal-la-conejera1G.jpg HTTP/1.1" 200 340987
152.201.1.50 - - [14/Sep/2019:14:17:12 -0500] "GET /galeria/galeria/fotos/Humedal-la-conejera3G.jpg HTTP/1.1" 200 373974
66.249.64.19 - - [14/Sep/2019:14:17:12 -0500] "GET /BLA/resoluciones/RESOLUCIONES%202008/4644.pdf HTTP/1.1" 200 248384
66.249.64.19 - - [14/Sep/2019:14:17:19 -0500] "GET /BLA/resoluciones/RESOLUCIONES%202008/3077.pdf HTTP/1.1" 200 349472
66.249.64.19 - - [14/Sep/2019:14:17:24 -0500] "GET /BLA/resoluciones/RESOLUCIONES%202009/3383.pdf HTTP/1.1" 200 477739
66.249.64.19 - - [14/Sep/2019:14:17:26 -0500] "GET /BLA/resoluciones/RESOLUCIONES%202009/6562.pdf HTTP/1.1" 200 440350
66.249.64.20 - - [14/Sep/2019:14:17:33 -0500] "GET /BLA/resoluciones/RESOLUCIONES%202009/5800.pdf HTTP/1.1" 200 427241
66.249.64.20 - - [14/Sep/2019:14:17:34 -0500] "GET /BLA/resoluciones/AUTOS%202011/0902.pdf HTTP/1.1" 200 288847
66.249.64.19 - - [14/Sep/2019:14:17:36 -0500] "GET /BLA/resoluciones/RESOLUCIONES%202008/0166.pdf HTTP/1.1" 200 305274
66.249.64.19 - - [14/Sep/2019:14:17:44 -0500] "GET /BLA/resoluciones/RESOLUCIONES%202009/9074.pdf HTTP/1.1" 200 510649
66.249.64.19 - - [14/Sep/2019:14:17:45 -0500] "GET /BLA/resoluciones/RESOLUCIONES%202009/2825.pdf HTTP/1.1" 200 467816
46.229.168.130 - - [14/Sep/2019:14:17:48 -0500] "GET /Anexos%20estudio%20Organizacional%20SDA/index.php?dir=ANEXO%2BNo.%2B4%2B-%2BENCUESTA%2BDE%2BAN%C3%83%C2%83%C3%82%C2%81LISIS%2BORGANIZACIONAL%2F&order=desc&sort=size HTTP/1.1" 200 6180
66.249.64.20 - - [14/Sep/2019:14:18:09 -0500] "GET /BLA/resoluciones/AUTOS%202007/3848.pdf HTTP/1.1" 200 90749
201.245.192.253 - - [14/Sep/2019:14:17:20 -0500] "POST /kwsrmcab/Wsrmcab HTTP/1.1" 200 31321
201.245.192.253 - - [14/Sep/2019:14:17:19 -0500] "POST /kwsrmcab/Wsrmcab HTTP/1.1" 200 31324
66.249.64.20 - - [14/Sep/2019:14:18:16 -0500] "GET /BLA/resoluciones/RESOLUCIONES%202008/3321.pdf HTTP/1.1" 200 469430
201.245.192.253 - - [14/Sep/2019:14:18:23 -0500] "GET /galeria/nivo-slider/demo/Banner%20sostenibilidad.jpg HTTP/1.1" 404 1314
181.60.225.160 - - [14/Sep/2019:14:18:28 -0500] "GET /BLA/boletinlegal/js/jquery.scrollShow.js HTTP/1.1" 200 4586
181.60.225.160 - - [14/Sep/2019:14:18:28 -0500] "GET /galeria/galeria/jquery.fancybox.css?v=2.1.5 HTTP/1.1" 200 4895
181.60.225.160 - - [14/Sep/2019:14:18:28 -0500] "GET /galeria/galeria/jquery.fancybox.js?v=2.1.5 HTTP/1.1" 200 48706
201.245.192.253 - - [14/Sep/2019:14:18:33 -0500] "GET /galeria/nivo-slider/demo/Banner%20sostenibilidad.jpg HTTP/1.1" 404 1314
66.249.64.19 - - [14/Sep/2019:14:18:47 -0500] "GET /BLA/resoluciones/AUTOS%202011/7613.pdf HTTP/1.1" 200 222725
66.249.64.19 - - [14/Sep/2019:14:18:48 -0500] "GET /BLA/resoluciones/AUTOS%202011/3098.pdf HTTP/1.1" 200 225367
201.245.192.253 - - [14/Sep/2019:14:18:15 -0500] "POST /kwsrmcab/Wsrmcab HTTP/1.1" 200 31324
66.249.64.20 - - [14/Sep/2019:14:18:49 -0500] "GET /BLA/resoluciones/RESOLUCIONES%202008/3502.pdf HTTP/1.1" 200 304034
66.249.64.20 - - [14/Sep/2019:14:18:52 -0500] "GET /BLA/resoluciones/RESOLUCIONES%202009/2394.pdf HTTP/1.1" 200 373084
66.249.64.19 - - [14/Sep/2019:14:19:02 -0500] "GET /BLA/resoluciones/RESOLUCIONES%202008/0453.pdf HTTP/1.1" 200 239316
181.131.227.7 - - [14/Sep/2019:14:19:04 -0500] "GET /BLA/boletinlegal/js/jquery.scrollShow.js HTTP/1.1" 200 4586
181.131.227.7 - - [14/Sep/2019:14:19:04 -0500] "GET /galeria/galeria/jquery.fancybox.js?v=2.1.5 HTTP/1.1" 200 48706
181.131.227.7 - - [14/Sep/2019:14:19:04 -0500] "GET /galeria/galeria/jquery.fancybox.css?v=2.1.5 HTTP/1.1" 200 4895
181.131.227.7 - - [14/Sep/2019:14:19:04 -0500] "GET /galeria/carrusel/Carrusel/jquery.thumbnailScroller.css HTTP/1.1" 200 2066
181.131.227.7 - - [14/Sep/2019:14:19:04 -0500] "GET /galeria/carrusel/Carrusel/jquery-ui-1.8.13.custom.min.js HTTP/1.1" 200 10800
181.131.227.7 - - [14/Sep/2019:14:19:04 -0500] "GET /galeria/carrusel/Carrusel/jquery.thumbnailScroller.js HTTP/1.1" 200 8157
181.131.227.7 - - [14/Sep/2019:14:19:04 -0500] "GET /galeria/nivo-slider/demo/demo.html HTTP/1.1" 200 5186
181.131.227.7 - - [14/Sep/2019:14:19:04 -0500] "GET /galeria/nivo-slider/themes/orman/orman.css HTTP/1.1" 200 2152
181.131.227.7 - - [14/Sep/2019:14:19:04 -0500] "GET /galeria/nivo-slider/themes/pascal/pascal.css HTTP/1.1" 200 2258
181.131.227.7 - - [14/Sep/2019:14:19:04 -0500] "GET /galeria/nivo-slider/themes/default/default.css HTTP/1.1" 200 1569
181.131.227.7 - - [14/Sep/2019:14:19:04 -0500] "GET /galeria/nivo-slider/nivo-slider.css HTTP/1.1" 200 1507
181.131.227.7 - - [14/Sep/2019:14:19:04 -0500] "GET /galeria/nivo-slider/demo/style.css HTTP/1.1" 200 2222
181.131.227.7 - - [14/Sep/2019:14:19:04 -0500] "GET /galeria/nivo-slider/demo/scripts/jquery-1.7.1.min.js HTTP/1.1" 200 93868
181.131.227.7 - - [14/Sep/2019:14:19:04 -0500] "GET /galeria/nivo-slider/jquery.nivo.slider.pack.js HTTP/1.1" 200 11561
181.131.227.7 - - [14/Sep/2019:14:19:04 -0500] "GET /galeria/nivo-slider/demo/images/banner%20reciclaton%20agosto.jpg HTTP/1.1" 200 244820
181.131.227.7 - - [14/Sep/2019:14:19:04 -0500] "GET /galeria/nivo-slider/demo/images/Banner%20web%20Ecoempresarial%20ago.jpg HTTP/1.1" 200 752526
181.131.227.7 - - [14/Sep/2019:14:19:04 -0500] "GET /galeria/nivo-slider/demo/images/banner%20capacitacion%20rcd%20web.jpg HTTP/1.1" 200 234263
181.131.227.7 - - [14/Sep/2019:14:19:06 -0500] "GET /galeria/nivo-slider/demo/images/Banner%20agua.png HTTP/1.1" 200 333961
181.131.227.7 - - [14/Sep/2019:14:19:06 -0500] "GET /galeria/nivo-slider/demo/images/Sostenibilidad%20banner.jpg HTTP/1.1" 200 145484
181.131.227.7 - - [14/Sep/2019:14:19:08 -0500] "GET /galeria/nivo-slider/demo/images/puntos%20atencion%20BANNER.jpg HTTP/1.1" 200 244208
181.131.227.7 - - [14/Sep/2019:14:19:10 -0500] "GET /galeria/nivo-slider/demo/images/Caminatas%20septiembre%202019.jpg HTTP/1.1" 200 204949
181.131.227.7 - - [14/Sep/2019:14:19:16 -0500] "GET /galeria/nivo-slider/demo/images/Banner%20Visor%20Geografico%20Ambiental.jpg HTTP/1.1" 200 204673
181.131.227.7 - - [14/Sep/2019:14:19:18 -0500] "GET /galeria/nivo-slider/demo/images/Banner%20consumo%20sostenible%20final.jpg HTTP/1.1" 200 364746
181.131.227.7 - - [14/Sep/2019:14:19:21 -0500] "GET /galeria/nivo-slider/demo/images/bannersectorambiente.png HTTP/1.1" 200 308540
181.131.227.7 - - [14/Sep/2019:14:19:21 -0500] "GET /galeria/nivo-slider/demo/images/Banner%20Conpes.jpg HTTP/1.1" 200 55220
181.131.227.7 - - [14/Sep/2019:14:19:22 -0500] "GET /galeria/nivo-slider/demo/images/Banner%20practicas%20sostenibles.jpg HTTP/1.1" 200 142958
181.131.227.7 - - [14/Sep/2019:14:19:22 -0500] "GET /galeria/nivo-slider/demo/images/Banner%20POT.png HTTP/1.1" 200 418238
181.131.227.7 - - [14/Sep/2019:14:19:22 -0500] "GET /galeria/nivo-slider/demo/images/BANNER%20punto.jpg HTTP/1.1" 200 75932
181.131.227.7 - - [14/Sep/2019:14:19:22 -0500] "GET /galeria/nivo-slider/demo/images/Banneranonimos.png HTTP/1.1" 200 109388
181.131.227.7 - - [14/Sep/2019:14:19:23 -0500] "GET /galeria/nivo-slider/demo/images/banner-humedales-de-bogota.jpg HTTP/1.1" 200 292611
181.131.227.7 - - [14/Sep/2019:14:19:23 -0500] "GET /galeria/nivo-slider/demo/images/banner-bolsas-plasticas.jpg HTTP/1.1" 200 317939
181.131.227.7 - - [14/Sep/2019:14:19:23 -0500] "GET /galeria/nivo-slider/demo/images/4Simple_Slider.png HTTP/1.1" 200 11722
181.131.227.7 - - [14/Sep/2019:14:19:24 -0500] "GET /galeria/nivo-slider/themes/default/loading.gif HTTP/1.1" 200 1737
181.131.227.7 - - [14/Sep/2019:14:19:24 -0500] "GET /galeria/nivo-slider/demo/images/Banner%20RCD.jpg HTTP/1.1" 200 92197
181.131.227.7 - - [14/Sep/2019:14:19:32 -0500] "GET /galeria/nivo-slider/themes/default/arrows.png HTTP/1.1" 200 824
181.131.227.7 - - [14/Sep/2019:14:19:32 -0500] "GET /galeria/nivo-slider/themes/default/bullets.png HTTP/1.1" 200 1281
66.249.64.19 - - [14/Sep/2019:14:20:06 -0500] "GET /BLA/resoluciones/AUTOS%202007/0221.pdf HTTP/1.1" 200 32473
201.185.102.89 - - [14/Sep/2019:14:20:06 -0500] "GET /BLA/boletinlegal/js/jquery.scrollShow.js HTTP/1.1" 200 4586
201.185.102.89 - - [14/Sep/2019:14:20:06 -0500] "GET /galeria/galeria/jquery.fancybox.css?v=2.1.5 HTTP/1.1" 200 4895
201.185.102.89 - - [14/Sep/2019:14:20:06 -0500] "GET /galeria/galeria/jquery.fancybox.js?v=2.1.5 HTTP/1.1" 200 48706
66.249.64.20 - - [14/Sep/2019:14:20:07 -0500] "GET /BLA/resoluciones/AUTOS%202011/1607.pdf HTTP/1.1" 200 278524
192.168.175.104 - - [14/Sep/2019:14:20:08 -0500] "GET / HTTP/1.0" 200 9990
46.229.168.139 - - [14/Sep/2019:14:20:09 -0500] "GET /Autoliquidacion/index.php?dir=Solicitud%2Bde%2Bexpedici%C3%83%C2%B3n%2Bde%2Bcertificados%2Bde%2Bestado%2Bde%2Bconservaci%C3%83%C2%B3n%2Bambiental%2B%28CECA%29%2F&order=desc&sort=date HTTP/1.1" 200 6795
201.247.43.146 - - [14/Sep/2019:14:20:16 -0500] "GET /galeria/galeria/jquery.fancybox.css?v=2.1.5 HTTP/1.1" 200 4895
201.247.43.146 - - [14/Sep/2019:14:20:16 -0500] "GET /galeria/galeria/jquery.fancybox.js?v=2.1.5 HTTP/1.1" 200 48706
66.249.88.189 - - [14/Sep/2019:14:20:22 -0500] "GET /galeria/galeria/jquery.fancybox.js?v=2.1.5 HTTP/1.1" 200 48706
66.249.88.191 - - [14/Sep/2019:14:20:22 -0500] "GET /galeria/galeria/jquery.fancybox.css?v=2.1.5 HTTP/1.1" 200 4895
66.249.88.187 - - [14/Sep/2019:14:20:22 -0500] "GET /BLA/boletinlegal/js/jquery.scrollShow.js HTTP/1.1" 200 4586
40.77.167.177 - - [14/Sep/2019:14:20:25 -0500] "GET /silvicultura/8.pdf HTTP/1.1" 200 245468
181.131.227.7 - - [14/Sep/2019:14:20:44 -0500] "GET /galeria/carrusel/Carrusel/jquery-ui-1.8.13.custom.min.js HTTP/1.1" 200 10800
181.131.227.7 - - [14/Sep/2019:14:20:44 -0500] "GET /galeria/galeria/jquery.fancybox.js?v=2.1.5 HTTP/1.1" 200 48706
181.131.227.7 - - [14/Sep/2019:14:20:44 -0500] "GET /galeria/galeria/jquery.fancybox.css?v=2.1.5 HTTP/1.1" 200 4895
181.131.227.7 - - [14/Sep/2019:14:20:44 -0500] "GET /galeria/carrusel/Carrusel/jquery.thumbnailScroller.js HTTP/1.1" 200 8157
181.131.227.7 - - [14/Sep/2019:14:20:47 -0500] "GET /galeria/nivo-slider/demo/style.css HTTP/1.1" 200 2222
181.131.227.7 - - [14/Sep/2019:14:20:47 -0500] "GET /galeria/nivo-slider/nivo-slider.css HTTP/1.1" 200 1507
181.131.227.7 - - [14/Sep/2019:14:20:47 -0500] "GET /galeria/nivo-slider/themes/orman/orman.css HTTP/1.1" 200 2152
181.131.227.7 - - [14/Sep/2019:14:20:47 -0500] "GET /galeria/nivo-slider/demo/images/banner%20reciclaton%20agosto.jpg HTTP/1.1" 200 244820
181.131.227.7 - - [14/Sep/2019:14:20:47 -0500] "GET /galeria/nivo-slider/demo/scripts/jquery-1.7.1.min.js HTTP/1.1" 200 93868
181.131.227.7 - - [14/Sep/2019:14:20:48 -0500] "GET /galeria/nivo-slider/demo/images/Caminatas%20septiembre%202019.jpg HTTP/1.1" 200 204949
181.131.227.7 - - [14/Sep/2019:14:20:47 -0500] "GET /galeria/nivo-slider/demo/images/bannersectorambiente.png HTTP/1.1" 200 308540
181.131.227.7 - - [14/Sep/2019:14:20:48 -0500] "GET /galeria/nivo-slider/demo/images/Banner%20Conpes.jpg HTTP/1.1" 200 55220
181.131.227.7 - - [14/Sep/2019:14:20:49 -0500] "GET /galeria/nivo-slider/demo/images/banner-humedales-de-bogota.jpg HTTP/1.1" 200 292611
181.131.227.7 - - [14/Sep/2019:14:20:50 -0500] "GET /galeria/nivo-slider/demo/images/banner-bolsas-plasticas.jpg HTTP/1.1" 200 317939
192.168.175.104 - - [14/Sep/2019:14:20:55 -0500] "GET / HTTP/1.1" 200 9990
66.249.64.19 - - [14/Sep/2019:14:20:58 -0500] "GET /BLA/resoluciones/AUTOS%202011/2230.pdf HTTP/1.1" 200 108862
66.249.64.20 - - [14/Sep/2019:14:20:59 -0500] "GET /BLA/resoluciones/RESOLUCIONES%202008/1193.pdf HTTP/1.1" 200 955214
66.249.64.19 - - [14/Sep/2019:14:21:01 -0500] "GET /BLA/resoluciones/RESOLUCIONES%202009/7975.pdf HTTP/1.1" 200 530013
66.249.64.19 - - [14/Sep/2019:14:21:06 -0500] "GET /BLA/resoluciones/RESOLUCIONES%202008/0237.pdf HTTP/1.1" 200 286275
66.249.64.20 - - [14/Sep/2019:14:21:09 -0500] "GET /BLA/resoluciones/RESOLUCIONES%202009/2942.pdf HTTP/1.1" 200 657938
66.249.64.19 - - [14/Sep/2019:14:21:12 -0500] "GET /BLA/resoluciones/AUTOS%202011/3732.pdf HTTP/1.1" 200 239663
181.131.227.7 - - [14/Sep/2019:14:21:13 -0500] "GET /galeria/galeria/jquery.fancybox.js?v=2.1.5 HTTP/1.1" 304 -
181.131.227.7 - - [14/Sep/2019:14:21:13 -0500] "GET /BLA/boletinlegal/js/jquery.scrollShow.js HTTP/1.1" 304 -
181.131.227.7 - - [14/Sep/2019:14:21:13 -0500] "GET /galeria/galeria/jquery.fancybox.css?v=2.1.5 HTTP/1.1" 304 -
201.184.76.156 - - [14/Sep/2019:14:21:14 -0500] "GET /galeria/nivo-slider/demo/demo.html HTTP/1.1" 304 -
201.184.76.156 - - [14/Sep/2019:14:21:14 -0500] "GET /galeria/nivo-slider/demo/images/banner%20reciclaton%20agosto.jpg HTTP/1.1" 200 244820
201.184.76.156 - - [14/Sep/2019:14:21:14 -0500] "GET /galeria/nivo-slider/demo/images/Banner%20agua.png HTTP/1.1" 200 333961
201.184.76.156 - - [14/Sep/2019:14:21:14 -0500] "GET /galeria/nivo-slider/demo/images/Banner%20web%20Ecoempresarial%20ago.jpg HTTP/1.1" 200 752526
201.184.76.156 - - [14/Sep/2019:14:21:14 -0500] "GET /galeria/nivo-slider/demo/images/banner%20capacitacion%20rcd%20web.jpg HTTP/1.1" 200 234263
201.184.76.156 - - [14/Sep/2019:14:21:14 -0500] "GET /galeria/nivo-slider/demo/images/Sostenibilidad%20banner.jpg HTTP/1.1" 200 145484
201.184.76.156 - - [14/Sep/2019:14:21:14 -0500] "GET /galeria/nivo-slider/demo/images/puntos%20atencion%20BANNER.jpg HTTP/1.1" 200 244208
201.184.76.156 - - [14/Sep/2019:14:21:14 -0500] "GET /galeria/nivo-slider/demo/images/Caminatas%20septiembre%202019.jpg HTTP/1.1" 200 204949
66.249.64.19 - - [14/Sep/2019:14:21:14 -0500] "GET /BLA/resoluciones/RESOLUCIONES%202009/7965.pdf HTTP/1.1" 200 1782844
201.184.76.156 - - [14/Sep/2019:14:21:14 -0500] "GET /galeria/nivo-slider/demo/images/Banner%20Visor%20Geografico%20Ambiental.jpg HTTP/1.1" 200 204673
201.184.76.156 - - [14/Sep/2019:14:21:15 -0500] "GET /galeria/nivo-slider/demo/images/Banner%20consumo%20sostenible%20final.jpg HTTP/1.1" 200 364746
201.184.76.156 - - [14/Sep/2019:14:21:15 -0500] "GET /galeria/nivo-slider/demo/images/bannersectorambiente.png HTTP/1.1" 200 308540
201.184.76.156 - - [14/Sep/2019:14:21:15 -0500] "GET /galeria/nivo-slider/demo/images/Banner%20RCD.jpg HTTP/1.1" 200 92197
201.184.76.156 - - [14/Sep/2019:14:21:15 -0500] "GET /galeria/nivo-slider/demo/images/Banner%20practicas%20sostenibles.jpg HTTP/1.1" 200 142958
201.184.76.156 - - [14/Sep/2019:14:21:15 -0500] "GET /galeria/nivo-slider/demo/images/Banner%20POT.png HTTP/1.1" 200 418238
201.184.76.156 - - [14/Sep/2019:14:21:16 -0500] "GET /galeria/nivo-slider/demo/images/Banneranonimos.png HTTP/1.1" 200 109388
201.184.76.156 - - [14/Sep/2019:14:21:16 -0500] "GET /galeria/nivo-slider/demo/images/banner-humedales-de-bogota.jpg HTTP/1.1" 200 292611
201.184.76.156 - - [14/Sep/2019:14:21:16 -0500] "GET /galeria/nivo-slider/demo/images/banner-bolsas-plasticas.jpg HTTP/1.1" 200 317939
66.249.64.19 - - [14/Sep/2019:14:21:18 -0500] "GET /BLA/resoluciones/RESOLUCIONES%202008/4853.pdf HTTP/1.1" 200 27964
179.0.146.16 - - [14/Sep/2019:14:21:19 -0500] "GET /BLA/resoluciones/AUTOS%202007/2022.pdf HTTP/1.1" 200 87636
66.249.64.19 - - [14/Sep/2019:14:21:19 -0500] "GET /BLA/resoluciones/RESOLUCIONES%202009/7773.pdf HTTP/1.1" 200 494103
179.0.146.16 - - [14/Sep/2019:14:21:19 -0500] "GET /favicon.ico HTTP/1.1" 304 -
66.249.64.19 - - [14/Sep/2019:14:21:22 -0500] "GET /BLA/resoluciones/RESOLUCIONES%202008/4518.pdf HTTP/1.1" 200 483597
201.245.192.253 - - [14/Sep/2019:14:21:23 -0500] "GET /galeria/nivo-slider/demo/Banner%20sostenibilidad.jpg HTTP/1.1" 404 1314
66.249.64.19 - - [14/Sep/2019:14:21:24 -0500] "GET /galeria/galeria/jquery.fancybox.js?v=2.1.5 HTTP/1.1" 200 48706
66.249.64.19 - - [14/Sep/2019:14:21:27 -0500] "GET /BLA/resoluciones/RESOLUCIONES%202008/2096.pdf HTTP/1.1" 200 18792
66.249.64.19 - - [14/Sep/2019:14:21:29 -0500] "GET /BLA/resoluciones/RESOLUCIONES%202008/1639.pdf HTTP/1.1" 200 230948
66.249.64.19 - - [14/Sep/2019:14:21:32 -0500] "GET /BLA/resoluciones/AUTOS%202011/4967.pdf HTTP/1.1" 200 212327
201.184.76.156 - - [14/Sep/2019:14:21:33 -0500] "GET /BLA/boletinlegal/style.css HTTP/1.1" 200 9406
201.184.76.156 - - [14/Sep/2019:14:21:33 -0500] "GET /BLA/boletinlegal/styles2.css HTTP/1.1" 200 1838
201.184.76.156 - - [14/Sep/2019:14:21:33 -0500] "GET /BLA/boletinlegal/js/jquery.js HTTP/1.1" 200 57254
201.184.76.156 - - [14/Sep/2019:14:21:33 -0500] "GET /BLA/boletinlegal/js/jquery.scrollTo-min.js HTTP/1.1" 200 1150
201.184.76.156 - - [14/Sep/2019:14:21:33 -0500] "GET /BLA/boletinlegal/images/cabezote%20BLEGAL.jpg HTTP/1.1" 200 118164
201.245.192.253 - - [14/Sep/2019:14:21:33 -0500] "GET /galeria/nivo-slider/demo/Banner%20sostenibilidad.jpg HTTP/1.1" 404 1314
201.184.76.156 - - [14/Sep/2019:14:21:33 -0500] "GET /BLA/boletinlegal/images/subscribe-icon-big.png HTTP/1.1" 200 47702
201.184.76.156 - - [14/Sep/2019:14:21:33 -0500] "GET /BLA/boletinlegal/images/historia.png HTTP/1.1" 200 52775
201.184.76.156 - - [14/Sep/2019:14:21:33 -0500] "GET /BLA/boletinlegal/images/registro-usuarios.png HTTP/1.1" 200 8106
201.184.76.156 - - [14/Sep/2019:14:21:33 -0500] "GET /BLA/boletinlegal/images/arr_l.jpg HTTP/1.1" 200 1979
201.184.76.156 - - [14/Sep/2019:14:21:33 -0500] "GET /BLA/boletinlegal/images/screen_1.png HTTP/1.1" 200 202547
201.184.76.156 - - [14/Sep/2019:14:21:33 -0500] "GET /BLA/boletinlegal/images/launch.jpg HTTP/1.1" 200 14577
201.184.76.156 - - [14/Sep/2019:14:21:33 -0500] "GET /BLA/boletinlegal/images/body_bg.jpg HTTP/1.1" 200 1601
201.184.76.156 - - [14/Sep/2019:14:21:33 -0500] "GET /BLA/boletinlegal/images/menu_lft.gif HTTP/1.1" 200 1713
201.184.76.156 - - [14/Sep/2019:14:21:33 -0500] "GET /BLA/boletinlegal/images/menu_rght.gif HTTP/1.1" 200 1627
201.184.76.156 - - [14/Sep/2019:14:21:33 -0500] "GET /BLA/boletinlegal/images/bg_top.jpg HTTP/1.1" 200 522
201.184.76.156 - - [14/Sep/2019:14:21:33 -0500] "GET /BLA/boletinlegal/images/menu_bg.jpg HTTP/1.1" 200 620
201.184.76.156 - - [14/Sep/2019:14:21:33 -0500] "GET /BLA/boletinlegal/images/hover.jpg HTTP/1.1" 200 640
201.184.76.156 - - [14/Sep/2019:14:21:33 -0500] "GET /BLA/boletinlegal/images/text.jpg HTTP/1.1" 200 568
66.249.64.19 - - [14/Sep/2019:14:21:34 -0500] "GET /BLA/resoluciones/RESOLUCIONES%202009/0697.pdf HTTP/1.1" 200 408035
66.249.64.19 - - [14/Sep/2019:14:21:37 -0500] "GET /BLA/resoluciones/AUTOS%202011/6923.pdf HTTP/1.1" 200 135905
201.184.76.156 - - [14/Sep/2019:14:21:39 -0500] "GET /BLA/boletinlegal/images/screen_2.png HTTP/1.1" 200 362502
201.184.76.156 - - [14/Sep/2019:14:21:39 -0500] "GET /BLA/boletinlegal/images/screen_3.png HTTP/1.1" 200 210620
201.184.76.156 - - [14/Sep/2019:14:21:39 -0500] "GET /BLA/boletinlegal/images/arr_r.jpg HTTP/1.1" 200 1998
201.184.76.156 - - [14/Sep/2019:14:21:39 -0500] "GET /BLA/boletinlegal/images/screen_5.png HTTP/1.1" 200 368876
201.184.76.156 - - [14/Sep/2019:14:21:39 -0500] "GET /BLA/boletinlegal/images/footer_bg.jpg HTTP/1.1" 200 586
66.249.64.20 - - [14/Sep/2019:14:21:39 -0500] "GET /BLA/resoluciones/RESOLUCIONES%202009/1557.pdf HTTP/1.1" 200 424747
66.249.88.189 - - [14/Sep/2019:14:21:41 -0500] "GET /galeria/galeria/jquery.fancybox.css?v=2.1.5 HTTP/1.1" 200 4895
66.249.88.187 - - [14/Sep/2019:14:21:41 -0500] "GET /galeria/galeria/jquery.fancybox.js?v=2.1.5 HTTP/1.1" 200 48706
66.249.88.189 - - [14/Sep/2019:14:21:41 -0500] "GET /BLA/boletinlegal/js/jquery.scrollShow.js HTTP/1.1" 200 4586
66.249.64.19 - - [14/Sep/2019:14:21:42 -0500] "GET /BLA/resoluciones/RESOLUCIONES%202009/0962.pdf HTTP/1.1" 200 619471
66.249.64.20 - - [14/Sep/2019:14:21:44 -0500] "GET /BLA/resoluciones/RESOLUCIONES%202009/9741.pdf HTTP/1.1" 200 282177
66.249.64.20 - - [14/Sep/2019:14:21:46 -0500] "GET /BLA/resoluciones/RESOLUCIONES%202010/6642.pdf HTTP/1.1" 200 376579
201.184.76.156 - - [14/Sep/2019:14:21:46 -0500] "GET /BLA/boletinlegal/images/pdf.gif HTTP/1.1" 200 567
66.249.64.20 - - [14/Sep/2019:14:21:49 -0500] "GET /BLA/resoluciones/RESOLUCIONES%202009/6934.pdf HTTP/1.1" 200 116796
69.162.124.232 - - [14/Sep/2019:14:22:01 -0500] "HEAD / HTTP/1.1" 200 -
66.249.64.20 - - [14/Sep/2019:14:22:41 -0500] "GET /galeria/galeria/jquery.fancybox.js?v=2.1.5 HTTP/1.1" 200 48706
201.184.76.156 - - [14/Sep/2019:14:21:33 -0500] "GET /BLA/boletinlegal/index.php? HTTP/1.1" 200 67122
201.184.76.156 - - [14/Sep/2019:14:23:06 -0500] "GET /BLA/boletinlegal/images/tel.png HTTP/1.1" 200 14477
201.184.76.156 - - [14/Sep/2019:14:23:06 -0500] "GET /BLA/boletinlegal/images/img_3.jpg HTTP/1.1" 200 1841
201.184.76.156 - - [14/Sep/2019:14:23:06 -0500] "GET /BLA/boletinlegal/images/icono-email.png HTTP/1.1" 200 5544
201.184.76.156 - - [14/Sep/2019:14:23:06 -0500] "GET /BLA/boletinlegal/images/footer_bg_l.jpg HTTP/1.1" 200 776
201.184.76.156 - - [14/Sep/2019:14:23:06 -0500] "GET /BLA/boletinlegal/images/img_1.jpg HTTP/1.1" 200 8067
201.184.76.156 - - [14/Sep/2019:14:23:06 -0500] "GET /favicon.ico HTTP/1.1" 200 7782
54.36.148.97 - - [14/Sep/2019:14:23:07 -0500] "GET /BLA/resoluciones/RESOLUCIONES%202003/RES%202003%201151-1200/1168.tif HTTP/1.1" 200 234260
181.53.12.105 - - [14/Sep/2019:14:23:09 -0500] "GET /galeria/nivo-slider/demo/demo.html HTTP/1.1" 304 -
181.53.12.105 - - [14/Sep/2019:14:23:10 -0500] "GET /galeria/nivo-slider/demo/images/banner%20capacitacion%20rcd%20web.jpg HTTP/1.1" 304 -
181.53.12.105 - - [14/Sep/2019:14:23:10 -0500] "GET /galeria/nivo-slider/demo/images/Sostenibilidad%20banner.jpg HTTP/1.1" 304 -
66.249.88.187 - - [14/Sep/2019:14:23:32 -0500] "GET /galeria/galeria/jquery.fancybox.js?v=2.1.5 HTTP/1.1" 200 48706
66.249.88.191 - - [14/Sep/2019:14:23:32 -0500] "GET /galeria/galeria/jquery.fancybox.css?v=2.1.5 HTTP/1.1" 200 4895
66.249.88.191 - - [14/Sep/2019:14:23:32 -0500] "GET /BLA/boletinlegal/js/jquery.scrollShow.js HTTP/1.1" 200 4586
66.249.64.20 - - [14/Sep/2019:14:23:34 -0500] "GET /BLA/resoluciones/AUTOS%202011/4368.pdf HTTP/1.1" 200 243419
66.249.64.19 - - [14/Sep/2019:14:23:34 -0500] "GET /BLA/resoluciones/AUTOS%202011/6787.pdf HTTP/1.1" 200 127698
190.24.132.250 - - [14/Sep/2019:14:23:36 -0500] "GET /BLA/resoluciones/RESOLUCIONES%202007/RES%202007%204001%20AL%204100/RESOLUCION%204050%20DE%202007.pdf HTTP/1.1" 200 281001
190.24.132.250 - - [14/Sep/2019:14:23:37 -0500] "GET /favicon.ico HTTP/1.1" 200 7782
201.245.192.253 - - [14/Sep/2019:14:24:23 -0500] "GET /galeria/nivo-slider/demo/Banner%20sostenibilidad.jpg HTTP/1.1" 404 1314
66.249.64.19 - - [14/Sep/2019:14:24:26 -0500] "GET /BLA/resoluciones/AUTOS%202011/7447.pdf HTTP/1.1" 200 1244159
66.249.64.19 - - [14/Sep/2019:14:24:30 -0500] "GET /BLA/resoluciones/RESOLUCIONES%202009/6672.pdf HTTP/1.1" 200 421938
66.249.64.20 - - [14/Sep/2019:14:24:32 -0500] "GET /BLA/resoluciones/AUTOS%202011/7491.pdf HTTP/1.1" 200 140823
201.245.192.253 - - [14/Sep/2019:14:24:33 -0500] "GET /galeria/nivo-slider/demo/Banner%20sostenibilidad.jpg HTTP/1.1" 404 1314
66.249.64.19 - - [14/Sep/2019:14:24:35 -0500] "GET /BLA/resoluciones/AUTOS%202011/2164.pdf HTTP/1.1" 200 121280
66.249.64.19 - - [14/Sep/2019:14:24:38 -0500] "GET /BLA/resoluciones/RESOLUCIONES%202009/1710.pdf HTTP/1.1" 200 681032
66.249.88.189 - - [14/Sep/2019:14:24:40 -0500] "GET /galeria/galeria/jquery.fancybox.js?v=2.1.5 HTTP/1.1" 200 48706
66.249.88.189 - - [14/Sep/2019:14:24:40 -0500] "GET /BLA/boletinlegal/js/jquery.scrollShow.js HTTP/1.1" 200 4586
66.249.88.191 - - [14/Sep/2019:14:24:40 -0500] "GET /galeria/galeria/jquery.fancybox.css?v=2.1.5 HTTP/1.1" 200 4895
66.249.64.19 - - [14/Sep/2019:14:24:41 -0500] "GET /BLA/resoluciones/RESOLUCIONES%202009/4437.pdf HTTP/1.1" 200 423354
66.249.64.20 - - [14/Sep/2019:14:24:44 -0500] "GET /BLA/resoluciones/RESOLUCIONES%202008/2823.pdf HTTP/1.1" 200 255703
66.249.64.20 - - [14/Sep/2019:14:24:47 -0500] "GET /BLA/resoluciones/RESOLUCIONES%202008/2933.pdf HTTP/1.1" 200 229815
192.168.175.104 - - [14/Sep/2019:14:25:06 -0500] "GET / HTTP/1.0" 200 9990
46.229.168.162 - - [14/Sep/2019:14:25:07 -0500] "GET /robots.txt HTTP/1.1" 404 1019
46.229.168.129 - - [14/Sep/2019:14:25:08 -0500] "GET /POT-2013/index.php?dir=expediente%2F&order=desc&sort=date HTTP/1.1" 200 1902
186.84.89.6 - - [14/Sep/2019:14:25:28 -0500] "GET /galeria/galeria/fotos/Entrenube3G.jpg HTTP/1.1" 200 138221
186.84.89.6 - - [14/Sep/2019:14:25:29 -0500] "GET /galeria/galeria/fotos/Entrenube1G.jpg HTTP/1.1" 200 98766
186.84.89.6 - - [14/Sep/2019:14:25:30 -0500] "GET /galeria/galeria/fotos/Entrenube4G.jpg HTTP/1.1" 200 171047
66.249.64.19 - - [14/Sep/2019:14:25:40 -0500] "GET /BLA/resoluciones/AUTOS%202011/3098.pdf HTTP/1.1" 200 225367
66.249.88.191 - - [14/Sep/2019:14:25:40 -0500] "GET /galeria/galeria/jquery.fancybox.js?v=2.1.5 HTTP/1.1" 200 48706
66.249.88.189 - - [14/Sep/2019:14:25:40 -0500] "GET /BLA/boletinlegal/js/jquery.scrollShow.js HTTP/1.1" 200 4586
66.249.88.191 - - [14/Sep/2019:14:25:40 -0500] "GET /galeria/galeria/jquery.fancybox.css?v=2.1.5 HTTP/1.1" 200 4895
66.249.64.19 - - [14/Sep/2019:14:25:41 -0500] "GET /BLA/resoluciones/AUTOS%202011/6249.pdf HTTP/1.1" 200 195460
66.249.64.19 - - [14/Sep/2019:14:25:43 -0500] "GET /BLA/resoluciones/RESOLUCIONES%202009/3505.pdf HTTP/1.1" 200 698042
66.249.64.19 - - [14/Sep/2019:14:25:46 -0500] "GET /BLA/resoluciones/RESOLUCIONES%202009/2063.pdf HTTP/1.1" 200 1010299
66.249.64.19 - - [14/Sep/2019:14:25:49 -0500] "GET /BLA/resoluciones/RESOLUCIONES%202009/5429.pdf HTTP/1.1" 200 101488
66.249.64.20 - - [14/Sep/2019:14:25:52 -0500] "GET /BLA/resoluciones/AUTOS%202015/4055.pdf HTTP/1.1" 200 670809
192.168.175.104 - - [14/Sep/2019:14:25:54 -0500] "GET / HTTP/1.1" 200 9990
66.249.64.20 - - [14/Sep/2019:14:25:55 -0500] "GET /BLA/resoluciones/RESOLUCIONES%202008/0445.pdf HTTP/1.1" 200 211918
186.84.21.232 - - [14/Sep/2019:14:26:15 -0500] "GET /galeria/galeria/jquery.fancybox.css?v=2.1.5 HTTP/1.1" 200 4895
186.84.21.232 - - [14/Sep/2019:14:26:15 -0500] "GET /BLA/boletinlegal/js/jquery.scrollShow.js HTTP/1.1" 200 4586
186.84.21.232 - - [14/Sep/2019:14:26:15 -0500] "GET /galeria/galeria/jquery.fancybox.js?v=2.1.5 HTTP/1.1" 200 48706
69.30.205.218 - - [14/Sep/2019:14:26:30 -0500] "GET /robots.txt HTTP/1.1" 404 1015
69.30.205.218 - - [14/Sep/2019:14:26:31 -0500] "GET /PORTAL_SIAC/?C=N;O=A/ HTTP/1.1" 200 1215
69.30.205.218 - - [14/Sep/2019:14:26:33 -0500] "GET /StormSDA/userFiles%20-%20Copy%2019-07-2012/user_files/formatos/eventos/?C=M;O=A/ HTTP/1.1" 200 910
69.30.205.218 - - [14/Sep/2019:14:26:35 -0500] "GET /StormSDA/userFiles%20-%20Copy%2019-07-2012/user_files/formatos/eventos/?C=S;O=A/ HTTP/1.1" 200 910
69.30.205.218 - - [14/Sep/2019:14:26:36 -0500] "GET /robots.txt HTTP/1.1" 404 1019
69.30.205.218 - - [14/Sep/2019:14:26:37 -0500] "GET /PruebasSTORM/StormSDA_pruebas/userFiles/user_files/?C=D;O=A/ HTTP/1.1" 200 5906
69.30.205.218 - - [14/Sep/2019:14:26:39 -0500] "GET /PruebasSTORM/StormSDA_pruebas/userFiles/user_files/?C=M;O=A/ HTTP/1.1" 200 5906
69.30.205.218 - - [14/Sep/2019:14:26:41 -0500] "GET /PruebasSTORM/StormSDA_pruebas/userFiles/user_files/?C=S;O=A/ HTTP/1.1" 200 5906
69.30.205.218 - - [14/Sep/2019:14:26:43 -0500] "GET /PruebasSTORM/StormSDA_pruebas/userFiles/user_files/formatos/?C=D;O=A/ HTTP/1.1" 200 12856
69.30.205.218 - - [14/Sep/2019:14:26:45 -0500] "GET /PruebasSTORM/StormSDA_pruebas/userFiles/user_files/formatos/?C=M;O=A/ HTTP/1.1" 200 12856
69.30.205.218 - - [14/Sep/2019:14:26:47 -0500] "GET /PruebasSTORM/StormSDA_pruebas/userFiles/user_files/formatos/?C=N;O=D/ HTTP/1.1" 200 12856
66.249.64.20 - - [14/Sep/2019:14:26:48 -0500] "GET /BLA/resoluciones/AUTOS%202011/4135.pdf HTTP/1.1" 200 202644
69.30.205.218 - - [14/Sep/2019:14:26:49 -0500] "GET /PruebasSTORM/StormSDA_pruebas/userFiles/user_files/formatos/?C=S;O=A/ HTTP/1.1" 200 12856
66.249.64.19 - - [14/Sep/2019:14:26:49 -0500] "GET /BLA/resoluciones/RESOLUCIONES%202008/1472.pdf HTTP/1.1" 200 297184
69.30.205.218 - - [14/Sep/2019:14:26:50 -0500] "GET /PruebasSTORM/StormSDA_pruebas/userFiles/user_files/formatos/eventos/?C=D;O=A/ HTTP/1.1" 200 917
66.249.64.20 - - [14/Sep/2019:14:26:51 -0500] "GET /BLA/resoluciones/RESOLUCIONES%202009/9465.pdf HTTP/1.1" 200 379903
69.30.205.218 - - [14/Sep/2019:14:26:52 -0500] "GET /PruebasSTORM/StormSDA_pruebas/userFiles/user_files/formatos/eventos/?C=M;O=A/ HTTP/1.1" 200 917
69.30.205.218 - - [14/Sep/2019:14:26:54 -0500] "GET /PruebasSTORM/StormSDA_pruebas/userFiles/user_files/formatos/eventos/?C=N;O=D/ HTTP/1.1" 200 917
66.249.64.19 - - [14/Sep/2019:14:26:55 -0500] "GET /BLA/resoluciones/RESOLUCIONES%202009/8646.pdf HTTP/1.1" 200 52580
69.30.205.218 - - [14/Sep/2019:14:26:56 -0500] "GET /PruebasSTORM/StormSDA_pruebas/userFiles/user_files/formatos/eventos/?C=S;O=A/ HTTP/1.1" 200 917
69.30.205.218 - - [14/Sep/2019:14:26:57 -0500] "GET /PruebasSTORM/StormSDA_pruebas/userFiles/user_files/formulas/2/?C=N;O=D/ HTTP/1.1" 200 11400
66.249.64.19 - - [14/Sep/2019:14:26:58 -0500] "GET /BLA/resoluciones/RESOLUCIONES%202012/0850.pdf HTTP/1.1" 200 431350
69.30.205.218 - - [14/Sep/2019:14:26:59 -0500] "GET /SIG/index.php/Comunicaciones/126PG02-PR06.pdf/?dir=Comunicaciones// HTTP/1.1" 200 3285
66.249.64.19 - - [14/Sep/2019:14:27:01 -0500] "GET /BLA/resoluciones/AUTOS%202011/7703.pdf HTTP/1.1" 200 553012
207.46.13.183 - - [14/Sep/2019:14:27:01 -0500] "GET / HTTP/1.1" 200 9990
69.162.124.232 - - [14/Sep/2019:14:27:01 -0500] "HEAD / HTTP/1.1" 200 -
207.46.13.183 - - [14/Sep/2019:14:27:02 -0500] "GET /SIG/Gesti%C3%B3n%20Ambiental/126PM03-PR06.pdf HTTP/1.1" 200 572888
69.30.205.218 - - [14/Sep/2019:14:27:03 -0500] "GET /SIG/index.php/Comunicaciones/126PG02-PR06.pdf/?dir=Control%20Disciplinario// HTTP/1.1" 200 3084
66.249.64.19 - - [14/Sep/2019:14:27:04 -0500] "GET /BLA/resoluciones/RESOLUCIONES%202009/8237.pdf HTTP/1.1" 200 104784
69.30.205.218 - - [14/Sep/2019:14:27:05 -0500] "GET /SIG/index.php/Comunicaciones/126PG02-PR06.pdf/?dir=Control%20y%20mejora// HTTP/1.1" 200 3185
157.55.39.161 - - [14/Sep/2019:14:27:06 -0500] "GET /SIG/Gesti%C3%B3n%20Ambiental/126PM03-PR01.pdf HTTP/1.1" 200 377677
66.249.64.20 - - [14/Sep/2019:14:27:07 -0500] "GET /BLA/resoluciones/RESOLUCIONES%202007/RES%202007%201726%20AL%201800/RESOLUCION%201748%20DE%202007.pdf HTTP/1.1" 200 148852
69.30.205.218 - - [14/Sep/2019:14:27:07 -0500] "GET /SIG/index.php/Comunicaciones/126PG02-PR06.pdf/?dir=Direccionamiento%20Estrategico// HTTP/1.1" 200 4348
66.249.64.19 - - [14/Sep/2019:14:27:10 -0500] "GET /galeria/galeria/fotos/2humedal-Burro2P.jpg HTTP/1.1" 304 -
69.30.205.218 - - [14/Sep/2019:14:27:13 -0500] "GET /SIG/index.php/Gestion%20Recursos%20Financieros/126PA02-PR03%20CONSTITUCION%20RESERVAS.pdf/?dir=&sort=size&order=asc/ HTTP/1.1" 200 5902
66.249.64.19 - - [14/Sep/2019:14:27:13 -0500] "GET /BLA/resoluciones/RESOLUCIONES%202009/4583.pdf HTTP/1.1" 200 642899
66.249.64.19 - - [14/Sep/2019:14:27:16 -0500] "GET /BLA/resoluciones/RESOLUCIONES%202017/0313.pdf HTTP/1.1" 200 408946
69.30.205.218 - - [14/Sep/2019:14:27:16 -0500] "GET /SIG/index.php/Gestion%20Recursos%20Financieros/126PA02-PR03%20CONSTITUCION%20RESERVAS.pdf/?dir=Comunicaciones// HTTP/1.1" 200 3565
179.7.193.12 - - [14/Sep/2019:14:27:17 -0500] "GET /galeria/galeria/fotos/cusumbo4G.jpg HTTP/1.1" 200 292522
66.249.64.20 - - [14/Sep/2019:14:27:19 -0500] "GET /BLA/resoluciones/RESOLUCIONES%202008/1845.pdf HTTP/1.1" 200 293294
69.30.205.218 - - [14/Sep/2019:14:27:19 -0500] "GET /SIG/index.php/Gestion%20Recursos%20Financieros/126PA02-PR03%20CONSTITUCION%20RESERVAS.pdf/?dir=Control%20Disciplinario// HTTP/1.1" 200 3364
201.245.192.253 - - [14/Sep/2019:14:27:23 -0500] "GET /galeria/nivo-slider/demo/Banner%20sostenibilidad.jpg HTTP/1.1" 404 1314
69.30.205.218 - - [14/Sep/2019:14:27:23 -0500] "GET /SIG/index.php/Gestion%20Recursos%20Financieros/126PA02-PR06%20MODIFICACIONES%20PRESUPUESTALES.pdf/ECS/126PM04-PR53.pdf/?dir=ECS// HTTP/1.1" 200 17579
66.249.64.19 - - [14/Sep/2019:14:27:25 -0500] "GET /BLA/resoluciones/RESOLUCIONES%202009/9236.pdf HTTP/1.1" 200 517446
66.249.64.20 - - [14/Sep/2019:14:27:28 -0500] "GET /BLA/resoluciones/RESOLUCIONES%202009/6246.pdf HTTP/1.1" 200 480647
69.30.205.218 - - [14/Sep/2019:14:27:30 -0500] "GET /SIG/index.php?dir=&sort=date&order=asc/ HTTP/1.1" 200 4513
66.249.64.19 - - [14/Sep/2019:14:27:31 -0500] "GET /BLA/resoluciones/RESOLUCIONES%202009/3548.pdf HTTP/1.1" 200 681925
201.245.192.253 - - [14/Sep/2019:14:27:33 -0500] "GET /galeria/nivo-slider/demo/Banner%20sostenibilidad.jpg HTTP/1.1" 404 1314
66.249.64.19 - - [14/Sep/2019:14:27:33 -0500] "GET /BLA/resoluciones/RESOLUCIONES%202009/5080.pdf HTTP/1.1" 200 520205
69.30.205.218 - - [14/Sep/2019:14:27:34 -0500] "GET /SIG/index.php?dir=&sort=size&order=asc/ HTTP/1.1" 200 4513
66.249.64.20 - - [14/Sep/2019:14:27:36 -0500] "GET /BLA/resoluciones/RESOLUCIONES%202008/4856.pdf HTTP/1.1" 200 430739
69.30.205.218 - - [14/Sep/2019:14:27:37 -0500] "GET /SIG/index.php?dir=Comunicaciones// HTTP/1.1" 200 3004
66.249.64.20 - - [14/Sep/2019:14:27:39 -0500] "GET /BLA/resoluciones/RESOLUCIONES%202009/9303.pdf HTTP/1.1" 200 1432975
69.30.205.218 - - [14/Sep/2019:14:27:43 -0500] "GET /SIG/index.php?dir=Control%20Disciplinario// HTTP/1.1" 200 2803
181.49.71.247 - - [14/Sep/2019:14:27:45 -0500] "GET /BLA/boletinlegal/js/jquery.scrollShow.js HTTP/1.1" 200 4586
181.49.71.247 - - [14/Sep/2019:14:27:45 -0500] "GET /galeria/galeria/jquery.fancybox.css?v=2.1.5 HTTP/1.1" 200 4895
181.49.71.247 - - [14/Sep/2019:14:27:45 -0500] "GET /galeria/galeria/jquery.fancybox.js?v=2.1.5 HTTP/1.1" 200 48706
69.30.205.218 - - [14/Sep/2019:14:27:49 -0500] "GET /SIG/index.php?dir=Direccionamiento%20Estrategico// HTTP/1.1" 200 4067
201.245.192.253 - - [14/Sep/2019:14:27:19 -0500] "POST /kwsrmcab/Wsrmcab HTTP/1.1" 200 31321
69.30.205.218 - - [14/Sep/2019:14:27:55 -0500] "GET /SIG/index.php?dir=Gestion%20Recursos%20Financieros// HTTP/1.1" 200 8977
66.249.88.187 - - [14/Sep/2019:14:27:56 -0500] "GET /galeria/galeria/jquery.fancybox.css?v=2.1.5 HTTP/1.1" 200 4895
66.249.88.191 - - [14/Sep/2019:14:27:57 -0500] "GET /galeria/galeria/jquery.fancybox.js?v=2.1.5 HTTP/1.1" 200 48706
66.249.88.187 - - [14/Sep/2019:14:27:57 -0500] "GET /BLA/boletinlegal/js/jquery.scrollShow.js HTTP/1.1" 200 4586
66.249.88.189 - - [14/Sep/2019:14:28:16 -0500] "GET /Residuos/metalmecanica/metalmecanica.html HTTP/1.1" 200 1969
66.249.88.187 - - [14/Sep/2019:14:28:17 -0500] "GET /favicon.ico HTTP/1.1" 200 7782
165.225.34.175 - - [14/Sep/2019:14:28:22 -0500] "GET /BLA/boletinlegal/js/jquery.scrollShow.js HTTP/1.1" 200 4586
165.225.34.175 - - [14/Sep/2019:14:28:22 -0500] "GET /galeria/galeria/jquery.fancybox.css?v=2.1.5 HTTP/1.1" 200 4895
165.225.34.175 - - [14/Sep/2019:14:28:22 -0500] "GET /galeria/galeria/jquery.fancybox.js?v=2.1.5 HTTP/1.1" 200 48706
186.144.250.116 - - [14/Sep/2019:14:28:26 -0500] "GET /BLA/boletinlegal/js/jquery.scrollShow.js HTTP/1.1" 200 4586
186.144.250.116 - - [14/Sep/2019:14:28:26 -0500] "GET /galeria/galeria/jquery.fancybox.js?v=2.1.5 HTTP/1.1" 200 48706
66.249.64.19 - - [14/Sep/2019:14:28:32 -0500] "GET /BLA/resoluciones/AUTOS%202011/1318.pdf HTTP/1.1" 200 169811
190.158.89.187 - - [14/Sep/2019:14:28:52 -0500] "GET /galeria/galeria/jquery.fancybox.css?v=2.1.5 HTTP/1.1" 200 4895
190.158.89.187 - - [14/Sep/2019:14:28:52 -0500] "GET /galeria/galeria/jquery.fancybox.js?v=2.1.5 HTTP/1.1" 200 48706
190.158.89.187 - - [14/Sep/2019:14:28:52 -0500] "GET /BLA/boletinlegal/js/jquery.scrollShow.js HTTP/1.1" 200 4586
66.249.88.191 - - [14/Sep/2019:14:28:53 -0500] "GET /Residuos/metalmecanica/metalmecanica.html HTTP/1.1" 304 -
66.249.88.189 - - [14/Sep/2019:14:28:54 -0500] "GET /favicon.ico HTTP/1.1" 200 7782
66.249.88.189 - - [14/Sep/2019:14:29:06 -0500] "-" 408 -
66.249.88.191 - - [14/Sep/2019:14:29:06 -0500] "-" 408 -
66.249.88.191 - - [14/Sep/2019:14:29:06 -0500] "-" 408 -
66.249.88.187 - - [14/Sep/2019:14:29:07 -0500] "-" 408 -
66.249.88.189 - - [14/Sep/2019:14:29:07 -0500] "-" 408 -
66.249.88.189 - - [14/Sep/2019:14:29:07 -0500] "-" 408 -
66.249.88.189 - - [14/Sep/2019:14:29:23 -0500] "GET /Residuos/metalmecanica/metalmecanica.html HTTP/1.1" 304 -
66.249.88.189 - - [14/Sep/2019:14:29:24 -0500] "GET /favicon.ico HTTP/1.1" 200 7782
66.249.64.19 - - [14/Sep/2019:14:29:24 -0500] "GET /BLA/resoluciones/RESOLUCIONES%202013/1117.pdf HTTP/1.1" 200 3786752
66.249.88.191 - - [14/Sep/2019:14:29:27 -0500] "GET /Residuos/metalmecanica/metalmecanica.html HTTP/1.1" 304 -
66.249.88.187 - - [14/Sep/2019:14:29:28 -0500] "GET /favicon.ico HTTP/1.1" 200 7782
66.249.64.19 - - [14/Sep/2019:14:29:28 -0500] "GET /BLA/resoluciones/AUTOS%202007/2135.pdf HTTP/1.1" 304 -
66.249.64.19 - - [14/Sep/2019:14:29:29 -0500] "GET /BLA/resoluciones/RESOLUCIONES%202009/3594.pdf HTTP/1.1" 200 98775
66.249.88.187 - - [14/Sep/2019:14:29:32 -0500] "GET /Residuos/metalmecanica/metalmecanica.html HTTP/1.1" 304 -
66.249.88.191 - - [14/Sep/2019:14:29:34 -0500] "GET /favicon.ico HTTP/1.1" 200 7782
66.249.88.187 - - [14/Sep/2019:14:30:00 -0500] "GET /Residuos/metalmecanica/metalmecanica.html HTTP/1.1" 304 -
190.24.57.208 - - [14/Sep/2019:14:30:02 -0500] "GET /BLA/boletinlegal/js/jquery.scrollShow.js HTTP/1.1" 200 4586
190.24.57.208 - - [14/Sep/2019:14:30:02 -0500] "GET /galeria/galeria/jquery.fancybox.css?v=2.1.5 HTTP/1.1" 200 4895
190.24.57.208 - - [14/Sep/2019:14:30:02 -0500] "GET /galeria/galeria/jquery.fancybox.js?v=2.1.5 HTTP/1.1" 200 48706
190.143.25.118 - - [14/Sep/2019:14:30:03 -0500] "GET /galeria/galeria/jquery.fancybox.css?v=2.1.5 HTTP/1.1" 200 4895
192.168.175.104 - - [14/Sep/2019:14:30:04 -0500] "GET / HTTP/1.0" 200 9990
190.143.25.118 - - [14/Sep/2019:14:30:04 -0500] "GET /BLA/boletinlegal/js/jquery.scrollShow.js HTTP/1.1" 200 4586
190.143.25.118 - - [14/Sep/2019:14:30:04 -0500] "GET /galeria/galeria/jquery.fancybox.js?v=2.1.5 HTTP/1.1" 200 48706
66.249.88.187 - - [14/Sep/2019:14:30:11 -0500] "GET /favicon.ico HTTP/1.1" 200 7782
201.245.192.253 - - [14/Sep/2019:14:30:23 -0500] "GET /galeria/nivo-slider/demo/Banner%20sostenibilidad.jpg HTTP/1.1" 404 1314
201.245.192.253 - - [14/Sep/2019:14:30:33 -0500] "GET /galeria/nivo-slider/demo/Banner%20sostenibilidad.jpg HTTP/1.1" 404 1314
66.249.64.19 - - [14/Sep/2019:14:30:40 -0500] "GET /BLA/resoluciones/RESOLUCIONES%202009/2789.pdf HTTP/1.1" 200 791155
66.249.64.20 - - [14/Sep/2019:14:30:43 -0500] "GET /BLA/resoluciones/AUTOS%202011/6846.pdf HTTP/1.1" 200 201482
66.249.64.19 - - [14/Sep/2019:14:30:50 -0500] "GET /BLA/resoluciones/RESOLUCIONES%202009/6490.pdf HTTP/1.1" 200 429149
192.168.175.104 - - [14/Sep/2019:14:30:52 -0500] "GET / HTTP/1.1" 200 9990
66.249.64.19 - - [14/Sep/2019:14:30:56 -0500] "GET /BLA/resoluciones/RESOLUCIONES%202009/1046.pdf HTTP/1.1" 200 204561
191.111.154.217 - - [14/Sep/2019:14:31:01 -0500] "GET /BLA/boletinlegal/js/jquery.scrollShow.js HTTP/1.1" 200 4586
191.111.154.217 - - [14/Sep/2019:14:31:01 -0500] "GET /galeria/galeria/jquery.fancybox.js?v=2.1.5 HTTP/1.1" 200 48706
191.111.154.217 - - [14/Sep/2019:14:31:01 -0500] "GET /galeria/galeria/jquery.fancybox.css?v=2.1.5 HTTP/1.1" 200 4895
66.249.88.187 - - [14/Sep/2019:14:31:08 -0500] "GET /Residuos/metalmecanica/metalmecanica.html HTTP/1.1" 304 -
66.249.88.189 - - [14/Sep/2019:14:31:08 -0500] "GET /favicon.ico HTTP/1.1" 200 7782
190.84.116.160 - - [14/Sep/2019:14:31:22 -0500] "GET /BLA/resoluciones/RESOLUCIONES%202017/0906.pdf HTTP/1.1" 200 357089
190.84.116.160 - - [14/Sep/2019:14:31:23 -0500] "GET /favicon.ico HTTP/1.1" 200 7782
186.154.85.10 - - [14/Sep/2019:14:31:34 -0500] "-" 408 -
66.249.64.19 - - [14/Sep/2019:14:31:38 -0500] "GET /galeria/galeria/fotos/1humedal-Burro1P.jpg HTTP/1.1" 304 -
69.162.124.232 - - [14/Sep/2019:14:32:01 -0500] "HEAD / HTTP/1.1" 200 -
66.249.64.19 - - [14/Sep/2019:14:32:09 -0500] "GET /galeria/galeria/jquery.fancybox.js?v=2.1.5 HTTP/1.1" 200 48706
66.249.64.19 - - [14/Sep/2019:14:32:35 -0500] "GET /BLA/resoluciones/RESOLUCIONES%202008/0990.pdf HTTP/1.1" 200 211589
186.170.198.165 - - [14/Sep/2019:14:32:38 -0500] "GET /galeria/galeria/jquery.fancybox.css?v=2.1.5 HTTP/1.1" 200 4895
186.170.198.165 - - [14/Sep/2019:14:32:38 -0500] "GET /BLA/boletinlegal/js/jquery.scrollShow.js HTTP/1.1" 200 4586
186.170.198.165 - - [14/Sep/2019:14:32:38 -0500] "GET /galeria/galeria/jquery.fancybox.js?v=2.1.5 HTTP/1.1" 200 48706
66.249.88.191 - - [14/Sep/2019:14:32:47 -0500] "GET /BLA/boletinlegal/js/jquery.scrollShow.js HTTP/1.1" 200 4586
66.249.88.187 - - [14/Sep/2019:14:32:47 -0500] "GET /galeria/galeria/jquery.fancybox.css?v=2.1.5 HTTP/1.1" 200 4895
66.249.88.189 - - [14/Sep/2019:14:32:47 -0500] "GET /galeria/galeria/jquery.fancybox.js?v=2.1.5 HTTP/1.1" 200 48706
201.245.192.253 - - [14/Sep/2019:14:33:23 -0500] "GET /galeria/nivo-slider/demo/Banner%20sostenibilidad.jpg HTTP/1.1" 404 1314
201.245.192.253 - - [14/Sep/2019:14:33:33 -0500] "GET /galeria/nivo-slider/demo/Banner%20sostenibilidad.jpg HTTP/1.1" 404 1314
66.249.64.19 - - [14/Sep/2019:14:33:47 -0500] "GET /BLA/resoluciones/RESOLUCIONES%202007/RES%202007%201401%20AL%201500/RESOLUCION%201405%20DE%202007.pdf HTTP/1.1" 200 216229
66.249.64.20 - - [14/Sep/2019:14:33:57 -0500] "GET /BLA/resoluciones/AUTOS%202011/5275.pdf HTTP/1.1" 200 233981
66.249.64.19 - - [14/Sep/2019:14:34:12 -0500] "GET /BLA/resoluciones/AUTOS%202011/2933.pdf HTTP/1.1" 200 487992
66.249.64.19 - - [14/Sep/2019:14:34:37 -0500] "GET /BLA/resoluciones/RESOLUCIONES%202009/6069.pdf HTTP/1.1" 200 428003
192.168.175.104 - - [14/Sep/2019:14:35:02 -0500] "GET / HTTP/1.0" 200 9990
66.249.88.187 - - [14/Sep/2019:14:35:17 -0500] "GET /BLA/boletinlegal/js/jquery.scrollShow.js HTTP/1.1" 200 4586
66.249.88.189 - - [14/Sep/2019:14:35:17 -0500] "GET /galeria/galeria/jquery.fancybox.css?v=2.1.5 HTTP/1.1" 200 4895
66.249.88.187 - - [14/Sep/2019:14:35:17 -0500] "GET /galeria/galeria/jquery.fancybox.js?v=2.1.5 HTTP/1.1" 200 48706
186.81.92.203 - - [14/Sep/2019:14:35:28 -0500] "GET /galeria/galeria/jquery.fancybox.css?v=2.1.5 HTTP/1.1" 200 4895
186.81.92.203 - - [14/Sep/2019:14:35:30 -0500] "GET /BLA/boletinlegal/js/jquery.scrollShow.js HTTP/1.1" 200 4586
186.81.92.203 - - [14/Sep/2019:14:35:30 -0500] "GET /galeria/galeria/jquery.fancybox.js?v=2.1.5 HTTP/1.1" 200 48706
201.236.200.227 - - [14/Sep/2019:14:35:35 -0500] "GET /BLA/resoluciones/RESOLUCIONES%202015/0775.pdf HTTP/1.1" 200 4250452
201.236.200.227 - - [14/Sep/2019:14:35:36 -0500] "GET /favicon.ico HTTP/1.1" 200 7782
186.84.187.79 - - [14/Sep/2019:14:35:47 -0500] "GET /galeria/galeria/jquery.fancybox.css?v=2.1.5 HTTP/1.1" 200 4895
186.84.187.79 - - [14/Sep/2019:14:35:47 -0500] "GET /galeria/galeria/jquery.fancybox.js?v=2.1.5 HTTP/1.1" 200 48706
186.84.187.79 - - [14/Sep/2019:14:35:47 -0500] "GET /BLA/boletinlegal/js/jquery.scrollShow.js HTTP/1.1" 200 4586
192.168.175.104 - - [14/Sep/2019:14:35:50 -0500] "GET / HTTP/1.1" 200 9990
66.249.64.19 - - [14/Sep/2019:14:36:11 -0500] "GET /galeria/galeria/fotos/1humedal-Burro1G.jpg HTTP/1.1" 304 -
201.245.192.253 - - [14/Sep/2019:14:36:23 -0500] "GET /galeria/nivo-slider/demo/Banner%20sostenibilidad.jpg HTTP/1.1" 404 1314
181.53.12.13 - - [14/Sep/2019:14:36:26 -0500] "GET /galeria/galeria/jquery.fancybox.css?v=2.1.5 HTTP/1.1" 200 4895
181.53.12.13 - - [14/Sep/2019:14:36:27 -0500] "GET /BLA/boletinlegal/js/jquery.scrollShow.js HTTP/1.1" 200 4586
181.53.12.13 - - [14/Sep/2019:14:36:27 -0500] "GET /galeria/galeria/jquery.fancybox.js?v=2.1.5 HTTP/1.1" 200 48706
190.60.194.2 - - [14/Sep/2019:14:36:31 -0500] "GET /BLA/boletinlegal/js/jquery.scrollShow.js HTTP/1.1" 200 4586
190.60.194.2 - - [14/Sep/2019:14:36:31 -0500] "GET /galeria/galeria/jquery.fancybox.css?v=2.1.5 HTTP/1.1" 200 4895
190.60.194.2 - - [14/Sep/2019:14:36:31 -0500] "GET /galeria/galeria/jquery.fancybox.js?v=2.1.5 HTTP/1.1" 200 48706
