144.76.96.236 - - [21/Sep/2019:11:53:15 -0500] "GET /SIG/index.php/Gestion%20Documental/126PA06-PR02%20CONTROL%20REGISTROS.pdf/ECS//126PM04-PR108.pdf/ HTTP/1.1" 200 6113
144.76.236.112 - - [21/Sep/2019:11:53:16 -0500] "GET /StormSDA/userFiles/user_files/95/?C=M;O=A/ HTTP/1.1" 200 813
144.76.236.112 - - [21/Sep/2019:11:53:18 -0500] "GET /StormSDA/userFiles/user_files/95/?C=N;O=D/ HTTP/1.1" 200 813
144.76.236.112 - - [21/Sep/2019:11:53:21 -0500] "GET /StormSDA/userFiles/user_files/95/?C=S;O=A/ HTTP/1.1" 200 813
144.76.96.236 - - [21/Sep/2019:11:53:22 -0500] "GET /SIG/index.php/Gestion%20Documental/126PA06-PR02%20CONTROL%20REGISTROS.pdf/ECS//126PM04-PR109.pdf/ HTTP/1.1" 200 6113
144.76.236.112 - - [21/Sep/2019:11:53:23 -0500] "GET /StormSDA/userFiles/user_files/96/?C=D;O=A/ HTTP/1.1" 200 813
191.95.144.29 - - [21/Sep/2019:11:53:24 -0500] "GET /galeria/galeria/jquery.fancybox.css?v=2.1.5 HTTP/1.1" 200 4895
191.95.144.29 - - [21/Sep/2019:11:53:24 -0500] "GET /galeria/galeria/jquery.fancybox.js?v=2.1.5 HTTP/1.1" 200 48706
191.95.144.29 - - [21/Sep/2019:11:53:24 -0500] "GET /BLA/boletinlegal/js/jquery.scrollShow.js HTTP/1.1" 200 4586
181.57.194.153 - - [21/Sep/2019:11:53:24 -0500] "GET /galeria/nivo-slider/demo/Banner%20sostenibilidad.jpg HTTP/1.1" 404 1314
144.76.236.112 - - [21/Sep/2019:11:53:25 -0500] "GET /StormSDA/userFiles/user_files/96/?C=M;O=A/ HTTP/1.1" 200 813
144.76.96.236 - - [21/Sep/2019:11:53:27 -0500] "GET /SIG/index.php/Gestion%20Documental/126PA06-PR02%20CONTROL%20REGISTROS.pdf/ECS//126PM04-PR11.pdf/ HTTP/1.1" 200 6094
144.76.236.112 - - [21/Sep/2019:11:53:28 -0500] "GET /StormSDA/userFiles/user_files/96/?C=N;O=D/ HTTP/1.1" 200 813
144.76.236.112 - - [21/Sep/2019:11:53:31 -0500] "GET /StormSDA/userFiles/user_files/96/?C=S;O=A/ HTTP/1.1" 200 813
144.76.96.236 - - [21/Sep/2019:11:53:32 -0500] "GET /SIG/index.php/Gestion%20Documental/126PA06-PR02%20CONTROL%20REGISTROS.pdf/ECS//126PM04-PR110.pdf/ HTTP/1.1" 200 6113
190.84.149.125 - - [21/Sep/2019:11:53:32 -0500] "GET /galeria/galeria/fotos/Entrenube4P.jpg HTTP/1.1" 200 10881
190.84.149.125 - - [21/Sep/2019:11:53:32 -0500] "GET /galeria/galeria/fotos/Entrenube3P.jpg HTTP/1.1" 200 8487
190.84.149.125 - - [21/Sep/2019:11:53:32 -0500] "GET /galeria/galeria/fotos/Entrenube1P.jpg HTTP/1.1" 200 6959
190.84.149.125 - - [21/Sep/2019:11:53:32 -0500] "GET /galeria/galeria/fotos/Entrenube2P.jpg HTTP/1.1" 200 8416
181.57.194.153 - - [21/Sep/2019:11:53:34 -0500] "GET /galeria/nivo-slider/demo/Banner%20sostenibilidad.jpg HTTP/1.1" 404 1314
144.76.236.112 - - [21/Sep/2019:11:53:36 -0500] "GET /StormSDA/userFiles/user_files/97/?C=D;O=A/ HTTP/1.1" 200 813
144.76.96.236 - - [21/Sep/2019:11:53:37 -0500] "GET /SIG/index.php/Gestion%20Documental/126PA06-PR02%20CONTROL%20REGISTROS.pdf/ECS//126PM04-PR113.pdf/ HTTP/1.1" 200 6113
144.76.96.236 - - [21/Sep/2019:11:53:41 -0500] "GET /SIG/index.php/Gestion%20Documental/126PA06-PR02%20CONTROL%20REGISTROS.pdf/ECS//126PM04-PR114.pdf/ HTTP/1.1" 200 6113
144.76.236.112 - - [21/Sep/2019:11:53:45 -0500] "GET /StormSDA/userFiles/user_files/97/?C=N;O=D/ HTTP/1.1" 200 813
144.76.96.236 - - [21/Sep/2019:11:53:45 -0500] "GET /SIG/index.php/Gestion%20Documental/126PA06-PR02%20CONTROL%20REGISTROS.pdf/ECS//126PM04-PR13.pdf/ HTTP/1.1" 200 6094
144.76.96.236 - - [21/Sep/2019:11:53:49 -0500] "GET /SIG/index.php/Gestion%20Documental/126PA06-PR02%20CONTROL%20REGISTROS.pdf/ECS//126PM04-PR35.pdf/ HTTP/1.1" 200 6094
144.76.236.112 - - [21/Sep/2019:11:53:52 -0500] "GET /StormSDA/userFiles/user_files/97/?C=S;O=A/ HTTP/1.1" 200 813
144.76.96.236 - - [21/Sep/2019:11:53:54 -0500] "GET /SIG/index.php/Gestion%20Documental/126PA06-PR02%20CONTROL%20REGISTROS.pdf/ECS//126PM04-PR37.pdf/ HTTP/1.1" 200 6094
144.76.236.112 - - [21/Sep/2019:11:53:54 -0500] "GET /StormSDA/userFiles/user_files/98/?C=D;O=A/ HTTP/1.1" 200 813
144.76.236.112 - - [21/Sep/2019:11:53:56 -0500] "GET /StormSDA/userFiles/user_files/98/?C=M;O=A/ HTTP/1.1" 200 813
144.76.96.236 - - [21/Sep/2019:11:53:58 -0500] "GET /SIG/index.php/Gestion%20Documental/126PA06-PR02%20CONTROL%20REGISTROS.pdf/ECS//126PM04-PR38.pdf/ HTTP/1.1" 200 6094
144.76.236.112 - - [21/Sep/2019:11:53:58 -0500] "GET /StormSDA/userFiles/user_files/98/?C=N;O=D/ HTTP/1.1" 200 813
144.76.236.112 - - [21/Sep/2019:11:54:00 -0500] "GET /galeria/nivo-slider/themes/orman/?C=S;O=A/ HTTP/1.1" 200 2087
144.76.96.236 - - [21/Sep/2019:11:54:02 -0500] "GET /SIG/index.php/Gestion%20Documental/126PA06-PR02%20CONTROL%20REGISTROS.pdf/ECS//126PM04-PR39.pdf/ HTTP/1.1" 200 6094
144.76.236.112 - - [21/Sep/2019:11:54:03 -0500] "GET /robots.txt HTTP/1.1" 404 1019
144.76.96.236 - - [21/Sep/2019:11:54:05 -0500] "GET /SIG/index.php/Gestion%20Documental/126PA06-PR02%20CONTROL%20REGISTROS.pdf/ECS//126PM04-PR40.pdf/ HTTP/1.1" 200 6094
168.90.13.147 - - [21/Sep/2019:11:54:06 -0500] "GET /galeria/galeria/jquery.fancybox.css?v=2.1.5 HTTP/1.1" 200 4895
168.90.13.147 - - [21/Sep/2019:11:54:06 -0500] "GET /BLA/boletinlegal/js/jquery.scrollShow.js HTTP/1.1" 200 4586
200.110.170.226 - - [21/Sep/2019:11:54:06 -0500] "GET /galeria/galeria/jquery.fancybox.js?v=2.1.5 HTTP/1.1" 200 48706
144.76.236.112 - - [21/Sep/2019:11:54:06 -0500] "GET /SIG/index.php/?dir=Control%20Disciplinario//&sort=name&order=asc/ HTTP/1.1" 200 2809
144.76.96.236 - - [21/Sep/2019:11:54:09 -0500] "GET /SIG/index.php/Gestion%20Documental/126PA06-PR02%20CONTROL%20REGISTROS.pdf/ECS//126PM04-PR42.pdf/ HTTP/1.1" 200 6094
144.76.236.112 - - [21/Sep/2019:11:54:09 -0500] "GET /SIG/index.php/?dir=Control%20Disciplinario//&sort=name&order=desc/ HTTP/1.1" 200 2809
144.76.96.236 - - [21/Sep/2019:11:54:13 -0500] "GET /SIG/index.php/Gestion%20Documental/126PA06-PR02%20CONTROL%20REGISTROS.pdf/ECS//126PM04-PR46.pdf/ HTTP/1.1" 200 6094
144.76.236.112 - - [21/Sep/2019:11:54:13 -0500] "GET /SIG/index.php/?dir=Direccionamiento%20Estrategico//&sort=name&order=asc/ HTTP/1.1" 200 4073
201.234.69.98 - - [21/Sep/2019:11:54:16 -0500] "GET /galeria/galeria/jquery.fancybox.css?v=2.1.5 HTTP/1.1" 200 4895
201.234.69.98 - - [21/Sep/2019:11:54:16 -0500] "GET /galeria/galeria/jquery.fancybox.js?v=2.1.5 HTTP/1.1" 200 48706
201.234.69.98 - - [21/Sep/2019:11:54:16 -0500] "GET /BLA/boletinlegal/js/jquery.scrollShow.js HTTP/1.1" 200 4586
144.76.96.236 - - [21/Sep/2019:11:54:16 -0500] "GET /SIG/index.php/Gestion%20Documental/126PA06-PR02%20CONTROL%20REGISTROS.pdf/ECS//126PM04-PR47.pdf/ HTTP/1.1" 200 6094
144.76.236.112 - - [21/Sep/2019:11:54:20 -0500] "GET /SIG/index.php/?dir=Direccionamiento%20Estrategico//&sort=name&order=desc/ HTTP/1.1" 200 4073
144.76.96.236 - - [21/Sep/2019:11:54:20 -0500] "GET /SIG/index.php/Gestion%20Documental/126PA06-PR02%20CONTROL%20REGISTROS.pdf/ECS//126PM04-PR48.pdf/ HTTP/1.1" 200 6094
66.249.88.191 - - [21/Sep/2019:11:54:21 -0500] "GET /galeria/galeria/jquery.fancybox.css?v=2.1.5 HTTP/1.1" 200 4895
66.249.88.189 - - [21/Sep/2019:11:54:21 -0500] "GET /galeria/galeria/jquery.fancybox.js?v=2.1.5 HTTP/1.1" 200 48706
66.249.88.187 - - [21/Sep/2019:11:54:21 -0500] "GET /BLA/boletinlegal/js/jquery.scrollShow.js HTTP/1.1" 200 4586
144.76.236.112 - - [21/Sep/2019:11:54:23 -0500] "GET /SIG/index.php/?dir=ECS//&sort=name&order=asc/ HTTP/1.1" 200 16719
144.76.96.236 - - [21/Sep/2019:11:54:25 -0500] "GET /SIG/index.php/Gestion%20Documental/126PA06-PR02%20CONTROL%20REGISTROS.pdf/ECS//126PM04-PR49.pdf/ HTTP/1.1" 200 6094
144.76.236.112 - - [21/Sep/2019:11:54:28 -0500] "GET /SIG/index.php/?dir=ECS//&sort=name&order=desc/ HTTP/1.1" 200 16719
144.76.96.236 - - [21/Sep/2019:11:54:29 -0500] "GET /SIG/index.php/Gestion%20Documental/126PA06-PR02%20CONTROL%20REGISTROS.pdf/ECS//126PM04-PR53.pdf/ HTTP/1.1" 200 6094
144.76.96.236 - - [21/Sep/2019:11:54:32 -0500] "GET /SIG/index.php/Gestion%20Documental/126PA06-PR02%20CONTROL%20REGISTROS.pdf/ECS//126PM04-PR55.pdf/ HTTP/1.1" 200 6094
144.76.236.112 - - [21/Sep/2019:11:54:33 -0500] "GET /SIG/index.php/?dir=Gestion%20Documental//&sort=name&order=asc/ HTTP/1.1" 200 5675
66.249.88.189 - - [21/Sep/2019:11:54:34 -0500] "GET /galeria/galeria/jquery.fancybox.css?v=2.1.5 HTTP/1.1" 200 4895
66.249.88.187 - - [21/Sep/2019:11:54:34 -0500] "GET /galeria/galeria/jquery.fancybox.js?v=2.1.5 HTTP/1.1" 200 48706
66.249.88.191 - - [21/Sep/2019:11:54:34 -0500] "GET /BLA/boletinlegal/js/jquery.scrollShow.js HTTP/1.1" 200 4586
144.76.96.236 - - [21/Sep/2019:11:54:38 -0500] "GET /SIG/index.php/Gestion%20Documental/126PA06-PR02%20CONTROL%20REGISTROS.pdf/ECS//126PM04-PR56.pdf/ HTTP/1.1" 200 6094
144.76.236.112 - - [21/Sep/2019:11:54:38 -0500] "GET /SIG/index.php/?dir=Gestion%20Documental//&sort=name&order=desc/ HTTP/1.1" 200 5675
192.168.175.104 - - [21/Sep/2019:11:54:39 -0500] "GET / HTTP/1.1" 200 9990
144.76.236.112 - - [21/Sep/2019:11:54:41 -0500] "GET /SIG/index.php/?dir=Gestion%20Recursos%20Financieros//&sort=name&order=asc/ HTTP/1.1" 200 8983
144.76.96.236 - - [21/Sep/2019:11:54:43 -0500] "GET /SIG/index.php/Gestion%20Documental/126PA06-PR02%20CONTROL%20REGISTROS.pdf/ECS//126PM04-PR57.pdf/ HTTP/1.1" 200 6094
144.76.236.112 - - [21/Sep/2019:11:54:45 -0500] "GET /SIG/index.php/?dir=Gestion%20Recursos%20Financieros//&sort=name&order=desc/ HTTP/1.1" 200 8983
66.249.88.187 - - [21/Sep/2019:11:54:45 -0500] "GET /BLA/boletinlegal/js/jquery.scrollShow.js HTTP/1.1" 200 4586
66.249.88.189 - - [21/Sep/2019:11:54:45 -0500] "GET /galeria/galeria/jquery.fancybox.css?v=2.1.5 HTTP/1.1" 200 4895
66.249.88.191 - - [21/Sep/2019:11:54:45 -0500] "GET /galeria/galeria/jquery.fancybox.js?v=2.1.5 HTTP/1.1" 200 48706
207.46.13.188 - - [21/Sep/2019:11:54:45 -0500] "GET /transparencia/directorioservidores/2017/agosto.xlsx HTTP/1.1" 200 88875
144.76.96.236 - - [21/Sep/2019:11:54:48 -0500] "GET /SIG/index.php/Gestion%20Documental/126PA06-PR02%20CONTROL%20REGISTROS.pdf/ECS//126PM04-PR58.pdf/ HTTP/1.1" 200 6094
144.76.236.112 - - [21/Sep/2019:11:54:50 -0500] "GET /SIG/index.php/Comunicaciones/126PG02-PR01.pdf/?dir=&sort=date&order=asc/ HTTP/1.1" 200 5190
144.76.236.112 - - [21/Sep/2019:11:54:53 -0500] "GET /SIG/index.php/Comunicaciones/126PG02-PR01.pdf/?dir=&sort=size&order=asc/ HTTP/1.1" 200 5190
144.76.96.236 - - [21/Sep/2019:11:54:53 -0500] "GET /SIG/index.php/Gestion%20Documental/126PA06-PR02%20CONTROL%20REGISTROS.pdf/ECS//126PM04-PR59.pdf/ HTTP/1.1" 200 6094
144.76.236.112 - - [21/Sep/2019:11:54:57 -0500] "GET /SIG/index.php/Comunicaciones/126PG02-PR01.pdf/?dir=Comunicaciones// HTTP/1.1" 200 3285
144.76.96.236 - - [21/Sep/2019:11:54:58 -0500] "GET /SIG/index.php/Gestion%20Documental/126PA06-PR02%20CONTROL%20REGISTROS.pdf/ECS//126PM04-PR60.pdf/ HTTP/1.1" 200 6094
144.76.236.112 - - [21/Sep/2019:11:54:59 -0500] "GET /SIG/index.php/Comunicaciones/126PG02-PR01.pdf/?dir=Control%20Disciplinario// HTTP/1.1" 200 3084
144.76.236.112 - - [21/Sep/2019:11:55:01 -0500] "GET /SIG/index.php/Comunicaciones/126PG02-PR02.pdf/?dir=Gestion%20Documental// HTTP/1.1" 200 5950
192.168.175.104 - - [21/Sep/2019:11:55:02 -0500] "GET / HTTP/1.0" 200 9990
144.76.96.236 - - [21/Sep/2019:11:55:03 -0500] "GET /SIG/index.php/Gestion%20Documental/126PA06-PR02%20CONTROL%20REGISTROS.pdf/ECS//126PM04-PR64.pdf/ HTTP/1.1" 200 6094
144.76.236.112 - - [21/Sep/2019:11:55:03 -0500] "GET /SIG/index.php/Comunicaciones/126PG02-PR03.pdf/?dir=&sort=date&order=asc/ HTTP/1.1" 200 5190
144.76.96.236 - - [21/Sep/2019:11:55:07 -0500] "GET /SIG/index.php/Gestion%20Documental/126PA06-PR02%20CONTROL%20REGISTROS.pdf/ECS//126PM04-PR65.pdf/ HTTP/1.1" 200 6094
144.76.236.112 - - [21/Sep/2019:11:55:07 -0500] "GET /SIG/index.php/Comunicaciones/126PG02-PR03.pdf/?dir=&sort=name&order=desc/ HTTP/1.1" 200 5190
144.76.236.112 - - [21/Sep/2019:11:55:10 -0500] "GET /SIG/index.php/Comunicaciones/126PG02-PR03.pdf/?dir=Direccionamiento%20Estrategico// HTTP/1.1" 200 4348
144.76.96.236 - - [21/Sep/2019:11:55:10 -0500] "GET /SIG/index.php/Gestion%20Documental/126PA06-PR02%20CONTROL%20REGISTROS.pdf/ECS//126PM04-PR75.pdf/ HTTP/1.1" 200 6094
144.76.96.236 - - [21/Sep/2019:11:55:13 -0500] "GET /SIG/index.php/Gestion%20Documental/126PA06-PR02%20CONTROL%20REGISTROS.pdf/ECS//126PM04-PR76.pdf/ HTTP/1.1" 200 6094
144.76.236.112 - - [21/Sep/2019:11:55:14 -0500] "GET /SIG/index.php/Comunicaciones/126PG02-PR03.pdf/?dir=Gestion%20Documental// HTTP/1.1" 200 5950
144.76.96.236 - - [21/Sep/2019:11:55:16 -0500] "GET /SIG/index.php/Gestion%20Documental/126PA06-PR02%20CONTROL%20REGISTROS.pdf/ECS//126PM04-PR77.pdf/ HTTP/1.1" 200 6094
144.76.236.112 - - [21/Sep/2019:11:55:19 -0500] "GET /SIG/index.php/Comunicaciones/126PG02-PR03.pdf/?dir=Gestion%20Recursos%20Financieros// HTTP/1.1" 200 9258
144.76.96.236 - - [21/Sep/2019:11:55:20 -0500] "GET /SIG/index.php/Gestion%20Documental/126PA06-PR02%20CONTROL%20REGISTROS.pdf/ECS//126PM04-PR78.pdf/ HTTP/1.1" 200 6094
144.76.236.112 - - [21/Sep/2019:11:55:22 -0500] "GET /SIG/index.php/Comunicaciones/126PG02-PR04.pdf/?dir=&sort=date&order=asc/ HTTP/1.1" 200 5190
144.76.96.236 - - [21/Sep/2019:11:55:23 -0500] "GET /SIG/index.php/Gestion%20Documental/126PA06-PR02%20CONTROL%20REGISTROS.pdf/ECS//126PM04-PR79.pdf/ HTTP/1.1" 200 6094
144.76.236.112 - - [21/Sep/2019:11:55:25 -0500] "GET /SIG/index.php/Comunicaciones/126PG02-PR04.pdf/?dir=&sort=name&order=desc/ HTTP/1.1" 200 5190
144.76.96.236 - - [21/Sep/2019:11:55:28 -0500] "GET /SIG/index.php/Gestion%20Documental/126PA06-PR02%20CONTROL%20REGISTROS.pdf/ECS//126PM04-PR80.pdf/ HTTP/1.1" 200 6094
144.76.236.112 - - [21/Sep/2019:11:55:29 -0500] "GET /SIG/index.php/Comunicaciones/126PG02-PR04.pdf/?dir=&sort=size&order=asc/ HTTP/1.1" 200 5190
144.76.96.236 - - [21/Sep/2019:11:55:31 -0500] "GET /SIG/index.php/Gestion%20Documental/126PA06-PR02%20CONTROL%20REGISTROS.pdf/ECS//126PM04-PR82.pdf/ HTTP/1.1" 200 6094
144.76.236.112 - - [21/Sep/2019:11:55:31 -0500] "GET /SIG/index.php/Comunicaciones/126PG02-PR04.pdf/?dir=Comunicaciones// HTTP/1.1" 200 3285
201.234.69.98 - - [21/Sep/2019:11:55:32 -0500] "GET /Residuos/maderas/maderas.html HTTP/1.1" 200 1957
201.234.69.98 - - [21/Sep/2019:11:55:32 -0500] "GET /favicon.ico HTTP/1.1" 200 7782
144.76.96.236 - - [21/Sep/2019:11:55:33 -0500] "GET /SIG/index.php/Gestion%20Documental/126PA06-PR02%20CONTROL%20REGISTROS.pdf/ECS//126PM04-PR83.pdf/ HTTP/1.1" 200 6094
144.76.236.112 - - [21/Sep/2019:11:55:34 -0500] "GET /SIG/index.php/Comunicaciones/126PG02-PR04.pdf/?dir=Control%20Disciplinario// HTTP/1.1" 200 3084
144.76.96.236 - - [21/Sep/2019:11:55:38 -0500] "GET /SIG/index.php/Gestion%20Documental/126PA06-PR02%20CONTROL%20REGISTROS.pdf/ECS//126PM04-PR84.pdf/ HTTP/1.1" 200 6094
144.76.96.236 - - [21/Sep/2019:11:55:40 -0500] "GET /SIG/index.php/Gestion%20Documental/126PA06-PR02%20CONTROL%20REGISTROS.pdf/ECS//126PM04-PR86.pdf/ HTTP/1.1" 200 6094
190.85.171.121 - - [21/Sep/2019:11:55:41 -0500] "GET /BLA/boletinlegal/js/jquery.scrollShow.js HTTP/1.1" 200 4586
190.85.171.121 - - [21/Sep/2019:11:55:41 -0500] "GET /galeria/galeria/jquery.fancybox.js?v=2.1.5 HTTP/1.1" 200 48706
190.85.171.121 - - [21/Sep/2019:11:55:41 -0500] "GET /galeria/galeria/jquery.fancybox.css?v=2.1.5 HTTP/1.1" 200 4895
190.85.171.121 - - [21/Sep/2019:11:55:41 -0500] "GET /galeria/carrusel/Carrusel/jquery.thumbnailScroller.css HTTP/1.1" 200 2066
190.85.171.121 - - [21/Sep/2019:11:55:41 -0500] "GET /galeria/carrusel/Carrusel/jquery-ui-1.8.13.custom.min.js HTTP/1.1" 200 10800
190.85.171.121 - - [21/Sep/2019:11:55:41 -0500] "GET /galeria/carrusel/Carrusel/jquery.thumbnailScroller.js HTTP/1.1" 200 8157
144.76.96.236 - - [21/Sep/2019:11:55:43 -0500] "GET /SIG/index.php/Gestion%20Documental/126PA06-PR02%20CONTROL%20REGISTROS.pdf/ECS//126PM04-PR87.pdf/ HTTP/1.1" 200 6094
190.85.171.121 - - [21/Sep/2019:11:55:44 -0500] "GET /galeria/nivo-slider/demo/demo.html HTTP/1.1" 200 4670
190.85.171.121 - - [21/Sep/2019:11:55:44 -0500] "GET /galeria/nivo-slider/themes/default/default.css HTTP/1.1" 200 1569
190.85.171.121 - - [21/Sep/2019:11:55:44 -0500] "GET /galeria/nivo-slider/themes/orman/orman.css HTTP/1.1" 200 2152
190.85.171.121 - - [21/Sep/2019:11:55:44 -0500] "GET /galeria/nivo-slider/themes/pascal/pascal.css HTTP/1.1" 200 2258
190.85.171.121 - - [21/Sep/2019:11:55:44 -0500] "GET /galeria/nivo-slider/nivo-slider.css HTTP/1.1" 200 1507
190.85.171.121 - - [21/Sep/2019:11:55:44 -0500] "GET /galeria/nivo-slider/demo/scripts/jquery-1.7.1.min.js HTTP/1.1" 200 93868
190.85.171.121 - - [21/Sep/2019:11:55:44 -0500] "GET /galeria/nivo-slider/demo/style.css HTTP/1.1" 200 2222
190.85.171.121 - - [21/Sep/2019:11:55:44 -0500] "GET /galeria/nivo-slider/demo/images/banner%20reciclaton%20agosto.jpg HTTP/1.1" 200 244820
190.85.171.121 - - [21/Sep/2019:11:55:44 -0500] "GET /galeria/nivo-slider/jquery.nivo.slider.pack.js HTTP/1.1" 200 11561
190.85.171.121 - - [21/Sep/2019:11:55:44 -0500] "GET /galeria/nivo-slider/demo/images/Banner%20web%20Ecoempresarial%20ago.jpg HTTP/1.1" 200 752526
190.85.171.121 - - [21/Sep/2019:11:55:44 -0500] "GET /galeria/nivo-slider/demo/images/puntos%20atencion%20BANNER.jpg HTTP/1.1" 200 244208
190.85.171.121 - - [21/Sep/2019:11:55:44 -0500] "GET /galeria/nivo-slider/demo/images/Banner%20educaci%C3%B3n%20ambiental.jpg HTTP/1.1" 200 501117
190.85.171.121 - - [21/Sep/2019:11:55:44 -0500] "GET /galeria/nivo-slider/demo/images/Caminatas%20septiembre%202019.jpg HTTP/1.1" 200 204949
190.85.171.121 - - [21/Sep/2019:11:55:45 -0500] "GET /galeria/nivo-slider/themes/default/loading.gif HTTP/1.1" 200 1737
190.85.171.121 - - [21/Sep/2019:11:55:45 -0500] "GET /galeria/nivo-slider/demo/images/4Simple_Slider.png HTTP/1.1" 200 11722
190.85.171.121 - - [21/Sep/2019:11:55:45 -0500] "GET /galeria/nivo-slider/demo/images/Banner%20Visor%20Geografico%20Ambiental.jpg HTTP/1.1" 200 204673
190.85.171.121 - - [21/Sep/2019:11:55:45 -0500] "GET /galeria/nivo-slider/demo/images/Banner%20consumo%20sostenible%20final.jpg HTTP/1.1" 200 364746
190.85.171.121 - - [21/Sep/2019:11:55:45 -0500] "GET /galeria/nivo-slider/demo/images/bannersectorambiente.png HTTP/1.1" 200 308540
190.85.171.121 - - [21/Sep/2019:11:55:46 -0500] "GET /galeria/nivo-slider/demo/images/Banner%20RCD.jpg HTTP/1.1" 200 92197
190.85.171.121 - - [21/Sep/2019:11:55:46 -0500] "GET /galeria/nivo-slider/demo/images/Banner%20Conpes.jpg HTTP/1.1" 200 55220
190.85.171.121 - - [21/Sep/2019:11:55:46 -0500] "GET /galeria/nivo-slider/demo/images/Banner%20practicas%20sostenibles.jpg HTTP/1.1" 200 142958
144.76.236.112 - - [21/Sep/2019:11:55:46 -0500] "GET /SIG/index.php/Comunicaciones/126PG02-PR04.pdf/?dir=Control%20y%20mejora// HTTP/1.1" 200 3185
190.85.171.121 - - [21/Sep/2019:11:55:46 -0500] "GET /galeria/nivo-slider/demo/images/Banner%20POT.png HTTP/1.1" 200 418238
144.76.96.236 - - [21/Sep/2019:11:55:46 -0500] "GET /SIG/index.php/Gestion%20Documental/126PA06-PR02%20CONTROL%20REGISTROS.pdf/ECS//126PM04-PR88.pdf/ HTTP/1.1" 200 6094
190.85.171.121 - - [21/Sep/2019:11:55:46 -0500] "GET /galeria/nivo-slider/demo/images/BANNER%20punto.jpg HTTP/1.1" 200 75932
190.85.171.121 - - [21/Sep/2019:11:55:46 -0500] "GET /galeria/nivo-slider/demo/images/Banneranonimos.png HTTP/1.1" 200 109388
190.85.171.121 - - [21/Sep/2019:11:55:46 -0500] "GET /galeria/nivo-slider/demo/images/banner-humedales-de-bogota.jpg HTTP/1.1" 200 292611
190.85.171.121 - - [21/Sep/2019:11:55:46 -0500] "GET /galeria/nivo-slider/demo/images/banner-bolsas-plasticas.jpg HTTP/1.1" 200 317939
201.234.69.98 - - [21/Sep/2019:11:55:48 -0500] "GET /Residuos/maderas/maderas.html HTTP/1.1" 304 -
201.234.69.98 - - [21/Sep/2019:11:55:48 -0500] "GET /favicon.ico HTTP/1.1" 200 7782
201.234.69.98 - - [21/Sep/2019:11:55:48 -0500] "GET /Residuos/maderas/maderas.html HTTP/1.1" 304 -
201.234.69.98 - - [21/Sep/2019:11:55:48 -0500] "GET /favicon.ico HTTP/1.1" 200 7782
190.85.171.121 - - [21/Sep/2019:11:55:48 -0500] "GET /galeria/nivo-slider/themes/default/arrows.png HTTP/1.1" 200 824
190.85.171.121 - - [21/Sep/2019:11:55:48 -0500] "GET /galeria/nivo-slider/themes/default/bullets.png HTTP/1.1" 200 1281
144.76.96.236 - - [21/Sep/2019:11:55:50 -0500] "GET /SIG/index.php/Gestion%20Documental/126PA06-PR02%20CONTROL%20REGISTROS.pdf/ECS//126PM04-PR91.pdf/ HTTP/1.1" 200 6094
144.76.236.112 - - [21/Sep/2019:11:55:50 -0500] "GET /SIG/index.php/Comunicaciones/126PG02-PR04.pdf/?dir=Direccionamiento%20Estrategico// HTTP/1.1" 200 4348
144.76.96.236 - - [21/Sep/2019:11:55:53 -0500] "GET /SIG/index.php/Gestion%20Documental/126PA06-PR02%20CONTROL%20REGISTROS.pdf/ECS//126PM04-PR92.pdf/ HTTP/1.1" 200 6094
144.76.236.112 - - [21/Sep/2019:11:55:54 -0500] "GET /SIG/index.php/Comunicaciones/126PG02-PR04.pdf/?dir=ECS// HTTP/1.1" 200 16994
201.234.69.98 - - [21/Sep/2019:11:55:54 -0500] "GET /Residuos/maderas/maderas.html HTTP/1.1" 304 -
144.76.96.236 - - [21/Sep/2019:11:55:55 -0500] "GET /SIG/index.php/Gestion%20Documental/126PA06-PR02%20CONTROL%20REGISTROS.pdf/ECS//126PM04-PR93.pdf/ HTTP/1.1" 200 6094
201.234.69.98 - - [21/Sep/2019:11:55:56 -0500] "GET /Residuos/maderas/maderas.swf?pageNumber= HTTP/1.1" 200 400853
201.234.69.98 - - [21/Sep/2019:11:55:56 -0500] "GET /favicon.ico HTTP/1.1" 200 7782
201.234.69.98 - - [21/Sep/2019:11:55:56 -0500] "GET /Residuos/maderas/maderas.swf?pageNumber= HTTP/1.1" 206 1
201.234.69.98 - - [21/Sep/2019:11:55:56 -0500] "GET /Residuos/maderas/maderas.swf?pageNumber= HTTP/1.1" 206 360259
201.234.69.98 - - [21/Sep/2019:11:55:57 -0500] "GET /Residuos/maderas/files/info.xml?rnd=77b4adf8-78a6-443f-926b-8f6e4bbd6518 HTTP/1.1" 200 70968
201.234.69.98 - - [21/Sep/2019:11:55:57 -0500] "GET /Residuos/maderas/files/search/searchtext.xml HTTP/1.1" 200 203644
144.76.236.112 - - [21/Sep/2019:11:55:57 -0500] "GET /SIG/index.php/Comunicaciones/126PG02-PR04.pdf/?dir=Gestion%20Recursos%20Financieros// HTTP/1.1" 200 9258
66.249.64.20 - - [21/Sep/2019:11:55:58 -0500] "GET /BLA/resoluciones/Notificaciones/AUTOS%202018/6296.pdf HTTP/1.1" 200 254806
201.145.178.35 - - [21/Sep/2019:11:55:58 -0500] "GET /galeria/galeria/jquery.fancybox.css?v=2.1.5 HTTP/1.1" 200 4895
201.145.178.35 - - [21/Sep/2019:11:55:59 -0500] "GET /BLA/boletinlegal/js/jquery.scrollShow.js HTTP/1.1" 200 4586
201.145.178.35 - - [21/Sep/2019:11:55:59 -0500] "GET /galeria/galeria/jquery.fancybox.js?v=2.1.5 HTTP/1.1" 200 48706
144.76.96.236 - - [21/Sep/2019:11:55:59 -0500] "GET /SIG/index.php/Gestion%20Documental/126PA06-PR02%20CONTROL%20REGISTROS.pdf/ECS//126PM04-PR94.pdf/ HTTP/1.1" 200 6094
144.76.236.112 - - [21/Sep/2019:11:56:01 -0500] "GET /SIG/index.php/Comunicaciones/126PG02-PR06.pdf/?dir=&sort=date&order=asc/ HTTP/1.1" 200 5190
201.234.69.98 - - [21/Sep/2019:11:56:01 -0500] "GET /Residuos/maderas/images/page1_thumbnail.jpg HTTP/1.1" 200 15880
201.234.69.98 - - [21/Sep/2019:11:56:01 -0500] "GET /Residuos/maderas/images/page2_thumbnail.jpg HTTP/1.1" 200 3868
201.234.69.98 - - [21/Sep/2019:11:56:01 -0500] "GET /Residuos/maderas/images/page3_thumbnail.jpg HTTP/1.1" 200 3604
201.234.69.98 - - [21/Sep/2019:11:56:01 -0500] "GET /Residuos/maderas/images/page4_thumbnail.jpg HTTP/1.1" 200 4258
201.234.69.98 - - [21/Sep/2019:11:56:01 -0500] "GET /Residuos/maderas/images/page7_thumbnail.jpg HTTP/1.1" 200 3179
201.234.69.98 - - [21/Sep/2019:11:56:01 -0500] "GET /Residuos/maderas/images/page8_thumbnail.jpg HTTP/1.1" 200 2357
201.234.69.98 - - [21/Sep/2019:11:56:01 -0500] "GET /Residuos/maderas/images/page9_thumbnail.jpg HTTP/1.1" 200 4752
201.234.69.98 - - [21/Sep/2019:11:56:01 -0500] "GET /Residuos/maderas/images/page5_thumbnail.jpg HTTP/1.1" 200 3962
201.234.69.98 - - [21/Sep/2019:11:56:01 -0500] "GET /Residuos/maderas/images/page6_thumbnail.jpg HTTP/1.1" 200 4561
144.76.96.236 - - [21/Sep/2019:11:56:02 -0500] "GET /SIG/index.php/Gestion%20Documental/126PA06-PR02%20CONTROL%20REGISTROS.pdf/ECS//126PM04-PR95.pdf/ HTTP/1.1" 200 6094
201.234.69.98 - - [21/Sep/2019:11:56:02 -0500] "GET /Residuos/maderas/images/page10_thumbnail.jpg HTTP/1.1" 200 6658
201.234.69.98 - - [21/Sep/2019:11:56:02 -0500] "GET /Residuos/maderas/images/page13_thumbnail.jpg HTTP/1.1" 200 9283
201.234.69.98 - - [21/Sep/2019:11:56:02 -0500] "GET /Residuos/maderas/images/page14_thumbnail.jpg HTTP/1.1" 200 4416
201.234.69.98 - - [21/Sep/2019:11:56:02 -0500] "GET /Residuos/maderas/images/page12_thumbnail.jpg HTTP/1.1" 200 4618
201.234.69.98 - - [21/Sep/2019:11:56:02 -0500] "GET /Residuos/maderas/images/page11_thumbnail.jpg HTTP/1.1" 200 15475
201.234.69.98 - - [21/Sep/2019:11:56:02 -0500] "GET /Residuos/maderas/images/page1.swf HTTP/1.1" 200 348315
201.234.69.98 - - [21/Sep/2019:11:56:03 -0500] "GET /Residuos/maderas/images/page15_thumbnail.jpg HTTP/1.1" 200 4959
201.234.69.98 - - [21/Sep/2019:11:56:03 -0500] "GET /Residuos/maderas/images/page16_thumbnail.jpg HTTP/1.1" 200 10200
201.234.69.98 - - [21/Sep/2019:11:56:03 -0500] "GET /Residuos/maderas/images/page17_thumbnail.jpg HTTP/1.1" 200 9024
201.234.69.98 - - [21/Sep/2019:11:56:03 -0500] "GET /Residuos/maderas/images/page18_thumbnail.jpg HTTP/1.1" 200 6072
201.234.69.98 - - [21/Sep/2019:11:56:03 -0500] "GET /Residuos/maderas/images/page19_thumbnail.jpg HTTP/1.1" 200 8203
201.234.69.98 - - [21/Sep/2019:11:56:03 -0500] "GET /Residuos/maderas/images/page20_thumbnail.jpg HTTP/1.1" 200 8741
201.234.69.98 - - [21/Sep/2019:11:56:03 -0500] "GET /Residuos/maderas/files/search/search1.xml HTTP/1.1" 200 506
201.234.69.98 - - [21/Sep/2019:11:56:03 -0500] "GET /Residuos/maderas/images/page2.swf HTTP/1.1" 200 30952
201.234.69.98 - - [21/Sep/2019:11:56:03 -0500] "GET /Residuos/maderas/images/page3.swf HTTP/1.1" 200 24142
201.234.69.98 - - [21/Sep/2019:11:56:03 -0500] "GET /Residuos/maderas/files/search/search2.xml HTTP/1.1" 200 8450
201.234.69.98 - - [21/Sep/2019:11:56:03 -0500] "GET /Residuos/maderas/files/search/search3.xml HTTP/1.1" 200 9089
201.234.69.98 - - [21/Sep/2019:11:56:03 -0500] "GET /Residuos/maderas/images/page4.swf HTTP/1.1" 200 24653
201.234.69.98 - - [21/Sep/2019:11:56:03 -0500] "GET /Residuos/maderas/files/search/search4.xml HTTP/1.1" 200 9680
201.234.69.98 - - [21/Sep/2019:11:56:03 -0500] "GET /Residuos/maderas/images/page5.swf HTTP/1.1" 200 23199
201.234.69.98 - - [21/Sep/2019:11:56:03 -0500] "GET /Residuos/maderas/files/search/search5.xml HTTP/1.1" 200 9698
201.234.69.98 - - [21/Sep/2019:11:56:04 -0500] "GET /Residuos/maderas/images/page21_thumbnail.jpg HTTP/1.1" 200 3720
201.234.69.98 - - [21/Sep/2019:11:56:04 -0500] "GET /Residuos/maderas/images/page22_thumbnail.jpg HTTP/1.1" 200 10986
201.234.69.98 - - [21/Sep/2019:11:56:04 -0500] "GET /Residuos/maderas/images/page23_thumbnail.jpg HTTP/1.1" 200 11548
201.234.69.98 - - [21/Sep/2019:11:56:04 -0500] "GET /Residuos/maderas/images/page24_thumbnail.jpg HTTP/1.1" 200 11638
201.234.69.98 - - [21/Sep/2019:11:56:04 -0500] "GET /Residuos/maderas/images/page25_thumbnail.jpg HTTP/1.1" 200 10894
201.234.69.98 - - [21/Sep/2019:11:56:04 -0500] "GET /Residuos/maderas/images/page26_thumbnail.jpg HTTP/1.1" 200 10863
201.234.69.98 - - [21/Sep/2019:11:56:04 -0500] "GET /Residuos/maderas/images/page27_thumbnail.jpg HTTP/1.1" 200 11669
201.234.69.98 - - [21/Sep/2019:11:56:04 -0500] "GET /Residuos/maderas/images/page28_thumbnail.jpg HTTP/1.1" 200 7358
201.234.69.98 - - [21/Sep/2019:11:56:04 -0500] "GET /Residuos/maderas/images/page29_thumbnail.jpg HTTP/1.1" 200 9295
201.234.69.98 - - [21/Sep/2019:11:56:04 -0500] "GET /Residuos/maderas/images/page30_thumbnail.jpg HTTP/1.1" 200 11048
201.234.69.98 - - [21/Sep/2019:11:56:04 -0500] "GET /Residuos/maderas/images/page31_thumbnail.jpg HTTP/1.1" 200 10964
201.234.69.98 - - [21/Sep/2019:11:56:04 -0500] "GET /Residuos/maderas/images/page32_thumbnail.jpg HTTP/1.1" 200 8971
201.234.69.98 - - [21/Sep/2019:11:56:04 -0500] "GET /Residuos/maderas/images/page33_thumbnail.jpg HTTP/1.1" 200 6874
201.234.69.98 - - [21/Sep/2019:11:56:04 -0500] "GET /Residuos/maderas/images/page34_thumbnail.jpg HTTP/1.1" 200 11349
201.234.69.98 - - [21/Sep/2019:11:56:04 -0500] "GET /Residuos/maderas/images/page35_thumbnail.jpg HTTP/1.1" 200 5209
201.234.69.98 - - [21/Sep/2019:11:56:04 -0500] "GET /Residuos/maderas/images/page36_thumbnail.jpg HTTP/1.1" 200 7802
201.234.69.98 - - [21/Sep/2019:11:56:04 -0500] "GET /Residuos/maderas/images/page37_thumbnail.jpg HTTP/1.1" 200 5127
201.234.69.98 - - [21/Sep/2019:11:56:04 -0500] "GET /Residuos/maderas/images/page38_thumbnail.jpg HTTP/1.1" 200 5209
201.234.69.98 - - [21/Sep/2019:11:56:04 -0500] "GET /Residuos/maderas/images/page39_thumbnail.jpg HTTP/1.1" 200 3952
201.234.69.98 - - [21/Sep/2019:11:56:04 -0500] "GET /Residuos/maderas/images/page40_thumbnail.jpg HTTP/1.1" 200 3831
201.234.69.98 - - [21/Sep/2019:11:56:04 -0500] "GET /Residuos/maderas/images/page41_thumbnail.jpg HTTP/1.1" 200 12404
201.234.69.98 - - [21/Sep/2019:11:56:04 -0500] "GET /Residuos/maderas/images/page42_thumbnail.jpg HTTP/1.1" 200 9333
201.234.69.98 - - [21/Sep/2019:11:56:04 -0500] "GET /Residuos/maderas/images/page43_thumbnail.jpg HTTP/1.1" 200 7215
201.234.69.98 - - [21/Sep/2019:11:56:04 -0500] "GET /Residuos/maderas/images/page44_thumbnail.jpg HTTP/1.1" 200 6647
201.234.69.98 - - [21/Sep/2019:11:56:05 -0500] "GET /Residuos/maderas/images/page45_thumbnail.jpg HTTP/1.1" 200 8925
201.234.69.98 - - [21/Sep/2019:11:56:05 -0500] "GET /Residuos/maderas/images/page46_thumbnail.jpg HTTP/1.1" 200 9465
201.234.69.98 - - [21/Sep/2019:11:56:05 -0500] "GET /Residuos/maderas/images/page47_thumbnail.jpg HTTP/1.1" 200 7020
201.234.69.98 - - [21/Sep/2019:11:56:05 -0500] "GET /Residuos/maderas/images/page48_thumbnail.jpg HTTP/1.1" 200 4574
201.234.69.98 - - [21/Sep/2019:11:56:05 -0500] "GET /Residuos/maderas/images/page49_thumbnail.jpg HTTP/1.1" 200 5937
201.234.69.98 - - [21/Sep/2019:11:56:05 -0500] "GET /Residuos/maderas/images/page50_thumbnail.jpg HTTP/1.1" 200 5303
201.234.69.98 - - [21/Sep/2019:11:56:05 -0500] "GET /Residuos/maderas/images/page51_thumbnail.jpg HTTP/1.1" 200 4916
201.234.69.98 - - [21/Sep/2019:11:56:05 -0500] "GET /Residuos/maderas/images/page52_thumbnail.jpg HTTP/1.1" 200 4994
201.234.69.98 - - [21/Sep/2019:11:56:05 -0500] "GET /Residuos/maderas/images/page53_thumbnail.jpg HTTP/1.1" 200 5125
144.76.96.236 - - [21/Sep/2019:11:56:05 -0500] "GET /SIG/index.php/Gestion%20Documental/126PA06-PR02%20CONTROL%20REGISTROS.pdf/ECS//126PM04-PR96.pdf/ HTTP/1.1" 200 6094
201.234.69.98 - - [21/Sep/2019:11:56:05 -0500] "GET /Residuos/maderas/images/page54_thumbnail.jpg HTTP/1.1" 200 4968
201.234.69.98 - - [21/Sep/2019:11:56:05 -0500] "GET /Residuos/maderas/images/page55_thumbnail.jpg HTTP/1.1" 200 5200
201.234.69.98 - - [21/Sep/2019:11:56:05 -0500] "GET /Residuos/maderas/images/page56_thumbnail.jpg HTTP/1.1" 200 5305
201.234.69.98 - - [21/Sep/2019:11:56:05 -0500] "GET /Residuos/maderas/images/page57_thumbnail.jpg HTTP/1.1" 200 4989
201.234.69.98 - - [21/Sep/2019:11:56:05 -0500] "GET /Residuos/maderas/images/page58_thumbnail.jpg HTTP/1.1" 200 5346
201.234.69.98 - - [21/Sep/2019:11:56:05 -0500] "GET /Residuos/maderas/images/page59_thumbnail.jpg HTTP/1.1" 200 5401
201.234.69.98 - - [21/Sep/2019:11:56:05 -0500] "GET /Residuos/maderas/images/page60_thumbnail.jpg HTTP/1.1" 200 4779
201.234.69.98 - - [21/Sep/2019:11:56:05 -0500] "GET /Residuos/maderas/images/page61_thumbnail.jpg HTTP/1.1" 200 7180
201.234.69.98 - - [21/Sep/2019:11:56:05 -0500] "GET /Residuos/maderas/images/page62_thumbnail.jpg HTTP/1.1" 200 4817
201.234.69.98 - - [21/Sep/2019:11:56:05 -0500] "GET /Residuos/maderas/images/page63_thumbnail.jpg HTTP/1.1" 200 4927
201.234.69.98 - - [21/Sep/2019:11:56:05 -0500] "GET /Residuos/maderas/images/page64_thumbnail.jpg HTTP/1.1" 200 10375
201.234.69.98 - - [21/Sep/2019:11:56:05 -0500] "GET /Residuos/maderas/images/page65_thumbnail.jpg HTTP/1.1" 200 8803
201.234.69.98 - - [21/Sep/2019:11:56:05 -0500] "GET /Residuos/maderas/images/page66_thumbnail.jpg HTTP/1.1" 200 7024
201.234.69.98 - - [21/Sep/2019:11:56:06 -0500] "GET /Residuos/maderas/images/page67_thumbnail.jpg HTTP/1.1" 200 5134
201.234.69.98 - - [21/Sep/2019:11:56:06 -0500] "GET /Residuos/maderas/images/page68_thumbnail.jpg HTTP/1.1" 200 4963
201.234.69.98 - - [21/Sep/2019:11:56:06 -0500] "GET /Residuos/maderas/images/page69_thumbnail.jpg HTTP/1.1" 200 7181
201.234.69.98 - - [21/Sep/2019:11:56:06 -0500] "GET /Residuos/maderas/images/page70_thumbnail.jpg HTTP/1.1" 200 5685
201.234.69.98 - - [21/Sep/2019:11:56:06 -0500] "GET /Residuos/maderas/images/page71_thumbnail.jpg HTTP/1.1" 200 5655
201.234.69.98 - - [21/Sep/2019:11:56:06 -0500] "GET /Residuos/maderas/images/page72_thumbnail.jpg HTTP/1.1" 200 5749
201.234.69.98 - - [21/Sep/2019:11:56:06 -0500] "GET /Residuos/maderas/images/page73_thumbnail.jpg HTTP/1.1" 200 4678
201.234.69.98 - - [21/Sep/2019:11:56:06 -0500] "GET /Residuos/maderas/images/page74_thumbnail.jpg HTTP/1.1" 200 9452
201.234.69.98 - - [21/Sep/2019:11:56:06 -0500] "GET /Residuos/maderas/images/page75_thumbnail.jpg HTTP/1.1" 200 8096
201.234.69.98 - - [21/Sep/2019:11:56:06 -0500] "GET /Residuos/maderas/images/page76_thumbnail.jpg HTTP/1.1" 200 11295
201.234.69.98 - - [21/Sep/2019:11:56:06 -0500] "GET /Residuos/maderas/images/page77_thumbnail.jpg HTTP/1.1" 200 12714
201.234.69.98 - - [21/Sep/2019:11:56:06 -0500] "GET /Residuos/maderas/images/page78_thumbnail.jpg HTTP/1.1" 200 4553
201.234.69.98 - - [21/Sep/2019:11:56:06 -0500] "GET /Residuos/maderas/images/page79_thumbnail.jpg HTTP/1.1" 200 2690
201.234.69.98 - - [21/Sep/2019:11:56:06 -0500] "GET /Residuos/maderas/images/page80_thumbnail.jpg HTTP/1.1" 200 5797
201.234.69.98 - - [21/Sep/2019:11:56:06 -0500] "GET /Residuos/maderas/images/page81_thumbnail.jpg HTTP/1.1" 200 7937
201.234.69.98 - - [21/Sep/2019:11:56:06 -0500] "GET /Residuos/maderas/images/page82_thumbnail.jpg HTTP/1.1" 200 4888
201.234.69.98 - - [21/Sep/2019:11:56:06 -0500] "GET /Residuos/maderas/images/page83_thumbnail.jpg HTTP/1.1" 200 7014
201.234.69.98 - - [21/Sep/2019:11:56:06 -0500] "GET /Residuos/maderas/images/page84_thumbnail.jpg HTTP/1.1" 200 7012
201.234.69.98 - - [21/Sep/2019:11:56:06 -0500] "GET /Residuos/maderas/images/page85_thumbnail.jpg HTTP/1.1" 200 5920
201.234.69.98 - - [21/Sep/2019:11:56:06 -0500] "GET /Residuos/maderas/images/page86_thumbnail.jpg HTTP/1.1" 200 6960
201.234.69.98 - - [21/Sep/2019:11:56:06 -0500] "GET /Residuos/maderas/images/page87_thumbnail.jpg HTTP/1.1" 200 11120
201.234.69.98 - - [21/Sep/2019:11:56:06 -0500] "GET /Residuos/maderas/images/page88_thumbnail.jpg HTTP/1.1" 200 10021
201.234.69.98 - - [21/Sep/2019:11:56:06 -0500] "GET /Residuos/maderas/images/page89_thumbnail.jpg HTTP/1.1" 200 4648
201.234.69.98 - - [21/Sep/2019:11:56:07 -0500] "GET /Residuos/maderas/images/page90_thumbnail.jpg HTTP/1.1" 200 7442
201.234.69.98 - - [21/Sep/2019:11:56:07 -0500] "GET /Residuos/maderas/images/page91_thumbnail.jpg HTTP/1.1" 200 5509
201.234.69.98 - - [21/Sep/2019:11:56:07 -0500] "GET /Residuos/maderas/images/page92_thumbnail.jpg HTTP/1.1" 200 14204
201.234.69.98 - - [21/Sep/2019:11:56:07 -0500] "GET /Residuos/maderas/images/page93_thumbnail.jpg HTTP/1.1" 200 3693
201.234.69.98 - - [21/Sep/2019:11:56:07 -0500] "GET /Residuos/maderas/images/page94_thumbnail.jpg HTTP/1.1" 200 6584
201.234.69.98 - - [21/Sep/2019:11:56:07 -0500] "GET /Residuos/maderas/images/page95_thumbnail.jpg HTTP/1.1" 200 4947
201.234.69.98 - - [21/Sep/2019:11:56:07 -0500] "GET /Residuos/maderas/images/page96_thumbnail.jpg HTTP/1.1" 200 5067
201.234.69.98 - - [21/Sep/2019:11:56:07 -0500] "GET /Residuos/maderas/images/page97_thumbnail.jpg HTTP/1.1" 200 6330
201.234.69.98 - - [21/Sep/2019:11:56:07 -0500] "GET /Residuos/maderas/images/page98_thumbnail.jpg HTTP/1.1" 200 5939
201.234.69.98 - - [21/Sep/2019:11:56:07 -0500] "GET /Residuos/maderas/images/page99_thumbnail.jpg HTTP/1.1" 200 8382
201.234.69.98 - - [21/Sep/2019:11:56:07 -0500] "GET /Residuos/maderas/images/page100_thumbnail.jpg HTTP/1.1" 200 7526
201.234.69.98 - - [21/Sep/2019:11:56:07 -0500] "GET /Residuos/maderas/images/page101_thumbnail.jpg HTTP/1.1" 200 5570
201.234.69.98 - - [21/Sep/2019:11:56:07 -0500] "GET /Residuos/maderas/images/page102_thumbnail.jpg HTTP/1.1" 200 6587
201.234.69.98 - - [21/Sep/2019:11:56:07 -0500] "GET /Residuos/maderas/images/page103_thumbnail.jpg HTTP/1.1" 200 5679
201.234.69.98 - - [21/Sep/2019:11:56:07 -0500] "GET /Residuos/maderas/images/page104_thumbnail.jpg HTTP/1.1" 200 5096
201.234.69.98 - - [21/Sep/2019:11:56:07 -0500] "GET /Residuos/maderas/images/page105_thumbnail.jpg HTTP/1.1" 200 6066
201.234.69.98 - - [21/Sep/2019:11:56:07 -0500] "GET /Residuos/maderas/images/page106_thumbnail.jpg HTTP/1.1" 200 5907
201.234.69.98 - - [21/Sep/2019:11:56:07 -0500] "GET /Residuos/maderas/images/page107_thumbnail.jpg HTTP/1.1" 200 6188
201.234.69.98 - - [21/Sep/2019:11:56:07 -0500] "GET /Residuos/maderas/images/page108_thumbnail.jpg HTTP/1.1" 200 5945
201.234.69.98 - - [21/Sep/2019:11:56:07 -0500] "GET /Residuos/maderas/images/page109_thumbnail.jpg HTTP/1.1" 200 5513
201.234.69.98 - - [21/Sep/2019:11:56:07 -0500] "GET /Residuos/maderas/images/page110_thumbnail.jpg HTTP/1.1" 200 5392
201.234.69.98 - - [21/Sep/2019:11:56:08 -0500] "GET /Residuos/maderas/images/page111_thumbnail.jpg HTTP/1.1" 200 7267
201.234.69.98 - - [21/Sep/2019:11:56:08 -0500] "GET /Residuos/maderas/images/page112_thumbnail.jpg HTTP/1.1" 200 800
201.234.69.98 - - [21/Sep/2019:11:56:08 -0500] "GET /Residuos/maderas/images/page113_thumbnail.jpg HTTP/1.1" 200 3428
201.234.69.98 - - [21/Sep/2019:11:56:08 -0500] "GET /Residuos/maderas/images/page114_thumbnail.jpg HTTP/1.1" 200 1019
144.76.96.236 - - [21/Sep/2019:11:56:09 -0500] "GET /SIG/index.php/Gestion%20Documental/126PA06-PR02%20CONTROL%20REGISTROS.pdf/ECS//126PM04-PR97.pdf/ HTTP/1.1" 200 6094
144.76.236.112 - - [21/Sep/2019:11:56:10 -0500] "GET /SIG/index.php/Comunicaciones/126PG02-PR06.pdf/?dir=&sort=name&order=desc/ HTTP/1.1" 200 5190
191.156.59.3 - - [21/Sep/2019:11:56:12 -0500] "GET /BLA/boletinlegal/js/jquery.scrollShow.js HTTP/1.1" 200 4586
191.156.51.90 - - [21/Sep/2019:11:56:12 -0500] "GET /galeria/galeria/jquery.fancybox.js?v=2.1.5 HTTP/1.1" 200 48706
191.156.59.3 - - [21/Sep/2019:11:56:12 -0500] "GET /galeria/galeria/jquery.fancybox.css?v=2.1.5 HTTP/1.1" 200 4895
201.234.69.98 - - [21/Sep/2019:11:56:12 -0500] "GET /Residuos/maderas/images/page6.swf HTTP/1.1" 200 17299
144.76.96.236 - - [21/Sep/2019:11:56:12 -0500] "GET /SIG/index.php/Gestion%20Documental/126PA06-PR02%20CONTROL%20REGISTROS.pdf/ECS//126PM04-PR98.pdf/ HTTP/1.1" 200 6094
201.234.69.98 - - [21/Sep/2019:11:56:12 -0500] "GET /Residuos/maderas/files/search/search6.xml HTTP/1.1" 200 12289
201.234.69.98 - - [21/Sep/2019:11:56:12 -0500] "GET /Residuos/maderas/images/page7.swf HTTP/1.1" 200 15499
201.234.69.98 - - [21/Sep/2019:11:56:13 -0500] "GET /Residuos/maderas/files/search/search7.xml HTTP/1.1" 200 8721
144.76.236.112 - - [21/Sep/2019:11:56:13 -0500] "GET /SIG/index.php/Comunicaciones/126PG02-PR06.pdf/?dir=&sort=size&order=asc/ HTTP/1.1" 200 5190
144.76.236.112 - - [21/Sep/2019:11:56:16 -0500] "GET /SIG/index.php/Comunicaciones/126PG02-PR06.pdf/?dir=Control%20y%20mejora//&sort=date&order=asc/ HTTP/1.1" 200 3184
190.158.46.197 - - [21/Sep/2019:11:56:17 -0500] "GET /galeria/galeria/jquery.fancybox.css?v=2.1.5 HTTP/1.1" 200 4895
190.158.46.197 - - [21/Sep/2019:11:56:17 -0500] "GET /BLA/boletinlegal/js/jquery.scrollShow.js HTTP/1.1" 200 4586
190.158.46.197 - - [21/Sep/2019:11:56:17 -0500] "GET /galeria/galeria/jquery.fancybox.js?v=2.1.5 HTTP/1.1" 200 48706
144.76.236.112 - - [21/Sep/2019:11:56:18 -0500] "GET /SIG/index.php/Comunicaciones/126PG02-PR06.pdf/?dir=Direccionamiento%20Estrategico//&sort=name&order=desc/ HTTP/1.1" 200 4347
144.76.236.112 - - [21/Sep/2019:11:56:21 -0500] "GET /SIG/index.php/Comunicaciones/126PG02-PR06.pdf/?dir=Direccionamiento%20Estrategico//&sort=size&order=asc/ HTTP/1.1" 200 4347
144.76.236.112 - - [21/Sep/2019:11:56:23 -0500] "GET /SIG/index.php/Comunicaciones/126PG02-PR06.pdf/?dir=ECS// HTTP/1.1" 200 16994
190.84.14.119 - - [21/Sep/2019:11:56:24 -0500] "GET /galeria/galeria/jquery.fancybox.css?v=2.1.5 HTTP/1.1" 200 4895
190.84.14.119 - - [21/Sep/2019:11:56:24 -0500] "GET /galeria/galeria/jquery.fancybox.js?v=2.1.5 HTTP/1.1" 200 48706
190.84.14.119 - - [21/Sep/2019:11:56:24 -0500] "GET /BLA/boletinlegal/js/jquery.scrollShow.js HTTP/1.1" 200 4586
181.57.194.153 - - [21/Sep/2019:11:56:24 -0500] "GET /galeria/nivo-slider/demo/Banner%20sostenibilidad.jpg HTTP/1.1" 404 1314
201.234.69.98 - - [21/Sep/2019:11:56:25 -0500] "GET /Residuos/maderas/images/page8.swf HTTP/1.1" 200 17687
201.234.69.98 - - [21/Sep/2019:11:56:25 -0500] "GET /Residuos/maderas/images/page9.swf HTTP/1.1" 200 20270
201.234.69.98 - - [21/Sep/2019:11:56:25 -0500] "GET /Residuos/maderas/files/search/search8.xml HTTP/1.1" 200 4656
201.234.69.98 - - [21/Sep/2019:11:56:25 -0500] "GET /Residuos/maderas/files/search/search9.xml HTTP/1.1" 200 13001
144.76.236.112 - - [21/Sep/2019:11:56:26 -0500] "GET /SIG/index.php/Comunicaciones/126PG02-PR06.pdf/?dir=Gestion%20Documental// HTTP/1.1" 200 5950
181.57.194.153 - - [21/Sep/2019:11:56:34 -0500] "GET /galeria/nivo-slider/demo/Banner%20sostenibilidad.jpg HTTP/1.1" 404 1314
144.76.236.112 - - [21/Sep/2019:11:56:37 -0500] "GET /SIG/index.php/Comunicaciones/126PG02-PR06.pdf/?dir=Gestion%20Recursos%20Financieros// HTTP/1.1" 200 9258
186.31.112.206 - - [21/Sep/2019:11:56:39 -0500] "GET /galeria/galeria/jquery.fancybox.css?v=2.1.5 HTTP/1.1" 200 4895
144.76.236.112 - - [21/Sep/2019:11:56:39 -0500] "GET /SIG/index.php/Comunicaciones/126PG02-PR10.pdf/?dir=&sort=date&order=asc/ HTTP/1.1" 200 5190
186.31.112.206 - - [21/Sep/2019:11:56:39 -0500] "GET /BLA/boletinlegal/js/jquery.scrollShow.js HTTP/1.1" 200 4586
186.31.112.206 - - [21/Sep/2019:11:56:39 -0500] "GET /galeria/galeria/jquery.fancybox.js?v=2.1.5 HTTP/1.1" 200 48706
144.76.236.112 - - [21/Sep/2019:11:56:44 -0500] "GET /SIG/index.php/Comunicaciones/126PG02-PR10.pdf/?dir=&sort=name&order=desc/ HTTP/1.1" 200 5190
66.249.64.20 - - [21/Sep/2019:11:56:46 -0500] "GET /BLA/resoluciones/AUTOS%202013/1561.pdf HTTP/1.1" 200 850363
201.234.69.98 - - [21/Sep/2019:11:56:47 -0500] "GET /Residuos/maderas/images/page10.swf HTTP/1.1" 200 16687
201.234.69.98 - - [21/Sep/2019:11:56:47 -0500] "GET /Residuos/maderas/files/search/search10.xml HTTP/1.1" 200 20465
201.234.69.98 - - [21/Sep/2019:11:56:47 -0500] "GET /Residuos/maderas/images/page11.swf HTTP/1.1" 200 463842
144.76.236.112 - - [21/Sep/2019:11:56:48 -0500] "GET /SIG/index.php/Comunicaciones/126PG02-PR10.pdf/?dir=&sort=size&order=asc/ HTTP/1.1" 200 5190
201.234.69.98 - - [21/Sep/2019:11:56:48 -0500] "GET /Residuos/maderas/files/search/search11.xml HTTP/1.1" 200 9789
201.234.69.98 - - [21/Sep/2019:11:56:51 -0500] "GET /Residuos/maderas/images/page12.swf HTTP/1.1" 200 14463
201.234.69.98 - - [21/Sep/2019:11:56:51 -0500] "GET /Residuos/maderas/files/search/search12.xml HTTP/1.1" 200 13360
201.234.69.98 - - [21/Sep/2019:11:56:51 -0500] "GET /Residuos/maderas/images/page13.swf HTTP/1.1" 200 363082
144.76.236.112 - - [21/Sep/2019:11:56:51 -0500] "GET /SIG/index.php/Comunicaciones/126PG02-PR10.pdf/?dir=Control%20Disciplinario// HTTP/1.1" 200 3084
201.234.69.98 - - [21/Sep/2019:11:56:51 -0500] "GET /Residuos/maderas/files/search/search13.xml HTTP/1.1" 200 11729
144.76.236.112 - - [21/Sep/2019:11:56:54 -0500] "GET /SIG/index.php/Comunicaciones/126PG02-PR10.pdf/?dir=Control%20y%20mejora// HTTP/1.1" 200 3185
144.76.236.112 - - [21/Sep/2019:11:56:57 -0500] "GET /SIG/index.php/Comunicaciones/126PG02-PR10.pdf/?dir=Direccionamiento%20Estrategico// HTTP/1.1" 200 4348
201.234.69.98 - - [21/Sep/2019:11:56:57 -0500] "GET /Residuos/maderas/images/page14.swf HTTP/1.1" 200 13963
201.234.69.98 - - [21/Sep/2019:11:56:57 -0500] "GET /Residuos/maderas/files/search/search14.xml HTTP/1.1" 200 11635
201.234.69.98 - - [21/Sep/2019:11:56:57 -0500] "GET /Residuos/maderas/images/page15.swf HTTP/1.1" 200 27514
201.234.69.98 - - [21/Sep/2019:11:56:57 -0500] "GET /Residuos/maderas/files/search/search15.xml HTTP/1.1" 200 12633
144.76.236.112 - - [21/Sep/2019:11:57:00 -0500] "GET /SIG/index.php/Comunicaciones/126PG02-PR10.pdf/?dir=ECS// HTTP/1.1" 200 16994
186.31.112.206 - - [21/Sep/2019:11:57:02 -0500] "GET /inicio/ HTTP/1.1" 404 1341
144.76.236.112 - - [21/Sep/2019:11:57:02 -0500] "GET /SIG/index.php/Comunicaciones/126PG02-PR10.pdf/?dir=Gestion%20Recursos%20Financieros// HTTP/1.1" 200 9258
69.162.124.232 - - [21/Sep/2019:11:57:03 -0500] "HEAD / HTTP/1.1" 200 -
144.76.236.112 - - [21/Sep/2019:11:57:05 -0500] "GET /SIG/index.php/Control%20Disciplinario/plantilla%20para%20Procedimientos%20-%20disciplinario%20ordinario%20version%20080.pdf/?dir=Control%20y%20mejora// HTTP/1.1" 200 3695
144.76.236.112 - - [21/Sep/2019:11:57:08 -0500] "GET /SIG/index.php/Control%20Disciplinario/plantilla%20para%20Procedimientos%20-%20disciplinario%20ordinario%20version%20080.pdf/?dir=Direccionamiento%20Estrategico// HTTP/1.1" 200 4796
144.76.236.112 - - [21/Sep/2019:11:57:10 -0500] "GET /SIG/index.php/Control%20Disciplinario/plantilla%20para%20Procedimientos%20-%20disciplinario%20ordinario%20version%20080.pdf/?dir=ECS// HTTP/1.1" 200 17442
144.76.236.112 - - [21/Sep/2019:11:57:14 -0500] "GET /SIG/index.php/Control%20Disciplinario/plantilla%20para%20Procedimientos%20-%20disciplinario%20ordinario%20version%20080.pdf/?dir=Gestion%20Documental// HTTP/1.1" 200 6398
144.76.236.112 - - [21/Sep/2019:11:57:16 -0500] "GET /SIG/index.php/Control%20Disciplinario/plantilla%20para%20Procedimientos%20-%20disciplinario%20ordinario%20version%20080.pdf/?dir=Gestion%20Recursos%20Financieros// HTTP/1.1" 200 9706
144.76.236.112 - - [21/Sep/2019:11:57:20 -0500] "GET /SIG/index.php/Control%20Disciplinario/plantilla%20para%20Procedimientos%20-%20segunda%20instancia%20version%20050.pdf/?dir=Gestion%20Recursos%20Financieros// HTTP/1.1" 200 9664
144.76.236.112 - - [21/Sep/2019:11:57:23 -0500] "GET /SIG/index.php/Control%20y%20mejora/126PE01-PR03.pdf/?dir=&sort=date&order=asc/ HTTP/1.1" 200 5232
144.76.236.112 - - [21/Sep/2019:11:57:25 -0500] "GET /SIG/index.php/Control%20y%20mejora/126PE01-PR03.pdf/?dir=&sort=name&order=desc/ HTTP/1.1" 200 5232
144.76.236.112 - - [21/Sep/2019:11:57:27 -0500] "GET /SIG/index.php/Control%20y%20mejora/126PE01-PR03.pdf/?dir=Control%20Disciplinario// HTTP/1.1" 200 3102
186.144.233.140 - - [21/Sep/2019:11:57:29 -0500] "GET /BLA/boletinlegal/js/jquery.scrollShow.js HTTP/1.1" 200 4586
186.144.233.140 - - [21/Sep/2019:11:57:29 -0500] "GET /galeria/galeria/jquery.fancybox.js?v=2.1.5 HTTP/1.1" 200 48706
186.144.233.140 - - [21/Sep/2019:11:57:29 -0500] "GET /galeria/galeria/jquery.fancybox.css?v=2.1.5 HTTP/1.1" 200 4895
144.76.236.112 - - [21/Sep/2019:11:57:29 -0500] "GET /SIG/index.php/Control%20y%20mejora/126PE01-PR03.pdf/?dir=Control%20y%20mejora// HTTP/1.1" 200 3205
144.76.236.112 - - [21/Sep/2019:11:57:32 -0500] "GET /SIG/index.php/Control%20y%20mejora/126PE01-PR03.pdf/?dir=ECS// HTTP/1.1" 200 17012
144.76.236.112 - - [21/Sep/2019:11:57:35 -0500] "GET /SIG/index.php/Control%20y%20mejora/126PE01-PR03.pdf/?dir=Gestion%20Documental// HTTP/1.1" 200 5968
190.25.173.247 - - [21/Sep/2019:11:57:36 -0500] "GET /galeria/galeria/jquery.fancybox.css?v=2.1.5 HTTP/1.1" 200 4895
190.25.173.247 - - [21/Sep/2019:11:57:37 -0500] "GET /BLA/boletinlegal/js/jquery.scrollShow.js HTTP/1.1" 200 4586
190.25.173.247 - - [21/Sep/2019:11:57:37 -0500] "GET /galeria/galeria/jquery.fancybox.js?v=2.1.5 HTTP/1.1" 200 48706
144.76.236.112 - - [21/Sep/2019:11:57:39 -0500] "GET /SIG/index.php/Control%20y%20mejora/126PE01-PR03.pdf/?dir=Gestion%20Recursos%20Financieros// HTTP/1.1" 200 9276
144.76.236.112 - - [21/Sep/2019:11:57:43 -0500] "GET /SIG/index.php/Control%20y%20mejora/126PE01-PR04.pdf/?dir=&sort=date&order=asc/ HTTP/1.1" 200 5232
144.76.236.112 - - [21/Sep/2019:11:57:45 -0500] "GET /SIG/index.php/Control%20y%20mejora/126PE01-PR04.pdf/?dir=&sort=name&order=desc/ HTTP/1.1" 200 5232
40.77.167.165 - - [21/Sep/2019:11:57:49 -0500] "GET /catalogoisis/ HTTP/1.1" 200 8575
144.76.236.112 - - [21/Sep/2019:11:57:49 -0500] "GET /SIG/index.php/Control%20y%20mejora/126PE01-PR04.pdf/?dir=&sort=size&order=asc/ HTTP/1.1" 200 5232
144.76.236.112 - - [21/Sep/2019:11:57:53 -0500] "GET /SIG/index.php/Control%20y%20mejora/126PE01-PR04.pdf/?dir=Comunicaciones// HTTP/1.1" 200 3303
144.76.236.112 - - [21/Sep/2019:11:57:57 -0500] "GET /SIG/index.php/Control%20y%20mejora/126PE01-PR04.pdf/?dir=Control%20Disciplinario// HTTP/1.1" 200 3102
98.248.161.60 - - [21/Sep/2019:11:57:57 -0500] "GET /galeria/galeria/jquery.fancybox.js?v=2.1.5 HTTP/1.1" 200 48706
144.76.236.112 - - [21/Sep/2019:11:57:59 -0500] "GET /SIG/index.php/Control%20y%20mejora/126PE01-PR04.pdf/?dir=Direccionamiento%20Estrategico// HTTP/1.1" 200 4366
98.248.161.60 - - [21/Sep/2019:11:58:01 -0500] "GET /galeria/galeria/jquery.fancybox.css?v=2.1.5 HTTP/1.1" 200 4895
98.248.161.60 - - [21/Sep/2019:11:58:02 -0500] "GET /BLA/boletinlegal/js/jquery.scrollShow.js HTTP/1.1" 200 4586
40.77.167.153 - - [21/Sep/2019:11:58:03 -0500] "GET /BLA/boletinlegal/Directivas/2009/Directiva%20No.%20del%2023%20de%20Diciembre%20de%202009.pdf HTTP/1.1" 200 1636862
144.76.236.112 - - [21/Sep/2019:11:58:03 -0500] "GET /SIG/index.php/Control%20y%20mejora/126PE01-PR04.pdf/?dir=ECS// HTTP/1.1" 200 17012
144.76.236.112 - - [21/Sep/2019:11:58:06 -0500] "GET /SIG/index.php/Control%20y%20mejora/126PE01-PR07.pdf/?dir=&sort=name&order=desc/ HTTP/1.1" 200 5232
187.189.50.167 - - [21/Sep/2019:11:58:09 -0500] "GET /galeria/galeria/jquery.fancybox.css?v=2.1.5 HTTP/1.1" 200 4895
187.189.50.167 - - [21/Sep/2019:11:58:09 -0500] "GET /BLA/boletinlegal/js/jquery.scrollShow.js HTTP/1.1" 200 4586
187.189.50.167 - - [21/Sep/2019:11:58:09 -0500] "GET /galeria/galeria/jquery.fancybox.js?v=2.1.5 HTTP/1.1" 200 48706
144.76.236.112 - - [21/Sep/2019:11:58:09 -0500] "GET /SIG/index.php/Direccionamiento%20Estrategico/126PG01-PR02.pdf/?dir=&sort=date&order=asc/ HTTP/1.1" 200 5484
40.77.167.153 - - [21/Sep/2019:11:58:12 -0500] "GET /BLA/boletinlegal/Circulares/2012/Circular%20No.%207%20del%2008%20de%20Agosto%20de%202012.pdf HTTP/1.1" 200 972955
144.76.236.112 - - [21/Sep/2019:11:58:15 -0500] "GET /SIG/index.php/Direccionamiento%20Estrategico/126PG01-PR02.pdf/?dir=&sort=size&order=asc/ HTTP/1.1" 200 5484
144.76.236.112 - - [21/Sep/2019:11:58:19 -0500] "GET /SIG/index.php/Direccionamiento%20Estrategico/126PG01-PR02.pdf/?dir=Control%20Disciplinario// HTTP/1.1" 200 3210
