148.251.9.145 - - [21/Sep/2019:11:42:30 -0500] "GET /SIG/index.php/ECS/126PM04-PR97.pdf/?dir=&sort=date&order=asc/ HTTP/1.1" 200 4959
148.251.9.145 - - [21/Sep/2019:11:42:34 -0500] "GET /SIG/index.php/ECS/126PM04-PR97.pdf/?dir=&sort=name&order=desc/ HTTP/1.1" 200 4959
148.251.9.145 - - [21/Sep/2019:11:42:35 -0500] "GET /SIG/index.php/ECS/126PM04-PR97.pdf/?dir=&sort=size&order=asc/ HTTP/1.1" 200 4959
144.76.96.236 - - [21/Sep/2019:11:42:36 -0500] "GET /SIG/index.php/ECS/126PM04-PR99.pdf/?dir=Control%20Disciplinario//&sort=name&order=desc/ HTTP/1.1" 200 2984
37.1.220.92 - - [21/Sep/2019:11:42:39 -0500] "-" 408 -
148.251.9.145 - - [21/Sep/2019:11:42:40 -0500] "GET /SIG/index.php/ECS/126PM04-PR97.pdf/?dir=Comunicaciones// HTTP/1.1" 200 3186
181.58.125.56 - - [21/Sep/2019:11:42:41 -0500] "GET /galeria/galeria/jquery.fancybox.css?v=2.1.5 HTTP/1.1" 200 4895
181.58.125.56 - - [21/Sep/2019:11:42:42 -0500] "GET /BLA/boletinlegal/js/jquery.scrollShow.js HTTP/1.1" 200 4586
148.251.9.145 - - [21/Sep/2019:11:42:43 -0500] "GET /SIG/index.php/Gestion%20Documental/126PA06-PR06%20SELECCION%20DOCUMENTACION%20ARCHIVO%20CENTRAL%20PARA%20ELIMINAC%20O%20TRANSFER.pdf/?dir=Gestion%20Documental// HTTP/1.1" 200 6441
144.76.96.236 - - [21/Sep/2019:11:42:45 -0500] "GET /SIG/index.php/ECS/126PM04-PR99.pdf/?dir=Control%20Disciplinario//&sort=size&order=asc/ HTTP/1.1" 200 2984
181.58.125.56 - - [21/Sep/2019:11:42:47 -0500] "GET /galeria/galeria/jquery.fancybox.js?v=2.1.5 HTTP/1.1" 200 48706
148.251.9.145 - - [21/Sep/2019:11:42:47 -0500] "GET /SIG/index.php/Gestion%20Recursos%20Financieros/126PA02-PR05%20ELABORACION%20ANTEPROYECTO%20PRESUPUESTO.pdf/?dir=Gestion%20Recursos%20Financieros//&sort=name&order=desc/ HTTP/1.1" 200 9642
170.244.208.73 - - [21/Sep/2019:11:42:50 -0500] "GET /galeria/galeria/jquery.fancybox.js?v=2.1.5 HTTP/1.1" 200 48706
170.244.208.73 - - [21/Sep/2019:11:42:50 -0500] "GET /BLA/boletinlegal/js/jquery.scrollShow.js HTTP/1.1" 200 4586
170.244.208.73 - - [21/Sep/2019:11:42:50 -0500] "GET /galeria/galeria/jquery.fancybox.css?v=2.1.5 HTTP/1.1" 200 4895
148.251.9.145 - - [21/Sep/2019:11:42:50 -0500] "GET /SIG/index.php/Gestion%20Recursos%20Financieros/126PA02-PR06%20MODIFICACIONES%20PRESUPUESTALES.pdf/?dir=Direccionamiento%20Estrategico//&sort=date&order=asc/ HTTP/1.1" 200 4683
144.76.96.236 - - [21/Sep/2019:11:42:52 -0500] "GET /SIG/index.php/ECS/126PM04-PR99.pdf/?dir=Control%20y%20mejora//&sort=date&order=asc/ HTTP/1.1" 200 3074
66.249.64.20 - - [21/Sep/2019:11:42:56 -0500] "GET /BLA/resoluciones/AUTOS%202012/0533.pdf HTTP/1.1" 200 697006
148.251.9.145 - - [21/Sep/2019:11:42:58 -0500] "GET /SIG/index.php/Gestion%20Recursos%20Financieros/126PA02-PR06%20MODIFICACIONES%20PRESUPUESTALES.pdf/?dir=Direccionamiento%20Estrategico//&sort=name&order=desc/ HTTP/1.1" 200 4683
144.76.96.236 - - [21/Sep/2019:11:42:59 -0500] "GET /SIG/index.php/ECS/126PM04-PR99.pdf/?dir=Control%20y%20mejora//&sort=name&order=desc/ HTTP/1.1" 200 3074
148.251.9.145 - - [21/Sep/2019:11:43:04 -0500] "GET /SIG/index.php/Gestion%20Recursos%20Financieros/126PA02-PR06%20MODIFICACIONES%20PRESUPUESTALES.pdf/?dir=Direccionamiento%20Estrategico//&sort=size&order=asc/ HTTP/1.1" 200 4683
144.76.96.236 - - [21/Sep/2019:11:43:07 -0500] "GET /SIG/index.php/ECS/126PM04-PR99.pdf/?dir=Control%20y%20mejora//&sort=size&order=asc/ HTTP/1.1" 200 3074
148.251.9.145 - - [21/Sep/2019:11:43:08 -0500] "GET /SIG/index.php/Gestion%20Recursos%20Financieros/126PA02-PR06%20MODIFICACIONES%20PRESUPUESTALES.pdf/ECS/126PM04-PR40.pdf/?dir=&sort=size&order=asc/ HTTP/1.1" 200 6555
37.1.220.92 - - [21/Sep/2019:11:43:09 -0500] "-" 408 -
201.221.122.166 - - [21/Sep/2019:11:43:09 -0500] "GET /galeria/galeria/jquery.fancybox.css?v=2.1.5 HTTP/1.1" 200 4895
201.221.122.166 - - [21/Sep/2019:11:43:09 -0500] "GET /BLA/boletinlegal/js/jquery.scrollShow.js HTTP/1.1" 200 4586
201.221.122.166 - - [21/Sep/2019:11:43:09 -0500] "GET /galeria/galeria/jquery.fancybox.js?v=2.1.5 HTTP/1.1" 200 48706
148.251.9.145 - - [21/Sep/2019:11:43:14 -0500] "GET /SIG/index.php/Gestion%20Recursos%20Financieros/126PA02-PR06%20MODIFICACIONES%20PRESUPUESTALES.pdf/ECS/126PM04-PR40.pdf/?dir=Comunicaciones// HTTP/1.1" 200 3870
5.255.250.75 - - [21/Sep/2019:11:43:14 -0500] "GET /PruebasSTORM/StormSDA_pruebas/userFiles/user_files/formatos/85.xml HTTP/1.1" 200 87572
201.240.21.85 - - [21/Sep/2019:11:43:23 -0500] "GET /galeria/galeria/jquery.fancybox.css?v=2.1.5 HTTP/1.1" 200 4895
201.240.21.85 - - [21/Sep/2019:11:43:23 -0500] "GET /BLA/boletinlegal/js/jquery.scrollShow.js HTTP/1.1" 200 4586
201.240.21.85 - - [21/Sep/2019:11:43:23 -0500] "GET /galeria/galeria/jquery.fancybox.js?v=2.1.5 HTTP/1.1" 200 48706
148.251.9.145 - - [21/Sep/2019:11:43:23 -0500] "GET /SIG/index.php/Gestion%20Recursos%20Financieros/126PA02-PR11%20REINTEGROS%20DE%20TESORERIA.pdf/?dir=Gestion%20Documental// HTTP/1.1" 200 6244
148.251.9.145 - - [21/Sep/2019:11:43:28 -0500] "GET /SIG/index.php/Gestion%20Recursos%20Financieros/126PA02-PR11%20REINTEGROS%20DE%20TESORERIA.pdf/?dir=Gestion%20Recursos%20Financieros// HTTP/1.1" 200 9552
148.251.9.145 - - [21/Sep/2019:11:43:37 -0500] "GET /SIG/index.php/Gestion%20Recursos%20Financieros/126PA02-PR19%20CAUSACION%20Y%20PAGO%20NOMINA.pdf/?dir=Control%20Disciplinario// HTTP/1.1" 200 3378
148.251.9.145 - - [21/Sep/2019:11:43:42 -0500] "GET /SIG/index.php/Gestion%20Recursos%20Financieros/126PA02-PR19%20CAUSACION%20Y%20PAGO%20NOMINA.pdf/?dir=Direccionamiento%20Estrategico// HTTP/1.1" 200 4642
148.251.9.145 - - [21/Sep/2019:11:43:48 -0500] "GET /SIG/index.php/Gestion%20Recursos%20Financieros/126PA02-PR19%20CAUSACION%20Y%20PAGO%20NOMINA.pdf/?dir=ECS// HTTP/1.1" 200 17288
148.251.9.145 - - [21/Sep/2019:11:43:58 -0500] "GET /SIG/index.php/Gestion%20Recursos%20Financieros/126PA02-PR20%20REGISTRO%20DE%20DIFERIDOS.pdf/?dir=Comunicaciones// HTTP/1.1" 200 3565
148.251.9.145 - - [21/Sep/2019:11:44:06 -0500] "GET /SIG/index.php/Gestion%20Recursos%20Financieros/126PA02-PR20%20REGISTRO%20DE%20DIFERIDOS.pdf/?dir=Control%20Disciplinario// HTTP/1.1" 200 3364
66.249.88.189 - - [21/Sep/2019:11:44:08 -0500] "GET /galeria/galeria/jquery.fancybox.css?v=2.1.5 HTTP/1.1" 200 4895
66.249.88.189 - - [21/Sep/2019:11:44:08 -0500] "GET /BLA/boletinlegal/js/jquery.scrollShow.js HTTP/1.1" 200 4586
66.249.88.191 - - [21/Sep/2019:11:44:08 -0500] "GET /galeria/galeria/jquery.fancybox.js?v=2.1.5 HTTP/1.1" 200 48706
37.1.220.92 - - [21/Sep/2019:11:44:09 -0500] "-" 408 -
148.251.9.145 - - [21/Sep/2019:11:44:12 -0500] "GET /SIG/index.php/Gestion%20Recursos%20Financieros/126PA02-PR20%20REGISTRO%20DE%20DIFERIDOS.pdf/?dir=Control%20y%20mejora// HTTP/1.1" 200 3501
190.109.170.249 - - [21/Sep/2019:11:44:14 -0500] "GET /BLA/resoluciones/RESOLUCIONES%202010/5720.pdf HTTP/1.1" 200 146366
190.109.170.249 - - [21/Sep/2019:11:44:15 -0500] "GET /favicon.ico HTTP/1.1" 200 7782
148.251.9.145 - - [21/Sep/2019:11:44:20 -0500] "GET /SIG/index.php/Gestion%20Recursos%20Financieros/126PA02-PR23%20REGISTRO%20RESPONSABILIDADES.pdf/?dir=&sort=size&order=asc/ HTTP/1.1" 200 5997
181.57.194.153 - - [21/Sep/2019:11:44:27 -0500] "GET /galeria/nivo-slider/demo/Banner%20sostenibilidad.jpg HTTP/1.1" 404 1314
148.251.9.145 - - [21/Sep/2019:11:44:28 -0500] "GET /SIG/index.php/Gestion%20Recursos%20Financieros/126PA02-PR23%20REGISTRO%20RESPONSABILIDADES.pdf/?dir=Comunicaciones// HTTP/1.1" 200 3600
148.251.9.145 - - [21/Sep/2019:11:44:32 -0500] "GET /SIG/index.php/Gestion%20Recursos%20Financieros/126PA02-PR23%20REGISTRO%20RESPONSABILIDADES.pdf/?dir=Control%20Disciplinario// HTTP/1.1" 200 3399
181.57.194.153 - - [21/Sep/2019:11:44:36 -0500] "GET /galeria/nivo-slider/demo/Banner%20sostenibilidad.jpg HTTP/1.1" 404 1314
148.251.9.145 - - [21/Sep/2019:11:44:40 -0500] "GET /SIG/index.php/Gestion%20Recursos%20Financieros/126PA02-PR23%20REGISTRO%20RESPONSABILIDADES.pdf/?dir=Control%20y%20mejora// HTTP/1.1" 200 3541
192.168.175.104 - - [21/Sep/2019:11:44:43 -0500] "GET / HTTP/1.1" 200 9990
148.251.9.145 - - [21/Sep/2019:11:44:44 -0500] "GET /SIG/index.php/Gestion%20Recursos%20Financieros/126PA02-PR25%20REGISTRO%20MOVIMIENTO%20Y%20CONTROL%20ALMACEN.pdf/?dir=&sort=date&order=asc/ HTTP/1.1" 200 6206
66.249.64.20 - - [21/Sep/2019:11:44:46 -0500] "GET /siipev/Diseno%20de%20Elementos%20de%20Mobiliario%20Urbano/Diseno%20pertenecientes%20al%20mobiliario%20urbano%20M10-M160/PARTE%20A/Dise%C3%B1o%20de%20Elementos%20M-82.pdf HTTP/1.1" 200 757911
148.251.9.145 - - [21/Sep/2019:11:44:48 -0500] "GET /SIG/index.php/Gestion%20Recursos%20Financieros/126PA02-PR25%20REGISTRO%20MOVIMIENTO%20Y%20CONTROL%20ALMACEN.pdf/?dir=&sort=name&order=desc/ HTTP/1.1" 200 6206
148.251.9.145 - - [21/Sep/2019:11:44:55 -0500] "GET /SIG/index.php/Gestion%20Recursos%20Financieros/126PA02-PR25%20REGISTRO%20MOVIMIENTO%20Y%20CONTROL%20ALMACEN.pdf/?dir=&sort=size&order=asc/ HTTP/1.1" 200 6206
66.249.88.187 - - [21/Sep/2019:11:44:57 -0500] "GET /galeria/galeria/jquery.fancybox.js?v=2.1.5 HTTP/1.1" 200 48706
66.249.88.187 - - [21/Sep/2019:11:44:57 -0500] "GET /BLA/boletinlegal/js/jquery.scrollShow.js HTTP/1.1" 200 4586
66.249.88.191 - - [21/Sep/2019:11:44:57 -0500] "GET /galeria/galeria/jquery.fancybox.css?v=2.1.5 HTTP/1.1" 200 4895
148.251.9.145 - - [21/Sep/2019:11:44:59 -0500] "GET /SIG/index.php/Gestion%20Recursos%20Financieros/126PA02-PR25%20REGISTRO%20MOVIMIENTO%20Y%20CONTROL%20ALMACEN.pdf/?dir=Comunicaciones// HTTP/1.1" 200 3677
148.251.9.145 - - [21/Sep/2019:11:45:04 -0500] "GET /SIG/index.php/Gestion%20Recursos%20Financieros/126PA02-PR25%20REGISTRO%20MOVIMIENTO%20Y%20CONTROL%20ALMACEN.pdf/?dir=Control%20Disciplinario// HTTP/1.1" 200 3476
192.168.175.104 - - [21/Sep/2019:11:45:05 -0500] "GET / HTTP/1.0" 200 9990
148.251.9.145 - - [21/Sep/2019:11:45:08 -0500] "GET /StormSDA/storm_silv/?C=D;O=A/ HTTP/1.1" 200 5788
148.251.9.145 - - [21/Sep/2019:11:45:12 -0500] "GET /StormSDA/storm_silv/?C=M;O=A/ HTTP/1.1" 200 5788
148.251.9.145 - - [21/Sep/2019:11:45:17 -0500] "GET /StormSDA/storm_silv/?C=N;O=A/ HTTP/1.1" 200 5788
148.251.9.145 - - [21/Sep/2019:11:45:21 -0500] "GET /StormSDA/storm_silv/?C=S;O=A/ HTTP/1.1" 200 5788
148.251.9.145 - - [21/Sep/2019:11:45:26 -0500] "GET /StormSDA/userFiles/user_files/85/?C=N;O=D/ HTTP/1.1" 200 817
148.251.9.145 - - [21/Sep/2019:11:45:31 -0500] "GET /StormSDA/userFiles/user_files/86/?C=D;O=A/ HTTP/1.1" 200 817
148.251.9.145 - - [21/Sep/2019:11:45:35 -0500] "GET /StormSDA/userFiles/user_files/86/?C=M;O=A/ HTTP/1.1" 200 817
148.251.9.145 - - [21/Sep/2019:11:45:40 -0500] "GET /StormSDA/userFiles/user_files/86/?C=N;O=D/ HTTP/1.1" 200 817
66.249.88.187 - - [21/Sep/2019:11:45:40 -0500] "GET /galeria/galeria/jquery.fancybox.css?v=2.1.5 HTTP/1.1" 200 4895
66.249.88.191 - - [21/Sep/2019:11:45:40 -0500] "GET /BLA/boletinlegal/js/jquery.scrollShow.js HTTP/1.1" 200 4586
66.249.88.187 - - [21/Sep/2019:11:45:40 -0500] "GET /galeria/galeria/jquery.fancybox.js?v=2.1.5 HTTP/1.1" 200 48706
148.251.9.145 - - [21/Sep/2019:11:45:44 -0500] "GET /StormSDA/userFiles/user_files/86/?C=S;O=A/ HTTP/1.1" 200 817
181.49.69.93 - - [21/Sep/2019:11:45:46 -0500] "GET /BLA/boletinlegal/js/jquery.scrollShow.js HTTP/1.1" 200 4586
181.49.69.93 - - [21/Sep/2019:11:45:46 -0500] "GET /galeria/galeria/jquery.fancybox.css?v=2.1.5 HTTP/1.1" 200 4895
181.49.69.93 - - [21/Sep/2019:11:45:46 -0500] "GET /galeria/galeria/jquery.fancybox.js?v=2.1.5 HTTP/1.1" 200 48706
148.251.9.145 - - [21/Sep/2019:11:45:50 -0500] "GET /StormSDA/userFiles/user_files/88/?C=N;O=D/ HTTP/1.1" 200 817
148.251.9.145 - - [21/Sep/2019:11:45:53 -0500] "GET /StormSDA/userFiles/user_files/89/?C=N;O=D/ HTTP/1.1" 200 817
148.251.9.145 - - [21/Sep/2019:11:45:58 -0500] "GET /StormSDA/userFiles/user_files/90/?C=N;O=D/ HTTP/1.1" 200 817
148.251.9.145 - - [21/Sep/2019:11:46:01 -0500] "GET /StormSDA/userFiles/user_files/91/?C=N;O=D/ HTTP/1.1" 200 817
148.251.9.145 - - [21/Sep/2019:11:46:07 -0500] "GET /StormSDA/userFiles/user_files/92/?C=N;O=D/ HTTP/1.1" 200 817
148.251.9.145 - - [21/Sep/2019:11:46:10 -0500] "GET /StormSDA/userFiles/user_files/96/?C=N;O=D/ HTTP/1.1" 200 817
148.251.9.145 - - [21/Sep/2019:11:46:15 -0500] "GET /StormSDA/userFiles/user_files/97/?C=D;O=A/ HTTP/1.1" 200 817
148.251.9.145 - - [21/Sep/2019:11:46:18 -0500] "GET /StormSDA/userFiles/user_files/97/?C=M;O=A/ HTTP/1.1" 200 817
148.251.9.145 - - [21/Sep/2019:11:46:22 -0500] "GET /StormSDA/userFiles/user_files/97/?C=N;O=D/ HTTP/1.1" 200 817
200.2.66.21 - - [21/Sep/2019:11:46:22 -0500] "GET /galeria/galeria/jquery.fancybox.css?v=2.1.5 HTTP/1.1" 304 -
200.2.66.21 - - [21/Sep/2019:11:46:23 -0500] "GET /galeria/galeria/jquery.fancybox.js?v=2.1.5 HTTP/1.1" 304 -
181.112.81.44 - - [21/Sep/2019:11:46:23 -0500] "GET /galeria/galeria/jquery.fancybox.css?v=2.1.5 HTTP/1.1" 200 4895
181.112.81.44 - - [21/Sep/2019:11:46:23 -0500] "GET /BLA/boletinlegal/js/jquery.scrollShow.js HTTP/1.1" 200 4586
181.112.81.44 - - [21/Sep/2019:11:46:23 -0500] "GET /galeria/galeria/jquery.fancybox.js?v=2.1.5 HTTP/1.1" 200 48706
148.251.9.145 - - [21/Sep/2019:11:46:27 -0500] "GET /StormSDA/userFiles/user_files/97/?C=S;O=A/ HTTP/1.1" 200 817
148.251.9.145 - - [21/Sep/2019:11:46:30 -0500] "GET /StormSDA/userFiles/user_files/98/?C=D;O=A/ HTTP/1.1" 200 817
148.251.9.145 - - [21/Sep/2019:11:46:33 -0500] "GET /StormSDA/userFiles/user_files/98/?C=M;O=A/ HTTP/1.1" 200 817
148.251.9.145 - - [21/Sep/2019:11:46:37 -0500] "GET /StormSDA/userFiles/user_files/98/?C=N;O=D/ HTTP/1.1" 200 817
148.251.9.145 - - [21/Sep/2019:11:46:41 -0500] "GET /StormSDA/userFiles/user_files/98/?C=S;O=A/ HTTP/1.1" 200 817
148.251.9.145 - - [21/Sep/2019:11:46:44 -0500] "GET /StormSDA/userFiles/user_files/?C=D;O=D/ HTTP/1.1" 200 8988
148.251.9.145 - - [21/Sep/2019:11:46:49 -0500] "GET /StormSDA/userFiles/user_files/listas/?C=N;O=D/ HTTP/1.1" 200 1243
148.251.9.145 - - [21/Sep/2019:11:46:52 -0500] "GET /ecodirectorio/?C=N;O=D/ HTTP/1.1" 200 749
148.251.9.145 - - [21/Sep/2019:11:46:55 -0500] "GET /galeria/carrusel/?C=N;O=D/ HTTP/1.1" 200 975
148.251.9.145 - - [21/Sep/2019:11:46:58 -0500] "GET /robots.txt HTTP/1.1" 404 1019
148.251.9.145 - - [21/Sep/2019:11:47:02 -0500] "GET /galeria/galeria/helpers/?C=N;O=A/ HTTP/1.1" 200 2166
69.162.124.232 - - [21/Sep/2019:11:47:03 -0500] "HEAD / HTTP/1.1" 200 -
191.95.55.16 - - [21/Sep/2019:11:47:03 -0500] "GET /galeria/nivo-slider/demo/demo.html HTTP/1.1" 200 4670
191.95.55.16 - - [21/Sep/2019:11:47:03 -0500] "GET /galeria/nivo-slider/demo/images/Banner%20educaci%C3%B3n%20ambiental.jpg HTTP/1.1" 200 501117
191.95.55.16 - - [21/Sep/2019:11:47:03 -0500] "GET /galeria/nivo-slider/demo/images/banner%20reciclaton%20agosto.jpg HTTP/1.1" 200 244820
191.95.55.16 - - [21/Sep/2019:11:47:03 -0500] "GET /galeria/nivo-slider/demo/images/Banner%20web%20Ecoempresarial%20ago.jpg HTTP/1.1" 200 752526
191.95.55.16 - - [21/Sep/2019:11:47:03 -0500] "GET /galeria/nivo-slider/demo/images/puntos%20atencion%20BANNER.jpg HTTP/1.1" 200 244208
191.95.55.16 - - [21/Sep/2019:11:47:04 -0500] "GET /galeria/nivo-slider/demo/images/Caminatas%20septiembre%202019.jpg HTTP/1.1" 200 204949
191.95.55.16 - - [21/Sep/2019:11:47:05 -0500] "GET /galeria/nivo-slider/demo/images/Banner%20Visor%20Geografico%20Ambiental.jpg HTTP/1.1" 200 204673
191.95.55.16 - - [21/Sep/2019:11:47:05 -0500] "GET /galeria/nivo-slider/demo/images/Banner%20practicas%20sostenibles.jpg HTTP/1.1" 200 142958
191.95.55.16 - - [21/Sep/2019:11:47:05 -0500] "GET /galeria/nivo-slider/demo/images/Banner%20consumo%20sostenible%20final.jpg HTTP/1.1" 304 -
191.95.55.16 - - [21/Sep/2019:11:47:05 -0500] "GET /galeria/nivo-slider/demo/images/bannersectorambiente.png HTTP/1.1" 304 -
191.95.55.16 - - [21/Sep/2019:11:47:05 -0500] "GET /galeria/nivo-slider/demo/images/Banner%20POT.png HTTP/1.1" 200 418238
191.95.55.16 - - [21/Sep/2019:11:47:06 -0500] "GET /galeria/nivo-slider/demo/images/BANNER%20punto.jpg HTTP/1.1" 200 75932
190.255.40.74 - - [21/Sep/2019:11:47:06 -0500] "GET /BLA/resoluciones/RESOLUCIONES%202014/3469.pdf HTTP/1.1" 200 764916
190.255.40.74 - - [21/Sep/2019:11:47:06 -0500] "GET /favicon.ico HTTP/1.1" 200 7782
191.95.55.16 - - [21/Sep/2019:11:47:06 -0500] "GET /galeria/nivo-slider/demo/images/Banneranonimos.png HTTP/1.1" 200 109388
191.95.55.16 - - [21/Sep/2019:11:47:06 -0500] "GET /galeria/nivo-slider/demo/images/4Simple_Slider.png HTTP/1.1" 200 11722
191.95.55.16 - - [21/Sep/2019:11:47:06 -0500] "GET /galeria/nivo-slider/themes/default/loading.gif HTTP/1.1" 200 1737
191.95.55.16 - - [21/Sep/2019:11:47:06 -0500] "GET /galeria/nivo-slider/demo/images/banner-bolsas-plasticas.jpg HTTP/1.1" 200 317939
191.95.55.16 - - [21/Sep/2019:11:47:06 -0500] "GET /galeria/nivo-slider/demo/images/banner-humedales-de-bogota.jpg HTTP/1.1" 200 292611
186.86.33.193 - - [21/Sep/2019:11:47:07 -0500] "GET /BLA/boletinlegal/js/jquery.scrollShow.js HTTP/1.1" 200 4586
191.95.55.16 - - [21/Sep/2019:11:47:07 -0500] "GET /galeria/nivo-slider/demo/images/Banner%20RCD.jpg HTTP/1.1" 304 -
191.95.55.16 - - [21/Sep/2019:11:47:07 -0500] "GET /galeria/nivo-slider/demo/images/Banner%20Conpes.jpg HTTP/1.1" 304 -
186.86.33.193 - - [21/Sep/2019:11:47:07 -0500] "GET /galeria/galeria/jquery.fancybox.js?v=2.1.5 HTTP/1.1" 200 48706
186.86.33.193 - - [21/Sep/2019:11:47:07 -0500] "GET /galeria/galeria/jquery.fancybox.css?v=2.1.5 HTTP/1.1" 200 4895
186.86.33.193 - - [21/Sep/2019:11:47:08 -0500] "GET /galeria/carrusel/Carrusel/jquery.thumbnailScroller.css HTTP/1.1" 200 2066
186.86.33.193 - - [21/Sep/2019:11:47:08 -0500] "GET /galeria/carrusel/Carrusel/jquery-ui-1.8.13.custom.min.js HTTP/1.1" 200 10800
191.95.55.16 - - [21/Sep/2019:11:47:08 -0500] "GET /galeria/nivo-slider/themes/default/arrows.png HTTP/1.1" 200 824
191.95.55.16 - - [21/Sep/2019:11:47:08 -0500] "GET /galeria/nivo-slider/themes/default/bullets.png HTTP/1.1" 200 1281
186.86.33.193 - - [21/Sep/2019:11:47:08 -0500] "GET /galeria/carrusel/Carrusel/jquery.thumbnailScroller.js HTTP/1.1" 200 8157
186.86.33.193 - - [21/Sep/2019:11:47:11 -0500] "GET /galeria/nivo-slider/demo/demo.html HTTP/1.1" 200 4670
186.86.33.193 - - [21/Sep/2019:11:47:12 -0500] "GET /galeria/nivo-slider/themes/pascal/pascal.css HTTP/1.1" 200 2258
186.86.33.193 - - [21/Sep/2019:11:47:12 -0500] "GET /galeria/nivo-slider/themes/default/default.css HTTP/1.1" 200 1569
186.86.33.193 - - [21/Sep/2019:11:47:13 -0500] "GET /galeria/nivo-slider/themes/orman/orman.css HTTP/1.1" 200 2152
186.86.33.193 - - [21/Sep/2019:11:47:13 -0500] "GET /galeria/nivo-slider/nivo-slider.css HTTP/1.1" 200 1507
186.86.33.193 - - [21/Sep/2019:11:47:13 -0500] "GET /galeria/nivo-slider/demo/style.css HTTP/1.1" 200 2222
186.86.33.193 - - [21/Sep/2019:11:47:13 -0500] "GET /galeria/nivo-slider/demo/scripts/jquery-1.7.1.min.js HTTP/1.1" 200 93868
186.86.33.193 - - [21/Sep/2019:11:47:13 -0500] "GET /galeria/nivo-slider/demo/images/banner%20reciclaton%20agosto.jpg HTTP/1.1" 200 244820
186.86.33.193 - - [21/Sep/2019:11:47:13 -0500] "GET /galeria/nivo-slider/jquery.nivo.slider.pack.js HTTP/1.1" 200 11561
186.86.33.193 - - [21/Sep/2019:11:47:14 -0500] "GET /galeria/nivo-slider/demo/images/Banner%20web%20Ecoempresarial%20ago.jpg HTTP/1.1" 200 752526
186.86.33.193 - - [21/Sep/2019:11:47:14 -0500] "GET /galeria/nivo-slider/demo/images/puntos%20atencion%20BANNER.jpg HTTP/1.1" 200 244208
186.86.33.193 - - [21/Sep/2019:11:47:14 -0500] "GET /galeria/nivo-slider/demo/images/Banner%20educaci%C3%B3n%20ambiental.jpg HTTP/1.1" 200 501117
186.86.33.193 - - [21/Sep/2019:11:47:14 -0500] "GET /galeria/nivo-slider/themes/default/loading.gif HTTP/1.1" 200 1737
186.86.33.193 - - [21/Sep/2019:11:47:14 -0500] "GET /galeria/nivo-slider/demo/images/4Simple_Slider.png HTTP/1.1" 200 11722
186.86.33.193 - - [21/Sep/2019:11:47:15 -0500] "GET /galeria/nivo-slider/demo/images/Caminatas%20septiembre%202019.jpg HTTP/1.1" 200 204949
186.86.33.193 - - [21/Sep/2019:11:47:15 -0500] "GET /galeria/nivo-slider/demo/images/Banner%20Visor%20Geografico%20Ambiental.jpg HTTP/1.1" 200 204673
186.86.33.193 - - [21/Sep/2019:11:47:18 -0500] "GET /galeria/nivo-slider/demo/images/Banner%20consumo%20sostenible%20final.jpg HTTP/1.1" 200 364746
186.86.33.193 - - [21/Sep/2019:11:47:18 -0500] "GET /galeria/nivo-slider/demo/images/bannersectorambiente.png HTTP/1.1" 200 308540
186.86.33.193 - - [21/Sep/2019:11:47:20 -0500] "GET /galeria/nivo-slider/demo/images/Banner%20RCD.jpg HTTP/1.1" 200 92197
186.86.33.193 - - [21/Sep/2019:11:47:21 -0500] "GET /galeria/nivo-slider/demo/images/Banner%20Conpes.jpg HTTP/1.1" 200 55220
186.86.33.193 - - [21/Sep/2019:11:47:22 -0500] "GET /galeria/nivo-slider/demo/images/Banner%20practicas%20sostenibles.jpg HTTP/1.1" 200 142958
186.86.33.193 - - [21/Sep/2019:11:47:22 -0500] "GET /galeria/nivo-slider/demo/images/Banner%20POT.png HTTP/1.1" 200 418238
186.86.33.193 - - [21/Sep/2019:11:47:22 -0500] "GET /galeria/nivo-slider/demo/images/BANNER%20punto.jpg HTTP/1.1" 200 75932
186.86.33.193 - - [21/Sep/2019:11:47:22 -0500] "GET /galeria/nivo-slider/demo/images/Banneranonimos.png HTTP/1.1" 200 109388
186.86.33.193 - - [21/Sep/2019:11:47:23 -0500] "GET /galeria/nivo-slider/demo/images/banner-humedales-de-bogota.jpg HTTP/1.1" 200 292611
186.86.33.193 - - [21/Sep/2019:11:47:24 -0500] "GET /galeria/nivo-slider/demo/images/banner-bolsas-plasticas.jpg HTTP/1.1" 200 317939
181.57.194.153 - - [21/Sep/2019:11:47:24 -0500] "GET /galeria/nivo-slider/demo/Banner%20sostenibilidad.jpg HTTP/1.1" 404 1314
186.86.33.193 - - [21/Sep/2019:11:47:29 -0500] "GET /galeria/nivo-slider/themes/default/arrows.png HTTP/1.1" 200 824
186.86.33.193 - - [21/Sep/2019:11:47:29 -0500] "GET /galeria/nivo-slider/themes/default/bullets.png HTTP/1.1" 200 1281
157.55.39.76 - - [21/Sep/2019:11:47:33 -0500] "GET /BLA/boletinlegal/style.css HTTP/1.1" 200 9406
181.57.194.153 - - [21/Sep/2019:11:47:34 -0500] "GET /galeria/nivo-slider/demo/Banner%20sostenibilidad.jpg HTTP/1.1" 404 1314
157.55.39.22 - - [21/Sep/2019:11:47:38 -0500] "GET /BLA/boletinlegal/js/jquery.scrollTo-min.js HTTP/1.1" 200 1150
144.76.96.236 - - [21/Sep/2019:11:47:42 -0500] "GET /SIG/index.php/ECS/126PM04-PR99.pdf/?dir=Control%20y%20mejora//Control%20y%20mejora// HTTP/1.1" 200 3260
207.46.13.58 - - [21/Sep/2019:11:47:43 -0500] "GET /BLA/boletinlegal/js/jquery.scrollShow.js HTTP/1.1" 200 4586
190.113.214.196 - - [21/Sep/2019:11:47:45 -0500] "GET /galeria/galeria/jquery.fancybox.css?v=2.1.5 HTTP/1.1" 200 4895
190.113.214.196 - - [21/Sep/2019:11:47:45 -0500] "GET /BLA/boletinlegal/js/jquery.scrollShow.js HTTP/1.1" 200 4586
190.113.214.196 - - [21/Sep/2019:11:47:45 -0500] "GET /galeria/galeria/jquery.fancybox.js?v=2.1.5 HTTP/1.1" 200 48706
181.58.245.7 - - [21/Sep/2019:11:47:45 -0500] "GET /galeria/galeria/jquery.fancybox.css?v=2.1.5 HTTP/1.1" 200 4895
181.58.245.7 - - [21/Sep/2019:11:47:45 -0500] "GET /galeria/galeria/jquery.fancybox.js?v=2.1.5 HTTP/1.1" 200 48706
144.76.96.236 - - [21/Sep/2019:11:47:46 -0500] "GET /SIG/index.php/ECS/126PM04-PR99.pdf/?dir=Direccionamiento%20Estrategico//&sort=date&order=asc/ HTTP/1.1" 200 4248
157.55.39.93 - - [21/Sep/2019:11:47:48 -0500] "GET /BLA/boletinlegal/js/jquery.js HTTP/1.1" 200 57254
157.55.39.93 - - [21/Sep/2019:11:47:48 -0500] "GET /BLA/boletinlegal/styles2.css HTTP/1.1" 200 1838
144.76.96.236 - - [21/Sep/2019:11:47:49 -0500] "GET /SIG/index.php/ECS/126PM04-PR99.pdf/?dir=Direccionamiento%20Estrategico//&sort=name&order=desc/ HTTP/1.1" 200 4248
190.121.153.98 - - [21/Sep/2019:11:47:49 -0500] "GET /BLA/boletinlegal/js/jquery.scrollShow.js HTTP/1.1" 200 4586
207.46.13.241 - - [21/Sep/2019:11:47:52 -0500] "GET /BLA/resoluciones/RESOLUCIONES%202015/0995.pdf HTTP/1.1" 200 6388920
190.121.153.98 - - [21/Sep/2019:11:47:52 -0500] "GET /galeria/galeria/jquery.fancybox.js?v=2.1.5 HTTP/1.1" 200 48706
144.76.96.236 - - [21/Sep/2019:11:47:52 -0500] "GET /SIG/index.php/ECS/126PM04-PR99.pdf/?dir=Direccionamiento%20Estrategico//&sort=size&order=asc/ HTTP/1.1" 200 4248
190.121.153.98 - - [21/Sep/2019:11:47:54 -0500] "GET /galeria/galeria/jquery.fancybox.css?v=2.1.5 HTTP/1.1" 200 4895
66.249.88.189 - - [21/Sep/2019:11:47:56 -0500] "GET /BLA/boletinlegal/js/jquery.scrollShow.js HTTP/1.1" 200 4586
66.249.88.189 - - [21/Sep/2019:11:47:56 -0500] "GET /galeria/galeria/jquery.fancybox.css?v=2.1.5 HTTP/1.1" 200 4895
66.249.88.189 - - [21/Sep/2019:11:47:56 -0500] "GET /galeria/galeria/jquery.fancybox.js?v=2.1.5 HTTP/1.1" 200 48706
144.76.96.236 - - [21/Sep/2019:11:47:56 -0500] "GET /SIG/index.php/ECS/126PM04-PR99.pdf/?dir=ECS//&sort=date&order=asc/ HTTP/1.1" 200 16894
144.76.96.236 - - [21/Sep/2019:11:48:00 -0500] "GET /SIG/index.php/ECS/126PM04-PR99.pdf/?dir=ECS//&sort=name&order=desc/ HTTP/1.1" 200 16894
66.249.64.20 - - [21/Sep/2019:11:48:03 -0500] "GET /BLA/resoluciones/Notificaciones/AUTOS%202019/2449.pdf HTTP/1.1" 200 490851
144.76.96.236 - - [21/Sep/2019:11:48:04 -0500] "GET /SIG/index.php/ECS/126PM04-PR99.pdf/?dir=ECS//&sort=size&order=asc/ HTTP/1.1" 200 16894
52.162.211.179 - - [21/Sep/2019:11:48:05 -0500] "GET /BLA/boletinlegal/js/jquery.scrollShow.js HTTP/1.1" 200 4586
52.162.211.179 - - [21/Sep/2019:11:48:05 -0500] "GET /galeria/galeria/jquery.fancybox.js?v=2.1.5 HTTP/1.1" 200 48706
52.162.211.179 - - [21/Sep/2019:11:48:05 -0500] "GET /galeria/galeria/jquery.fancybox.css?v=2.1.5 HTTP/1.1" 200 4895
144.76.96.236 - - [21/Sep/2019:11:48:07 -0500] "GET /SIG/index.php/ECS/126PM04-PR99.pdf/?dir=Gestion%20Documental//&sort=date&order=asc/ HTTP/1.1" 200 5850
144.76.96.236 - - [21/Sep/2019:11:48:10 -0500] "GET /SIG/index.php/ECS/126PM04-PR99.pdf/?dir=Gestion%20Documental//&sort=name&order=desc/ HTTP/1.1" 200 5850
144.76.96.236 - - [21/Sep/2019:11:48:13 -0500] "GET /SIG/index.php/ECS/126PM04-PR99.pdf/?dir=Gestion%20Documental//&sort=size&order=asc/ HTTP/1.1" 200 5850
66.249.64.20 - - [21/Sep/2019:11:48:14 -0500] "GET /galeria/galeria/fotos/Huemdal-el-Tunjo4G.jpg HTTP/1.1" 304 -
144.76.96.236 - - [21/Sep/2019:11:48:17 -0500] "GET /SIG/index.php/ECS/126PM04-PR99.pdf/?dir=Gestion%20Recursos%20Financieros//&sort=date&order=asc/ HTTP/1.1" 200 9158
186.154.39.34 - - [21/Sep/2019:11:48:19 -0500] "GET /galeria/galeria/jquery.fancybox.js?v=2.1.5 HTTP/1.1" 200 48706
186.154.39.34 - - [21/Sep/2019:11:48:20 -0500] "GET /BLA/boletinlegal/js/jquery.scrollShow.js HTTP/1.1" 200 4586
186.154.39.34 - - [21/Sep/2019:11:48:20 -0500] "GET /galeria/galeria/jquery.fancybox.css?v=2.1.5 HTTP/1.1" 200 4895
144.76.96.236 - - [21/Sep/2019:11:48:19 -0500] "GET /SIG/index.php/ECS/126PM04-PR99.pdf/?dir=Gestion%20Recursos%20Financieros//&sort=name&order=desc/ HTTP/1.1" 200 9158
52.162.211.179 - - [21/Sep/2019:11:48:20 -0500] "GET /BLA/boletinlegal/js/jquery.scrollShow.js HTTP/1.1" 200 4586
52.162.211.179 - - [21/Sep/2019:11:48:20 -0500] "GET /galeria/galeria/jquery.fancybox.js?v=2.1.5 HTTP/1.1" 200 48706
52.162.211.179 - - [21/Sep/2019:11:48:20 -0500] "GET /galeria/galeria/jquery.fancybox.css?v=2.1.5 HTTP/1.1" 200 4895
144.76.96.236 - - [21/Sep/2019:11:48:23 -0500] "GET /SIG/index.php/ECS/126PM04-PR99.pdf/?dir=Gestion%20Recursos%20Financieros//&sort=size&order=asc/ HTTP/1.1" 200 9158
66.249.88.187 - - [21/Sep/2019:11:48:26 -0500] "GET /galeria/galeria/jquery.fancybox.css?v=2.1.5 HTTP/1.1" 200 4895
66.249.88.191 - - [21/Sep/2019:11:48:26 -0500] "GET /galeria/carrusel/Carrusel/jquery.thumbnailScroller.css HTTP/1.1" 200 2066
66.249.88.189 - - [21/Sep/2019:11:48:26 -0500] "GET /BLA/boletinlegal/js/jquery.scrollShow.js HTTP/1.1" 200 4586
66.249.88.187 - - [21/Sep/2019:11:48:26 -0500] "GET /galeria/galeria/jquery.fancybox.js?v=2.1.5 HTTP/1.1" 200 48706
144.76.96.236 - - [21/Sep/2019:11:48:27 -0500] "GET /SIG/index.php/ECS/126PM04-PR99.pdf/Control%20Disciplinario//plantilla%20para%20Procedimientos%20-%20disciplinario%20ordinario%20version%20080.pdf/ HTTP/1.1" 200 6824
186.84.89.158 - - [21/Sep/2019:11:48:27 -0500] "GET /galeria/carrusel/Carrusel/jquery-ui-1.8.13.custom.min.js HTTP/1.1" 200 10800
66.249.88.189 - - [21/Sep/2019:11:48:29 -0500] "GET /galeria/carrusel/Carrusel/jquery.thumbnailScroller.js HTTP/1.1" 200 8157
144.76.96.236 - - [21/Sep/2019:11:48:31 -0500] "GET /SIG/index.php/ECS/126PM04-PR99.pdf/Control%20Disciplinario//plantilla%20para%20Procedimientos%20-%20segunda%20instancia%20version%20050.pdf/ HTTP/1.1" 200 6710
144.76.96.236 - - [21/Sep/2019:11:48:35 -0500] "GET /SIG/index.php/ECS/126PM04-PR99.pdf/Control%20y%20mejora//126PE01-PR05.pdf/ HTTP/1.1" 200 5674
144.76.96.236 - - [21/Sep/2019:11:48:40 -0500] "GET /SIG/index.php/ECS/126PM04-PR99.pdf/Control%20y%20mejora//126PE01-PR07.pdf/ HTTP/1.1" 200 5674
144.76.96.236 - - [21/Sep/2019:11:48:44 -0500] "GET /SIG/index.php/ECS/126PM04-PR99.pdf/Control%20y%20mejora//126PE01-PR08.pdf/ HTTP/1.1" 200 5674
144.76.96.236 - - [21/Sep/2019:11:48:48 -0500] "GET /SIG/index.php/ECS/126PM04-PR99.pdf/Direccionamiento%20Estrategico//126PG01-PR02.pdf/ HTTP/1.1" 200 5926
144.76.96.236 - - [21/Sep/2019:11:48:53 -0500] "GET /SIG/index.php/ECS/126PM04-PR99.pdf/Direccionamiento%20Estrategico//126PG01-PR05.pdf/ HTTP/1.1" 200 5926
186.84.89.138 - - [21/Sep/2019:11:48:55 -0500] "GET /BLA/boletinlegal/js/jquery.scrollShow.js HTTP/1.1" 200 4586
186.84.89.138 - - [21/Sep/2019:11:48:55 -0500] "GET /galeria/galeria/jquery.fancybox.js?v=2.1.5 HTTP/1.1" 200 48706
186.84.89.138 - - [21/Sep/2019:11:48:55 -0500] "GET /galeria/galeria/jquery.fancybox.css?v=2.1.5 HTTP/1.1" 200 4895
186.84.89.138 - - [21/Sep/2019:11:48:55 -0500] "GET /galeria/carrusel/Carrusel/jquery.thumbnailScroller.css HTTP/1.1" 200 2066
186.84.89.138 - - [21/Sep/2019:11:48:55 -0500] "GET /galeria/carrusel/Carrusel/jquery-ui-1.8.13.custom.min.js HTTP/1.1" 200 10800
186.84.89.138 - - [21/Sep/2019:11:48:56 -0500] "GET /galeria/carrusel/Carrusel/jquery.thumbnailScroller.js HTTP/1.1" 200 8157
170.78.40.4 - - [21/Sep/2019:11:48:56 -0500] "GET /galeria/galeria/jquery.fancybox.js?v=2.1.5 HTTP/1.1" 200 48706
170.78.40.4 - - [21/Sep/2019:11:48:56 -0500] "GET /BLA/boletinlegal/js/jquery.scrollShow.js HTTP/1.1" 200 4586
170.78.40.4 - - [21/Sep/2019:11:48:56 -0500] "GET /galeria/galeria/jquery.fancybox.css?v=2.1.5 HTTP/1.1" 200 4895
144.76.96.236 - - [21/Sep/2019:11:48:57 -0500] "GET /SIG/index.php/ECS/126PM04-PR99.pdf/Direccionamiento%20Estrategico//126PG01-PR07.pdf/ HTTP/1.1" 200 5926
144.76.96.236 - - [21/Sep/2019:11:49:03 -0500] "GET /SIG/index.php/ECS/126PM04-PR99.pdf/ECS//126PM04-PR05.pdf/ HTTP/1.1" 200 5401
201.217.201.178 - - [21/Sep/2019:11:49:06 -0500] "GET /galeria/galeria/jquery.fancybox.js?v=2.1.5 HTTP/1.1" 200 48706
201.217.201.178 - - [21/Sep/2019:11:49:06 -0500] "GET /BLA/boletinlegal/js/jquery.scrollShow.js HTTP/1.1" 200 4586
201.217.201.178 - - [21/Sep/2019:11:49:06 -0500] "GET /galeria/galeria/jquery.fancybox.css?v=2.1.5 HTTP/1.1" 200 4895
144.76.96.236 - - [21/Sep/2019:11:49:09 -0500] "GET /SIG/index.php/ECS/126PM04-PR99.pdf/ECS//126PM04-PR06.pdf/ HTTP/1.1" 200 5401
144.76.96.236 - - [21/Sep/2019:11:49:12 -0500] "GET /SIG/index.php/ECS/126PM04-PR99.pdf/ECS//126PM04-PR07.pdf/ HTTP/1.1" 200 5401
186.84.89.138 - - [21/Sep/2019:11:49:17 -0500] "GET /galeria/nivo-slider/demo/demo.html HTTP/1.1" 200 4670
186.84.89.138 - - [21/Sep/2019:11:49:17 -0500] "GET /galeria/nivo-slider/themes/default/default.css HTTP/1.1" 200 1569
186.84.89.138 - - [21/Sep/2019:11:49:18 -0500] "GET /galeria/nivo-slider/themes/pascal/pascal.css HTTP/1.1" 200 2258
186.84.89.138 - - [21/Sep/2019:11:49:18 -0500] "GET /galeria/nivo-slider/themes/orman/orman.css HTTP/1.1" 200 2152
186.84.89.138 - - [21/Sep/2019:11:49:18 -0500] "GET /galeria/nivo-slider/demo/style.css HTTP/1.1" 200 2222
186.84.89.138 - - [21/Sep/2019:11:49:18 -0500] "GET /galeria/nivo-slider/nivo-slider.css HTTP/1.1" 200 1507
186.84.89.138 - - [21/Sep/2019:11:49:18 -0500] "GET /galeria/nivo-slider/demo/images/puntos%20atencion%20BANNER.jpg HTTP/1.1" 200 244208
186.84.89.138 - - [21/Sep/2019:11:49:18 -0500] "GET /galeria/nivo-slider/demo/images/Banner%20Visor%20Geografico%20Ambiental.jpg HTTP/1.1" 200 204673
186.84.89.138 - - [21/Sep/2019:11:49:18 -0500] "GET /galeria/nivo-slider/demo/images/Banner%20RCD.jpg HTTP/1.1" 200 92197
186.84.89.138 - - [21/Sep/2019:11:49:18 -0500] "GET /galeria/nivo-slider/demo/images/Banner%20consumo%20sostenible%20final.jpg HTTP/1.1" 200 364746
186.84.89.138 - - [21/Sep/2019:11:49:18 -0500] "GET /galeria/nivo-slider/demo/images/bannersectorambiente.png HTTP/1.1" 200 308540
186.84.89.138 - - [21/Sep/2019:11:49:18 -0500] "GET /galeria/nivo-slider/demo/images/Caminatas%20septiembre%202019.jpg HTTP/1.1" 200 204949
144.76.96.236 - - [21/Sep/2019:11:49:20 -0500] "GET /SIG/index.php/ECS/126PM04-PR99.pdf/Gestion%20Recursos%20Financieros//126PA02-PR12%20REPROGRAMACION%20DEL%20PAC.pdf/ HTTP/1.1" 200 6363
186.179.109.206 - - [21/Sep/2019:11:49:21 -0500] "GET /BLA/resoluciones/RESOLUCIONES%202016/1361.pdf HTTP/1.1" 200 486149
186.179.109.206 - - [21/Sep/2019:11:49:22 -0500] "GET /favicon.ico HTTP/1.1" 200 7782
186.84.89.138 - - [21/Sep/2019:11:49:22 -0500] "GET /galeria/nivo-slider/demo/images/Banner%20web%20Ecoempresarial%20ago.jpg HTTP/1.1" 200 752526
186.84.89.138 - - [21/Sep/2019:11:49:23 -0500] "GET /galeria/nivo-slider/demo/scripts/jquery-1.7.1.min.js HTTP/1.1" 200 93868
186.84.89.138 - - [21/Sep/2019:11:49:23 -0500] "GET /galeria/nivo-slider/demo/images/Banner%20educaci%C3%B3n%20ambiental.jpg HTTP/1.1" 200 501117
144.76.96.236 - - [21/Sep/2019:11:49:23 -0500] "GET /SIG/index.php/ECS/126PM04-PR99.pdf/Gestion%20Recursos%20Financieros//126PA02-PR17%20CONCILIACION%20OPERACIONES%20RECIPROCAS.pdf/ HTTP/1.1" 200 6610
186.84.89.138 - - [21/Sep/2019:11:49:24 -0500] "GET /galeria/nivo-slider/demo/images/4Simple_Slider.png HTTP/1.1" 200 11722
186.84.89.138 - - [21/Sep/2019:11:49:24 -0500] "GET /galeria/nivo-slider/themes/default/loading.gif HTTP/1.1" 200 1737
186.84.89.138 - - [21/Sep/2019:11:49:24 -0500] "GET /galeria/nivo-slider/jquery.nivo.slider.pack.js HTTP/1.1" 200 11561
190.60.115.135 - - [21/Sep/2019:11:49:24 -0500] "GET /BLA/boletinlegal/js/jquery.scrollShow.js HTTP/1.1" 200 4586
190.60.115.135 - - [21/Sep/2019:11:49:24 -0500] "GET /galeria/galeria/jquery.fancybox.js?v=2.1.5 HTTP/1.1" 200 48706
190.60.115.135 - - [21/Sep/2019:11:49:24 -0500] "GET /galeria/galeria/jquery.fancybox.css?v=2.1.5 HTTP/1.1" 200 4895
186.84.89.138 - - [21/Sep/2019:11:49:25 -0500] "GET /galeria/nivo-slider/demo/images/banner%20reciclaton%20agosto.jpg HTTP/1.1" 200 244820
186.84.89.138 - - [21/Sep/2019:11:49:25 -0500] "GET /galeria/nivo-slider/demo/images/Banner%20Conpes.jpg HTTP/1.1" 200 55220
186.84.89.138 - - [21/Sep/2019:11:49:25 -0500] "GET /galeria/nivo-slider/demo/images/Banner%20practicas%20sostenibles.jpg HTTP/1.1" 200 142958
66.249.88.187 - - [21/Sep/2019:11:49:25 -0500] "GET /galeria/galeria/jquery.fancybox.js?v=2.1.5 HTTP/1.1" 200 48706
66.249.88.191 - - [21/Sep/2019:11:49:25 -0500] "GET /BLA/boletinlegal/js/jquery.scrollShow.js HTTP/1.1" 200 4586
66.249.88.191 - - [21/Sep/2019:11:49:25 -0500] "GET /galeria/galeria/jquery.fancybox.css?v=2.1.5 HTTP/1.1" 200 4895
186.84.89.138 - - [21/Sep/2019:11:49:26 -0500] "GET /galeria/nivo-slider/demo/images/Banner%20POT.png HTTP/1.1" 200 418238
186.84.89.138 - - [21/Sep/2019:11:49:26 -0500] "GET /galeria/nivo-slider/demo/images/BANNER%20punto.jpg HTTP/1.1" 200 75932
186.84.89.138 - - [21/Sep/2019:11:49:27 -0500] "GET /galeria/nivo-slider/demo/images/Banneranonimos.png HTTP/1.1" 200 109388
186.84.89.138 - - [21/Sep/2019:11:49:27 -0500] "GET /galeria/nivo-slider/demo/images/banner-humedales-de-bogota.jpg HTTP/1.1" 200 292611
144.76.96.236 - - [21/Sep/2019:11:49:29 -0500] "GET /SIG/index.php/ECS/126PM04-PR99.pdf/Gestion%20Recursos%20Financieros//126PA02-PR18%20REGISTRO%20CONTABLE%20ORDENES%20DE%20PAGO.pdf/ HTTP/1.1" 200 6572
186.84.89.138 - - [21/Sep/2019:11:49:29 -0500] "GET /galeria/nivo-slider/demo/images/banner-bolsas-plasticas.jpg HTTP/1.1" 200 317939
144.76.96.236 - - [21/Sep/2019:11:49:36 -0500] "GET /SIG/index.php/ECS/126PM04-PR99.pdf/Gestion%20Recursos%20Financieros//126PA02-PR19%20CAUSACION%20Y%20PAGO%20NOMINA.pdf/ HTTP/1.1" 200 6382
186.84.89.138 - - [21/Sep/2019:11:49:40 -0500] "GET /galeria/nivo-slider/themes/default/arrows.png HTTP/1.1" 200 824
186.84.89.138 - - [21/Sep/2019:11:49:40 -0500] "GET /galeria/nivo-slider/themes/default/bullets.png HTTP/1.1" 200 1281
144.76.96.236 - - [21/Sep/2019:11:49:40 -0500] "GET /SIG/index.php/ECS/126PM04-PR99.pdf/Gestion%20Recursos%20Financieros//126PA02-PR20%20REGISTRO%20DE%20DIFERIDOS.pdf/ HTTP/1.1" 200 6344
192.168.175.104 - - [21/Sep/2019:11:49:41 -0500] "GET / HTTP/1.1" 200 9990
144.76.96.236 - - [21/Sep/2019:11:49:45 -0500] "GET /SIG/index.php/ECS/126PM04-PR99.pdf/Gestion%20Recursos%20Financieros//126PA02-PR21%20RELACION%20DE%20AUTORIZACION.pdf/ HTTP/1.1" 200 6401
144.76.96.236 - - [21/Sep/2019:11:49:50 -0500] "GET /SIG/index.php/ECS/126PM04-PR99.pdf/Gestion%20Recursos%20Financieros//126PA02-PR22%20REGISTRO%20LITIGIOS%20Y%20DEMANDAS.pdf/ HTTP/1.1" 200 6477
144.76.96.236 - - [21/Sep/2019:11:49:54 -0500] "GET /SIG/index.php/ECS/126PM04-PR99.pdf/Gestion%20Recursos%20Financieros//126PA02-PR23%20REGISTRO%20RESPONSABILIDADES.pdf/ HTTP/1.1" 200 6439
201.245.224.135 - - [21/Sep/2019:11:49:56 -0500] "GET /galeria/galeria/jquery.fancybox.css?v=2.1.5 HTTP/1.1" 200 4895
201.245.224.135 - - [21/Sep/2019:11:49:56 -0500] "GET /galeria/galeria/jquery.fancybox.js?v=2.1.5 HTTP/1.1" 200 48706
201.245.224.135 - - [21/Sep/2019:11:49:56 -0500] "GET /BLA/boletinlegal/js/jquery.scrollShow.js HTTP/1.1" 200 4586
144.76.96.236 - - [21/Sep/2019:11:49:59 -0500] "GET /SIG/index.php/Gestion%20Documental/126PA06-PR01%20CONTROL%20DOCUMENTOS%20SIG.pdf/?dir=Control%20Disciplinario//&sort=size&order=asc/ HTTP/1.1" 200 3280
192.168.175.104 - - [21/Sep/2019:11:50:03 -0500] "GET / HTTP/1.0" 200 9990
144.76.96.236 - - [21/Sep/2019:11:50:07 -0500] "GET /SIG/index.php/Gestion%20Documental/126PA06-PR01%20CONTROL%20DOCUMENTOS%20SIG.pdf/?dir=Control%20y%20mejora//&sort=name&order=desc/ HTTP/1.1" 200 3408
144.76.96.236 - - [21/Sep/2019:11:50:12 -0500] "GET /SIG/index.php/Gestion%20Documental/126PA06-PR01%20CONTROL%20DOCUMENTOS%20SIG.pdf/?dir=Control%20y%20mejora//&sort=size&order=asc/ HTTP/1.1" 200 3408
181.49.44.10 - - [21/Sep/2019:11:50:15 -0500] "GET /galeria/galeria/fotos/mirador3G.jpg HTTP/1.1" 200 131992
144.76.96.236 - - [21/Sep/2019:11:50:17 -0500] "GET /SIG/index.php/Gestion%20Documental/126PA06-PR01%20CONTROL%20DOCUMENTOS%20SIG.pdf/?dir=Direccionamiento%20Estrategico//&sort=date&order=asc/ HTTP/1.1" 200 4544
144.76.96.236 - - [21/Sep/2019:11:50:23 -0500] "GET /SIG/index.php/Gestion%20Documental/126PA06-PR01%20CONTROL%20DOCUMENTOS%20SIG.pdf/?dir=Direccionamiento%20Estrategico//&sort=name&order=desc/ HTTP/1.1" 200 4544
181.57.194.153 - - [21/Sep/2019:11:50:24 -0500] "GET /galeria/nivo-slider/demo/Banner%20sostenibilidad.jpg HTTP/1.1" 404 1314
144.76.96.236 - - [21/Sep/2019:11:50:31 -0500] "GET /SIG/index.php/Gestion%20Documental/126PA06-PR01%20CONTROL%20DOCUMENTOS%20SIG.pdf/?dir=Direccionamiento%20Estrategico//&sort=size&order=asc/ HTTP/1.1" 200 4544
190.85.44.43 - - [21/Sep/2019:11:50:31 -0500] "-" 408 -
181.57.194.153 - - [21/Sep/2019:11:50:34 -0500] "GET /galeria/nivo-slider/demo/Banner%20sostenibilidad.jpg HTTP/1.1" 404 1314
144.76.96.236 - - [21/Sep/2019:11:50:36 -0500] "GET /SIG/index.php/Gestion%20Documental/126PA06-PR01%20CONTROL%20DOCUMENTOS%20SIG.pdf/?dir=Gestion%20Recursos%20Financieros//&sort=date&order=asc/ HTTP/1.1" 200 9454
144.76.96.236 - - [21/Sep/2019:11:50:42 -0500] "GET /SIG/index.php/Gestion%20Documental/126PA06-PR01%20CONTROL%20DOCUMENTOS%20SIG.pdf/?dir=Gestion%20Recursos%20Financieros//&sort=name&order=desc/ HTTP/1.1" 200 9454
181.49.44.10 - - [21/Sep/2019:11:50:45 -0500] "GET /galeria/galeria/fotos/mirador3G.jpg HTTP/1.1" 200 131992
144.76.96.236 - - [21/Sep/2019:11:50:48 -0500] "GET /SIG/index.php/Gestion%20Documental/126PA06-PR01%20CONTROL%20DOCUMENTOS%20SIG.pdf/?dir=Gestion%20Recursos%20Financieros//&sort=size&order=asc/ HTTP/1.1" 200 9454
144.76.96.236 - - [21/Sep/2019:11:50:54 -0500] "GET /SIG/index.php/Gestion%20Documental/126PA06-PR01%20CONTROL%20DOCUMENTOS%20SIG.pdf/Comunicaciones//126PG02-PR01.pdf/ HTTP/1.1" 200 6430
144.76.96.236 - - [21/Sep/2019:11:50:59 -0500] "GET /SIG/index.php/Gestion%20Documental/126PA06-PR01%20CONTROL%20DOCUMENTOS%20SIG.pdf/Comunicaciones//126PG02-PR02.pdf/ HTTP/1.1" 200 6430
144.76.96.236 - - [21/Sep/2019:11:51:02 -0500] "GET /SIG/index.php/Gestion%20Documental/126PA06-PR01%20CONTROL%20DOCUMENTOS%20SIG.pdf/Comunicaciones//126PG02-PR03.pdf/ HTTP/1.1" 200 6430
144.76.96.236 - - [21/Sep/2019:11:51:05 -0500] "GET /SIG/index.php/Gestion%20Documental/126PA06-PR01%20CONTROL%20DOCUMENTOS%20SIG.pdf/Comunicaciones//126PG02-PR04.pdf/ HTTP/1.1" 200 6430
144.76.96.236 - - [21/Sep/2019:11:51:12 -0500] "GET /SIG/index.php/Gestion%20Documental/126PA06-PR01%20CONTROL%20DOCUMENTOS%20SIG.pdf/Comunicaciones//126PG02-PR06.pdf/ HTTP/1.1" 200 6430
144.76.96.236 - - [21/Sep/2019:11:51:17 -0500] "GET /SIG/index.php/Gestion%20Documental/126PA06-PR01%20CONTROL%20DOCUMENTOS%20SIG.pdf/Comunicaciones//126PG02-PR09.pdf/ HTTP/1.1" 200 6430
144.76.96.236 - - [21/Sep/2019:11:51:21 -0500] "GET /SIG/index.php/Gestion%20Documental/126PA06-PR01%20CONTROL%20DOCUMENTOS%20SIG.pdf/Comunicaciones//126PG02-PR10.pdf/ HTTP/1.1" 200 6430
190.242.96.170 - - [21/Sep/2019:11:51:24 -0500] "GET /galeria/galeria/jquery.fancybox.css?v=2.1.5 HTTP/1.1" 200 4895
190.242.96.170 - - [21/Sep/2019:11:51:24 -0500] "GET /galeria/galeria/jquery.fancybox.js?v=2.1.5 HTTP/1.1" 200 48706
190.242.96.170 - - [21/Sep/2019:11:51:24 -0500] "GET /BLA/boletinlegal/js/jquery.scrollShow.js HTTP/1.1" 200 4586
144.76.96.236 - - [21/Sep/2019:11:51:26 -0500] "GET /SIG/index.php/Gestion%20Documental/126PA06-PR01%20CONTROL%20DOCUMENTOS%20SIG.pdf/Control%20Disciplinario//plantilla%20para%20Procedimientos%20-%20disciplinario%20ordinario%20version%20080.pdf/ HTTP/1.1" 200 7622
144.76.96.236 - - [21/Sep/2019:11:51:32 -0500] "GET /SIG/index.php/Gestion%20Documental/126PA06-PR01%20CONTROL%20DOCUMENTOS%20SIG.pdf/Control%20Disciplinario//plantilla%20para%20Procedimientos%20-%20disciplinario%20verbal%20version%20070.pdf/ HTTP/1.1" 200 7565
144.76.96.236 - - [21/Sep/2019:11:51:37 -0500] "GET /SIG/index.php/Gestion%20Documental/126PA06-PR01%20CONTROL%20DOCUMENTOS%20SIG.pdf/Control%20Disciplinario//plantilla%20para%20Procedimientos%20-%20segunda%20instancia%20version%20050.pdf/ HTTP/1.1" 200 7508
66.249.88.189 - - [21/Sep/2019:11:51:39 -0500] "GET /galeria/galeria/jquery.fancybox.css?v=2.1.5 HTTP/1.1" 200 4895
66.249.88.187 - - [21/Sep/2019:11:51:39 -0500] "GET /galeria/galeria/jquery.fancybox.js?v=2.1.5 HTTP/1.1" 200 48706
66.249.88.187 - - [21/Sep/2019:11:51:40 -0500] "GET /galeria/galeria/fotos/juan-amarillo1P.jpg HTTP/1.1" 200 30845
66.249.88.189 - - [21/Sep/2019:11:51:41 -0500] "GET /galeria/galeria/fotos/juan-amarillo2P.jpg HTTP/1.1" 200 32696
144.76.96.236 - - [21/Sep/2019:11:51:41 -0500] "GET /SIG/index.php/Gestion%20Documental/126PA06-PR01%20CONTROL%20DOCUMENTOS%20SIG.pdf/Control%20y%20mejora//126PE01-PR03.pdf/ HTTP/1.1" 200 6472
66.249.88.187 - - [21/Sep/2019:11:51:42 -0500] "GET /galeria/galeria/fotos/juan-amarillo3P.jpg HTTP/1.1" 200 28033
66.249.88.187 - - [21/Sep/2019:11:51:42 -0500] "GET /galeria/galeria/fotos/juan-amarillo4P.jpg HTTP/1.1" 200 23811
144.76.96.236 - - [21/Sep/2019:11:51:45 -0500] "GET /SIG/index.php/Gestion%20Documental/126PA06-PR01%20CONTROL%20DOCUMENTOS%20SIG.pdf/Control%20y%20mejora//126PE01-PR04.pdf/ HTTP/1.1" 200 6472
144.76.96.236 - - [21/Sep/2019:11:51:49 -0500] "GET /SIG/index.php/Gestion%20Documental/126PA06-PR01%20CONTROL%20DOCUMENTOS%20SIG.pdf/Direccionamiento%20Estrategico//126PG01-PR02.pdf/ HTTP/1.1" 200 6724
144.76.96.236 - - [21/Sep/2019:11:51:55 -0500] "GET /SIG/index.php/Gestion%20Documental/126PA06-PR01%20CONTROL%20DOCUMENTOS%20SIG.pdf/Direccionamiento%20Estrategico//126PG01-PR05.pdf/ HTTP/1.1" 200 6724
144.76.96.236 - - [21/Sep/2019:11:52:00 -0500] "GET /SIG/index.php/Gestion%20Documental/126PA06-PR01%20CONTROL%20DOCUMENTOS%20SIG.pdf/Direccionamiento%20Estrategico//126PG01-PR07.pdf/ HTTP/1.1" 200 6724
144.76.236.112 - - [21/Sep/2019:11:52:02 -0500] "GET /robots.txt HTTP/1.1" 404 1015
69.162.124.232 - - [21/Sep/2019:11:52:03 -0500] "HEAD / HTTP/1.1" 200 -
144.76.96.236 - - [21/Sep/2019:11:52:04 -0500] "GET /SIG/index.php/Gestion%20Documental/126PA06-PR01%20CONTROL%20DOCUMENTOS%20SIG.pdf/Direccionamiento%20Estrategico//126PG01-PR08.pdf/ HTTP/1.1" 200 6724
190.146.19.218 - - [21/Sep/2019:11:52:09 -0500] "GET /galeria/nivo-slider/demo/demo.html HTTP/1.1" 200 4670
144.76.96.236 - - [21/Sep/2019:11:52:09 -0500] "GET /SIG/index.php/Gestion%20Documental/126PA06-PR01%20CONTROL%20DOCUMENTOS%20SIG.pdf/Direccionamiento%20Estrategico//126PG01-PR09.pdf/ HTTP/1.1" 200 6724
190.146.19.218 - - [21/Sep/2019:11:52:09 -0500] "GET /galeria/nivo-slider/demo/images/Banner%20educaci%C3%B3n%20ambiental.jpg HTTP/1.1" 200 501117
186.112.72.58 - - [21/Sep/2019:11:52:11 -0500] "GET /galeria/galeria/jquery.fancybox.css?v=2.1.5 HTTP/1.1" 200 4895
186.112.72.58 - - [21/Sep/2019:11:52:12 -0500] "GET /BLA/boletinlegal/js/jquery.scrollShow.js HTTP/1.1" 200 4586
186.112.72.58 - - [21/Sep/2019:11:52:12 -0500] "GET /galeria/galeria/jquery.fancybox.js?v=2.1.5 HTTP/1.1" 200 48706
144.76.96.236 - - [21/Sep/2019:11:52:14 -0500] "GET /SIG/index.php/Gestion%20Documental/126PA06-PR01%20CONTROL%20DOCUMENTOS%20SIG.pdf/Direccionamiento%20Estrategico//126PG01-PR17.pdf/ HTTP/1.1" 200 6724
144.76.236.112 - - [21/Sep/2019:11:52:14 -0500] "GET /StormSDA/userFiles%20-%20Copy%2019-07-2012/?C=N;O=A/ HTTP/1.1" 200 5896
144.76.96.236 - - [21/Sep/2019:11:52:18 -0500] "GET /SIG/index.php/Gestion%20Documental/126PA06-PR01%20CONTROL%20DOCUMENTOS%20SIG.pdf/Direccionamiento%20Estrategico//126PG01-PR18.pdf/ HTTP/1.1" 200 6724
144.76.236.112 - - [21/Sep/2019:11:52:19 -0500] "GET /StormSDA/userFiles%20-%20Copy%2019-07-2012/?C=S;O=A/ HTTP/1.1" 200 5896
144.76.96.236 - - [21/Sep/2019:11:52:23 -0500] "GET /SIG/index.php/Gestion%20Documental/126PA06-PR01%20CONTROL%20DOCUMENTOS%20SIG.pdf/ECS//126PM04-PR04.pdf/ HTTP/1.1" 200 6199
190.24.102.181 - - [21/Sep/2019:11:52:23 -0500] "GET /galeria/galeria/jquery.fancybox.css?v=2.1.5 HTTP/1.1" 200 4895
190.24.102.181 - - [21/Sep/2019:11:52:23 -0500] "GET /BLA/boletinlegal/js/jquery.scrollShow.js HTTP/1.1" 200 4586
190.24.102.181 - - [21/Sep/2019:11:52:23 -0500] "GET /galeria/galeria/jquery.fancybox.js?v=2.1.5 HTTP/1.1" 200 48706
144.76.236.112 - - [21/Sep/2019:11:52:24 -0500] "GET /StormSDA/userFiles/?C=D;O=D/ HTTP/1.1" 200 6083
144.76.96.236 - - [21/Sep/2019:11:52:28 -0500] "GET /SIG/index.php/Gestion%20Documental/126PA06-PR01%20CONTROL%20DOCUMENTOS%20SIG.pdf/ECS//126PM04-PR05.pdf/ HTTP/1.1" 200 6199
144.76.236.112 - - [21/Sep/2019:11:52:32 -0500] "GET /StormSDA/userFiles/?C=M;O=D/ HTTP/1.1" 200 6083
144.76.96.236 - - [21/Sep/2019:11:52:32 -0500] "GET /SIG/index.php/Gestion%20Documental/126PA06-PR01%20CONTROL%20DOCUMENTOS%20SIG.pdf/ECS//126PM04-PR06.pdf/ HTTP/1.1" 200 6199
190.255.40.77 - - [21/Sep/2019:11:52:34 -0500] "GET /BLA/resoluciones/RESOLUCIONES%202016/1361.pdf HTTP/1.1" 200 486149
190.255.40.77 - - [21/Sep/2019:11:52:35 -0500] "GET /favicon.ico HTTP/1.1" 200 7782
144.76.236.112 - - [21/Sep/2019:11:52:36 -0500] "GET /StormSDA/userFiles/user_files/89/?C=D;O=A/ HTTP/1.1" 200 813
144.76.96.236 - - [21/Sep/2019:11:52:37 -0500] "GET /SIG/index.php/Gestion%20Documental/126PA06-PR01%20CONTROL%20DOCUMENTOS%20SIG.pdf/ECS//126PM04-PR07.pdf/ HTTP/1.1" 200 6199
144.76.236.112 - - [21/Sep/2019:11:52:39 -0500] "GET /StormSDA/userFiles/user_files/93/?C=D;O=D/ HTTP/1.1" 200 813
66.249.64.19 - - [21/Sep/2019:11:52:40 -0500] "GET /BLA/boletinlegal/js/ajax.js HTTP/1.1" 200 772
144.76.236.112 - - [21/Sep/2019:11:52:41 -0500] "GET /StormSDA/userFiles/user_files/93/?C=M;O=A/ HTTP/1.1" 200 813
144.76.96.236 - - [21/Sep/2019:11:52:41 -0500] "GET /SIG/index.php/Gestion%20Documental/126PA06-PR01%20CONTROL%20DOCUMENTOS%20SIG.pdf/ECS//126PM04-PR08.pdf/ HTTP/1.1" 200 6199
66.249.64.20 - - [21/Sep/2019:11:52:41 -0500] "GET /BLA/boletinlegal/swfobject.js HTTP/1.1" 200 9763
66.249.64.19 - - [21/Sep/2019:11:52:42 -0500] "GET /BLA/boletinlegal/js/popup.js HTTP/1.1" 200 1270
144.76.236.112 - - [21/Sep/2019:11:52:45 -0500] "GET /StormSDA/userFiles/user_files/93/?C=N;O=A/ HTTP/1.1" 200 813
144.76.96.236 - - [21/Sep/2019:11:52:46 -0500] "GET /SIG/index.php/Gestion%20Documental/126PA06-PR01%20CONTROL%20DOCUMENTOS%20SIG.pdf/ECS//126PM04-PR09.pdf/ HTTP/1.1" 200 6199
144.76.236.112 - - [21/Sep/2019:11:52:49 -0500] "GET /StormSDA/userFiles/user_files/93/?C=N;O=D/ HTTP/1.1" 200 813
144.76.96.236 - - [21/Sep/2019:11:52:52 -0500] "GET /SIG/index.php/Gestion%20Documental/126PA06-PR01%20CONTROL%20DOCUMENTOS%20SIG.pdf/ECS//126PM04-PR10.pdf/ HTTP/1.1" 200 6199
144.76.96.236 - - [21/Sep/2019:11:52:56 -0500] "GET /SIG/index.php/Gestion%20Documental/126PA06-PR01%20CONTROL%20DOCUMENTOS%20SIG.pdf/ECS//126PM04-PR100.pdf/ HTTP/1.1" 200 6218
144.76.236.112 - - [21/Sep/2019:11:52:56 -0500] "GET /StormSDA/userFiles/user_files/93/?C=S;O=A/ HTTP/1.1" 200 813
144.76.236.112 - - [21/Sep/2019:11:52:59 -0500] "GET /StormSDA/userFiles/user_files/94/?C=D;O=A/ HTTP/1.1" 200 813
144.76.96.236 - - [21/Sep/2019:11:53:02 -0500] "GET /SIG/index.php/Gestion%20Documental/126PA06-PR01%20CONTROL%20DOCUMENTOS%20SIG.pdf/ECS//126PM04-PR101.pdf/ HTTP/1.1" 200 6218
144.76.236.112 - - [21/Sep/2019:11:53:04 -0500] "GET /StormSDA/userFiles/user_files/94/?C=M;O=A/ HTTP/1.1" 200 813
144.76.236.112 - - [21/Sep/2019:11:53:06 -0500] "GET /StormSDA/userFiles/user_files/94/?C=N;O=D/ HTTP/1.1" 200 813
144.76.96.236 - - [21/Sep/2019:11:53:06 -0500] "GET /SIG/index.php/Gestion%20Documental/126PA06-PR01%20CONTROL%20DOCUMENTOS%20SIG.pdf/ECS//126PM04-PR103.pdf/ HTTP/1.1" 200 6218
144.76.96.236 - - [21/Sep/2019:11:53:11 -0500] "GET /SIG/index.php/Gestion%20Documental/126PA06-PR01%20CONTROL%20DOCUMENTOS%20SIG.pdf/ECS//126PM04-PR105.pdf/ HTTP/1.1" 200 6218
144.76.236.112 - - [21/Sep/2019:11:53:11 -0500] "GET /StormSDA/userFiles/user_files/94/?C=S;O=A/ HTTP/1.1" 200 813
144.76.236.112 - - [21/Sep/2019:11:53:14 -0500] "GET /StormSDA/userFiles/user_files/95/?C=D;O=A/ HTTP/1.1" 200 813
