144.76.118.82 - - [21/Sep/2019:06:28:44 -0500] "GET /SIG/index.php/Gestion%20Recursos%20Financieros/126PA02-PR22%20REGISTRO%20LITIGIOS%20Y%20DEMANDAS.pdf/?dir=Control%20Disciplinario// HTTP/1.1" 200 3413
144.76.118.82 - - [21/Sep/2019:06:28:51 -0500] "GET /SIG/index.php/Gestion%20Recursos%20Financieros/126PA02-PR22%20REGISTRO%20LITIGIOS%20Y%20DEMANDAS.pdf/?dir=Direccionamiento%20Estrategico// HTTP/1.1" 200 4677
144.76.118.82 - - [21/Sep/2019:06:29:00 -0500] "GET /SIG/index.php/Gestion%20Recursos%20Financieros/126PA02-PR22%20REGISTRO%20LITIGIOS%20Y%20DEMANDAS.pdf/?dir=ECS// HTTP/1.1" 200 17323
144.76.118.82 - - [21/Sep/2019:06:29:06 -0500] "GET /SIG/index.php/Gestion%20Recursos%20Financieros/126PA02-PR23%20REGISTRO%20RESPONSABILIDADES.pdf/?dir=Direccionamiento%20Estrategico// HTTP/1.1" 200 4663
144.76.118.82 - - [21/Sep/2019:06:29:10 -0500] "GET /SIG/index.php/Gestion%20Recursos%20Financieros/126PA02-PR23%20REGISTRO%20RESPONSABILIDADES.pdf/?dir=ECS// HTTP/1.1" 200 17309
144.76.118.82 - - [21/Sep/2019:06:29:19 -0500] "GET /SIG/index.php/Gestion%20Recursos%20Financieros/126PA02-PR23%20REGISTRO%20RESPONSABILIDADES.pdf/?dir=Gestion%20Documental// HTTP/1.1" 200 6265
144.76.118.82 - - [21/Sep/2019:06:29:27 -0500] "GET /SIG/index.php/Gestion%20Recursos%20Financieros/126PA02-PR23%20REGISTRO%20RESPONSABILIDADES.pdf/?dir=Gestion%20Recursos%20Financieros// HTTP/1.1" 200 9573
144.76.118.82 - - [21/Sep/2019:06:29:35 -0500] "GET /SIG/index.php/Gestion%20Recursos%20Financieros/126PA02-PR24%20ELABORACION%20ESTADOS%20FINANCIEROS.pdf/?dir=&sort=size&order=asc/ HTTP/1.1" 200 6092
144.76.118.82 - - [21/Sep/2019:06:29:41 -0500] "GET /SIG/index.php/Gestion%20Recursos%20Financieros/126PA02-PR24%20ELABORACION%20ESTADOS%20FINANCIEROS.pdf/?dir=Comunicaciones// HTTP/1.1" 200 3635
144.76.118.82 - - [21/Sep/2019:06:29:51 -0500] "GET /SIG/index.php/Gestion%20Recursos%20Financieros/126PA02-PR26%20REGISTRO%20INGRESOS%20NO%20TRIBUTARIO%20FDO.CTA.PGA.pdf/?dir=&sort=date&order=asc/ HTTP/1.1" 200 6320
144.76.118.82 - - [21/Sep/2019:06:29:59 -0500] "GET /SIG/index.php/Gestion%20Recursos%20Financieros/126PA02-PR26%20REGISTRO%20INGRESOS%20NO%20TRIBUTARIO%20FDO.CTA.PGA.pdf/?dir=&sort=name&order=desc/ HTTP/1.1" 200 6320
144.76.118.82 - - [21/Sep/2019:06:30:09 -0500] "GET /SIG/index.php/Gestion%20Recursos%20Financieros/126PA02-PR26%20REGISTRO%20INGRESOS%20NO%20TRIBUTARIO%20FDO.CTA.PGA.pdf/?dir=&sort=size&order=asc/ HTTP/1.1" 200 6320
144.76.118.82 - - [21/Sep/2019:06:30:16 -0500] "GET /SIG/index.php/Gestion%20Recursos%20Financieros/126PA02-PR26%20REGISTRO%20INGRESOS%20NO%20TRIBUTARIO%20FDO.CTA.PGA.pdf/?dir=Comunicaciones// HTTP/1.1" 200 3719
186.154.34.98 - - [21/Sep/2019:06:30:20 -0500] "GET /BLA/boletinlegal/js/jquery.scrollShow.js HTTP/1.1" 200 4586
186.154.34.98 - - [21/Sep/2019:06:30:20 -0500] "GET /galeria/galeria/jquery.fancybox.js?v=2.1.5 HTTP/1.1" 200 48706
186.154.34.98 - - [21/Sep/2019:06:30:20 -0500] "GET /galeria/galeria/jquery.fancybox.css?v=2.1.5 HTTP/1.1" 200 4895
144.76.118.82 - - [21/Sep/2019:06:30:26 -0500] "GET /SIG/index.php/Gestion%20Recursos%20Financieros/126PA02-PR26%20REGISTRO%20INGRESOS%20NO%20TRIBUTARIO%20FDO.CTA.PGA.pdf/?dir=Control%20Disciplinario// HTTP/1.1" 200 3518
144.76.118.82 - - [21/Sep/2019:06:30:32 -0500] "GET /SIG/index.php/Gestion%20Recursos%20Financieros/126PA02-PR26%20REGISTRO%20INGRESOS%20NO%20TRIBUTARIO%20FDO.CTA.PGA.pdf/?dir=Control%20y%20mejora// HTTP/1.1" 200 3677
144.76.118.82 - - [21/Sep/2019:06:30:40 -0500] "GET /SIG/index.php/Gestion%20Recursos%20Financieros/126PA02-PR26%20REGISTRO%20INGRESOS%20NO%20TRIBUTARIO%20FDO.CTA.PGA.pdf/?dir=ECS// HTTP/1.1" 200 17428
144.76.118.82 - - [21/Sep/2019:06:30:47 -0500] "GET /SIG/index.php/Gestion%20Recursos%20Financieros/126PA02-PR26%20REGISTRO%20INGRESOS%20NO%20TRIBUTARIO%20FDO.CTA.PGA.pdf/?dir=Gestion%20Documental// HTTP/1.1" 200 6384
144.76.118.82 - - [21/Sep/2019:06:30:53 -0500] "GET /SIG/index.php/Gestion%20Recursos%20Financieros/126PA02-PR27%20TRAMITE%20PAGOS.pdf/?dir=&sort=name&order=desc/ HTTP/1.1" 200 5750
144.76.118.82 - - [21/Sep/2019:06:31:06 -0500] "GET /SIG/index.php/Gestion%20Recursos%20Financieros/126PA02-PR27%20TRAMITE%20PAGOS.pdf/?dir=&sort=size&order=asc/ HTTP/1.1" 200 5750
144.76.118.82 - - [21/Sep/2019:06:31:13 -0500] "GET /SIG/index.php/Gestion%20Recursos%20Financieros/126PA02-PR27%20TRAMITE%20PAGOS.pdf/?dir=Comunicaciones// HTTP/1.1" 200 3509
144.76.118.82 - - [21/Sep/2019:06:31:21 -0500] "GET /SIG/index.php/Gestion%20Recursos%20Financieros/126PA02-PR27%20TRAMITE%20PAGOS.pdf/?dir=Control%20Disciplinario// HTTP/1.1" 200 3308
144.76.118.82 - - [21/Sep/2019:06:31:29 -0500] "GET /SIG/index.php/Gestion%20Recursos%20Financieros/126PA02-PR27%20TRAMITE%20PAGOS.pdf/?dir=Control%20y%20mejora// HTTP/1.1" 200 3437
144.76.118.82 - - [21/Sep/2019:06:31:36 -0500] "GET /SIG/index.php/Gestion%20Recursos%20Financieros/126PA02-PR27%20TRAMITE%20PAGOS.pdf/?dir=Direccionamiento%20Estrategico// HTTP/1.1" 200 4572
144.76.118.82 - - [21/Sep/2019:06:31:45 -0500] "GET /SIG/index.php/Gestion%20Recursos%20Financieros/126PA02-PR27%20TRAMITE%20PAGOS.pdf/?dir=ECS// HTTP/1.1" 200 17218
192.168.175.104 - - [21/Sep/2019:06:31:47 -0500] "GET / HTTP/1.1" 200 9990
144.76.118.82 - - [21/Sep/2019:06:31:53 -0500] "GET /SIG/index.php/Gestion%20Recursos%20Financieros/126PA02-PR27%20TRAMITE%20PAGOS.pdf/?dir=Gestion%20Documental// HTTP/1.1" 200 6174
144.76.118.82 - - [21/Sep/2019:06:32:02 -0500] "GET /SIG/index.php/Gestion%20Recursos%20Financieros/126PA02-PR27%20TRAMITE%20PAGOS.pdf/?dir=Gestion%20Recursos%20Financieros// HTTP/1.1" 200 9482
69.162.124.232 - - [21/Sep/2019:06:32:03 -0500] "HEAD / HTTP/1.1" 200 -
66.102.8.84 - - [21/Sep/2019:06:32:04 -0500] "GET /galeria/galeria/fotos/Movilizacion13G.jpg HTTP/1.1" 200 120282
144.76.118.82 - - [21/Sep/2019:06:32:09 -0500] "GET /SIG/index.php/Gestion%20Recursos%20Financieros/126PA02-PR28%20REGISTRO%20CONVENIOS%20Y%20CONTRATOS%20INTERADMINISTRATIVOS.pdf/?dir=&sort=date&order=asc/ HTTP/1.1" 200 6472
192.168.175.104 - - [21/Sep/2019:06:32:11 -0500] "GET / HTTP/1.0" 200 9990
144.76.118.82 - - [21/Sep/2019:06:32:18 -0500] "GET /SIG/index.php/Gestion%20Recursos%20Financieros/126PA02-PR28%20REGISTRO%20CONVENIOS%20Y%20CONTRATOS%20INTERADMINISTRATIVOS.pdf/?dir=&sort=name&order=desc/ HTTP/1.1" 200 6472
144.76.118.82 - - [21/Sep/2019:06:32:26 -0500] "GET /SIG/index.php/Gestion%20Recursos%20Financieros/126PA02-PR28%20REGISTRO%20CONVENIOS%20Y%20CONTRATOS%20INTERADMINISTRATIVOS.pdf/?dir=&sort=size&order=asc/ HTTP/1.1" 200 6472
181.142.171.238 - - [21/Sep/2019:06:32:34 -0500] "GET /galeria/galeria/jquery.fancybox.css?v=2.1.5 HTTP/1.1" 200 4895
181.142.171.238 - - [21/Sep/2019:06:32:34 -0500] "GET /galeria/carrusel/Carrusel/jquery.thumbnailScroller.css HTTP/1.1" 200 2066
181.142.171.238 - - [21/Sep/2019:06:32:34 -0500] "GET /galeria/galeria/jquery.fancybox.js?v=2.1.5 HTTP/1.1" 200 48706
181.142.171.238 - - [21/Sep/2019:06:32:34 -0500] "GET /BLA/boletinlegal/js/jquery.scrollShow.js HTTP/1.1" 200 4586
181.142.171.238 - - [21/Sep/2019:06:32:35 -0500] "GET /galeria/carrusel/Carrusel/jquery-ui-1.8.13.custom.min.js HTTP/1.1" 200 10800
181.142.171.238 - - [21/Sep/2019:06:32:35 -0500] "GET /galeria/carrusel/Carrusel/jquery.thumbnailScroller.js HTTP/1.1" 200 8157
181.142.171.238 - - [21/Sep/2019:06:32:35 -0500] "GET /galeria/nivo-slider/demo/demo.html HTTP/1.1" 200 4670
144.76.118.82 - - [21/Sep/2019:06:32:35 -0500] "GET /SIG/index.php/Gestion%20Recursos%20Financieros/126PA02-PR28%20REGISTRO%20CONVENIOS%20Y%20CONTRATOS%20INTERADMINISTRATIVOS.pdf/?dir=Control%20y%20mejora// HTTP/1.1" 200 3741
181.142.171.238 - - [21/Sep/2019:06:32:36 -0500] "GET /galeria/nivo-slider/themes/default/default.css HTTP/1.1" 200 1569
181.142.171.238 - - [21/Sep/2019:06:32:36 -0500] "GET /galeria/nivo-slider/themes/pascal/pascal.css HTTP/1.1" 200 2258
181.142.171.238 - - [21/Sep/2019:06:32:36 -0500] "GET /galeria/nivo-slider/nivo-slider.css HTTP/1.1" 200 1507
181.142.171.238 - - [21/Sep/2019:06:32:36 -0500] "GET /galeria/nivo-slider/themes/orman/orman.css HTTP/1.1" 200 2152
181.142.171.238 - - [21/Sep/2019:06:32:36 -0500] "GET /galeria/nivo-slider/demo/style.css HTTP/1.1" 200 2222
181.142.171.238 - - [21/Sep/2019:06:32:36 -0500] "GET /galeria/nivo-slider/demo/images/banner%20reciclaton%20agosto.jpg HTTP/1.1" 200 244820
181.142.171.238 - - [21/Sep/2019:06:32:36 -0500] "GET /galeria/nivo-slider/demo/scripts/jquery-1.7.1.min.js HTTP/1.1" 200 93868
181.142.171.238 - - [21/Sep/2019:06:32:36 -0500] "GET /galeria/nivo-slider/jquery.nivo.slider.pack.js HTTP/1.1" 200 11561
181.142.171.238 - - [21/Sep/2019:06:32:36 -0500] "GET /galeria/nivo-slider/demo/images/Banner%20web%20Ecoempresarial%20ago.jpg HTTP/1.1" 200 752526
181.142.171.238 - - [21/Sep/2019:06:32:36 -0500] "GET /galeria/nivo-slider/demo/images/puntos%20atencion%20BANNER.jpg HTTP/1.1" 200 244208
181.142.171.238 - - [21/Sep/2019:06:32:36 -0500] "GET /galeria/nivo-slider/demo/images/Banner%20educaci%C3%B3n%20ambiental.jpg HTTP/1.1" 200 501117
181.142.171.238 - - [21/Sep/2019:06:32:37 -0500] "GET /galeria/nivo-slider/demo/images/4Simple_Slider.png HTTP/1.1" 200 11722
181.142.171.238 - - [21/Sep/2019:06:32:37 -0500] "GET /galeria/nivo-slider/themes/default/loading.gif HTTP/1.1" 200 1737
181.142.171.238 - - [21/Sep/2019:06:32:37 -0500] "GET /galeria/nivo-slider/demo/images/Caminatas%20septiembre%202019.jpg HTTP/1.1" 200 204949
181.142.171.238 - - [21/Sep/2019:06:32:37 -0500] "GET /galeria/nivo-slider/demo/images/Banner%20Visor%20Geografico%20Ambiental.jpg HTTP/1.1" 200 204673
181.142.171.238 - - [21/Sep/2019:06:32:37 -0500] "GET /galeria/nivo-slider/demo/images/Banner%20consumo%20sostenible%20final.jpg HTTP/1.1" 200 364746
181.142.171.238 - - [21/Sep/2019:06:32:37 -0500] "GET /galeria/nivo-slider/demo/images/bannersectorambiente.png HTTP/1.1" 200 308540
181.142.171.238 - - [21/Sep/2019:06:32:38 -0500] "GET /galeria/nivo-slider/demo/images/Banner%20RCD.jpg HTTP/1.1" 200 92197
181.142.171.238 - - [21/Sep/2019:06:32:38 -0500] "GET /galeria/nivo-slider/demo/images/Banner%20Conpes.jpg HTTP/1.1" 200 55220
181.142.171.238 - - [21/Sep/2019:06:32:38 -0500] "GET /galeria/nivo-slider/demo/images/Banner%20practicas%20sostenibles.jpg HTTP/1.1" 200 142958
181.142.171.238 - - [21/Sep/2019:06:32:39 -0500] "GET /galeria/nivo-slider/demo/images/Banner%20POT.png HTTP/1.1" 200 418238
181.142.171.238 - - [21/Sep/2019:06:32:40 -0500] "GET /galeria/nivo-slider/demo/images/BANNER%20punto.jpg HTTP/1.1" 200 75932
181.142.171.238 - - [21/Sep/2019:06:32:41 -0500] "GET /galeria/nivo-slider/demo/images/Banneranonimos.png HTTP/1.1" 200 109388
181.142.171.238 - - [21/Sep/2019:06:32:41 -0500] "GET /galeria/nivo-slider/demo/images/banner-humedales-de-bogota.jpg HTTP/1.1" 200 292611
181.142.171.238 - - [21/Sep/2019:06:32:42 -0500] "GET /galeria/nivo-slider/demo/images/banner-bolsas-plasticas.jpg HTTP/1.1" 200 317939
144.76.118.82 - - [21/Sep/2019:06:32:43 -0500] "GET /SIG/index.php/Gestion%20Recursos%20Financieros/126PA02-PR28%20REGISTRO%20CONVENIOS%20Y%20CONTRATOS%20INTERADMINISTRATIVOS.pdf/?dir=Direccionamiento%20Estrategico// HTTP/1.1" 200 4838
181.142.171.238 - - [21/Sep/2019:06:32:45 -0500] "GET /galeria/nivo-slider/themes/default/arrows.png HTTP/1.1" 200 824
181.142.171.238 - - [21/Sep/2019:06:32:45 -0500] "GET /galeria/nivo-slider/themes/default/bullets.png HTTP/1.1" 200 1281
144.76.118.82 - - [21/Sep/2019:06:32:53 -0500] "GET /SIG/index.php/Gestion%20Recursos%20Financieros/126PA02-PR28%20REGISTRO%20CONVENIOS%20Y%20CONTRATOS%20INTERADMINISTRATIVOS.pdf/?dir=ECS// HTTP/1.1" 200 17484
144.76.118.82 - - [21/Sep/2019:06:33:05 -0500] "GET /SIG/index.php/Gestion%20Recursos%20Financieros/126PA02-PR28%20REGISTRO%20CONVENIOS%20Y%20CONTRATOS%20INTERADMINISTRATIVOS.pdf/?dir=Gestion%20Documental// HTTP/1.1" 200 6440
144.76.118.82 - - [21/Sep/2019:06:33:12 -0500] "GET /SIG/index.php/Gestion%20Recursos%20Financieros/126PA02-PR28%20REGISTRO%20CONVENIOS%20Y%20CONTRATOS%20INTERADMINISTRATIVOS.pdf/?dir=Gestion%20Recursos%20Financieros// HTTP/1.1" 200 9748
144.76.118.82 - - [21/Sep/2019:06:33:22 -0500] "GET /SIG/index.php/Gestion%20Recursos%20Financieros/126PA02-PR29%20CONSTITUCION%20Y%20MANEJO%20CAJA%20MENOR.pdf/?dir=&sort=date&order=asc/ HTTP/1.1" 200 6111
186.82.105.86 - - [21/Sep/2019:06:33:25 -0500] "GET /galeria/galeria/jquery.fancybox.css?v=2.1.5 HTTP/1.1" 200 4895
186.82.105.86 - - [21/Sep/2019:06:33:25 -0500] "GET /galeria/galeria/jquery.fancybox.js?v=2.1.5 HTTP/1.1" 200 48706
186.82.105.86 - - [21/Sep/2019:06:33:25 -0500] "GET /BLA/boletinlegal/js/jquery.scrollShow.js HTTP/1.1" 200 4586
144.76.118.82 - - [21/Sep/2019:06:33:29 -0500] "GET /SIG/index.php/Gestion%20Recursos%20Financieros/126PA02-PR29%20CONSTITUCION%20Y%20MANEJO%20CAJA%20MENOR.pdf/?dir=&sort=name&order=desc/ HTTP/1.1" 200 6111
144.76.118.82 - - [21/Sep/2019:06:33:38 -0500] "GET /SIG/index.php/Gestion%20Recursos%20Financieros/126PA02-PR29%20CONSTITUCION%20Y%20MANEJO%20CAJA%20MENOR.pdf/?dir=&sort=size&order=asc/ HTTP/1.1" 200 6111
109.74.154.72 - - [21/Sep/2019:06:33:41 -0500] "GET / HTTP/1.1" 200 9990
109.74.154.72 - - [21/Sep/2019:06:33:42 -0500] "GET /js/bootstrap.min.js HTTP/1.1" 200 28538
109.74.154.72 - - [21/Sep/2019:06:33:42 -0500] "GET /js/jquery.js HTTP/1.1" 200 97120
144.76.118.82 - - [21/Sep/2019:06:33:45 -0500] "GET /SIG/index.php/Gestion%20Recursos%20Financieros/126PA02-PR29%20CONSTITUCION%20Y%20MANEJO%20CAJA%20MENOR.pdf/?dir=Comunicaciones// HTTP/1.1" 200 3642
109.74.154.72 - - [21/Sep/2019:06:33:47 -0500] "HEAD /images/NINOS.jpg HTTP/1.1" 200 -
109.74.154.72 - - [21/Sep/2019:06:33:47 -0500] "HEAD /images/RMCAB.jpg HTTP/1.1" 200 -
109.74.154.72 - - [21/Sep/2019:06:33:47 -0500] "HEAD /images/INTRANET.jpg HTTP/1.1" 200 -
109.74.154.72 - - [21/Sep/2019:06:33:47 -0500] "HEAD /images/SDA.jpg HTTP/1.1" 200 -
109.74.154.72 - - [21/Sep/2019:06:33:47 -0500] "HEAD /images/LINEA.jpg HTTP/1.1" 200 -
109.74.154.72 - - [21/Sep/2019:06:33:47 -0500] "HEAD /images/FOREST.jpg HTTP/1.1" 200 -
109.74.154.72 - - [21/Sep/2019:06:33:47 -0500] "HEAD /images/BLA.jpg HTTP/1.1" 200 -
109.74.154.72 - - [21/Sep/2019:06:33:47 -0500] "HEAD /images/SDQS.jpg HTTP/1.1" 200 -
109.74.154.72 - - [21/Sep/2019:06:33:47 -0500] "HEAD /images/INTERNET.jpg HTTP/1.1" 200 -
109.74.154.72 - - [21/Sep/2019:06:33:47 -0500] "HEAD /images/CORREO.jpg HTTP/1.1" 200 -
109.74.154.72 - - [21/Sep/2019:06:33:48 -0500] "HEAD /images/CATALOGO.jpg HTTP/1.1" 200 -
109.74.154.72 - - [21/Sep/2019:06:33:48 -0500] "HEAD /images/FORMATOS.jpg HTTP/1.1" 200 -
144.76.118.82 - - [21/Sep/2019:06:33:53 -0500] "GET /SIG/index.php/Gestion%20Recursos%20Financieros/126PA02-PR29%20CONSTITUCION%20Y%20MANEJO%20CAJA%20MENOR.pdf/?dir=Control%20Disciplinario// HTTP/1.1" 200 3441
144.76.118.82 - - [21/Sep/2019:06:34:02 -0500] "GET /SIG/index.php/Gestion%20Recursos%20Financieros/126PA02-PR29%20CONSTITUCION%20Y%20MANEJO%20CAJA%20MENOR.pdf/?dir=Direccionamiento%20Estrategico// HTTP/1.1" 200 4705
144.76.118.82 - - [21/Sep/2019:06:34:10 -0500] "GET /SIG/index.php/Gestion%20Recursos%20Financieros/126PA02-PR29%20CONSTITUCION%20Y%20MANEJO%20CAJA%20MENOR.pdf/?dir=ECS// HTTP/1.1" 200 17351
144.76.118.82 - - [21/Sep/2019:06:34:18 -0500] "GET /SIG/index.php?dir=Comunicaciones//&sort=name&order=desc/ HTTP/1.1" 200 3003
144.76.118.82 - - [21/Sep/2019:06:34:27 -0500] "GET /SIG/index.php?dir=Control%20Disciplinario//&sort=size&order=asc/ HTTP/1.1" 200 2802
186.155.18.97 - - [21/Sep/2019:06:34:30 -0500] "GET /galeria/galeria/jquery.fancybox.css?v=2.1.5 HTTP/1.1" 200 4895
186.155.18.97 - - [21/Sep/2019:06:34:30 -0500] "GET /galeria/galeria/jquery.fancybox.js?v=2.1.5 HTTP/1.1" 200 48706
144.76.118.82 - - [21/Sep/2019:06:34:38 -0500] "GET /SIG/index.php?dir=Control%20y%20mejora//&sort=name&order=asc/ HTTP/1.1" 200 2870
144.76.118.82 - - [21/Sep/2019:06:34:45 -0500] "GET /SIG/index.php?dir=Control%20y%20mejora//Control%20y%20mejora//&sort=name&order=desc/ HTTP/1.1" 200 3033
144.76.118.82 - - [21/Sep/2019:06:34:54 -0500] "GET /SIG/index.php?dir=Gestion%20Recursos%20Financieros//&sort=name&order=desc/ HTTP/1.1" 200 8976
144.76.118.82 - - [21/Sep/2019:06:35:02 -0500] "GET /StormSDA/nsjars/?C=D;O=A/ HTTP/1.1" 200 5602
158.69.245.214 - - [21/Sep/2019:06:35:07 -0500] "GET /robots.txt HTTP/1.1" 404 1015
144.76.118.82 - - [21/Sep/2019:06:35:10 -0500] "GET /StormSDA/nsjars/?C=M;O=A/ HTTP/1.1" 200 5602
144.76.118.82 - - [21/Sep/2019:06:35:22 -0500] "GET /StormSDA/userFiles%20-%20Copy%2019-07-2012/user_files/86/?C=D;O=A/ HTTP/1.1" 200 877
144.76.118.82 - - [21/Sep/2019:06:35:31 -0500] "GET /StormSDA/userFiles%20-%20Copy%2019-07-2012/user_files/86/?C=M;O=A/ HTTP/1.1" 200 877
144.76.118.82 - - [21/Sep/2019:06:35:39 -0500] "GET /StormSDA/userFiles/user_files/1/?C=N;O=D/ HTTP/1.1" 200 1691
158.69.245.214 - - [21/Sep/2019:06:35:39 -0500] "GET /Autoliquidacion/Grupo%20Forestal%20-%20Silvicultura/Ficha%20t%C3%A9cnica%20de%20registro%20de%20poda.xlsm HTTP/1.1" 200 59040
144.76.118.82 - - [21/Sep/2019:06:35:47 -0500] "GET /StormSDA/userFiles/user_files/95/?C=N;O=D/ HTTP/1.1" 200 817
144.76.118.82 - - [21/Sep/2019:06:35:54 -0500] "GET /StormSDA/userFiles/user_files/96/?C=D;O=A/ HTTP/1.1" 200 817
66.249.88.191 - - [21/Sep/2019:06:36:00 -0500] "GET /galeria/galeria/fotos/mirador2G.jpg HTTP/1.1" 200 115084
158.69.245.214 - - [21/Sep/2019:06:36:00 -0500] "GET /Autoliquidacion/Grupo%20Forestal%20-%20Silvicultura/Formato%20de%20ejecuci%C3%B3n%20de%20actividades%20silviculturales.xlsx HTTP/1.1" 200 70292
144.76.118.82 - - [21/Sep/2019:06:36:02 -0500] "GET /StormSDA/userFiles/user_files/96/?C=M;O=A/ HTTP/1.1" 200 817
158.69.245.214 - - [21/Sep/2019:06:36:21 -0500] "GET /Autoliquidacion/Grupo%20Forestal%20-%20Silvicultura/Formulario%20%C3%BAnico%20nacional%20de%20solicitud%20de%20aprovechamiento%20forestal%20arboles%20aislados.xlsx HTTP/1.1" 404 1015
66.249.88.191 - - [21/Sep/2019:06:36:28 -0500] "GET /galeria/galeria/fotos/mirador4G.jpg HTTP/1.1" 200 159827
158.69.245.214 - - [21/Sep/2019:06:36:42 -0500] "GET /Autoliquidacion/Grupo%20Forestal%20-%20Silvicultura/Solicitud%20y%20lista%20de%20chequeo%20Evaluaci%C3%B3n%20Silvicultural.xlsx HTTP/1.1" 404 1015
66.249.88.191 - - [21/Sep/2019:06:36:42 -0500] "GET /galeria/galeria/fotos/mirador3G.jpg HTTP/1.1" 200 131992
192.168.175.104 - - [21/Sep/2019:06:36:46 -0500] "GET / HTTP/1.1" 200 9990
158.69.245.214 - - [21/Sep/2019:06:37:02 -0500] "GET /portalsiaccapacitaciones/Soportes%20Capacitaciones%202017/Gestio%CC%81n%20Integral%20RCD.pptx HTTP/1.1" 404 1015
69.162.124.232 - - [21/Sep/2019:06:37:03 -0500] "HEAD / HTTP/1.1" 200 -
192.168.175.104 - - [21/Sep/2019:06:37:10 -0500] "GET / HTTP/1.0" 200 9990
158.69.245.214 - - [21/Sep/2019:06:37:20 -0500] "GET /robots.txt HTTP/1.1" 404 1019
186.145.203.182 - - [21/Sep/2019:06:37:25 -0500] "GET /BLA/boletinlegal/js/jquery.scrollShow.js HTTP/1.1" 200 4586
186.145.203.182 - - [21/Sep/2019:06:37:25 -0500] "GET /galeria/galeria/jquery.fancybox.js?v=2.1.5 HTTP/1.1" 200 48706
158.69.245.214 - - [21/Sep/2019:06:37:54 -0500] "GET /Anexos%20estudio%20Organizacional%20SDA/index.php?dir=ANEXO%20No.%201-%20NORMAS%20LEGALES%20DE%20ESTRUCTURA%20Y%20PLANTA/Decreto%20562%20de%202006%20-%20Establece%20planta%20de%20cargos%20de%20SDA.jsp_files/&sort=date&order=asc/ HTTP/1.1" 200 10554
158.69.245.214 - - [21/Sep/2019:06:38:08 -0500] "GET /Anexos%20estudio%20Organizacional%20SDA/index.php?dir=ANEXO%20No.%201-%20NORMAS%20LEGALES%20DE%20ESTRUCTURA%20Y%20PLANTA/Decreto%20562%20de%202006%20-%20Establece%20planta%20de%20cargos%20de%20SDA.jsp_files/&sort=name&order=desc/ HTTP/1.1" 200 10548
66.102.6.79 - - [21/Sep/2019:06:38:18 -0500] "GET /galeria/galeria/jquery.fancybox.js?v=2.1.5 HTTP/1.1" 200 48706
66.102.6.77 - - [21/Sep/2019:06:38:18 -0500] "GET /galeria/galeria/jquery.fancybox.css?v=2.1.5 HTTP/1.1" 200 4895
201.245.192.253 - - [21/Sep/2019:06:37:51 -0500] "POST /kwsrmcab/Wsrmcab HTTP/1.1" 200 31247
158.69.245.214 - - [21/Sep/2019:06:38:45 -0500] "GET /Anexos%20estudio%20Organizacional%20SDA/index.php?dir=ANEXO%20No.%201-%20NORMAS%20LEGALES%20DE%20ESTRUCTURA%20Y%20PLANTA/Decreto%20562%20de%202006%20-%20Establece%20planta%20de%20cargos%20de%20SDA.jsp_files/&sort=size&order=asc/ HTTP/1.1" 200 10720
66.249.64.19 - - [21/Sep/2019:06:38:59 -0500] "GET /BLA/resoluciones/index.php?dir=RESOLUCIONES%202006/RES%202006%20651-700/&sort=name&order=asc HTTP/1.1" 200 12252
179.14.83.129 - - [21/Sep/2019:06:39:00 -0500] "GET /BLA/boletinlegal/js/jquery.scrollShow.js HTTP/1.1" 200 4586
179.14.83.129 - - [21/Sep/2019:06:39:00 -0500] "GET /galeria/galeria/jquery.fancybox.js?v=2.1.5 HTTP/1.1" 200 48706
179.14.83.129 - - [21/Sep/2019:06:39:00 -0500] "GET /galeria/galeria/jquery.fancybox.css?v=2.1.5 HTTP/1.1" 200 4895
66.249.64.19 - - [21/Sep/2019:06:39:00 -0500] "GET /requerimientos/css/dataTables.bootstrap.css HTTP/1.1" 200 7678
158.69.245.214 - - [21/Sep/2019:06:39:03 -0500] "GET /Anexos%20estudio%20Organizacional%20SDA/index.php?dir=ANEXO%20No.%201-%20NORMAS%20LEGALES%20DE%20ESTRUCTURA%20Y%20PLANTA/Decreto%20673%20de%201995%20Reestructura%20el%20DAMA_files/&sort=date&order=asc/ HTTP/1.1" 200 9506
179.14.83.129 - - [21/Sep/2019:06:39:22 -0500] "GET /galeria/galeria/jquery.fancybox.js?v=2.1.5 HTTP/1.1" 200 48706
179.14.83.129 - - [21/Sep/2019:06:39:22 -0500] "GET /BLA/boletinlegal/js/jquery.scrollShow.js HTTP/1.1" 200 4586
179.14.83.129 - - [21/Sep/2019:06:39:22 -0500] "GET /galeria/galeria/jquery.fancybox.css?v=2.1.5 HTTP/1.1" 200 4895
158.69.245.214 - - [21/Sep/2019:06:39:27 -0500] "GET /Anexos%20estudio%20Organizacional%20SDA/index.php?dir=ANEXO%20No.%205%20-%20ESTUDIO%20Y%20PROPUESTA%20SERAMB%20IENTE// HTTP/1.1" 200 3804
158.69.245.214 - - [21/Sep/2019:06:39:46 -0500] "GET /Autoliquidacion/Grupo%20Forestal%20-%20Silvicultura/Formulario%20%C3%BAnico%20nacional%20de%20solicitud%20de%20aprovechamiento%20forestal%20arboles%20aislados.xlsx HTTP/1.1" 404 1019
158.69.245.214 - - [21/Sep/2019:06:40:00 -0500] "GET /Autoliquidacion/Grupo%20Forestal%20-%20Silvicultura/Solicitud%20y%20lista%20de%20chequeo%20Evaluaci%C3%B3n%20Silvicultural.xlsx HTTP/1.1" 404 1019
158.69.245.214 - - [21/Sep/2019:06:40:19 -0500] "GET /Autoliquidacion/index.php?dir=Fauna%20Silvestre/Manual%20tramite%20en%20linea/&sort=date&order=desc/ HTTP/1.1" 200 2519
158.69.245.214 - - [21/Sep/2019:06:40:45 -0500] "GET /Autoliquidacion/index.php?dir=Fauna%20Silvestre/Manual%20tramite%20en%20linea/&sort=name&order=asc/ HTTP/1.1" 200 2519
191.109.218.25 - - [21/Sep/2019:06:41:07 -0500] "GET /galeria/galeria/jquery.fancybox.css?v=2.1.5 HTTP/1.1" 200 4895
191.109.218.25 - - [21/Sep/2019:06:41:07 -0500] "GET /BLA/boletinlegal/js/jquery.scrollShow.js HTTP/1.1" 200 4586
191.109.218.25 - - [21/Sep/2019:06:41:07 -0500] "GET /galeria/galeria/jquery.fancybox.js?v=2.1.5 HTTP/1.1" 200 48706
158.69.245.214 - - [21/Sep/2019:06:41:19 -0500] "GET /Autoliquidacion/index.php?dir=Fauna%20Silvestre/Manual%20tramite%20en%20linea/&sort=size&order=desc/ HTTP/1.1" 200 2519
158.69.245.214 - - [21/Sep/2019:06:41:32 -0500] "GET /SIG/index.php/ECS/126PM04-PR83.pdf/?dir=Control%20Disciplinario//&sort=size&order=asc/ HTTP/1.1" 200 2984
192.168.175.104 - - [21/Sep/2019:06:41:44 -0500] "GET / HTTP/1.1" 200 9990
158.69.245.214 - - [21/Sep/2019:06:42:00 -0500] "GET /SIG/index.php/ECS/126PM04-PR83.pdf/?dir=Control%20y%20mejora//&sort=name&order=desc/ HTTP/1.1" 200 3074
69.162.124.232 - - [21/Sep/2019:06:42:03 -0500] "HEAD / HTTP/1.1" 200 -
66.249.64.31 - - [21/Sep/2019:06:42:07 -0500] "GET / HTTP/1.1" 200 9990
192.168.175.104 - - [21/Sep/2019:06:42:08 -0500] "GET / HTTP/1.0" 200 9990
158.69.245.214 - - [21/Sep/2019:06:42:17 -0500] "GET /SIG/index.php/ECS/126PM04-PR83.pdf/?dir=Control%20y%20mejora//&sort=size&order=asc/ HTTP/1.1" 200 3074
66.249.88.191 - - [21/Sep/2019:06:42:36 -0500] "GET /BLA/boletinlegal/js/jquery.scrollShow.js HTTP/1.1" 200 4586
66.249.88.191 - - [21/Sep/2019:06:42:36 -0500] "GET /galeria/galeria/jquery.fancybox.js?v=2.1.5 HTTP/1.1" 200 48706
66.249.88.187 - - [21/Sep/2019:06:42:36 -0500] "GET /galeria/galeria/jquery.fancybox.css?v=2.1.5 HTTP/1.1" 200 4895
158.69.245.214 - - [21/Sep/2019:06:42:46 -0500] "GET /SIG/index.php/ECS/126PM04-PR83.pdf/?dir=Control%20y%20mejora//Control%20y%20mejora// HTTP/1.1" 200 3260
186.183.152.162 - - [21/Sep/2019:06:42:49 -0500] "GET /BLA/boletinlegal/jurisprudencia/analisis/AnalisisC-035-16.docx HTTP/1.1" 200 25011
158.69.245.214 - - [21/Sep/2019:06:43:12 -0500] "GET /SIG/index.php/ECS/126PM04-PR83.pdf/?dir=Direccionamiento%20Estrategico//&sort=date&order=asc/ HTTP/1.1" 200 4248
158.69.245.214 - - [21/Sep/2019:06:43:29 -0500] "GET /SIG/index.php/ECS/126PM04-PR83.pdf/?dir=Direccionamiento%20Estrategico//&sort=name&order=desc/ HTTP/1.1" 200 4248
158.69.245.214 - - [21/Sep/2019:06:43:47 -0500] "GET /SIG/index.php/ECS/126PM04-PR83.pdf/?dir=Direccionamiento%20Estrategico//&sort=size&order=asc/ HTTP/1.1" 200 4248
158.69.245.214 - - [21/Sep/2019:06:44:00 -0500] "GET /SIG/index.php/ECS/126PM04-PR83.pdf/?dir=ECS//&sort=date&order=asc/ HTTP/1.1" 200 16894
158.69.245.214 - - [21/Sep/2019:06:44:16 -0500] "GET /SIG/index.php/ECS/126PM04-PR83.pdf/?dir=ECS//&sort=name&order=desc/ HTTP/1.1" 200 16894
66.249.88.187 - - [21/Sep/2019:06:44:24 -0500] "GET /BLA/boletinlegal/js/jquery.scrollShow.js HTTP/1.1" 200 4586
66.249.88.189 - - [21/Sep/2019:06:44:24 -0500] "GET /galeria/galeria/jquery.fancybox.css?v=2.1.5 HTTP/1.1" 200 4895
66.249.88.191 - - [21/Sep/2019:06:44:24 -0500] "GET /galeria/galeria/jquery.fancybox.js?v=2.1.5 HTTP/1.1" 200 48706
158.69.245.214 - - [21/Sep/2019:06:44:38 -0500] "GET /SIG/index.php/ECS/126PM04-PR83.pdf/?dir=ECS//&sort=size&order=asc/ HTTP/1.1" 200 16894
158.69.245.214 - - [21/Sep/2019:06:45:08 -0500] "GET /SIG/index.php/ECS/126PM04-PR83.pdf/Gestion%20Documental//126PA06-PR08%20CONTROL%20Y%20TRAITE%20CORRESPONDENCIA%20EXTERNA%20RECIBIDA.pdf/ HTTP/1.1" 200 6666
66.249.64.20 - - [21/Sep/2019:06:45:43 -0500] "GET /BLA/resoluciones/RESOLUCIONES%202006/RES%202006%20651-700/INDEX.DAT HTTP/1.1" 200 2000
158.69.245.214 - - [21/Sep/2019:06:45:56 -0500] "GET /SIG/index.php/ECS/126PM04-PR83.pdf/Gestion%20Documental//126PA06-PR09%20CIRCULARIZACION%20Y%20PRETAMO%20MATERIAL%20CENTRO%20DOCUMENTACION.pdf/ HTTP/1.1" 200 6780
66.249.64.27 - - [21/Sep/2019:06:46:07 -0500] "GET / HTTP/1.1" 200 9990
158.69.245.214 - - [21/Sep/2019:06:46:14 -0500] "GET /SIG/index.php/ECS/126PM04-PR83.pdf/Gestion%20Documental//126PA06-PR10%20INGRESO%20Y%20CATALOGACION%20MATERIAL%20BILIOG.CENTRO%20DOCUMENTACION.pdf/ HTTP/1.1" 200 6856
158.69.245.214 - - [21/Sep/2019:06:46:32 -0500] "GET /SIG/index.php/ECS/126PM04-PR83.pdf/Gestion%20Documental//126PA06-PR12%20SELECCION%20Y%20DEPURACION%20MATERIAL%20BILBIOG.CENTRO%20DOCUMENTACION.pdf/ HTTP/1.1" 200 6875
192.168.175.104 - - [21/Sep/2019:06:46:42 -0500] "GET / HTTP/1.1" 200 9990
158.69.245.214 - - [21/Sep/2019:06:46:56 -0500] "GET /SIG/index.php/ECS/126PM04-PR83.pdf/Gestion%20Documental//126PA06-PR13%20CONTROL%20DOCUMENTOS%20EXTERNOS-NORMOGRAMA.pdf/ HTTP/1.1" 200 6457
186.85.178.147 - - [21/Sep/2019:06:47:00 -0500] "GET /galeria/carrusel/Carrusel/jquery.thumbnailScroller.css HTTP/1.1" 200 2066
186.85.178.147 - - [21/Sep/2019:06:47:00 -0500] "GET /galeria/galeria/jquery.fancybox.css?v=2.1.5 HTTP/1.1" 200 4895
186.85.178.147 - - [21/Sep/2019:06:47:00 -0500] "GET /galeria/galeria/jquery.fancybox.js?v=2.1.5 HTTP/1.1" 200 48706
186.85.178.147 - - [21/Sep/2019:06:47:00 -0500] "GET /BLA/boletinlegal/js/jquery.scrollShow.js HTTP/1.1" 200 4586
186.85.178.147 - - [21/Sep/2019:06:47:02 -0500] "GET /galeria/carrusel/Carrusel/jquery-ui-1.8.13.custom.min.js HTTP/1.1" 200 10800
186.85.178.147 - - [21/Sep/2019:06:47:02 -0500] "GET /galeria/carrusel/Carrusel/jquery.thumbnailScroller.js HTTP/1.1" 200 8157
69.162.124.232 - - [21/Sep/2019:06:47:03 -0500] "HEAD / HTTP/1.1" 200 -
192.168.175.104 - - [21/Sep/2019:06:47:06 -0500] "GET / HTTP/1.0" 200 9990
186.85.178.147 - - [21/Sep/2019:06:47:06 -0500] "GET /galeria/nivo-slider/demo/demo.html HTTP/1.1" 200 4670
186.85.178.147 - - [21/Sep/2019:06:47:08 -0500] "GET /galeria/nivo-slider/themes/default/default.css HTTP/1.1" 200 1569
186.85.178.147 - - [21/Sep/2019:06:47:08 -0500] "GET /galeria/nivo-slider/themes/pascal/pascal.css HTTP/1.1" 200 2258
186.85.178.147 - - [21/Sep/2019:06:47:08 -0500] "GET /galeria/nivo-slider/themes/orman/orman.css HTTP/1.1" 200 2152
186.85.178.147 - - [21/Sep/2019:06:47:08 -0500] "GET /galeria/nivo-slider/nivo-slider.css HTTP/1.1" 200 1507
186.85.178.147 - - [21/Sep/2019:06:47:08 -0500] "GET /galeria/nivo-slider/demo/style.css HTTP/1.1" 200 2222
186.85.178.147 - - [21/Sep/2019:06:47:08 -0500] "GET /galeria/nivo-slider/demo/images/banner%20reciclaton%20agosto.jpg HTTP/1.1" 200 244820
186.85.178.147 - - [21/Sep/2019:06:47:08 -0500] "GET /galeria/nivo-slider/demo/scripts/jquery-1.7.1.min.js HTTP/1.1" 200 93868
186.85.178.147 - - [21/Sep/2019:06:47:09 -0500] "GET /galeria/nivo-slider/demo/images/Banneranonimos.png HTTP/1.1" 200 109388
186.85.178.147 - - [21/Sep/2019:06:47:09 -0500] "GET /galeria/nivo-slider/demo/images/Banner%20consumo%20sostenible%20final.jpg HTTP/1.1" 200 364746
186.85.178.147 - - [21/Sep/2019:06:47:09 -0500] "GET /galeria/nivo-slider/demo/images/Banner%20Visor%20Geografico%20Ambiental.jpg HTTP/1.1" 200 204673
186.85.178.147 - - [21/Sep/2019:06:47:09 -0500] "GET /galeria/nivo-slider/demo/images/Banner%20web%20Ecoempresarial%20ago.jpg HTTP/1.1" 200 752526
186.85.178.147 - - [21/Sep/2019:06:47:11 -0500] "GET /galeria/nivo-slider/demo/images/Banner%20RCD.jpg HTTP/1.1" 200 92197
186.85.178.147 - - [21/Sep/2019:06:47:11 -0500] "GET /galeria/nivo-slider/demo/images/Banner%20educaci%C3%B3n%20ambiental.jpg HTTP/1.1" 200 501117
186.85.178.147 - - [21/Sep/2019:06:47:11 -0500] "GET /galeria/nivo-slider/demo/images/BANNER%20punto.jpg HTTP/1.1" 200 75932
186.85.178.147 - - [21/Sep/2019:06:47:13 -0500] "GET /galeria/nivo-slider/demo/images/Banner%20POT.png HTTP/1.1" 200 418238
186.85.178.147 - - [21/Sep/2019:06:47:13 -0500] "GET /galeria/nivo-slider/demo/images/puntos%20atencion%20BANNER.jpg HTTP/1.1" 200 244208
186.85.178.147 - - [21/Sep/2019:06:47:13 -0500] "GET /galeria/nivo-slider/demo/images/Banner%20practicas%20sostenibles.jpg HTTP/1.1" 200 142958
158.69.245.214 - - [21/Sep/2019:06:47:16 -0500] "GET /SIG/index.php/ECS/126PM04-PR83.pdf/Gestion%20Recursos%20Financieros//126PA02-PR01%20ACTAS%20ANULACION-PRESUPUESTO.pdf/ HTTP/1.1" 200 6458
186.85.178.147 - - [21/Sep/2019:06:47:19 -0500] "GET /galeria/nivo-slider/demo/images/bannersectorambiente.png HTTP/1.1" 200 308540
66.249.88.187 - - [21/Sep/2019:06:47:23 -0500] "GET /galeria/galeria/jquery.fancybox.css?v=2.1.5 HTTP/1.1" 200 4895
66.249.88.191 - - [21/Sep/2019:06:47:23 -0500] "GET /galeria/galeria/jquery.fancybox.js?v=2.1.5 HTTP/1.1" 200 48706
66.249.88.189 - - [21/Sep/2019:06:47:23 -0500] "GET /BLA/boletinlegal/js/jquery.scrollShow.js HTTP/1.1" 200 4586
186.85.178.147 - - [21/Sep/2019:06:47:25 -0500] "GET /galeria/nivo-slider/demo/images/Banner%20Conpes.jpg HTTP/1.1" 200 55220
186.85.178.147 - - [21/Sep/2019:06:47:26 -0500] "GET /galeria/nivo-slider/demo/images/Caminatas%20septiembre%202019.jpg HTTP/1.1" 200 204949
186.85.178.147 - - [21/Sep/2019:06:47:26 -0500] "GET /galeria/nivo-slider/demo/images/banner-bolsas-plasticas.jpg HTTP/1.1" 200 317939
186.85.178.147 - - [21/Sep/2019:06:47:26 -0500] "GET /galeria/nivo-slider/demo/images/banner-humedales-de-bogota.jpg HTTP/1.1" 200 292611
186.85.178.147 - - [21/Sep/2019:06:47:26 -0500] "GET /galeria/nivo-slider/demo/images/4Simple_Slider.png HTTP/1.1" 200 11722
186.85.178.147 - - [21/Sep/2019:06:47:26 -0500] "GET /galeria/nivo-slider/themes/default/loading.gif HTTP/1.1" 200 1737
186.85.178.147 - - [21/Sep/2019:06:47:26 -0500] "GET /galeria/nivo-slider/jquery.nivo.slider.pack.js HTTP/1.1" 200 11561
186.85.178.147 - - [21/Sep/2019:06:47:27 -0500] "GET /galeria/nivo-slider/themes/default/bullets.png HTTP/1.1" 200 1281
186.85.178.147 - - [21/Sep/2019:06:47:27 -0500] "GET /galeria/nivo-slider/themes/default/arrows.png HTTP/1.1" 200 824
66.249.88.189 - - [21/Sep/2019:06:47:37 -0500] "GET /galeria/galeria/jquery.fancybox.css?v=2.1.5 HTTP/1.1" 200 4895
66.249.88.187 - - [21/Sep/2019:06:47:37 -0500] "GET /galeria/galeria/jquery.fancybox.js?v=2.1.5 HTTP/1.1" 200 48706
66.249.88.187 - - [21/Sep/2019:06:47:37 -0500] "GET /BLA/boletinlegal/js/jquery.scrollShow.js HTTP/1.1" 200 4586
158.69.245.214 - - [21/Sep/2019:06:47:40 -0500] "GET /SIG/index.php/ECS/126PM04-PR83.pdf/Gestion%20Recursos%20Financieros//126PA02-PR02%20ACTAS%20FENECIMIENTO-PRESUPUESTO.pdf/ HTTP/1.1" 200 6515
158.69.245.214 - - [21/Sep/2019:06:47:54 -0500] "GET /SIG/index.php/ECS/126PM04-PR83.pdf/Gestion%20Recursos%20Financieros//126PA02-PR03%20CONSTITUCION%20RESERVAS.pdf/ HTTP/1.1" 200 6344
158.69.245.214 - - [21/Sep/2019:06:48:09 -0500] "GET /SIG/index.php/ECS/126PM04-PR83.pdf/Gestion%20Recursos%20Financieros//126PA02-PR05%20ELABORACION%20ANTEPROYECTO%20PRESUPUESTO.pdf/ HTTP/1.1" 200 6629
158.69.245.214 - - [21/Sep/2019:06:48:19 -0500] "GET /SIG/index.php/ECS/126PM04-PR83.pdf/Gestion%20Recursos%20Financieros//126PA02-PR06%20MODIFICACIONES%20PRESUPUESTALES.pdf/ HTTP/1.1" 200 6496
27.17.177.182 - - [21/Sep/2019:06:48:33 -0500] "-" 408 -
158.69.245.214 - - [21/Sep/2019:06:48:42 -0500] "GET /SIG/index.php/ECS/126PM04-PR83.pdf/Gestion%20Recursos%20Financieros//126PA02-PR07%20TRAMITE%20Y%20PAGO%20PASIVOS%20EXIGIBLES.pdf/ HTTP/1.1" 200 6553
158.69.245.214 - - [21/Sep/2019:06:49:02 -0500] "GET /SIG/index.php/ECS/126PM04-PR83.pdf/Gestion%20Recursos%20Financieros//126PA02-PR08%20PROGRAMA%20ANUAL%20MENSUALIZADO%20CAJA%20INICIAL.pdf/ HTTP/1.1" 200 6705
158.69.245.214 - - [21/Sep/2019:06:49:27 -0500] "GET /SIG/index.php/ECS/126PM04-PR83.pdf/Gestion%20Recursos%20Financieros//126PA02-PR09%20SOLICITUD%20Y%20EXPEDICION%20CDP.pdf/ HTTP/1.1" 200 6439
158.69.245.214 - - [21/Sep/2019:06:49:47 -0500] "GET /SIG/index.php/ECS/126PM04-PR83.pdf/Gestion%20Recursos%20Financieros//126PA02-PR10%20SOLICITUD%20Y%20EXPEDICION%20CRP.pdf/ HTTP/1.1" 200 6439
158.69.245.214 - - [21/Sep/2019:06:50:01 -0500] "GET /SIG/index.php/ECS/126PM04-PR83.pdf/Gestion%20Recursos%20Financieros//126PA02-PR11%20REINTEGROS%20DE%20TESORERIA.pdf/ HTTP/1.1" 200 6382
158.69.245.214 - - [21/Sep/2019:06:50:13 -0500] "GET /SIG/index.php/ECS/126PM04-PR83.pdf/Gestion%20Recursos%20Financieros//126PA02-PR12%20REPROGRAMACION%20DEL%20PAC.pdf/ HTTP/1.1" 200 6363
158.69.245.214 - - [21/Sep/2019:06:50:25 -0500] "GET /SIG/index.php/ECS/126PM04-PR83.pdf/Gestion%20Recursos%20Financieros//126PA02-PR17%20CONCILIACION%20OPERACIONES%20RECIPROCAS.pdf/ HTTP/1.1" 200 6610
5.255.250.75 - - [21/Sep/2019:06:50:45 -0500] "GET /StormSDA/userFiles/user_files/str_expresiones.xml HTTP/1.1" 200 1502
158.69.245.214 - - [21/Sep/2019:06:50:48 -0500] "GET /SIG/index.php/ECS/126PM04-PR83.pdf/Gestion%20Recursos%20Financieros//126PA02-PR18%20REGISTRO%20CONTABLE%20ORDENES%20DE%20PAGO.pdf/ HTTP/1.1" 200 6572
158.69.245.214 - - [21/Sep/2019:06:50:59 -0500] "GET /SIG/index.php/ECS/126PM04-PR83.pdf/Gestion%20Recursos%20Financieros//126PA02-PR19%20CAUSACION%20Y%20PAGO%20NOMINA.pdf/ HTTP/1.1" 200 6382
5.255.250.154 - - [21/Sep/2019:06:51:15 -0500] "GET /PruebasSTORM/StormSDA_pruebas/userFiles/user_files/listas/184.xml HTTP/1.1" 200 602
158.69.245.214 - - [21/Sep/2019:06:51:19 -0500] "GET /SIG/index.php/ECS/126PM04-PR83.pdf/Gestion%20Recursos%20Financieros//126PA02-PR24%20ELABORACION%20ESTADOS%20FINANCIEROS.pdf/ HTTP/1.1" 200 6534
158.69.245.214 - - [21/Sep/2019:06:51:31 -0500] "GET /SIG/index.php/ECS/126PM04-PR83.pdf/Gestion%20Recursos%20Financieros//126PA02-PR25%20REGISTRO%20MOVIMIENTO%20Y%20CONTROL%20ALMACEN.pdf/ HTTP/1.1" 200 6648
66.249.88.191 - - [21/Sep/2019:06:51:34 -0500] "GET /galeria/galeria/jquery.fancybox.js?v=2.1.5 HTTP/1.1" 200 48706
66.249.88.187 - - [21/Sep/2019:06:51:34 -0500] "GET /BLA/boletinlegal/js/jquery.scrollShow.js HTTP/1.1" 200 4586
66.249.88.191 - - [21/Sep/2019:06:51:34 -0500] "GET /galeria/galeria/jquery.fancybox.css?v=2.1.5 HTTP/1.1" 200 4895
192.168.175.104 - - [21/Sep/2019:06:51:40 -0500] "GET / HTTP/1.1" 200 9990
158.69.245.214 - - [21/Sep/2019:06:51:48 -0500] "GET /SIG/index.php/ECS/126PM04-PR83.pdf/Gestion%20Recursos%20Financieros//126PA02-PR27%20TRAMITE%20PAGOS.pdf/ HTTP/1.1" 200 6192
158.69.245.214 - - [21/Sep/2019:06:52:01 -0500] "GET /SIG/index.php/ECS/126PM04-PR84.pdf/?dir=&sort=name&order=desc/ HTTP/1.1" 200 4959
69.162.124.232 - - [21/Sep/2019:06:52:03 -0500] "HEAD / HTTP/1.1" 200 -
192.168.175.104 - - [21/Sep/2019:06:52:04 -0500] "GET / HTTP/1.0" 200 9990
158.69.245.214 - - [21/Sep/2019:06:52:14 -0500] "GET /SIG/index.php/ECS/126PM04-PR84.pdf/?dir=&sort=size&order=asc/ HTTP/1.1" 200 4959
186.144.58.253 - - [21/Sep/2019:06:52:23 -0500] "GET /BLA/boletinlegal/js/jquery.scrollShow.js HTTP/1.1" 200 4586
186.144.58.253 - - [21/Sep/2019:06:52:23 -0500] "GET /galeria/galeria/jquery.fancybox.js?v=2.1.5 HTTP/1.1" 200 48706
186.144.58.253 - - [21/Sep/2019:06:52:23 -0500] "GET /galeria/galeria/jquery.fancybox.css?v=2.1.5 HTTP/1.1" 200 4895
186.144.58.253 - - [21/Sep/2019:06:52:23 -0500] "GET /galeria/carrusel/Carrusel/jquery.thumbnailScroller.css HTTP/1.1" 200 2066
186.144.58.253 - - [21/Sep/2019:06:52:23 -0500] "GET /galeria/carrusel/Carrusel/jquery-ui-1.8.13.custom.min.js HTTP/1.1" 200 10800
186.144.58.253 - - [21/Sep/2019:06:52:23 -0500] "GET /galeria/carrusel/Carrusel/jquery.thumbnailScroller.js HTTP/1.1" 200 8157
158.69.245.214 - - [21/Sep/2019:06:52:36 -0500] "GET /SIG/index.php/ECS/126PM04-PR84.pdf/?dir=Comunicaciones// HTTP/1.1" 200 3186
158.69.245.214 - - [21/Sep/2019:06:52:45 -0500] "GET /SIG/index.php/ECS/126PM04-PR86.pdf/?dir=Direccionamiento%20Estrategico//&sort=name&order=desc/ HTTP/1.1" 200 4248
158.69.245.214 - - [21/Sep/2019:06:52:55 -0500] "GET /SIG/index.php/ECS/126PM04-PR86.pdf/?dir=Direccionamiento%20Estrategico//&sort=size&order=asc/ HTTP/1.1" 200 4248
158.69.245.214 - - [21/Sep/2019:06:53:13 -0500] "GET /SIG/index.php/ECS/126PM04-PR86.pdf/?dir=ECS// HTTP/1.1" 200 16895
191.95.34.243 - - [21/Sep/2019:06:53:29 -0500] "GET /BLA/resoluciones/RESOLUCIONES%202015/1572.pdf HTTP/1.1" 200 753752
158.69.245.214 - - [21/Sep/2019:06:53:30 -0500] "GET /SIG/index.php/ECS/126PM04-PR86.pdf/?dir=Gestion%20Documental//&sort=date&order=asc/ HTTP/1.1" 200 5850
158.69.245.214 - - [21/Sep/2019:06:53:51 -0500] "GET /SIG/index.php/ECS/126PM04-PR86.pdf/?dir=Gestion%20Documental//&sort=name&order=desc/ HTTP/1.1" 200 5850
158.69.245.214 - - [21/Sep/2019:06:54:09 -0500] "GET /SIG/index.php/ECS/126PM04-PR86.pdf/?dir=Gestion%20Documental//&sort=size&order=asc/ HTTP/1.1" 200 5850
158.69.245.214 - - [21/Sep/2019:06:54:17 -0500] "GET /SIG/index.php/ECS/126PM04-PR86.pdf/?dir=Gestion%20Recursos%20Financieros// HTTP/1.1" 200 9159
158.69.245.214 - - [21/Sep/2019:06:54:35 -0500] "GET /SIG/index.php/ECS/126PM04-PR91.pdf/?dir=Control%20y%20mejora// HTTP/1.1" 200 3075
190.130.67.107 - - [21/Sep/2019:06:54:39 -0500] "GET /BLA/resoluciones/RESOLUCIONES%202012/0911.pdf HTTP/1.1" 200 684237
158.69.245.214 - - [21/Sep/2019:06:54:48 -0500] "GET /SIG/index.php/ECS/126PM04-PR91.pdf/?dir=Gestion%20Documental// HTTP/1.1" 200 5851
158.69.245.214 - - [21/Sep/2019:06:55:08 -0500] "GET /SIG/index.php/ECS/126PM04-PR91.pdf/?dir=Gestion%20Recursos%20Financieros// HTTP/1.1" 200 9159
158.69.245.214 - - [21/Sep/2019:06:55:21 -0500] "GET /SIG/index.php/ECS/126PM04-PR92.pdf/?dir=&sort=date&order=asc/ HTTP/1.1" 200 4959
158.69.245.214 - - [21/Sep/2019:06:55:33 -0500] "GET /SIG/index.php/ECS/126PM04-PR92.pdf/?dir=&sort=name&order=desc/ HTTP/1.1" 200 4959
158.69.245.214 - - [21/Sep/2019:06:55:45 -0500] "GET /SIG/index.php/ECS/126PM04-PR92.pdf/?dir=Comunicaciones// HTTP/1.1" 200 3186
158.69.245.214 - - [21/Sep/2019:06:56:04 -0500] "GET /SIG/index.php/ECS/126PM04-PR92.pdf/?dir=Control%20y%20mejora// HTTP/1.1" 200 3075
158.69.245.214 - - [21/Sep/2019:06:56:14 -0500] "GET /SIG/index.php/ECS/126PM04-PR92.pdf/?dir=Direccionamiento%20Estrategico// HTTP/1.1" 200 4249
158.69.245.214 - - [21/Sep/2019:06:56:29 -0500] "GET /SIG/index.php/ECS/126PM04-PR92.pdf/?dir=ECS// HTTP/1.1" 200 16895
192.168.175.104 - - [21/Sep/2019:06:56:38 -0500] "GET / HTTP/1.1" 200 9990
158.69.245.214 - - [21/Sep/2019:06:56:41 -0500] "GET /SIG/index.php?dir=/ HTTP/1.1" 200 4517
158.69.245.214 - - [21/Sep/2019:06:56:55 -0500] "GET /SIG/index.php?dir=Comunicaciones// HTTP/1.1" 200 3004
192.168.175.104 - - [21/Sep/2019:06:57:02 -0500] "GET / HTTP/1.0" 200 9990
190.145.72.38 - - [21/Sep/2019:06:57:03 -0500] "GET /galeria/galeria/jquery.fancybox.css?v=2.1.5 HTTP/1.1" 200 4895
190.145.72.38 - - [21/Sep/2019:06:57:03 -0500] "GET /BLA/boletinlegal/js/jquery.scrollShow.js HTTP/1.1" 200 4586
190.145.72.38 - - [21/Sep/2019:06:57:03 -0500] "GET /galeria/galeria/jquery.fancybox.js?v=2.1.5 HTTP/1.1" 200 48706
190.145.72.38 - - [21/Sep/2019:06:57:03 -0500] "GET /autoliquidacion HTTP/1.1" 301 310
190.145.72.38 - - [21/Sep/2019:06:57:03 -0500] "GET /autoliquidacion/ HTTP/1.1" 200 6377
190.145.72.38 - - [21/Sep/2019:06:57:03 -0500] "GET /autoliquidacion/dlf/styles.css HTTP/1.1" 200 3045
190.145.72.38 - - [21/Sep/2019:06:57:03 -0500] "GET /autoliquidacion/dlf/folder.png HTTP/1.1" 200 410
190.145.72.38 - - [21/Sep/2019:06:57:03 -0500] "GET /autoliquidacion/dlf/bg.gif HTTP/1.1" 200 54
69.162.124.232 - - [21/Sep/2019:06:57:03 -0500] "HEAD / HTTP/1.1" 200 -
190.145.72.38 - - [21/Sep/2019:06:57:05 -0500] "GET /autoliquidacion/ HTTP/1.1" 200 6377
158.69.245.214 - - [21/Sep/2019:06:57:06 -0500] "GET /SIG/index.php?dir=Control%20Disciplinario// HTTP/1.1" 200 2803
181.51.6.53 - - [21/Sep/2019:06:57:09 -0500] "GET /galeria/galeria/jquery.fancybox.css?v=2.1.5 HTTP/1.1" 200 4895
181.51.6.53 - - [21/Sep/2019:06:57:10 -0500] "GET /BLA/boletinlegal/js/jquery.scrollShow.js HTTP/1.1" 200 4586
181.51.6.53 - - [21/Sep/2019:06:57:11 -0500] "GET /galeria/galeria/jquery.fancybox.js?v=2.1.5 HTTP/1.1" 200 48706
158.69.245.214 - - [21/Sep/2019:06:57:20 -0500] "GET /SIG/index.php?dir=Control%20y%20mejora// HTTP/1.1" 200 2871
158.69.245.214 - - [21/Sep/2019:06:57:36 -0500] "GET /SIG/index.php?dir=Control%20y%20mejora/Control%20y%20mejora// HTTP/1.1" 200 2953
190.145.72.38 - - [21/Sep/2019:06:57:48 -0500] "GET /autoliquidacion/ HTTP/1.1" 200 6377
158.69.245.214 - - [21/Sep/2019:06:57:48 -0500] "GET /SIG/index.php?dir=Control%20y%20mejora/Control%20y%20mejora/&sort=date&order=asc/ HTTP/1.1" 200 2842
158.69.245.214 - - [21/Sep/2019:06:58:02 -0500] "GET /SIG/index.php?dir=Control%20y%20mejora/Control%20y%20mejora/&sort=name&order=asc/ HTTP/1.1" 200 2842
66.249.64.27 - - [21/Sep/2019:06:58:07 -0500] "GET /BLA/boletinlegal/jurisprudencia/analisis/Analisis%20jurisprudencial%20Sentencia%20C-366-11.doc HTTP/1.1" 304 -
186.147.196.47 - - [21/Sep/2019:06:58:13 -0500] "GET /galeria/galeria/jquery.fancybox.js?v=2.1.5 HTTP/1.1" 200 48706
186.147.196.47 - - [21/Sep/2019:06:58:13 -0500] "GET /galeria/galeria/jquery.fancybox.css?v=2.1.5 HTTP/1.1" 200 4895
186.147.196.47 - - [21/Sep/2019:06:58:13 -0500] "GET /BLA/boletinlegal/js/jquery.scrollShow.js HTTP/1.1" 200 4586
158.69.245.214 - - [21/Sep/2019:06:58:26 -0500] "GET /SIG/index.php?dir=Direccionamiento%20Estrategico// HTTP/1.1" 200 4067
158.69.245.214 - - [21/Sep/2019:06:58:39 -0500] "GET /SIG/index.php?dir=ECS// HTTP/1.1" 200 16713
158.69.245.214 - - [21/Sep/2019:06:58:54 -0500] "GET /SIG/index.php?dir=Gestion%20Documental// HTTP/1.1" 200 5669
190.70.28.237 - - [21/Sep/2019:06:58:56 -0500] "GET /galeria/galeria/jquery.fancybox.css?v=2.1.5 HTTP/1.1" 200 4895
190.70.28.237 - - [21/Sep/2019:06:58:56 -0500] "GET /BLA/boletinlegal/js/jquery.scrollShow.js HTTP/1.1" 200 4586
190.70.28.237 - - [21/Sep/2019:06:58:56 -0500] "GET /galeria/galeria/jquery.fancybox.js?v=2.1.5 HTTP/1.1" 200 48706
158.69.245.214 - - [21/Sep/2019:06:59:04 -0500] "GET /SIG/index.php?dir=Gestion%20Recursos%20Financieros// HTTP/1.1" 200 8977
158.69.245.214 - - [21/Sep/2019:06:59:17 -0500] "GET /robots.txt HTTP/1.1" 404 1019
186.81.94.82 - - [21/Sep/2019:06:59:20 -0500] "GET /galeria/galeria/jquery.fancybox.css?v=2.1.5 HTTP/1.1" 200 4895
186.81.94.82 - - [21/Sep/2019:06:59:20 -0500] "GET /BLA/boletinlegal/js/jquery.scrollShow.js HTTP/1.1" 200 4586
186.81.94.82 - - [21/Sep/2019:06:59:21 -0500] "GET /galeria/galeria/jquery.fancybox.js?v=2.1.5 HTTP/1.1" 200 48706
158.69.245.214 - - [21/Sep/2019:06:59:40 -0500] "GET /galeria/mapa/3MapaBogot%C3%A1.jpg HTTP/1.1" 200 688183
158.69.245.214 - - [21/Sep/2019:06:59:50 -0500] "GET /galeria/mapa2/3MapaBogot%C3%A1.jpg HTTP/1.1" 200 641419
158.69.245.214 - - [21/Sep/2019:07:00:02 -0500] "GET /galeria/nivo-slider/demo/documents/Resultados%20Generales%20para%20las%20estrat%C3%A9gias%20de%20educaci%C3%B3n%20ambiental%20-%20FINAL%20FINAL.pdf HTTP/1.1" 200 11842840
158.69.245.214 - - [21/Sep/2019:07:00:10 -0500] "GET /galeria/nivo-slider/demo/documents/rutas%20recolecci%C3%B3n%202018.pdf HTTP/1.1" 200 4396254
107.6.183.162 - - [21/Sep/2019:07:00:14 -0500] "GET / HTTP/1.1" 200 9990
158.69.245.214 - - [21/Sep/2019:07:00:21 -0500] "GET /galeria/nivo-slider/demo/images/BANNERCAMPA%C3%91ACRUZDEMAYO.jpg HTTP/1.1" 200 336199
186.84.88.128 - - [21/Sep/2019:07:00:47 -0500] "GET /galeria/galeria/jquery.fancybox.css?v=2.1.5 HTTP/1.1" 200 4895
186.84.88.128 - - [21/Sep/2019:07:00:47 -0500] "GET /BLA/boletinlegal/js/jquery.scrollShow.js HTTP/1.1" 200 4586
186.84.88.128 - - [21/Sep/2019:07:00:47 -0500] "GET /galeria/galeria/jquery.fancybox.js?v=2.1.5 HTTP/1.1" 200 48706
158.69.245.214 - - [21/Sep/2019:07:01:08 -0500] "GET /galeria/nivo-slider/demo/images/BOMBILLASDA%C3%91ADAS.jpg HTTP/1.1" 200 145923
186.84.93.13 - - [21/Sep/2019:07:01:09 -0500] "GET /BLA/boletinlegal/js/jquery.scrollShow.js HTTP/1.1" 200 4586
186.84.93.13 - - [21/Sep/2019:07:01:09 -0500] "GET /galeria/carrusel/Carrusel/jquery.thumbnailScroller.css HTTP/1.1" 200 2066
186.84.93.13 - - [21/Sep/2019:07:01:09 -0500] "GET /galeria/galeria/jquery.fancybox.js?v=2.1.5 HTTP/1.1" 200 48706
186.84.93.13 - - [21/Sep/2019:07:01:09 -0500] "GET /galeria/carrusel/Carrusel/jquery-ui-1.8.13.custom.min.js HTTP/1.1" 200 10800
186.84.93.13 - - [21/Sep/2019:07:01:09 -0500] "GET /galeria/carrusel/Carrusel/jquery.thumbnailScroller.js HTTP/1.1" 200 8157
186.84.93.13 - - [21/Sep/2019:07:01:10 -0500] "GET /galeria/nivo-slider/demo/demo.html HTTP/1.1" 200 4670
186.84.93.13 - - [21/Sep/2019:07:01:10 -0500] "GET /galeria/nivo-slider/themes/pascal/pascal.css HTTP/1.1" 200 2258
186.84.93.13 - - [21/Sep/2019:07:01:10 -0500] "GET /galeria/nivo-slider/themes/orman/orman.css HTTP/1.1" 200 2152
186.84.93.13 - - [21/Sep/2019:07:01:10 -0500] "GET /galeria/nivo-slider/themes/default/default.css HTTP/1.1" 200 1569
186.84.93.13 - - [21/Sep/2019:07:01:11 -0500] "GET /galeria/nivo-slider/demo/images/Banner%20web%20Ecoempresarial%20ago.jpg HTTP/1.1" 200 752526
186.84.93.13 - - [21/Sep/2019:07:01:11 -0500] "GET /galeria/nivo-slider/nivo-slider.css HTTP/1.1" 200 1507
186.84.93.13 - - [21/Sep/2019:07:01:11 -0500] "GET /galeria/nivo-slider/demo/style.css HTTP/1.1" 200 2222
186.84.93.13 - - [21/Sep/2019:07:01:11 -0500] "GET /galeria/nivo-slider/demo/images/Banner%20RCD.jpg HTTP/1.1" 200 92197
186.84.93.13 - - [21/Sep/2019:07:01:11 -0500] "GET /galeria/nivo-slider/demo/images/Caminatas%20septiembre%202019.jpg HTTP/1.1" 200 204949
186.84.93.13 - - [21/Sep/2019:07:01:11 -0500] "GET /galeria/nivo-slider/demo/images/Banner%20Visor%20Geografico%20Ambiental.jpg HTTP/1.1" 200 204673
186.84.93.13 - - [21/Sep/2019:07:01:11 -0500] "GET /galeria/nivo-slider/demo/images/Banner%20POT.png HTTP/1.1" 200 418238
186.84.93.13 - - [21/Sep/2019:07:01:11 -0500] "GET /galeria/nivo-slider/demo/images/banner-humedales-de-bogota.jpg HTTP/1.1" 200 292611
186.84.93.13 - - [21/Sep/2019:07:01:11 -0500] "GET /galeria/nivo-slider/demo/images/Banner%20practicas%20sostenibles.jpg HTTP/1.1" 200 142958
186.84.93.13 - - [21/Sep/2019:07:01:11 -0500] "GET /galeria/nivo-slider/demo/images/Banner%20Conpes.jpg HTTP/1.1" 200 55220
186.84.93.13 - - [21/Sep/2019:07:01:11 -0500] "GET /galeria/nivo-slider/demo/images/Banner%20educaci%C3%B3n%20ambiental.jpg HTTP/1.1" 200 501117
186.84.93.13 - - [21/Sep/2019:07:01:12 -0500] "GET /galeria/nivo-slider/demo/images/BANNER%20punto.jpg HTTP/1.1" 200 75932
186.84.93.13 - - [21/Sep/2019:07:01:12 -0500] "GET /galeria/nivo-slider/demo/images/Banneranonimos.png HTTP/1.1" 200 109388
186.84.93.13 - - [21/Sep/2019:07:01:12 -0500] "GET /galeria/nivo-slider/demo/images/puntos%20atencion%20BANNER.jpg HTTP/1.1" 200 244208
186.84.93.13 - - [21/Sep/2019:07:01:12 -0500] "GET /galeria/nivo-slider/demo/images/bannersectorambiente.png HTTP/1.1" 200 308540
186.84.93.13 - - [21/Sep/2019:07:01:12 -0500] "GET /galeria/nivo-slider/demo/images/Banner%20consumo%20sostenible%20final.jpg HTTP/1.1" 200 364746
186.84.93.13 - - [21/Sep/2019:07:01:12 -0500] "GET /galeria/nivo-slider/demo/images/banner-bolsas-plasticas.jpg HTTP/1.1" 200 317939
186.84.93.13 - - [21/Sep/2019:07:01:13 -0500] "GET /galeria/nivo-slider/demo/scripts/jquery-1.7.1.min.js HTTP/1.1" 200 93868
186.84.93.13 - - [21/Sep/2019:07:01:13 -0500] "GET /galeria/nivo-slider/demo/images/4Simple_Slider.png HTTP/1.1" 200 11722
186.84.93.13 - - [21/Sep/2019:07:01:13 -0500] "GET /galeria/nivo-slider/themes/default/loading.gif HTTP/1.1" 200 1737
186.84.93.13 - - [21/Sep/2019:07:01:13 -0500] "GET /galeria/nivo-slider/demo/images/banner%20reciclaton%20agosto.jpg HTTP/1.1" 200 244820
186.84.93.13 - - [21/Sep/2019:07:01:13 -0500] "GET /galeria/nivo-slider/jquery.nivo.slider.pack.js HTTP/1.1" 200 11561
186.84.93.13 - - [21/Sep/2019:07:01:14 -0500] "GET /galeria/nivo-slider/themes/default/arrows.png HTTP/1.1" 200 824
186.84.93.13 - - [21/Sep/2019:07:01:14 -0500] "GET /galeria/nivo-slider/themes/default/bullets.png HTTP/1.1" 200 1281
158.69.245.214 - - [21/Sep/2019:07:01:15 -0500] "GET /galeria/nivo-slider/demo/images/Banner%20Capacitaci%C3%B3n%20RCD.png HTTP/1.1" 200 299783
158.69.245.214 - - [21/Sep/2019:07:01:27 -0500] "GET /galeria/nivo-slider/demo/images/Banner%20Capacitaci%C3%B3n%20RDC.png HTTP/1.1" 200 4254476
