201.245.192.253 - - [28/Oct/2019:09:14:51 -0500] "GET /sipse/faces/javax.faces.resource/jquery/jquery.js?ln=primefaces&v=4.0 HTTP/1.1" 304 -
201.245.192.253 - - [28/Oct/2019:09:14:51 -0500] "GET /sipse/faces/javax.faces.resource/primefaces.js?ln=primefaces&v=4.0 HTTP/1.1" 304 -
201.245.192.253 - - [28/Oct/2019:09:14:51 -0500] "GET /sipse/faces/javax.faces.resource/layout/layout.js?ln=primefaces&v=4.0 HTTP/1.1" 304 -
201.184.36.34 - - [28/Oct/2019:09:14:55 -0500] "GET /BLA/boletinlegal/images/screen_2.png HTTP/1.1" 200 362502
201.184.36.34 - - [28/Oct/2019:09:14:55 -0500] "GET /BLA/boletinlegal/images/screen_3.png HTTP/1.1" 200 210620
201.184.36.34 - - [28/Oct/2019:09:14:55 -0500] "GET /BLA/boletinlegal/images/screen_5.png HTTP/1.1" 200 368876
201.184.36.34 - - [28/Oct/2019:09:14:55 -0500] "GET /BLA/boletinlegal/images/arr_r.jpg HTTP/1.1" 200 1998
201.245.192.253 - - [28/Oct/2019:09:14:55 -0500] "POST /sipse/faces/presentacion/financiero/cdp/asociarPresupuestoActividadesCDP.xhtml HTTP/1.1" 200 29683
201.245.192.253 - - [28/Oct/2019:09:14:55 -0500] "GET /sipse/faces/javax.faces.resource/layout/layout.css?ln=primefaces&v=4.0 HTTP/1.1" 304 -
201.245.192.253 - - [28/Oct/2019:09:14:55 -0500] "GET /sipse/faces/javax.faces.resource/primefaces.css?ln=primefaces&v=4.0 HTTP/1.1" 304 -
201.245.192.253 - - [28/Oct/2019:09:14:55 -0500] "GET /sipse/faces/javax.faces.resource/jquery/jquery.js?ln=primefaces&v=4.0 HTTP/1.1" 304 -
201.245.192.253 - - [28/Oct/2019:09:14:55 -0500] "GET /sipse/faces/javax.faces.resource/jquery/jquery-plugins.js?ln=primefaces&v=4.0 HTTP/1.1" 304 -
201.245.192.253 - - [28/Oct/2019:09:14:55 -0500] "GET /sipse/faces/javax.faces.resource/theme.css?ln=primefaces-sipse HTTP/1.1" 304 -
201.245.192.253 - - [28/Oct/2019:09:14:55 -0500] "GET /sipse/faces/javax.faces.resource/primefaces.js?ln=primefaces&v=4.0 HTTP/1.1" 304 -
201.245.192.253 - - [28/Oct/2019:09:14:55 -0500] "GET /sipse/faces/javax.faces.resource/layout/layout.js?ln=primefaces&v=4.0 HTTP/1.1" 304 -
173.234.159.250 - - [28/Oct/2019:09:14:56 -0500] "GET /SIG/index.php/Comunicaciones/126PG02-PR10.pdf/?dir=Control%20Disciplinario// HTTP/1.1" 200 3084
201.245.192.253 - - [28/Oct/2019:09:14:58 -0500] "POST /sipse/faces/presentacion/financiero/cdp/expedirCdp.xhtml HTTP/1.1" 200 197
201.245.192.253 - - [28/Oct/2019:09:14:58 -0500] "GET /sipse/faces/presentacion/financiero/solicitudProceso/detalleSolicitudProcesoOtrosPagos.xhtml HTTP/1.1" 200 60648
201.245.192.253 - - [28/Oct/2019:09:14:58 -0500] "GET /sipse/faces/javax.faces.resource/primefaces.js?ln=primefaces&v=4.0 HTTP/1.1" 304 -
201.245.192.253 - - [28/Oct/2019:09:14:58 -0500] "GET /sipse/faces/javax.faces.resource/jquery/jquery-plugins.js?ln=primefaces&v=4.0 HTTP/1.1" 304 -
201.245.192.253 - - [28/Oct/2019:09:14:58 -0500] "GET /sipse/faces/javax.faces.resource/layout/layout.css?ln=primefaces&v=4.0 HTTP/1.1" 304 -
201.245.192.253 - - [28/Oct/2019:09:14:58 -0500] "GET /sipse/faces/javax.faces.resource/primefaces.css?ln=primefaces&v=4.0 HTTP/1.1" 304 -
201.245.192.253 - - [28/Oct/2019:09:14:58 -0500] "GET /sipse/faces/javax.faces.resource/theme.css?ln=primefaces-sipse HTTP/1.1" 304 -
201.245.192.253 - - [28/Oct/2019:09:14:58 -0500] "GET /sipse/faces/javax.faces.resource/jquery/jquery.js?ln=primefaces&v=4.0 HTTP/1.1" 304 -
201.245.192.253 - - [28/Oct/2019:09:14:58 -0500] "GET /sipse/faces/javax.faces.resource/layout/layout.js?ln=primefaces&v=4.0 HTTP/1.1" 304 -
201.245.192.253 - - [28/Oct/2019:09:14:58 -0500] "GET /sipse/faces/javax.faces.resource/fileupload/fileupload.css?ln=primefaces&v=4.0 HTTP/1.1" 304 -
201.245.192.253 - - [28/Oct/2019:09:14:58 -0500] "GET /sipse/faces/javax.faces.resource/fileupload/fileupload.js?ln=primefaces&v=4.0 HTTP/1.1" 304 -
201.184.36.34 - - [28/Oct/2019:09:15:02 -0500] "GET /BLA/boletinlegal/images/pdf.gif HTTP/1.1" 200 567
201.245.192.253 - - [28/Oct/2019:09:15:01 -0500] "POST /sipse/faces/presentacion/financiero/solicitudProceso/detalleSolicitudProcesoOtrosPagos.xhtml HTTP/1.1" 200 190
201.245.192.253 - - [28/Oct/2019:09:15:02 -0500] "GET /sipse/faces/presentacion/financiero/solicitudProceso/solicitudProcesoOtrosPagos.xhtml HTTP/1.1" 200 39876
201.245.192.253 - - [28/Oct/2019:09:15:02 -0500] "GET /sipse/faces/javax.faces.resource/primefaces.js?ln=primefaces&v=4.0 HTTP/1.1" 304 -
201.245.192.253 - - [28/Oct/2019:09:15:02 -0500] "GET /sipse/faces/javax.faces.resource/jquery/jquery.js?ln=primefaces&v=4.0 HTTP/1.1" 304 -
201.245.192.253 - - [28/Oct/2019:09:15:02 -0500] "GET /sipse/faces/javax.faces.resource/layout/layout.css?ln=primefaces&v=4.0 HTTP/1.1" 304 -
201.245.192.253 - - [28/Oct/2019:09:15:02 -0500] "GET /sipse/faces/javax.faces.resource/jquery/jquery-plugins.js?ln=primefaces&v=4.0 HTTP/1.1" 304 -
201.245.192.253 - - [28/Oct/2019:09:15:02 -0500] "GET /sipse/faces/javax.faces.resource/theme.css?ln=primefaces-sipse HTTP/1.1" 304 -
201.245.192.253 - - [28/Oct/2019:09:15:02 -0500] "GET /sipse/faces/javax.faces.resource/primefaces.css?ln=primefaces&v=4.0 HTTP/1.1" 304 -
201.245.192.253 - - [28/Oct/2019:09:15:02 -0500] "GET /sipse/faces/javax.faces.resource/layout/layout.js?ln=primefaces&v=4.0 HTTP/1.1" 304 -
173.234.159.250 - - [28/Oct/2019:09:15:05 -0500] "GET /SIG/index.php/Comunicaciones/126PG02-PR10.pdf/?dir=Control%20Disciplinario// HTTP/1.1" 200 3084
190.144.26.97 - - [28/Oct/2019:09:15:05 -0500] "GET /galeria/carrusel/Carrusel/jquery.thumbnailScroller.css HTTP/1.1" 200 2066
190.144.26.97 - - [28/Oct/2019:09:15:05 -0500] "GET /galeria/carrusel/Carrusel/jquery-ui-1.8.13.custom.min.js HTTP/1.1" 200 10800
190.144.26.97 - - [28/Oct/2019:09:15:05 -0500] "GET /galeria/carrusel/Carrusel/jquery.thumbnailScroller.js HTTP/1.1" 200 8157
190.216.205.98 - - [28/Oct/2019:09:15:06 -0500] "GET /galeria/galeria/jquery.fancybox.css?v=2.1.5 HTTP/1.1" 200 4895
173.234.159.250 - - [28/Oct/2019:09:15:06 -0500] "GET /SIG/index.php/Comunicaciones/126PG02-PR10.pdf/?dir=Control%20y%20mejora// HTTP/1.1" 200 3185
190.216.205.98 - - [28/Oct/2019:09:15:06 -0500] "GET /BLA/boletinlegal/js/jquery.scrollShow.js HTTP/1.1" 200 4586
190.216.205.98 - - [28/Oct/2019:09:15:07 -0500] "GET /galeria/galeria/jquery.fancybox.js?v=2.1.5 HTTP/1.1" 200 48706
181.142.11.2 - - [28/Oct/2019:09:15:07 -0500] "GET /BLA/boletinlegal/js/jquery.scrollShow.js HTTP/1.1" 200 4586
181.142.11.2 - - [28/Oct/2019:09:15:07 -0500] "GET /galeria/galeria/jquery.fancybox.css?v=2.1.5 HTTP/1.1" 200 4895
181.142.11.2 - - [28/Oct/2019:09:15:07 -0500] "GET /galeria/galeria/jquery.fancybox.js?v=2.1.5 HTTP/1.1" 200 48706
190.144.26.97 - - [28/Oct/2019:09:15:07 -0500] "GET /galeria/nivo-slider/demo/inicio.html HTTP/1.1" 200 4981
190.144.26.97 - - [28/Oct/2019:09:15:08 -0500] "GET /galeria/nivo-slider/themes/default/default.css HTTP/1.1" 200 1569
190.144.26.97 - - [28/Oct/2019:09:15:08 -0500] "GET /galeria/nivo-slider/themes/pascal/pascal.css HTTP/1.1" 200 2258
190.144.26.97 - - [28/Oct/2019:09:15:08 -0500] "GET /galeria/nivo-slider/themes/orman/orman.css HTTP/1.1" 200 2152
190.144.26.97 - - [28/Oct/2019:09:15:08 -0500] "GET /galeria/nivo-slider/nivo-slider.css HTTP/1.1" 200 1507
190.144.26.97 - - [28/Oct/2019:09:15:08 -0500] "GET /galeria/nivo-slider/demo/style.css HTTP/1.1" 200 2222
190.144.26.97 - - [28/Oct/2019:09:15:08 -0500] "GET /galeria/nivo-slider/demo/images/iniciativas-Ambientales.jpg HTTP/1.1" 200 201405
190.144.26.97 - - [28/Oct/2019:09:15:08 -0500] "GET /galeria/nivo-slider/demo/scripts/jquery-1.7.1.min.js HTTP/1.1" 200 93868
190.144.26.97 - - [28/Oct/2019:09:15:08 -0500] "GET /galeria/nivo-slider/demo/images/Bannerveterinaria.jpg HTTP/1.1" 200 254705
190.144.26.97 - - [28/Oct/2019:09:15:08 -0500] "GET /galeria/nivo-slider/demo/images/banner-humedales-de-bogota.jpg HTTP/1.1" 200 292611
190.144.26.97 - - [28/Oct/2019:09:15:08 -0500] "GET /galeria/nivo-slider/demo/images/Banner%20tinguas.jpg HTTP/1.1" 200 214878
190.144.26.97 - - [28/Oct/2019:09:15:09 -0500] "GET /galeria/nivo-slider/demo/images/Banneranonimos.png HTTP/1.1" 200 109388
190.144.26.97 - - [28/Oct/2019:09:15:09 -0500] "GET /galeria/nivo-slider/demo/images/Banner-Capacitacion.jpg HTTP/1.1" 200 282547
190.144.26.97 - - [28/Oct/2019:09:15:09 -0500] "GET /galeria/nivo-slider/demo/images/BANNER%20punto.jpg HTTP/1.1" 200 75932
190.144.26.97 - - [28/Oct/2019:09:15:09 -0500] "GET /galeria/nivo-slider/demo/images/BannerBioexpo.jpg HTTP/1.1" 200 96904
190.144.26.97 - - [28/Oct/2019:09:15:10 -0500] "GET /galeria/nivo-slider/demo/images/Banner%20practicas%20sostenibles.jpg HTTP/1.1" 200 142958
190.144.26.97 - - [28/Oct/2019:09:15:10 -0500] "GET /galeria/nivo-slider/demo/images/bannersectorambiente.png HTTP/1.1" 200 308540
190.144.26.97 - - [28/Oct/2019:09:15:10 -0500] "GET /galeria/nivo-slider/demo/images/Caminatas%20%20octubre.png HTTP/1.1" 200 522981
190.144.26.97 - - [28/Oct/2019:09:15:10 -0500] "GET /galeria/nivo-slider/demo/images/puntos%20atencion%20BANNER.jpg HTTP/1.1" 200 244208
190.144.26.97 - - [28/Oct/2019:09:15:10 -0500] "GET /galeria/nivo-slider/demo/images/Bannerserpiente2019.jpg HTTP/1.1" 200 270374
190.144.26.97 - - [28/Oct/2019:09:15:10 -0500] "GET /galeria/nivo-slider/demo/images/Banner%20Conpes.jpg HTTP/1.1" 200 55220
190.144.26.97 - - [28/Oct/2019:09:15:10 -0500] "GET /galeria/nivo-slider/demo/images/Banner%20consumo%20sostenible%20final.jpg HTTP/1.1" 200 364746
190.144.26.97 - - [28/Oct/2019:09:15:10 -0500] "GET /galeria/nivo-slider/demo/images/Banner%20RCD.jpg HTTP/1.1" 200 92197
190.144.26.97 - - [28/Oct/2019:09:15:11 -0500] "GET /galeria/nivo-slider/demo/images/Banner%20POT.png HTTP/1.1" 200 418238
190.144.26.97 - - [28/Oct/2019:09:15:11 -0500] "GET /galeria/nivo-slider/demo/images/banner-bolsas-plasticas.jpg HTTP/1.1" 200 317939
190.144.26.97 - - [28/Oct/2019:09:15:11 -0500] "GET /galeria/nivo-slider/demo/images/Banner%20Visor%20Geografico%20Ambiental.jpg HTTP/1.1" 200 204673
190.144.26.97 - - [28/Oct/2019:09:15:12 -0500] "GET /galeria/nivo-slider/themes/default/loading.gif HTTP/1.1" 200 1737
190.144.26.97 - - [28/Oct/2019:09:15:12 -0500] "GET /galeria/nivo-slider/demo/images/4Simple_Slider.png HTTP/1.1" 200 11722
190.144.26.97 - - [28/Oct/2019:09:15:12 -0500] "GET /galeria/nivo-slider/jquery.nivo.slider.pack.js HTTP/1.1" 200 11561
190.144.26.97 - - [28/Oct/2019:09:15:13 -0500] "GET /galeria/nivo-slider/themes/default/arrows.png HTTP/1.1" 200 824
190.144.26.97 - - [28/Oct/2019:09:15:13 -0500] "GET /galeria/nivo-slider/themes/default/bullets.png HTTP/1.1" 200 1281
173.234.159.250 - - [28/Oct/2019:09:15:13 -0500] "GET /SIG/index.php/Control%20Disciplinario/plantilla%20para%20Procedimientos%20-%20disciplinario%20ordinario%20version%20080.pdf/?dir=Gestion%20Documental// HTTP/1.1" 200 6398
179.33.110.111 - - [28/Oct/2019:09:15:13 -0500] "GET /galeria/galeria/jquery.fancybox.css?v=2.1.5 HTTP/1.1" 200 4895
179.33.110.111 - - [28/Oct/2019:09:15:13 -0500] "GET /BLA/boletinlegal/js/jquery.scrollShow.js HTTP/1.1" 200 4586
179.33.110.111 - - [28/Oct/2019:09:15:13 -0500] "GET /galeria/galeria/jquery.fancybox.js?v=2.1.5 HTTP/1.1" 200 48706
201.245.192.253 - - [28/Oct/2019:09:15:18 -0500] "POST /sipse/faces/presentacion/financiero/solicitudProceso/solicitudProcesoOtrosPagos.xhtml HTTP/1.1" 200 2657
173.234.159.250 - - [28/Oct/2019:09:15:18 -0500] "GET /SIG/index.php/Comunicaciones/126PG02-PR10.pdf/?dir=Control%20y%20mejora// HTTP/1.1" 200 3185
201.184.36.34 - - [28/Oct/2019:09:15:20 -0500] "GET /BLA/boletinlegal/images/footer_bg.jpg HTTP/1.1" 200 586
201.245.192.253 - - [28/Oct/2019:09:15:21 -0500] "POST /sipse/faces/presentacion/financiero/solicitudProceso/solicitudProcesoOtrosPagos.xhtml HTTP/1.1" 200 40329
201.245.192.253 - - [28/Oct/2019:09:15:21 -0500] "GET /sipse/faces/javax.faces.resource/theme.css?ln=primefaces-sipse HTTP/1.1" 304 -
201.245.192.253 - - [28/Oct/2019:09:15:21 -0500] "GET /sipse/faces/javax.faces.resource/primefaces.css?ln=primefaces&v=4.0 HTTP/1.1" 304 -
201.245.192.253 - - [28/Oct/2019:09:15:21 -0500] "GET /sipse/faces/javax.faces.resource/layout/layout.css?ln=primefaces&v=4.0 HTTP/1.1" 304 -
201.245.192.253 - - [28/Oct/2019:09:15:21 -0500] "GET /sipse/faces/javax.faces.resource/jquery/jquery.js?ln=primefaces&v=4.0 HTTP/1.1" 304 -
201.245.192.253 - - [28/Oct/2019:09:15:21 -0500] "GET /sipse/faces/javax.faces.resource/jquery/jquery-plugins.js?ln=primefaces&v=4.0 HTTP/1.1" 304 -
201.245.192.253 - - [28/Oct/2019:09:15:21 -0500] "GET /sipse/faces/javax.faces.resource/primefaces.js?ln=primefaces&v=4.0 HTTP/1.1" 304 -
201.245.192.253 - - [28/Oct/2019:09:15:21 -0500] "GET /sipse/faces/javax.faces.resource/layout/layout.js?ln=primefaces&v=4.0 HTTP/1.1" 304 -
54.36.148.174 - - [28/Oct/2019:09:15:22 -0500] "GET /BLA/resoluciones/RESOLUCIONES%202003/RES%202003%202101-2150/20032120.tif HTTP/1.1" 200 238072
190.242.39.58 - - [28/Oct/2019:09:15:22 -0500] "GET /autoliquidacion/ HTTP/1.1" 200 6377
192.168.175.104 - - [28/Oct/2019:09:15:23 -0500] "GET / HTTP/1.1" 200 9990
173.234.159.250 - - [28/Oct/2019:09:15:25 -0500] "GET /SIG/index.php/Control%20Disciplinario/plantilla%20para%20Procedimientos%20-%20disciplinario%20ordinario%20version%20080.pdf/?dir=Gestion%20Recursos%20Financieros// HTTP/1.1" 200 9706
201.245.192.253 - - [28/Oct/2019:09:15:27 -0500] "POST /sipse/faces/presentacion/financiero/solicitudProceso/consultar.xhtml HTTP/1.1" 200 12603
173.234.159.250 - - [28/Oct/2019:09:15:27 -0500] "GET /SIG/index.php/Control%20Disciplinario/plantilla%20para%20Procedimientos%20-%20disciplinario%20ordinario%20version%20080.pdf/?dir=Gestion%20Documental// HTTP/1.1" 200 6398
173.234.159.250 - - [28/Oct/2019:09:15:33 -0500] "GET /SIG/index.php/Control%20Disciplinario/plantilla%20para%20Procedimientos%20-%20segunda%20instancia%20version%20050.pdf/?dir=&sort=date&order=asc/ HTTP/1.1" 200 6268
190.242.39.58 - - [28/Oct/2019:09:15:35 -0500] "GET /autoliquidacion/index.php?dir=Grupo+Forestal+-+Industria+de+la+Madera%2F HTTP/1.1" 200 4810
173.234.159.250 - - [28/Oct/2019:09:15:36 -0500] "GET /SIG/index.php/Control%20Disciplinario/plantilla%20para%20Procedimientos%20-%20disciplinario%20ordinario%20version%20080.pdf/?dir=Gestion%20Recursos%20Financieros// HTTP/1.1" 200 9706
201.245.192.253 - - [28/Oct/2019:09:15:37 -0500] "POST /sipse/faces/presentacion/financiero/solicitudProceso/consultar.xhtml HTTP/1.1" 200 37104
201.245.192.253 - - [28/Oct/2019:09:15:38 -0500] "GET /sipse/faces/javax.faces.resource/theme.css?ln=primefaces-sipse HTTP/1.1" 304 -
201.245.192.253 - - [28/Oct/2019:09:15:38 -0500] "GET /sipse/faces/javax.faces.resource/primefaces.css?ln=primefaces&v=4.0 HTTP/1.1" 304 -
201.245.192.253 - - [28/Oct/2019:09:15:38 -0500] "GET /sipse/faces/javax.faces.resource/layout/layout.css?ln=primefaces&v=4.0 HTTP/1.1" 304 -
201.245.192.253 - - [28/Oct/2019:09:15:38 -0500] "GET /sipse/faces/javax.faces.resource/jquery/jquery.js?ln=primefaces&v=4.0 HTTP/1.1" 304 -
201.245.192.253 - - [28/Oct/2019:09:15:39 -0500] "GET /sipse/faces/javax.faces.resource/jquery/jquery-plugins.js?ln=primefaces&v=4.0 HTTP/1.1" 304 -
201.245.192.253 - - [28/Oct/2019:09:15:39 -0500] "GET /sipse/faces/javax.faces.resource/primefaces.js?ln=primefaces&v=4.0 HTTP/1.1" 304 -
201.245.192.253 - - [28/Oct/2019:09:15:39 -0500] "GET /sipse/faces/javax.faces.resource/layout/layout.js?ln=primefaces&v=4.0 HTTP/1.1" 304 -
201.245.192.253 - - [28/Oct/2019:09:15:39 -0500] "POST /sipse/faces/presentacion/financiero/solicitudProceso/solicitudProcesoOtrosPagos.xhtml HTTP/1.1" 200 30472
168.176.65.23 - - [28/Oct/2019:09:15:39 -0500] "GET /siipev/Diseno%20de%20Elementos%20de%20Mobiliario%20Urbano/Diseno%20pertenecientes%20al%20mobiliario%20urbano%20M10-M160/PARTE%20A/Dise%C3%B1o%20de%20Elementos%20M-10.pdf HTTP/1.1" 200 2286537
173.234.159.250 - - [28/Oct/2019:09:15:39 -0500] "GET /SIG/index.php/Control%20Disciplinario/plantilla%20para%20Procedimientos%20-%20segunda%20instancia%20version%20050.pdf/?dir=&sort=name&order=desc/ HTTP/1.1" 200 6268
173.234.159.250 - - [28/Oct/2019:09:15:44 -0500] "GET /SIG/index.php/Control%20Disciplinario/plantilla%20para%20Procedimientos%20-%20segunda%20instancia%20version%20050.pdf/?dir=&sort=size&order=asc/ HTTP/1.1" 200 6268
173.234.159.250 - - [28/Oct/2019:09:15:45 -0500] "GET /SIG/index.php/Control%20Disciplinario/plantilla%20para%20Procedimientos%20-%20segunda%20instancia%20version%20050.pdf/?dir=&sort=date&order=asc/ HTTP/1.1" 200 6268
66.249.66.153 - - [28/Oct/2019:09:15:47 -0500] "GET /BLA/resoluciones/RESOLUCIONES%202007/RES%202007%201%20AL%20100/RESOLUCION%200058%20DE%202007.pdf HTTP/1.1" 304 -
201.245.192.253 - - [28/Oct/2019:09:15:51 -0500] "POST /sipse/faces/presentacion/financiero/solicitudProceso/listarSolicitudProceso.xhtml HTTP/1.1" 200 29588
173.234.159.250 - - [28/Oct/2019:09:15:53 -0500] "GET /SIG/index.php/Control%20Disciplinario/plantilla%20para%20Procedimientos%20-%20segunda%20instancia%20version%20050.pdf/?dir=Comunicaciones// HTTP/1.1" 200 3691
173.234.159.250 - - [28/Oct/2019:09:15:54 -0500] "GET /SIG/index.php/Control%20Disciplinario/plantilla%20para%20Procedimientos%20-%20segunda%20instancia%20version%20050.pdf/?dir=&sort=name&order=desc/ HTTP/1.1" 200 6268
201.245.192.253 - - [28/Oct/2019:09:15:55 -0500] "GET /appsia/controlador HTTP/1.1" 200 4393
201.245.192.253 - - [28/Oct/2019:09:15:55 -0500] "GET /appsia/scripts/validarIngreso.js HTTP/1.1" 200 851
201.245.192.253 - - [28/Oct/2019:09:15:55 -0500] "GET /appsia/css/estilos.css HTTP/1.1" 200 4804
201.245.192.253 - - [28/Oct/2019:09:15:55 -0500] "GET /appsia/images/logo_bogota_p.png HTTP/1.1" 200 14951
201.245.192.253 - - [28/Oct/2019:09:15:55 -0500] "GET /appsia/images/cabezoteHojaVida.png HTTP/1.1" 200 32493
173.234.159.250 - - [28/Oct/2019:09:15:59 -0500] "GET /SIG/index.php/Control%20Disciplinario/plantilla%20para%20Procedimientos%20-%20segunda%20instancia%20version%20050.pdf/?dir=&sort=size&order=asc/ HTTP/1.1" 200 6268
173.234.159.250 - - [28/Oct/2019:09:16:01 -0500] "GET /SIG/index.php/Control%20Disciplinario/plantilla%20para%20Procedimientos%20-%20segunda%20instancia%20version%20050.pdf/?dir=Comunicaciones//&sort=size&order=asc/ HTTP/1.1" 200 3690
201.245.192.253 - - [28/Oct/2019:09:16:04 -0500] "POST /appsia/controlador HTTP/1.1" 200 4892
173.234.159.250 - - [28/Oct/2019:09:16:05 -0500] "GET /SIG/index.php/Control%20Disciplinario/plantilla%20para%20Procedimientos%20-%20segunda%20instancia%20version%20050.pdf/?dir=Comunicaciones// HTTP/1.1" 200 3691
201.245.192.253 - - [28/Oct/2019:09:16:06 -0500] "POST /appsia/controlador HTTP/1.1" 200 7791
173.234.159.250 - - [28/Oct/2019:09:16:11 -0500] "GET /SIG/index.php/Control%20Disciplinario/plantilla%20para%20Procedimientos%20-%20segunda%20instancia%20version%20050.pdf/?dir=Control%20Disciplinario// HTTP/1.1" 200 3490
173.234.159.250 - - [28/Oct/2019:09:16:12 -0500] "GET /SIG/index.php/Control%20Disciplinario/plantilla%20para%20Procedimientos%20-%20segunda%20instancia%20version%20050.pdf/?dir=Comunicaciones//&sort=size&order=asc/ HTTP/1.1" 200 3690
201.245.192.253 - - [28/Oct/2019:09:16:12 -0500] "POST /appsia/controlador HTTP/1.1" 200 6656
201.245.192.253 - - [28/Oct/2019:09:16:14 -0500] "POST /appsia/controlador HTTP/1.1" 200 11672
173.234.159.250 - - [28/Oct/2019:09:16:15 -0500] "GET /SIG/index.php/Control%20Disciplinario/plantilla%20para%20Procedimientos%20-%20segunda%20instancia%20version%20050.pdf/?dir=Control%20Disciplinario//&sort=name&order=desc/ HTTP/1.1" 200 3489
201.184.36.34 - - [28/Oct/2019:09:16:19 -0500] "GET /BLA/boletinlegal/images/background.gif HTTP/1.1" 200 -
181.50.253.69 - - [28/Oct/2019:09:16:19 -0500] "GET /galeria/galeria/jquery.fancybox.js?v=2.1.5 HTTP/1.1" 200 48706
181.50.253.69 - - [28/Oct/2019:09:16:19 -0500] "GET /galeria/galeria/jquery.fancybox.css?v=2.1.5 HTTP/1.1" 200 4895
181.50.253.69 - - [28/Oct/2019:09:16:20 -0500] "GET /BLA/boletinlegal/js/jquery.scrollShow.js HTTP/1.1" 200 4586
181.50.253.69 - - [28/Oct/2019:09:16:20 -0500] "GET /autoliquidacion HTTP/1.1" 301 310
181.50.253.69 - - [28/Oct/2019:09:16:20 -0500] "GET /autoliquidacion/ HTTP/1.1" 200 6377
181.50.253.69 - - [28/Oct/2019:09:16:20 -0500] "GET /autoliquidacion/dlf/styles.css HTTP/1.1" 200 3045
181.50.253.69 - - [28/Oct/2019:09:16:20 -0500] "GET /autoliquidacion/dlf/folder.png HTTP/1.1" 200 410
181.50.253.69 - - [28/Oct/2019:09:16:20 -0500] "GET /autoliquidacion/dlf/bg.gif HTTP/1.1" 200 54
173.234.159.250 - - [28/Oct/2019:09:16:20 -0500] "GET /SIG/index.php/Control%20Disciplinario/plantilla%20para%20Procedimientos%20-%20segunda%20instancia%20version%20050.pdf/?dir=Control%20Disciplinario// HTTP/1.1" 200 3490
201.184.36.34 - - [28/Oct/2019:09:14:48 -0500] "GET /BLA/boletinlegal/index.php? HTTP/1.1" 200 67493
173.234.159.250 - - [28/Oct/2019:09:16:22 -0500] "GET /SIG/index.php/Control%20Disciplinario/plantilla%20para%20Procedimientos%20-%20segunda%20instancia%20version%20050.pdf/?dir=Control%20y%20mejora// HTTP/1.1" 200 3647
201.184.36.34 - - [28/Oct/2019:09:16:22 -0500] "GET /BLA/boletinlegal/images/tel.png HTTP/1.1" 200 14477
201.184.36.34 - - [28/Oct/2019:09:16:22 -0500] "GET /BLA/boletinlegal/images/icono-email.png HTTP/1.1" 200 5544
201.184.36.34 - - [28/Oct/2019:09:16:22 -0500] "GET /BLA/boletinlegal/images/img_3.jpg HTTP/1.1" 200 1841
201.184.36.34 - - [28/Oct/2019:09:16:22 -0500] "GET /BLA/boletinlegal/images/footer_bg_l.jpg HTTP/1.1" 200 776
201.184.36.34 - - [28/Oct/2019:09:16:22 -0500] "GET /BLA/boletinlegal/images/img_1.jpg HTTP/1.1" 200 8067
181.50.253.69 - - [28/Oct/2019:09:16:22 -0500] "GET /autoliquidacion/ HTTP/1.1" 200 6377
201.184.36.34 - - [28/Oct/2019:09:16:22 -0500] "GET /favicon.ico HTTP/1.1" 200 7782
179.1.81.162 - - [28/Oct/2019:09:16:22 -0500] "GET /galeria/galeria/jquery.fancybox.css?v=2.1.5 HTTP/1.1" 200 4895
179.1.81.162 - - [28/Oct/2019:09:16:22 -0500] "GET /BLA/boletinlegal/js/jquery.scrollShow.js HTTP/1.1" 200 4586
179.1.81.162 - - [28/Oct/2019:09:16:22 -0500] "GET /galeria/galeria/jquery.fancybox.js?v=2.1.5 HTTP/1.1" 200 48706
173.234.159.250 - - [28/Oct/2019:09:16:26 -0500] "GET /SIG/index.php/Control%20Disciplinario/plantilla%20para%20Procedimientos%20-%20segunda%20instancia%20version%20050.pdf/?dir=Control%20Disciplinario//&sort=name&order=desc/ HTTP/1.1" 200 3489
201.245.192.253 - - [28/Oct/2019:09:16:28 -0500] "GET /BLA/boletinlegal/conceptos.php HTTP/1.1" 200 7315
181.67.245.56 - - [28/Oct/2019:09:16:29 -0500] "GET /BLA/boletinlegal/js/jquery.scrollShow.js HTTP/1.1" 200 4586
181.67.245.56 - - [28/Oct/2019:09:16:29 -0500] "GET /galeria/galeria/jquery.fancybox.css?v=2.1.5 HTTP/1.1" 200 4895
181.67.245.56 - - [28/Oct/2019:09:16:29 -0500] "GET /galeria/galeria/jquery.fancybox.js?v=2.1.5 HTTP/1.1" 200 48706
173.234.159.250 - - [28/Oct/2019:09:16:30 -0500] "GET /SIG/index.php/Control%20Disciplinario/plantilla%20para%20Procedimientos%20-%20segunda%20instancia%20version%20050.pdf/?dir=Direccionamiento%20Estrategico// HTTP/1.1" 200 4754
201.245.192.253 - - [28/Oct/2019:09:16:30 -0500] "GET /BLA/boletinlegal/consulta_conceptos.php?no=&solicitante=&radicado_entrada=&fecha_concepto=2019&objeto= HTTP/1.1" 200 18191
201.245.192.253 - - [28/Oct/2019:09:16:33 -0500] "GET /BLA/boletinlegal/conceptos/2019/33.pdf HTTP/1.1" 200 397959
173.234.159.250 - - [28/Oct/2019:09:16:33 -0500] "GET /SIG/index.php/Control%20Disciplinario/plantilla%20para%20Procedimientos%20-%20segunda%20instancia%20version%20050.pdf/?dir=Control%20y%20mejora// HTTP/1.1" 200 3647
173.234.159.250 - - [28/Oct/2019:09:16:36 -0500] "GET /SIG/index.php/Control%20Disciplinario/plantilla%20para%20Procedimientos%20-%20segunda%20instancia%20version%20050.pdf/?dir=Direccionamiento%20Estrategico//&sort=date&order=asc/ HTTP/1.1" 200 4753
173.234.159.250 - - [28/Oct/2019:09:16:44 -0500] "GET /SIG/index.php/Control%20Disciplinario/plantilla%20para%20Procedimientos%20-%20segunda%20instancia%20version%20050.pdf/?dir=ECS// HTTP/1.1" 200 17400
173.234.159.250 - - [28/Oct/2019:09:16:46 -0500] "GET /SIG/index.php/Control%20Disciplinario/plantilla%20para%20Procedimientos%20-%20segunda%20instancia%20version%20050.pdf/?dir=Direccionamiento%20Estrategico// HTTP/1.1" 200 4754
66.249.88.123 - - [28/Oct/2019:09:16:49 -0500] "GET /galeria/galeria/jquery.fancybox.css?v=2.1.5 HTTP/1.1" 200 4895
66.249.88.127 - - [28/Oct/2019:09:16:49 -0500] "GET /galeria/carrusel/Carrusel/jquery.thumbnailScroller.css HTTP/1.1" 200 2066
66.249.88.125 - - [28/Oct/2019:09:16:49 -0500] "GET /BLA/boletinlegal/js/jquery.scrollShow.js HTTP/1.1" 200 4586
66.249.88.127 - - [28/Oct/2019:09:16:49 -0500] "GET /galeria/galeria/jquery.fancybox.js?v=2.1.5 HTTP/1.1" 200 48706
66.249.88.127 - - [28/Oct/2019:09:16:49 -0500] "GET /galeria/carrusel/Carrusel/jquery.thumbnailScroller.js HTTP/1.1" 200 8157
66.249.88.123 - - [28/Oct/2019:09:16:49 -0500] "GET /galeria/carrusel/Carrusel/jquery-ui-1.8.13.custom.min.js HTTP/1.1" 200 10800
173.234.159.250 - - [28/Oct/2019:09:16:49 -0500] "GET /SIG/index.php/Control%20Disciplinario/plantilla%20para%20Procedimientos%20-%20segunda%20instancia%20version%20050.pdf/?dir=ECS//&sort=date&order=asc/ HTTP/1.1" 200 17399
66.249.88.125 - - [28/Oct/2019:09:16:50 -0500] "GET /galeria/nivo-slider/demo/inicio.html HTTP/1.1" 200 4981
66.249.88.123 - - [28/Oct/2019:09:16:50 -0500] "GET /galeria/nivo-slider/themes/default/default.css HTTP/1.1" 200 1569
66.249.88.125 - - [28/Oct/2019:09:16:50 -0500] "GET /galeria/nivo-slider/themes/orman/orman.css HTTP/1.1" 200 2152
66.249.88.123 - - [28/Oct/2019:09:16:50 -0500] "GET /galeria/nivo-slider/themes/pascal/pascal.css HTTP/1.1" 200 2258
66.249.88.127 - - [28/Oct/2019:09:16:50 -0500] "GET /galeria/nivo-slider/nivo-slider.css HTTP/1.1" 200 1507
66.249.88.123 - - [28/Oct/2019:09:16:50 -0500] "GET /galeria/nivo-slider/demo/images/iniciativas-Ambientales.jpg HTTP/1.1" 200 201405
66.249.88.125 - - [28/Oct/2019:09:16:50 -0500] "GET /galeria/nivo-slider/demo/style.css HTTP/1.1" 200 2222
66.249.88.123 - - [28/Oct/2019:09:16:50 -0500] "GET /galeria/nivo-slider/demo/scripts/jquery-1.7.1.min.js HTTP/1.1" 200 93868
66.249.88.127 - - [28/Oct/2019:09:16:51 -0500] "GET /galeria/nivo-slider/jquery.nivo.slider.pack.js HTTP/1.1" 200 11561
66.249.88.125 - - [28/Oct/2019:09:16:51 -0500] "GET /galeria/nivo-slider/demo/images/Bannerveterinaria.jpg HTTP/1.1" 200 254705
66.249.88.127 - - [28/Oct/2019:09:16:51 -0500] "GET /galeria/nivo-slider/demo/images/Banner%20tinguas.jpg HTTP/1.1" 200 214878
66.249.88.123 - - [28/Oct/2019:09:16:51 -0500] "GET /galeria/nivo-slider/demo/images/4Simple_Slider.png HTTP/1.1" 200 11722
66.249.88.123 - - [28/Oct/2019:09:16:51 -0500] "GET /galeria/nivo-slider/themes/default/loading.gif HTTP/1.1" 200 1737
66.249.88.125 - - [28/Oct/2019:09:16:51 -0500] "GET /galeria/nivo-slider/demo/images/Banner-Capacitacion.jpg HTTP/1.1" 200 282547
66.249.88.123 - - [28/Oct/2019:09:16:51 -0500] "GET /galeria/nivo-slider/demo/images/BannerBioexpo.jpg HTTP/1.1" 200 96904
66.249.88.127 - - [28/Oct/2019:09:16:51 -0500] "GET /galeria/nivo-slider/demo/images/Bannerserpiente2019.jpg HTTP/1.1" 200 270374
66.249.88.127 - - [28/Oct/2019:09:16:51 -0500] "GET /galeria/nivo-slider/demo/images/Caminatas%20%20octubre.png HTTP/1.1" 200 522981
66.249.88.125 - - [28/Oct/2019:09:16:51 -0500] "GET /galeria/nivo-slider/demo/images/puntos%20atencion%20BANNER.jpg HTTP/1.1" 200 244208
173.234.159.250 - - [28/Oct/2019:09:16:51 -0500] "GET /SIG/index.php/Control%20Disciplinario/plantilla%20para%20Procedimientos%20-%20segunda%20instancia%20version%20050.pdf/?dir=Direccionamiento%20Estrategico//&sort=date&order=asc/ HTTP/1.1" 200 4753
66.249.88.127 - - [28/Oct/2019:09:16:51 -0500] "GET /galeria/nivo-slider/demo/images/Banner%20Visor%20Geografico%20Ambiental.jpg HTTP/1.1" 200 204673
66.249.88.125 - - [28/Oct/2019:09:16:52 -0500] "GET /galeria/nivo-slider/demo/images/Banner%20consumo%20sostenible%20final.jpg HTTP/1.1" 200 364746
66.249.88.127 - - [28/Oct/2019:09:16:52 -0500] "GET /galeria/nivo-slider/demo/images/bannersectorambiente.png HTTP/1.1" 200 308540
66.249.88.125 - - [28/Oct/2019:09:16:52 -0500] "GET /galeria/nivo-slider/demo/images/Banner%20POT.png HTTP/1.1" 200 418238
66.249.88.123 - - [28/Oct/2019:09:16:52 -0500] "GET /galeria/nivo-slider/demo/images/Banner%20Conpes.jpg HTTP/1.1" 200 55220
66.249.88.125 - - [28/Oct/2019:09:16:52 -0500] "GET /galeria/nivo-slider/demo/images/Banner%20practicas%20sostenibles.jpg HTTP/1.1" 200 142958
66.249.88.125 - - [28/Oct/2019:09:16:52 -0500] "GET /galeria/nivo-slider/demo/images/Banner%20RCD.jpg HTTP/1.1" 200 92197
66.249.88.123 - - [28/Oct/2019:09:16:52 -0500] "GET /galeria/nivo-slider/demo/images/BANNER%20punto.jpg HTTP/1.1" 200 75932
66.249.88.123 - - [28/Oct/2019:09:16:53 -0500] "GET /galeria/nivo-slider/demo/images/Banneranonimos.png HTTP/1.1" 200 109388
66.249.88.127 - - [28/Oct/2019:09:16:53 -0500] "GET /galeria/nivo-slider/demo/images/banner-humedales-de-bogota.jpg HTTP/1.1" 200 292611
66.249.88.125 - - [28/Oct/2019:09:16:53 -0500] "GET /galeria/nivo-slider/demo/images/banner-bolsas-plasticas.jpg HTTP/1.1" 200 317939
181.57.5.246 - - [28/Oct/2019:09:16:53 -0500] "GET /galeria/galeria/jquery.fancybox.css?v=2.1.5 HTTP/1.1" 200 4895
192.168.175.104 - - [28/Oct/2019:09:16:55 -0500] "GET / HTTP/1.0" 200 9990
181.57.5.246 - - [28/Oct/2019:09:16:55 -0500] "GET /BLA/boletinlegal/js/jquery.scrollShow.js HTTP/1.1" 200 4586
181.57.5.246 - - [28/Oct/2019:09:16:55 -0500] "GET /galeria/galeria/jquery.fancybox.js?v=2.1.5 HTTP/1.1" 200 48706
173.234.159.250 - - [28/Oct/2019:09:16:57 -0500] "GET /SIG/index.php/Control%20Disciplinario/plantilla%20para%20Procedimientos%20-%20segunda%20instancia%20version%20050.pdf/?dir=ECS//&sort=size&order=asc/ HTTP/1.1" 200 17399
66.249.88.123 - - [28/Oct/2019:09:16:57 -0500] "GET /galeria/nivo-slider/themes/default/arrows.png HTTP/1.1" 200 824
66.249.88.127 - - [28/Oct/2019:09:16:57 -0500] "GET /galeria/nivo-slider/themes/default/bullets.png HTTP/1.1" 200 1281
190.84.180.153 - - [28/Oct/2019:09:16:58 -0500] "-" 408 -
173.234.159.250 - - [28/Oct/2019:09:17:01 -0500] "GET /SIG/index.php/Control%20Disciplinario/plantilla%20para%20Procedimientos%20-%20segunda%20instancia%20version%20050.pdf/?dir=ECS// HTTP/1.1" 200 17400
173.234.159.250 - - [28/Oct/2019:09:17:03 -0500] "GET /SIG/index.php/Control%20Disciplinario/plantilla%20para%20Procedimientos%20-%20segunda%20instancia%20version%20050.pdf/?dir=Gestion%20Documental// HTTP/1.1" 200 6356
131.221.40.130 - - [28/Oct/2019:09:17:03 -0500] "GET /galeria/galeria/jquery.fancybox.css?v=2.1.5 HTTP/1.1" 200 4895
131.221.40.130 - - [28/Oct/2019:09:17:04 -0500] "GET /BLA/boletinlegal/js/jquery.scrollShow.js HTTP/1.1" 200 4586
131.221.40.130 - - [28/Oct/2019:09:17:05 -0500] "GET /galeria/galeria/jquery.fancybox.js?v=2.1.5 HTTP/1.1" 200 48706
66.249.66.155 - - [28/Oct/2019:09:17:11 -0500] "GET /BLA/resoluciones/RESOLUCIONES%202004/RES%202004%202151-2200/00002193.tif HTTP/1.1" 304 -
173.234.159.250 - - [28/Oct/2019:09:17:12 -0500] "GET /SIG/index.php/Control%20Disciplinario/plantilla%20para%20Procedimientos%20-%20segunda%20instancia%20version%20050.pdf/?dir=Gestion%20Recursos%20Financieros// HTTP/1.1" 200 9664
173.234.159.250 - - [28/Oct/2019:09:17:15 -0500] "GET /SIG/index.php/Control%20Disciplinario/plantilla%20para%20Procedimientos%20-%20segunda%20instancia%20version%20050.pdf/?dir=ECS//&sort=date&order=asc/ HTTP/1.1" 200 17399
201.245.192.253 - - [28/Oct/2019:09:17:22 -0500] "GET /galeria/carrusel/Carrusel/jquery.thumbnailScroller.css HTTP/1.1" 200 2066
201.245.192.253 - - [28/Oct/2019:09:17:22 -0500] "GET /galeria/carrusel/Carrusel/jquery-ui-1.8.13.custom.min.js HTTP/1.1" 200 10800
201.245.192.253 - - [28/Oct/2019:09:17:22 -0500] "GET /galeria/carrusel/Carrusel/jquery.thumbnailScroller.js HTTP/1.1" 200 8157
201.245.192.253 - - [28/Oct/2019:09:17:22 -0500] "GET /galeria/nivo-slider/demo/inicio.html HTTP/1.1" 200 4981
201.245.192.253 - - [28/Oct/2019:09:17:23 -0500] "GET /galeria/nivo-slider/themes/default/default.css HTTP/1.1" 200 1569
201.245.192.253 - - [28/Oct/2019:09:17:23 -0500] "GET /galeria/nivo-slider/themes/pascal/pascal.css HTTP/1.1" 200 2258
201.245.192.253 - - [28/Oct/2019:09:17:23 -0500] "GET /galeria/nivo-slider/themes/orman/orman.css HTTP/1.1" 200 2152
201.245.192.253 - - [28/Oct/2019:09:17:23 -0500] "GET /galeria/nivo-slider/nivo-slider.css HTTP/1.1" 200 1507
201.245.192.253 - - [28/Oct/2019:09:17:23 -0500] "GET /galeria/nivo-slider/demo/style.css HTTP/1.1" 200 2222
201.245.192.253 - - [28/Oct/2019:09:17:23 -0500] "GET /galeria/nivo-slider/demo/images/iniciativas-Ambientales.jpg HTTP/1.1" 200 201405
201.245.192.253 - - [28/Oct/2019:09:17:23 -0500] "GET /galeria/nivo-slider/demo/scripts/jquery-1.7.1.min.js HTTP/1.1" 200 93868
201.245.192.253 - - [28/Oct/2019:09:17:23 -0500] "GET /galeria/nivo-slider/demo/images/Banner%20Visor%20Geografico%20Ambiental.jpg HTTP/1.1" 200 204673
201.245.192.253 - - [28/Oct/2019:09:17:23 -0500] "GET /galeria/nivo-slider/demo/images/BANNER%20punto.jpg HTTP/1.1" 200 75932
201.245.192.253 - - [28/Oct/2019:09:17:23 -0500] "GET /galeria/nivo-slider/demo/images/Banner%20RCD.jpg HTTP/1.1" 200 92197
201.245.192.253 - - [28/Oct/2019:09:17:23 -0500] "GET /galeria/nivo-slider/demo/images/Bannerserpiente2019.jpg HTTP/1.1" 200 270374
201.245.192.253 - - [28/Oct/2019:09:17:23 -0500] "GET /galeria/nivo-slider/demo/images/BannerBioexpo.jpg HTTP/1.1" 200 96904
201.245.192.253 - - [28/Oct/2019:09:17:23 -0500] "GET /galeria/nivo-slider/demo/images/puntos%20atencion%20BANNER.jpg HTTP/1.1" 200 244208
201.245.192.253 - - [28/Oct/2019:09:17:23 -0500] "GET /galeria/nivo-slider/demo/images/Banner-Capacitacion.jpg HTTP/1.1" 200 282547
173.234.159.250 - - [28/Oct/2019:09:17:23 -0500] "GET /SIG/index.php/Control%20Disciplinario/plantilla%20para%20Procedimientos%20-%20segunda%20instancia%20version%20050.pdf/?dir=ECS//&sort=size&order=asc/ HTTP/1.1" 200 17399
201.184.36.34 - - [28/Oct/2019:09:17:23 -0500] "GET /BLA/boletinlegal/normativa.php HTTP/1.1" 200 8156
201.184.36.34 - - [28/Oct/2019:09:17:23 -0500] "GET /BLA/boletinlegal/niceforms-default.css HTTP/1.1" 200 6694
201.184.36.34 - - [28/Oct/2019:09:17:23 -0500] "GET /BLA/boletinlegal/niceforms.js HTTP/1.1" 200 22876
201.184.36.34 - - [28/Oct/2019:09:17:23 -0500] "GET /BLA/boletinlegal/images/abajo.png HTTP/1.1" 200 96676
201.184.36.34 - - [28/Oct/2019:09:17:23 -0500] "GET /BLA/boletinlegal/js/ajax_normativa.js HTTP/1.1" 200 1154
201.184.36.34 - - [28/Oct/2019:09:17:24 -0500] "GET /BLA/boletinlegal/img/0.png HTTP/1.1" 200 110
201.184.36.34 - - [28/Oct/2019:09:17:24 -0500] "GET /BLA/boletinlegal/img/select-left.png HTTP/1.1" 200 263
201.184.36.34 - - [28/Oct/2019:09:17:24 -0500] "GET /BLA/boletinlegal/img/select-right.png HTTP/1.1" 200 44019
201.184.36.34 - - [28/Oct/2019:09:17:24 -0500] "GET /BLA/boletinlegal/img/button-left.png HTTP/1.1" 200 57071
201.245.192.253 - - [28/Oct/2019:09:17:24 -0500] "GET /galeria/nivo-slider/demo/images/Banneranonimos.png HTTP/1.1" 200 109388
201.184.36.34 - - [28/Oct/2019:09:17:24 -0500] "GET /BLA/boletinlegal/img/button.png HTTP/1.1" 200 43241
201.184.36.34 - - [28/Oct/2019:09:17:24 -0500] "GET /BLA/boletinlegal/img/button-right.png HTTP/1.1" 200 57878
201.245.192.253 - - [28/Oct/2019:09:17:24 -0500] "GET /galeria/nivo-slider/demo/images/Caminatas%20%20octubre.png HTTP/1.1" 200 522981
201.245.192.253 - - [28/Oct/2019:09:17:24 -0500] "GET /galeria/nivo-slider/demo/images/Banner%20tinguas.jpg HTTP/1.1" 200 214878
201.245.192.253 - - [28/Oct/2019:09:17:24 -0500] "GET /galeria/nivo-slider/demo/images/Banner%20Conpes.jpg HTTP/1.1" 200 55220
201.245.192.253 - - [28/Oct/2019:09:17:24 -0500] "GET /galeria/nivo-slider/demo/images/Banner%20POT.png HTTP/1.1" 200 418238
201.245.192.253 - - [28/Oct/2019:09:17:24 -0500] "GET /galeria/nivo-slider/demo/images/Banner%20consumo%20sostenible%20final.jpg HTTP/1.1" 200 364746
201.245.192.253 - - [28/Oct/2019:09:17:25 -0500] "GET /galeria/nivo-slider/demo/images/banner-bolsas-plasticas.jpg HTTP/1.1" 200 317939
201.245.192.253 - - [28/Oct/2019:09:17:25 -0500] "GET /galeria/nivo-slider/demo/images/bannersectorambiente.png HTTP/1.1" 200 308540
201.245.192.253 - - [28/Oct/2019:09:17:26 -0500] "GET /galeria/nivo-slider/demo/images/Bannerveterinaria.jpg HTTP/1.1" 200 254705
201.245.192.253 - - [28/Oct/2019:09:17:27 -0500] "GET /galeria/nivo-slider/demo/images/Banner%20practicas%20sostenibles.jpg HTTP/1.1" 200 142958
173.234.159.250 - - [28/Oct/2019:09:17:27 -0500] "GET /SIG/index.php/Control%20y%20mejora/126PE01-PR03.pdf/?dir=&sort=date&order=asc/ HTTP/1.1" 200 5232
201.245.192.253 - - [28/Oct/2019:09:17:27 -0500] "GET /galeria/nivo-slider/demo/images/banner-humedales-de-bogota.jpg HTTP/1.1" 200 292611
201.245.192.253 - - [28/Oct/2019:09:17:27 -0500] "GET /galeria/nivo-slider/themes/default/loading.gif HTTP/1.1" 200 1737
201.245.192.253 - - [28/Oct/2019:09:17:27 -0500] "GET /galeria/nivo-slider/demo/images/4Simple_Slider.png HTTP/1.1" 200 11722
201.245.192.253 - - [28/Oct/2019:09:17:27 -0500] "GET /galeria/nivo-slider/jquery.nivo.slider.pack.js HTTP/1.1" 200 11561
173.234.159.250 - - [28/Oct/2019:09:17:29 -0500] "GET /SIG/index.php/Control%20Disciplinario/plantilla%20para%20Procedimientos%20-%20segunda%20instancia%20version%20050.pdf/?dir=Gestion%20Documental// HTTP/1.1" 200 6356
201.245.192.253 - - [28/Oct/2019:09:17:30 -0500] "GET /galeria/nivo-slider/themes/default/arrows.png HTTP/1.1" 200 824
201.245.192.253 - - [28/Oct/2019:09:17:30 -0500] "GET /galeria/nivo-slider/themes/default/bullets.png HTTP/1.1" 200 1281
69.162.124.232 - - [28/Oct/2019:09:17:35 -0500] "HEAD / HTTP/1.1" 200 -
201.184.36.34 - - [28/Oct/2019:09:16:44 -0500] "GET /BLA/boletinlegal/index.php HTTP/1.1" 200 40907
173.234.159.250 - - [28/Oct/2019:09:17:37 -0500] "GET /SIG/index.php/Control%20Disciplinario/plantilla%20para%20Procedimientos%20-%20segunda%20instancia%20version%20050.pdf/?dir=Gestion%20Recursos%20Financieros// HTTP/1.1" 200 9664
173.234.159.250 - - [28/Oct/2019:09:17:39 -0500] "GET /SIG/index.php/Control%20y%20mejora/126PE01-PR03.pdf/?dir=&sort=size&order=asc/ HTTP/1.1" 200 5232
173.234.159.250 - - [28/Oct/2019:09:17:44 -0500] "GET /SIG/index.php/Control%20y%20mejora/126PE01-PR03.pdf/?dir=&sort=date&order=asc/ HTTP/1.1" 200 5232
173.234.159.250 - - [28/Oct/2019:09:17:46 -0500] "GET /SIG/index.php/Control%20y%20mejora/126PE01-PR03.pdf/?dir=Comunicaciones// HTTP/1.1" 200 3303
186.155.19.93 - - [28/Oct/2019:09:17:48 -0500] "GET /galeria/nivo-slider/demo/inicio.html HTTP/1.1" 200 4981
186.155.19.93 - - [28/Oct/2019:09:17:49 -0500] "GET /galeria/nivo-slider/demo/images/iniciativas-Ambientales.jpg HTTP/1.1" 200 201405
186.155.19.93 - - [28/Oct/2019:09:17:49 -0500] "GET /galeria/nivo-slider/demo/images/Bannerveterinaria.jpg HTTP/1.1" 304 -
186.155.19.93 - - [28/Oct/2019:09:17:49 -0500] "GET /galeria/nivo-slider/demo/images/Banner-Capacitacion.jpg HTTP/1.1" 304 -
186.155.19.93 - - [28/Oct/2019:09:17:49 -0500] "GET /galeria/nivo-slider/demo/images/Bannerserpiente2019.jpg HTTP/1.1" 304 -
186.155.19.93 - - [28/Oct/2019:09:17:49 -0500] "GET /galeria/nivo-slider/demo/images/Banner%20tinguas.jpg HTTP/1.1" 304 -
186.155.19.93 - - [28/Oct/2019:09:17:49 -0500] "GET /galeria/nivo-slider/demo/images/BannerBioexpo.jpg HTTP/1.1" 304 -
186.155.19.93 - - [28/Oct/2019:09:17:50 -0500] "GET /galeria/nivo-slider/demo/images/Caminatas%20%20octubre.png HTTP/1.1" 304 -
186.155.19.93 - - [28/Oct/2019:09:17:50 -0500] "GET /galeria/nivo-slider/demo/images/Banner%20consumo%20sostenible%20final.jpg HTTP/1.1" 304 -
186.155.19.93 - - [28/Oct/2019:09:17:50 -0500] "GET /galeria/nivo-slider/demo/images/BANNER%20punto.jpg HTTP/1.1" 304 -
173.234.159.250 - - [28/Oct/2019:09:17:54 -0500] "GET /SIG/index.php/Control%20y%20mejora/126PE01-PR03.pdf/?dir=&sort=size&order=asc/ HTTP/1.1" 200 5232
201.245.192.253 - - [28/Oct/2019:09:17:05 -0500] "POST /kwsrmcab/Wsrmcab HTTP/1.1" 200 30082
201.245.192.253 - - [28/Oct/2019:09:17:05 -0500] "POST /kwsrmcab/Wsrmcab HTTP/1.1" 200 30092
173.234.159.250 - - [28/Oct/2019:09:18:01 -0500] "GET /SIG/index.php/Control%20y%20mejora/126PE01-PR03.pdf/?dir=Control%20Disciplinario// HTTP/1.1" 200 3102
200.122.235.234 - - [28/Oct/2019:09:18:02 -0500] "GET /BLA/resoluciones/Notificaciones/REGISTROS%202015/2292.doc HTTP/1.1" 200 203776
173.234.159.250 - - [28/Oct/2019:09:18:02 -0500] "GET /SIG/index.php/Control%20y%20mejora/126PE01-PR03.pdf/?dir=Comunicaciones// HTTP/1.1" 200 3303
173.234.159.250 - - [28/Oct/2019:09:18:11 -0500] "GET /SIG/index.php/Control%20y%20mejora/126PE01-PR03.pdf/?dir=Control%20Disciplinario// HTTP/1.1" 200 3102
173.234.159.250 - - [28/Oct/2019:09:18:13 -0500] "GET /SIG/index.php/Control%20y%20mejora/126PE01-PR03.pdf/?dir=Control%20y%20mejora// HTTP/1.1" 200 3205
173.234.159.250 - - [28/Oct/2019:09:18:15 -0500] "GET /SIG/index.php/Control%20y%20mejora/126PE01-PR03.pdf/?dir=Control%20y%20mejora// HTTP/1.1" 200 3205
173.234.159.250 - - [28/Oct/2019:09:18:17 -0500] "GET /SIG/index.php/Control%20y%20mejora/126PE01-PR03.pdf/?dir=Direccionamiento%20Estrategico// HTTP/1.1" 200 4366
173.234.159.250 - - [28/Oct/2019:09:18:23 -0500] "GET /SIG/index.php/Control%20y%20mejora/126PE01-PR03.pdf/?dir=Direccionamiento%20Estrategico// HTTP/1.1" 200 4366
191.102.197.192 - - [28/Oct/2019:09:18:30 -0500] "GET /galeria/galeria/jquery.fancybox.css?v=2.1.5 HTTP/1.1" 200 4895
191.102.197.192 - - [28/Oct/2019:09:18:30 -0500] "GET /BLA/boletinlegal/js/jquery.scrollShow.js HTTP/1.1" 200 4586
191.102.197.192 - - [28/Oct/2019:09:18:30 -0500] "GET /galeria/galeria/jquery.fancybox.js?v=2.1.5 HTTP/1.1" 200 48706
191.102.197.192 - - [28/Oct/2019:09:18:31 -0500] "GET /galeria/carrusel/Carrusel/jquery.thumbnailScroller.css HTTP/1.1" 200 2066
191.102.197.192 - - [28/Oct/2019:09:18:31 -0500] "GET /galeria/carrusel/Carrusel/jquery.thumbnailScroller.js HTTP/1.1" 200 8157
191.102.197.192 - - [28/Oct/2019:09:18:31 -0500] "GET /galeria/carrusel/Carrusel/jquery-ui-1.8.13.custom.min.js HTTP/1.1" 200 10800
173.234.159.250 - - [28/Oct/2019:09:18:31 -0500] "GET /SIG/index.php/Control%20y%20mejora/126PE01-PR03.pdf/?dir=ECS// HTTP/1.1" 200 17012
191.102.197.192 - - [28/Oct/2019:09:18:32 -0500] "GET /galeria/nivo-slider/demo/inicio.html HTTP/1.1" 200 4981
191.102.197.192 - - [28/Oct/2019:09:18:32 -0500] "GET /galeria/nivo-slider/themes/default/default.css HTTP/1.1" 200 1569
191.102.197.192 - - [28/Oct/2019:09:18:32 -0500] "GET /galeria/nivo-slider/themes/orman/orman.css HTTP/1.1" 200 2152
191.102.197.192 - - [28/Oct/2019:09:18:32 -0500] "GET /galeria/nivo-slider/themes/pascal/pascal.css HTTP/1.1" 200 2258
191.102.197.192 - - [28/Oct/2019:09:18:32 -0500] "GET /galeria/nivo-slider/nivo-slider.css HTTP/1.1" 200 1507
191.102.197.192 - - [28/Oct/2019:09:18:32 -0500] "GET /galeria/nivo-slider/demo/style.css HTTP/1.1" 200 2222
191.102.197.192 - - [28/Oct/2019:09:18:32 -0500] "GET /galeria/nivo-slider/demo/images/iniciativas-Ambientales.jpg HTTP/1.1" 200 201405
173.234.159.250 - - [28/Oct/2019:09:18:32 -0500] "GET /SIG/index.php/Control%20y%20mejora/126PE01-PR03.pdf/?dir=ECS// HTTP/1.1" 200 17012
191.102.197.192 - - [28/Oct/2019:09:18:32 -0500] "GET /galeria/nivo-slider/demo/scripts/jquery-1.7.1.min.js HTTP/1.1" 200 93868
191.102.197.192 - - [28/Oct/2019:09:18:32 -0500] "GET /galeria/nivo-slider/jquery.nivo.slider.pack.js HTTP/1.1" 200 11561
191.102.197.192 - - [28/Oct/2019:09:18:32 -0500] "GET /galeria/nivo-slider/demo/images/Bannerveterinaria.jpg HTTP/1.1" 200 254705
191.102.197.192 - - [28/Oct/2019:09:18:32 -0500] "GET /galeria/nivo-slider/demo/images/Banner-Capacitacion.jpg HTTP/1.1" 200 282547
191.102.197.192 - - [28/Oct/2019:09:18:32 -0500] "GET /galeria/nivo-slider/demo/images/Banner%20tinguas.jpg HTTP/1.1" 200 214878
191.102.197.192 - - [28/Oct/2019:09:18:32 -0500] "GET /galeria/nivo-slider/demo/images/Bannerserpiente2019.jpg HTTP/1.1" 200 270374
191.102.197.192 - - [28/Oct/2019:09:18:33 -0500] "GET /galeria/nivo-slider/demo/images/Banner%20POT.png HTTP/1.1" 200 418238
191.102.197.192 - - [28/Oct/2019:09:18:34 -0500] "GET /galeria/nivo-slider/demo/images/Banner%20practicas%20sostenibles.jpg HTTP/1.1" 200 142958
201.245.192.253 - - [28/Oct/2019:09:17:58 -0500] "POST /kwsrmcab/Wsrmcab HTTP/1.1" 200 30092
191.102.197.192 - - [28/Oct/2019:09:18:34 -0500] "GET /galeria/nivo-slider/demo/images/BANNER%20punto.jpg HTTP/1.1" 200 75932
191.102.197.192 - - [28/Oct/2019:09:18:35 -0500] "GET /galeria/nivo-slider/demo/images/Banner%20Conpes.jpg HTTP/1.1" 200 55220
191.102.197.192 - - [28/Oct/2019:09:18:35 -0500] "GET /galeria/nivo-slider/demo/images/Banner%20Visor%20Geografico%20Ambiental.jpg HTTP/1.1" 200 204673
191.102.197.192 - - [28/Oct/2019:09:18:36 -0500] "GET /galeria/nivo-slider/demo/images/Banner%20consumo%20sostenible%20final.jpg HTTP/1.1" 200 364746
191.102.197.192 - - [28/Oct/2019:09:18:37 -0500] "GET /galeria/nivo-slider/demo/images/Banner%20RCD.jpg HTTP/1.1" 200 92197
191.102.197.192 - - [28/Oct/2019:09:18:37 -0500] "GET /galeria/nivo-slider/demo/images/banner-humedales-de-bogota.jpg HTTP/1.1" 200 292611
191.102.197.192 - - [28/Oct/2019:09:18:37 -0500] "GET /galeria/nivo-slider/demo/images/bannersectorambiente.png HTTP/1.1" 200 308540
191.102.197.192 - - [28/Oct/2019:09:18:37 -0500] "GET /galeria/nivo-slider/demo/images/Caminatas%20%20octubre.png HTTP/1.1" 200 522981
191.102.197.192 - - [28/Oct/2019:09:18:37 -0500] "GET /galeria/nivo-slider/demo/images/BannerBioexpo.jpg HTTP/1.1" 200 96904
191.102.197.192 - - [28/Oct/2019:09:18:38 -0500] "GET /galeria/nivo-slider/demo/images/Banneranonimos.png HTTP/1.1" 200 109388
191.102.197.192 - - [28/Oct/2019:09:18:38 -0500] "GET /galeria/nivo-slider/demo/images/puntos%20atencion%20BANNER.jpg HTTP/1.1" 200 244208
173.234.159.250 - - [28/Oct/2019:09:18:38 -0500] "GET /SIG/index.php/Control%20y%20mejora/126PE01-PR03.pdf/?dir=Gestion%20Documental// HTTP/1.1" 200 5968
181.49.188.11 - - [28/Oct/2019:09:18:40 -0500] "GET /galeria/galeria/jquery.fancybox.css?v=2.1.5 HTTP/1.1" 200 4895
181.49.188.11 - - [28/Oct/2019:09:18:40 -0500] "GET /BLA/boletinlegal/js/jquery.scrollShow.js HTTP/1.1" 200 4586
181.49.188.11 - - [28/Oct/2019:09:18:40 -0500] "GET /galeria/galeria/jquery.fancybox.js?v=2.1.5 HTTP/1.1" 200 48706
191.102.197.192 - - [28/Oct/2019:09:18:40 -0500] "GET /galeria/nivo-slider/demo/images/banner-bolsas-plasticas.jpg HTTP/1.1" 200 317939
191.102.197.192 - - [28/Oct/2019:09:18:43 -0500] "GET /galeria/nivo-slider/demo/images/4Simple_Slider.png HTTP/1.1" 200 11722
191.102.197.192 - - [28/Oct/2019:09:18:43 -0500] "GET /galeria/nivo-slider/themes/default/loading.gif HTTP/1.1" 200 1737
191.102.197.192 - - [28/Oct/2019:09:18:46 -0500] "GET /galeria/nivo-slider/themes/default/arrows.png HTTP/1.1" 200 824
191.102.197.192 - - [28/Oct/2019:09:18:46 -0500] "GET /galeria/nivo-slider/themes/default/bullets.png HTTP/1.1" 200 1281
173.234.159.250 - - [28/Oct/2019:09:18:46 -0500] "GET /SIG/index.php/Control%20y%20mejora/126PE01-PR03.pdf/?dir=Gestion%20Recursos%20Financieros// HTTP/1.1" 200 9276
173.234.159.250 - - [28/Oct/2019:09:18:48 -0500] "GET /SIG/index.php/Control%20y%20mejora/126PE01-PR03.pdf/?dir=Gestion%20Documental// HTTP/1.1" 200 5968
173.234.159.250 - - [28/Oct/2019:09:18:54 -0500] "GET /SIG/index.php/Control%20y%20mejora/126PE01-PR04.pdf/?dir=Comunicaciones// HTTP/1.1" 200 3303
201.245.192.253 - - [28/Oct/2019:09:18:56 -0500] "POST /sipse/faces/presentacion/financiero/solicitudProceso/solicitudProcesoOtrosPagos.xhtml HTTP/1.1" 200 30504
201.245.192.253 - - [28/Oct/2019:09:18:56 -0500] "GET /sipse/faces/javax.faces.resource/theme.css?ln=primefaces-sipse HTTP/1.1" 304 -
201.245.192.253 - - [28/Oct/2019:09:18:56 -0500] "GET /sipse/faces/javax.faces.resource/layout/layout.css?ln=primefaces&v=4.0 HTTP/1.1" 304 -
201.245.192.253 - - [28/Oct/2019:09:18:56 -0500] "GET /sipse/faces/javax.faces.resource/primefaces.css?ln=primefaces&v=4.0 HTTP/1.1" 304 -
201.245.192.253 - - [28/Oct/2019:09:18:56 -0500] "GET /sipse/faces/javax.faces.resource/jquery/jquery.js?ln=primefaces&v=4.0 HTTP/1.1" 304 -
201.245.192.253 - - [28/Oct/2019:09:18:56 -0500] "GET /sipse/faces/javax.faces.resource/jquery/jquery-plugins.js?ln=primefaces&v=4.0 HTTP/1.1" 304 -
201.245.192.253 - - [28/Oct/2019:09:18:57 -0500] "GET /sipse/css/imagen/contrasena.png HTTP/1.1" 404 383
201.245.192.253 - - [28/Oct/2019:09:18:57 -0500] "GET /sipse/faces/javax.faces.resource/primefaces.js?ln=primefaces&v=4.0 HTTP/1.1" 304 -
201.245.192.253 - - [28/Oct/2019:09:18:57 -0500] "GET /sipse/faces/javax.faces.resource/layout/layout.js?ln=primefaces&v=4.0 HTTP/1.1" 304 -
201.245.192.253 - - [28/Oct/2019:09:18:57 -0500] "GET /sipse/faces/javax.faces.resource/images/ui-icons_898989_256x240.png?ln=primefaces-aristo HTTP/1.1" 304 -
201.245.192.253 - - [28/Oct/2019:09:18:57 -0500] "POST /sipse/faces/presentacion/financiero/solicitudProceso/listarSolicitudProceso.xhtml HTTP/1.1" 200 23875
201.245.192.253 - - [28/Oct/2019:09:18:57 -0500] "GET /sipse/faces/javax.faces.resource/images/ui-bg_flat_0_2d5972_40x100.png?ln=primefaces-aristo HTTP/1.1" 304 -
201.245.192.253 - - [28/Oct/2019:09:18:57 -0500] "POST /sipse/faces/presentacion/financiero/solicitudProceso/listarSolicitudProceso.xhtml HTTP/1.1" 200 1328
201.245.192.253 - - [28/Oct/2019:09:18:57 -0500] "POST /sipse/faces/presentacion/financiero/solicitudProceso/listarSolicitudProceso.xhtml HTTP/1.1" 200 1324
173.234.159.250 - - [28/Oct/2019:09:18:57 -0500] "GET /SIG/index.php/Control%20y%20mejora/126PE01-PR03.pdf/?dir=Gestion%20Recursos%20Financieros// HTTP/1.1" 200 9276
201.245.192.253 - - [28/Oct/2019:09:18:58 -0500] "POST /sipse/faces/presentacion/financiero/solicitudProceso/listarSolicitudProceso.xhtml HTTP/1.1" 200 23875
201.245.192.253 - - [28/Oct/2019:09:18:58 -0500] "POST /sipse/faces/presentacion/financiero/solicitudProceso/listarSolicitudProceso.xhtml HTTP/1.1" 200 23875
201.245.192.253 - - [28/Oct/2019:09:18:58 -0500] "POST /sipse/faces/presentacion/financiero/solicitudProceso/listarSolicitudProceso.xhtml HTTP/1.1" 200 23875
201.245.192.253 - - [28/Oct/2019:09:18:58 -0500] "POST /sipse/faces/presentacion/financiero/solicitudProceso/listarSolicitudProceso.xhtml HTTP/1.1" 200 1328
201.245.192.253 - - [28/Oct/2019:09:18:58 -0500] "POST /sipse/faces/presentacion/financiero/solicitudProceso/listarSolicitudProceso.xhtml HTTP/1.1" 200 1324
