181.48.254.11 - - [03/Nov/2019:09:11:20 -0500] "GET /galeria/nivo-slider/demo/images/Banner%20tinguas.jpg HTTP/1.1" 200 214878
181.48.254.11 - - [03/Nov/2019:09:11:20 -0500] "GET /galeria/nivo-slider/nivo-slider.css HTTP/1.1" 200 1507
181.48.254.11 - - [03/Nov/2019:09:11:20 -0500] "GET /galeria/nivo-slider/demo/images/Banner%20RCD.jpg HTTP/1.1" 200 92197
181.48.254.11 - - [03/Nov/2019:09:11:20 -0500] "GET /galeria/nivo-slider/demo/images/iniciativas-Ambientales.jpg HTTP/1.1" 200 201405
181.48.254.11 - - [03/Nov/2019:09:11:20 -0500] "GET /galeria/nivo-slider/demo/images/banner-humedales-de-bogota.jpg HTTP/1.1" 200 292611
181.48.254.11 - - [03/Nov/2019:09:11:20 -0500] "GET /galeria/nivo-slider/themes/default/default.css HTTP/1.1" 200 1569
181.48.254.11 - - [03/Nov/2019:09:11:20 -0500] "GET /galeria/nivo-slider/demo/images/Banner%20Conpes.jpg HTTP/1.1" 200 55220
181.48.254.11 - - [03/Nov/2019:09:11:20 -0500] "GET /galeria/nivo-slider/demo/scripts/jquery-1.7.1.min.js HTTP/1.1" 200 93868
181.48.254.11 - - [03/Nov/2019:09:11:20 -0500] "GET /galeria/nivo-slider/demo/images/puntos%20atencion%20BANNER.jpg HTTP/1.1" 200 244208
181.48.254.11 - - [03/Nov/2019:09:11:20 -0500] "GET /galeria/nivo-slider/demo/images/Banner%20practicas%20sostenibles.jpg HTTP/1.1" 200 142958
181.48.254.11 - - [03/Nov/2019:09:11:20 -0500] "GET /galeria/nivo-slider/demo/images/banner-bolsas-plasticas.jpg HTTP/1.1" 200 317939
181.48.254.11 - - [03/Nov/2019:09:11:20 -0500] "GET /galeria/nivo-slider/demo/images/Banner%20consumo%20sostenible%20final.jpg HTTP/1.1" 200 364746
181.48.254.11 - - [03/Nov/2019:09:11:20 -0500] "GET /galeria/nivo-slider/demo/images/Banner%20POT.png HTTP/1.1" 200 418238
181.48.254.11 - - [03/Nov/2019:09:11:20 -0500] "GET /galeria/nivo-slider/demo/images/Noviembre.png HTTP/1.1" 200 519399
181.48.254.11 - - [03/Nov/2019:09:11:20 -0500] "GET /galeria/nivo-slider/demo/images/Bannerserpiente2019.jpg HTTP/1.1" 200 270374
181.48.254.11 - - [03/Nov/2019:09:11:20 -0500] "GET /galeria/nivo-slider/demo/images/Bannerveterinaria.jpg HTTP/1.1" 200 254705
181.48.254.11 - - [03/Nov/2019:09:11:20 -0500] "GET /galeria/nivo-slider/themes/orman/orman.css HTTP/1.1" 200 2152
181.48.254.11 - - [03/Nov/2019:09:11:24 -0500] "GET /galeria/nivo-slider/demo/images/4Simple_Slider.png HTTP/1.1" 200 11722
181.48.254.11 - - [03/Nov/2019:09:11:24 -0500] "GET /galeria/nivo-slider/themes/default/loading.gif HTTP/1.1" 200 1737
181.48.254.11 - - [03/Nov/2019:09:11:24 -0500] "GET /galeria/nivo-slider/themes/default/arrows.png HTTP/1.1" 200 824
181.48.254.11 - - [03/Nov/2019:09:11:24 -0500] "GET /galeria/nivo-slider/themes/default/bullets.png HTTP/1.1" 200 1281
190.158.121.161 - - [03/Nov/2019:09:11:40 -0500] "GET /BLA/boletinlegal/js/jquery.scrollShow.js HTTP/1.1" 200 4586
190.158.121.161 - - [03/Nov/2019:09:11:40 -0500] "GET /galeria/galeria/jquery.fancybox.js?v=2.1.5 HTTP/1.1" 200 48706
190.158.121.161 - - [03/Nov/2019:09:11:40 -0500] "GET /galeria/galeria/jquery.fancybox.css?v=2.1.5 HTTP/1.1" 200 4895
190.158.121.161 - - [03/Nov/2019:09:11:44 -0500] "GET /galeria/galeria/jquery.fancybox.js?v=2.1.5 HTTP/1.1" 200 48706
190.158.121.161 - - [03/Nov/2019:09:11:44 -0500] "GET /BLA/boletinlegal/js/jquery.scrollShow.js HTTP/1.1" 200 4586
190.158.121.161 - - [03/Nov/2019:09:11:44 -0500] "GET /galeria/galeria/jquery.fancybox.css?v=2.1.5 HTTP/1.1" 200 4895
190.158.121.161 - - [03/Nov/2019:09:11:46 -0500] "GET /galeria/galeria/jquery.fancybox.js?v=2.1.5 HTTP/1.1" 200 48706
190.158.121.161 - - [03/Nov/2019:09:11:46 -0500] "GET /BLA/boletinlegal/js/jquery.scrollShow.js HTTP/1.1" 200 4586
190.158.121.161 - - [03/Nov/2019:09:11:46 -0500] "GET /galeria/galeria/jquery.fancybox.css?v=2.1.5 HTTP/1.1" 200 4895
186.86.32.118 - - [03/Nov/2019:09:12:11 -0500] "GET /galeria/galeria/jquery.fancybox.css?v=2.1.5 HTTP/1.1" 200 4895
186.86.32.118 - - [03/Nov/2019:09:12:11 -0500] "GET /galeria/galeria/jquery.fancybox.js?v=2.1.5 HTTP/1.1" 200 48706
186.86.32.118 - - [03/Nov/2019:09:12:11 -0500] "GET /BLA/boletinlegal/js/jquery.scrollShow.js HTTP/1.1" 200 4586
186.86.32.118 - - [03/Nov/2019:09:12:12 -0500] "GET /galeria/carrusel/Carrusel/jquery.thumbnailScroller.css HTTP/1.1" 200 2066
186.86.32.118 - - [03/Nov/2019:09:12:12 -0500] "GET /galeria/carrusel/Carrusel/jquery-ui-1.8.13.custom.min.js HTTP/1.1" 200 10800
186.86.32.118 - - [03/Nov/2019:09:12:12 -0500] "GET /galeria/carrusel/Carrusel/jquery.thumbnailScroller.js HTTP/1.1" 200 8157
200.118.44.205 - - [03/Nov/2019:09:12:27 -0500] "GET /galeria/galeria/jquery.fancybox.css?v=2.1.5 HTTP/1.1" 200 4895
200.118.44.205 - - [03/Nov/2019:09:12:28 -0500] "GET /BLA/boletinlegal/js/jquery.scrollShow.js HTTP/1.1" 200 4586
200.118.44.205 - - [03/Nov/2019:09:12:28 -0500] "GET /galeria/galeria/jquery.fancybox.js?v=2.1.5 HTTP/1.1" 200 48706
69.162.124.232 - - [03/Nov/2019:09:12:59 -0500] "HEAD / HTTP/1.1" 200 -
200.69.77.163 - - [03/Nov/2019:09:13:33 -0500] "GET /galeria/galeria/jquery.fancybox.css?v=2.1.5 HTTP/1.1" 200 4895
200.69.77.163 - - [03/Nov/2019:09:13:33 -0500] "GET /BLA/boletinlegal/js/jquery.scrollShow.js HTTP/1.1" 200 4586
200.69.77.163 - - [03/Nov/2019:09:13:33 -0500] "GET /galeria/galeria/jquery.fancybox.js?v=2.1.5 HTTP/1.1" 200 48706
66.249.88.127 - - [03/Nov/2019:09:13:53 -0500] "GET /BLA/boletinlegal/js/jquery.scrollShow.js HTTP/1.1" 200 4586
66.249.88.125 - - [03/Nov/2019:09:13:53 -0500] "GET /galeria/galeria/jquery.fancybox.js?v=2.1.5 HTTP/1.1" 200 48706
66.249.88.123 - - [03/Nov/2019:09:13:53 -0500] "GET /galeria/galeria/jquery.fancybox.css?v=2.1.5 HTTP/1.1" 200 4895
66.249.88.127 - - [03/Nov/2019:09:13:53 -0500] "GET /galeria/carrusel/Carrusel/jquery.thumbnailScroller.css HTTP/1.1" 200 2066
66.249.88.125 - - [03/Nov/2019:09:13:53 -0500] "GET /galeria/carrusel/Carrusel/jquery-ui-1.8.13.custom.min.js HTTP/1.1" 200 10800
66.249.88.125 - - [03/Nov/2019:09:13:53 -0500] "GET /galeria/carrusel/Carrusel/jquery.thumbnailScroller.js HTTP/1.1" 200 8157
66.249.88.123 - - [03/Nov/2019:09:13:55 -0500] "GET /galeria/nivo-slider/demo/inicio.html HTTP/1.1" 200 4979
66.249.88.125 - - [03/Nov/2019:09:13:58 -0500] "GET /galeria/nivo-slider/themes/default/default.css HTTP/1.1" 200 1569
66.249.88.125 - - [03/Nov/2019:09:13:58 -0500] "GET /galeria/nivo-slider/themes/orman/orman.css HTTP/1.1" 200 2152
66.249.88.123 - - [03/Nov/2019:09:13:58 -0500] "GET /galeria/nivo-slider/themes/pascal/pascal.css HTTP/1.1" 200 2258
66.249.88.125 - - [03/Nov/2019:09:13:59 -0500] "GET /galeria/nivo-slider/nivo-slider.css HTTP/1.1" 200 1507
66.249.88.127 - - [03/Nov/2019:09:13:59 -0500] "GET /galeria/nivo-slider/demo/style.css HTTP/1.1" 200 2222
66.249.88.125 - - [03/Nov/2019:09:13:59 -0500] "GET /galeria/nivo-slider/demo/images/banneragendamiento.jpg HTTP/1.1" 200 116897
66.249.88.127 - - [03/Nov/2019:09:13:59 -0500] "GET /galeria/nivo-slider/demo/scripts/jquery-1.7.1.min.js HTTP/1.1" 200 93868
66.249.88.123 - - [03/Nov/2019:09:13:59 -0500] "GET /galeria/nivo-slider/jquery.nivo.slider.pack.js HTTP/1.1" 200 11561
66.249.88.127 - - [03/Nov/2019:09:13:59 -0500] "GET /galeria/nivo-slider/demo/images/Bannerveterinaria.jpg HTTP/1.1" 200 254705
66.249.88.125 - - [03/Nov/2019:09:13:59 -0500] "GET /galeria/nivo-slider/demo/images/Banner%20tinguas.jpg HTTP/1.1" 200 214878
66.249.88.123 - - [03/Nov/2019:09:13:59 -0500] "GET /galeria/nivo-slider/demo/images/iniciativas-Ambientales.jpg HTTP/1.1" 200 201405
66.249.88.127 - - [03/Nov/2019:09:13:59 -0500] "GET /galeria/nivo-slider/demo/images/Bannerserpiente2019.jpg HTTP/1.1" 200 270374
66.249.88.123 - - [03/Nov/2019:09:13:59 -0500] "GET /galeria/nivo-slider/demo/images/puntos%20atencion%20BANNER.jpg HTTP/1.1" 200 244208
66.249.88.127 - - [03/Nov/2019:09:13:59 -0500] "GET /galeria/nivo-slider/demo/images/Noviembre.png HTTP/1.1" 200 519399
66.249.88.125 - - [03/Nov/2019:09:13:59 -0500] "GET /galeria/nivo-slider/demo/images/Banner%20Visor%20Geografico%20Ambiental.jpg HTTP/1.1" 200 204673
66.249.88.127 - - [03/Nov/2019:09:14:00 -0500] "GET /galeria/nivo-slider/demo/images/Banner%20consumo%20sostenible%20final.jpg HTTP/1.1" 200 364746
66.249.88.125 - - [03/Nov/2019:09:14:00 -0500] "GET /galeria/nivo-slider/demo/images/bannersectorambiente.png HTTP/1.1" 200 308540
66.249.88.123 - - [03/Nov/2019:09:14:01 -0500] "GET /galeria/nivo-slider/demo/images/Banner%20RCD.jpg HTTP/1.1" 200 92197
66.249.88.127 - - [03/Nov/2019:09:14:01 -0500] "GET /galeria/nivo-slider/demo/images/Banner%20Conpes.jpg HTTP/1.1" 200 55220
66.249.88.125 - - [03/Nov/2019:09:14:01 -0500] "GET /galeria/nivo-slider/demo/images/Banner%20practicas%20sostenibles.jpg HTTP/1.1" 200 142958
66.249.88.127 - - [03/Nov/2019:09:14:01 -0500] "GET /galeria/nivo-slider/demo/images/Banner%20POT.png HTTP/1.1" 200 418238
66.249.88.125 - - [03/Nov/2019:09:14:01 -0500] "GET /galeria/nivo-slider/demo/images/BANNER%20punto.jpg HTTP/1.1" 200 75932
66.249.88.123 - - [03/Nov/2019:09:14:01 -0500] "GET /galeria/nivo-slider/demo/images/4Simple_Slider.png HTTP/1.1" 200 11722
66.249.88.125 - - [03/Nov/2019:09:14:01 -0500] "GET /galeria/nivo-slider/themes/default/loading.gif HTTP/1.1" 200 1737
66.249.88.123 - - [03/Nov/2019:09:14:01 -0500] "GET /galeria/nivo-slider/demo/images/Banneranonimos.png HTTP/1.1" 200 109388
66.249.88.127 - - [03/Nov/2019:09:14:01 -0500] "GET /galeria/nivo-slider/demo/images/banner-humedales-de-bogota.jpg HTTP/1.1" 200 292611
66.249.88.125 - - [03/Nov/2019:09:14:01 -0500] "GET /galeria/nivo-slider/demo/images/banner-bolsas-plasticas.jpg HTTP/1.1" 200 317939
66.249.66.153 - - [03/Nov/2019:09:14:04 -0500] "GET /BLA/resoluciones/RESOLUCIONES%202007/RES%202007%201601%20AL%201725/RESOLUCION%201618%20DE%202007.pdf HTTP/1.1" 304 -
66.249.88.127 - - [03/Nov/2019:09:14:06 -0500] "GET /galeria/nivo-slider/themes/default/arrows.png HTTP/1.1" 200 824
66.249.88.123 - - [03/Nov/2019:09:14:07 -0500] "GET /galeria/nivo-slider/themes/default/bullets.png HTTP/1.1" 200 1281
157.55.39.61 - - [03/Nov/2019:09:14:32 -0500] "GET /sig/gestion%20recursos%20financieros/126pa02-pr09%20solicitud%20y%20expedicion%20cdp.pdf HTTP/1.1" 200 273078
66.249.66.155 - - [03/Nov/2019:09:14:38 -0500] "GET /BLA/resoluciones/RESOLUCIONES%202008/0063.pdf HTTP/1.1" 200 303538
66.249.88.125 - - [03/Nov/2019:09:14:44 -0500] "GET /BLA/boletinlegal/js/jquery.scrollShow.js HTTP/1.1" 200 4586
66.249.88.125 - - [03/Nov/2019:09:14:44 -0500] "GET /galeria/galeria/jquery.fancybox.css?v=2.1.5 HTTP/1.1" 200 4895
66.249.88.127 - - [03/Nov/2019:09:14:44 -0500] "GET /galeria/galeria/jquery.fancybox.js?v=2.1.5 HTTP/1.1" 200 48706
186.155.18.186 - - [03/Nov/2019:09:15:01 -0500] "GET /galeria/mapa/humedal2017.jpg HTTP/1.1" 200 644667
192.168.175.104 - - [03/Nov/2019:09:15:08 -0500] "GET / HTTP/1.0" 200 9990
186.84.89.147 - - [03/Nov/2019:09:15:09 -0500] "GET /galeria/galeria/jquery.fancybox.css?v=2.1.5 HTTP/1.1" 200 4895
186.84.89.147 - - [03/Nov/2019:09:15:09 -0500] "GET /BLA/boletinlegal/js/jquery.scrollShow.js HTTP/1.1" 200 4586
186.84.89.147 - - [03/Nov/2019:09:15:09 -0500] "GET /galeria/galeria/jquery.fancybox.js?v=2.1.5 HTTP/1.1" 200 48706
192.168.175.104 - - [03/Nov/2019:09:15:37 -0500] "GET / HTTP/1.1" 200 9990
66.249.66.155 - - [03/Nov/2019:09:15:50 -0500] "GET /BLA/resoluciones/RESOLUCIONES%202015/0899.pdf HTTP/1.1" 304 -
216.244.66.195 - - [03/Nov/2019:09:15:50 -0500] "GET /robots.txt HTTP/1.1" 404 1018
186.84.128.121 - - [03/Nov/2019:09:16:11 -0500] "GET /BLA/boletinlegal/Directivas/2017/Directiva%20No.%2001%20del%2027%20de%20Junio%20de%202018.pdf HTTP/1.1" 200 217496
186.102.42.141 - - [03/Nov/2019:09:16:15 -0500] "GET /galeria/galeria/jquery.fancybox.css?v=2.1.5 HTTP/1.1" 200 4895
186.102.42.141 - - [03/Nov/2019:09:16:15 -0500] "GET /BLA/boletinlegal/js/jquery.scrollShow.js HTTP/1.1" 200 4586
186.102.42.141 - - [03/Nov/2019:09:16:15 -0500] "GET /galeria/galeria/jquery.fancybox.js?v=2.1.5 HTTP/1.1" 200 48706
186.84.128.121 - - [03/Nov/2019:09:16:18 -0500] "GET /apple-touch-icon-precomposed.png HTTP/1.1" 404 1121
186.84.128.121 - - [03/Nov/2019:09:16:18 -0500] "GET /apple-touch-icon.png HTTP/1.1" 404 1121
186.84.128.121 - - [03/Nov/2019:09:16:18 -0500] "GET /favicon.ico HTTP/1.1" 200 7782
186.84.128.121 - - [03/Nov/2019:09:16:19 -0500] "GET /BLA/boletinlegal/Directivas/2017/Directiva%20No.%2001%20del%2027%20de%20Junio%20de%202018.pdf HTTP/1.1" 200 217496
186.84.128.121 - - [03/Nov/2019:09:16:26 -0500] "GET /apple-touch-icon-precomposed.png HTTP/1.1" 404 1121
186.84.128.121 - - [03/Nov/2019:09:16:26 -0500] "GET /apple-touch-icon.png HTTP/1.1" 404 1121
201.245.192.253 - - [03/Nov/2019:09:16:37 -0500] "GET /kwsrmcab/Wsrmcab?wsdl HTTP/1.1" 503 1020
201.245.192.253 - - [03/Nov/2019:09:16:39 -0500] "GET /kwsrmcab/Wsrmcab?wsdl HTTP/1.1" 503 1020
201.245.192.253 - - [03/Nov/2019:09:17:00 -0500] "GET /kwsrmcab/Wsrmcab?wsdl HTTP/1.1" 503 1020
66.102.8.191 - - [03/Nov/2019:09:17:25 -0500] "GET /galeria/galeria/fotos/Movilizacion13G.jpg HTTP/1.1" 200 120282
186.102.69.23 - - [03/Nov/2019:09:17:44 -0500] "GET /galeria/galeria/jquery.fancybox.css?v=2.1.5 HTTP/1.1" 200 4895
186.102.69.23 - - [03/Nov/2019:09:17:44 -0500] "GET /BLA/boletinlegal/js/jquery.scrollShow.js HTTP/1.1" 200 4586
186.102.69.23 - - [03/Nov/2019:09:17:44 -0500] "GET /galeria/galeria/jquery.fancybox.js?v=2.1.5 HTTP/1.1" 200 48706
63.141.231.10 - - [03/Nov/2019:09:17:56 -0500] "GET /robots.txt HTTP/1.1" 404 1019
63.141.231.10 - - [03/Nov/2019:09:17:58 -0500] "GET /SIG/index.php/ECS/126PM04-PR26.pdf/?dir=Control%20y%20mejora// HTTP/1.1" 200 3075
69.162.124.232 - - [03/Nov/2019:09:17:59 -0500] "HEAD / HTTP/1.1" 200 -
63.141.231.10 - - [03/Nov/2019:09:18:00 -0500] "GET /SIG/index.php/ECS/126PM04-PR26.pdf/?dir=Direccionamiento%20Estrategico// HTTP/1.1" 200 4249
63.141.231.10 - - [03/Nov/2019:09:18:01 -0500] "GET /SIG/index.php/ECS/126PM04-PR26.pdf/?dir=ECS// HTTP/1.1" 200 16895
63.141.231.10 - - [03/Nov/2019:09:18:03 -0500] "GET /SIG/index.php/ECS/126PM04-PR26.pdf/?dir=Gestion%20Documental// HTTP/1.1" 200 5851
63.141.231.10 - - [03/Nov/2019:09:18:05 -0500] "GET /SIG/index.php/ECS/126PM04-PR26.pdf/?dir=Gestion%20Recursos%20Financieros// HTTP/1.1" 200 9159
63.141.231.10 - - [03/Nov/2019:09:18:06 -0500] "GET /SIG/index.php/ECS/126PM04-PR27.pdf/?dir=&sort=date&order=asc/ HTTP/1.1" 200 4959
63.141.231.10 - - [03/Nov/2019:09:18:08 -0500] "GET /SIG/index.php/ECS/126PM04-PR27.pdf/?dir=&sort=name&order=desc/ HTTP/1.1" 200 4959
63.141.231.10 - - [03/Nov/2019:09:18:09 -0500] "GET /SIG/index.php/ECS/126PM04-PR27.pdf/?dir=&sort=size&order=asc/ HTTP/1.1" 200 4959
63.141.231.10 - - [03/Nov/2019:09:18:11 -0500] "GET /SIG/index.php/ECS/126PM04-PR27.pdf/?dir=Comunicaciones// HTTP/1.1" 200 3186
63.141.231.10 - - [03/Nov/2019:09:18:13 -0500] "GET /SIG/index.php/ECS/126PM04-PR27.pdf/?dir=Control%20Disciplinario// HTTP/1.1" 200 2985
63.141.231.10 - - [03/Nov/2019:09:18:14 -0500] "GET /SIG/index.php/ECS/126PM04-PR27.pdf/?dir=Control%20y%20mejora// HTTP/1.1" 200 3075
63.141.231.10 - - [03/Nov/2019:09:18:16 -0500] "GET /SIG/index.php/ECS/126PM04-PR27.pdf/?dir=Direccionamiento%20Estrategico// HTTP/1.1" 200 4249
63.141.231.10 - - [03/Nov/2019:09:18:17 -0500] "GET /SIG/index.php/ECS/126PM04-PR27.pdf/?dir=ECS// HTTP/1.1" 200 16895
63.141.231.10 - - [03/Nov/2019:09:18:19 -0500] "GET /SIG/index.php/ECS/126PM04-PR27.pdf/?dir=Gestion%20Documental// HTTP/1.1" 200 5851
63.141.231.10 - - [03/Nov/2019:09:18:20 -0500] "GET /SIG/index.php/ECS/126PM04-PR27.pdf/?dir=Gestion%20Recursos%20Financieros// HTTP/1.1" 200 9159
63.141.231.10 - - [03/Nov/2019:09:18:22 -0500] "GET /SIG/index.php/ECS/126PM04-PR28.pdf/?dir=&sort=date&order=asc/ HTTP/1.1" 200 4959
63.141.231.10 - - [03/Nov/2019:09:18:24 -0500] "GET /SIG/index.php/ECS/126PM04-PR28.pdf/?dir=&sort=name&order=desc/ HTTP/1.1" 200 4959
63.141.231.10 - - [03/Nov/2019:09:18:25 -0500] "GET /SIG/index.php/ECS/126PM04-PR28.pdf/?dir=&sort=size&order=asc/ HTTP/1.1" 200 4959
63.141.231.10 - - [03/Nov/2019:09:18:27 -0500] "GET /SIG/index.php/ECS/126PM04-PR28.pdf/?dir=Comunicaciones// HTTP/1.1" 200 3186
63.141.231.10 - - [03/Nov/2019:09:18:29 -0500] "GET /SIG/index.php/ECS/126PM04-PR28.pdf/?dir=Control%20Disciplinario// HTTP/1.1" 200 2985
63.141.231.10 - - [03/Nov/2019:09:18:30 -0500] "GET /SIG/index.php/ECS/126PM04-PR28.pdf/?dir=Control%20y%20mejora// HTTP/1.1" 200 3075
63.141.231.10 - - [03/Nov/2019:09:18:32 -0500] "GET /SIG/index.php/ECS/126PM04-PR28.pdf/?dir=Direccionamiento%20Estrategico// HTTP/1.1" 200 4249
63.141.231.10 - - [03/Nov/2019:09:18:33 -0500] "GET /SIG/index.php/ECS/126PM04-PR28.pdf/?dir=ECS// HTTP/1.1" 200 16895
63.141.231.10 - - [03/Nov/2019:09:18:35 -0500] "GET /SIG/index.php/ECS/126PM04-PR28.pdf/?dir=Gestion%20Documental// HTTP/1.1" 200 5851
63.141.231.10 - - [03/Nov/2019:09:18:37 -0500] "GET /SIG/index.php/ECS/126PM04-PR28.pdf/?dir=Gestion%20Recursos%20Financieros// HTTP/1.1" 200 9159
63.141.231.10 - - [03/Nov/2019:09:18:38 -0500] "GET /SIG/index.php/ECS/126PM04-PR29.pdf/?dir=&sort=date&order=asc/ HTTP/1.1" 200 4959
63.141.231.10 - - [03/Nov/2019:09:18:40 -0500] "GET /SIG/index.php/ECS/126PM04-PR34.pdf/?dir=Gestion%20Documental// HTTP/1.1" 200 5851
63.141.231.10 - - [03/Nov/2019:09:18:42 -0500] "GET /SIG/index.php/ECS/126PM04-PR34.pdf/?dir=Gestion%20Documental//&sort=size&order=asc/ HTTP/1.1" 200 5850
63.141.231.10 - - [03/Nov/2019:09:18:43 -0500] "GET /SIG/index.php/ECS/126PM04-PR34.pdf/?dir=Gestion%20Recursos%20Financieros// HTTP/1.1" 200 9159
63.141.231.10 - - [03/Nov/2019:09:18:45 -0500] "GET /SIG/index.php/ECS/126PM04-PR34.pdf/?dir=Gestion%20Recursos%20Financieros//&sort=date&order=asc/ HTTP/1.1" 200 9158
181.49.188.12 - - [03/Nov/2019:09:18:47 -0500] "GET /BLA/boletinlegal/js/jquery.scrollShow.js HTTP/1.1" 200 4586
181.49.188.12 - - [03/Nov/2019:09:18:47 -0500] "GET /galeria/galeria/jquery.fancybox.css?v=2.1.5 HTTP/1.1" 200 4895
181.49.188.12 - - [03/Nov/2019:09:18:47 -0500] "GET /galeria/galeria/jquery.fancybox.js?v=2.1.5 HTTP/1.1" 200 48706
63.141.231.10 - - [03/Nov/2019:09:18:47 -0500] "GET /SIG/index.php/ECS/126PM04-PR34.pdf/?dir=Gestion%20Recursos%20Financieros//&sort=name&order=desc/ HTTP/1.1" 200 9158
63.141.231.10 - - [03/Nov/2019:09:18:48 -0500] "GET /SIG/index.php/ECS/126PM04-PR34.pdf/?dir=Gestion%20Recursos%20Financieros//&sort=size&order=asc/ HTTP/1.1" 200 9158
63.141.231.10 - - [03/Nov/2019:09:18:50 -0500] "GET /SIG/index.php/ECS/126PM04-PR35.pdf/?dir=&sort=date&order=asc/ HTTP/1.1" 200 4959
66.249.88.123 - - [03/Nov/2019:09:18:52 -0500] "GET /galeria/galeria/jquery.fancybox.css?v=2.1.5 HTTP/1.1" 200 4895
66.249.88.123 - - [03/Nov/2019:09:18:52 -0500] "GET /galeria/galeria/jquery.fancybox.js?v=2.1.5 HTTP/1.1" 200 48706
66.249.88.127 - - [03/Nov/2019:09:18:52 -0500] "GET /BLA/boletinlegal/js/jquery.scrollShow.js HTTP/1.1" 200 4586
63.141.231.10 - - [03/Nov/2019:09:18:52 -0500] "GET /SIG/index.php/ECS/126PM04-PR35.pdf/?dir=&sort=name&order=desc/ HTTP/1.1" 200 4959
63.141.231.10 - - [03/Nov/2019:09:18:53 -0500] "GET /SIG/index.php/ECS/126PM04-PR35.pdf/?dir=&sort=size&order=asc/ HTTP/1.1" 200 4959
63.141.231.10 - - [03/Nov/2019:09:18:55 -0500] "GET /SIG/index.php/ECS/126PM04-PR35.pdf/?dir=Comunicaciones// HTTP/1.1" 200 3186
63.141.231.10 - - [03/Nov/2019:09:18:56 -0500] "GET /SIG/index.php/ECS/126PM04-PR35.pdf/?dir=Control%20Disciplinario// HTTP/1.1" 200 2985
63.141.231.10 - - [03/Nov/2019:09:18:58 -0500] "GET /SIG/index.php/ECS/126PM04-PR35.pdf/?dir=Control%20y%20mejora// HTTP/1.1" 200 3075
63.141.231.10 - - [03/Nov/2019:09:19:00 -0500] "GET /SIG/index.php/ECS/126PM04-PR35.pdf/?dir=Direccionamiento%20Estrategico// HTTP/1.1" 200 4249
63.141.231.10 - - [03/Nov/2019:09:19:01 -0500] "GET /SIG/index.php/ECS/126PM04-PR35.pdf/?dir=ECS// HTTP/1.1" 200 16895
63.141.231.10 - - [03/Nov/2019:09:19:03 -0500] "GET /SIG/index.php/ECS/126PM04-PR35.pdf/?dir=Gestion%20Documental// HTTP/1.1" 200 5851
63.141.231.10 - - [03/Nov/2019:09:19:04 -0500] "GET /SIG/index.php/ECS/126PM04-PR35.pdf/?dir=Gestion%20Recursos%20Financieros// HTTP/1.1" 200 9159
63.141.231.10 - - [03/Nov/2019:09:19:06 -0500] "GET /SIG/index.php/ECS/126PM04-PR36.pdf/?dir=&sort=date&order=asc/ HTTP/1.1" 200 4959
63.141.231.10 - - [03/Nov/2019:09:19:08 -0500] "GET /SIG/index.php/ECS/126PM04-PR36.pdf/?dir=&sort=name&order=desc/ HTTP/1.1" 200 4959
63.141.231.10 - - [03/Nov/2019:09:19:09 -0500] "GET /SIG/index.php/ECS/126PM04-PR36.pdf/?dir=&sort=size&order=asc/ HTTP/1.1" 200 4959
63.141.231.10 - - [03/Nov/2019:09:19:11 -0500] "GET /SIG/index.php/ECS/126PM04-PR36.pdf/?dir=Comunicaciones// HTTP/1.1" 200 3186
63.141.231.10 - - [03/Nov/2019:09:19:13 -0500] "GET /SIG/index.php/ECS/126PM04-PR36.pdf/?dir=Control%20Disciplinario// HTTP/1.1" 200 2985
63.141.231.10 - - [03/Nov/2019:09:19:14 -0500] "GET /SIG/index.php/ECS/126PM04-PR36.pdf/?dir=Control%20y%20mejora// HTTP/1.1" 200 3075
63.141.231.10 - - [03/Nov/2019:09:19:16 -0500] "GET /SIG/index.php/ECS/126PM04-PR36.pdf/?dir=Direccionamiento%20Estrategico// HTTP/1.1" 200 4249
186.29.183.13 - - [03/Nov/2019:09:19:16 -0500] "GET /galeria/galeria/jquery.fancybox.css?v=2.1.5 HTTP/1.1" 200 4895
186.29.183.13 - - [03/Nov/2019:09:19:16 -0500] "GET /galeria/galeria/jquery.fancybox.js?v=2.1.5 HTTP/1.1" 200 48706
186.29.183.13 - - [03/Nov/2019:09:19:16 -0500] "GET /BLA/boletinlegal/js/jquery.scrollShow.js HTTP/1.1" 200 4586
63.141.231.10 - - [03/Nov/2019:09:19:17 -0500] "GET /SIG/index.php/ECS/126PM04-PR36.pdf/?dir=ECS// HTTP/1.1" 200 16895
63.141.231.10 - - [03/Nov/2019:09:19:19 -0500] "GET /SIG/index.php/ECS/126PM04-PR36.pdf/?dir=Gestion%20Documental// HTTP/1.1" 200 5851
66.249.66.153 - - [03/Nov/2019:09:19:21 -0500] "GET /BLA/resoluciones/RESOLUCIONES%202011/6982.pdf HTTP/1.1" 200 1266045
63.141.231.10 - - [03/Nov/2019:09:19:21 -0500] "GET /SIG/index.php/ECS/126PM04-PR36.pdf/?dir=Gestion%20Recursos%20Financieros// HTTP/1.1" 200 9159
63.141.231.10 - - [03/Nov/2019:09:19:22 -0500] "GET /SIG/index.php/ECS/126PM04-PR38.pdf/?dir=&sort=date&order=asc/ HTTP/1.1" 200 4959
63.141.231.10 - - [03/Nov/2019:09:19:24 -0500] "GET /SIG/index.php/ECS/126PM04-PR75.pdf/?dir=Gestion%20Recursos%20Financieros// HTTP/1.1" 200 9159
88.198.69.233 - - [03/Nov/2019:09:19:25 -0500] "GET /robots.txt HTTP/1.1" 404 1019
63.141.231.10 - - [03/Nov/2019:09:19:26 -0500] "GET /SIG/index.php/ECS/126PM04-PR86.pdf/?dir=Direccionamiento%20Estrategico//&sort=name&order=desc/ HTTP/1.1" 200 4248
88.198.69.233 - - [03/Nov/2019:09:19:27 -0500] "GET /SIG/index.php/Control%20y%20mejora/126PE01-PR07.pdf/?dir=Control%20Disciplinario// HTTP/1.1" 200 3102
63.141.231.10 - - [03/Nov/2019:09:19:27 -0500] "GET /SIG/index.php/ECS/126PM04-PR86.pdf/?dir=ECS// HTTP/1.1" 200 16895
63.141.231.10 - - [03/Nov/2019:09:19:29 -0500] "GET /SIG/index.php/ECS/126PM04-PR86.pdf/?dir=Gestion%20Documental// HTTP/1.1" 200 5851
88.198.69.233 - - [03/Nov/2019:09:19:29 -0500] "GET /SIG/index.php/Control%20y%20mejora/126PE01-PR07.pdf/?dir=Control%20y%20mejora// HTTP/1.1" 200 3205
63.141.231.10 - - [03/Nov/2019:09:19:30 -0500] "GET /SIG/index.php/Gestion%20Documental/126PA06-PR01%20CONTROL%20DOCUMENTOS%20SIG.pdf/?dir=&sort=date&order=asc/ HTTP/1.1" 200 5711
88.198.69.233 - - [03/Nov/2019:09:19:31 -0500] "GET /SIG/index.php/Control%20y%20mejora/126PE01-PR07.pdf/?dir=Direccionamiento%20Estrategico// HTTP/1.1" 200 4366
181.59.58.202 - - [03/Nov/2019:09:19:31 -0500] "GET /galeria/galeria/jquery.fancybox.css?v=2.1.5 HTTP/1.1" 200 4895
181.59.58.202 - - [03/Nov/2019:09:19:31 -0500] "GET /BLA/boletinlegal/js/jquery.scrollShow.js HTTP/1.1" 200 4586
181.59.58.202 - - [03/Nov/2019:09:19:31 -0500] "GET /galeria/galeria/jquery.fancybox.js?v=2.1.5 HTTP/1.1" 200 48706
63.141.231.10 - - [03/Nov/2019:09:19:32 -0500] "GET /SIG/index.php/Gestion%20Recursos%20Financieros/126PA02-PR07%20TRAMITE%20Y%20PAGO%20PASIVOS%20EXIGIBLES.pdf/?dir=Gestion%20Documental// HTTP/1.1" 200 6307
88.198.69.233 - - [03/Nov/2019:09:19:33 -0500] "GET /SIG/index.php/Control%20y%20mejora/126PE01-PR07.pdf/?dir=ECS// HTTP/1.1" 200 17012
63.141.231.10 - - [03/Nov/2019:09:19:34 -0500] "GET /SIG/index.php/Gestion%20Recursos%20Financieros/126PA02-PR07%20TRAMITE%20Y%20PAGO%20PASIVOS%20EXIGIBLES.pdf/ECS/126PM04-PR103.pdf/?dir=Gestion%20Documental// HTTP/1.1" 200 6569
88.198.69.233 - - [03/Nov/2019:09:19:35 -0500] "GET /SIG/index.php/Control%20y%20mejora/126PE01-PR07.pdf/?dir=Gestion%20Documental// HTTP/1.1" 200 5968
63.141.231.10 - - [03/Nov/2019:09:19:35 -0500] "GET /SIG/index.php/Gestion%20Recursos%20Financieros/126PA02-PR07%20TRAMITE%20Y%20PAGO%20PASIVOS%20EXIGIBLES.pdf/ECS/126PM04-PR103.pdf/?dir=Gestion%20Recursos%20Financieros// HTTP/1.1" 200 9877
88.198.69.233 - - [03/Nov/2019:09:19:36 -0500] "GET /SIG/index.php/Control%20y%20mejora/126PE01-PR07.pdf/?dir=Gestion%20Recursos%20Financieros// HTTP/1.1" 200 9276
63.141.231.10 - - [03/Nov/2019:09:19:37 -0500] "GET /SIG/index.php/Gestion%20Recursos%20Financieros/126PA02-PR12%20REPROGRAMACION%20DEL%20PAC.pdf/?dir=&sort=date&order=asc/ HTTP/1.1" 200 5921
66.249.88.127 - - [03/Nov/2019:09:19:38 -0500] "GET /galeria/galeria/jquery.fancybox.js?v=2.1.5 HTTP/1.1" 200 48706
66.249.88.125 - - [03/Nov/2019:09:19:38 -0500] "GET /galeria/galeria/jquery.fancybox.css?v=2.1.5 HTTP/1.1" 200 4895
66.249.88.123 - - [03/Nov/2019:09:19:38 -0500] "GET /BLA/boletinlegal/js/jquery.scrollShow.js HTTP/1.1" 200 4586
63.141.231.10 - - [03/Nov/2019:09:19:38 -0500] "GET /SIG/index.php/Gestion%20Recursos%20Financieros/126PA02-PR12%20REPROGRAMACION%20DEL%20PAC.pdf/?dir=&sort=name&order=desc/ HTTP/1.1" 200 5921
88.198.69.233 - - [03/Nov/2019:09:19:39 -0500] "GET /SIG/index.php/Control%20y%20mejora/126PE01-PR08.pdf/?dir=&sort=date&order=asc/ HTTP/1.1" 200 5232
63.141.231.10 - - [03/Nov/2019:09:19:40 -0500] "GET /SIG/index.php/Gestion%20Recursos%20Financieros/126PA02-PR12%20REPROGRAMACION%20DEL%20PAC.pdf/?dir=&sort=size&order=asc/ HTTP/1.1" 200 5921
63.141.231.10 - - [03/Nov/2019:09:19:41 -0500] "GET /SIG/index.php/Gestion%20Recursos%20Financieros/126PA02-PR12%20REPROGRAMACION%20DEL%20PAC.pdf/?dir=Comunicaciones// HTTP/1.1" 200 3572
63.141.231.10 - - [03/Nov/2019:09:19:43 -0500] "GET /SIG/index.php/Gestion%20Recursos%20Financieros/126PA02-PR12%20REPROGRAMACION%20DEL%20PAC.pdf/?dir=Control%20Disciplinario// HTTP/1.1" 200 3371
63.141.231.10 - - [03/Nov/2019:09:19:45 -0500] "GET /SIG/index.php/Gestion%20Recursos%20Financieros/126PA02-PR12%20REPROGRAMACION%20DEL%20PAC.pdf/?dir=Control%20y%20mejora// HTTP/1.1" 200 3509
88.198.69.233 - - [03/Nov/2019:09:19:45 -0500] "GET /SIG/index.php/Control%20y%20mejora/126PE01-PR08.pdf/?dir=&sort=name&order=desc/ HTTP/1.1" 200 5232
63.141.231.10 - - [03/Nov/2019:09:19:46 -0500] "GET /SIG/index.php/Gestion%20Recursos%20Financieros/126PA02-PR12%20REPROGRAMACION%20DEL%20PAC.pdf/?dir=Direccionamiento%20Estrategico// HTTP/1.1" 200 4635
88.198.69.233 - - [03/Nov/2019:09:19:47 -0500] "GET /SIG/index.php/Control%20y%20mejora/126PE01-PR08.pdf/?dir=&sort=size&order=asc/ HTTP/1.1" 200 5232
186.28.14.79 - - [03/Nov/2019:09:19:48 -0500] "GET /galeria/galeria/jquery.fancybox.css?v=2.1.5 HTTP/1.1" 200 4895
63.141.231.10 - - [03/Nov/2019:09:19:48 -0500] "GET /SIG/index.php/Gestion%20Recursos%20Financieros/126PA02-PR12%20REPROGRAMACION%20DEL%20PAC.pdf/?dir=Gestion%20Recursos%20Financieros// HTTP/1.1" 200 9545
88.198.69.233 - - [03/Nov/2019:09:19:48 -0500] "GET /SIG/index.php/Control%20y%20mejora/126PE01-PR08.pdf/?dir=Comunicaciones// HTTP/1.1" 200 3303
186.28.14.79 - - [03/Nov/2019:09:19:49 -0500] "GET /BLA/boletinlegal/js/jquery.scrollShow.js HTTP/1.1" 200 4586
63.141.231.10 - - [03/Nov/2019:09:19:49 -0500] "GET /SIG/index.php/Gestion%20Recursos%20Financieros/126PA02-PR17%20CONCILIACION%20OPERACIONES%20RECIPROCAS.pdf/?dir=&sort=date&order=asc/ HTTP/1.1" 200 6168
186.28.14.79 - - [03/Nov/2019:09:19:50 -0500] "GET /galeria/galeria/jquery.fancybox.js?v=2.1.5 HTTP/1.1" 200 48706
186.84.90.96 - - [03/Nov/2019:09:19:50 -0500] "GET /galeria/galeria/jquery.fancybox.css?v=2.1.5 HTTP/1.1" 200 4895
186.84.90.96 - - [03/Nov/2019:09:19:50 -0500] "GET /galeria/galeria/jquery.fancybox.js?v=2.1.5 HTTP/1.1" 200 48706
186.84.90.96 - - [03/Nov/2019:09:19:50 -0500] "GET /BLA/boletinlegal/js/jquery.scrollShow.js HTTP/1.1" 200 4586
88.198.69.233 - - [03/Nov/2019:09:19:50 -0500] "GET /SIG/index.php/Control%20y%20mejora/126PE01-PR08.pdf/?dir=Control%20Disciplinario// HTTP/1.1" 200 3102
63.141.231.10 - - [03/Nov/2019:09:19:51 -0500] "GET /SIG/index.php/Gestion%20Recursos%20Financieros/126PA02-PR17%20CONCILIACION%20OPERACIONES%20RECIPROCAS.pdf/?dir=&sort=name&order=desc/ HTTP/1.1" 200 6168
88.198.69.233 - - [03/Nov/2019:09:19:52 -0500] "GET /SIG/index.php/Control%20y%20mejora/126PE01-PR08.pdf/?dir=Control%20y%20mejora// HTTP/1.1" 200 3205
63.141.231.10 - - [03/Nov/2019:09:19:52 -0500] "GET /SIG/index.php/Gestion%20Recursos%20Financieros/126PA02-PR17%20CONCILIACION%20OPERACIONES%20RECIPROCAS.pdf/?dir=&sort=size&order=asc/ HTTP/1.1" 200 6168
88.198.69.233 - - [03/Nov/2019:09:19:54 -0500] "GET /SIG/index.php/Control%20y%20mejora/126PE01-PR08.pdf/?dir=Direccionamiento%20Estrategico// HTTP/1.1" 200 4366
63.141.231.10 - - [03/Nov/2019:09:19:54 -0500] "GET /SIG/index.php/Gestion%20Recursos%20Financieros/126PA02-PR17%20CONCILIACION%20OPERACIONES%20RECIPROCAS.pdf/?dir=Comunicaciones// HTTP/1.1" 200 3663
63.141.231.10 - - [03/Nov/2019:09:19:55 -0500] "GET /SIG/index.php/Gestion%20Recursos%20Financieros/126PA02-PR17%20CONCILIACION%20OPERACIONES%20RECIPROCAS.pdf/?dir=Control%20Disciplinario// HTTP/1.1" 200 3462
88.198.69.233 - - [03/Nov/2019:09:19:56 -0500] "GET /SIG/index.php/Control%20y%20mejora/126PE01-PR08.pdf/?dir=ECS// HTTP/1.1" 200 17012
63.141.231.10 - - [03/Nov/2019:09:19:57 -0500] "GET /SIG/index.php/Gestion%20Recursos%20Financieros/126PA02-PR17%20CONCILIACION%20OPERACIONES%20RECIPROCAS.pdf/?dir=Control%20y%20mejora// HTTP/1.1" 200 3613
88.198.69.233 - - [03/Nov/2019:09:19:58 -0500] "GET /SIG/index.php/Control%20y%20mejora/126PE01-PR08.pdf/?dir=Gestion%20Documental// HTTP/1.1" 200 5968
63.141.231.10 - - [03/Nov/2019:09:19:59 -0500] "GET /SIG/index.php/Gestion%20Recursos%20Financieros/126PA02-PR17%20CONCILIACION%20OPERACIONES%20RECIPROCAS.pdf/?dir=Direccionamiento%20Estrategico// HTTP/1.1" 200 4726
88.198.69.233 - - [03/Nov/2019:09:20:00 -0500] "GET /SIG/index.php/Control%20y%20mejora/126PE01-PR08.pdf/?dir=Gestion%20Recursos%20Financieros// HTTP/1.1" 200 9276
63.141.231.10 - - [03/Nov/2019:09:20:00 -0500] "GET /SIG/index.php/Gestion%20Recursos%20Financieros/126PA02-PR17%20CONCILIACION%20OPERACIONES%20RECIPROCAS.pdf/?dir=ECS// HTTP/1.1" 200 17372
88.198.69.233 - - [03/Nov/2019:09:20:02 -0500] "GET /SIG/index.php/Direccionamiento%20Estrategico/126PG01-PR02.pdf/?dir=&sort=date&order=asc/ HTTP/1.1" 200 5484
63.141.231.10 - - [03/Nov/2019:09:20:02 -0500] "GET /SIG/index.php/Gestion%20Recursos%20Financieros/126PA02-PR17%20CONCILIACION%20OPERACIONES%20RECIPROCAS.pdf/?dir=Gestion%20Documental// HTTP/1.1" 200 6328
88.198.69.233 - - [03/Nov/2019:09:20:03 -0500] "GET /SIG/index.php/Direccionamiento%20Estrategico/126PG01-PR02.pdf/?dir=&sort=name&order=desc/ HTTP/1.1" 200 5484
63.141.231.10 - - [03/Nov/2019:09:20:04 -0500] "GET /SIG/index.php/Gestion%20Recursos%20Financieros/126PA02-PR17%20CONCILIACION%20OPERACIONES%20RECIPROCAS.pdf/?dir=Gestion%20Recursos%20Financieros// HTTP/1.1" 200 9636
88.198.69.233 - - [03/Nov/2019:09:20:05 -0500] "GET /SIG/index.php/Direccionamiento%20Estrategico/126PG01-PR02.pdf/?dir=&sort=size&order=asc/ HTTP/1.1" 200 5484
63.141.231.10 - - [03/Nov/2019:09:20:05 -0500] "GET /SIG/index.php/Gestion%20Recursos%20Financieros/126PA02-PR19%20CAUSACION%20Y%20PAGO%20NOMINA.pdf/?dir=&sort=date&order=asc/ HTTP/1.1" 200 5940
192.168.175.104 - - [03/Nov/2019:09:20:05 -0500] "GET / HTTP/1.0" 200 9990
63.141.231.10 - - [03/Nov/2019:09:20:07 -0500] "GET /SIG/index.php/Gestion%20Recursos%20Financieros/126PA02-PR19%20CAUSACION%20Y%20PAGO%20NOMINA.pdf/?dir=&sort=name&order=desc/ HTTP/1.1" 200 5940
88.198.69.233 - - [03/Nov/2019:09:20:07 -0500] "GET /SIG/index.php/Direccionamiento%20Estrategico/126PG01-PR02.pdf/?dir=Comunicaciones// HTTP/1.1" 200 3411
63.141.231.10 - - [03/Nov/2019:09:20:09 -0500] "GET /SIG/index.php/Gestion%20Recursos%20Financieros/126PA02-PR19%20CAUSACION%20Y%20PAGO%20NOMINA.pdf/?dir=&sort=size&order=asc/ HTTP/1.1" 200 5940
88.198.69.233 - - [03/Nov/2019:09:20:09 -0500] "GET /SIG/index.php/Direccionamiento%20Estrategico/126PG01-PR02.pdf/?dir=Control%20Disciplinario// HTTP/1.1" 200 3210
63.141.231.10 - - [03/Nov/2019:09:20:10 -0500] "GET /SIG/index.php/Gestion%20Recursos%20Financieros/126PA02-PR19%20CAUSACION%20Y%20PAGO%20NOMINA.pdf/?dir=Comunicaciones// HTTP/1.1" 200 3579
63.141.231.10 - - [03/Nov/2019:09:20:12 -0500] "GET /SIG/index.php/Gestion%20Recursos%20Financieros/126PA02-PR19%20CAUSACION%20Y%20PAGO%20NOMINA.pdf/?dir=Control%20Disciplinario// HTTP/1.1" 200 3378
88.198.69.233 - - [03/Nov/2019:09:20:12 -0500] "GET /SIG/index.php/Direccionamiento%20Estrategico/126PG01-PR02.pdf/?dir=Control%20y%20mejora// HTTP/1.1" 200 3325
63.141.231.10 - - [03/Nov/2019:09:20:14 -0500] "GET /SIG/index.php/Gestion%20Recursos%20Financieros/126PA02-PR19%20CAUSACION%20Y%20PAGO%20NOMINA.pdf/?dir=Control%20y%20mejora// HTTP/1.1" 200 3517
88.198.69.233 - - [03/Nov/2019:09:20:14 -0500] "GET /SIG/index.php/Direccionamiento%20Estrategico/126PG01-PR02.pdf/?dir=Direccionamiento%20Estrategico// HTTP/1.1" 200 4474
63.141.231.10 - - [03/Nov/2019:09:20:15 -0500] "GET /SIG/index.php/Gestion%20Recursos%20Financieros/126PA02-PR19%20CAUSACION%20Y%20PAGO%20NOMINA.pdf/?dir=Direccionamiento%20Estrategico// HTTP/1.1" 200 4642
88.198.69.233 - - [03/Nov/2019:09:20:16 -0500] "GET /SIG/index.php/Direccionamiento%20Estrategico/126PG01-PR02.pdf/?dir=ECS// HTTP/1.1" 200 17120
63.141.231.10 - - [03/Nov/2019:09:20:17 -0500] "GET /SIG/index.php/Gestion%20Recursos%20Financieros/126PA02-PR19%20CAUSACION%20Y%20PAGO%20NOMINA.pdf/?dir=ECS// HTTP/1.1" 200 17288
88.198.69.233 - - [03/Nov/2019:09:20:18 -0500] "GET /SIG/index.php/Direccionamiento%20Estrategico/126PG01-PR05.pdf/?dir=Gestion%20Documental// HTTP/1.1" 200 6076
63.141.231.10 - - [03/Nov/2019:09:20:19 -0500] "GET /SIG/index.php/Gestion%20Recursos%20Financieros/126PA02-PR19%20CAUSACION%20Y%20PAGO%20NOMINA.pdf/?dir=Gestion%20Documental// HTTP/1.1" 200 6244
88.198.69.233 - - [03/Nov/2019:09:20:20 -0500] "GET /SIG/index.php/Direccionamiento%20Estrategico/126PG01-PR07.pdf/?dir=Control%20y%20mejora// HTTP/1.1" 200 3325
63.141.231.10 - - [03/Nov/2019:09:20:20 -0500] "GET /SIG/index.php/Gestion%20Recursos%20Financieros/126PA02-PR19%20CAUSACION%20Y%20PAGO%20NOMINA.pdf/?dir=Gestion%20Recursos%20Financieros// HTTP/1.1" 200 9552
88.198.69.233 - - [03/Nov/2019:09:20:22 -0500] "GET /SIG/index.php/Direccionamiento%20Estrategico/126PG01-PR07.pdf/?dir=Direccionamiento%20Estrategico// HTTP/1.1" 200 4474
63.141.231.10 - - [03/Nov/2019:09:20:22 -0500] "GET /SIG/index.php/Gestion%20Recursos%20Financieros/126PA02-PR20%20REGISTRO%20DE%20DIFERIDOS.pdf/?dir=&sort=date&order=asc/ HTTP/1.1" 200 5902
63.141.231.10 - - [03/Nov/2019:09:20:24 -0500] "GET /SIG/index.php/Gestion%20Recursos%20Financieros/126PA02-PR20%20REGISTRO%20DE%20DIFERIDOS.pdf/?dir=&sort=name&order=desc/ HTTP/1.1" 200 5902
88.198.69.233 - - [03/Nov/2019:09:20:25 -0500] "GET /SIG/index.php/Direccionamiento%20Estrategico/126PG01-PR07.pdf/?dir=ECS// HTTP/1.1" 200 17120
63.141.231.10 - - [03/Nov/2019:09:20:25 -0500] "GET /SIG/index.php/Gestion%20Recursos%20Financieros/126PA02-PR20%20REGISTRO%20DE%20DIFERIDOS.pdf/?dir=&sort=size&order=asc/ HTTP/1.1" 200 5902
63.141.231.10 - - [03/Nov/2019:09:20:27 -0500] "GET /SIG/index.php/Gestion%20Recursos%20Financieros/126PA02-PR20%20REGISTRO%20DE%20DIFERIDOS.pdf/?dir=Comunicaciones// HTTP/1.1" 200 3565
63.141.231.10 - - [03/Nov/2019:09:20:28 -0500] "GET /SIG/index.php/Gestion%20Recursos%20Financieros/126PA02-PR20%20REGISTRO%20DE%20DIFERIDOS.pdf/?dir=Control%20Disciplinario// HTTP/1.1" 200 3364
88.198.69.233 - - [03/Nov/2019:09:20:29 -0500] "GET /SIG/index.php/Direccionamiento%20Estrategico/126PG01-PR14.pdf/?dir=Gestion%20Documental// HTTP/1.1" 200 6076
63.141.231.10 - - [03/Nov/2019:09:20:30 -0500] "GET /SIG/index.php/Gestion%20Recursos%20Financieros/126PA02-PR20%20REGISTRO%20DE%20DIFERIDOS.pdf/?dir=Control%20y%20mejora// HTTP/1.1" 200 3501
63.141.231.10 - - [03/Nov/2019:09:20:31 -0500] "GET /SIG/index.php/Gestion%20Recursos%20Financieros/126PA02-PR20%20REGISTRO%20DE%20DIFERIDOS.pdf/?dir=Direccionamiento%20Estrategico// HTTP/1.1" 200 4628
63.141.231.10 - - [03/Nov/2019:09:20:33 -0500] "GET /SIG/index.php/Gestion%20Recursos%20Financieros/126PA02-PR20%20REGISTRO%20DE%20DIFERIDOS.pdf/?dir=ECS// HTTP/1.1" 200 17274
192.168.175.104 - - [03/Nov/2019:09:20:36 -0500] "GET / HTTP/1.1" 200 9990
88.198.69.233 - - [03/Nov/2019:09:20:37 -0500] "GET /SIG/index.php/Direccionamiento%20Estrategico/126PG01-PR14.pdf/?dir=Gestion%20Recursos%20Financieros// HTTP/1.1" 200 9384
88.198.69.233 - - [03/Nov/2019:09:20:39 -0500] "GET /SIG/index.php/Direccionamiento%20Estrategico/126PG01-PR15.pdf/?dir=Control%20y%20mejora// HTTP/1.1" 200 3325
88.198.69.233 - - [03/Nov/2019:09:20:42 -0500] "GET /SIG/index.php/Direccionamiento%20Estrategico/126PG01-PR16.pdf/?dir=Control%20Disciplinario// HTTP/1.1" 200 3210
88.198.69.233 - - [03/Nov/2019:09:20:44 -0500] "GET /SIG/index.php/Direccionamiento%20Estrategico/126PG01-PR17.pdf/?dir=&sort=date&order=asc/ HTTP/1.1" 200 5484
88.198.69.233 - - [03/Nov/2019:09:20:46 -0500] "GET /SIG/index.php/Direccionamiento%20Estrategico/126PG01-PR17.pdf/?dir=&sort=size&order=asc/ HTTP/1.1" 200 5484
88.198.69.233 - - [03/Nov/2019:09:20:47 -0500] "GET /SIG/index.php/Direccionamiento%20Estrategico/126PG01-PR17.pdf/?dir=Comunicaciones// HTTP/1.1" 200 3411
88.198.69.233 - - [03/Nov/2019:09:20:49 -0500] "GET /SIG/index.php/Direccionamiento%20Estrategico/126PG01-PR17.pdf/?dir=Control%20Disciplinario// HTTP/1.1" 200 3210
88.198.69.233 - - [03/Nov/2019:09:20:51 -0500] "GET /SIG/index.php/Direccionamiento%20Estrategico/126PG01-PR17.pdf/?dir=Control%20y%20mejora// HTTP/1.1" 200 3325
88.198.69.233 - - [03/Nov/2019:09:20:53 -0500] "GET /SIG/index.php/Direccionamiento%20Estrategico/126PG01-PR17.pdf/?dir=Direccionamiento%20Estrategico// HTTP/1.1" 200 4474
88.198.69.233 - - [03/Nov/2019:09:20:55 -0500] "GET /SIG/index.php/Direccionamiento%20Estrategico/126PG01-PR17.pdf/?dir=ECS// HTTP/1.1" 200 17120
88.198.69.233 - - [03/Nov/2019:09:20:57 -0500] "GET /SIG/index.php/ECS/126PM04-PR05.pdf/?dir=Control%20Disciplinario// HTTP/1.1" 200 2985
88.198.69.233 - - [03/Nov/2019:09:21:00 -0500] "GET /SIG/index.php/ECS/126PM04-PR05.pdf/?dir=Direccionamiento%20Estrategico// HTTP/1.1" 200 4249
88.198.69.233 - - [03/Nov/2019:09:21:02 -0500] "GET /SIG/index.php/ECS/126PM04-PR05.pdf/?dir=ECS// HTTP/1.1" 200 16895
88.198.69.233 - - [03/Nov/2019:09:21:03 -0500] "GET /SIG/index.php/ECS/126PM04-PR05.pdf/?dir=Gestion%20Documental// HTTP/1.1" 200 5851
181.51.34.151 - - [03/Nov/2019:09:21:05 -0500] "GET /galeria/galeria/jquery.fancybox.css?v=2.1.5 HTTP/1.1" 200 4895
88.198.69.233 - - [03/Nov/2019:09:21:05 -0500] "GET /SIG/index.php/ECS/126PM04-PR05.pdf/?dir=Gestion%20Recursos%20Financieros// HTTP/1.1" 200 9159
88.198.69.233 - - [03/Nov/2019:09:21:07 -0500] "GET /SIG/index.php/ECS/126PM04-PR06.pdf/?dir=&sort=date&order=asc/ HTTP/1.1" 200 4959
181.51.34.151 - - [03/Nov/2019:09:21:09 -0500] "GET /BLA/boletinlegal/js/jquery.scrollShow.js HTTP/1.1" 200 4586
181.51.34.151 - - [03/Nov/2019:09:21:09 -0500] "GET /galeria/galeria/jquery.fancybox.js?v=2.1.5 HTTP/1.1" 200 48706
88.198.69.233 - - [03/Nov/2019:09:21:09 -0500] "GET /SIG/index.php/ECS/126PM04-PR06.pdf/?dir=&sort=name&order=desc/ HTTP/1.1" 200 4959
88.198.69.233 - - [03/Nov/2019:09:21:11 -0500] "GET /SIG/index.php/ECS/126PM04-PR06.pdf/?dir=&sort=size&order=asc/ HTTP/1.1" 200 4959
88.198.69.233 - - [03/Nov/2019:09:21:13 -0500] "GET /SIG/index.php/ECS/126PM04-PR06.pdf/?dir=Comunicaciones// HTTP/1.1" 200 3186
88.198.69.233 - - [03/Nov/2019:09:21:15 -0500] "GET /SIG/index.php/ECS/126PM04-PR06.pdf/?dir=Control%20Disciplinario// HTTP/1.1" 200 2985
88.198.69.233 - - [03/Nov/2019:09:21:16 -0500] "GET /SIG/index.php/ECS/126PM04-PR06.pdf/?dir=Control%20y%20mejora// HTTP/1.1" 200 3075
88.198.69.233 - - [03/Nov/2019:09:21:18 -0500] "GET /SIG/index.php/ECS/126PM04-PR06.pdf/?dir=Direccionamiento%20Estrategico// HTTP/1.1" 200 4249
88.198.69.233 - - [03/Nov/2019:09:21:20 -0500] "GET /SIG/index.php/ECS/126PM04-PR06.pdf/?dir=Direccionamiento%20Estrategico//&sort=date&order=asc/ HTTP/1.1" 200 4248
88.198.69.233 - - [03/Nov/2019:09:21:22 -0500] "GET /SIG/index.php/ECS/126PM04-PR06.pdf/?dir=Direccionamiento%20Estrategico//&sort=name&order=desc/ HTTP/1.1" 200 4248
88.198.69.233 - - [03/Nov/2019:09:21:23 -0500] "GET /SIG/index.php/ECS/126PM04-PR06.pdf/?dir=ECS// HTTP/1.1" 200 16895
88.198.69.233 - - [03/Nov/2019:09:21:25 -0500] "GET /SIG/index.php/ECS/126PM04-PR06.pdf/?dir=Gestion%20Documental//&sort=date&order=asc/ HTTP/1.1" 200 5850
88.198.69.233 - - [03/Nov/2019:09:21:27 -0500] "GET /SIG/index.php/ECS/126PM04-PR06.pdf/?dir=Gestion%20Recursos%20Financieros// HTTP/1.1" 200 9159
88.198.69.233 - - [03/Nov/2019:09:21:29 -0500] "GET /SIG/index.php/ECS/126PM04-PR07.pdf/?dir=Control%20Disciplinario// HTTP/1.1" 200 2985
181.49.188.11 - - [03/Nov/2019:09:21:30 -0500] "GET /galeria/galeria/jquery.fancybox.js?v=2.1.5 HTTP/1.1" 200 48706
181.49.188.11 - - [03/Nov/2019:09:21:30 -0500] "GET /galeria/galeria/jquery.fancybox.css?v=2.1.5 HTTP/1.1" 200 4895
181.49.188.11 - - [03/Nov/2019:09:21:30 -0500] "GET /BLA/boletinlegal/js/jquery.scrollShow.js HTTP/1.1" 200 4586
88.198.69.233 - - [03/Nov/2019:09:21:31 -0500] "GET /SIG/index.php/ECS/126PM04-PR08.pdf/ECS/126PM04-PR103.pdf/?dir=&sort=name&order=desc/ HTTP/1.1" 200 5419
88.198.69.233 - - [03/Nov/2019:09:21:33 -0500] "GET /SIG/index.php/ECS/126PM04-PR08.pdf/ECS/126PM04-PR103.pdf/?dir=Comunicaciones// HTTP/1.1" 200 3382
88.198.69.233 - - [03/Nov/2019:09:21:35 -0500] "GET /SIG/index.php/ECS/126PM04-PR08.pdf/ECS/126PM04-PR103.pdf/?dir=Control%20Disciplinario// HTTP/1.1" 200 3181
88.198.69.233 - - [03/Nov/2019:09:21:36 -0500] "GET /SIG/index.php/ECS/126PM04-PR08.pdf/ECS/126PM04-PR103.pdf/?dir=Control%20y%20mejora// HTTP/1.1" 200 3293
88.198.69.233 - - [03/Nov/2019:09:21:38 -0500] "GET /SIG/index.php/ECS/126PM04-PR08.pdf/ECS/126PM04-PR103.pdf/?dir=Direccionamiento%20Estrategico// HTTP/1.1" 200 4445
186.29.206.27 - - [03/Nov/2019:09:21:38 -0500] "GET /galeria/galeria/jquery.fancybox.css?v=2.1.5 HTTP/1.1" 200 4895
186.29.206.27 - - [03/Nov/2019:09:21:38 -0500] "GET /galeria/carrusel/Carrusel/jquery.thumbnailScroller.css HTTP/1.1" 200 2066
186.29.206.27 - - [03/Nov/2019:09:21:38 -0500] "GET /BLA/boletinlegal/js/jquery.scrollShow.js HTTP/1.1" 200 4586
186.29.206.27 - - [03/Nov/2019:09:21:38 -0500] "GET /galeria/galeria/jquery.fancybox.js?v=2.1.5 HTTP/1.1" 200 48706
186.29.206.27 - - [03/Nov/2019:09:21:39 -0500] "GET /galeria/carrusel/Carrusel/jquery-ui-1.8.13.custom.min.js HTTP/1.1" 200 10800
186.29.206.27 - - [03/Nov/2019:09:21:39 -0500] "GET /galeria/carrusel/Carrusel/jquery.thumbnailScroller.js HTTP/1.1" 200 8157
186.29.206.27 - - [03/Nov/2019:09:21:39 -0500] "GET /galeria/nivo-slider/demo/inicio.html HTTP/1.1" 200 4979
88.198.69.233 - - [03/Nov/2019:09:21:40 -0500] "GET /SIG/index.php/ECS/126PM04-PR08.pdf/ECS/126PM04-PR103.pdf/?dir=ECS// HTTP/1.1" 200 17091
186.29.206.27 - - [03/Nov/2019:09:21:40 -0500] "GET /galeria/nivo-slider/themes/default/default.css HTTP/1.1" 200 1569
186.29.206.27 - - [03/Nov/2019:09:21:40 -0500] "GET /galeria/nivo-slider/themes/orman/orman.css HTTP/1.1" 200 2152
186.29.206.27 - - [03/Nov/2019:09:21:40 -0500] "GET /galeria/nivo-slider/themes/pascal/pascal.css HTTP/1.1" 200 2258
186.29.206.27 - - [03/Nov/2019:09:21:40 -0500] "GET /galeria/nivo-slider/nivo-slider.css HTTP/1.1" 200 1507
186.29.206.27 - - [03/Nov/2019:09:21:40 -0500] "GET /galeria/nivo-slider/demo/style.css HTTP/1.1" 200 2222
186.29.206.27 - - [03/Nov/2019:09:21:40 -0500] "GET /galeria/nivo-slider/demo/scripts/jquery-1.7.1.min.js HTTP/1.1" 200 93868
186.29.206.27 - - [03/Nov/2019:09:21:41 -0500] "GET /galeria/nivo-slider/jquery.nivo.slider.pack.js HTTP/1.1" 200 11561
88.198.69.233 - - [03/Nov/2019:09:21:42 -0500] "GET /SIG/index.php/ECS/126PM04-PR08.pdf/ECS/126PM04-PR103.pdf/?dir=Gestion%20Recursos%20Financieros// HTTP/1.1" 200 9355
186.29.206.27 - - [03/Nov/2019:09:21:43 -0500] "GET /galeria/nivo-slider/demo/images/Bannerveterinaria.jpg HTTP/1.1" 200 254705
186.29.206.27 - - [03/Nov/2019:09:21:44 -0500] "GET /galeria/nivo-slider/demo/images/iniciativas-Ambientales.jpg HTTP/1.1" 200 201405
186.29.206.27 - - [03/Nov/2019:09:21:44 -0500] "GET /galeria/nivo-slider/demo/images/Banner%20tinguas.jpg HTTP/1.1" 200 214878
88.198.69.233 - - [03/Nov/2019:09:21:44 -0500] "GET /SIG/index.php/ECS/126PM04-PR08.pdf/ECS/126PM04-PR13.pdf/?dir=&sort=date&order=asc/ HTTP/1.1" 200 5400
186.29.206.27 - - [03/Nov/2019:09:21:44 -0500] "GET /galeria/nivo-slider/demo/images/banneragendamiento.jpg HTTP/1.1" 200 116897
186.29.206.27 - - [03/Nov/2019:09:21:45 -0500] "GET /galeria/nivo-slider/demo/images/4Simple_Slider.png HTTP/1.1" 200 11722
186.29.206.27 - - [03/Nov/2019:09:21:46 -0500] "GET /galeria/nivo-slider/themes/default/loading.gif HTTP/1.1" 200 1737
88.198.69.233 - - [03/Nov/2019:09:21:46 -0500] "GET /SIG/index.php/ECS/126PM04-PR08.pdf/ECS/126PM04-PR13.pdf/?dir=&sort=name&order=desc/ HTTP/1.1" 200 5400
186.29.206.27 - - [03/Nov/2019:09:21:46 -0500] "GET /galeria/nivo-slider/demo/images/Bannerserpiente2019.jpg HTTP/1.1" 200 270374
88.198.69.233 - - [03/Nov/2019:09:21:47 -0500] "GET /SIG/index.php/ECS/126PM04-PR08.pdf/ECS/126PM04-PR13.pdf/?dir=&sort=size&order=asc/ HTTP/1.1" 200 5400
186.29.206.27 - - [03/Nov/2019:09:21:48 -0500] "GET /galeria/nivo-slider/demo/images/Noviembre.png HTTP/1.1" 200 519399
88.198.69.233 - - [03/Nov/2019:09:21:49 -0500] "GET /SIG/index.php/ECS/126PM04-PR08.pdf/ECS/126PM04-PR13.pdf/?dir=Comunicaciones// HTTP/1.1" 200 3375
186.29.206.27 - - [03/Nov/2019:09:21:50 -0500] "GET /galeria/nivo-slider/demo/images/puntos%20atencion%20BANNER.jpg HTTP/1.1" 200 244208
186.29.206.27 - - [03/Nov/2019:09:21:51 -0500] "GET /galeria/nivo-slider/demo/images/Banner%20Visor%20Geografico%20Ambiental.jpg HTTP/1.1" 200 204673
88.198.69.233 - - [03/Nov/2019:09:21:51 -0500] "GET /SIG/index.php/ECS/126PM04-PR08.pdf/ECS/126PM04-PR13.pdf/?dir=Control%20Disciplinario// HTTP/1.1" 200 3174
186.29.206.27 - - [03/Nov/2019:09:21:52 -0500] "GET /galeria/nivo-slider/demo/images/Banner%20consumo%20sostenible%20final.jpg HTTP/1.1" 200 364746
186.29.206.27 - - [03/Nov/2019:09:21:52 -0500] "GET /galeria/nivo-slider/demo/images/bannersectorambiente.png HTTP/1.1" 200 308540
88.198.69.233 - - [03/Nov/2019:09:21:53 -0500] "GET /SIG/index.php/ECS/126PM04-PR08.pdf/ECS/126PM04-PR13.pdf/?dir=Control%20y%20mejora// HTTP/1.1" 200 3285
88.198.69.233 - - [03/Nov/2019:09:21:55 -0500] "GET /SIG/index.php/ECS/126PM04-PR08.pdf/ECS/126PM04-PR13.pdf/?dir=Direccionamiento%20Estrategico// HTTP/1.1" 200 4438
88.198.69.233 - - [03/Nov/2019:09:21:56 -0500] "GET /SIG/index.php/ECS/126PM04-PR08.pdf/ECS/126PM04-PR13.pdf/?dir=ECS// HTTP/1.1" 200 17084
66.249.66.156 - - [03/Nov/2019:09:21:59 -0500] "GET /BLA/resoluciones/AUTOS%202015/2642.pdf HTTP/1.1" 200 631682
88.198.69.233 - - [03/Nov/2019:09:22:02 -0500] "GET /SIG/index.php/ECS/126PM04-PR08.pdf/ECS/126PM04-PR13.pdf/?dir=Gestion%20Documental// HTTP/1.1" 200 6040
88.198.69.233 - - [03/Nov/2019:09:22:04 -0500] "GET /SIG/index.php/ECS/126PM04-PR08.pdf/ECS/126PM04-PR13.pdf/?dir=Gestion%20Recursos%20Financieros// HTTP/1.1" 200 9348
88.198.69.233 - - [03/Nov/2019:09:22:07 -0500] "GET /SIG/index.php/ECS/126PM04-PR08.pdf/ECS/126PM04-PR14.pdf/?dir=&sort=date&order=asc/ HTTP/1.1" 200 5400
88.198.69.233 - - [03/Nov/2019:09:22:09 -0500] "GET /SIG/index.php/ECS/126PM04-PR08.pdf/ECS/126PM04-PR14.pdf/?dir=&sort=name&order=desc/ HTTP/1.1" 200 5400
88.198.69.233 - - [03/Nov/2019:09:22:11 -0500] "GET /SIG/index.php/ECS/126PM04-PR08.pdf/ECS/126PM04-PR14.pdf/?dir=&sort=size&order=asc/ HTTP/1.1" 200 5400
88.198.69.233 - - [03/Nov/2019:09:22:13 -0500] "GET /SIG/index.php/ECS/126PM04-PR08.pdf/ECS/126PM04-PR14.pdf/?dir=Comunicaciones// HTTP/1.1" 200 3375
88.198.69.233 - - [03/Nov/2019:09:22:15 -0500] "GET /SIG/index.php/ECS/126PM04-PR08.pdf/ECS/126PM04-PR14.pdf/?dir=Control%20Disciplinario// HTTP/1.1" 200 3174
88.198.69.233 - - [03/Nov/2019:09:22:17 -0500] "GET /SIG/index.php/ECS/126PM04-PR08.pdf/ECS/126PM04-PR14.pdf/?dir=Control%20y%20mejora// HTTP/1.1" 200 3285
88.198.69.233 - - [03/Nov/2019:09:22:19 -0500] "GET /SIG/index.php/ECS/126PM04-PR08.pdf/ECS/126PM04-PR14.pdf/?dir=Direccionamiento%20Estrategico// HTTP/1.1" 200 4438
66.249.88.125 - - [03/Nov/2019:09:22:20 -0500] "GET /galeria/galeria/jquery.fancybox.css?v=2.1.5 HTTP/1.1" 200 4895
66.249.88.125 - - [03/Nov/2019:09:22:20 -0500] "GET /galeria/galeria/jquery.fancybox.js?v=2.1.5 HTTP/1.1" 200 48706
66.249.88.123 - - [03/Nov/2019:09:22:20 -0500] "GET /BLA/boletinlegal/js/jquery.scrollShow.js HTTP/1.1" 200 4586
88.198.69.233 - - [03/Nov/2019:09:22:21 -0500] "GET /SIG/index.php/ECS/126PM04-PR08.pdf/ECS/126PM04-PR83.pdf/?dir=Direccionamiento%20Estrategico// HTTP/1.1" 200 4438
88.198.69.233 - - [03/Nov/2019:09:22:23 -0500] "GET /SIG/index.php/ECS/126PM04-PR08.pdf/ECS/126PM04-PR83.pdf/?dir=ECS// HTTP/1.1" 200 17084
88.198.69.233 - - [03/Nov/2019:09:22:25 -0500] "GET /SIG/index.php/ECS/126PM04-PR09.pdf/?dir=Comunicaciones//&sort=size&order=asc/ HTTP/1.1" 200 3185
88.198.69.233 - - [03/Nov/2019:09:22:26 -0500] "GET /SIG/index.php/ECS/126PM04-PR09.pdf/?dir=Control%20y%20mejora// HTTP/1.1" 200 3075
88.198.69.233 - - [03/Nov/2019:09:22:28 -0500] "GET /SIG/index.php/ECS/126PM04-PR09.pdf/?dir=Control%20y%20mejora//&sort=date&order=asc/ HTTP/1.1" 200 3074
88.198.69.233 - - [03/Nov/2019:09:22:31 -0500] "GET /SIG/index.php/ECS/126PM04-PR09.pdf/?dir=Control%20y%20mejora//&sort=size&order=asc/ HTTP/1.1" 200 3074
88.198.69.233 - - [03/Nov/2019:09:22:32 -0500] "GET /SIG/index.php/ECS/126PM04-PR09.pdf/?dir=Control%20y%20mejora//Control%20y%20mejora// HTTP/1.1" 200 3260
88.198.69.233 - - [03/Nov/2019:09:22:34 -0500] "GET /SIG/index.php/ECS/126PM04-PR09.pdf/?dir=Direccionamiento%20Estrategico// HTTP/1.1" 200 4249
