148.251.22.75 - - [09/Nov/2019:13:29:55 -0500] "GET /StormSDA/userFiles/user_files/96/?C=S;O=A/ HTTP/1.1" 200 813
5.9.97.200 - - [09/Nov/2019:13:29:55 -0500] "GET /SIG/index.php/Gestion%20Documental/126PA06-PR10%20INGRESO%20Y%20CATALOGACION%20MATERIAL%20BILIOG.CENTRO%20DOCUMENTACION.pdf/?dir=Comunicaciones// HTTP/1.1" 200 3741
5.9.97.200 - - [09/Nov/2019:13:29:57 -0500] "GET /SIG/index.php/Gestion%20Documental/126PA06-PR10%20INGRESO%20Y%20CATALOGACION%20MATERIAL%20BILIOG.CENTRO%20DOCUMENTACION.pdf/?dir=Control%20Disciplinario// HTTP/1.1" 200 3540
5.9.97.200 - - [09/Nov/2019:13:29:59 -0500] "GET /SIG/index.php/Gestion%20Documental/126PA06-PR10%20INGRESO%20Y%20CATALOGACION%20MATERIAL%20BILIOG.CENTRO%20DOCUMENTACION.pdf/?dir=Control%20y%20mejora// HTTP/1.1" 200 3705
5.9.97.200 - - [09/Nov/2019:13:30:01 -0500] "GET /SIG/index.php/Gestion%20Documental/126PA06-PR13%20CONTROL%20DOCUMENTOS%20EXTERNOS-NORMOGRAMA.pdf/?dir=&sort=date&order=asc/ HTTP/1.1" 200 6015
5.9.97.200 - - [09/Nov/2019:13:30:02 -0500] "GET /SIG/index.php/Gestion%20Documental/126PA06-PR13%20CONTROL%20DOCUMENTOS%20EXTERNOS-NORMOGRAMA.pdf/?dir=&sort=name&order=desc/ HTTP/1.1" 200 6015
5.9.97.200 - - [09/Nov/2019:13:30:04 -0500] "GET /SIG/index.php/Gestion%20Documental/126PA06-PR13%20CONTROL%20DOCUMENTOS%20EXTERNOS-NORMOGRAMA.pdf/?dir=&sort=size&order=asc/ HTTP/1.1" 200 6015
148.251.22.75 - - [09/Nov/2019:13:30:05 -0500] "GET /StormSDA/userFiles/user_files/97/?C=N;O=D/ HTTP/1.1" 200 813
5.9.97.200 - - [09/Nov/2019:13:30:06 -0500] "GET /SIG/index.php/Gestion%20Documental/126PA06-PR13%20CONTROL%20DOCUMENTOS%20EXTERNOS-NORMOGRAMA.pdf/?dir=Comunicaciones// HTTP/1.1" 200 3594
5.9.97.200 - - [09/Nov/2019:13:30:08 -0500] "GET /SIG/index.php/Gestion%20Documental/126PA06-PR13%20CONTROL%20DOCUMENTOS%20EXTERNOS-NORMOGRAMA.pdf/?dir=Control%20Disciplinario// HTTP/1.1" 200 3393
5.9.97.200 - - [09/Nov/2019:13:30:09 -0500] "GET /SIG/index.php/Gestion%20Documental/126PA06-PR13%20CONTROL%20DOCUMENTOS%20EXTERNOS-NORMOGRAMA.pdf/?dir=Control%20y%20mejora// HTTP/1.1" 200 3537
148.251.22.75 - - [09/Nov/2019:13:30:10 -0500] "GET /StormSDA/userFiles/user_files/98/?C=N;O=D/ HTTP/1.1" 200 813
5.9.97.200 - - [09/Nov/2019:13:30:11 -0500] "GET /SIG/index.php/Gestion%20Documental/126PA06-PR13%20CONTROL%20DOCUMENTOS%20EXTERNOS-NORMOGRAMA.pdf/?dir=Direccionamiento%20Estrategico// HTTP/1.1" 200 4657
5.9.97.200 - - [09/Nov/2019:13:30:13 -0500] "GET /SIG/index.php/Gestion%20Documental/126PA06-PR13%20CONTROL%20DOCUMENTOS%20EXTERNOS-NORMOGRAMA.pdf/?dir=ECS// HTTP/1.1" 200 17303
5.9.97.200 - - [09/Nov/2019:13:30:15 -0500] "GET /SIG/index.php/Gestion%20Documental/126PA06-PR13%20CONTROL%20DOCUMENTOS%20EXTERNOS-NORMOGRAMA.pdf/?dir=Gestion%20Documental// HTTP/1.1" 200 6259
5.9.97.200 - - [09/Nov/2019:13:30:16 -0500] "GET /SIG/index.php/Gestion%20Documental/126PA06-PR13%20CONTROL%20DOCUMENTOS%20EXTERNOS-NORMOGRAMA.pdf/?dir=Gestion%20Recursos%20Financieros// HTTP/1.1" 200 9567
148.251.22.75 - - [09/Nov/2019:13:30:18 -0500] "GET /galeria/juegos/objects/?C=S;O=D/ HTTP/1.1" 200 778
5.9.97.200 - - [09/Nov/2019:13:30:18 -0500] "GET /SIG/index.php/Gestion%20Recursos%20Financieros/126PA02-PR06%20MODIFICACIONES%20PRESUPUESTALES.pdf/ECS/126PM04-PR40.pdf/?dir=Control%20Disciplinario// HTTP/1.1" 200 3669
5.9.97.200 - - [09/Nov/2019:13:30:20 -0500] "GET /SIG/index.php/Gestion%20Recursos%20Financieros/126PA02-PR22%20REGISTRO%20LITIGIOS%20Y%20DEMANDAS.pdf/?dir=&sort=name&order=desc/ HTTP/1.1" 200 6035
148.251.22.75 - - [09/Nov/2019:13:30:24 -0500] "GET /galeria/mapa/?C=D;O=A/ HTTP/1.1" 200 6432
148.251.22.75 - - [09/Nov/2019:13:30:28 -0500] "GET /galeria/mapa/?C=M;O=A/ HTTP/1.1" 200 6432
209.107.195.162 - - [09/Nov/2019:13:30:03 -0500] "GET /sendero/DOCUMENTO%20EIA.zip HTTP/1.1" 200 3018262
190.158.112.71 - - [09/Nov/2019:13:30:33 -0500] "GET /BLA/boletinlegal/js/jquery.scrollShow.js HTTP/1.1" 200 4586
190.158.112.71 - - [09/Nov/2019:13:30:33 -0500] "GET /galeria/galeria/jquery.fancybox.js?v=2.1.5 HTTP/1.1" 200 48706
190.158.112.71 - - [09/Nov/2019:13:30:33 -0500] "GET /galeria/galeria/jquery.fancybox.css?v=2.1.5 HTTP/1.1" 200 4895
190.130.121.200 - - [09/Nov/2019:13:30:36 -0500] "GET /galeria/galeria/jquery.fancybox.css?v=2.1.5 HTTP/1.1" 200 4895
190.130.121.200 - - [09/Nov/2019:13:30:36 -0500] "GET /BLA/boletinlegal/js/jquery.scrollShow.js HTTP/1.1" 200 4586
190.130.121.200 - - [09/Nov/2019:13:30:36 -0500] "GET /galeria/galeria/jquery.fancybox.js?v=2.1.5 HTTP/1.1" 200 48706
148.251.22.75 - - [09/Nov/2019:13:30:36 -0500] "GET /galeria/mapa/?C=N;O=D/ HTTP/1.1" 200 6432
148.251.22.75 - - [09/Nov/2019:13:30:43 -0500] "GET /galeria/mapa/?C=S;O=A/ HTTP/1.1" 200 6432
148.251.22.75 - - [09/Nov/2019:13:30:54 -0500] "GET /galeria/mapa2/?C=D;O=A/ HTTP/1.1" 200 5104
209.197.24.6 - - [09/Nov/2019:13:30:32 -0500] "GET /sendero/DOCUMENTO%20EIA.zip HTTP/1.1" 200 4436322
148.251.22.75 - - [09/Nov/2019:13:30:59 -0500] "GET /galeria/mapa2/?C=M;O=A/ HTTP/1.1" 200 5104
190.158.112.71 - - [09/Nov/2019:13:31:00 -0500] "GET /BLA/boletinlegal/js/jquery.scrollShow.js HTTP/1.1" 200 4586
190.158.112.71 - - [09/Nov/2019:13:31:00 -0500] "GET /galeria/galeria/jquery.fancybox.css?v=2.1.5 HTTP/1.1" 200 4895
190.158.112.71 - - [09/Nov/2019:13:31:00 -0500] "GET /galeria/galeria/jquery.fancybox.js?v=2.1.5 HTTP/1.1" 200 48706
66.249.65.250 - - [09/Nov/2019:13:31:02 -0500] "GET /BLA/resoluciones/AUTOS%202018/0122.pdf HTTP/1.1" 200 322022
148.251.22.75 - - [09/Nov/2019:13:31:10 -0500] "GET /galeria/mapa2/?C=N;O=D/ HTTP/1.1" 200 5104
66.249.65.250 - - [09/Nov/2019:13:31:14 -0500] "GET /BLA/resoluciones/AUTOS%202017/0431.pdf HTTP/1.1" 200 342569
148.251.22.75 - - [09/Nov/2019:13:31:18 -0500] "GET /galeria/mapa2/?C=S;O=A/ HTTP/1.1" 200 5104
148.251.22.75 - - [09/Nov/2019:13:31:27 -0500] "GET /galeria/nivo-slider/demo/?C=N;O=D/ HTTP/1.1" 200 4438
54.36.150.128 - - [09/Nov/2019:13:31:35 -0500] "GET /BLA/resoluciones/RESOLUCIONES%202005/RES%202005%201101-1150/00001116.tif HTTP/1.1" 200 137006
148.251.22.75 - - [09/Nov/2019:13:31:36 -0500] "GET /galeria/nivo-slider/demo/documents/?C=D;O=A/ HTTP/1.1" 200 1581
148.251.22.75 - - [09/Nov/2019:13:31:50 -0500] "GET /galeria/nivo-slider/demo/documents/?C=M;O=A/ HTTP/1.1" 200 1581
186.28.221.175 - - [09/Nov/2019:13:31:51 -0500] "GET /galeria/galeria/jquery.fancybox.js?v=2.1.5 HTTP/1.1" 200 48706
186.28.221.175 - - [09/Nov/2019:13:31:51 -0500] "GET /BLA/boletinlegal/js/jquery.scrollShow.js HTTP/1.1" 200 4586
186.28.221.175 - - [09/Nov/2019:13:31:51 -0500] "GET /galeria/galeria/jquery.fancybox.css?v=2.1.5 HTTP/1.1" 200 4895
186.28.221.175 - - [09/Nov/2019:13:31:54 -0500] "GET /galeria/galeria/jquery.fancybox.css?v=2.1.5 HTTP/1.1" 304 -
186.28.221.175 - - [09/Nov/2019:13:31:54 -0500] "GET /BLA/boletinlegal/js/jquery.scrollShow.js HTTP/1.1" 304 -
186.28.221.175 - - [09/Nov/2019:13:31:54 -0500] "GET /galeria/galeria/jquery.fancybox.js?v=2.1.5 HTTP/1.1" 304 -
148.251.22.75 - - [09/Nov/2019:13:31:56 -0500] "GET /galeria/nivo-slider/demo/documents/?C=N;O=D/ HTTP/1.1" 200 1581
148.251.22.75 - - [09/Nov/2019:13:32:03 -0500] "GET /galeria/nivo-slider/demo/documents/?C=S;O=A/ HTTP/1.1" 200 1581
148.251.22.75 - - [09/Nov/2019:13:32:10 -0500] "GET /galeria/nivo-slider/themes/default/?C=D;O=A/ HTTP/1.1" 200 1667
186.82.132.64 - - [09/Nov/2019:13:32:13 -0500] "GET /galeria/galeria/jquery.fancybox.css?v=2.1.5 HTTP/1.1" 200 4895
186.82.132.64 - - [09/Nov/2019:13:32:13 -0500] "GET /BLA/boletinlegal/js/jquery.scrollShow.js HTTP/1.1" 200 4586
186.82.132.64 - - [09/Nov/2019:13:32:13 -0500] "GET /galeria/galeria/jquery.fancybox.js?v=2.1.5 HTTP/1.1" 200 48706
148.251.22.75 - - [09/Nov/2019:13:32:16 -0500] "GET /galeria/nivo-slider/themes/default/?C=M;O=A/ HTTP/1.1" 200 1667
148.251.22.75 - - [09/Nov/2019:13:32:21 -0500] "GET /galeria/nivo-slider/themes/default/?C=N;O=D/ HTTP/1.1" 200 1667
148.251.22.75 - - [09/Nov/2019:13:32:29 -0500] "GET /galeria/nivo-slider/themes/default/?C=S;O=A/ HTTP/1.1" 200 1667
66.102.6.187 - - [09/Nov/2019:13:32:32 -0500] "GET /galeria/galeria/jquery.fancybox.js?v=2.1.5 HTTP/1.1" 304 -
66.102.6.191 - - [09/Nov/2019:13:32:32 -0500] "GET /BLA/boletinlegal/js/jquery.scrollShow.js HTTP/1.1" 304 -
66.102.6.187 - - [09/Nov/2019:13:32:32 -0500] "GET /galeria/galeria/jquery.fancybox.css?v=2.1.5 HTTP/1.1" 304 -
148.251.22.75 - - [09/Nov/2019:13:32:37 -0500] "GET /galeria/nivo-slider/themes/pascal/?C=D;O=A/ HTTP/1.1" 200 2309
148.251.22.75 - - [09/Nov/2019:13:32:43 -0500] "GET /galeria/nivo-slider/themes/pascal/?C=M;O=A/ HTTP/1.1" 200 2309
148.251.22.75 - - [09/Nov/2019:13:32:51 -0500] "GET /galeria/nivo-slider/themes/pascal/?C=N;O=A/ HTTP/1.1" 200 2309
186.154.38.111 - - [09/Nov/2019:13:32:56 -0500] "GET /catalogoisis/ HTTP/1.1" 200 8575
66.249.65.254 - - [09/Nov/2019:13:32:57 -0500] "GET /BLA/resoluciones/RESOLUCIONES%202014/2501.pdf HTTP/1.1" 200 623530
148.251.22.75 - - [09/Nov/2019:13:33:00 -0500] "GET /galeria/nivo-slider/themes/pascal/?C=N;O=D/ HTTP/1.1" 200 2309
148.251.22.75 - - [09/Nov/2019:13:33:08 -0500] "GET /galeria/nivo-slider/themes/pascal/?C=S;O=A/ HTTP/1.1" 200 2309
148.251.22.75 - - [09/Nov/2019:13:33:12 -0500] "GET /galeria/pdf/?C=D;O=D/ HTTP/1.1" 200 749
148.251.22.75 - - [09/Nov/2019:13:33:17 -0500] "GET /galeria/pdf/?C=M;O=D/ HTTP/1.1" 200 749
148.251.22.75 - - [09/Nov/2019:13:33:26 -0500] "GET /galeria/pdf/?C=N;O=A/ HTTP/1.1" 200 749
148.251.22.75 - - [09/Nov/2019:13:33:34 -0500] "GET /galeria/pdf/?C=S;O=D/ HTTP/1.1" 200 749
148.251.22.75 - - [09/Nov/2019:13:33:48 -0500] "GET /robots.txt HTTP/1.1" 404 1019
148.251.22.75 - - [09/Nov/2019:13:33:53 -0500] "GET /Anexos%20estudio%20Organizacional%20SDA/index.php?dir=ANEXO%20No.%201-%20NORMAS%20LEGALES%20DE%20ESTRUCTURA%20Y%20PLANTA/Decreto%20562%20de%202006%20-%20Establece%20planta%20de%20cargos%20de%20SDA.jsp_files/&sort=date&order=asc/ HTTP/1.1" 200 10554
69.162.124.232 - - [09/Nov/2019:13:33:56 -0500] "HEAD / HTTP/1.1" 200 -
148.251.22.75 - - [09/Nov/2019:13:34:01 -0500] "GET /Anexos%20estudio%20Organizacional%20SDA/index.php?dir=ANEXO%20No.%201-%20NORMAS%20LEGALES%20DE%20ESTRUCTURA%20Y%20PLANTA/Decreto%20562%20de%202006%20-%20Establece%20planta%20de%20cargos%20de%20SDA.jsp_files/&sort=name&order=desc/ HTTP/1.1" 200 10548
148.251.22.75 - - [09/Nov/2019:13:34:06 -0500] "GET /Anexos%20estudio%20Organizacional%20SDA/index.php?dir=ANEXO%20No.%201-%20NORMAS%20LEGALES%20DE%20ESTRUCTURA%20Y%20PLANTA/Decreto%20562%20de%202006%20-%20Establece%20planta%20de%20cargos%20de%20SDA.jsp_files/&sort=size&order=asc/ HTTP/1.1" 200 10720
148.251.22.75 - - [09/Nov/2019:13:34:14 -0500] "GET /Anexos%20estudio%20Organizacional%20SDA/index.php?dir=ANEXO%20No.%201-%20NORMAS%20LEGALES%20DE%20ESTRUCTURA%20Y%20PLANTA/Decreto%20673%20de%201995%20Reestructura%20el%20DAMA_files/&sort=date&order=asc/ HTTP/1.1" 200 9506
148.251.22.75 - - [09/Nov/2019:13:34:21 -0500] "GET /Autoliquidacion/index.php?dir=Fauna%20Silvestre/Manual%20tramite%20en%20linea/&sort=date&order=desc/ HTTP/1.1" 200 2519
148.251.22.75 - - [09/Nov/2019:13:34:28 -0500] "GET /Autoliquidacion/index.php?dir=Fauna%20Silvestre/Manual%20tramite%20en%20linea/&sort=name&order=asc/ HTTP/1.1" 200 2519
148.251.22.75 - - [09/Nov/2019:13:34:34 -0500] "GET /Autoliquidacion/index.php?dir=Fauna%20Silvestre/Manual%20tramite%20en%20linea/&sort=size&order=desc/ HTTP/1.1" 200 2519
189.216.197.165 - - [09/Nov/2019:13:34:34 -0500] "GET /galeria/galeria/jquery.fancybox.css?v=2.1.5 HTTP/1.1" 200 4895
66.249.65.250 - - [09/Nov/2019:13:34:36 -0500] "GET /BLA/resoluciones/RESOLUCIONES%202007/RES%202007%201401%20AL%201500/RESOLUCION%201409%20DE%202007.pdf HTTP/1.1" 200 276957
189.216.197.165 - - [09/Nov/2019:13:34:37 -0500] "GET /BLA/boletinlegal/js/jquery.scrollShow.js HTTP/1.1" 200 4586
189.216.197.165 - - [09/Nov/2019:13:34:37 -0500] "GET /galeria/galeria/jquery.fancybox.js?v=2.1.5 HTTP/1.1" 200 48706
148.251.22.75 - - [09/Nov/2019:13:34:37 -0500] "GET /Autoliquidacion/index.php?dir=Solicitudes%20relacionadas%20con%20calidad%20del%20aire%20auditiva%20y%20visual/Registro%20de%20Elementos%20de%20publicidad%20Exterior%20Visual/&sort=size&order=asc/ HTTP/1.1" 200 4344
148.251.22.75 - - [09/Nov/2019:13:34:44 -0500] "GET /SIG/index.php/Comunicaciones/126PG02-PR06.pdf/?dir=&sort=name&order=desc/ HTTP/1.1" 200 5190
190.242.126.82 - - [09/Nov/2019:13:34:48 -0500] "GET /galeria/carrusel/Carrusel/jquery-ui-1.8.13.custom.min.js HTTP/1.1" 200 10800
190.242.126.82 - - [09/Nov/2019:13:34:49 -0500] "GET /galeria/carrusel/Carrusel/jquery.thumbnailScroller.css HTTP/1.1" 200 2066
190.242.126.82 - - [09/Nov/2019:13:34:49 -0500] "GET /galeria/carrusel/Carrusel/jquery.thumbnailScroller.js HTTP/1.1" 200 8157
190.242.126.82 - - [09/Nov/2019:13:34:50 -0500] "GET /galeria/nivo-slider/demo/inicio.html HTTP/1.1" 200 5230
190.242.126.82 - - [09/Nov/2019:13:34:50 -0500] "GET /galeria/nivo-slider/themes/pascal/pascal.css HTTP/1.1" 200 2258
190.242.126.82 - - [09/Nov/2019:13:34:50 -0500] "GET /galeria/nivo-slider/themes/default/default.css HTTP/1.1" 200 1569
190.242.126.82 - - [09/Nov/2019:13:34:51 -0500] "GET /galeria/nivo-slider/demo/style.css HTTP/1.1" 200 2222
190.242.126.82 - - [09/Nov/2019:13:34:51 -0500] "GET /galeria/nivo-slider/demo/images/bannerincendios.jpg HTTP/1.1" 200 206070
190.242.126.82 - - [09/Nov/2019:13:34:51 -0500] "GET /galeria/nivo-slider/themes/orman/orman.css HTTP/1.1" 200 2152
190.242.126.82 - - [09/Nov/2019:13:34:51 -0500] "GET /galeria/nivo-slider/demo/images/iniciativas-Ambientales.jpg HTTP/1.1" 200 201405
190.242.126.82 - - [09/Nov/2019:13:34:51 -0500] "GET /galeria/nivo-slider/nivo-slider.css HTTP/1.1" 200 1507
148.251.22.75 - - [09/Nov/2019:13:34:52 -0500] "GET /SIG/index.php/Comunicaciones/126PG02-PR06.pdf/?dir=Control%20y%20mejora//&sort=date&order=asc/ HTTP/1.1" 200 3184
148.251.22.75 - - [09/Nov/2019:13:34:56 -0500] "GET /SIG/index.php/Comunicaciones/126PG02-PR09.pdf/?dir=&sort=date&order=asc/ HTTP/1.1" 200 5190
190.242.126.82 - - [09/Nov/2019:13:34:57 -0500] "GET /galeria/nivo-slider/demo/images/banneragendamiento.jpg HTTP/1.1" 200 116897
190.242.126.82 - - [09/Nov/2019:13:34:57 -0500] "GET /galeria/nivo-slider/demo/images/Banner%20consumo%20sostenible%20final.jpg HTTP/1.1" 200 364746
190.242.126.82 - - [09/Nov/2019:13:34:57 -0500] "GET /galeria/nivo-slider/demo/images/Bannerveterinaria.jpg HTTP/1.1" 200 254705
148.251.22.75 - - [09/Nov/2019:13:35:01 -0500] "GET /SIG/index.php/Comunicaciones/126PG02-PR09.pdf/?dir=&sort=name&order=desc/ HTTP/1.1" 200 5190
148.251.22.75 - - [09/Nov/2019:13:35:05 -0500] "GET /SIG/index.php/Comunicaciones/126PG02-PR09.pdf/?dir=&sort=size&order=asc/ HTTP/1.1" 200 5190
148.251.22.75 - - [09/Nov/2019:13:35:09 -0500] "GET /SIG/index.php/Comunicaciones/126PG02-PR09.pdf/?dir=Comunicaciones// HTTP/1.1" 200 3285
148.251.22.75 - - [09/Nov/2019:13:35:14 -0500] "GET /SIG/index.php/Comunicaciones/126PG02-PR09.pdf/?dir=Control%20Disciplinario// HTTP/1.1" 200 3084
148.251.22.75 - - [09/Nov/2019:13:35:22 -0500] "GET /SIG/index.php/Comunicaciones/126PG02-PR09.pdf/?dir=Control%20y%20mejora// HTTP/1.1" 200 3185
66.249.65.252 - - [09/Nov/2019:13:35:29 -0500] "GET /BLA/resoluciones/RESOLUCIONES%202007/RES%202007%203801%20AL%203900/RESOLUCION%203892%20DE%202007.pdf HTTP/1.1" 200 542503
148.251.22.75 - - [09/Nov/2019:13:35:32 -0500] "GET /SIG/index.php/Comunicaciones/126PG02-PR09.pdf/?dir=Direccionamiento%20Estrategico// HTTP/1.1" 200 4348
148.251.22.75 - - [09/Nov/2019:13:35:43 -0500] "GET /SIG/index.php/Control%20Disciplinario/plantilla%20para%20Procedimientos%20-%20disciplinario%20ordinario%20version%20080.pdf/?dir=&sort=date&order=asc/ HTTP/1.1" 200 6382
148.251.22.75 - - [09/Nov/2019:13:35:56 -0500] "GET /SIG/index.php/Control%20Disciplinario/plantilla%20para%20Procedimientos%20-%20disciplinario%20ordinario%20version%20080.pdf/?dir=&sort=name&order=desc/ HTTP/1.1" 200 6382
209.197.24.23 - - [09/Nov/2019:13:35:38 -0500] "GET /sendero/DOCUMENTO%20EIA.zip HTTP/1.1" 200 4398918
148.251.22.75 - - [09/Nov/2019:13:36:09 -0500] "GET /SIG/index.php/Control%20Disciplinario/plantilla%20para%20Procedimientos%20-%20disciplinario%20ordinario%20version%20080.pdf/?dir=&sort=size&order=asc/ HTTP/1.1" 200 6382
66.249.65.252 - - [09/Nov/2019:13:36:15 -0500] "GET /BLA/resoluciones/RESOLUCIONES%202009/0976.pdf HTTP/1.1" 200 7052794
148.251.22.75 - - [09/Nov/2019:13:36:19 -0500] "GET /SIG/index.php/Control%20Disciplinario/plantilla%20para%20Procedimientos%20-%20disciplinario%20ordinario%20version%20080.pdf/?dir=Comunicaciones// HTTP/1.1" 200 3733
66.249.88.19 - - [09/Nov/2019:13:36:30 -0500] "GET /BLA/boletinlegal/js/jquery.scrollShow.js HTTP/1.1" 200 4586
66.249.88.25 - - [09/Nov/2019:13:36:31 -0500] "GET /galeria/galeria/jquery.fancybox.js?v=2.1.5 HTTP/1.1" 200 48706
66.249.88.23 - - [09/Nov/2019:13:36:31 -0500] "GET /galeria/galeria/jquery.fancybox.css?v=2.1.5 HTTP/1.1" 200 4895
148.251.22.75 - - [09/Nov/2019:13:36:32 -0500] "GET /SIG/index.php/Control%20Disciplinario/plantilla%20para%20Procedimientos%20-%20disciplinario%20ordinario%20version%20080.pdf/?dir=Control%20Disciplinario// HTTP/1.1" 200 3532
148.251.22.75 - - [09/Nov/2019:13:36:41 -0500] "GET /SIG/index.php/Control%20Disciplinario/plantilla%20para%20Procedimientos%20-%20disciplinario%20ordinario%20version%20080.pdf/?dir=Control%20y%20mejora// HTTP/1.1" 200 3695
148.251.22.75 - - [09/Nov/2019:13:36:48 -0500] "GET /SIG/index.php/Control%20Disciplinario/plantilla%20para%20Procedimientos%20-%20disciplinario%20ordinario%20version%20080.pdf/?dir=Direccionamiento%20Estrategico// HTTP/1.1" 200 4796
148.251.22.75 - - [09/Nov/2019:13:36:57 -0500] "GET /SIG/index.php/Control%20Disciplinario/plantilla%20para%20Procedimientos%20-%20disciplinario%20verbal%20version%20070.pdf/?dir=&sort=size&order=asc/ HTTP/1.1" 200 6325
148.251.22.75 - - [09/Nov/2019:13:37:06 -0500] "GET /SIG/index.php/Control%20Disciplinario/plantilla%20para%20Procedimientos%20-%20disciplinario%20verbal%20version%20070.pdf/?dir=Comunicaciones// HTTP/1.1" 200 3712
54.36.150.48 - - [09/Nov/2019:13:37:08 -0500] "GET /BLA/resoluciones/RESOLUCIONES%202005/RES%202005%20951-1000/00000981.tif HTTP/1.1" 200 244390
186.154.130.212 - - [09/Nov/2019:13:37:09 -0500] "GET /BLA/boletinlegal/js/jquery.scrollShow.js HTTP/1.1" 200 4586
186.154.130.212 - - [09/Nov/2019:13:37:09 -0500] "GET /galeria/galeria/jquery.fancybox.js?v=2.1.5 HTTP/1.1" 200 48706
186.154.130.212 - - [09/Nov/2019:13:37:09 -0500] "GET /galeria/galeria/jquery.fancybox.css?v=2.1.5 HTTP/1.1" 200 4895
66.249.65.250 - - [09/Nov/2019:13:37:12 -0500] "GET /BLA/resoluciones/RESOLUCIONES%202010/2257.pdf HTTP/1.1" 200 397613
148.251.22.75 - - [09/Nov/2019:13:37:15 -0500] "GET /SIG/index.php/Control%20Disciplinario/plantilla%20para%20Procedimientos%20-%20disciplinario%20verbal%20version%20070.pdf/?dir=Control%20y%20mejora// HTTP/1.1" 200 3671
66.249.65.252 - - [09/Nov/2019:13:37:22 -0500] "GET /BLA/resoluciones/AUTOS%202017/2366.pdf HTTP/1.1" 200 1172061
148.251.22.75 - - [09/Nov/2019:13:37:23 -0500] "GET /SIG/index.php/Control%20Disciplinario/plantilla%20para%20Procedimientos%20-%20disciplinario%20verbal%20version%20070.pdf/?dir=Direccionamiento%20Estrategico// HTTP/1.1" 200 4775
186.80.157.63 - - [09/Nov/2019:13:37:28 -0500] "GET /galeria/galeria/jquery.fancybox.css?v=2.1.5 HTTP/1.1" 200 4895
186.80.157.63 - - [09/Nov/2019:13:37:28 -0500] "GET /galeria/galeria/jquery.fancybox.js?v=2.1.5 HTTP/1.1" 200 48706
186.80.157.63 - - [09/Nov/2019:13:37:28 -0500] "GET /BLA/boletinlegal/js/jquery.scrollShow.js HTTP/1.1" 200 4586
148.251.22.75 - - [09/Nov/2019:13:37:29 -0500] "GET /SIG/index.php/Control%20Disciplinario/plantilla%20para%20Procedimientos%20-%20disciplinario%20verbal%20version%20070.pdf/?dir=ECS// HTTP/1.1" 200 17421
46.229.168.138 - - [09/Nov/2019:13:37:34 -0500] "GET /robots.txt HTTP/1.1" 404 1019
46.229.168.131 - - [09/Nov/2019:13:37:34 -0500] "GET /Autoliquidacion/index.php?dir=Solicitud%2Bde%2Bexpedici%C3%83%C2%83%C3%82%C2%83%C3%83%C2%82%C3%82%C2%83%C3%83%C2%83%C3%82%C2%82%C3%83%C2%82%C3%82%C2%83%C3%83%C2%83%C3%82%C2%83%C3%83%C2%82%C3%82%C2%82%C3%83%C2%83%C3%82%C2%82%C3%83%C2%82%C3%82%C2%83%C3%83%C2%83%C3%82%C2%83%C3%83%C2%82%C3%82%C2%83%C3%83%C2%83%C3%82%C2%82%C3%83%C2%82%C3%82%C2%82%C3%83%C2%83%C3%82%C2%83%C3%83%C2%82%C3%82%C2%82%C3%83%C2%83%C3%82%C2%82%C3%83%C2%82%C3%82%C2%83%C3%83%C2%83%C3%82%C2%83%C3%83%C2%82%C3%82%C2%83%C3%83%C2%83%C3%82%C2%82%C3%83%C2%82%C3%82%C2%83%C3%83%C2%83%C3%82%C2%83%C3%83%C2%82%C3%82%C2%82%C3%83%C2%83%C3%82%C2%82%C3%83%C2%82%C3%82%C2%82%C3%83%C2%83%C3%82%C2%83%C3%83%C2%82%C3%82%C2%83%C3%83%C2%83%C3%82%C2%82%C3%83%C2%82%C3%82%C2%82%C3%83%C2%83%C3%82%C2%83%C3%83%C2%82%C3%82%C2%82%C3%83%C2%83%C3%82%C2%82%C3%83%C2%82%C3%82%C2%B3n%2Bde%2Bcertificados%2Bde%2Bestado%2Bde%2Bconservaci%C3%83%C2%83%C3%82%C2%83%C3%83%C2%82%C3%82%C2%83%C3%83%C2%83%C3%82%C2%82%C3%83%C2%82%C3%82%C2%83%C3%83%C2%83%C3%82%C2%83%C3%83%C2%82%C3%82%C2%82%C3%83%C2%83%C3%82%C2%82%C3%83%C2%82%C3%82%C2%83%C3%83%C2%83%C3%82%C2%83%C3%83%C2%82%C3%82%C2%83%C3%83%C2%83%C3%82%C2%82%C3%83%C2%82%C3%82%C2%82%C3%83%C2%83%C3%82%C2%83%C3%83%C2%82%C3%82%C2%82%C3%83%C2%83%C3%82%C2%82%C3%83%C2%82%C3%82%C2%83%C3%83%C2%83%C3%82%C2%83%C3%83%C2%82%C3%82%C2%83%C3%83%C2%83%C3%82%C2%82%C3%83%C2%82%C3%82%C2%83%C3%83%C2%83%C3%82%C2%83%C3%83%C2%82%C3%82%C2%82%C3%83%C2%83%C3%82%C2%82%C3%83%C2%82%C3%82%C2%82%C3%83%C2%83%C3%82%C2%83%C3%83%C2%82%C3%82%C2%83%C3%83%C2%83%C3%82%C2%82%C3%83%C2%82%C3%82%C2%82%C3%83%C2%83%C3%82%C2%83%C3%83%C2%82%C3%82%C2%82%C3%83%C2%83%C3%82%C2%82%C3%83%C2%82%C3%82%C2%B3n%2Bambiental%2B%28CECA%29%2F&order=desc&sort=date HTTP/1.1" 200 8307
148.251.22.75 - - [09/Nov/2019:13:37:36 -0500] "GET /SIG/index.php/Control%20Disciplinario/plantilla%20para%20Procedimientos%20-%20disciplinario%20verbal%20version%20070.pdf/?dir=Gestion%20Documental// HTTP/1.1" 200 6377
148.251.22.75 - - [09/Nov/2019:13:37:43 -0500] "GET /SIG/index.php/Control%20Disciplinario/plantilla%20para%20Procedimientos%20-%20disciplinario%20verbal%20version%20070.pdf/?dir=Gestion%20Recursos%20Financieros// HTTP/1.1" 200 9685
66.249.65.203 - - [09/Nov/2019:13:37:44 -0500] "GET /SIG/Gesti%C3%83%C2%B3n%20Talento%20Humano/Gesti%C3%83%C2%B3n%20Talento%20Humano/126PA01-PR11.pdf HTTP/1.1" 404 1019
201.245.192.253 - - [09/Nov/2019:13:37:13 -0500] "POST /kwsrmcab/Wsrmcab HTTP/1.1" 200 29632
148.251.22.75 - - [09/Nov/2019:13:37:49 -0500] "GET /SIG/index.php/Control%20Disciplinario/plantilla%20para%20Procedimientos%20-%20segunda%20instancia%20version%20050.pdf/?dir=&sort=name&order=desc/ HTTP/1.1" 200 6268
66.249.65.252 - - [09/Nov/2019:13:37:54 -0500] "GET /BLA/resoluciones/RESOLUCIONES%202010/1207.pdf HTTP/1.1" 200 96041
148.251.22.75 - - [09/Nov/2019:13:37:55 -0500] "GET /SIG/index.php/Control%20Disciplinario/plantilla%20para%20Procedimientos%20-%20segunda%20instancia%20version%20050.pdf/?dir=ECS//&sort=date&order=asc/ HTTP/1.1" 200 17399
159.138.128.25 - - [09/Nov/2019:13:37:57 -0500] "GET /BLA/resoluciones/index.php?dir=RESOLUCIONES%2B1999%2F HTTP/1.1" 200 12073
148.251.22.75 - - [09/Nov/2019:13:37:59 -0500] "GET /SIG/index.php/Control%20Disciplinario/plantilla%20para%20Procedimientos%20-%20segunda%20instancia%20version%20050.pdf/?dir=ECS//&sort=size&order=asc/ HTTP/1.1" 200 17399
66.249.65.250 - - [09/Nov/2019:13:38:01 -0500] "GET /BLA/resoluciones/AUTOS%202011/5987.pdf HTTP/1.1" 200 871759
159.138.157.153 - - [09/Nov/2019:13:38:00 -0500] "GET /BLA/resoluciones/index.php?dir=RESOLUCIONES%2B2011/&sort=size&order=asc HTTP/1.1" 200 12073
148.251.22.75 - - [09/Nov/2019:13:38:06 -0500] "GET /SIG/index.php/Control%20y%20mejora/126PE01-PR03.pdf/?dir=&sort=date&order=asc/ HTTP/1.1" 200 5232
148.251.22.75 - - [09/Nov/2019:13:38:12 -0500] "GET /SIG/index.php/Control%20y%20mejora/126PE01-PR03.pdf/?dir=&sort=size&order=asc/ HTTP/1.1" 200 5232
148.251.22.75 - - [09/Nov/2019:13:38:17 -0500] "GET /SIG/index.php/Control%20y%20mejora/126PE01-PR03.pdf/?dir=Comunicaciones// HTTP/1.1" 200 3303
186.96.120.122 - - [09/Nov/2019:13:38:23 -0500] "GET /galeria/galeria/jquery.fancybox.css?v=2.1.5 HTTP/1.1" 200 4895
186.96.120.122 - - [09/Nov/2019:13:38:23 -0500] "GET /BLA/boletinlegal/js/jquery.scrollShow.js HTTP/1.1" 200 4586
186.96.120.122 - - [09/Nov/2019:13:38:23 -0500] "GET /galeria/galeria/jquery.fancybox.js?v=2.1.5 HTTP/1.1" 200 48706
40.77.167.118 - - [09/Nov/2019:13:38:25 -0500] "GET /transparencia/directorioservidores/2017/mayo.xlsx HTTP/1.1" 200 88321
207.46.13.26 - - [09/Nov/2019:13:38:26 -0500] "GET /StormSDA/user.jnlp HTTP/1.1" 200 1420
148.251.22.75 - - [09/Nov/2019:13:38:28 -0500] "GET /SIG/index.php/Control%20y%20mejora/126PE01-PR03.pdf/?dir=Control%20Disciplinario// HTTP/1.1" 200 3102
148.251.22.75 - - [09/Nov/2019:13:38:34 -0500] "GET /SIG/index.php/Control%20y%20mejora/126PE01-PR03.pdf/?dir=Control%20y%20mejora// HTTP/1.1" 200 3205
148.251.22.75 - - [09/Nov/2019:13:38:39 -0500] "GET /SIG/index.php/Direccionamiento%20Estrategico/126PG01-PR13.pdf/?dir=Gestion%20Documental// HTTP/1.1" 200 6076
148.251.22.75 - - [09/Nov/2019:13:38:43 -0500] "GET /SIG/index.php/Direccionamiento%20Estrategico/126PG01-PR13.pdf/?dir=Gestion%20Recursos%20Financieros// HTTP/1.1" 200 9384
148.251.22.75 - - [09/Nov/2019:13:38:48 -0500] "GET /SIG/index.php/Direccionamiento%20Estrategico/126PG01-PR15.pdf/?dir=&sort=date&order=asc/ HTTP/1.1" 200 5484
148.251.22.75 - - [09/Nov/2019:13:38:54 -0500] "GET /SIG/index.php/Direccionamiento%20Estrategico/126PG01-PR15.pdf/?dir=&sort=name&order=desc/ HTTP/1.1" 200 5484
69.162.124.232 - - [09/Nov/2019:13:38:56 -0500] "HEAD / HTTP/1.1" 200 -
148.251.22.75 - - [09/Nov/2019:13:38:58 -0500] "GET /SIG/index.php/Direccionamiento%20Estrategico/126PG01-PR15.pdf/?dir=&sort=size&order=asc/ HTTP/1.1" 200 5484
148.251.22.75 - - [09/Nov/2019:13:39:06 -0500] "GET /SIG/index.php/Direccionamiento%20Estrategico/126PG01-PR15.pdf/?dir=Comunicaciones// HTTP/1.1" 200 3411
186.112.38.103 - - [09/Nov/2019:13:39:06 -0500] "GET /galeria/galeria/jquery.fancybox.css?v=2.1.5 HTTP/1.1" 200 4895
186.112.38.103 - - [09/Nov/2019:13:39:06 -0500] "GET /BLA/boletinlegal/js/jquery.scrollShow.js HTTP/1.1" 200 4586
186.112.38.103 - - [09/Nov/2019:13:39:06 -0500] "GET /galeria/galeria/jquery.fancybox.js?v=2.1.5 HTTP/1.1" 200 48706
66.249.88.23 - - [09/Nov/2019:13:39:07 -0500] "GET /BLA/boletinlegal/js/jquery.scrollShow.js HTTP/1.1" 200 4586
66.249.88.23 - - [09/Nov/2019:13:39:07 -0500] "GET /galeria/galeria/jquery.fancybox.css?v=2.1.5 HTTP/1.1" 200 4895
66.249.88.25 - - [09/Nov/2019:13:39:07 -0500] "GET /galeria/galeria/jquery.fancybox.js?v=2.1.5 HTTP/1.1" 200 48706
148.251.22.75 - - [09/Nov/2019:13:39:12 -0500] "GET /SIG/index.php/Direccionamiento%20Estrategico/126PG01-PR15.pdf/?dir=Control%20Disciplinario// HTTP/1.1" 200 3210
148.251.22.75 - - [09/Nov/2019:13:39:19 -0500] "GET /SIG/index.php/Direccionamiento%20Estrategico/126PG01-PR15.pdf/?dir=Control%20y%20mejora// HTTP/1.1" 200 3325
148.251.22.75 - - [09/Nov/2019:13:39:25 -0500] "GET /SIG/index.php/Direccionamiento%20Estrategico/126PG01-PR15.pdf/?dir=Gestion%20Documental// HTTP/1.1" 200 6076
148.251.22.75 - - [09/Nov/2019:13:39:31 -0500] "GET /SIG/index.php/Direccionamiento%20Estrategico/126PG01-PR15.pdf/?dir=Gestion%20Recursos%20Financieros// HTTP/1.1" 200 9384
66.249.65.250 - - [09/Nov/2019:13:39:33 -0500] "GET /BLA/resoluciones/RESOLUCIONES%202015/1278.pdf HTTP/1.1" 200 537122
148.251.22.75 - - [09/Nov/2019:13:39:38 -0500] "GET /SIG/index.php/Direccionamiento%20Estrategico/126PG01-PR16.pdf/?dir=&sort=date&order=asc/ HTTP/1.1" 200 5484
148.251.22.75 - - [09/Nov/2019:13:39:44 -0500] "GET /SIG/index.php/Direccionamiento%20Estrategico/126PG01-PR16.pdf/?dir=&sort=name&order=desc/ HTTP/1.1" 200 5484
148.251.22.75 - - [09/Nov/2019:13:39:48 -0500] "GET /SIG/index.php/Direccionamiento%20Estrategico/126PG01-PR16.pdf/?dir=&sort=size&order=asc/ HTTP/1.1" 200 5484
148.251.22.75 - - [09/Nov/2019:13:39:54 -0500] "GET /SIG/index.php/Direccionamiento%20Estrategico/126PG01-PR16.pdf/?dir=Comunicaciones// HTTP/1.1" 200 3411
148.251.22.75 - - [09/Nov/2019:13:40:02 -0500] "GET /SIG/index.php/Direccionamiento%20Estrategico/126PG01-PR16.pdf/?dir=Control%20Disciplinario// HTTP/1.1" 200 3210
148.251.22.75 - - [09/Nov/2019:13:40:09 -0500] "GET /SIG/index.php/Direccionamiento%20Estrategico/126PG01-PR16.pdf/?dir=Control%20y%20mejora// HTTP/1.1" 200 3325
148.251.22.75 - - [09/Nov/2019:13:40:15 -0500] "GET /SIG/index.php/Direccionamiento%20Estrategico/126PG01-PR18.pdf/?dir=&sort=date&order=asc/ HTTP/1.1" 200 5484
148.251.22.75 - - [09/Nov/2019:13:40:23 -0500] "GET /SIG/index.php/Direccionamiento%20Estrategico/126PG01-PR18.pdf/?dir=&sort=name&order=desc/ HTTP/1.1" 200 5484
186.155.96.207 - - [09/Nov/2019:13:40:26 -0500] "GET /galeria/galeria/jquery.fancybox.css?v=2.1.5 HTTP/1.1" 200 4895
186.155.96.207 - - [09/Nov/2019:13:40:26 -0500] "GET /BLA/boletinlegal/js/jquery.scrollShow.js HTTP/1.1" 200 4586
186.155.96.207 - - [09/Nov/2019:13:40:26 -0500] "GET /galeria/galeria/jquery.fancybox.js?v=2.1.5 HTTP/1.1" 200 48706
148.251.22.75 - - [09/Nov/2019:13:40:29 -0500] "GET /SIG/index.php/Direccionamiento%20Estrategico/126PG01-PR18.pdf/?dir=&sort=size&order=asc/ HTTP/1.1" 200 5484
148.251.22.75 - - [09/Nov/2019:13:40:34 -0500] "GET /SIG/index.php/Direccionamiento%20Estrategico/126PG01-PR18.pdf/?dir=Comunicaciones// HTTP/1.1" 200 3411
190.128.125.246 - - [09/Nov/2019:13:40:38 -0500] "GET /galeria/galeria/jquery.fancybox.css?v=2.1.5 HTTP/1.1" 200 4895
190.128.125.246 - - [09/Nov/2019:13:40:38 -0500] "GET /BLA/boletinlegal/js/jquery.scrollShow.js HTTP/1.1" 200 4586
190.128.125.246 - - [09/Nov/2019:13:40:38 -0500] "GET /galeria/galeria/jquery.fancybox.js?v=2.1.5 HTTP/1.1" 200 48706
148.251.22.75 - - [09/Nov/2019:13:40:40 -0500] "GET /SIG/index.php/Direccionamiento%20Estrategico/126PG01-PR18.pdf/?dir=Control%20Disciplinario// HTTP/1.1" 200 3210
209.197.24.23 - - [09/Nov/2019:13:40:19 -0500] "GET /sendero/DOCUMENTO%20EIA.zip HTTP/1.1" 200 4449062
66.249.65.254 - - [09/Nov/2019:13:40:46 -0500] "GET /BLA/resoluciones/RESOLUCIONES%202017/0409.pdf HTTP/1.1" 200 314007
148.251.22.75 - - [09/Nov/2019:13:40:46 -0500] "GET /SIG/index.php/Direccionamiento%20Estrategico/126PG01-PR18.pdf/?dir=Control%20y%20mejora// HTTP/1.1" 200 3325
148.251.22.75 - - [09/Nov/2019:13:40:52 -0500] "GET /SIG/index.php/Direccionamiento%20Estrategico/126PG01-PR18.pdf/?dir=Direccionamiento%20Estrategico// HTTP/1.1" 200 4474
148.251.22.75 - - [09/Nov/2019:13:40:55 -0500] "GET /SIG/index.php/Direccionamiento%20Estrategico/126PG01-PR18.pdf/?dir=ECS// HTTP/1.1" 200 17120
66.249.65.252 - - [09/Nov/2019:13:41:02 -0500] "GET /BLA/resoluciones/AUTOS%202018/1676.pdf HTTP/1.1" 200 307343
148.251.22.75 - - [09/Nov/2019:13:41:03 -0500] "GET /SIG/index.php/Direccionamiento%20Estrategico/126PG01-PR18.pdf/?dir=Gestion%20Documental// HTTP/1.1" 200 6076
66.249.65.250 - - [09/Nov/2019:13:41:12 -0500] "GET /BLA/resoluciones/AUTOS%202015/5354.pdf HTTP/1.1" 200 494865
148.251.22.75 - - [09/Nov/2019:13:41:12 -0500] "GET /SIG/index.php/Direccionamiento%20Estrategico/126PG01-PR18.pdf/?dir=Gestion%20Recursos%20Financieros// HTTP/1.1" 200 9384
148.251.22.75 - - [09/Nov/2019:13:41:20 -0500] "GET /SIG/index.php/ECS/126PM04-PR04.pdf/?dir=&sort=date&order=asc/ HTTP/1.1" 200 4959
148.251.22.75 - - [09/Nov/2019:13:41:28 -0500] "GET /SIG/index.php/ECS/126PM04-PR04.pdf/?dir=&sort=name&order=desc/ HTTP/1.1" 200 4959
148.251.22.75 - - [09/Nov/2019:13:41:33 -0500] "GET /SIG/index.php/ECS/126PM04-PR04.pdf/?dir=&sort=size&order=asc/ HTTP/1.1" 200 4959
190.24.38.183 - - [09/Nov/2019:13:41:37 -0500] "GET /BLA/boletinlegal/js/jquery.scrollShow.js HTTP/1.1" 200 4586
190.24.38.183 - - [09/Nov/2019:13:41:37 -0500] "GET /galeria/galeria/jquery.fancybox.css?v=2.1.5 HTTP/1.1" 200 4895
190.24.38.183 - - [09/Nov/2019:13:41:37 -0500] "GET /galeria/galeria/jquery.fancybox.js?v=2.1.5 HTTP/1.1" 200 48706
148.251.22.75 - - [09/Nov/2019:13:41:39 -0500] "GET /SIG/index.php/ECS/126PM04-PR04.pdf/?dir=Comunicaciones// HTTP/1.1" 200 3186
148.251.22.75 - - [09/Nov/2019:13:41:42 -0500] "GET /SIG/index.php/ECS/126PM04-PR06.pdf/?dir=&sort=date&order=asc/ HTTP/1.1" 200 4959
148.251.22.75 - - [09/Nov/2019:13:41:48 -0500] "GET /SIG/index.php/ECS/126PM04-PR06.pdf/?dir=&sort=name&order=desc/ HTTP/1.1" 200 4959
186.84.90.227 - - [09/Nov/2019:13:41:51 -0500] "GET /BLA/boletinlegal/js/jquery.scrollShow.js HTTP/1.1" 200 4586
186.84.90.227 - - [09/Nov/2019:13:41:51 -0500] "GET /galeria/galeria/jquery.fancybox.js?v=2.1.5 HTTP/1.1" 200 48706
186.84.90.227 - - [09/Nov/2019:13:41:51 -0500] "GET /galeria/galeria/jquery.fancybox.css?v=2.1.5 HTTP/1.1" 200 4895
148.251.22.75 - - [09/Nov/2019:13:41:53 -0500] "GET /SIG/index.php/ECS/126PM04-PR06.pdf/?dir=&sort=size&order=asc/ HTTP/1.1" 200 4959
148.251.22.75 - - [09/Nov/2019:13:41:57 -0500] "GET /SIG/index.php/ECS/126PM04-PR06.pdf/?dir=Comunicaciones// HTTP/1.1" 200 3186
148.251.22.75 - - [09/Nov/2019:13:42:04 -0500] "GET /SIG/index.php/ECS/126PM04-PR06.pdf/?dir=Control%20Disciplinario// HTTP/1.1" 200 2985
148.251.22.75 - - [09/Nov/2019:13:42:07 -0500] "GET /SIG/index.php/ECS/126PM04-PR06.pdf/?dir=Control%20y%20mejora// HTTP/1.1" 200 3075
148.251.22.75 - - [09/Nov/2019:13:42:12 -0500] "GET /SIG/index.php/ECS/126PM04-PR06.pdf/?dir=Direccionamiento%20Estrategico// HTTP/1.1" 200 4249
148.251.22.75 - - [09/Nov/2019:13:42:16 -0500] "GET /SIG/index.php/ECS/126PM04-PR06.pdf/?dir=Direccionamiento%20Estrategico//&sort=date&order=asc/ HTTP/1.1" 200 4248
148.251.22.75 - - [09/Nov/2019:13:42:21 -0500] "GET /SIG/index.php/ECS/126PM04-PR06.pdf/?dir=Direccionamiento%20Estrategico//&sort=name&order=desc/ HTTP/1.1" 200 4248
148.251.22.75 - - [09/Nov/2019:13:42:27 -0500] "GET /SIG/index.php/ECS/126PM04-PR06.pdf/?dir=Direccionamiento%20Estrategico//&sort=size&order=asc/ HTTP/1.1" 200 4248
148.251.22.75 - - [09/Nov/2019:13:42:32 -0500] "GET /SIG/index.php/ECS/126PM04-PR06.pdf/?dir=ECS// HTTP/1.1" 200 16895
148.251.22.75 - - [09/Nov/2019:13:42:37 -0500] "GET /SIG/index.php/ECS/126PM04-PR06.pdf/?dir=Gestion%20Documental//&sort=date&order=asc/ HTTP/1.1" 200 5850
148.251.22.75 - - [09/Nov/2019:13:42:43 -0500] "GET /SIG/index.php/ECS/126PM04-PR06.pdf/?dir=Gestion%20Recursos%20Financieros// HTTP/1.1" 200 9159
148.251.22.75 - - [09/Nov/2019:13:42:49 -0500] "GET /SIG/index.php/ECS/126PM04-PR07.pdf/?dir=&sort=date&order=asc/ HTTP/1.1" 200 4959
148.251.22.75 - - [09/Nov/2019:13:42:53 -0500] "GET /SIG/index.php/ECS/126PM04-PR07.pdf/?dir=&sort=name&order=desc/ HTTP/1.1" 200 4959
200.21.216.243 - - [09/Nov/2019:13:42:58 -0500] "GET /BLA/resoluciones/RESOLUCIONES%202015/1007.pdf HTTP/1.1" 200 740851
148.251.22.75 - - [09/Nov/2019:13:42:58 -0500] "GET /SIG/index.php/ECS/126PM04-PR07.pdf/?dir=&sort=size&order=asc/ HTTP/1.1" 200 4959
179.18.48.47 - - [09/Nov/2019:13:42:58 -0500] "GET /BLA/resoluciones/AUTOS%202017/0272.pdf HTTP/1.1" 200 393384
200.21.216.243 - - [09/Nov/2019:13:42:59 -0500] "GET /favicon.ico HTTP/1.1" 200 7782
148.251.22.75 - - [09/Nov/2019:13:43:03 -0500] "GET /SIG/index.php/ECS/126PM04-PR07.pdf/?dir=Comunicaciones// HTTP/1.1" 200 3186
179.18.48.47 - - [09/Nov/2019:13:43:07 -0500] "GET /favicon.ico HTTP/1.1" 200 7782
66.249.65.250 - - [09/Nov/2019:13:43:09 -0500] "GET /BLA/resoluciones/AUTOS%202017/4879.pdf HTTP/1.1" 200 329699
148.251.22.75 - - [09/Nov/2019:13:43:11 -0500] "GET /SIG/index.php/ECS/126PM04-PR07.pdf/?dir=Control%20Disciplinario// HTTP/1.1" 200 2985
66.249.65.250 - - [09/Nov/2019:13:43:16 -0500] "GET /BLA/resoluciones/RESOLUCIONES%202015/0180.pdf HTTP/1.1" 200 434959
148.251.22.75 - - [09/Nov/2019:13:43:19 -0500] "GET /SIG/index.php/ECS/126PM04-PR07.pdf/?dir=Control%20y%20mejora// HTTP/1.1" 200 3075
148.251.22.75 - - [09/Nov/2019:13:43:24 -0500] "GET /SIG/index.php/ECS/126PM04-PR07.pdf/?dir=Direccionamiento%20Estrategico// HTTP/1.1" 200 4249
66.249.65.250 - - [09/Nov/2019:13:43:25 -0500] "GET /BLA/resoluciones/RESOLUCIONES%202017/0741.pdf HTTP/1.1" 200 305794
148.251.22.75 - - [09/Nov/2019:13:43:30 -0500] "GET /SIG/index.php/ECS/126PM04-PR07.pdf/?dir=ECS// HTTP/1.1" 200 16895
148.251.22.75 - - [09/Nov/2019:13:43:35 -0500] "GET /SIG/index.php/ECS/126PM04-PR07.pdf/?dir=Gestion%20Documental// HTTP/1.1" 200 5851
66.249.65.250 - - [09/Nov/2019:13:43:39 -0500] "GET /BLA/resoluciones/AUTOS%202018/4320.pdf HTTP/1.1" 200 264986
66.249.88.23 - - [09/Nov/2019:13:43:41 -0500] "GET /galeria/galeria/jquery.fancybox.css?v=2.1.5 HTTP/1.1" 200 4895
66.249.88.19 - - [09/Nov/2019:13:43:41 -0500] "GET /galeria/galeria/jquery.fancybox.js?v=2.1.5 HTTP/1.1" 200 48706
148.251.22.75 - - [09/Nov/2019:13:43:41 -0500] "GET /SIG/index.php/ECS/126PM04-PR07.pdf/?dir=Gestion%20Recursos%20Financieros// HTTP/1.1" 200 9159
54.36.148.97 - - [09/Nov/2019:13:43:46 -0500] "GET /BLA/resoluciones/RESOLUCIONES%202002/RES%202002%201701-1750/20021721.tif HTTP/1.1" 200 72068
148.251.22.75 - - [09/Nov/2019:13:43:47 -0500] "GET /SIG/index.php/ECS/126PM04-PR08.pdf/?dir=&sort=date&order=asc/ HTTP/1.1" 200 4959
46.229.168.142 - - [09/Nov/2019:13:43:47 -0500] "GET /Autoliquidacion/index.php?dir=Solicitud%2Bde%2BClasificaci%C3%83%C2%83%C3%82%C2%83%C3%83%C2%82%C3%82%C2%83%C3%83%C2%83%C3%82%C2%82%C3%83%C2%82%C3%82%C2%83%C3%83%C2%83%C3%82%C2%83%C3%83%C2%82%C3%82%C2%82%C3%83%C2%83%C3%82%C2%82%C3%83%C2%82%C3%82%C2%83%C3%83%C2%83%C3%82%C2%83%C3%83%C2%82%C3%82%C2%83%C3%83%C2%83%C3%82%C2%82%C3%83%C2%82%C3%82%C2%82%C3%83%C2%83%C3%82%C2%83%C3%83%C2%82%C3%82%C2%82%C3%83%C2%83%C3%82%C2%82%C3%83%C2%82%C3%82%C2%83%C3%83%C2%83%C3%82%C2%83%C3%83%C2%82%C3%82%C2%83%C3%83%C2%83%C3%82%C2%82%C3%83%C2%82%C3%82%C2%83%C3%83%C2%83%C3%82%C2%83%C3%83%C2%82%C3%82%C2%82%C3%83%C2%83%C3%82%C2%82%C3%83%C2%82%C3%82%C2%82%C3%83%C2%83%C3%82%C2%83%C3%83%C2%82%C3%82%C2%83%C3%83%C2%83%C3%82%C2%82%C3%83%C2%82%C3%82%C2%82%C3%83%C2%83%C3%82%C2%83%C3%83%C2%82%C3%82%C2%82%C3%83%C2%83%C3%82%C2%82%C3%83%C2%82%C3%82%C2%83%C3%83%C2%83%C3%82%C2%83%C3%83%C2%82%C3%82%C2%83%C3%83%C2%83%C3%82%C2%82%C3%83%C2%82%C3%82%C2%83%C3%83%C2%83%C3%82%C2%83%C3%83%C2%82%C3%82%C2%82%C3%83%C2%83%C3%82%C2%82%C3%83%C2%82%C3%82%C2%83%C3%83%C2%83%C3%82%C2%83%C3%83%C2%82%C3%82%C2%83%C3%83%C2%83%C3%82%C2%82%C3%83%C2%82%C3%82%C2%82%C3%83%C2%83%C3%82%C2%83%C3%83%C2%82%C3%82%C2%82%C3%83%C2%83%C3%82%C2%82%C3%83%C2%82%C3%82%C2%82%C3%83%C2%83%C3%82%C2%83%C3%83%C2%82%C3%82%C2%83%C3%83%C2%83%C3%82%C2%82%C3%83%C2%82%C3%82%C2%83%C3%83%C2%83%C3%82%C2%83%C3%83%C2%82%C3%82%C2%82%C3%83%C2%83%C3%82%C2%82%C3%83%C2%82%C3%82%C2%82%C3%83%C2%83%C3%82%C2%83%C3%83%C2%82%C3%82%C2%83%C3%83%C2%83%C3%82%C2%82%C3%83%C2%82%C3%82%C2%82%C3%83%C2%83%C3%82%C2%83%C3%83%C2%82%C3%82%C2%82%C3%83%C2%83%C3%82%C2%82%C3%83%C2%82%C3%82%C2%83%C3%83%C2%83%C3%82%C2%83%C3%83%C2%82%C3%82%C2%83%C3%83%C2%83%C3%82%C2%82%C3%83%C2%82%C3%82%C2%83%C3%83%C2%83%C3%82%C2%83%C3%83%C2%82%C3%82%C2%82%C3%83%C2%83%C3%82%C2%82%C3%83%C2%82%C3%82%C2%83%C3%83%C2%83%C3%82%C2%83%C3%83%C2%82%C3%82%C2%83%C3%83%C2%83%C3%82%C2%82%C3%83%C2%82%C3%82%C2%82%C3%83%C2%83%C3%82%C2%83%C3%83%C2%82%C3%82%C2%82%C3%83%C2%83%C3%82%C2%82%C3%83%C2%82%C3%82%C2%83%C3%83%C2%83%C3%82%C2%83%C3%83%C2%82%C3%82%C2%83%C3%83%C2%83%C3%82%C2%82%C3%83%C2%82%C3%82%C2%83%C3%83%C2%83%C3%82%C2%83%C3%83%C2%82%C3%82%C2%82%C3%83%C2%83%C3%82%C2%82%C3%83%C2%82%C3%82%C2%82%C3%83%C2%83%C3%82%C2%83%C3%83%C2%82%C3%82%C2%83%C3%83%C2%83%C3%82%C2%82%C3%83%C2%82%C3%82%C2%82%C3%83%C2%83%C3%82%C2%83%C3%83%C2%82%C3%82%C2%82%C3%83%C2%83%C3%82%C2%82%C3%83%C2%82%C3%82%C2%82%C3%83%C2%83%C3%82%C2%83%C3%83%C2%82%C3%82%C2%83%C3%83%C2%83%C3%82%C2%82%C3%83%C2%82%C3%82%C2%83%C3%83%C2%83%C3%82%C2%83%C3%83%C2%82%C3%82%C2%82%C3%83%C2%83%C3%82%C2%82%C3%83%C2%82%C3%82%C2%83%C3%83%C2%83%C3%82%C2%83%C3%83%C2%82%C3%82%C2%83%C3%83%C2%83%C3%82%C2%82%C3%83%C2%82%C3%82%C2%82%C3%83%C2%83%C3%82%C2%83%C3%83%C2%82%C3%82%C2%82%C3%83%C2%83%C3%82%C2%82%C3%83%C2%82%C3%82%C2%82%C3%83%C2%83%C3%82%C2%83%C3%83%C2%82%C3%82%C2%83%C3%83%C2%83%C3%82%C2%82%C3%83%C2%82%C3%82%C2%83%C3%83%C2%83%C3%82%C2%83%C3%83%C2%82%C3%82%C2%82%C3%83%C2%83%C3%82%C2%82%C3%83%C2%82%C3%82%C2%82%C3%83%C2%83%C3%82%C2%83%C3%83%C2%82%C3%82%C2%83%C3%83%C2%83%C3%82%C2%82%C3%83%C2%82%C3%82%C2%82%C3%83%C2%83%C3%82%C2%83%C3%83%C2%82%C3%82%C2%82%C3%83%C2%83%C3%82%C2%82%C3%83%C2%82%C3%82%C2%B3n%2Bde%2BImpacto%2BAmbiental%2F&order=asc&sort=date HTTP/1.1" 200 9742
148.251.22.75 - - [09/Nov/2019:13:43:51 -0500] "GET /SIG/index.php/ECS/126PM04-PR08.pdf/?dir=Control%20Disciplinario// HTTP/1.1" 200 2985
69.162.124.232 - - [09/Nov/2019:13:43:56 -0500] "HEAD / HTTP/1.1" 200 -
148.251.22.75 - - [09/Nov/2019:13:43:57 -0500] "GET /SIG/index.php/ECS/126PM04-PR08.pdf/?dir=Gestion%20Recursos%20Financieros// HTTP/1.1" 200 9159
148.251.22.75 - - [09/Nov/2019:13:44:01 -0500] "GET /SIG/index.php/ECS/126PM04-PR08.pdf/ECS/126PM04-PR103.pdf/?dir=&sort=date&order=asc/ HTTP/1.1" 200 5419
148.251.22.75 - - [09/Nov/2019:13:44:07 -0500] "GET /SIG/index.php/ECS/126PM04-PR08.pdf/ECS/126PM04-PR103.pdf/?dir=&sort=name&order=desc/ HTTP/1.1" 200 5419
148.251.22.75 - - [09/Nov/2019:13:44:10 -0500] "GET /SIG/index.php/ECS/126PM04-PR08.pdf/ECS/126PM04-PR103.pdf/?dir=&sort=size&order=asc/ HTTP/1.1" 200 5419
186.86.33.255 - - [09/Nov/2019:13:44:13 -0500] "GET /galeria/galeria/jquery.fancybox.css?v=2.1.5 HTTP/1.1" 200 4895
186.86.33.255 - - [09/Nov/2019:13:44:13 -0500] "GET /BLA/boletinlegal/js/jquery.scrollShow.js HTTP/1.1" 200 4586
148.251.22.75 - - [09/Nov/2019:13:44:13 -0500] "GET /SIG/index.php/ECS/126PM04-PR08.pdf/ECS/126PM04-PR103.pdf/?dir=Comunicaciones// HTTP/1.1" 200 3382
186.86.33.255 - - [09/Nov/2019:13:44:14 -0500] "GET /galeria/galeria/jquery.fancybox.js?v=2.1.5 HTTP/1.1" 200 48706
148.251.22.75 - - [09/Nov/2019:13:44:20 -0500] "GET /SIG/index.php/ECS/126PM04-PR08.pdf/ECS/126PM04-PR103.pdf/?dir=Control%20Disciplinario// HTTP/1.1" 200 3181
148.251.22.75 - - [09/Nov/2019:13:44:25 -0500] "GET /SIG/index.php/ECS/126PM04-PR08.pdf/ECS/126PM04-PR103.pdf/?dir=Control%20y%20mejora// HTTP/1.1" 200 3293
66.249.88.19 - - [09/Nov/2019:13:44:27 -0500] "GET /BLA/boletinlegal/js/jquery.scrollShow.js HTTP/1.1" 200 4586
66.249.88.23 - - [09/Nov/2019:13:44:27 -0500] "GET /galeria/galeria/jquery.fancybox.css?v=2.1.5 HTTP/1.1" 200 4895
66.249.88.23 - - [09/Nov/2019:13:44:27 -0500] "GET /galeria/galeria/jquery.fancybox.js?v=2.1.5 HTTP/1.1" 200 48706
66.249.65.201 - - [09/Nov/2019:13:44:27 -0500] "GET /SIG/Gesti%C3%83%C2%B3n%20de%20Recursos%20F%C3%83%C2%ADsicos/126PA04-PR24.pdf HTTP/1.1" 404 1019
148.251.22.75 - - [09/Nov/2019:13:44:30 -0500] "GET /SIG/index.php/ECS/126PM04-PR08.pdf/ECS/126PM04-PR103.pdf/?dir=Direccionamiento%20Estrategico// HTTP/1.1" 200 4445
66.249.65.250 - - [09/Nov/2019:13:44:33 -0500] "GET /BLA/resoluciones/AUTOS%202013/0099.pdf HTTP/1.1" 200 1312510
148.251.22.75 - - [09/Nov/2019:13:44:36 -0500] "GET /SIG/index.php/ECS/126PM04-PR08.pdf/ECS/126PM04-PR103.pdf/?dir=ECS// HTTP/1.1" 200 17091
66.249.65.250 - - [09/Nov/2019:13:44:40 -0500] "GET /BLA/resoluciones/RESOLUCIONES%202018/0389.pdf HTTP/1.1" 200 295179
148.251.22.75 - - [09/Nov/2019:13:44:40 -0500] "GET /SIG/index.php/ECS/126PM04-PR08.pdf/ECS/126PM04-PR103.pdf/?dir=Gestion%20Documental// HTTP/1.1" 200 6047
148.251.22.75 - - [09/Nov/2019:13:44:43 -0500] "GET /SIG/index.php/ECS/126PM04-PR08.pdf/ECS/126PM04-PR103.pdf/?dir=Gestion%20Recursos%20Financieros// HTTP/1.1" 200 9355
66.249.65.250 - - [09/Nov/2019:13:44:53 -0500] "GET /BLA/resoluciones/AUTOS%202016/2783.pdf HTTP/1.1" 200 419220
66.249.65.199 - - [09/Nov/2019:13:44:59 -0500] "GET /SIG/Gesti%C3%83%C2%B3n%20Talento%20Humano/Gesti%C3%83%C2%B3n%20Talento%20Humano/126PA01-PR05.pdf HTTP/1.1" 404 1019
66.249.65.250 - - [09/Nov/2019:13:45:14 -0500] "GET /BLA/resoluciones/AUTOS%202015/4057.pdf HTTP/1.1" 200 636390
54.36.148.240 - - [09/Nov/2019:13:45:17 -0500] "GET /BLA/resoluciones/RESOLUCIONES%202003/RES%202003%20401-450/433.tif HTTP/1.1" 200 128020
66.249.65.250 - - [09/Nov/2019:13:45:28 -0500] "GET /BLA/resoluciones/AUTOS%202018/3258.pdf HTTP/1.1" 200 516195
54.36.148.29 - - [09/Nov/2019:13:45:30 -0500] "GET /BLA/resoluciones/RESOLUCIONES%202002/RES%202002%20201-250/2002RES209.tif HTTP/1.1" 200 118548
191.102.221.244 - - [09/Nov/2019:13:45:36 -0500] "GET /galeria/galeria/jquery.fancybox.css?v=2.1.5 HTTP/1.1" 200 4895
191.102.221.244 - - [09/Nov/2019:13:45:36 -0500] "GET /BLA/boletinlegal/js/jquery.scrollShow.js HTTP/1.1" 200 4586
191.102.221.244 - - [09/Nov/2019:13:45:36 -0500] "GET /galeria/galeria/jquery.fancybox.js?v=2.1.5 HTTP/1.1" 200 48706
66.249.65.250 - - [09/Nov/2019:13:45:40 -0500] "GET /galeria/nivo-slider/demo/demo.html HTTP/1.1" 404 1260
217.61.224.24 - - [09/Nov/2019:13:45:40 -0500] "GET /galeria/galeria/jquery.fancybox.js?v=2.1.5 HTTP/1.1" 200 48706
217.61.224.24 - - [09/Nov/2019:13:45:40 -0500] "GET /BLA/boletinlegal/js/jquery.scrollShow.js HTTP/1.1" 200 4586
217.61.224.24 - - [09/Nov/2019:13:45:40 -0500] "GET /galeria/galeria/jquery.fancybox.css?v=2.1.5 HTTP/1.1" 200 4895
66.249.65.250 - - [09/Nov/2019:13:45:44 -0500] "GET /BLA/resoluciones/RESOLUCIONES%202017/1796.pdf HTTP/1.1" 200 577147
66.249.65.252 - - [09/Nov/2019:13:45:48 -0500] "GET /BLA/resoluciones/AUTOS%202016/1361.pdf HTTP/1.1" 200 576227
190.130.121.52 - - [09/Nov/2019:13:45:51 -0500] "GET /galeria/galeria/jquery.fancybox.css?v=2.1.5 HTTP/1.1" 200 4895
138.122.234.250 - - [09/Nov/2019:13:45:30 -0500] "GET /sendero/DOCUMENTO%20EIA.zip HTTP/1.1" 200 4507130
217.61.224.24 - - [09/Nov/2019:13:45:56 -0500] "GET /galeria/galeria/jquery.fancybox.css?v=2.1.5 HTTP/1.1" 304 -
217.61.224.24 - - [09/Nov/2019:13:45:56 -0500] "GET /galeria/galeria/jquery.fancybox.js?v=2.1.5 HTTP/1.1" 304 -
217.61.224.24 - - [09/Nov/2019:13:45:56 -0500] "GET /BLA/boletinlegal/js/jquery.scrollShow.js HTTP/1.1" 304 -
66.249.65.250 - - [09/Nov/2019:13:46:00 -0500] "GET /BLA/resoluciones/RESOLUCIONES%202017/0665.pdf HTTP/1.1" 200 497160
54.36.148.60 - - [09/Nov/2019:13:46:00 -0500] "GET /www.ambientebogota.gov.co:81/ HTTP/1.1" 403 1024
54.36.149.105 - - [09/Nov/2019:13:46:06 -0500] "GET /BLA/resoluciones/RESOLUCIONES%202003/RES%202003%202051-2100/00002069.tif HTTP/1.1" 200 46714
66.249.65.201 - - [09/Nov/2019:13:46:14 -0500] "GET /SIG/Gesti%C3%83%C2%B3n%20Talento%20Humano/Gesti%C3%83%C2%B3n%20Talento%20Humano/126PA01-PR01.pdf HTTP/1.1" 404 1019
159.138.156.192 - - [09/Nov/2019:13:46:24 -0500] "GET /BLA/resoluciones/index.php?dir=RESOLUCIONES%2B2006%2F HTTP/1.1" 200 12073
66.249.65.250 - - [09/Nov/2019:13:46:26 -0500] "GET /BLA/resoluciones/RESOLUCIONES%202015/0483.pdf HTTP/1.1" 200 626675
190.85.103.98 - - [09/Nov/2019:13:46:38 -0500] "GET /galeria/galeria/jquery.fancybox.css?v=2.1.5 HTTP/1.1" 200 4895
190.85.103.98 - - [09/Nov/2019:13:46:38 -0500] "GET /BLA/boletinlegal/js/jquery.scrollShow.js HTTP/1.1" 200 4586
190.85.103.98 - - [09/Nov/2019:13:46:38 -0500] "GET /galeria/galeria/jquery.fancybox.js?v=2.1.5 HTTP/1.1" 200 48706
191.72.78.87 - - [09/Nov/2019:13:46:48 -0500] "GET /galeria/galeria/jquery.fancybox.js?v=2.1.5 HTTP/1.1" 200 48706
191.72.78.87 - - [09/Nov/2019:13:46:48 -0500] "GET /BLA/boletinlegal/js/jquery.scrollShow.js HTTP/1.1" 200 4586
191.72.78.87 - - [09/Nov/2019:13:46:48 -0500] "GET /galeria/galeria/jquery.fancybox.css?v=2.1.5 HTTP/1.1" 200 4895
190.130.121.52 - - [09/Nov/2019:13:46:48 -0500] "GET /BLA/boletinlegal/js/jquery.scrollShow.js HTTP/1.1" 200 4586
190.130.121.52 - - [09/Nov/2019:13:46:48 -0500] "GET /galeria/galeria/jquery.fancybox.js?v=2.1.5 HTTP/1.1" 200 48706
54.36.148.73 - - [09/Nov/2019:13:46:52 -0500] "GET /galeria/galeria/fotos/Soratama2G.jpg HTTP/1.1" 200 167638
66.249.88.25 - - [09/Nov/2019:13:46:53 -0500] "GET /galeria/galeria/jquery.fancybox.js?v=2.1.5 HTTP/1.1" 200 48706
66.249.88.19 - - [09/Nov/2019:13:46:54 -0500] "GET /galeria/galeria/jquery.fancybox.js?v=2.1.5 HTTP/1.1" 304 -
66.102.6.191 - - [09/Nov/2019:13:46:54 -0500] "GET /galeria/galeria/jquery.fancybox.css?v=2.1.5 HTTP/1.1" 304 -
66.102.6.187 - - [09/Nov/2019:13:46:54 -0500] "GET /BLA/boletinlegal/js/jquery.scrollShow.js HTTP/1.1" 304 -
66.249.93.95 - - [09/Nov/2019:13:47:07 -0500] "GET /BLA/boletinlegal/js/jquery.scrollShow.js HTTP/1.1" 200 4586
66.249.93.95 - - [09/Nov/2019:13:47:07 -0500] "GET /galeria/galeria/jquery.fancybox.css?v=2.1.5 HTTP/1.1" 200 4895
66.249.93.91 - - [09/Nov/2019:13:47:07 -0500] "GET /galeria/galeria/jquery.fancybox.js?v=2.1.5 HTTP/1.1" 200 48706
191.72.78.87 - - [09/Nov/2019:13:47:11 -0500] "GET /BLA/boletinlegal/js/jquery.scrollShow.js HTTP/1.1" 304 -
191.72.78.87 - - [09/Nov/2019:13:47:11 -0500] "GET /galeria/galeria/jquery.fancybox.css?v=2.1.5 HTTP/1.1" 304 -
191.72.78.87 - - [09/Nov/2019:13:47:11 -0500] "GET /galeria/galeria/jquery.fancybox.js?v=2.1.5 HTTP/1.1" 304 -
186.84.89.90 - - [09/Nov/2019:13:47:21 -0500] "GET /galeria/galeria/jquery.fancybox.css?v=2.1.5 HTTP/1.1" 200 4895
186.84.89.90 - - [09/Nov/2019:13:47:21 -0500] "GET /BLA/boletinlegal/js/jquery.scrollShow.js HTTP/1.1" 200 4586
186.84.89.90 - - [09/Nov/2019:13:47:22 -0500] "GET /galeria/galeria/jquery.fancybox.js?v=2.1.5 HTTP/1.1" 200 48706
66.249.65.252 - - [09/Nov/2019:13:47:27 -0500] "GET /BLA/resoluciones/Notificaciones/AUTOS%202018/05153.pdf HTTP/1.1" 200 215898
66.249.65.252 - - [09/Nov/2019:13:47:34 -0500] "GET /BLA/resoluciones/RESOLUCIONES%202014/1422.pdf HTTP/1.1" 200 3015538
66.249.65.252 - - [09/Nov/2019:13:47:40 -0500] "GET /BLA/resoluciones/AUTOS%202015/4995.pdf HTTP/1.1" 200 518990
66.249.65.254 - - [09/Nov/2019:13:47:54 -0500] "GET /BLA/resoluciones/RESOLUCIONES%202016/0434.pdf HTTP/1.1" 200 768345
190.157.184.96 - - [09/Nov/2019:13:48:07 -0500] "GET /galeria/galeria/jquery.fancybox.css?v=2.1.5 HTTP/1.1" 200 4895
190.157.184.96 - - [09/Nov/2019:13:48:08 -0500] "GET /BLA/boletinlegal/js/jquery.scrollShow.js HTTP/1.1" 200 4586
190.157.184.96 - - [09/Nov/2019:13:48:08 -0500] "GET /galeria/galeria/jquery.fancybox.js?v=2.1.5 HTTP/1.1" 200 48706
66.249.65.250 - - [09/Nov/2019:13:48:09 -0500] "GET /BLA/resoluciones/AUTOS%202014/0937.pdf HTTP/1.1" 200 703798
66.249.65.203 - - [09/Nov/2019:13:48:21 -0500] "GET /SIG/Gesti%C3%83%C2%B3n%20Talento%20Humano/Gesti%C3%83%C2%B3n%20Talento%20Humano/126PA01-PR15.pdf HTTP/1.1" 404 1019
190.131.208.174 - - [09/Nov/2019:13:48:51 -0500] "GET /galeria/nivo-slider/demo/inicio.html HTTP/1.1" 200 5230
