66.249.69.63 - - [09/Nov/2019:15:23:07 -0500] "GET /BLA/resoluciones/RESOLUCIONES%202011/0861.pdf HTTP/1.1" 200 203035
66.249.69.59 - - [09/Nov/2019:15:23:14 -0500] "GET /BLA/resoluciones/Autos%202008/1139.pdf HTTP/1.1" 200 67683
66.249.69.59 - - [09/Nov/2019:15:23:28 -0500] "GET /portel_dama/libreria/php/2006/ECOSISTEMAS%20FINAL%20web_mz27/humedales/sitio/22_pol/xtras/1.pdf HTTP/1.1" 404 1018
66.249.69.59 - - [09/Nov/2019:15:23:30 -0500] "GET /BLA/resoluciones/AUTOS%202013/0758.pdf HTTP/1.1" 200 1618763
201.228.251.153 - - [09/Nov/2019:15:23:35 -0500] "GET /galeria/galeria/jquery.fancybox.css?v=2.1.5 HTTP/1.1" 200 4895
201.228.251.153 - - [09/Nov/2019:15:23:35 -0500] "GET /BLA/boletinlegal/js/jquery.scrollShow.js HTTP/1.1" 200 4586
201.228.251.153 - - [09/Nov/2019:15:23:35 -0500] "GET /galeria/galeria/jquery.fancybox.js?v=2.1.5 HTTP/1.1" 200 48706
69.162.124.232 - - [09/Nov/2019:15:23:56 -0500] "HEAD / HTTP/1.1" 200 -
201.185.41.20 - - [09/Nov/2019:15:23:59 -0500] "GET /galeria/carrusel/Carrusel/jquery.thumbnailScroller.css HTTP/1.1" 200 2066
201.185.41.20 - - [09/Nov/2019:15:24:00 -0500] "GET /galeria/nivo-slider/demo/inicio.html HTTP/1.1" 200 5230
201.185.41.20 - - [09/Nov/2019:15:24:00 -0500] "GET /galeria/nivo-slider/themes/orman/orman.css HTTP/1.1" 200 2152
201.185.41.20 - - [09/Nov/2019:15:24:00 -0500] "GET /galeria/nivo-slider/themes/default/default.css HTTP/1.1" 200 1569
201.185.41.20 - - [09/Nov/2019:15:24:00 -0500] "GET /galeria/nivo-slider/themes/pascal/pascal.css HTTP/1.1" 200 2258
201.185.41.20 - - [09/Nov/2019:15:24:00 -0500] "GET /galeria/nivo-slider/nivo-slider.css HTTP/1.1" 200 1507
201.185.41.20 - - [09/Nov/2019:15:24:00 -0500] "GET /galeria/nivo-slider/demo/images/iniciativas-Ambientales.jpg HTTP/1.1" 200 201405
201.185.41.20 - - [09/Nov/2019:15:24:00 -0500] "GET /galeria/nivo-slider/demo/images/Bannerveterinaria.jpg HTTP/1.1" 200 254705
201.185.41.20 - - [09/Nov/2019:15:24:00 -0500] "GET /galeria/nivo-slider/demo/images/bannerincendios.jpg HTTP/1.1" 200 206070
201.185.41.20 - - [09/Nov/2019:15:24:00 -0500] "GET /galeria/nivo-slider/demo/images/Banner%20tinguas.jpg HTTP/1.1" 200 214878
201.185.41.20 - - [09/Nov/2019:15:24:00 -0500] "GET /galeria/nivo-slider/demo/images/Bannerserpiente2019.jpg HTTP/1.1" 200 270374
201.185.41.20 - - [09/Nov/2019:15:24:00 -0500] "GET /galeria/nivo-slider/demo/images/Noviembre.png HTTP/1.1" 200 519399
201.185.41.20 - - [09/Nov/2019:15:24:00 -0500] "GET /galeria/nivo-slider/demo/images/puntos%20atencion%20BANNER.jpg HTTP/1.1" 200 244208
201.185.41.20 - - [09/Nov/2019:15:24:01 -0500] "GET /galeria/nivo-slider/demo/scripts/jquery-1.7.1.min.js HTTP/1.1" 200 93868
201.185.41.20 - - [09/Nov/2019:15:24:01 -0500] "GET /galeria/nivo-slider/jquery.nivo.slider.pack.js HTTP/1.1" 200 11561
201.185.41.20 - - [09/Nov/2019:15:24:01 -0500] "GET /galeria/nivo-slider/demo/images/Banner%20Visor%20Geografico%20Ambiental.jpg HTTP/1.1" 200 204673
201.185.41.20 - - [09/Nov/2019:15:24:01 -0500] "GET /galeria/nivo-slider/demo/images/Banner%20consumo%20sostenible%20final.jpg HTTP/1.1" 200 364746
201.185.41.20 - - [09/Nov/2019:15:24:01 -0500] "GET /galeria/nivo-slider/demo/images/bannersectorambiente.png HTTP/1.1" 200 308540
201.185.41.20 - - [09/Nov/2019:15:24:01 -0500] "GET /galeria/nivo-slider/demo/images/Banner%20RCD.jpg HTTP/1.1" 200 92197
201.185.41.20 - - [09/Nov/2019:15:24:01 -0500] "GET /galeria/nivo-slider/demo/images/Banner%20practicas%20sostenibles.jpg HTTP/1.1" 200 142958
201.185.41.20 - - [09/Nov/2019:15:24:02 -0500] "GET /galeria/nivo-slider/demo/images/Banner%20POT.png HTTP/1.1" 200 418238
201.185.41.20 - - [09/Nov/2019:15:24:02 -0500] "GET /galeria/nivo-slider/demo/images/banneragendamiento.jpg HTTP/1.1" 304 -
201.185.41.20 - - [09/Nov/2019:15:24:02 -0500] "GET /galeria/nivo-slider/demo/images/4Simple_Slider.png HTTP/1.1" 200 11722
201.185.41.20 - - [09/Nov/2019:15:24:02 -0500] "GET /galeria/nivo-slider/themes/default/loading.gif HTTP/1.1" 200 1737
201.185.41.20 - - [09/Nov/2019:15:24:02 -0500] "GET /galeria/nivo-slider/demo/images/BANNER%20punto.jpg HTTP/1.1" 200 75932
201.185.41.20 - - [09/Nov/2019:15:24:02 -0500] "GET /galeria/nivo-slider/demo/images/Banneranonimos.png HTTP/1.1" 200 109388
201.185.41.20 - - [09/Nov/2019:15:24:02 -0500] "GET /galeria/nivo-slider/demo/images/banner-humedales-de-bogota.jpg HTTP/1.1" 200 292611
201.185.41.20 - - [09/Nov/2019:15:24:02 -0500] "GET /galeria/nivo-slider/demo/images/banner-bolsas-plasticas.jpg HTTP/1.1" 200 317939
190.131.219.218 - - [09/Nov/2019:15:24:10 -0500] "GET /galeria/galeria/jquery.fancybox.css?v=2.1.5 HTTP/1.1" 200 4895
190.131.219.218 - - [09/Nov/2019:15:24:10 -0500] "GET /BLA/boletinlegal/js/jquery.scrollShow.js HTTP/1.1" 200 4586
190.131.219.218 - - [09/Nov/2019:15:24:10 -0500] "GET /galeria/galeria/jquery.fancybox.js?v=2.1.5 HTTP/1.1" 200 48706
66.249.69.63 - - [09/Nov/2019:15:24:30 -0500] "GET /BLA/resoluciones/RESOLUCIONES%202011/1758.pdf HTTP/1.1" 200 519882
66.249.69.61 - - [09/Nov/2019:15:24:37 -0500] "GET /resoluciones/RESOLUCIONES%202008/1187.pdf HTTP/1.1" 404 1018
66.249.69.59 - - [09/Nov/2019:15:24:41 -0500] "GET /BLA/resoluciones/RESOLUCIONES%202011/3732.pdf HTTP/1.1" 200 300900
66.249.69.59 - - [09/Nov/2019:15:24:48 -0500] "GET /BLA/resoluciones/Autos%202008/3306.pdf HTTP/1.1" 200 70260
66.249.69.59 - - [09/Nov/2019:15:24:56 -0500] "GET /BLA/resoluciones/Autos%202008/0621.pdf HTTP/1.1" 200 130989
186.31.55.237 - - [09/Nov/2019:15:25:08 -0500] "GET /galeria/galeria/jquery.fancybox.js?v=2.1.5 HTTP/1.1" 200 48706
186.31.55.237 - - [09/Nov/2019:15:25:08 -0500] "GET /BLA/boletinlegal/js/jquery.scrollShow.js HTTP/1.1" 200 4586
186.31.55.237 - - [09/Nov/2019:15:25:08 -0500] "GET /galeria/galeria/jquery.fancybox.css?v=2.1.5 HTTP/1.1" 200 4895
186.31.55.237 - - [09/Nov/2019:15:25:08 -0500] "GET /galeria/carrusel/Carrusel/jquery.thumbnailScroller.css HTTP/1.1" 200 2066
186.31.55.237 - - [09/Nov/2019:15:25:08 -0500] "GET /galeria/carrusel/Carrusel/jquery-ui-1.8.13.custom.min.js HTTP/1.1" 200 10800
186.31.55.237 - - [09/Nov/2019:15:25:08 -0500] "GET /galeria/carrusel/Carrusel/jquery.thumbnailScroller.js HTTP/1.1" 200 8157
66.249.69.59 - - [09/Nov/2019:15:25:09 -0500] "GET /BLA/resoluciones/AUTOS%202012/1917.pdf HTTP/1.1" 200 349808
186.31.55.237 - - [09/Nov/2019:15:25:10 -0500] "GET /BLA/boletinlegal/js/jquery.scrollShow.js HTTP/1.1" 200 4586
186.31.55.237 - - [09/Nov/2019:15:25:10 -0500] "GET /galeria/galeria/jquery.fancybox.js?v=2.1.5 HTTP/1.1" 200 48706
186.31.55.237 - - [09/Nov/2019:15:25:10 -0500] "GET /galeria/galeria/jquery.fancybox.css?v=2.1.5 HTTP/1.1" 200 4895
186.31.55.237 - - [09/Nov/2019:15:25:13 -0500] "GET /galeria/galeria/jquery.fancybox.js?v=2.1.5 HTTP/1.1" 304 -
186.31.55.237 - - [09/Nov/2019:15:25:13 -0500] "GET /BLA/boletinlegal/js/jquery.scrollShow.js HTTP/1.1" 304 -
186.31.55.237 - - [09/Nov/2019:15:25:13 -0500] "GET /galeria/galeria/jquery.fancybox.css?v=2.1.5 HTTP/1.1" 304 -
66.249.69.59 - - [09/Nov/2019:15:25:23 -0500] "GET /BLA/resoluciones/RESOLUCIONES%202011/3399.pdf HTTP/1.1" 200 429254
66.249.69.59 - - [09/Nov/2019:15:25:32 -0500] "GET /BLA/resoluciones/RESOLUCIONES%202010/6534.pdf HTTP/1.1" 200 86739
148.251.9.145 - - [09/Nov/2019:15:25:38 -0500] "GET /Autoliquidacion/Grupo%20Forestal%20-%20Silvicultura/Formulario%20%C3%BAnico%20nacional%20de%20solicitud%20de%20aprovechamiento%20forestal%20arboles%20aislados.xlsx HTTP/1.1" 404 1019
66.249.69.59 - - [09/Nov/2019:15:25:42 -0500] "GET /BLA/resoluciones/RESOLUCIONES%202011/0346.pdf HTTP/1.1" 200 88875
148.251.9.145 - - [09/Nov/2019:15:25:43 -0500] "GET /Autoliquidacion/Grupo%20Forestal%20-%20Silvicultura/Instructivo-solicitud-Verificaci%C3%B3n-para-expedici%C3%B3n-SUNL.pdf/ HTTP/1.1" 404 1019
66.249.69.59 - - [09/Nov/2019:15:25:49 -0500] "GET /BLA/resoluciones/RESOLUCIONES%202007/RES%202007%202801%20AL%202900/RESOLUCION%202834%20DE%202007.pdf HTTP/1.1" 200 114978
148.251.9.145 - - [09/Nov/2019:15:25:53 -0500] "GET /Autoliquidacion/Grupo%20Forestal%20-%20Silvicultura/Solicitud%20y%20lista%20de%20chequeo%20Evaluaci%C3%B3n%20Silvicultural.xlsx HTTP/1.1" 404 1019
66.249.69.59 - - [09/Nov/2019:15:25:57 -0500] "GET /BLA/resoluciones/RESOLUCIONES%202011/0717.pdf HTTP/1.1" 200 247184
66.249.88.19 - - [09/Nov/2019:15:25:59 -0500] "GET /galeria/galeria/jquery.fancybox.css?v=2.1.5 HTTP/1.1" 200 4895
66.249.88.19 - - [09/Nov/2019:15:25:59 -0500] "GET /BLA/boletinlegal/js/jquery.scrollShow.js HTTP/1.1" 200 4586
66.249.88.25 - - [09/Nov/2019:15:25:59 -0500] "GET /galeria/galeria/jquery.fancybox.js?v=2.1.5 HTTP/1.1" 200 48706
66.249.69.59 - - [09/Nov/2019:15:26:04 -0500] "GET /BLA/resoluciones/RESOLUCIONES%202011/1460.pdf HTTP/1.1" 200 518622
186.168.13.70 - - [09/Nov/2019:15:26:12 -0500] "GET /galeria/galeria/jquery.fancybox.css?v=2.1.5 HTTP/1.1" 200 4895
186.168.13.70 - - [09/Nov/2019:15:26:12 -0500] "GET /BLA/boletinlegal/js/jquery.scrollShow.js HTTP/1.1" 200 4586
186.168.13.70 - - [09/Nov/2019:15:26:12 -0500] "GET /galeria/galeria/jquery.fancybox.js?v=2.1.5 HTTP/1.1" 200 48706
66.249.69.61 - - [09/Nov/2019:15:26:13 -0500] "GET /BLA/resoluciones/RESOLUCIONES%202011/2200.pdf HTTP/1.1" 200 510589
66.249.69.59 - - [09/Nov/2019:15:26:20 -0500] "GET /BLA/resoluciones/RESOLUCIONES%202011/0900.pdf HTTP/1.1" 200 522477
186.168.13.70 - - [09/Nov/2019:15:26:24 -0500] "GET /galeria/carrusel/Carrusel/jquery.thumbnailScroller.css HTTP/1.1" 200 2066
186.168.13.70 - - [09/Nov/2019:15:26:24 -0500] "GET /galeria/carrusel/Carrusel/jquery-ui-1.8.13.custom.min.js HTTP/1.1" 200 10800
186.168.13.70 - - [09/Nov/2019:15:26:24 -0500] "GET /galeria/carrusel/Carrusel/jquery.thumbnailScroller.js HTTP/1.1" 200 8157
186.168.13.70 - - [09/Nov/2019:15:26:25 -0500] "GET /galeria/nivo-slider/demo/inicio.html HTTP/1.1" 200 5230
186.168.13.70 - - [09/Nov/2019:15:26:25 -0500] "GET /galeria/nivo-slider/themes/default/default.css HTTP/1.1" 200 1569
186.168.13.70 - - [09/Nov/2019:15:26:25 -0500] "GET /galeria/nivo-slider/themes/pascal/pascal.css HTTP/1.1" 200 2258
186.168.13.70 - - [09/Nov/2019:15:26:25 -0500] "GET /galeria/nivo-slider/themes/orman/orman.css HTTP/1.1" 200 2152
186.168.13.70 - - [09/Nov/2019:15:26:25 -0500] "GET /galeria/nivo-slider/nivo-slider.css HTTP/1.1" 200 1507
186.168.13.70 - - [09/Nov/2019:15:26:25 -0500] "GET /galeria/nivo-slider/demo/style.css HTTP/1.1" 200 2222
186.168.13.70 - - [09/Nov/2019:15:26:25 -0500] "GET /galeria/nivo-slider/demo/scripts/jquery-1.7.1.min.js HTTP/1.1" 200 93868
186.168.13.70 - - [09/Nov/2019:15:26:25 -0500] "GET /galeria/nivo-slider/jquery.nivo.slider.pack.js HTTP/1.1" 200 11561
186.168.13.70 - - [09/Nov/2019:15:26:25 -0500] "GET /galeria/nivo-slider/demo/images/banneragendamiento.jpg HTTP/1.1" 200 116897
186.168.13.70 - - [09/Nov/2019:15:26:25 -0500] "GET /galeria/nivo-slider/demo/images/iniciativas-Ambientales.jpg HTTP/1.1" 200 201405
186.168.13.70 - - [09/Nov/2019:15:26:25 -0500] "GET /galeria/nivo-slider/demo/images/Bannerveterinaria.jpg HTTP/1.1" 200 254705
186.168.13.70 - - [09/Nov/2019:15:26:25 -0500] "GET /galeria/nivo-slider/demo/images/bannerincendios.jpg HTTP/1.1" 200 206070
186.168.13.70 - - [09/Nov/2019:15:26:25 -0500] "GET /galeria/nivo-slider/demo/images/Banner%20tinguas.jpg HTTP/1.1" 200 214878
186.168.13.70 - - [09/Nov/2019:15:26:25 -0500] "GET /galeria/nivo-slider/demo/images/4Simple_Slider.png HTTP/1.1" 200 11722
186.168.13.70 - - [09/Nov/2019:15:26:25 -0500] "GET /galeria/nivo-slider/themes/default/loading.gif HTTP/1.1" 200 1737
186.168.13.70 - - [09/Nov/2019:15:26:25 -0500] "GET /galeria/nivo-slider/demo/images/Noviembre.png HTTP/1.1" 200 519399
186.168.13.70 - - [09/Nov/2019:15:26:25 -0500] "GET /galeria/nivo-slider/demo/images/Bannerserpiente2019.jpg HTTP/1.1" 200 270374
186.168.13.70 - - [09/Nov/2019:15:26:25 -0500] "GET /galeria/nivo-slider/demo/images/puntos%20atencion%20BANNER.jpg HTTP/1.1" 200 244208
186.168.13.70 - - [09/Nov/2019:15:26:25 -0500] "GET /galeria/nivo-slider/demo/images/Banner%20Visor%20Geografico%20Ambiental.jpg HTTP/1.1" 200 204673
186.168.13.70 - - [09/Nov/2019:15:26:25 -0500] "GET /galeria/nivo-slider/demo/images/Banner%20consumo%20sostenible%20final.jpg HTTP/1.1" 200 364746
186.168.13.70 - - [09/Nov/2019:15:26:26 -0500] "GET /galeria/nivo-slider/demo/images/bannersectorambiente.png HTTP/1.1" 200 308540
186.168.13.70 - - [09/Nov/2019:15:26:26 -0500] "GET /galeria/nivo-slider/demo/images/Banner%20RCD.jpg HTTP/1.1" 200 92197
186.168.13.70 - - [09/Nov/2019:15:26:26 -0500] "GET /galeria/nivo-slider/demo/images/Banner%20Conpes.jpg HTTP/1.1" 200 55220
186.168.13.70 - - [09/Nov/2019:15:26:26 -0500] "GET /galeria/nivo-slider/demo/images/Banner%20practicas%20sostenibles.jpg HTTP/1.1" 200 142958
186.168.13.70 - - [09/Nov/2019:15:26:26 -0500] "GET /galeria/nivo-slider/demo/images/Banner%20POT.png HTTP/1.1" 200 418238
186.168.13.70 - - [09/Nov/2019:15:26:27 -0500] "GET /galeria/nivo-slider/demo/images/BANNER%20punto.jpg HTTP/1.1" 200 75932
186.168.13.70 - - [09/Nov/2019:15:26:27 -0500] "GET /galeria/nivo-slider/demo/images/Banneranonimos.png HTTP/1.1" 200 109388
186.168.13.70 - - [09/Nov/2019:15:26:27 -0500] "GET /galeria/nivo-slider/demo/images/banner-humedales-de-bogota.jpg HTTP/1.1" 200 292611
186.168.13.70 - - [09/Nov/2019:15:26:27 -0500] "GET /galeria/nivo-slider/demo/images/banner-bolsas-plasticas.jpg HTTP/1.1" 200 317939
186.168.13.70 - - [09/Nov/2019:15:26:28 -0500] "GET /galeria/nivo-slider/themes/default/arrows.png HTTP/1.1" 200 824
186.168.13.70 - - [09/Nov/2019:15:26:28 -0500] "GET /galeria/nivo-slider/themes/default/bullets.png HTTP/1.1" 200 1281
66.249.69.59 - - [09/Nov/2019:15:26:41 -0500] "GET /BLA/resoluciones/RESOLUCIONES%202010/6481.pdf HTTP/1.1" 200 64585
66.249.69.61 - - [09/Nov/2019:15:26:48 -0500] "GET /BLA/resoluciones/AUTOS%202010/2367.pdf HTTP/1.1" 200 178880
66.249.69.61 - - [09/Nov/2019:15:26:54 -0500] "GET /BLA/resoluciones/RESOLUCIONES%202014/0913.pdf HTTP/1.1" 200 748793
46.229.168.137 - - [09/Nov/2019:15:26:56 -0500] "GET /Autoliquidacion/index.php?dir=Cobro%2BEvaluacion%2BCertificaci%C3%83%C2%83%C3%82%C2%83%C3%83%C2%82%C3%82%C2%83%C3%83%C2%83%C3%82%C2%82%C3%83%C2%82%C3%82%C2%83%C3%83%C2%83%C3%82%C2%83%C3%83%C2%82%C3%82%C2%82%C3%83%C2%83%C3%82%C2%82%C3%83%C2%82%C3%82%C2%83%C3%83%C2%83%C3%82%C2%83%C3%83%C2%82%C3%82%C2%83%C3%83%C2%83%C3%82%C2%82%C3%83%C2%82%C3%82%C2%82%C3%83%C2%83%C3%82%C2%83%C3%83%C2%82%C3%82%C2%82%C3%83%C2%83%C3%82%C2%82%C3%83%C2%82%C3%82%C2%B3n%2BPara%2BLa%2BDeducci%C3%83%C2%83%C3%82%C2%83%C3%83%C2%82%C3%82%C2%83%C3%83%C2%83%C3%82%C2%82%C3%83%C2%82%C3%82%C2%83%C3%83%C2%83%C3%82%C2%83%C3%83%C2%82%C3%82%C2%82%C3%83%C2%83%C3%82%C2%82%C3%83%C2%82%C3%82%C2%83%C3%83%C2%83%C3%82%C2%83%C3%83%C2%82%C3%82%C2%83%C3%83%C2%83%C3%82%C2%82%C3%83%C2%82%C3%82%C2%82%C3%83%C2%83%C3%82%C2%83%C3%83%C2%82%C3%82%C2%82%C3%83%C2%83%C3%82%C2%82%C3%83%C2%82%C3%82%C2%B3n%2BPor%2BInversi%C3%83%C2%83%C3%82%C2%83%C3%83%C2%82%C3%82%C2%83%C3%83%C2%83%C3%82%C2%82%C3%83%C2%82%C3%82%C2%83%C3%83%C2%83%C3%82%C2%83%C3%83%C2%82%C3%82%C2%82%C3%83%C2%83%C3%82%C2%82%C3%83%C2%82%C3%82%C2%83%C3%83%C2%83%C3%82%C2%83%C3%83%C2%82%C3%82%C2%83%C3%83%C2%83%C3%82%C2%82%C3%83%C2%82%C3%82%C2%82%C3%83%C2%83%C3%82%C2%83%C3%83%C2%82%C3%82%C2%82%C3%83%C2%83%C3%82%C2%82%C3%83%C2%82%C3%82%C2%B3n%2BEn%2BMedio%2BAmbiente%2F&order=desc&sort=date HTTP/1.1" 200 7914
66.249.69.61 - - [09/Nov/2019:15:27:04 -0500] "GET /BLA/resoluciones/RESOLUCIONES%202007/RES%202007%203501%20AL%203600/RESOLUCION%203520%20DE%202007.pdf HTTP/1.1" 200 373976
66.249.69.59 - - [09/Nov/2019:15:27:12 -0500] "GET /BLA/resoluciones/RESOLUCIONES%202007/RES%202007%20501%20AL%20600/RESOLUCION%200567%20DE%202007.pdf HTTP/1.1" 200 918422
159.138.156.67 - - [09/Nov/2019:15:27:16 -0500] "GET /Residuos/cosmeticos/cosmeticos.html HTTP/1.1" 200 1963
66.249.88.19 - - [09/Nov/2019:15:27:17 -0500] "GET /BLA/boletinlegal/js/jquery.scrollShow.js HTTP/1.1" 200 4586
66.249.88.25 - - [09/Nov/2019:15:27:17 -0500] "GET /galeria/galeria/jquery.fancybox.css?v=2.1.5 HTTP/1.1" 200 4895
66.249.88.23 - - [09/Nov/2019:15:27:17 -0500] "GET /galeria/galeria/jquery.fancybox.js?v=2.1.5 HTTP/1.1" 200 48706
159.138.148.225 - - [09/Nov/2019:15:27:17 -0500] "GET /BLA/resoluciones/index.php?dir=RESOLUCIONES%2B2017%2F HTTP/1.1" 200 12073
186.31.133.21 - - [09/Nov/2019:15:27:18 -0500] "GET /galeria/galeria/jquery.fancybox.css?v=2.1.5 HTTP/1.1" 200 4895
186.31.133.21 - - [09/Nov/2019:15:27:18 -0500] "GET /galeria/galeria/jquery.fancybox.js?v=2.1.5 HTTP/1.1" 200 48706
186.31.133.21 - - [09/Nov/2019:15:27:18 -0500] "GET /BLA/boletinlegal/js/jquery.scrollShow.js HTTP/1.1" 200 4586
159.138.156.240 - - [09/Nov/2019:15:27:20 -0500] "GET /BLA/resoluciones/index.php?dir=RESOLUCIONES%2B1993%2F HTTP/1.1" 200 12073
66.249.69.59 - - [09/Nov/2019:15:27:24 -0500] "GET /BLA/resoluciones/AUTOS%202009/1826.pdf HTTP/1.1" 200 129082
181.62.199.23 - - [09/Nov/2019:15:27:26 -0500] "GET /galeria/galeria/jquery.fancybox.css?v=2.1.5 HTTP/1.1" 200 4895
181.62.199.23 - - [09/Nov/2019:15:27:26 -0500] "GET /galeria/galeria/jquery.fancybox.js?v=2.1.5 HTTP/1.1" 200 48706
181.62.199.23 - - [09/Nov/2019:15:27:26 -0500] "GET /BLA/boletinlegal/js/jquery.scrollShow.js HTTP/1.1" 200 4586
66.249.69.59 - - [09/Nov/2019:15:27:32 -0500] "GET /BLA/resoluciones/RESOLUCIONES%202011/2011.pdf HTTP/1.1" 200 507109
201.245.192.253 - - [09/Nov/2019:15:27:13 -0500] "POST /kwsrmcab/Wsrmcab HTTP/1.1" 200 29633
66.249.69.61 - - [09/Nov/2019:15:27:48 -0500] "GET /BLA/resoluciones/AUTOS%202009/2271.pdf HTTP/1.1" 200 121853
186.85.181.32 - - [09/Nov/2019:15:28:02 -0500] "GET /galeria/mapa/humedal2017.jpg HTTP/1.1" 200 644667
66.249.69.59 - - [09/Nov/2019:15:28:02 -0500] "GET /BLA/resoluciones/RESOLUCIONES%202007/RES%202007%202501%20AL%202600/RESOLUCION%202556%20DE%202007.pdf HTTP/1.1" 200 413163
159.138.156.4 - - [09/Nov/2019:15:28:04 -0500] "GET /galeria/galeria/fotos/Humedal-Santa-Mar%C3%ADa-del-Lago1G.jpg HTTP/1.1" 200 290867
66.249.69.59 - - [09/Nov/2019:15:28:09 -0500] "GET /BLA/resoluciones/AUTOS%202007/0005.pdf HTTP/1.1" 200 196956
66.249.69.61 - - [09/Nov/2019:15:28:17 -0500] "GET /BLA/resoluciones/RESOLUCIONES%202007/RES%202007%201801%20AL%201900/RESOLUCION%201900%20DE%202007.pdf HTTP/1.1" 200 839387
66.249.69.59 - - [09/Nov/2019:15:28:29 -0500] "GET /BLA/resoluciones/AUTOS%202014/2218.pdf HTTP/1.1" 200 246380
66.249.69.61 - - [09/Nov/2019:15:28:42 -0500] "GET /BLA/resoluciones/RESOLUCIONES%202007/RES%202007%202301%20AL%202400/RESOLUCION%202356%20DE%202007.pdf HTTP/1.1" 200 221509
66.249.69.59 - - [09/Nov/2019:15:28:49 -0500] "GET /BLA/resoluciones/RESOLUCIONES%202007/RES%202007%20401%20AL%20500/RESOLUCION%200486%20DE%202007.pdf HTTP/1.1" 200 486083
69.162.124.232 - - [09/Nov/2019:15:28:56 -0500] "HEAD / HTTP/1.1" 200 -
66.249.69.61 - - [09/Nov/2019:15:28:56 -0500] "GET /BLA/resoluciones/RESOLUCIONES%202010/4996.pdf HTTP/1.1" 200 752339
190.97.64.112 - - [09/Nov/2019:15:29:05 -0500] "GET /galeria/galeria/jquery.fancybox.css?v=2.1.5 HTTP/1.1" 200 4895
190.97.64.112 - - [09/Nov/2019:15:29:05 -0500] "GET /BLA/boletinlegal/js/jquery.scrollShow.js HTTP/1.1" 200 4586
190.97.64.112 - - [09/Nov/2019:15:29:05 -0500] "GET /galeria/galeria/jquery.fancybox.js?v=2.1.5 HTTP/1.1" 200 48706
66.249.69.59 - - [09/Nov/2019:15:29:06 -0500] "GET /BLA/resoluciones/RESOLUCIONES%202011/0134.pdf HTTP/1.1" 200 385472
66.249.69.59 - - [09/Nov/2019:15:29:13 -0500] "GET /bla/resoluciones/RESOLUCIONES%202011/4849.pdf HTTP/1.1" 200 326631
66.249.69.59 - - [09/Nov/2019:15:29:21 -0500] "GET /BLA/resoluciones/Autos%202008/1915.pdf HTTP/1.1" 200 93442
66.249.69.59 - - [09/Nov/2019:15:29:28 -0500] "GET /BLA/resoluciones/RESOLUCIONES%202011/0629.pdf HTTP/1.1" 200 339734
181.61.209.58 - - [09/Nov/2019:15:29:29 -0500] "GET /galeria/galeria/jquery.fancybox.css?v=2.1.5 HTTP/1.1" 200 4895
181.61.209.58 - - [09/Nov/2019:15:29:29 -0500] "GET /BLA/boletinlegal/js/jquery.scrollShow.js HTTP/1.1" 200 4586
181.61.209.58 - - [09/Nov/2019:15:29:29 -0500] "GET /galeria/galeria/jquery.fancybox.js?v=2.1.5 HTTP/1.1" 200 48706
179.51.58.1 - - [09/Nov/2019:15:29:34 -0500] "GET /galeria/galeria/jquery.fancybox.css?v=2.1.5 HTTP/1.1" 200 4895
179.51.58.1 - - [09/Nov/2019:15:29:34 -0500] "GET /galeria/galeria/jquery.fancybox.js?v=2.1.5 HTTP/1.1" 200 48706
66.249.69.61 - - [09/Nov/2019:15:29:36 -0500] "GET /BLA/resoluciones/AUTOS%202017/1981.pdf HTTP/1.1" 200 261116
66.249.69.59 - - [09/Nov/2019:15:29:44 -0500] "GET /BLA/resoluciones/AUTOS%202009/0135.pdf HTTP/1.1" 200 227875
66.249.69.33 - - [09/Nov/2019:15:30:01 -0500] "GET /BLA/resoluciones/Autos%202008/1567.pdf HTTP/1.1" 200 252866
66.249.69.63 - - [09/Nov/2019:15:30:09 -0500] "GET /BLA/resoluciones/AUTOS%202012/1928.pdf HTTP/1.1" 200 299522
66.249.69.61 - - [09/Nov/2019:15:30:34 -0500] "GET /BLA/resoluciones/RESOLUCIONES%202007/RES%202007%20301%20AL%20400/RESOLUCION%200309%20DE%202007.pdf HTTP/1.1" 200 304456
186.155.96.118 - - [09/Nov/2019:15:30:52 -0500] "GET /BLA/boletinlegal/actos.php HTTP/1.1" 200 8778
66.249.69.59 - - [09/Nov/2019:15:30:54 -0500] "GET /BLA/resoluciones/RESOLUCIONES%202010/5772.pdf HTTP/1.1" 200 101436
66.249.69.59 - - [09/Nov/2019:15:31:00 -0500] "GET /BLA/resoluciones/RESOLUCIONES%202011/1564.pdf HTTP/1.1" 200 147733
66.249.69.59 - - [09/Nov/2019:15:31:08 -0500] "GET /BLA/resoluciones/AUTOS%202018/0431.pdf HTTP/1.1" 200 318454
186.155.96.118 - - [09/Nov/2019:15:31:09 -0500] "GET /BLA/boletinlegal/consulta_actos.php?tipo=resoluciones&no=2540&usuario=&sector=&fecha=2019&resuelve= HTTP/1.1" 200 626
66.249.88.23 - - [09/Nov/2019:15:31:11 -0500] "GET /galeria/galeria/jquery.fancybox.css?v=2.1.5 HTTP/1.1" 200 4895
66.249.88.25 - - [09/Nov/2019:15:31:11 -0500] "GET /BLA/boletinlegal/js/jquery.scrollShow.js HTTP/1.1" 200 4586
66.249.88.19 - - [09/Nov/2019:15:31:11 -0500] "GET /galeria/galeria/jquery.fancybox.js?v=2.1.5 HTTP/1.1" 200 48706
186.155.96.118 - - [09/Nov/2019:15:31:14 -0500] "GET /BLA/boletinlegal/consulta_actos.php?tipo=resoluciones&no=2540&usuario=&sector=&fecha=2018&resuelve= HTTP/1.1" 200 626
186.155.96.118 - - [09/Nov/2019:15:31:15 -0500] "GET /BLA/boletinlegal/consulta_actos.php?tipo=resoluciones&no=2540&usuario=&sector=&fecha=2018&resuelve= HTTP/1.1" 200 626
66.249.69.59 - - [09/Nov/2019:15:31:16 -0500] "GET /BLA/resoluciones/Autos%202008/0062.pdf HTTP/1.1" 200 115304
186.155.96.118 - - [09/Nov/2019:15:31:22 -0500] "GET /BLA/boletinlegal/consulta_actos.php?tipo=resoluciones&no=2540&usuario=&sector=&fecha=2017&resuelve= HTTP/1.1" 200 1191
66.249.69.59 - - [09/Nov/2019:15:31:23 -0500] "GET /BLA/resoluciones/AUTOS%202009/1192.pdf HTTP/1.1" 200 124586
186.155.96.118 - - [09/Nov/2019:15:31:26 -0500] "GET /BLA/resoluciones/RESOLUCIONES%202017/2540.pdf HTTP/1.1" 200 411499
66.249.69.59 - - [09/Nov/2019:15:31:31 -0500] "GET /BLA/resoluciones/AUTOS%202012/0794.pdf HTTP/1.1" 200 219818
66.249.69.59 - - [09/Nov/2019:15:31:39 -0500] "GET /BLA/resoluciones/Autos%202008/1471.pdf HTTP/1.1" 200 86210
66.249.69.59 - - [09/Nov/2019:15:31:46 -0500] "GET /BLA/resoluciones/AUTOS%202010/1912.pdf HTTP/1.1" 200 144525
201.184.86.202 - - [09/Nov/2019:15:31:49 -0500] "GET /galeria/galeria/jquery.fancybox.css?v=2.1.5 HTTP/1.1" 200 4895
201.184.86.202 - - [09/Nov/2019:15:31:49 -0500] "GET /BLA/boletinlegal/js/jquery.scrollShow.js HTTP/1.1" 304 -
201.184.86.202 - - [09/Nov/2019:15:31:49 -0500] "GET /galeria/galeria/jquery.fancybox.js?v=2.1.5 HTTP/1.1" 200 48706
186.155.96.118 - - [09/Nov/2019:15:31:52 -0500] "GET /BLA/boletinlegal/consulta_actos.php?tipo=resoluciones&no=2540&usuario=&sector=&fecha=2018&resuelve= HTTP/1.1" 200 626
186.155.96.118 - - [09/Nov/2019:15:31:57 -0500] "GET /BLA/boletinlegal/consulta_actos.php?tipo=resoluciones&no=2540&usuario=&sector=&fecha=2019&resuelve= HTTP/1.1" 200 626
66.249.69.59 - - [09/Nov/2019:15:31:59 -0500] "GET /BLA/resoluciones/RESOLUCIONES%202011/1181.pdf HTTP/1.1" 200 344005
66.249.69.59 - - [09/Nov/2019:15:32:27 -0500] "GET /BLA/resoluciones/Autos%202008/1413.pdf HTTP/1.1" 200 148255
66.249.88.25 - - [09/Nov/2019:15:32:32 -0500] "GET /galeria/galeria/jquery.fancybox.css?v=2.1.5 HTTP/1.1" 200 4895
66.249.88.19 - - [09/Nov/2019:15:32:32 -0500] "GET /BLA/boletinlegal/js/jquery.scrollShow.js HTTP/1.1" 200 4586
66.249.88.25 - - [09/Nov/2019:15:32:32 -0500] "GET /galeria/galeria/jquery.fancybox.js?v=2.1.5 HTTP/1.1" 200 48706
66.249.69.61 - - [09/Nov/2019:15:32:33 -0500] "GET /BLA/resoluciones/RESOLUCIONES%202011/3207.pdf HTTP/1.1" 200 492118
40.77.167.207 - - [09/Nov/2019:15:32:36 -0500] "GET /videos/galeria-cronicas/1V3wnplaylist.htm? HTTP/1.1" 200 4013
66.249.69.59 - - [09/Nov/2019:15:32:40 -0500] "GET /BLA/resoluciones/RESOLUCIONES%202011/0731.pdf HTTP/1.1" 200 246244
190.145.202.28 - - [09/Nov/2019:15:32:46 -0500] "GET /galeria/galeria/jquery.fancybox.css?v=2.1.5 HTTP/1.1" 200 4895
190.145.202.28 - - [09/Nov/2019:15:32:46 -0500] "GET /BLA/boletinlegal/js/jquery.scrollShow.js HTTP/1.1" 200 4586
190.145.202.28 - - [09/Nov/2019:15:32:46 -0500] "GET /galeria/galeria/jquery.fancybox.js?v=2.1.5 HTTP/1.1" 200 48706
66.249.69.63 - - [09/Nov/2019:15:32:48 -0500] "GET /BLA/resoluciones/AUTOS%202012/1803.pdf HTTP/1.1" 200 395388
66.249.69.59 - - [09/Nov/2019:15:32:55 -0500] "GET /BLA/resoluciones/RESOLUCIONES%202007/RES%202007%20101%20AL%20200/RESOLUCION%200109%20DE%202007.pdf HTTP/1.1" 200 519305
190.24.56.171 - - [09/Nov/2019:15:33:02 -0500] "GET /galeria/nivo-slider/demo/inicio.html HTTP/1.1" 200 5230
66.249.69.61 - - [09/Nov/2019:15:33:04 -0500] "GET /BLA/resoluciones/RESOLUCIONES%202011/1294.pdf HTTP/1.1" 200 257752
190.24.56.171 - - [09/Nov/2019:15:33:04 -0500] "GET /galeria/nivo-slider/demo/images/banneragendamiento.jpg HTTP/1.1" 304 -
190.24.56.171 - - [09/Nov/2019:15:33:05 -0500] "GET /galeria/nivo-slider/demo/images/bannerincendios.jpg HTTP/1.1" 200 206070
190.24.56.171 - - [09/Nov/2019:15:33:05 -0500] "GET /galeria/nivo-slider/demo/images/4Simple_Slider.png HTTP/1.1" 200 11722
190.24.56.171 - - [09/Nov/2019:15:33:05 -0500] "GET /galeria/nivo-slider/themes/default/loading.gif HTTP/1.1" 200 1737
190.24.56.171 - - [09/Nov/2019:15:33:05 -0500] "GET /galeria/nivo-slider/demo/images/iniciativas-Ambientales.jpg HTTP/1.1" 304 -
190.24.56.171 - - [09/Nov/2019:15:33:05 -0500] "GET /galeria/nivo-slider/demo/images/Bannerveterinaria.jpg HTTP/1.1" 304 -
190.24.56.171 - - [09/Nov/2019:15:33:06 -0500] "GET /galeria/nivo-slider/demo/images/Banner%20tinguas.jpg HTTP/1.1" 304 -
190.24.56.171 - - [09/Nov/2019:15:33:06 -0500] "GET /galeria/nivo-slider/demo/images/Bannerserpiente2019.jpg HTTP/1.1" 200 270374
190.24.56.171 - - [09/Nov/2019:15:33:06 -0500] "GET /galeria/nivo-slider/demo/images/Noviembre.png HTTP/1.1" 200 519399
190.24.56.171 - - [09/Nov/2019:15:33:07 -0500] "GET /galeria/nivo-slider/demo/images/puntos%20atencion%20BANNER.jpg HTTP/1.1" 304 -
190.24.56.171 - - [09/Nov/2019:15:33:07 -0500] "GET /galeria/nivo-slider/demo/images/Banner%20Visor%20Geografico%20Ambiental.jpg HTTP/1.1" 304 -
190.24.56.171 - - [09/Nov/2019:15:33:09 -0500] "GET /galeria/nivo-slider/demo/images/Banneranonimos.png HTTP/1.1" 200 109388
66.249.69.59 - - [09/Nov/2019:15:33:10 -0500] "GET /BLA/resoluciones/RESOLUCIONES%202011/1818.pdf HTTP/1.1" 200 516820
190.24.56.171 - - [09/Nov/2019:15:33:12 -0500] "GET /galeria/nivo-slider/themes/default/arrows.png HTTP/1.1" 200 824
190.24.56.171 - - [09/Nov/2019:15:33:12 -0500] "GET /galeria/nivo-slider/themes/default/bullets.png HTTP/1.1" 200 1281
66.249.69.61 - - [09/Nov/2019:15:33:19 -0500] "GET /BLA/resoluciones/RESOLUCIONES%202010/6224.pdf HTTP/1.1" 200 669442
66.249.69.59 - - [09/Nov/2019:15:33:28 -0500] "GET /BLA/resoluciones/Autos%202008/2957.pdf HTTP/1.1" 200 91751
66.249.69.59 - - [09/Nov/2019:15:33:35 -0500] "GET /BLA/resoluciones/RESOLUCIONES%202017/3575.pdf HTTP/1.1" 200 298616
66.249.69.61 - - [09/Nov/2019:15:33:43 -0500] "GET /BLA/resoluciones/AUTOS%202012/1237.pdf HTTP/1.1" 200 591461
66.249.69.61 - - [09/Nov/2019:15:33:54 -0500] "GET /BLA/resoluciones/Autos%202008/0663.pdf HTTP/1.1" 200 307730
69.162.124.232 - - [09/Nov/2019:15:33:56 -0500] "HEAD / HTTP/1.1" 200 -
66.249.69.61 - - [09/Nov/2019:15:34:02 -0500] "GET /BLA/resoluciones/RESOLUCIONES%202011/2190.pdf HTTP/1.1" 200 511767
66.249.69.63 - - [09/Nov/2019:15:34:11 -0500] "GET /BLA/resoluciones/AUTOS%202012/0057.pdf HTTP/1.1" 200 262288
66.249.69.61 - - [09/Nov/2019:15:34:18 -0500] "GET /BLA/resoluciones/Autos%202008/0414.pdf HTTP/1.1" 200 248820
66.249.69.59 - - [09/Nov/2019:15:34:25 -0500] "GET /BLA/resoluciones/Autos%202008/1256.pdf HTTP/1.1" 200 75518
66.249.69.59 - - [09/Nov/2019:15:34:32 -0500] "GET /BLA/resoluciones/RESOLUCIONES%202010/6283.pdf HTTP/1.1" 200 134105
66.249.69.59 - - [09/Nov/2019:15:34:40 -0500] "GET /BLA/resoluciones/Autos%202008/2382.pdf HTTP/1.1" 200 88377
66.249.69.59 - - [09/Nov/2019:15:34:47 -0500] "GET /BLA/resoluciones/Autos%202008/0418.pdf HTTP/1.1" 200 177545
66.249.69.59 - - [09/Nov/2019:15:34:54 -0500] "GET /BLA/resoluciones/RESOLUCIONES%202007/RES%202007%20401%20AL%20500/RESOLUCION%200430%20DE%202007.pdf HTTP/1.1" 200 654936
174.109.3.115 - - [09/Nov/2019:15:34:57 -0500] "GET /galeria/galeria/jquery.fancybox.css?v=2.1.5 HTTP/1.1" 200 4895
174.109.3.115 - - [09/Nov/2019:15:34:57 -0500] "GET /BLA/boletinlegal/js/jquery.scrollShow.js HTTP/1.1" 200 4586
174.109.3.115 - - [09/Nov/2019:15:34:57 -0500] "GET /galeria/galeria/jquery.fancybox.js?v=2.1.5 HTTP/1.1" 200 48706
66.249.69.61 - - [09/Nov/2019:15:35:05 -0500] "GET /BLA/resoluciones/Autos%202008/1438.pdf HTTP/1.1" 200 452091
190.157.224.71 - - [09/Nov/2019:15:35:07 -0500] "GET /BLA/resoluciones/RESOLUCIONES%202016/1121.pdf HTTP/1.1" 200 247796
66.249.69.59 - - [09/Nov/2019:15:35:12 -0500] "GET /BLA/resoluciones/AUTOS%202014/7169.pdf HTTP/1.1" 200 177650
190.157.224.71 - - [09/Nov/2019:15:35:15 -0500] "GET /favicon.ico HTTP/1.1" 200 7782
66.249.69.61 - - [09/Nov/2019:15:35:18 -0500] "GET /BLA/resoluciones/Autos%202008/0423.pdf HTTP/1.1" 200 141418
66.249.69.59 - - [09/Nov/2019:15:35:26 -0500] "GET /BLA/resoluciones/RESOLUCIONES%202011/1967.pdf HTTP/1.1" 200 502024
181.138.205.220 - - [09/Nov/2019:15:35:31 -0500] "GET /galeria/galeria/jquery.fancybox.css?v=2.1.5 HTTP/1.1" 200 4895
181.138.205.220 - - [09/Nov/2019:15:35:31 -0500] "GET /BLA/boletinlegal/js/jquery.scrollShow.js HTTP/1.1" 200 4586
181.138.205.220 - - [09/Nov/2019:15:35:31 -0500] "GET /galeria/galeria/jquery.fancybox.js?v=2.1.5 HTTP/1.1" 200 48706
200.118.152.85 - - [09/Nov/2019:15:35:34 -0500] "GET /BLA/resoluciones/AUTOS%202016/1003.pdf HTTP/1.1" 200 677787
66.249.69.59 - - [09/Nov/2019:15:35:35 -0500] "GET /BLA/resoluciones/RESOLUCIONES%202011/4198.pdf HTTP/1.1" 200 313940
200.118.152.85 - - [09/Nov/2019:15:35:36 -0500] "GET /favicon.ico HTTP/1.1" 200 7782
66.249.69.61 - - [09/Nov/2019:15:35:43 -0500] "GET /BLA/resoluciones/Autos%202008/3110.pdf HTTP/1.1" 200 58292
66.249.69.61 - - [09/Nov/2019:15:35:49 -0500] "GET /BLA/resoluciones/RESOLUCIONES%202010/6195.pdf HTTP/1.1" 200 4203452
66.249.69.59 - - [09/Nov/2019:15:35:56 -0500] "GET /BLA/resoluciones/RESOLUCIONES%202007/RES%202007%20201%20AL%20300/RESOLUCION%200243%20DE%202007.pdf HTTP/1.1" 200 342892
186.112.38.103 - - [09/Nov/2019:15:36:05 -0500] "GET /BLA/boletinlegal/js/jquery.scrollShow.js HTTP/1.1" 200 4586
186.112.38.103 - - [09/Nov/2019:15:36:05 -0500] "GET /galeria/galeria/jquery.fancybox.js?v=2.1.5 HTTP/1.1" 200 48706
186.112.38.103 - - [09/Nov/2019:15:36:08 -0500] "GET /galeria/galeria/jquery.fancybox.css?v=2.1.5 HTTP/1.1" 200 4895
186.155.59.141 - - [09/Nov/2019:15:36:16 -0500] "GET /BLA/boletinlegal/js/jquery.scrollShow.js HTTP/1.1" 200 4586
186.155.59.141 - - [09/Nov/2019:15:36:16 -0500] "GET /galeria/galeria/jquery.fancybox.js?v=2.1.5 HTTP/1.1" 200 48706
186.155.59.141 - - [09/Nov/2019:15:36:16 -0500] "GET /galeria/galeria/jquery.fancybox.css?v=2.1.5 HTTP/1.1" 200 4895
181.176.115.246 - - [09/Nov/2019:15:36:17 -0500] "-" 408 -
186.155.59.141 - - [09/Nov/2019:15:36:23 -0500] "GET /BLA/boletinlegal/js/jquery.scrollShow.js HTTP/1.1" 304 -
186.155.59.141 - - [09/Nov/2019:15:36:23 -0500] "GET /galeria/galeria/jquery.fancybox.js?v=2.1.5 HTTP/1.1" 304 -
186.155.59.141 - - [09/Nov/2019:15:36:23 -0500] "GET /galeria/galeria/jquery.fancybox.css?v=2.1.5 HTTP/1.1" 304 -
216.244.66.195 - - [09/Nov/2019:15:36:33 -0500] "GET /BLA/resoluciones/AUTOS%202008/0212.pdf HTTP/1.1" 200 94281
66.249.69.59 - - [09/Nov/2019:15:36:47 -0500] "GET /BLA/resoluciones/AUTOS%202018/3596.pdf HTTP/1.1" 200 327316
190.156.171.114 - - [09/Nov/2019:15:37:13 -0500] "GET /galeria/nivo-slider/demo/inicio.html HTTP/1.1" 200 5230
190.156.171.114 - - [09/Nov/2019:15:37:13 -0500] "GET /galeria/nivo-slider/themes/default/default.css HTTP/1.1" 200 1569
190.156.171.114 - - [09/Nov/2019:15:37:13 -0500] "GET /galeria/nivo-slider/themes/orman/orman.css HTTP/1.1" 200 2152
190.156.171.114 - - [09/Nov/2019:15:37:13 -0500] "GET /galeria/nivo-slider/themes/pascal/pascal.css HTTP/1.1" 200 2258
190.156.171.114 - - [09/Nov/2019:15:37:13 -0500] "GET /galeria/nivo-slider/nivo-slider.css HTTP/1.1" 200 1507
190.156.171.114 - - [09/Nov/2019:15:37:13 -0500] "GET /galeria/nivo-slider/demo/style.css HTTP/1.1" 200 2222
190.156.171.114 - - [09/Nov/2019:15:37:13 -0500] "GET /galeria/nivo-slider/demo/images/banneragendamiento.jpg HTTP/1.1" 200 116897
190.156.171.114 - - [09/Nov/2019:15:37:13 -0500] "GET /galeria/nivo-slider/demo/scripts/jquery-1.7.1.min.js HTTP/1.1" 200 93868
190.156.171.114 - - [09/Nov/2019:15:37:13 -0500] "GET /galeria/nivo-slider/jquery.nivo.slider.pack.js HTTP/1.1" 200 11561
190.156.171.114 - - [09/Nov/2019:15:37:13 -0500] "GET /galeria/nivo-slider/demo/images/Bannerveterinaria.jpg HTTP/1.1" 200 254705
190.156.171.114 - - [09/Nov/2019:15:37:13 -0500] "GET /galeria/nivo-slider/demo/images/iniciativas-Ambientales.jpg HTTP/1.1" 200 201405
190.156.171.114 - - [09/Nov/2019:15:37:13 -0500] "GET /galeria/nivo-slider/demo/images/bannerincendios.jpg HTTP/1.1" 200 206070
190.156.171.114 - - [09/Nov/2019:15:37:14 -0500] "GET /galeria/nivo-slider/themes/default/loading.gif HTTP/1.1" 200 1737
190.156.171.114 - - [09/Nov/2019:15:37:14 -0500] "GET /galeria/nivo-slider/demo/images/4Simple_Slider.png HTTP/1.1" 200 11722
190.156.171.114 - - [09/Nov/2019:15:37:14 -0500] "GET /galeria/nivo-slider/demo/images/Banner%20tinguas.jpg HTTP/1.1" 200 214878
190.156.171.114 - - [09/Nov/2019:15:37:14 -0500] "GET /galeria/nivo-slider/demo/images/Bannerserpiente2019.jpg HTTP/1.1" 200 270374
190.156.171.114 - - [09/Nov/2019:15:37:15 -0500] "GET /galeria/nivo-slider/demo/images/Noviembre.png HTTP/1.1" 200 519399
190.156.171.114 - - [09/Nov/2019:15:37:15 -0500] "GET /galeria/nivo-slider/demo/images/puntos%20atencion%20BANNER.jpg HTTP/1.1" 200 244208
190.156.171.114 - - [09/Nov/2019:15:37:15 -0500] "GET /galeria/nivo-slider/demo/images/Banner%20Visor%20Geografico%20Ambiental.jpg HTTP/1.1" 200 204673
190.156.171.114 - - [09/Nov/2019:15:37:15 -0500] "GET /galeria/nivo-slider/demo/images/Banner%20consumo%20sostenible%20final.jpg HTTP/1.1" 200 364746
190.156.171.114 - - [09/Nov/2019:15:37:16 -0500] "GET /galeria/nivo-slider/demo/images/bannersectorambiente.png HTTP/1.1" 200 308540
190.156.171.114 - - [09/Nov/2019:15:37:16 -0500] "GET /galeria/nivo-slider/demo/images/Banner%20RCD.jpg HTTP/1.1" 200 92197
190.156.171.114 - - [09/Nov/2019:15:37:17 -0500] "GET /galeria/nivo-slider/demo/images/Banner%20Conpes.jpg HTTP/1.1" 200 55220
190.156.171.114 - - [09/Nov/2019:15:37:18 -0500] "GET /galeria/nivo-slider/demo/images/Banner%20practicas%20sostenibles.jpg HTTP/1.1" 200 142958
190.156.171.114 - - [09/Nov/2019:15:37:18 -0500] "GET /galeria/nivo-slider/demo/images/Banner%20POT.png HTTP/1.1" 200 418238
190.156.171.114 - - [09/Nov/2019:15:37:19 -0500] "GET /galeria/nivo-slider/demo/images/BANNER%20punto.jpg HTTP/1.1" 200 75932
190.156.171.114 - - [09/Nov/2019:15:37:19 -0500] "GET /galeria/nivo-slider/demo/images/Banneranonimos.png HTTP/1.1" 200 109388
190.156.171.114 - - [09/Nov/2019:15:37:19 -0500] "GET /galeria/nivo-slider/demo/images/banner-humedales-de-bogota.jpg HTTP/1.1" 200 292611
190.156.171.114 - - [09/Nov/2019:15:37:19 -0500] "GET /galeria/nivo-slider/demo/images/banner-bolsas-plasticas.jpg HTTP/1.1" 200 317939
190.156.171.114 - - [09/Nov/2019:15:37:22 -0500] "GET /galeria/nivo-slider/themes/default/arrows.png HTTP/1.1" 200 824
190.156.171.114 - - [09/Nov/2019:15:37:22 -0500] "GET /galeria/nivo-slider/themes/default/bullets.png HTTP/1.1" 200 1281
216.244.66.195 - - [09/Nov/2019:15:37:35 -0500] "GET /BLA/resoluciones/AUTOS%202008/0228.pdf HTTP/1.1" 200 107639
45.238.182.36 - - [09/Nov/2019:15:37:42 -0500] "GET /galeria/galeria/jquery.fancybox.css?v=2.1.5 HTTP/1.1" 200 4895
45.238.182.36 - - [09/Nov/2019:15:37:42 -0500] "GET /BLA/boletinlegal/js/jquery.scrollShow.js HTTP/1.1" 200 4586
45.238.182.36 - - [09/Nov/2019:15:37:42 -0500] "GET /galeria/galeria/jquery.fancybox.js?v=2.1.5 HTTP/1.1" 200 48706
201.245.192.253 - - [09/Nov/2019:15:37:13 -0500] "POST /kwsrmcab/Wsrmcab HTTP/1.1" 200 29633
216.244.66.195 - - [09/Nov/2019:15:38:11 -0500] "GET /BLA/resoluciones/AUTOS%202008/0371.pdf HTTP/1.1" 200 143723
54.36.149.99 - - [09/Nov/2019:15:38:24 -0500] "GET /BLA/resoluciones/RESOLUCIONES%202002/RES%202002%201801-1850/20021804.tif HTTP/1.1" 200 162782
66.249.69.63 - - [09/Nov/2019:15:38:27 -0500] "GET /BLA/resoluciones/AUTOS%202015/0950.pdf HTTP/1.1" 200 608648
159.138.149.209 - - [09/Nov/2019:15:38:31 -0500] "GET /BLA/resoluciones/index.php?dir=AUTOS%2B2010%2F HTTP/1.1" 200 12052
66.249.69.59 - - [09/Nov/2019:15:38:35 -0500] "GET /BLA/resoluciones/RESOLUCIONES%202011/3569.pdf HTTP/1.1" 200 756398
40.77.167.178 - - [09/Nov/2019:15:38:29 -0500] "GET /Autoliquidacion/TR%C3%81MITES%20ACEITES-RESIDUOS-ESTACIONES/REGISTRO%20COMO%20ACOPIADOR%20PRIMARIO/Solicitud%20de%20inscripci%C3%B3n%20como%20acopiador%20primario%20de%20aceites%20usados.doc HTTP/1.1" 200 2811904
187.171.166.190 - - [09/Nov/2019:15:38:43 -0500] "GET /galeria/galeria/jquery.fancybox.css?v=2.1.5 HTTP/1.1" 200 4895
187.171.166.190 - - [09/Nov/2019:15:38:43 -0500] "GET /BLA/boletinlegal/js/jquery.scrollShow.js HTTP/1.1" 200 4586
187.171.166.190 - - [09/Nov/2019:15:38:43 -0500] "GET /galeria/galeria/jquery.fancybox.js?v=2.1.5 HTTP/1.1" 200 48706
69.162.124.232 - - [09/Nov/2019:15:38:56 -0500] "HEAD / HTTP/1.1" 200 -
216.244.66.195 - - [09/Nov/2019:15:38:59 -0500] "GET /BLA/resoluciones/AUTOS%202008/0450.pdf HTTP/1.1" 200 68946
161.18.59.49 - - [09/Nov/2019:15:39:26 -0500] "GET /galeria/galeria/jquery.fancybox.css?v=2.1.5 HTTP/1.1" 200 4895
161.18.59.49 - - [09/Nov/2019:15:39:26 -0500] "GET /BLA/boletinlegal/js/jquery.scrollShow.js HTTP/1.1" 200 4586
161.18.59.49 - - [09/Nov/2019:15:39:26 -0500] "GET /galeria/galeria/jquery.fancybox.js?v=2.1.5 HTTP/1.1" 200 48706
186.82.248.99 - - [09/Nov/2019:15:39:32 -0500] "GET /galeria/galeria/jquery.fancybox.css?v=2.1.5 HTTP/1.1" 200 4895
216.244.66.197 - - [09/Nov/2019:15:39:32 -0500] "GET /robots.txt HTTP/1.1" 404 1019
186.82.248.99 - - [09/Nov/2019:15:39:33 -0500] "GET /BLA/boletinlegal/js/jquery.scrollShow.js HTTP/1.1" 200 4586
186.82.248.99 - - [09/Nov/2019:15:39:33 -0500] "GET /galeria/galeria/jquery.fancybox.js?v=2.1.5 HTTP/1.1" 200 48706
216.244.66.195 - - [09/Nov/2019:15:39:35 -0500] "GET /BLA/resoluciones/AUTOS%202008/0494.pdf HTTP/1.1" 200 214903
66.249.69.63 - - [09/Nov/2019:15:40:06 -0500] "GET /BLA/resoluciones/AUTOS%202008/1947.pdf HTTP/1.1" 200 94818
216.244.66.195 - - [09/Nov/2019:15:40:12 -0500] "GET /BLA/resoluciones/AUTOS%202008/0710.pdf HTTP/1.1" 200 83682
216.244.66.195 - - [09/Nov/2019:15:40:48 -0500] "GET /BLA/resoluciones/AUTOS%202008/0736.pdf HTTP/1.1" 200 82628
186.29.34.136 - - [09/Nov/2019:15:40:57 -0500] "GET /galeria/galeria/jquery.fancybox.css?v=2.1.5 HTTP/1.1" 200 4895
186.29.34.136 - - [09/Nov/2019:15:40:57 -0500] "GET /BLA/boletinlegal/js/jquery.scrollShow.js HTTP/1.1" 200 4586
186.29.34.136 - - [09/Nov/2019:15:40:57 -0500] "GET /galeria/galeria/jquery.fancybox.js?v=2.1.5 HTTP/1.1" 200 48706
66.249.69.63 - - [09/Nov/2019:15:41:09 -0500] "GET /BLA/resoluciones/RESOLUCIONES%202007/RES%202007%203701%20AL%203800/RESOLUCION%203741%20DE%202007.pdf HTTP/1.1" 200 228507
190.26.132.203 - - [09/Nov/2019:15:41:12 -0500] "GET /galeria/galeria/jquery.fancybox.css?v=2.1.5 HTTP/1.1" 200 4895
190.26.132.203 - - [09/Nov/2019:15:41:12 -0500] "GET /BLA/boletinlegal/js/jquery.scrollShow.js HTTP/1.1" 200 4586
190.26.132.203 - - [09/Nov/2019:15:41:12 -0500] "GET /galeria/galeria/jquery.fancybox.js?v=2.1.5 HTTP/1.1" 200 48706
216.244.66.195 - - [09/Nov/2019:15:41:25 -0500] "GET /BLA/resoluciones/AUTOS%202008/0819.pdf HTTP/1.1" 200 171879
186.96.109.36 - - [09/Nov/2019:15:41:38 -0500] "GET /galeria/galeria/jquery.fancybox.css?v=2.1.5 HTTP/1.1" 200 4895
186.96.109.36 - - [09/Nov/2019:15:41:38 -0500] "GET /BLA/boletinlegal/js/jquery.scrollShow.js HTTP/1.1" 200 4586
186.96.109.36 - - [09/Nov/2019:15:41:38 -0500] "GET /galeria/galeria/jquery.fancybox.js?v=2.1.5 HTTP/1.1" 200 48706
190.27.150.134 - - [09/Nov/2019:15:41:39 -0500] "GET /galeria/galeria/jquery.fancybox.css?v=2.1.5 HTTP/1.1" 200 4895
190.27.150.134 - - [09/Nov/2019:15:41:39 -0500] "GET /BLA/boletinlegal/js/jquery.scrollShow.js HTTP/1.1" 200 4586
190.27.150.134 - - [09/Nov/2019:15:41:39 -0500] "GET /galeria/galeria/jquery.fancybox.js?v=2.1.5 HTTP/1.1" 200 48706
186.102.70.241 - - [09/Nov/2019:15:41:39 -0500] "GET /galeria/galeria/jquery.fancybox.js?v=2.1.5 HTTP/1.1" 200 48706
186.102.70.241 - - [09/Nov/2019:15:41:39 -0500] "GET /BLA/boletinlegal/js/jquery.scrollShow.js HTTP/1.1" 200 4586
186.102.70.241 - - [09/Nov/2019:15:41:39 -0500] "GET /galeria/galeria/jquery.fancybox.css?v=2.1.5 HTTP/1.1" 200 4895
66.249.69.61 - - [09/Nov/2019:15:41:45 -0500] "GET /BLA/resoluciones/Autos%202008/0254.pdf HTTP/1.1" 200 183957
186.96.109.36 - - [09/Nov/2019:15:41:47 -0500] "GET /BLA/boletinlegal/js/jquery.scrollShow.js HTTP/1.1" 304 -
186.96.109.36 - - [09/Nov/2019:15:41:47 -0500] "GET /galeria/galeria/jquery.fancybox.css?v=2.1.5 HTTP/1.1" 304 -
186.96.109.36 - - [09/Nov/2019:15:41:47 -0500] "GET /galeria/galeria/jquery.fancybox.js?v=2.1.5 HTTP/1.1" 304 -
66.249.69.59 - - [09/Nov/2019:15:41:51 -0500] "GET /BLA/resoluciones/AUTOS%202015/4843.pdf HTTP/1.1" 200 540195
66.249.69.59 - - [09/Nov/2019:15:41:59 -0500] "GET /catalogoisis/ HTTP/1.1" 200 8575
216.244.66.195 - - [09/Nov/2019:15:42:02 -0500] "GET /BLA/resoluciones/AUTOS%202008/1094.pdf HTTP/1.1" 200 85512
190.255.40.74 - - [09/Nov/2019:15:42:07 -0500] "GET /BLA/resoluciones/RESOLUCIONES%202016/1361.pdf HTTP/1.1" 200 486149
190.255.40.74 - - [09/Nov/2019:15:42:07 -0500] "GET /favicon.ico HTTP/1.1" 200 7782
66.249.88.1 - - [09/Nov/2019:15:42:18 -0500] "GET /residuos/curtiembres/files/guia_curtiembres.pdf HTTP/1.1" 200 13618642
54.36.148.85 - - [09/Nov/2019:15:42:21 -0500] "GET /BLA/resoluciones/RESOLUCIONES%202006/RES%202006%201-50/00000015.tif HTTP/1.1" 200 38772
66.249.88.1 - - [09/Nov/2019:15:42:25 -0500] "GET /residuos/curtiembres/files/guia_curtiembres.pdf HTTP/1.1" 206 1000000
66.249.88.4 - - [09/Nov/2019:15:42:25 -0500] "GET /residuos/curtiembres/files/guia_curtiembres.pdf HTTP/1.1" 206 1000000
66.249.88.1 - - [09/Nov/2019:15:42:25 -0500] "GET /residuos/curtiembres/files/guia_curtiembres.pdf HTTP/1.1" 206 1000000
66.249.88.1 - - [09/Nov/2019:15:42:25 -0500] "GET /residuos/curtiembres/files/guia_curtiembres.pdf HTTP/1.1" 206 1000000
66.249.88.7 - - [09/Nov/2019:15:42:26 -0500] "GET /residuos/curtiembres/files/guia_curtiembres.pdf HTTP/1.1" 206 1000000
66.249.88.1 - - [09/Nov/2019:15:42:30 -0500] "GET /residuos/curtiembres/files/guia_curtiembres.pdf HTTP/1.1" 206 1000000
216.244.66.195 - - [09/Nov/2019:15:42:39 -0500] "GET /BLA/resoluciones/AUTOS%202008/1129.pdf HTTP/1.1" 200 173694
66.249.88.1 - - [09/Nov/2019:15:42:53 -0500] "GET /residuos/curtiembres/files/guia_curtiembres.pdf HTTP/1.1" 206 1000000
201.182.241.84 - - [09/Nov/2019:15:42:59 -0500] "GET /galeria/galeria/jquery.fancybox.css?v=2.1.5 HTTP/1.1" 200 4895
201.182.241.84 - - [09/Nov/2019:15:42:59 -0500] "GET /galeria/galeria/jquery.fancybox.js?v=2.1.5 HTTP/1.1" 200 48706
201.182.241.84 - - [09/Nov/2019:15:42:59 -0500] "GET /BLA/boletinlegal/js/jquery.scrollShow.js HTTP/1.1" 200 4586
201.182.241.84 - - [09/Nov/2019:15:43:00 -0500] "GET /galeria/carrusel/Carrusel/jquery.thumbnailScroller.css HTTP/1.1" 200 2066
201.182.241.84 - - [09/Nov/2019:15:43:00 -0500] "GET /galeria/carrusel/Carrusel/jquery.thumbnailScroller.js HTTP/1.1" 200 8157
201.182.241.84 - - [09/Nov/2019:15:43:00 -0500] "GET /galeria/carrusel/Carrusel/jquery-ui-1.8.13.custom.min.js HTTP/1.1" 200 10800
201.182.241.84 - - [09/Nov/2019:15:43:02 -0500] "GET /galeria/nivo-slider/demo/demo.html HTTP/1.1" 404 2042
66.249.88.1 - - [09/Nov/2019:15:43:03 -0500] "GET /residuos/curtiembres/files/guia_curtiembres.pdf HTTP/1.1" 206 772195
66.249.88.23 - - [09/Nov/2019:15:43:10 -0500] "GET /galeria/galeria/jquery.fancybox.css?v=2.1.5 HTTP/1.1" 200 4895
66.249.88.23 - - [09/Nov/2019:15:43:11 -0500] "GET /galeria/galeria/jquery.fancybox.js?v=2.1.5 HTTP/1.1" 200 48706
66.249.88.23 - - [09/Nov/2019:15:43:11 -0500] "GET /BLA/boletinlegal/js/jquery.scrollShow.js HTTP/1.1" 200 4586
216.244.66.195 - - [09/Nov/2019:15:43:17 -0500] "GET /BLA/resoluciones/AUTOS%202008/1159.pdf HTTP/1.1" 200 145873
66.249.69.63 - - [09/Nov/2019:15:43:24 -0500] "GET /BLA/resoluciones/RESOLUCIONES%202016/1970.pdf HTTP/1.1" 200 760468
66.249.69.61 - - [09/Nov/2019:15:43:37 -0500] "GET /BLA/resoluciones/AUTOS%202012/1079.pdf HTTP/1.1" 200 305295
181.60.89.183 - - [09/Nov/2019:15:43:40 -0500] "GET /BLA/boletinlegal/js/jquery.scrollShow.js HTTP/1.1" 200 4586
181.60.89.183 - - [09/Nov/2019:15:43:40 -0500] "GET /galeria/galeria/jquery.fancybox.css?v=2.1.5 HTTP/1.1" 200 4895
181.60.89.183 - - [09/Nov/2019:15:43:40 -0500] "GET /galeria/galeria/jquery.fancybox.js?v=2.1.5 HTTP/1.1" 200 48706
181.60.89.183 - - [09/Nov/2019:15:43:44 -0500] "GET /BLA/boletinlegal/js/jquery.scrollShow.js HTTP/1.1" 304 -
181.60.89.183 - - [09/Nov/2019:15:43:44 -0500] "GET /galeria/galeria/jquery.fancybox.js?v=2.1.5 HTTP/1.1" 304 -
181.60.89.183 - - [09/Nov/2019:15:43:44 -0500] "GET /galeria/galeria/jquery.fancybox.css?v=2.1.5 HTTP/1.1" 304 -
66.249.88.25 - - [09/Nov/2019:15:43:44 -0500] "GET /galeria/galeria/jquery.fancybox.css?v=2.1.5 HTTP/1.1" 200 4895
66.249.88.23 - - [09/Nov/2019:15:43:44 -0500] "GET /BLA/boletinlegal/js/jquery.scrollShow.js HTTP/1.1" 200 4586
66.249.88.23 - - [09/Nov/2019:15:43:44 -0500] "GET /galeria/galeria/jquery.fancybox.js?v=2.1.5 HTTP/1.1" 200 48706
216.244.66.195 - - [09/Nov/2019:15:43:54 -0500] "GET /BLA/resoluciones/AUTOS%202008/1164.pdf HTTP/1.1" 200 86937
69.162.124.232 - - [09/Nov/2019:15:43:56 -0500] "HEAD / HTTP/1.1" 200 -
216.244.66.195 - - [09/Nov/2019:15:44:31 -0500] "GET /BLA/resoluciones/AUTOS%202008/1214.pdf HTTP/1.1" 200 122898
186.155.134.82 - - [09/Nov/2019:15:44:48 -0500] "GET /galeria/galeria/jquery.fancybox.css?v=2.1.5 HTTP/1.1" 200 4895
186.155.134.82 - - [09/Nov/2019:15:44:49 -0500] "GET /galeria/galeria/jquery.fancybox.js?v=2.1.5 HTTP/1.1" 200 48706
186.155.134.82 - - [09/Nov/2019:15:44:49 -0500] "GET /BLA/boletinlegal/js/jquery.scrollShow.js HTTP/1.1" 200 4586
66.249.69.59 - - [09/Nov/2019:15:44:57 -0500] "GET /BLA/resoluciones/Autos%202008/1913.pdf HTTP/1.1" 200 201127
181.209.214.12 - - [09/Nov/2019:15:45:03 -0500] "GET /BLA/boletinlegal/actos.php HTTP/1.1" 200 8778
181.209.214.12 - - [09/Nov/2019:15:45:04 -0500] "GET /BLA/boletinlegal/styles2.css HTTP/1.1" 200 1838
181.209.214.12 - - [09/Nov/2019:15:45:03 -0500] "GET /BLA/boletinlegal/actos.php HTTP/1.1" 200 8778
181.209.214.12 - - [09/Nov/2019:15:45:04 -0500] "GET /BLA/boletinlegal/style.css HTTP/1.1" 200 9406
181.209.214.12 - - [09/Nov/2019:15:45:04 -0500] "GET /BLA/boletinlegal/niceforms-default.css HTTP/1.1" 200 6694
181.209.214.12 - - [09/Nov/2019:15:45:04 -0500] "GET /BLA/boletinlegal/niceforms.js HTTP/1.1" 200 22876
181.209.214.12 - - [09/Nov/2019:15:45:04 -0500] "GET /BLA/boletinlegal/js/ajax_actos.js HTTP/1.1" 200 1322
181.209.214.12 - - [09/Nov/2019:15:45:04 -0500] "GET /BLA/boletinlegal/js/lib.js HTTP/1.1" 200 6474
181.209.214.12 - - [09/Nov/2019:15:45:04 -0500] "GET /BLA/boletinlegal/js/popup.js HTTP/1.1" 200 1270
181.209.214.12 - - [09/Nov/2019:15:45:04 -0500] "GET /BLA/boletinlegal/js/jquery1.js HTTP/1.1" 200 29846
181.209.214.12 - - [09/Nov/2019:15:45:04 -0500] "GET /BLA/boletinlegal/images/cabezote%20BLEGAL.jpg HTTP/1.1" 200 118164
181.209.214.12 - - [09/Nov/2019:15:45:04 -0500] "GET /BLA/boletinlegal/images/subscribe-icon-big.png HTTP/1.1" 200 47702
181.209.214.12 - - [09/Nov/2019:15:45:05 -0500] "GET /BLA/boletinlegal/images/historia.png HTTP/1.1" 200 52775
181.209.214.12 - - [09/Nov/2019:15:45:05 -0500] "GET /BLA/boletinlegal/images/registro-usuarios.png HTTP/1.1" 200 8106
181.209.214.12 - - [09/Nov/2019:15:45:05 -0500] "GET /BLA/boletinlegal/images/green-yellow-blue-pink-th.png HTTP/1.1" 200 7394
181.209.214.12 - - [09/Nov/2019:15:45:05 -0500] "GET /BLA/boletinlegal/images/abajo.png HTTP/1.1" 200 96676
181.209.214.12 - - [09/Nov/2019:15:45:05 -0500] "GET /BLA/boletinlegal/images/tel.png HTTP/1.1" 200 14477
181.209.214.12 - - [09/Nov/2019:15:45:05 -0500] "GET /BLA/boletinlegal/images/icono-email.png HTTP/1.1" 200 5544
181.209.214.12 - - [09/Nov/2019:15:45:05 -0500] "GET /BLA/boletinlegal/images/hover.jpg HTTP/1.1" 200 640
181.209.214.12 - - [09/Nov/2019:15:45:05 -0500] "GET /BLA/boletinlegal/images/body_bg.jpg HTTP/1.1" 200 1601
181.209.214.12 - - [09/Nov/2019:15:45:05 -0500] "GET /BLA/boletinlegal/images/footer_bg.jpg HTTP/1.1" 200 586
181.209.214.12 - - [09/Nov/2019:15:45:05 -0500] "GET /BLA/boletinlegal/images/menu_rght.gif HTTP/1.1" 200 1627
181.209.214.12 - - [09/Nov/2019:15:45:05 -0500] "GET /BLA/boletinlegal/images/menu_lft.gif HTTP/1.1" 200 1713
181.209.214.12 - - [09/Nov/2019:15:45:05 -0500] "GET /BLA/boletinlegal/images/bg_top.jpg HTTP/1.1" 200 522
181.209.214.12 - - [09/Nov/2019:15:45:05 -0500] "GET /BLA/boletinlegal/images/menu_bg.jpg HTTP/1.1" 200 620
181.209.214.12 - - [09/Nov/2019:15:45:05 -0500] "GET /BLA/boletinlegal/images/footer_bg_l.jpg HTTP/1.1" 200 776
