192.99.6.226 - - [09/Nov/2019:04:06:57 -0500] "GET /SIG/index.php?dir=&sort=date&order=asc/ HTTP/1.1" 200 4513
66.249.65.254 - - [09/Nov/2019:04:07:19 -0500] "GET /BLA/resoluciones/RESOLUCIONES%202009/6741.pdf HTTP/1.1" 200 557141
192.99.6.226 - - [09/Nov/2019:04:07:31 -0500] "GET /SIG/index.php?dir=&sort=size&order=asc/ HTTP/1.1" 200 4513
13.66.139.0 - - [09/Nov/2019:04:07:54 -0500] "GET /BLA/boletinlegal/conceptos.php HTTP/1.1" 200 7315
40.77.191.184 - - [09/Nov/2019:04:07:55 -0500] "GET /BLA/boletinlegal/niceforms-default.css HTTP/1.1" 200 6694
40.77.191.184 - - [09/Nov/2019:04:07:55 -0500] "GET /BLA/boletinlegal/styles2.css HTTP/1.1" 200 1838
40.77.191.184 - - [09/Nov/2019:04:07:55 -0500] "GET /BLA/boletinlegal/style.css HTTP/1.1" 200 9406
40.77.191.184 - - [09/Nov/2019:04:07:55 -0500] "GET /BLA/boletinlegal/js/ajax_conceptos.js HTTP/1.1" 200 1326
40.77.191.184 - - [09/Nov/2019:04:07:55 -0500] "GET /BLA/boletinlegal/niceforms.js HTTP/1.1" 200 22876
192.99.6.226 - - [09/Nov/2019:04:08:14 -0500] "GET /SIG/index.php?dir=Control%20y%20mejora// HTTP/1.1" 200 2871
192.99.6.226 - - [09/Nov/2019:04:08:46 -0500] "GET /SIG/index.php?dir=Control%20y%20mejora/&sort=date&order=asc/ HTTP/1.1" 200 2776
69.162.124.232 - - [09/Nov/2019:04:08:57 -0500] "HEAD / HTTP/1.1" 200 -
192.99.6.226 - - [09/Nov/2019:04:09:15 -0500] "GET /SIG/index.php?dir=Control%20y%20mejora/&sort=name&order=asc/ HTTP/1.1" 200 2776
66.249.65.199 - - [09/Nov/2019:04:09:27 -0500] "GET /galeria/nivo-slider/demo/images/buses-chimenea.jpg HTTP/1.1" 200 144235
66.249.88.187 - - [09/Nov/2019:04:09:36 -0500] "GET /galeria/galeria/jquery.fancybox.css?v=2.1.5 HTTP/1.1" 200 4895
66.249.88.189 - - [09/Nov/2019:04:09:36 -0500] "GET /BLA/boletinlegal/js/jquery.scrollShow.js HTTP/1.1" 200 4586
66.249.88.187 - - [09/Nov/2019:04:09:36 -0500] "GET /galeria/galeria/jquery.fancybox.js?v=2.1.5 HTTP/1.1" 200 48706
192.99.6.226 - - [09/Nov/2019:04:09:50 -0500] "GET /SIG/index.php?dir=Control%20y%20mejora/&sort=size&order=asc/ HTTP/1.1" 200 2776
192.168.175.104 - - [09/Nov/2019:04:10:31 -0500] "GET / HTTP/1.0" 200 9990
192.168.175.104 - - [09/Nov/2019:04:10:34 -0500] "GET / HTTP/1.1" 200 9990
192.99.6.226 - - [09/Nov/2019:04:10:35 -0500] "GET /SIG/index.php?dir=Control%20y%20mejora/Control%20y%20mejora// HTTP/1.1" 200 2953
46.229.168.161 - - [09/Nov/2019:04:10:51 -0500] "GET /robots.txt HTTP/1.1" 404 1019
46.229.168.147 - - [09/Nov/2019:04:10:51 -0500] "GET /Autoliquidacion/index.php?dir=Solicitudes%2Brelacionadas%2Bcon%2Bocupaci%C3%83%C2%B3n%2Bde%2Bcauce%2F&order=asc&sort=size HTTP/1.1" 200 6682
192.99.6.226 - - [09/Nov/2019:04:10:57 -0500] "GET /SIG/index.php?dir=Control%20y%20mejora/Control%20y%20mejora/&sort=date&order=asc/ HTTP/1.1" 200 2842
192.99.6.226 - - [09/Nov/2019:04:11:23 -0500] "GET /SIG/index.php?dir=Control%20y%20mejora/Control%20y%20mejora/&sort=name&order=asc/ HTTP/1.1" 200 2842
66.249.65.254 - - [09/Nov/2019:04:11:30 -0500] "GET /BLA/resoluciones/RESOLUCIONES%202007/RES%202007%201001%20AL%201100/RESOLUCION%201043%20DE%202007.pdf HTTP/1.1" 304 -
66.249.88.191 - - [09/Nov/2019:04:11:35 -0500] "GET /galeria/nivo-slider/demo/inicio.html HTTP/1.1" 200 5230
66.249.88.189 - - [09/Nov/2019:04:11:35 -0500] "GET /galeria/nivo-slider/demo/images/banneragendamiento.jpg HTTP/1.1" 304 -
66.249.88.191 - - [09/Nov/2019:04:11:35 -0500] "GET /galeria/nivo-slider/demo/images/iniciativas-Ambientales.jpg HTTP/1.1" 304 -
66.249.88.187 - - [09/Nov/2019:04:11:35 -0500] "GET /galeria/nivo-slider/demo/images/bannerincendios.jpg HTTP/1.1" 200 206070
66.249.88.189 - - [09/Nov/2019:04:11:35 -0500] "GET /galeria/nivo-slider/demo/images/Noviembre.png HTTP/1.1" 304 -
66.249.65.250 - - [09/Nov/2019:04:11:36 -0500] "GET /BLA/resoluciones/AUTOS%202007/2965.pdf HTTP/1.1" 200 73597
192.99.6.226 - - [09/Nov/2019:04:11:50 -0500] "GET /SIG/index.php?dir=Control%20y%20mejora/Control%20y%20mejora/&sort=size&order=asc/ HTTP/1.1" 200 2842
159.138.154.58 - - [09/Nov/2019:04:11:58 -0500] "GET /galeria/galeria/fotos/Encuentro-de-Movimientos10G.jpg HTTP/1.1" 200 139410
192.99.6.226 - - [09/Nov/2019:04:12:23 -0500] "GET /SIG/index.php?dir=ECS// HTTP/1.1" 200 16713
111.206.221.39 - - [09/Nov/2019:04:12:41 -0500] "GET /galeria/nivo-slider/demo/inicio.html HTTP/1.1" 200 5230
192.99.6.226 - - [09/Nov/2019:04:12:51 -0500] "GET /SIG/index.php?dir=ECS/&sort=date&order=asc/ HTTP/1.1" 200 16569
192.99.6.226 - - [09/Nov/2019:04:13:15 -0500] "GET /SIG/index.php?dir=ECS/&sort=name&order=desc/ HTTP/1.1" 200 16569
192.99.6.226 - - [09/Nov/2019:04:13:38 -0500] "GET /SIG/index.php?dir=ECS/&sort=size&order=asc/ HTTP/1.1" 200 16569
69.162.124.232 - - [09/Nov/2019:04:13:57 -0500] "HEAD / HTTP/1.1" 200 -
192.99.6.226 - - [09/Nov/2019:04:14:05 -0500] "GET /SIG/index.php?dir=Gestion%20Documental// HTTP/1.1" 200 5669
216.244.66.195 - - [09/Nov/2019:04:14:12 -0500] "GET /robots.txt HTTP/1.1" 404 1018
54.36.150.100 - - [09/Nov/2019:04:14:16 -0500] "GET /BLA/resoluciones/RESOLUCIONES%202002/RES%202002%201851-1900/20021880.tif HTTP/1.1" 200 123162
192.99.6.226 - - [09/Nov/2019:04:14:33 -0500] "GET /SIG/index.php?dir=Gestion%20Documental/&sort=date&order=asc/ HTTP/1.1" 200 5566
66.249.65.250 - - [09/Nov/2019:04:14:48 -0500] "GET /BLA/resoluciones/RESOLUCIONES%202014/1446.pdf HTTP/1.1" 200 810040
192.99.6.226 - - [09/Nov/2019:04:15:07 -0500] "GET /SIG/index.php?dir=Gestion%20Documental/&sort=name&order=desc/ HTTP/1.1" 200 5566
192.168.175.104 - - [09/Nov/2019:04:15:29 -0500] "GET / HTTP/1.0" 200 9990
192.168.175.104 - - [09/Nov/2019:04:15:31 -0500] "GET / HTTP/1.1" 200 9990
192.99.6.226 - - [09/Nov/2019:04:15:35 -0500] "GET /SIG/index.php?dir=Gestion%20Documental/&sort=size&order=asc/ HTTP/1.1" 200 5566
192.99.6.226 - - [09/Nov/2019:04:16:04 -0500] "GET /StormSDA/forms/?C=D;O=A/ HTTP/1.1" 200 3475
192.99.6.226 - - [09/Nov/2019:04:16:29 -0500] "GET /StormSDA/forms/?C=M;O=A/ HTTP/1.1" 200 3475
66.249.65.250 - - [09/Nov/2019:04:16:47 -0500] "GET /BLA/resoluciones/RESOLUCIONES%202011/5481.pdf HTTP/1.1" 200 575968
192.99.6.226 - - [09/Nov/2019:04:16:49 -0500] "GET /StormSDA/forms/?C=N;O=D/ HTTP/1.1" 200 3475
192.99.6.226 - - [09/Nov/2019:04:17:24 -0500] "GET /StormSDA/forms/?C=S;O=A/ HTTP/1.1" 200 3475
201.245.192.253 - - [09/Nov/2019:04:17:14 -0500] "POST /kwsrmcab/Wsrmcab HTTP/1.1" 200 27924
201.245.192.253 - - [09/Nov/2019:04:17:15 -0500] "POST /kwsrmcab/Wsrmcab HTTP/1.1" 200 27608
192.99.6.226 - - [09/Nov/2019:04:17:54 -0500] "GET /StormSDA/lib/?C=D;O=A/ HTTP/1.1" 200 6379
192.99.6.226 - - [09/Nov/2019:04:18:21 -0500] "GET /StormSDA/lib/?C=M;O=A/ HTTP/1.1" 200 6379
201.245.192.253 - - [09/Nov/2019:04:17:49 -0500] "POST /kwsrmcab/Wsrmcab HTTP/1.1" 200 27924
192.99.6.226 - - [09/Nov/2019:04:18:45 -0500] "GET /StormSDA/lib/?C=N;O=D/ HTTP/1.1" 200 6379
69.162.124.232 - - [09/Nov/2019:04:18:57 -0500] "HEAD / HTTP/1.1" 200 -
192.99.6.226 - - [09/Nov/2019:04:19:12 -0500] "GET /StormSDA/lib/?C=S;O=A/ HTTP/1.1" 200 6379
66.249.65.252 - - [09/Nov/2019:04:19:18 -0500] "GET /BLA/resoluciones/RESOLUCIONES%202011/6737.pdf HTTP/1.1" 200 1306736
159.138.154.9 - - [09/Nov/2019:04:19:26 -0500] "GET /BLA/resoluciones/index.php?dir=Notificaciones%2F HTTP/1.1" 200 7443
159.138.154.45 - - [09/Nov/2019:04:19:34 -0500] "GET /Residuos/impresion/impresion.html HTTP/1.1" 200 1961
159.138.154.244 - - [09/Nov/2019:04:19:39 -0500] "GET /BLA/resoluciones/index.php?dir=AUTOS%2B2014%2F HTTP/1.1" 200 12052
192.99.6.226 - - [09/Nov/2019:04:19:43 -0500] "GET /StormSDA/lib/win32/?C=D;O=A/ HTTP/1.1" 200 1203
66.249.65.250 - - [09/Nov/2019:04:19:45 -0500] "GET /BLA/resoluciones/RESOLUCIONES%202014/2786.pdf HTTP/1.1" 200 620103
157.55.39.171 - - [09/Nov/2019:04:19:55 -0500] "GET /robots.txt HTTP/1.1" 404 1018
54.36.148.36 - - [09/Nov/2019:04:19:58 -0500] "GET /BLA/resoluciones/RESOLUCIONES%202005/RES%202005%201551-1600/00001591.tif HTTP/1.1" 200 299188
192.99.6.226 - - [09/Nov/2019:04:20:10 -0500] "GET /StormSDA/lib/win32/?C=M;O=A/ HTTP/1.1" 200 1203
157.55.39.107 - - [09/Nov/2019:04:20:10 -0500] "GET /BLA/resoluciones/RESOLUCIONES%202015/0995.pdf HTTP/1.1" 200 6388920
192.99.6.226 - - [09/Nov/2019:04:20:23 -0500] "GET /StormSDA/lib/win32/?C=N;O=D/ HTTP/1.1" 200 1203
192.168.175.104 - - [09/Nov/2019:04:20:27 -0500] "GET / HTTP/1.0" 200 9990
192.168.175.104 - - [09/Nov/2019:04:20:29 -0500] "GET / HTTP/1.1" 200 9990
192.99.6.226 - - [09/Nov/2019:04:20:42 -0500] "GET /StormSDA/lib/win32/?C=S;O=A/ HTTP/1.1" 200 1203
192.99.6.226 - - [09/Nov/2019:04:21:11 -0500] "GET /StormSDA/nsjars/?C=N;O=D/ HTTP/1.1" 200 5602
66.249.65.252 - - [09/Nov/2019:04:21:21 -0500] "GET /galeria/nivo-slider/demo/images/Banner%20RCD.jpg HTTP/1.1" 304 -
66.249.65.252 - - [09/Nov/2019:04:21:24 -0500] "GET /BLA/resoluciones/RESOLUCIONES%202018/0442.pdf HTTP/1.1" 304 -
46.229.168.153 - - [09/Nov/2019:04:21:25 -0500] "GET /Anexos%20estudio%20Organizacional%20SDA/index.php?dir=ANEXO%2BNo.%2B9%2B-%2BRES%C3%83%C2%83%C3%82%C2%83%C3%83%C2%82%C3%82%C2%83%C3%83%C2%83%C3%82%C2%82%C3%83%C2%82%C3%82%C2%9AMENES%2BDE%2BLA%2BMEDICI%C3%83%C2%83%C3%82%C2%83%C3%83%C2%82%C3%82%C2%83%C3%83%C2%83%C3%82%C2%82%C3%83%C2%82%C3%82%C2%93N%2BDE%2BCARGAS%2BLABORALES%2BSDA%2F&order=desc&sort=size HTTP/1.1" 200 6384
192.99.6.226 - - [09/Nov/2019:04:21:42 -0500] "GET /StormSDA/storm/?C=D;O=A/ HTTP/1.1" 200 5557
192.99.6.226 - - [09/Nov/2019:04:22:13 -0500] "GET /StormSDA/storm/?C=M;O=A/ HTTP/1.1" 200 5557
192.99.6.226 - - [09/Nov/2019:04:22:35 -0500] "GET /StormSDA/storm/?C=N;O=D/ HTTP/1.1" 200 5557
192.99.6.226 - - [09/Nov/2019:04:22:57 -0500] "GET /StormSDA/storm/?C=S;O=A/ HTTP/1.1" 200 5557
66.249.65.254 - - [09/Nov/2019:04:23:03 -0500] "GET /BLA/resoluciones/RESOLUCIONES%202016/1796.pdf HTTP/1.1" 200 669603
192.99.6.226 - - [09/Nov/2019:04:23:19 -0500] "GET /StormSDA/stormWeb/img/?C=D;O=A/ HTTP/1.1" 200 2925
54.36.150.118 - - [09/Nov/2019:04:23:37 -0500] "GET /BLA/resoluciones/RESOLUCIONES%202003/RES%202003%202051-2100/00002065.tif HTTP/1.1" 200 236256
157.55.39.60 - - [09/Nov/2019:04:23:39 -0500] "GET / HTTP/1.1" 200 9990
192.99.6.226 - - [09/Nov/2019:04:23:56 -0500] "GET /StormSDA/stormWeb/img/?C=M;O=A/ HTTP/1.1" 200 2925
69.162.124.232 - - [09/Nov/2019:04:23:57 -0500] "HEAD / HTTP/1.1" 200 -
192.99.6.226 - - [09/Nov/2019:04:24:35 -0500] "GET /StormSDA/stormWeb/img/?C=N;O=D/ HTTP/1.1" 200 2925
192.99.6.226 - - [09/Nov/2019:04:24:54 -0500] "GET /StormSDA/storm_silv/?C=D;O=A/ HTTP/1.1" 200 5788
192.99.6.226 - - [09/Nov/2019:04:25:18 -0500] "GET /StormSDA/storm_silv/?C=M;O=A/ HTTP/1.1" 200 5788
192.168.175.104 - - [09/Nov/2019:04:25:26 -0500] "GET / HTTP/1.0" 200 9990
192.168.175.104 - - [09/Nov/2019:04:25:27 -0500] "GET / HTTP/1.1" 200 9990
192.99.6.226 - - [09/Nov/2019:04:25:48 -0500] "GET /StormSDA/storm_silv/?C=N;O=A/ HTTP/1.1" 200 5788
192.99.6.226 - - [09/Nov/2019:04:26:08 -0500] "GET /StormSDA/storm_silv/?C=S;O=A/ HTTP/1.1" 200 5788
66.249.65.252 - - [09/Nov/2019:04:26:15 -0500] "GET /webdav/ HTTP/1.1" 404 1018
186.102.69.51 - - [09/Nov/2019:04:26:33 -0500] "GET /galeria/galeria/jquery.fancybox.css?v=2.1.5 HTTP/1.1" 200 4895
186.102.69.51 - - [09/Nov/2019:04:26:33 -0500] "GET /galeria/galeria/jquery.fancybox.js?v=2.1.5 HTTP/1.1" 200 48706
192.99.6.226 - - [09/Nov/2019:04:26:33 -0500] "GET /StormSDA/userFiles%20-%20Copy%2019-07-2012/?C=N;O=D/ HTTP/1.1" 200 5900
186.102.69.51 - - [09/Nov/2019:04:26:33 -0500] "GET /BLA/boletinlegal/js/jquery.scrollShow.js HTTP/1.1" 200 4586
186.102.69.51 - - [09/Nov/2019:04:26:34 -0500] "GET /siipev/Diseno%20de%20Elementos%20de%20Mobiliario%20Urbano/Parte1.html? HTTP/1.1" 200 3594
186.102.69.51 - - [09/Nov/2019:04:26:34 -0500] "GET /siipev/Diseno%20de%20Elementos%20de%20Mobiliario%20Urbano/Diseno%20pertenecientes%20al%20mobiliario%20urbano%20M10-M160/Infografia/Parte1/M-10.png HTTP/1.1" 200 11175
186.102.69.51 - - [09/Nov/2019:04:26:34 -0500] "GET /siipev/Diseno%20de%20Elementos%20de%20Mobiliario%20Urbano/Diseno%20pertenecientes%20al%20mobiliario%20urbano%20M10-M160/Infografia/Parte1/M-160.png HTTP/1.1" 200 7332
186.102.69.51 - - [09/Nov/2019:04:26:53 -0500] "GET /siipev/Diseno%20de%20Elementos%20de%20Mobiliario%20Urbano/Diseno%20pertenecientes%20al%20mobiliario%20urbano%20M10-M160/PARTE%20A/Dise%C3%B1o%20de%20Elementos%20M-10.pdf HTTP/1.1" 200 2286537
186.102.69.51 - - [09/Nov/2019:04:26:57 -0500] "GET /siipev/Diseno%20de%20Elementos%20de%20Mobiliario%20Urbano/Diseno%20pertenecientes%20al%20mobiliario%20urbano%20M10-M160/PARTE%20A/Dise%C3%B1o%20de%20Elementos%20M-10.pdf HTTP/1.1" 206 1
186.102.69.51 - - [09/Nov/2019:04:26:57 -0500] "GET /siipev/Diseno%20de%20Elementos%20de%20Mobiliario%20Urbano/Diseno%20pertenecientes%20al%20mobiliario%20urbano%20M10-M160/PARTE%20A/Dise%C3%B1o%20de%20Elementos%20M-10.pdf HTTP/1.1" 206 2284035
66.249.65.252 - - [09/Nov/2019:04:27:06 -0500] "GET /BLA/resoluciones/AUTOS%202007/3294.pdf HTTP/1.1" 200 411976
192.99.6.226 - - [09/Nov/2019:04:27:10 -0500] "GET /StormSDA/userFiles%20-%20Copy%2019-07-2012/user_files/1/?C=D;O=A/ HTTP/1.1" 200 1751
201.245.192.253 - - [09/Nov/2019:04:27:15 -0500] "POST /kwsrmcab/Wsrmcab HTTP/1.1" 200 27608
192.99.6.226 - - [09/Nov/2019:04:27:50 -0500] "GET /StormSDA/userFiles%20-%20Copy%2019-07-2012/user_files/1/?C=M;O=A/ HTTP/1.1" 200 1751
5.196.87.172 - - [09/Nov/2019:04:27:51 -0500] "GET /robots.txt HTTP/1.1" 404 1019
66.249.65.250 - - [09/Nov/2019:04:28:01 -0500] "GET /BLA/resoluciones/RESOLUCIONES%202008/3450.pdf HTTP/1.1" 200 198548
211.150.70.18 - - [09/Nov/2019:04:28:04 -0500] "GET / HTTP/1.1" 200 9990
192.99.6.226 - - [09/Nov/2019:04:28:15 -0500] "GET /StormSDA/userFiles%20-%20Copy%2019-07-2012/user_files/1/?C=N;O=D/ HTTP/1.1" 200 1751
46.229.168.152 - - [09/Nov/2019:04:28:20 -0500] "GET /Autoliquidacion/index.php?dir=TR%C3%83%C2%83%C3%82%C2%81MITES%2BMINER%C3%83%C2%83%C3%82%C2%8DA%2F&order=desc&sort=size HTTP/1.1" 200 6621
192.99.6.226 - - [09/Nov/2019:04:28:43 -0500] "GET /StormSDA/userFiles%20-%20Copy%2019-07-2012/user_files/1/?C=S;O=A/ HTTP/1.1" 200 1751
69.162.124.232 - - [09/Nov/2019:04:28:57 -0500] "HEAD / HTTP/1.1" 200 -
192.99.6.226 - - [09/Nov/2019:04:29:08 -0500] "GET /StormSDA/userFiles%20-%20Copy%2019-07-2012/user_files/85/?C=D;O=A/ HTTP/1.1" 200 877
54.36.148.152 - - [09/Nov/2019:04:29:16 -0500] "GET /BLA/resoluciones/RESOLUCIONES%202002/RES%202002%201801-1850/20021837.tif HTTP/1.1" 200 153390
192.99.6.226 - - [09/Nov/2019:04:29:39 -0500] "GET /StormSDA/userFiles%20-%20Copy%2019-07-2012/user_files/85/?C=M;O=A/ HTTP/1.1" 200 877
66.249.65.254 - - [09/Nov/2019:04:29:40 -0500] "GET /BLA/resoluciones/RESOLUCIONES%202007/RES%202007%202901%20AL%203000/RESOLUCION%202936%20DE%202007.pdf HTTP/1.1" 200 786325
192.99.6.226 - - [09/Nov/2019:04:30:03 -0500] "GET /StormSDA/userFiles%20-%20Copy%2019-07-2012/user_files/85/?C=N;O=D/ HTTP/1.1" 200 877
192.99.6.226 - - [09/Nov/2019:04:30:14 -0500] "GET /StormSDA/userFiles%20-%20Copy%2019-07-2012/user_files/85/?C=S;O=A/ HTTP/1.1" 200 877
192.168.175.104 - - [09/Nov/2019:04:30:24 -0500] "GET / HTTP/1.0" 200 9990
192.168.175.104 - - [09/Nov/2019:04:30:26 -0500] "GET / HTTP/1.1" 200 9990
66.249.65.254 - - [09/Nov/2019:04:31:19 -0500] "GET /BLA/resoluciones/RESOLUCIONES%202009/0089.pdf HTTP/1.1" 200 186518
69.162.124.232 - - [09/Nov/2019:04:33:57 -0500] "HEAD / HTTP/1.1" 200 -
66.249.83.217 - - [09/Nov/2019:04:34:31 -0500] "GET /galeria/galeria/fotos/Peque3Parque-nacional.jpg HTTP/1.1" 200 15172
66.249.83.217 - - [09/Nov/2019:04:34:31 -0500] "GET /galeria/galeria/fotos/2CaminataP5.jpg HTTP/1.1" 200 28121
66.249.83.220 - - [09/Nov/2019:04:34:31 -0500] "GET /galeria/galeria/fotos/caminata4Peq.jpg HTTP/1.1" 200 40129
66.249.83.220 - - [09/Nov/2019:04:34:31 -0500] "GET /galeria/galeria/fotos/2CaminataP2.jpg HTTP/1.1" 200 25001
66.249.83.217 - - [09/Nov/2019:04:34:31 -0500] "GET /galeria/galeria/fotos/caminata2Peq.jpg HTTP/1.1" 200 40364
66.249.83.220 - - [09/Nov/2019:04:34:31 -0500] "GET /galeria/galeria/fotos/1CaminataP4.jpg HTTP/1.1" 200 47622
66.249.83.220 - - [09/Nov/2019:04:34:31 -0500] "GET /galeria/galeria/fotos/1CaminataP3.jpg HTTP/1.1" 200 39797
66.249.83.219 - - [09/Nov/2019:04:34:31 -0500] "GET /galeria/galeria/fotos/1CaminataP10.jpg HTTP/1.1" 200 46747
66.249.83.217 - - [09/Nov/2019:04:34:31 -0500] "GET /galeria/galeria/fotos/1CaminataP2.jpg HTTP/1.1" 200 41985
66.249.83.217 - - [09/Nov/2019:04:34:31 -0500] "GET /galeria/galeria/fotos/Peque4Parque-nacional.jpg HTTP/1.1" 200 14623
66.249.83.219 - - [09/Nov/2019:04:34:31 -0500] "GET /galeria/galeria/fotos/2CaminataP1.jpg HTTP/1.1" 200 29142
66.249.83.220 - - [09/Nov/2019:04:34:31 -0500] "GET /galeria/galeria/fotos/2CaminataP6.jpg HTTP/1.1" 200 27065
66.249.83.217 - - [09/Nov/2019:04:34:31 -0500] "GET /galeria/galeria/fotos/2CaminataP3.jpg HTTP/1.1" 200 30753
66.249.83.219 - - [09/Nov/2019:04:34:31 -0500] "GET /galeria/galeria/fotos/Peque6Parque-nacional.jpg HTTP/1.1" 200 15343
66.249.83.220 - - [09/Nov/2019:04:34:31 -0500] "GET /galeria/galeria/fotos/caminata3Peq.jpg HTTP/1.1" 200 40244
66.249.88.187 - - [09/Nov/2019:04:34:31 -0500] "GET /galeria/galeria/fotos/Peque1Parque-nacional.jpg HTTP/1.1" 200 12567
66.249.83.219 - - [09/Nov/2019:04:34:31 -0500] "GET /galeria/galeria/fotos/1CaminataP6.jpg HTTP/1.1" 200 31710
66.249.83.219 - - [09/Nov/2019:04:34:31 -0500] "GET /galeria/galeria/fotos/caminata1Peq.jpg HTTP/1.1" 200 40335
66.249.83.219 - - [09/Nov/2019:04:34:33 -0500] "GET /BLA/boletinlegal/js/jquery.scrollShow.js HTTP/1.1" 304 -
66.249.83.219 - - [09/Nov/2019:04:34:33 -0500] "GET /galeria/galeria/jquery.fancybox.js?v=2.1.5 HTTP/1.1" 304 -
66.249.83.219 - - [09/Nov/2019:04:34:33 -0500] "GET /galeria/galeria/jquery.fancybox.css?v=2.1.5 HTTP/1.1" 304 -
66.249.65.250 - - [09/Nov/2019:04:34:37 -0500] "GET /BLA/resoluciones/RESOLUCIONES%202016/2438.pdf HTTP/1.1" 200 505501
66.249.65.250 - - [09/Nov/2019:04:35:00 -0500] "GET /BLA/resoluciones/index.php?dir=RESOLUCIONES%202005/RES%202005%202351-2400/&sort=date&order=asc HTTP/1.1" 200 12366
192.168.175.104 - - [09/Nov/2019:04:35:22 -0500] "GET / HTTP/1.0" 200 9990
192.168.175.104 - - [09/Nov/2019:04:35:25 -0500] "GET / HTTP/1.1" 200 9990
66.249.65.252 - - [09/Nov/2019:04:35:43 -0500] "GET /BLA/resoluciones/AUTOS%202014/1740.pdf HTTP/1.1" 200 542481
66.249.65.250 - - [09/Nov/2019:04:36:16 -0500] "GET /BLA/resoluciones/RESOLUCIONES%202016/2101.pdf HTTP/1.1" 200 540678
201.245.192.253 - - [09/Nov/2019:04:37:15 -0500] "POST /kwsrmcab/Wsrmcab HTTP/1.1" 200 27608
66.249.65.250 - - [09/Nov/2019:04:38:00 -0500] "GET /BLA/resoluciones/AUTOS%202014/1611.pdf HTTP/1.1" 200 3724099
216.244.66.195 - - [09/Nov/2019:04:38:51 -0500] "GET /BLA/resoluciones/AUTOS%202007/1368.pdf HTTP/1.1" 200 59405
216.244.66.195 - - [09/Nov/2019:04:38:56 -0500] "GET /BLA/resoluciones/AUTOS%202007/1687.pdf HTTP/1.1" 200 101389
69.162.124.232 - - [09/Nov/2019:04:38:57 -0500] "HEAD / HTTP/1.1" 200 -
216.244.66.195 - - [09/Nov/2019:04:39:01 -0500] "GET /BLA/resoluciones/AUTOS%202007/1733.pdf HTTP/1.1" 200 38629
66.249.65.254 - - [09/Nov/2019:04:40:01 -0500] "GET /BLA/resoluciones/RESOLUCIONES%202015/2261.pdf HTTP/1.1" 200 527041
192.168.175.104 - - [09/Nov/2019:04:40:21 -0500] "GET / HTTP/1.0" 200 9990
192.168.175.104 - - [09/Nov/2019:04:40:23 -0500] "GET / HTTP/1.1" 200 9990
81.0.2.234 - - [09/Nov/2019:04:40:42 -0500] "GET /galeria/galeria/jquery.fancybox.css?v=2.1.5 HTTP/1.1" 200 4895
81.0.2.234 - - [09/Nov/2019:04:40:42 -0500] "GET /BLA/boletinlegal/js/jquery.scrollShow.js HTTP/1.1" 200 4586
81.0.2.234 - - [09/Nov/2019:04:40:42 -0500] "GET /galeria/galeria/jquery.fancybox.js?v=2.1.5 HTTP/1.1" 200 48706
216.244.66.195 - - [09/Nov/2019:04:40:51 -0500] "GET /BLA/resoluciones/AUTOS%202007/1810.pdf HTTP/1.1" 200 31533
157.55.39.107 - - [09/Nov/2019:04:41:08 -0500] "GET /galeria/galeria/fotos/Entrenube2G.jpg HTTP/1.1" 200 111422
66.249.65.252 - - [09/Nov/2019:04:41:18 -0500] "GET /BLA/resoluciones/RESOLUCIONES%202007/RES%202007%202101%20AL%202200/RESOLUCION%202112%20DE%202007.pdf HTTP/1.1" 200 52303
207.46.13.48 - - [09/Nov/2019:04:41:35 -0500] "GET / HTTP/1.1" 200 9990
216.244.66.195 - - [09/Nov/2019:04:41:42 -0500] "GET /BLA/resoluciones/AUTOS%202007/1892.pdf HTTP/1.1" 200 103284
54.36.150.9 - - [09/Nov/2019:04:41:50 -0500] "GET /BLA/resoluciones/RESOLUCIONES%202002/RES%202002%20501-550/00000540.tif HTTP/1.1" 200 64796
46.229.168.131 - - [09/Nov/2019:04:42:27 -0500] "GET /robots.txt HTTP/1.1" 404 1019
46.229.168.148 - - [09/Nov/2019:04:42:28 -0500] "GET /Anexos%20estudio%20Organizacional%20SDA/index.php?dir=ANEXO%2BNo.%2B4%2B-%2BENCUESTA%2BDE%2BAN%C3%83%C2%83%C3%82%C2%83%C3%83%C2%82%C3%82%C2%83%C3%83%C2%83%C3%82%C2%82%C3%83%C2%82%C3%82%C2%83%C3%83%C2%83%C3%82%C2%83%C3%83%C2%82%C3%82%C2%82%C3%83%C2%83%C3%82%C2%82%C3%83%C2%82%C3%82%C2%81LISIS%2BORGANIZACIONAL%2F&order=asc&sort=date HTTP/1.1" 200 6349
216.244.66.195 - - [09/Nov/2019:04:42:50 -0500] "GET /BLA/resoluciones/AUTOS%202008/0106.pdf HTTP/1.1" 200 167436
66.249.65.252 - - [09/Nov/2019:04:43:18 -0500] "GET /BLA/resoluciones/AUTOS%202015/3820.pdf HTTP/1.1" 200 849049
54.36.150.36 - - [09/Nov/2019:04:43:41 -0500] "GET /BLA/resoluciones/RESOLUCIONES%202002/RES%202002%201901-1950/20021914.tif HTTP/1.1" 200 51774
69.162.124.232 - - [09/Nov/2019:04:43:57 -0500] "HEAD / HTTP/1.1" 200 -
66.249.65.250 - - [09/Nov/2019:04:44:31 -0500] "GET /BLA/resoluciones/RESOLUCIONES%202010/6433.pdf HTTP/1.1" 200 195344
216.244.66.195 - - [09/Nov/2019:04:44:51 -0500] "GET /BLA/resoluciones/AUTOS%202008/0478.pdf HTTP/1.1" 200 167334
66.249.65.250 - - [09/Nov/2019:04:45:16 -0500] "GET /BLA/resoluciones/AUTOS%202014/4731.pdf HTTP/1.1" 200 543993
192.168.175.104 - - [09/Nov/2019:04:45:19 -0500] "GET / HTTP/1.0" 200 9990
192.168.175.104 - - [09/Nov/2019:04:45:22 -0500] "GET / HTTP/1.1" 200 9990
216.244.66.195 - - [09/Nov/2019:04:45:51 -0500] "GET /BLA/resoluciones/AUTOS%202008/0593.pdf HTTP/1.1" 200 206510
66.249.65.252 - - [09/Nov/2019:04:46:11 -0500] "GET /BLA/resoluciones/RESOLUCIONES%202016/2171.pdf HTTP/1.1" 200 284626
66.249.65.252 - - [09/Nov/2019:04:47:50 -0500] "GET /BLA/resoluciones/RESOLUCIONES%202013/1450.pdf HTTP/1.1" 304 -
216.244.66.195 - - [09/Nov/2019:04:48:07 -0500] "GET /BLA/resoluciones/AUTOS%202008/0640.pdf HTTP/1.1" 200 249405
69.162.124.232 - - [09/Nov/2019:04:48:57 -0500] "HEAD / HTTP/1.1" 200 -
159.138.159.101 - - [09/Nov/2019:04:49:07 -0500] "GET /BLA/resoluciones/index.php?dir=RESOLUCIONES%2B1995%2F HTTP/1.1" 200 12073
181.54.65.228 - - [09/Nov/2019:04:49:32 -0500] "GET /BLA/resoluciones/RESOLUCIONES%202007/RES%202007%204001%20AL%204100/RESOLUCION%204090%20DE%202007.pdf HTTP/1.1" 200 13950935
181.54.65.228 - - [09/Nov/2019:04:49:33 -0500] "GET /favicon.ico HTTP/1.1" 200 7782
54.36.148.98 - - [09/Nov/2019:04:49:53 -0500] "GET /BLA/resoluciones/RESOLUCIONES%202005/00001073.tif HTTP/1.1" 200 145070
216.244.66.195 - - [09/Nov/2019:04:50:01 -0500] "GET /BLA/resoluciones/AUTOS%202008/0754.pdf HTTP/1.1" 200 177094
192.168.175.104 - - [09/Nov/2019:04:50:17 -0500] "GET / HTTP/1.0" 200 9990
192.168.175.104 - - [09/Nov/2019:04:50:20 -0500] "GET / HTTP/1.1" 200 9990
54.36.148.128 - - [09/Nov/2019:04:50:32 -0500] "GET /BLA/resoluciones/RESOLUCIONES%202002/RES%202002%201351-1400/20021377.tif HTTP/1.1" 200 133054
66.249.65.254 - - [09/Nov/2019:04:51:08 -0500] "GET /BLA/resoluciones/RESOLUCIONES%202017/0979.pdf HTTP/1.1" 304 -
66.249.65.201 - - [09/Nov/2019:04:52:19 -0500] "GET /galeria/nivo-slider/demo/images/Banner%20Bioexpo.jpg HTTP/1.1" 404 1019
216.244.66.195 - - [09/Nov/2019:04:52:21 -0500] "GET /BLA/resoluciones/AUTOS%202008/0792.pdf HTTP/1.1" 200 68805
66.249.65.252 - - [09/Nov/2019:04:52:47 -0500] "GET /BLA/resoluciones/RESOLUCIONES%202016/1003.pdf HTTP/1.1" 304 -
157.55.39.60 - - [09/Nov/2019:04:53:02 -0500] "GET /autoliquidacion HTTP/1.1" 301 310
157.55.39.60 - - [09/Nov/2019:04:53:03 -0500] "GET /autoliquidacion/ HTTP/1.1" 200 6377
216.244.66.195 - - [09/Nov/2019:04:53:37 -0500] "GET /BLA/resoluciones/AUTOS%202008/0804.pdf HTTP/1.1" 200 87022
69.162.124.232 - - [09/Nov/2019:04:53:57 -0500] "HEAD / HTTP/1.1" 200 -
66.249.65.252 - - [09/Nov/2019:04:54:26 -0500] "GET /BLA/resoluciones/RESOLUCIONES%202011/6982.pdf HTTP/1.1" 200 1266045
66.249.65.250 - - [09/Nov/2019:04:54:39 -0500] "GET /BLA/resoluciones/RESOLUCIONES%202007/RES%202007%201501%20AL%201600/RESOLUCION%201538%20DE%202007.pdf HTTP/1.1" 200 424837
192.168.175.104 - - [09/Nov/2019:04:55:15 -0500] "GET / HTTP/1.0" 200 9990
192.168.175.104 - - [09/Nov/2019:04:55:18 -0500] "GET / HTTP/1.1" 200 9990
191.102.197.30 - - [09/Nov/2019:04:55:18 -0500] "GET /Autoliquidacion/Solicitudes%20relacionadas%20con%20calidad%20del%20aire%20auditiva%20y%20visual/Acompa%C3%B1amiento%20para%20muestreo%20isocin%C3%A9tico%20y%20o%20determinaciones%20de%20emisiones%20a%20fuentes%20fijas/Protocolo%20para%20Monitoreo%20Emisiones%20Atmosfericas.pdf HTTP/1.1" 200 414759
216.244.66.195 - - [09/Nov/2019:04:55:36 -0500] "GET /BLA/resoluciones/AUTOS%202008/0968.pdf HTTP/1.1" 200 86147
66.249.88.187 - - [09/Nov/2019:04:55:47 -0500] "GET /BLA/boletinlegal/js/jquery.scrollShow.js HTTP/1.1" 200 4586
66.249.88.187 - - [09/Nov/2019:04:55:47 -0500] "GET /galeria/galeria/jquery.fancybox.js?v=2.1.5 HTTP/1.1" 200 48706
66.249.88.187 - - [09/Nov/2019:04:55:47 -0500] "GET /galeria/galeria/jquery.fancybox.css?v=2.1.5 HTTP/1.1" 200 4895
66.249.65.254 - - [09/Nov/2019:04:56:05 -0500] "GET /BLA/resoluciones/AUTOS%202014/0328.pdf HTTP/1.1" 304 -
216.244.66.195 - - [09/Nov/2019:04:56:51 -0500] "GET /BLA/resoluciones/AUTOS%202008/1160.pdf HTTP/1.1" 200 112942
216.244.66.195 - - [09/Nov/2019:04:57:27 -0500] "GET /BLA/resoluciones/AUTOS%202008/1306.pdf HTTP/1.1" 200 220890
159.138.155.94 - - [09/Nov/2019:04:57:35 -0500] "GET /appsia/controlador HTTP/1.1" 200 4393
159.138.128.236 - - [09/Nov/2019:04:57:47 -0500] "GET /galeria/galeria/fotos/Encuentro-de-Movimientos8G.jpg HTTP/1.1" 200 180340
216.244.66.195 - - [09/Nov/2019:04:58:04 -0500] "GET /BLA/resoluciones/AUTOS%202008/1374.pdf HTTP/1.1" 200 75769
66.249.65.250 - - [09/Nov/2019:04:58:32 -0500] "GET /BLA/resoluciones/RESOLUCIONES%202009/4537.pdf HTTP/1.1" 200 116762
174.16.135.166 - - [09/Nov/2019:04:58:39 -0500] "GET /BLA/boletinlegal/js/jquery.scrollShow.js HTTP/1.1" 200 4586
174.16.135.166 - - [09/Nov/2019:04:58:39 -0500] "GET /galeria/galeria/jquery.fancybox.js?v=2.1.5 HTTP/1.1" 200 48706
174.16.135.166 - - [09/Nov/2019:04:58:39 -0500] "GET /galeria/galeria/jquery.fancybox.css?v=2.1.5 HTTP/1.1" 200 4895
174.16.135.166 - - [09/Nov/2019:04:58:44 -0500] "GET /BLA/boletinlegal/js/jquery.scrollShow.js HTTP/1.1" 304 -
174.16.135.166 - - [09/Nov/2019:04:58:44 -0500] "GET /galeria/galeria/jquery.fancybox.js?v=2.1.5 HTTP/1.1" 304 -
174.16.135.166 - - [09/Nov/2019:04:58:44 -0500] "GET /galeria/galeria/jquery.fancybox.css?v=2.1.5 HTTP/1.1" 304 -
216.244.66.195 - - [09/Nov/2019:04:58:52 -0500] "GET /BLA/resoluciones/AUTOS%202008/1401.pdf HTTP/1.1" 200 183835
40.77.167.100 - - [09/Nov/2019:04:58:53 -0500] "GET /www.bogota.gov.co/sdqs HTTP/1.1" 404 1034
69.162.124.232 - - [09/Nov/2019:04:58:57 -0500] "HEAD / HTTP/1.1" 200 -
46.229.168.152 - - [09/Nov/2019:04:59:09 -0500] "GET /Anexos%20estudio%20Organizacional%20SDA/index.php?dir=ANEXO%2BNo.11-PROYECTO%2BDE%2BDECRETO%2BMODIFICATORIO%2BPLANTA%2BDE%2BCARGOS%2BSDA%2F&order=desc&sort=name HTTP/1.1" 200 6210
80.29.141.134 - - [09/Nov/2019:04:59:10 -0500] "GET /BLA/boletinlegal/jurisprudencia/analisis/Analisis%20jurisprudencial%20Sentencia%20C-366-11.doc HTTP/1.1" 200 59392
216.244.66.195 - - [09/Nov/2019:04:59:30 -0500] "GET /BLA/resoluciones/AUTOS%202008/1674.pdf HTTP/1.1" 200 80726
40.77.189.12 - - [09/Nov/2019:04:59:55 -0500] "GET /galeria/carrusel/Carrusel/jquery.thumbnailScroller.css HTTP/1.1" 200 2066
40.77.189.220 - - [09/Nov/2019:04:59:56 -0500] "GET /galeria/nivo-slider/themes/default/default.css HTTP/1.1" 200 1569
192.168.175.104 - - [09/Nov/2019:05:00:14 -0500] "GET / HTTP/1.0" 200 9990
192.168.175.104 - - [09/Nov/2019:05:00:17 -0500] "GET / HTTP/1.1" 200 9990
54.36.148.6 - - [09/Nov/2019:05:00:40 -0500] "GET /galeria/galeria/fotos/Encuentro-de-Movimientos12G.jpg HTTP/1.1" 200 158071
46.229.168.147 - - [09/Nov/2019:05:00:44 -0500] "GET /Autoliquidacion/index.php?dir=TR%C3%83%C2%83%C3%82%C2%83%C3%83%C2%82%C3%82%C2%83%C3%83%C2%83%C3%82%C2%82%C3%83%C2%82%C3%82%C2%83%C3%83%C2%83%C3%82%C2%83%C3%83%C2%82%C3%82%C2%82%C3%83%C2%83%C3%82%C2%82%C3%83%C2%82%C3%82%C2%83%C3%83%C2%83%C3%82%C2%83%C3%83%C2%82%C3%82%C2%83%C3%83%C2%83%C3%82%C2%82%C3%83%C2%82%C3%82%C2%82%C3%83%C2%83%C3%82%C2%83%C3%83%C2%82%C3%82%C2%82%C3%83%C2%83%C3%82%C2%82%C3%83%C2%82%C3%82%C2%83%C3%83%C2%83%C3%82%C2%83%C3%83%C2%82%C3%82%C2%83%C3%83%C2%83%C3%82%C2%82%C3%83%C2%82%C3%82%C2%83%C3%83%C2%83%C3%82%C2%83%C3%83%C2%82%C3%82%C2%82%C3%83%C2%83%C3%82%C2%82%C3%83%C2%82%C3%82%C2%82%C3%83%C2%83%C3%82%C2%83%C3%83%C2%82%C3%82%C2%83%C3%83%C2%83%C3%82%C2%82%C3%83%C2%82%C3%82%C2%82%C3%83%C2%83%C3%82%C2%83%C3%83%C2%82%C3%82%C2%82%C3%83%C2%83%C3%82%C2%82%C3%83%C2%82%C3%82%C2%83%C3%83%C2%83%C3%82%C2%83%C3%83%C2%82%C3%82%C2%83%C3%83%C2%83%C3%82%C2%82%C3%83%C2%82%C3%82%C2%83%C3%83%C2%83%C3%82%C2%83%C3%83%C2%82%C3%82%C2%82%C3%83%C2%83%C3%82%C2%82%C3%83%C2%82%C3%82%C2%83%C3%83%C2%83%C3%82%C2%83%C3%83%C2%82%C3%82%C2%83%C3%83%C2%83%C3%82%C2%82%C3%83%C2%82%C3%82%C2%82%C3%83%C2%83%C3%82%C2%83%C3%83%C2%82%C3%82%C2%82%C3%83%C2%83%C3%82%C2%82%C3%83%C2%82%C3%82%C2%82%C3%83%C2%83%C3%82%C2%83%C3%83%C2%82%C3%82%C2%83%C3%83%C2%83%C3%82%C2%82%C3%83%C2%82%C3%82%C2%83%C3%83%C2%83%C3%82%C2%83%C3%83%C2%82%C3%82%C2%82%C3%83%C2%83%C3%82%C2%82%C3%83%C2%82%C3%82%C2%82%C3%83%C2%83%C3%82%C2%83%C3%83%C2%82%C3%82%C2%83%C3%83%C2%83%C3%82%C2%82%C3%83%C2%82%C3%82%C2%82%C3%83%C2%83%C3%82%C2%83%C3%83%C2%82%C3%82%C2%82%C3%83%C2%83%C3%82%C2%82%C3%83%C2%82%C3%82%C2%81MITES%2BACEITES-RESIDUOS-ESTACIONES%2FREGISTRO%2BCOMO%2BACOPIADOR%2BPRIMARIO%2F&order=asc&sort=size HTTP/1.1" 200 9848
40.77.189.166 - - [09/Nov/2019:05:01:09 -0500] "GET /POT-2013/Cartografia/12_Est_Ordenam_Regiona_2013_v1.pdf HTTP/1.1" 200 6613799
157.55.39.107 - - [09/Nov/2019:05:01:22 -0500] "GET /galeria/galeria/fotos/Humedal-la-Isla4G.jpg HTTP/1.1" 200 238346
66.249.88.189 - - [09/Nov/2019:05:01:54 -0500] "GET /galeria/galeria/jquery.fancybox.css?v=2.1.5 HTTP/1.1" 200 4895
66.249.88.191 - - [09/Nov/2019:05:01:54 -0500] "GET /BLA/boletinlegal/js/jquery.scrollShow.js HTTP/1.1" 200 4586
66.249.88.187 - - [09/Nov/2019:05:01:54 -0500] "GET /galeria/galeria/jquery.fancybox.js?v=2.1.5 HTTP/1.1" 200 48706
216.244.66.195 - - [09/Nov/2019:05:02:15 -0500] "GET /robots.txt HTTP/1.1" 404 1018
110.243.143.213 - - [09/Nov/2019:05:02:39 -0500] "GET /galeria/capellania12.jpg HTTP/1.1" 404 1015
181.144.198.136 - - [09/Nov/2019:05:02:41 -0500] "GET /BLA/resoluciones/AUTOS%202015/2667.pdf HTTP/1.1" 200 984450
66.249.65.252 - - [09/Nov/2019:05:02:41 -0500] "GET /BLA/resoluciones/AUTOS%202014/0471.pdf HTTP/1.1" 200 372266
181.144.198.136 - - [09/Nov/2019:05:02:49 -0500] "GET /favicon.ico HTTP/1.1" 200 7782
208.100.26.237 - - [09/Nov/2019:05:03:28 -0500] "GET / HTTP/1.1" 200 9990
208.100.26.237 - - [09/Nov/2019:05:03:29 -0500] "GET / HTTP/1.1" 200 9990
208.100.26.237 - - [09/Nov/2019:05:03:30 -0500] "GET / HTTP/1.1" 200 9990
208.100.26.237 - - [09/Nov/2019:05:03:30 -0500] "GET /wp-content HTTP/1.1" 404 1162
208.100.26.237 - - [09/Nov/2019:05:03:30 -0500] "GET /xmlrpc.php HTTP/1.1" 404 1162
208.100.26.237 - - [09/Nov/2019:05:03:30 -0500] "GET /wp-login.php HTTP/1.1" 404 1162
208.100.26.237 - - [09/Nov/2019:05:03:30 -0500] "GET /wp-login.php HTTP/1.1" 404 1162
69.162.124.232 - - [09/Nov/2019:05:03:57 -0500] "HEAD / HTTP/1.1" 200 -
66.249.65.250 - - [09/Nov/2019:05:04:07 -0500] "GET /BLA/resoluciones/AUTOS%202014/3157.pdf HTTP/1.1" 200 388664
66.249.65.250 - - [09/Nov/2019:05:04:58 -0500] "GET /galeria/nivo-slider/demo/images/bannersectorambiente.png HTTP/1.1" 304 -
40.77.167.212 - - [09/Nov/2019:05:03:27 -0500] "GET /BLA/boletinlegal/ HTTP/1.1" 200 67493
192.168.175.104 - - [09/Nov/2019:05:05:12 -0500] "GET / HTTP/1.0" 200 9990
192.168.175.104 - - [09/Nov/2019:05:05:14 -0500] "GET / HTTP/1.1" 200 9990
40.77.167.212 - - [09/Nov/2019:05:05:22 -0500] "GET /BLA/boletinlegal/images/footer_bg_l.jpg HTTP/1.1" 200 776
40.77.167.212 - - [09/Nov/2019:05:05:22 -0500] "GET /BLA/boletinlegal/images/menu_bg.jpg HTTP/1.1" 200 620
40.77.167.212 - - [09/Nov/2019:05:05:22 -0500] "GET /BLA/boletinlegal/images/menu_lft.gif HTTP/1.1" 200 1713
40.77.167.212 - - [09/Nov/2019:05:05:22 -0500] "GET /BLA/boletinlegal/images/menu_rght.gif HTTP/1.1" 200 1627
66.249.65.254 - - [09/Nov/2019:05:05:29 -0500] "GET /BLA/resoluciones/RESOLUCIONES%202009/0889.pdf HTTP/1.1" 200 196902
157.55.39.107 - - [09/Nov/2019:05:05:31 -0500] "GET /BLA/boletinlegal/images/arr_l.jpg HTTP/1.1" 200 1979
157.55.39.107 - - [09/Nov/2019:05:05:31 -0500] "GET /BLA/boletinlegal/images/body_bg.jpg HTTP/1.1" 200 1601
157.55.39.107 - - [09/Nov/2019:05:05:31 -0500] "GET /BLA/boletinlegal/images/text.jpg HTTP/1.1" 200 568
207.46.13.26 - - [09/Nov/2019:05:05:36 -0500] "GET /BLA/boletinlegal/images/cabezote%20BLEGAL.jpg HTTP/1.1" 200 118164
207.46.13.26 - - [09/Nov/2019:05:05:37 -0500] "GET /BLA/boletinlegal/images/hover.jpg HTTP/1.1" 200 640
207.46.13.26 - - [09/Nov/2019:05:05:37 -0500] "GET /BLA/boletinlegal/js/jquery.js HTTP/1.1" 200 57254
157.55.39.60 - - [09/Nov/2019:05:05:41 -0500] "GET /BLA/boletinlegal/images/bg_top.jpg HTTP/1.1" 200 522
157.55.39.60 - - [09/Nov/2019:05:05:41 -0500] "GET /BLA/boletinlegal/images/footer_bg.jpg HTTP/1.1" 200 586
157.55.39.60 - - [09/Nov/2019:05:05:41 -0500] "GET /BLA/boletinlegal/images/screen_1.png HTTP/1.1" 200 202547
157.55.39.60 - - [09/Nov/2019:05:05:42 -0500] "GET /BLA/boletinlegal/js/jquery.scrollTo-min.js HTTP/1.1" 200 1150
5.255.250.154 - - [09/Nov/2019:05:06:02 -0500] "GET /robots.txt HTTP/1.1" 404 1019
5.255.250.154 - - [09/Nov/2019:05:06:06 -0500] "GET /PruebasSTORM/StormSDA_pruebas/userFiles/user_files/formulas/2/12.xml HTTP/1.1" 200 1052
54.36.150.24 - - [09/Nov/2019:05:07:29 -0500] "GET /BLA/resoluciones/RESOLUCIONES%202003/RES%202003%202051-2100/00002087.tif HTTP/1.1" 200 289106
69.162.124.232 - - [09/Nov/2019:05:08:57 -0500] "HEAD / HTTP/1.1" 200 -
192.168.175.104 - - [09/Nov/2019:05:10:10 -0500] "GET / HTTP/1.0" 200 9990
192.168.175.104 - - [09/Nov/2019:05:10:12 -0500] "GET / HTTP/1.1" 200 9990
66.249.65.250 - - [09/Nov/2019:05:10:57 -0500] "GET /BLA/resoluciones/RESOLUCIONES%202018/0058.pdf HTTP/1.1" 200 265836
66.249.65.254 - - [09/Nov/2019:05:12:36 -0500] "GET /BLA/resoluciones/RESOLUCIONES%202009/5270.pdf HTTP/1.1" 200 762107
66.249.65.252 - - [09/Nov/2019:05:13:35 -0500] "GET /BLA/resoluciones/RESOLUCIONES%202008/2773.pdf HTTP/1.1" 200 346111
69.162.124.232 - - [09/Nov/2019:05:13:57 -0500] "HEAD / HTTP/1.1" 200 -
54.36.148.214 - - [09/Nov/2019:05:14:02 -0500] "GET /BLA/resoluciones/RESOLUCIONES%202002/RES%202002%201651-1700/20021691.tif HTTP/1.1" 200 107896
66.249.65.254 - - [09/Nov/2019:05:14:15 -0500] "GET /BLA/resoluciones/AUTOS%202014/2477.pdf HTTP/1.1" 200 780773
192.168.175.104 - - [09/Nov/2019:05:15:08 -0500] "GET / HTTP/1.0" 200 9990
192.168.175.104 - - [09/Nov/2019:05:15:10 -0500] "GET / HTTP/1.1" 200 9990
216.244.66.195 - - [09/Nov/2019:05:15:34 -0500] "GET /BLA/resoluciones/AUTOS%202014/0364.pdf HTTP/1.1" 200 1147278
66.249.65.252 - - [09/Nov/2019:05:15:54 -0500] "GET /BLA/resoluciones/RESOLUCIONES%202007/RES%202007%202301%20AL%202400/RESOLUCION%202354%20DE%202007.pdf HTTP/1.1" 200 714088
66.249.65.254 - - [09/Nov/2019:05:17:33 -0500] "GET /BLA/resoluciones/RESOLUCIONES%202014/2678.pdf HTTP/1.1" 200 569728
201.245.192.253 - - [09/Nov/2019:05:17:14 -0500] "POST /kwsrmcab/Wsrmcab HTTP/1.1" 200 27927
201.245.192.253 - - [09/Nov/2019:05:17:14 -0500] "POST /kwsrmcab/Wsrmcab HTTP/1.1" 200 27770
54.36.150.87 - - [09/Nov/2019:05:18:14 -0500] "GET /BLA/resoluciones/RESOLUCIONES%202005/RES%202005%203151-3180/00003175.tif HTTP/1.1" 200 195164
159.138.128.69 - - [09/Nov/2019:05:18:22 -0500] "GET /Residuos/curtiembres/curtiembres.html HTTP/1.1" 200 1965
201.245.192.253 - - [09/Nov/2019:05:17:49 -0500] "POST /kwsrmcab/Wsrmcab HTTP/1.1" 200 27927
46.229.168.139 - - [09/Nov/2019:05:18:25 -0500] "GET /robots.txt HTTP/1.1" 404 1019
46.229.168.129 - - [09/Nov/2019:05:18:25 -0500] "GET /Anexos%20estudio%20Organizacional%20SDA/index.php?dir=ANEXO%2BNo.%2B9%2B-%2BRES%C3%83%C2%83%C3%82%C2%83%C3%83%C2%82%C3%82%C2%9AMENES%2BDE%2BLA%2BMEDICI%C3%83%C2%83%C3%82%C2%83%C3%83%C2%82%C3%82%C2%93N%2BDE%2BCARGAS%2BLABORALES%2BSDA%2F&order=asc&sort=name HTTP/1.1" 200 6289
196.52.43.125 - - [09/Nov/2019:05:18:46 -0500] "GET / HTTP/1.0" 200 9990
69.162.124.232 - - [09/Nov/2019:05:18:57 -0500] "HEAD / HTTP/1.1" 200 -
66.249.65.252 - - [09/Nov/2019:05:19:12 -0500] "GET /BLA/resoluciones/RESOLUCIONES%202017/0216.pdf HTTP/1.1" 200 766680
157.55.39.29 - - [09/Nov/2019:05:19:32 -0500] "GET /robots.txt HTTP/1.1" 404 1015
157.55.39.29 - - [09/Nov/2019:05:19:33 -0500] "GET /robots.txt HTTP/1.1" 404 1015
157.55.39.191 - - [09/Nov/2019:05:19:35 -0500] "GET /sig/gestion%20recursos%20financieros/126pa02-pr29%20constitucion%20y%20manejo%20caja%20menor.pdf HTTP/1.1" 200 412919
192.168.175.104 - - [09/Nov/2019:05:20:07 -0500] "GET / HTTP/1.0" 200 9990
192.168.175.104 - - [09/Nov/2019:05:20:09 -0500] "GET / HTTP/1.1" 200 9990
40.77.189.183 - - [09/Nov/2019:05:21:53 -0500] "GET /BLA/resoluciones/RESOLUCIONES%202015/0995.pdf HTTP/1.1" 200 6388920
66.249.65.250 - - [09/Nov/2019:05:22:30 -0500] "GET /BLA/resoluciones/AUTOS%202017/0153.pdf HTTP/1.1" 304 -
66.249.65.250 - - [09/Nov/2019:05:23:03 -0500] "GET /BLA/resoluciones/RESOLUCIONES%202008/3337.pdf HTTP/1.1" 200 260865
69.162.124.232 - - [09/Nov/2019:05:23:57 -0500] "HEAD / HTTP/1.1" 200 -
66.249.65.252 - - [09/Nov/2019:05:24:09 -0500] "GET /BLA/resoluciones/AUTOS%202012/2440.pdf HTTP/1.1" 304 -
66.249.65.250 - - [09/Nov/2019:05:24:57 -0500] "GET /BLA/resoluciones/AUTOS%202009/0475.pdf HTTP/1.1" 200 448583
192.168.175.104 - - [09/Nov/2019:05:25:05 -0500] "GET / HTTP/1.0" 200 9990
192.168.175.104 - - [09/Nov/2019:05:25:07 -0500] "GET / HTTP/1.1" 200 9990
54.36.150.146 - - [09/Nov/2019:05:25:45 -0500] "GET /BLA/resoluciones/RESOLUCIONES%202004/RES%202004%20101-150/00000138.tif HTTP/1.1" 200 85706
66.249.65.252 - - [09/Nov/2019:05:25:48 -0500] "GET /BLA/resoluciones/AUTOS%202015/2746.pdf HTTP/1.1" 304 -
159.138.152.47 - - [09/Nov/2019:05:27:21 -0500] "GET /galeria/galeria/fotos/%0A%0AHumedal-la-conejera1G.jpg HTTP/1.1" 403 1006
66.249.65.252 - - [09/Nov/2019:05:27:28 -0500] "GET /BLA/resoluciones/AUTOS%202015/2610.pdf HTTP/1.1" 304 -
201.245.192.253 - - [09/Nov/2019:05:27:14 -0500] "POST /kwsrmcab/Wsrmcab HTTP/1.1" 200 27770
69.162.124.232 - - [09/Nov/2019:05:28:57 -0500] "HEAD / HTTP/1.1" 200 -
192.168.175.104 - - [09/Nov/2019:05:30:02 -0500] "GET / HTTP/1.0" 200 9990
192.168.175.104 - - [09/Nov/2019:05:30:05 -0500] "GET / HTTP/1.1" 200 9990
216.244.66.195 - - [09/Nov/2019:05:30:55 -0500] "GET /BLA/resoluciones/AUTOS%202007/1840.pdf HTTP/1.1" 200 29520
216.244.66.195 - - [09/Nov/2019:05:31:36 -0500] "GET /BLA/resoluciones/AUTOS%202007/1867.pdf HTTP/1.1" 200 220539
66.249.65.201 - - [09/Nov/2019:05:32:18 -0500] "GET /galeria/nivo-slider/demo/images/Noviembre.png HTTP/1.1" 200 519399
66.249.65.250 - - [09/Nov/2019:05:32:31 -0500] "GET /BLA/resoluciones/AUTOS%202007/3740.pdf HTTP/1.1" 200 153916
216.244.66.195 - - [09/Nov/2019:05:33:52 -0500] "GET /BLA/resoluciones/AUTOS%202007/1971.pdf HTTP/1.1" 200 120567
69.162.124.232 - - [09/Nov/2019:05:33:57 -0500] "HEAD / HTTP/1.1" 200 -
66.249.65.199 - - [09/Nov/2019:05:34:48 -0500] "GET /Autoliquidacion/dlf/styles.css HTTP/1.1" 200 3045
192.168.175.104 - - [09/Nov/2019:05:35:00 -0500] "GET / HTTP/1.0" 200 9990
192.168.175.104 - - [09/Nov/2019:05:35:03 -0500] "GET / HTTP/1.1" 200 9990
216.244.66.195 - - [09/Nov/2019:05:35:04 -0500] "GET /BLA/resoluciones/AUTOS%202008/0045.pdf HTTP/1.1" 200 169084
159.138.158.95 - - [09/Nov/2019:05:35:07 -0500] "GET /BLA/resoluciones/index.php?dir=AUTOS%2B1997%2F HTTP/1.1" 200 12052
187.38.62.167 - - [09/Nov/2019:05:36:28 -0500] "GET /wp-login.php HTTP/1.1" 404 1018
187.38.62.167 - - [09/Nov/2019:05:36:29 -0500] "GET / HTTP/1.1" 200 9990
216.244.66.195 - - [09/Nov/2019:05:37:10 -0500] "GET /BLA/resoluciones/AUTOS%202008/0147.pdf HTTP/1.1" 200 149587
207.46.13.48 - - [09/Nov/2019:05:37:37 -0500] "GET /BLA/boletinlegal/Directivas/2016/Directiva%20No.%2004%20del%2023%20de%20Diciembre%20de%202016.pdf HTTP/1.1" 200 327098
201.245.192.253 - - [09/Nov/2019:05:37:14 -0500] "POST /kwsrmcab/Wsrmcab HTTP/1.1" 200 27770
191.156.45.183 - - [09/Nov/2019:05:38:04 -0500] "GET /galeria/galeria/jquery.fancybox.css?v=2.1.5 HTTP/1.1" 200 4895
191.156.37.127 - - [09/Nov/2019:05:38:04 -0500] "GET /galeria/galeria/jquery.fancybox.js?v=2.1.5 HTTP/1.1" 200 48706
191.156.47.8 - - [09/Nov/2019:05:38:04 -0500] "GET /BLA/boletinlegal/js/jquery.scrollShow.js HTTP/1.1" 200 4586
191.156.41.229 - - [09/Nov/2019:05:38:09 -0500] "GET /galeria/galeria/jquery.fancybox.css?v=2.1.5 HTTP/1.1" 304 -
191.156.36.236 - - [09/Nov/2019:05:38:09 -0500] "GET /BLA/boletinlegal/js/jquery.scrollShow.js HTTP/1.1" 304 -
191.156.36.236 - - [09/Nov/2019:05:38:09 -0500] "GET /galeria/galeria/jquery.fancybox.js?v=2.1.5 HTTP/1.1" 304 -
157.55.39.0 - - [09/Nov/2019:05:38:14 -0500] "GET /robots.txt HTTP/1.1" 404 1015
69.162.124.232 - - [09/Nov/2019:05:38:57 -0500] "HEAD / HTTP/1.1" 200 -
157.55.39.191 - - [09/Nov/2019:05:39:25 -0500] "GET /sig/gestion%20recursos%20financieros/126pa02-pr28%20registro%20convenios%20y%20contratos%20interadministrativos.pdf HTTP/1.1" 200 393134
216.244.66.195 - - [09/Nov/2019:05:39:27 -0500] "GET /BLA/resoluciones/AUTOS%202008/0213.pdf HTTP/1.1" 200 91737
186.84.21.229 - - [09/Nov/2019:05:39:54 -0500] "GET /galeria/galeria/jquery.fancybox.css?v=2.1.5 HTTP/1.1" 200 4895
186.84.21.229 - - [09/Nov/2019:05:39:54 -0500] "GET /BLA/boletinlegal/js/jquery.scrollShow.js HTTP/1.1" 200 4586
186.84.21.229 - - [09/Nov/2019:05:39:54 -0500] "GET /galeria/galeria/jquery.fancybox.js?v=2.1.5 HTTP/1.1" 200 48706
66.249.88.191 - - [09/Nov/2019:05:39:56 -0500] "GET /BLA/boletinlegal/js/jquery.scrollShow.js HTTP/1.1" 200 4586
66.249.88.191 - - [09/Nov/2019:05:39:56 -0500] "GET /galeria/galeria/jquery.fancybox.js?v=2.1.5 HTTP/1.1" 200 48706
66.249.88.187 - - [09/Nov/2019:05:39:56 -0500] "GET /galeria/galeria/jquery.fancybox.css?v=2.1.5 HTTP/1.1" 200 4895
192.168.175.104 - - [09/Nov/2019:05:39:59 -0500] "GET / HTTP/1.0" 200 9990
192.168.175.104 - - [09/Nov/2019:05:40:01 -0500] "GET / HTTP/1.1" 200 9990
54.36.150.118 - - [09/Nov/2019:05:40:30 -0500] "GET /BLA/resoluciones/index.php?dir=RESOLUCIONES+2005%2FRES+2005+2001-2050%2F HTTP/1.1" 200 12358
216.244.66.195 - - [09/Nov/2019:05:41:26 -0500] "GET /BLA/resoluciones/AUTOS%202008/0289.pdf HTTP/1.1" 200 109484
54.36.150.83 - - [09/Nov/2019:05:41:58 -0500] "GET /BLA/resoluciones/RESOLUCIONES%202002/RES%202002%201701-1750/20021747.tif HTTP/1.1" 200 40910
66.249.65.250 - - [09/Nov/2019:05:41:59 -0500] "GET /BLA/resoluciones/AUTOS%202014/1419.pdf HTTP/1.1" 200 620684
66.249.88.187 - - [09/Nov/2019:05:42:11 -0500] "GET /BLA/boletinlegal/js/jquery.scrollShow.js HTTP/1.1" 200 4586
66.249.88.191 - - [09/Nov/2019:05:42:11 -0500] "GET /galeria/galeria/jquery.fancybox.css?v=2.1.5 HTTP/1.1" 200 4895
66.249.88.187 - - [09/Nov/2019:05:42:11 -0500] "GET /galeria/galeria/jquery.fancybox.js?v=2.1.5 HTTP/1.1" 200 48706
66.249.65.250 - - [09/Nov/2019:05:42:19 -0500] "GET /BLA/resoluciones/RESOLUCIONES%202015/1958.pdf HTTP/1.1" 304 -
216.244.66.195 - - [09/Nov/2019:05:42:34 -0500] "GET /BLA/resoluciones/AUTOS%202008/0629.pdf HTTP/1.1" 200 96625
216.244.66.195 - - [09/Nov/2019:05:43:09 -0500] "GET /BLA/resoluciones/AUTOS%202008/0638.pdf HTTP/1.1" 200 280758
190.130.92.93 - - [09/Nov/2019:05:43:22 -0500] "GET /BLA/boletinlegal/js/jquery.scrollShow.js HTTP/1.1" 200 4586
190.130.92.93 - - [09/Nov/2019:05:43:23 -0500] "GET /galeria/galeria/jquery.fancybox.js?v=2.1.5 HTTP/1.1" 200 48706
190.130.92.93 - - [09/Nov/2019:05:43:23 -0500] "GET /galeria/galeria/jquery.fancybox.css?v=2.1.5 HTTP/1.1" 200 4895
190.130.92.93 - - [09/Nov/2019:05:43:24 -0500] "GET /galeria/carrusel/Carrusel/jquery.thumbnailScroller.css HTTP/1.1" 200 2066
190.130.92.93 - - [09/Nov/2019:05:43:24 -0500] "GET /galeria/carrusel/Carrusel/jquery-ui-1.8.13.custom.min.js HTTP/1.1" 200 10800
190.130.92.93 - - [09/Nov/2019:05:43:24 -0500] "GET /galeria/carrusel/Carrusel/jquery.thumbnailScroller.js HTTP/1.1" 200 8157
216.244.66.195 - - [09/Nov/2019:05:43:48 -0500] "GET /BLA/resoluciones/AUTOS%202008/0950.pdf HTTP/1.1" 200 110122
69.162.124.232 - - [09/Nov/2019:05:43:57 -0500] "HEAD / HTTP/1.1" 200 -
66.249.65.252 - - [09/Nov/2019:05:43:58 -0500] "GET /BLA/resoluciones/AUTOS%202015/0815.pdf HTTP/1.1" 304 -
216.244.66.195 - - [09/Nov/2019:05:44:38 -0500] "GET /BLA/resoluciones/AUTOS%202008/1193.pdf HTTP/1.1" 200 164046
66.249.88.189 - - [09/Nov/2019:05:44:39 -0500] "GET /galeria/nivo-slider/demo/inicio.html HTTP/1.1" 200 5230
66.249.88.189 - - [09/Nov/2019:05:44:39 -0500] "GET /galeria/nivo-slider/demo/images/banneragendamiento.jpg HTTP/1.1" 200 116897
66.249.88.187 - - [09/Nov/2019:05:44:39 -0500] "GET /galeria/nivo-slider/themes/default/default.css HTTP/1.1" 304 -
66.249.88.191 - - [09/Nov/2019:05:44:39 -0500] "GET /galeria/nivo-slider/demo/images/iniciativas-Ambientales.jpg HTTP/1.1" 200 201405
66.249.88.191 - - [09/Nov/2019:05:44:39 -0500] "GET /galeria/nivo-slider/demo/images/Bannerveterinaria.jpg HTTP/1.1" 200 254705
66.249.88.189 - - [09/Nov/2019:05:44:39 -0500] "GET /galeria/nivo-slider/demo/images/bannerincendios.jpg HTTP/1.1" 200 206070
66.249.88.191 - - [09/Nov/2019:05:44:39 -0500] "GET /galeria/nivo-slider/demo/images/Banner%20tinguas.jpg HTTP/1.1" 200 214878
66.249.88.191 - - [09/Nov/2019:05:44:40 -0500] "GET /galeria/nivo-slider/demo/images/Bannerserpiente2019.jpg HTTP/1.1" 200 270374
66.249.88.191 - - [09/Nov/2019:05:44:40 -0500] "GET /galeria/nivo-slider/demo/images/Noviembre.png HTTP/1.1" 200 519399
66.249.88.191 - - [09/Nov/2019:05:44:40 -0500] "GET /galeria/nivo-slider/demo/images/puntos%20atencion%20BANNER.jpg HTTP/1.1" 304 -
66.249.88.191 - - [09/Nov/2019:05:44:40 -0500] "GET /galeria/nivo-slider/demo/images/Banner%20Visor%20Geografico%20Ambiental.jpg HTTP/1.1" 304 -
66.249.88.187 - - [09/Nov/2019:05:44:40 -0500] "GET /galeria/nivo-slider/demo/images/Banner%20consumo%20sostenible%20final.jpg HTTP/1.1" 304 -
66.249.88.189 - - [09/Nov/2019:05:44:40 -0500] "GET /galeria/nivo-slider/demo/images/bannersectorambiente.png HTTP/1.1" 304 -
66.249.88.189 - - [09/Nov/2019:05:44:40 -0500] "GET /galeria/nivo-slider/demo/images/Banner%20RCD.jpg HTTP/1.1" 304 -
66.249.88.189 - - [09/Nov/2019:05:44:40 -0500] "GET /galeria/nivo-slider/demo/images/Banner%20Conpes.jpg HTTP/1.1" 304 -
66.249.88.191 - - [09/Nov/2019:05:44:40 -0500] "GET /galeria/nivo-slider/demo/images/Banner%20practicas%20sostenibles.jpg HTTP/1.1" 304 -
66.249.88.189 - - [09/Nov/2019:05:44:40 -0500] "GET /galeria/nivo-slider/demo/images/Banner%20POT.png HTTP/1.1" 304 -
66.249.88.187 - - [09/Nov/2019:05:44:40 -0500] "GET /galeria/nivo-slider/demo/images/BANNER%20punto.jpg HTTP/1.1" 304 -
66.249.88.191 - - [09/Nov/2019:05:44:40 -0500] "GET /galeria/nivo-slider/demo/images/Banneranonimos.png HTTP/1.1" 304 -
45.238.182.164 - - [09/Nov/2019:05:44:55 -0500] "GET /galeria/galeria/jquery.fancybox.css?v=2.1.5 HTTP/1.1" 200 4895
45.238.182.164 - - [09/Nov/2019:05:44:56 -0500] "GET /BLA/boletinlegal/js/jquery.scrollShow.js HTTP/1.1" 200 4586
45.238.182.164 - - [09/Nov/2019:05:44:56 -0500] "GET /galeria/galeria/jquery.fancybox.js?v=2.1.5 HTTP/1.1" 200 48706
192.168.175.104 - - [09/Nov/2019:05:44:57 -0500] "GET / HTTP/1.0" 200 9990
192.168.175.104 - - [09/Nov/2019:05:44:59 -0500] "GET / HTTP/1.1" 200 9990
216.244.66.195 - - [09/Nov/2019:05:45:21 -0500] "GET /BLA/resoluciones/AUTOS%202008/1315.pdf HTTP/1.1" 200 126230
216.244.66.195 - - [09/Nov/2019:05:45:58 -0500] "GET /BLA/resoluciones/AUTOS%202008/1330.pdf HTTP/1.1" 200 78357
207.46.13.52 - - [09/Nov/2019:05:46:03 -0500] "GET / HTTP/1.1" 200 9990
46.229.168.135 - - [09/Nov/2019:05:46:12 -0500] "GET /robots.txt HTTP/1.1" 404 1019
46.229.168.154 - - [09/Nov/2019:05:46:12 -0500] "GET /Autoliquidacion/index.php?dir=TR%C3%83%C2%83%C3%82%C2%83%C3%83%C2%82%C3%82%C2%83%C3%83%C2%83%C3%82%C2%82%C3%83%C2%82%C3%82%C2%83%C3%83%C2%83%C3%82%C2%83%C3%83%C2%82%C3%82%C2%82%C3%83%C2%83%C3%82%C2%82%C3%83%C2%82%C3%82%C2%81MITES%2BMINER%C3%83%C2%83%C3%82%C2%83%C3%83%C2%82%C3%82%C2%83%C3%83%C2%83%C3%82%C2%82%C3%83%C2%82%C3%82%C2%83%C3%83%C2%83%C3%82%C2%83%C3%83%C2%82%C3%82%C2%82%C3%83%C2%83%C3%82%C2%82%C3%83%C2%82%C3%82%C2%8DA%2F&order=desc&sort=name HTTP/1.1" 200 6957
216.244.66.195 - - [09/Nov/2019:05:46:34 -0500] "GET /BLA/resoluciones/AUTOS%202008/1422.pdf HTTP/1.1" 200 116365
66.249.88.191 - - [09/Nov/2019:05:46:47 -0500] "GET /galeria/galeria/jquery.fancybox.css?v=2.1.5 HTTP/1.1" 200 4895
66.249.88.187 - - [09/Nov/2019:05:46:47 -0500] "GET /BLA/boletinlegal/js/jquery.scrollShow.js HTTP/1.1" 200 4586
66.249.88.187 - - [09/Nov/2019:05:46:47 -0500] "GET /galeria/galeria/jquery.fancybox.js?v=2.1.5 HTTP/1.1" 200 48706
66.249.88.189 - - [09/Nov/2019:05:46:47 -0500] "GET /galeria/carrusel/Carrusel/jquery.thumbnailScroller.css HTTP/1.1" 200 2066
66.249.88.187 - - [09/Nov/2019:05:46:47 -0500] "GET /galeria/carrusel/Carrusel/jquery-ui-1.8.13.custom.min.js HTTP/1.1" 200 10800
66.249.88.189 - - [09/Nov/2019:05:46:47 -0500] "GET /galeria/carrusel/Carrusel/jquery.thumbnailScroller.js HTTP/1.1" 200 8157
66.249.88.189 - - [09/Nov/2019:05:46:48 -0500] "GET /galeria/nivo-slider/demo/inicio.html HTTP/1.1" 200 5230
66.249.88.189 - - [09/Nov/2019:05:46:48 -0500] "GET /galeria/nivo-slider/themes/default/default.css HTTP/1.1" 200 1569
66.249.88.187 - - [09/Nov/2019:05:46:48 -0500] "GET /galeria/nivo-slider/themes/pascal/pascal.css HTTP/1.1" 200 2258
66.249.88.189 - - [09/Nov/2019:05:46:48 -0500] "GET /galeria/nivo-slider/themes/orman/orman.css HTTP/1.1" 200 2152
66.249.88.191 - - [09/Nov/2019:05:46:48 -0500] "GET /galeria/nivo-slider/demo/images/banneragendamiento.jpg HTTP/1.1" 200 116897
