66.249.66.82 - - [17/Nov/2019:02:35:45 -0500] "GET /BLA/resoluciones/AUTOS%202007/3081.pdf HTTP/1.1" 304 -
216.244.66.195 - - [17/Nov/2019:02:36:03 -0500] "GET /BLA/resoluciones/AUTOS%202009/1316.pdf HTTP/1.1" 200 110484
66.249.66.81 - - [17/Nov/2019:02:36:04 -0500] "GET /BLA/resoluciones/RESOLUCIONES%202007/RES%202007%203901%20AL%204000/RESOLUCION%203957%20DE%202007.pdf HTTP/1.1" 304 -
69.162.124.232 - - [17/Nov/2019:02:36:16 -0500] "HEAD / HTTP/1.1" 200 -
192.168.175.104 - - [17/Nov/2019:02:36:42 -0500] "GET / HTTP/1.0" 200 9990
190.84.25.134 - - [17/Nov/2019:02:36:49 -0500] "-" 408 -
201.245.192.253 - - [17/Nov/2019:02:36:39 -0500] "POST /kwsrmcab/Wsrmcab HTTP/1.1" 200 24977
192.168.175.104 - - [17/Nov/2019:02:37:57 -0500] "GET / HTTP/1.1" 200 9990
216.244.66.195 - - [17/Nov/2019:02:38:17 -0500] "GET /BLA/resoluciones/AUTOS%202009/1481.pdf HTTP/1.1" 200 194785
66.249.66.81 - - [17/Nov/2019:02:38:18 -0500] "GET /BLA/resoluciones/RESOLUCIONES%202014/1243.pdf HTTP/1.1" 304 -
66.249.66.81 - - [17/Nov/2019:02:38:58 -0500] "GET /BLA/resoluciones/RESOLUCIONES%202007/RES%202007%20801%20AL%20900/RESOLUCION%200849%20DE%202007.pdf HTTP/1.1" 200 257715
192.99.10.93 - - [17/Nov/2019:02:39:47 -0500] "GET /robots.txt HTTP/1.1" 404 1015
66.249.66.81 - - [17/Nov/2019:02:39:53 -0500] "GET /BLA/resoluciones/RESOLUCIONES%20CONJUNTAS/RESOLUCION%20002%20DE%20JULIO%2014%20DE%202017.pdf HTTP/1.1" 200 34360684
216.244.66.195 - - [17/Nov/2019:02:40:32 -0500] "GET /BLA/resoluciones/AUTOS%202009/1483.pdf HTTP/1.1" 200 194290
192.99.10.93 - - [17/Nov/2019:02:40:55 -0500] "GET /Anexos%20estudio%20Organizacional%20SDA/index.php?dir=ANEXO%20No.%201-%20NORMAS%20LEGALES%20DE%20ESTRUCTURA%20Y%20PLANTA/Decreto%20673%20de%201995%20Reestructura%20el%20DAMA_files// HTTP/1.1" 200 9633
66.249.66.82 - - [17/Nov/2019:02:41:08 -0500] "GET /BLA/resoluciones/RESOLUCIONES%202009/6992.pdf HTTP/1.1" 200 883013
69.162.124.232 - - [17/Nov/2019:02:41:17 -0500] "HEAD / HTTP/1.1" 200 -
66.249.66.81 - - [17/Nov/2019:02:41:27 -0500] "GET /BLA/resoluciones/AUTOS%202017/0392.pdf HTTP/1.1" 304 -
192.168.175.104 - - [17/Nov/2019:02:41:40 -0500] "GET / HTTP/1.0" 200 9990
192.99.10.93 - - [17/Nov/2019:02:41:41 -0500] "GET /Autoliquidacion/index.php?dir=Fauna%20Silvestre/&sort=date&order=asc/ HTTP/1.1" 200 2960
66.249.66.82 - - [17/Nov/2019:02:41:46 -0500] "GET /BLA/resoluciones/RESOLUCIONES%202018/0710.pdf HTTP/1.1" 200 263719
216.244.66.195 - - [17/Nov/2019:02:42:27 -0500] "GET /BLA/resoluciones/AUTOS%202009/1499.pdf HTTP/1.1" 200 190245
192.99.10.93 - - [17/Nov/2019:02:42:28 -0500] "GET /Autoliquidacion/index.php?dir=Fauna%20Silvestre/&sort=name&order=asc/ HTTP/1.1" 200 2960
66.249.66.82 - - [17/Nov/2019:02:42:29 -0500] "GET /BLA/resoluciones/RESOLUCIONES%202011/0736.pdf HTTP/1.1" 200 247000
187.206.57.52 - - [17/Nov/2019:02:42:40 -0500] "GET /galeria/galeria/jquery.fancybox.css?v=2.1.5 HTTP/1.1" 200 4895
187.206.57.52 - - [17/Nov/2019:02:42:40 -0500] "GET /BLA/boletinlegal/js/jquery.scrollShow.js HTTP/1.1" 200 4586
187.206.57.52 - - [17/Nov/2019:02:42:40 -0500] "GET /galeria/galeria/jquery.fancybox.js?v=2.1.5 HTTP/1.1" 200 48706
192.168.175.104 - - [17/Nov/2019:02:42:55 -0500] "GET / HTTP/1.1" 200 9990
192.99.10.93 - - [17/Nov/2019:02:43:14 -0500] "GET /Autoliquidacion/index.php?dir=Fauna%20Silvestre/&sort=size&order=asc/ HTTP/1.1" 200 2960
66.249.66.81 - - [17/Nov/2019:02:43:20 -0500] "GET /BLA/resoluciones/AUTOS%202014/5430.pdf HTTP/1.1" 200 563124
66.249.66.159 - - [17/Nov/2019:02:43:37 -0500] "GET /robots.txt HTTP/1.1" 404 1019
66.249.66.157 - - [17/Nov/2019:02:43:38 -0500] "GET /BLA/boletinlegal/circulares/2009IE24690.pdf HTTP/1.1" 200 74941
66.249.66.82 - - [17/Nov/2019:02:43:41 -0500] "GET /BLA/resoluciones/RESOLUCIONES%202018/1849.pdf HTTP/1.1" 200 231303
66.249.66.81 - - [17/Nov/2019:02:43:58 -0500] "GET /BLA/resoluciones/AUTOS%202018/4829.pdf HTTP/1.1" 200 326633
192.99.10.93 - - [17/Nov/2019:02:44:10 -0500] "GET /PORTAL_SIAC/?C=S;O=D/ HTTP/1.1" 200 1215
66.249.66.81 - - [17/Nov/2019:02:44:17 -0500] "GET /BLA/resoluciones/RESOLUCIONES%202018/3650.pdf HTTP/1.1" 200 428921
66.249.66.81 - - [17/Nov/2019:02:44:36 -0500] "GET /BLA/resoluciones/AUTOS%202014/5975.pdf HTTP/1.1" 200 2328829
216.244.66.195 - - [17/Nov/2019:02:44:42 -0500] "GET /BLA/resoluciones/AUTOS%202009/1550.pdf HTTP/1.1" 200 111454
66.249.66.81 - - [17/Nov/2019:02:44:55 -0500] "GET /BLA/resoluciones/RESOLUCIONES%202017/0410.pdf HTTP/1.1" 200 681967
192.99.10.93 - - [17/Nov/2019:02:45:07 -0500] "GET /PruebasSTORM/?C=D;O=A/ HTTP/1.1" 200 1839
54.36.149.62 - - [17/Nov/2019:02:45:11 -0500] "GET /BLA/resoluciones/RESOLUCIONES%202004/RES%202004%20801-850/00000810.tif HTTP/1.1" 200 276080
66.249.66.81 - - [17/Nov/2019:02:45:14 -0500] "GET /BLA/resoluciones/AUTOS%202014/7241.pdf HTTP/1.1" 200 379111
66.249.66.82 - - [17/Nov/2019:02:45:33 -0500] "GET /BLA/resoluciones/RESOLUCIONES%202018/2323.pdf HTTP/1.1" 200 287369
216.244.66.195 - - [17/Nov/2019:02:45:44 -0500] "GET /BLA/resoluciones/AUTOS%202009/1599.pdf HTTP/1.1" 200 126997
192.99.10.93 - - [17/Nov/2019:02:45:51 -0500] "GET /PruebasSTORM/?C=M;O=A/ HTTP/1.1" 200 1839
66.249.66.81 - - [17/Nov/2019:02:45:52 -0500] "GET /BLA/resoluciones/RESOLUCIONES%202016/2393.pdf HTTP/1.1" 200 431649
66.249.66.81 - - [17/Nov/2019:02:46:11 -0500] "GET /BLA/resoluciones/AUTOS%202017/0787.pdf HTTP/1.1" 200 694274
69.162.124.232 - - [17/Nov/2019:02:46:16 -0500] "HEAD / HTTP/1.1" 200 -
157.55.39.43 - - [17/Nov/2019:02:46:31 -0500] "GET /robots.txt HTTP/1.1" 404 1017
157.55.39.43 - - [17/Nov/2019:02:46:31 -0500] "GET /robots.txt HTTP/1.1" 404 1017
40.77.167.23 - - [17/Nov/2019:02:46:36 -0500] "GET /catalogoisis/ HTTP/1.1" 200 8575
192.168.175.104 - - [17/Nov/2019:02:46:38 -0500] "GET / HTTP/1.0" 200 9990
66.249.66.81 - - [17/Nov/2019:02:46:48 -0500] "GET /BLA/resoluciones/RESOLUCIONES%202010/5251.pdf HTTP/1.1" 200 913949
181.54.32.189 - - [17/Nov/2019:02:47:03 -0500] "GET /galeria/galeria/jquery.fancybox.css?v=2.1.5 HTTP/1.1" 200 4895
181.54.32.189 - - [17/Nov/2019:02:47:03 -0500] "GET /galeria/galeria/jquery.fancybox.js?v=2.1.5 HTTP/1.1" 200 48706
181.54.32.189 - - [17/Nov/2019:02:47:03 -0500] "GET /BLA/boletinlegal/js/jquery.scrollShow.js HTTP/1.1" 200 4586
192.99.10.93 - - [17/Nov/2019:02:47:03 -0500] "GET /PruebasSTORM/?C=N;O=A/ HTTP/1.1" 200 1839
216.244.66.195 - - [17/Nov/2019:02:47:04 -0500] "GET /BLA/resoluciones/AUTOS%202009/1680.pdf HTTP/1.1" 200 122580
66.249.66.82 - - [17/Nov/2019:02:47:07 -0500] "GET /BLA/resoluciones/AUTOS%202014/1660.pdf HTTP/1.1" 200 427273
66.249.66.78 - - [17/Nov/2019:02:47:14 -0500] "GET /portel_dama/libreria/php/2006/restauracion/22_proye/xtras_in/2a.pdf HTTP/1.1" 404 1018
66.249.66.81 - - [17/Nov/2019:02:47:26 -0500] "GET /BLA/resoluciones/RESOLUCIONES%202016/1278.pdf HTTP/1.1" 200 800339
216.244.66.195 - - [17/Nov/2019:02:47:40 -0500] "GET /BLA/resoluciones/AUTOS%202009/1742.pdf HTTP/1.1" 200 104426
5.255.250.75 - - [17/Nov/2019:02:47:47 -0500] "GET /PruebasSTORM/StormSDA_pruebas/nsjars/nsjars.jnlp HTTP/1.1" 200 1025
192.168.175.104 - - [17/Nov/2019:02:47:53 -0500] "GET / HTTP/1.1" 200 9990
192.99.10.93 - - [17/Nov/2019:02:48:08 -0500] "GET /PruebasSTORM/?C=S;O=A/ HTTP/1.1" 200 1839
216.244.66.195 - - [17/Nov/2019:02:48:16 -0500] "GET /BLA/resoluciones/AUTOS%202009/1764.pdf HTTP/1.1" 200 97214
40.77.167.56 - - [17/Nov/2019:02:48:21 -0500] "GET / HTTP/1.1" 200 9990
189.217.97.107 - - [17/Nov/2019:02:48:27 -0500] "GET /galeria/galeria/jquery.fancybox.css?v=2.1.5 HTTP/1.1" 200 4895
189.217.97.107 - - [17/Nov/2019:02:48:27 -0500] "GET /galeria/galeria/jquery.fancybox.js?v=2.1.5 HTTP/1.1" 200 48706
189.217.97.107 - - [17/Nov/2019:02:48:27 -0500] "GET /BLA/boletinlegal/js/jquery.scrollShow.js HTTP/1.1" 200 4586
216.244.66.195 - - [17/Nov/2019:02:48:54 -0500] "GET /BLA/resoluciones/AUTOS%202009/1825.pdf HTTP/1.1" 200 123034
192.99.10.93 - - [17/Nov/2019:02:49:02 -0500] "GET /PruebasSTORM/StormSDA_pruebas/userFiles/user_files/98/?C=N;O=D/ HTTP/1.1" 200 1752
216.244.66.195 - - [17/Nov/2019:02:49:31 -0500] "GET /BLA/resoluciones/AUTOS%202009/1836.pdf HTTP/1.1" 200 102227
192.99.10.93 - - [17/Nov/2019:02:49:51 -0500] "GET /PruebasSTORM/StormSDA_pruebas/userFiles/user_files/98/?C=S;O=A/ HTTP/1.1" 200 1752
192.99.10.93 - - [17/Nov/2019:02:50:24 -0500] "GET /PruebasSTORM/StormSDA_pruebas/userFiles/user_files/formulas/?C=N;O=D/ HTTP/1.1" 200 1503
46.229.168.151 - - [17/Nov/2019:02:50:27 -0500] "GET /robots.txt HTTP/1.1" 404 1019
46.229.168.141 - - [17/Nov/2019:02:50:27 -0500] "GET /Anexos%20estudio%20Organizacional%20SDA/index.php?dir&order=desc&sort=date HTTP/1.1" 200 5839
66.249.66.157 - - [17/Nov/2019:02:50:38 -0500] "GET /BLA/boletinlegal/circulares/7-2011-SDA.pdf HTTP/1.1" 200 314873
192.99.10.93 - - [17/Nov/2019:02:50:58 -0500] "GET /StormSDA/storm/?C=N;O=A/ HTTP/1.1" 200 5553
69.162.124.232 - - [17/Nov/2019:02:51:16 -0500] "HEAD / HTTP/1.1" 200 -
192.168.175.104 - - [17/Nov/2019:02:51:36 -0500] "GET / HTTP/1.0" 200 9990
46.229.168.129 - - [17/Nov/2019:02:51:58 -0500] "GET /Autoliquidacion/index.php?dir=TR%C3%83%C2%83%C3%82%C2%83%C3%83%C2%82%C3%82%C2%83%C3%83%C2%83%C3%82%C2%82%C3%83%C2%82%C3%82%C2%83%C3%83%C2%83%C3%82%C2%83%C3%83%C2%82%C3%82%C2%82%C3%83%C2%83%C3%82%C2%82%C3%83%C2%82%C3%82%C2%83%C3%83%C2%83%C3%82%C2%83%C3%83%C2%82%C3%82%C2%83%C3%83%C2%83%C3%82%C2%82%C3%83%C2%82%C3%82%C2%82%C3%83%C2%83%C3%82%C2%83%C3%83%C2%82%C3%82%C2%82%C3%83%C2%83%C3%82%C2%82%C3%83%C2%82%C3%82%C2%81MITES%2BVERTIMIENTOS%2F&order=desc&sort=date HTTP/1.1" 200 6975
192.99.10.93 - - [17/Nov/2019:02:52:05 -0500] "GET /StormSDA/stormWeb/img/?C=D;O=A/ HTTP/1.1" 200 2921
192.99.10.93 - - [17/Nov/2019:02:52:38 -0500] "GET /StormSDA/stormWeb/img/?C=M;O=A/ HTTP/1.1" 200 2921
192.168.175.104 - - [17/Nov/2019:02:52:51 -0500] "GET / HTTP/1.1" 200 9990
66.249.66.153 - - [17/Nov/2019:02:53:22 -0500] "GET /SIG/Educaci%C3%B3n%20Ambiental/126PM05-PR03.pdf HTTP/1.1" 200 1461498
192.99.10.93 - - [17/Nov/2019:02:53:30 -0500] "GET /StormSDA/stormWeb/img/?C=S;O=A/ HTTP/1.1" 200 2921
66.249.66.81 - - [17/Nov/2019:02:53:51 -0500] "GET /BLA/resoluciones/Autos%202008/3322.pdf HTTP/1.1" 200 59063
192.99.10.93 - - [17/Nov/2019:02:54:15 -0500] "GET /StormSDA/storm_silv/?C=D;O=A/ HTTP/1.1" 200 5784
66.249.66.81 - - [17/Nov/2019:02:54:18 -0500] "GET /BLA/resoluciones/AUTOS%202015/0692.pdf HTTP/1.1" 200 785901
66.249.66.82 - - [17/Nov/2019:02:54:39 -0500] "GET /BLA/resoluciones/RESOLUCIONES%202009/2329.pdf HTTP/1.1" 200 641214
66.249.66.81 - - [17/Nov/2019:02:54:48 -0500] "GET /BLA/resoluciones/RESOLUCIONES%202010/6573.pdf HTTP/1.1" 200 2006727
66.249.66.82 - - [17/Nov/2019:02:54:56 -0500] "GET /BLA/resoluciones/RESOLUCIONES%202008/0502.pdf HTTP/1.1" 200 466077
66.249.66.81 - - [17/Nov/2019:02:55:03 -0500] "GET /BLA/resoluciones/RESOLUCIONES%202007/RES%202007%204101%20AL%204200/RESOLUCION%204179%20DE%202007.pdf HTTP/1.1" 200 1763306
66.249.66.82 - - [17/Nov/2019:02:55:14 -0500] "GET /BLA/resoluciones/RESOLUCIONES%202018/1365.pdf HTTP/1.1" 200 617714
192.99.10.93 - - [17/Nov/2019:02:55:16 -0500] "GET /StormSDA/storm_silv/?C=M;O=A/ HTTP/1.1" 200 5784
66.249.66.83 - - [17/Nov/2019:02:55:32 -0500] "GET /BLA/resoluciones/AUTOS%202010/3262.pdf HTTP/1.1" 200 127173
66.249.66.82 - - [17/Nov/2019:02:56:04 -0500] "GET /BLA/resoluciones/RESOLUCIONES%202009/5640.pdf HTTP/1.1" 200 679503
69.162.124.232 - - [17/Nov/2019:02:56:17 -0500] "HEAD / HTTP/1.1" 200 -
192.99.10.93 - - [17/Nov/2019:02:56:21 -0500] "GET /StormSDA/storm_silv/?C=S;O=A/ HTTP/1.1" 200 5784
157.55.39.62 - - [17/Nov/2019:02:56:26 -0500] "GET /BLA/boletinlegal/Directivas/2017/Directiva%20No.%2002%20del%2017%20de%20Enero%20de%202017.pdf HTTP/1.1" 304 -
66.249.66.81 - - [17/Nov/2019:02:56:28 -0500] "GET /BLA/resoluciones/AUTOS%202016/1862.pdf HTTP/1.1" 200 473396
192.168.175.104 - - [17/Nov/2019:02:56:35 -0500] "GET / HTTP/1.0" 200 9990
66.249.66.83 - - [17/Nov/2019:02:56:47 -0500] "GET /BLA/resoluciones/RESOLUCIONES%202008/0316.pdf HTTP/1.1" 304 -
192.99.10.93 - - [17/Nov/2019:02:57:07 -0500] "GET /StormSDA/userFiles%20-%20Copy%2019-07-2012/user_files/95/?C=D;O=A/ HTTP/1.1" 200 873
66.249.66.81 - - [17/Nov/2019:02:57:24 -0500] "GET /BLA/resoluciones/RESOLUCIONES%202010/0413.pdf HTTP/1.1" 304 -
46.229.168.133 - - [17/Nov/2019:02:57:39 -0500] "GET /Autoliquidacion/index.php?dir=Permiso%2Bde%2Bocupaci%C3%B3n%2Bde%2Bcauce%2F&order=desc&sort=name HTTP/1.1" 200 6621
66.249.66.82 - - [17/Nov/2019:02:57:43 -0500] "GET /BLA/resoluciones/AUTOS%202015/6694.pdf HTTP/1.1" 200 470020
192.99.10.93 - - [17/Nov/2019:02:57:45 -0500] "GET /StormSDA/userFiles%20-%20Copy%2019-07-2012/user_files/95/?C=M;O=A/ HTTP/1.1" 200 873
192.168.175.104 - - [17/Nov/2019:02:57:49 -0500] "GET / HTTP/1.1" 200 9990
190.43.38.23 - - [17/Nov/2019:02:57:59 -0500] "GET /BLA/boletinlegal/jurisprudencia/analisis/Analisis%20jurisprudencial%20Sentencia%20C-366-11.doc HTTP/1.1" 200 59392
66.249.66.81 - - [17/Nov/2019:02:58:02 -0500] "GET /BLA/resoluciones/AUTOS%202007/2324.pdf HTTP/1.1" 200 83299
167.0.152.97 - - [17/Nov/2019:02:58:19 -0500] "GET /BLA/resoluciones/RESOLUCIONES%202018/1455.pdf HTTP/1.1" 200 301264
66.249.66.81 - - [17/Nov/2019:02:58:21 -0500] "GET /BLA/resoluciones/RESOLUCIONES%202008/2501.pdf HTTP/1.1" 200 258656
192.99.10.93 - - [17/Nov/2019:02:58:27 -0500] "GET /StormSDA/userFiles%20-%20Copy%2019-07-2012/user_files/96/?C=D;O=D/ HTTP/1.1" 200 873
66.249.66.81 - - [17/Nov/2019:02:58:40 -0500] "GET /siipev/Diseno%20de%20Elementos%20de%20Mobiliario%20Urbano/Diseno%20pertenecientes%20al%20mobiliario%20urbano%20M10-M160/PARTE%20A/Dise%C3%B1o%20de%20Elementos%20M-143.pdf HTTP/1.1" 200 2220835
66.249.66.81 - - [17/Nov/2019:02:58:59 -0500] "GET /BLA/resoluciones/RESOLUCIONES%202009/7993.pdf HTTP/1.1" 200 98489
192.99.10.93 - - [17/Nov/2019:02:59:09 -0500] "GET /StormSDA/userFiles%20-%20Copy%2019-07-2012/user_files/96/?C=N;O=D/ HTTP/1.1" 200 873
54.36.148.80 - - [17/Nov/2019:02:59:54 -0500] "GET /BLA/resoluciones/RESOLUCIONES%202004/RES%202004%2051-100/00000100.tif HTTP/1.1" 200 101872
66.249.66.82 - - [17/Nov/2019:02:59:55 -0500] "GET /BLA/resoluciones/RESOLUCIONES%202009/1276.pdf HTTP/1.1" 200 515998
192.99.10.93 - - [17/Nov/2019:03:00:05 -0500] "GET /StormSDA/userFiles/backup%2027-09-2012/?C=S;O=D/ HTTP/1.1" 200 5692
66.249.66.81 - - [17/Nov/2019:03:00:14 -0500] "GET /BLA/resoluciones/RESOLUCIONES%202018/2628.pdf HTTP/1.1" 200 381145
66.249.66.81 - - [17/Nov/2019:03:00:33 -0500] "GET /BLA/resoluciones/RESOLUCIONES%202013/0112.pdf HTTP/1.1" 304 -
192.99.10.93 - - [17/Nov/2019:03:00:45 -0500] "GET /StormSDA/userFiles/user_files/86/?C=M;O=D/ HTTP/1.1" 200 813
66.249.66.81 - - [17/Nov/2019:03:00:52 -0500] "GET /BLA/resoluciones/RESOLUCIONES%202010/5779.pdf HTTP/1.1" 200 384855
66.249.66.82 - - [17/Nov/2019:03:01:08 -0500] "GET /BLA/resoluciones/RESOLUCIONES%202011/1056.pdf HTTP/1.1" 200 284827
66.249.66.81 - - [17/Nov/2019:03:01:15 -0500] "GET /BLA/resoluciones/AUTOS%202016/1648.pdf HTTP/1.1" 200 588532
69.162.124.232 - - [17/Nov/2019:03:01:16 -0500] "HEAD / HTTP/1.1" 200 -
66.249.66.81 - - [17/Nov/2019:03:01:30 -0500] "GET /BLA/resoluciones/AUTOS%202012/1641.pdf HTTP/1.1" 304 -
192.168.175.104 - - [17/Nov/2019:03:01:34 -0500] "GET / HTTP/1.0" 200 9990
192.99.10.93 - - [17/Nov/2019:03:01:36 -0500] "GET /StormSDA/userFiles/user_files/97/?C=D;O=A/ HTTP/1.1" 200 813
66.249.66.158 - - [17/Nov/2019:03:02:09 -0500] "GET /BLA/boletinlegal/circulares/3-2013-SDA.pdf HTTP/1.1" 200 93580
66.249.66.81 - - [17/Nov/2019:03:02:26 -0500] "GET /BLA/resoluciones/AUTOS%202013/0831.pdf HTTP/1.1" 200 270639
192.99.10.93 - - [17/Nov/2019:03:02:30 -0500] "GET /StormSDA/userFiles/user_files/97/?C=M;O=A/ HTTP/1.1" 200 813
191.37.194.246 - - [17/Nov/2019:03:02:33 -0500] "GET / HTTP/1.1" 200 9990
192.168.175.104 - - [17/Nov/2019:03:02:47 -0500] "GET / HTTP/1.1" 200 9990
66.249.66.81 - - [17/Nov/2019:03:03:22 -0500] "GET /BLA/resoluciones/AUTOS%202014/3863.pdf HTTP/1.1" 304 -
192.99.10.93 - - [17/Nov/2019:03:03:30 -0500] "GET /StormSDA/userFiles/user_files/97/?C=S;O=A/ HTTP/1.1" 200 813
66.249.66.82 - - [17/Nov/2019:03:03:41 -0500] "GET /BLA/resoluciones/AUTOS%202017/4168.pdf HTTP/1.1" 200 316796
66.249.66.82 - - [17/Nov/2019:03:04:00 -0500] "GET /BLA/resoluciones/AUTOS%202015/0276.pdf HTTP/1.1" 304 -
66.249.66.82 - - [17/Nov/2019:03:04:02 -0500] "GET /BLA/resoluciones/RESOLUCIONES%202007/RES%202007%202301%20AL%202400/RESOLUCION%202399%20DE%202007.pdf HTTP/1.1" 200 88734
192.99.10.93 - - [17/Nov/2019:03:04:23 -0500] "GET /StormSDA/userFiles/user_files/98/?C=D;O=A/ HTTP/1.1" 200 813
54.36.148.30 - - [17/Nov/2019:03:04:32 -0500] "GET /BLA/resoluciones/RESOLUCIONES%202004/RES%202004%201351-1400/00001391.tif HTTP/1.1" 200 198098
66.249.66.81 - - [17/Nov/2019:03:04:38 -0500] "GET /BLA/resoluciones/AUTOS%202018/5977.pdf HTTP/1.1" 304 -
66.249.66.81 - - [17/Nov/2019:03:04:45 -0500] "GET /BLA/resoluciones/AUTOS%202009/0064.pdf HTTP/1.1" 200 81529
192.99.10.93 - - [17/Nov/2019:03:05:13 -0500] "GET /StormSDA/userFiles/user_files/98/?C=M;O=A/ HTTP/1.1" 200 813
66.249.66.82 - - [17/Nov/2019:03:05:35 -0500] "GET /BLA/resoluciones/RESOLUCIONES%202007/RES%202007%202601%20AL%202700/RESOLUCION%202618%20DE%202007.pdf HTTP/1.1" 304 -
66.249.66.157 - - [17/Nov/2019:03:05:56 -0500] "GET /portalsiaccapacitaciones/Soportes%20Capacitaciones%202017/Gestion%20Integral%20RCD.pptx HTTP/1.1" 200 9721891
192.99.10.93 - - [17/Nov/2019:03:06:13 -0500] "GET /StormSDA/userFiles/user_files/98/?C=S;O=A/ HTTP/1.1" 200 813
69.162.124.232 - - [17/Nov/2019:03:06:16 -0500] "HEAD / HTTP/1.1" 200 -
192.168.175.104 - - [17/Nov/2019:03:06:31 -0500] "GET / HTTP/1.0" 200 9990
66.249.66.83 - - [17/Nov/2019:03:06:51 -0500] "GET /BLA/resoluciones/RESOLUCIONES%202017/0277.pdf HTTP/1.1" 304 -
66.249.66.81 - - [17/Nov/2019:03:06:55 -0500] "GET /BLA/resoluciones/RESOLUCIONES%202007/RES%202007%203001%20AL%203100/RESOLUCION%203026%20DE%202007.pdf HTTP/1.1" 200 651128
192.99.10.93 - - [17/Nov/2019:03:06:59 -0500] "GET /StormSDA/userFiles/user_files/formatos/?C=D;O=A/ HTTP/1.1" 200 1454
66.249.66.81 - - [17/Nov/2019:03:07:10 -0500] "GET /BLA/resoluciones/AUTOS%202015/2532.pdf HTTP/1.1" 304 -
66.249.66.81 - - [17/Nov/2019:03:07:30 -0500] "GET /BLA/resoluciones/RESOLUCIONES%202012/1239.pdf HTTP/1.1" 200 474610
192.99.10.93 - - [17/Nov/2019:03:07:31 -0500] "GET /StormSDA/userFiles/user_files/formatos/?C=M;O=A/ HTTP/1.1" 200 1454
66.249.66.81 - - [17/Nov/2019:03:07:36 -0500] "GET /BLA/resoluciones/RESOLUCIONES%202014/0341.pdf HTTP/1.1" 200 573592
192.168.175.104 - - [17/Nov/2019:03:07:45 -0500] "GET / HTTP/1.1" 200 9990
66.249.66.81 - - [17/Nov/2019:03:07:49 -0500] "GET /BLA/resoluciones/RESOLUCIONES%202016/0288.pdf HTTP/1.1" 304 -
66.249.66.81 - - [17/Nov/2019:03:07:59 -0500] "GET /BLA/resoluciones/Autos%202008/2601.pdf HTTP/1.1" 200 106533
192.99.10.93 - - [17/Nov/2019:03:08:08 -0500] "GET /StormSDA/userFiles/user_files/listas/?C=M;O=A/ HTTP/1.1" 200 1239
192.99.10.93 - - [17/Nov/2019:03:08:48 -0500] "GET /galeria/juegos/s/?C=S;O=D/ HTTP/1.1" 200 766
54.36.148.131 - - [17/Nov/2019:03:09:21 -0500] "GET /BLA/resoluciones/RESOLUCIONES%202006/RES%202006%202601-2650/00002648.tif HTTP/1.1" 200 45178
66.249.66.81 - - [17/Nov/2019:03:09:35 -0500] "GET /BLA/resoluciones/Autos%202008/1166.pdf HTTP/1.1" 200 772152
192.99.10.93 - - [17/Nov/2019:03:09:42 -0500] "GET /galeria/nivo-slider/demo/?C=N;O=D/ HTTP/1.1" 200 4656
66.249.66.81 - - [17/Nov/2019:03:09:46 -0500] "GET /BLA/resoluciones/AUTOS%202009/6400.pdf HTTP/1.1" 200 2596221
66.249.66.153 - - [17/Nov/2019:03:10:04 -0500] "GET /SIG/ECS/126PM04-PR95.pdf HTTP/1.1" 200 4200358
66.249.66.84 - - [17/Nov/2019:03:10:23 -0500] "GET /BLA/resoluciones/RESOLUCIONES%202013/0932.pdf HTTP/1.1" 304 -
66.249.66.82 - - [17/Nov/2019:03:10:43 -0500] "GET /BLA/resoluciones/AUTOS%202007/0902.pdf HTTP/1.1" 304 -
216.244.66.195 - - [17/Nov/2019:03:10:55 -0500] "GET /mesa/video.mp4 HTTP/1.1" 200 99530968
69.162.124.232 - - [17/Nov/2019:03:11:17 -0500] "HEAD / HTTP/1.1" 200 -
186.84.20.209 - - [17/Nov/2019:03:11:17 -0500] "GET /galeria/galeria/jquery.fancybox.css?v=2.1.5 HTTP/1.1" 200 4895
186.84.20.209 - - [17/Nov/2019:03:11:18 -0500] "GET /BLA/boletinlegal/js/jquery.scrollShow.js HTTP/1.1" 200 4586
186.84.20.209 - - [17/Nov/2019:03:11:18 -0500] "GET /galeria/galeria/jquery.fancybox.js?v=2.1.5 HTTP/1.1" 200 48706
186.84.20.209 - - [17/Nov/2019:03:11:19 -0500] "GET /siipev/Diseno%20de%20Elementos%20de%20Mobiliario%20Urbano/Parte2.html? HTTP/1.1" 200 21566
186.84.20.209 - - [17/Nov/2019:03:11:19 -0500] "GET /siipev/Diseno%20de%20Elementos%20de%20Mobiliario%20Urbano/Otros%20Elementos/Infografia/Parte2/M-20.PNG HTTP/1.1" 200 7870
186.84.20.209 - - [17/Nov/2019:03:11:19 -0500] "GET /siipev/Diseno%20de%20Elementos%20de%20Mobiliario%20Urbano/Otros%20Elementos/Infografia/Parte2/M-21.PNG HTTP/1.1" 200 5682
186.84.20.209 - - [17/Nov/2019:03:11:19 -0500] "GET /siipev/Diseno%20de%20Elementos%20de%20Mobiliario%20Urbano/Otros%20Elementos/Infografia/Parte2/M-30.PNG HTTP/1.1" 200 15205
186.84.20.209 - - [17/Nov/2019:03:11:19 -0500] "GET /siipev/Diseno%20de%20Elementos%20de%20Mobiliario%20Urbano/Otros%20Elementos/Infografia/Parte2/M-31.PNG HTTP/1.1" 200 7548
186.84.20.209 - - [17/Nov/2019:03:11:19 -0500] "GET /siipev/Diseno%20de%20Elementos%20de%20Mobiliario%20Urbano/Otros%20Elementos/Infografia/Parte2/M-40.PNG HTTP/1.1" 200 7816
186.84.20.209 - - [17/Nov/2019:03:11:19 -0500] "GET /siipev/Diseno%20de%20Elementos%20de%20Mobiliario%20Urbano/Otros%20Elementos/Infografia/Parte2/M-50.png HTTP/1.1" 200 16160
186.84.20.209 - - [17/Nov/2019:03:11:19 -0500] "GET /siipev/Diseno%20de%20Elementos%20de%20Mobiliario%20Urbano/Otros%20Elementos/Infografia/Parte2/M-41.PNG HTTP/1.1" 200 4709
186.84.20.209 - - [17/Nov/2019:03:11:19 -0500] "GET /siipev/Diseno%20de%20Elementos%20de%20Mobiliario%20Urbano/Otros%20Elementos/Infografia/Parte2/M-60.png HTTP/1.1" 200 30439
186.84.20.209 - - [17/Nov/2019:03:11:19 -0500] "GET /siipev/Diseno%20de%20Elementos%20de%20Mobiliario%20Urbano/Otros%20Elementos/Infografia/Parte2/M-61.png HTTP/1.1" 200 7270
186.84.20.209 - - [17/Nov/2019:03:11:19 -0500] "GET /siipev/Diseno%20de%20Elementos%20de%20Mobiliario%20Urbano/Otros%20Elementos/Infografia/Parte2/M-62.png HTTP/1.1" 200 7881
186.84.20.209 - - [17/Nov/2019:03:11:19 -0500] "GET /siipev/Diseno%20de%20Elementos%20de%20Mobiliario%20Urbano/Otros%20Elementos/Infografia/Parte2/M-63.png HTTP/1.1" 200 8412
186.84.20.209 - - [17/Nov/2019:03:11:19 -0500] "GET /siipev/Diseno%20de%20Elementos%20de%20Mobiliario%20Urbano/Otros%20Elementos/Infografia/Parte2/M-70.png HTTP/1.1" 200 18527
186.84.20.209 - - [17/Nov/2019:03:11:20 -0500] "GET /siipev/Diseno%20de%20Elementos%20de%20Mobiliario%20Urbano/Otros%20Elementos/Infografia/Parte2/M-71.png HTTP/1.1" 200 29698
186.84.20.209 - - [17/Nov/2019:03:11:20 -0500] "GET /siipev/Diseno%20de%20Elementos%20de%20Mobiliario%20Urbano/Otros%20Elementos/Infografia/Parte2/M-72.png HTTP/1.1" 200 25370
186.84.20.209 - - [17/Nov/2019:03:11:20 -0500] "GET /siipev/Diseno%20de%20Elementos%20de%20Mobiliario%20Urbano/Otros%20Elementos/Infografia/Parte2/M-80.png HTTP/1.1" 200 11511
186.84.20.209 - - [17/Nov/2019:03:11:20 -0500] "GET /siipev/Diseno%20de%20Elementos%20de%20Mobiliario%20Urbano/Otros%20Elementos/Infografia/Parte2/M-81.png HTTP/1.1" 200 6737
186.84.20.209 - - [17/Nov/2019:03:11:20 -0500] "GET /siipev/Diseno%20de%20Elementos%20de%20Mobiliario%20Urbano/Otros%20Elementos/Infografia/Parte2/M-82.png HTTP/1.1" 200 11389
186.84.20.209 - - [17/Nov/2019:03:11:20 -0500] "GET /siipev/Diseno%20de%20Elementos%20de%20Mobiliario%20Urbano/Otros%20Elementos/Infografia/Parte2/M-90.png HTTP/1.1" 200 24296
186.84.20.209 - - [17/Nov/2019:03:11:20 -0500] "GET /siipev/Diseno%20de%20Elementos%20de%20Mobiliario%20Urbano/Otros%20Elementos/Infografia/Parte2/M-91.png HTTP/1.1" 200 13700
186.84.20.209 - - [17/Nov/2019:03:11:20 -0500] "GET /siipev/Diseno%20de%20Elementos%20de%20Mobiliario%20Urbano/Otros%20Elementos/Infografia/Parte2/M-100.png HTTP/1.1" 200 17003
186.84.20.209 - - [17/Nov/2019:03:11:20 -0500] "GET /siipev/Diseno%20de%20Elementos%20de%20Mobiliario%20Urbano/Otros%20Elementos/Infografia/Parte2/M-101.png HTTP/1.1" 200 21839
186.84.20.209 - - [17/Nov/2019:03:11:20 -0500] "GET /siipev/Diseno%20de%20Elementos%20de%20Mobiliario%20Urbano/Otros%20Elementos/Infografia/Parte2/M-110.png HTTP/1.1" 200 2156
186.84.20.209 - - [17/Nov/2019:03:11:20 -0500] "GET /siipev/Diseno%20de%20Elementos%20de%20Mobiliario%20Urbano/Otros%20Elementos/Infografia/Parte2/M-120.png HTTP/1.1" 200 14640
186.84.20.209 - - [17/Nov/2019:03:11:20 -0500] "GET /siipev/Diseno%20de%20Elementos%20de%20Mobiliario%20Urbano/Otros%20Elementos/Infografia/Parte2/M-121.png HTTP/1.1" 200 31225
186.84.20.209 - - [17/Nov/2019:03:11:20 -0500] "GET /siipev/Diseno%20de%20Elementos%20de%20Mobiliario%20Urbano/Otros%20Elementos/Infografia/Parte2/M-131.png HTTP/1.1" 200 17197
186.84.20.209 - - [17/Nov/2019:03:11:20 -0500] "GET /siipev/Diseno%20de%20Elementos%20de%20Mobiliario%20Urbano/Otros%20Elementos/Infografia/Parte2/M-130.png HTTP/1.1" 200 4007
186.84.20.209 - - [17/Nov/2019:03:11:20 -0500] "GET /siipev/Diseno%20de%20Elementos%20de%20Mobiliario%20Urbano/Otros%20Elementos/Infografia/Parte2/M-140.png HTTP/1.1" 200 27774
186.84.20.209 - - [17/Nov/2019:03:11:20 -0500] "GET /siipev/Diseno%20de%20Elementos%20de%20Mobiliario%20Urbano/Otros%20Elementos/Infografia/Parte2/M-141.png HTTP/1.1" 200 22886
186.84.20.209 - - [17/Nov/2019:03:11:21 -0500] "GET /siipev/Diseno%20de%20Elementos%20de%20Mobiliario%20Urbano/Otros%20Elementos/Infografia/Parte2/M-142.png HTTP/1.1" 200 28872
186.84.20.209 - - [17/Nov/2019:03:11:21 -0500] "GET /siipev/Diseno%20de%20Elementos%20de%20Mobiliario%20Urbano/Otros%20Elementos/Infografia/Parte2/M-143.png HTTP/1.1" 200 24704
186.84.20.209 - - [17/Nov/2019:03:11:21 -0500] "GET /siipev/Diseno%20de%20Elementos%20de%20Mobiliario%20Urbano/Otros%20Elementos/Infografia/Parte2/M-144.png HTTP/1.1" 200 22328
186.84.20.209 - - [17/Nov/2019:03:11:21 -0500] "GET /siipev/Diseno%20de%20Elementos%20de%20Mobiliario%20Urbano/Otros%20Elementos/Infografia/Parte2/M-145.png HTTP/1.1" 200 24761
186.84.20.209 - - [17/Nov/2019:03:11:21 -0500] "GET /siipev/Diseno%20de%20Elementos%20de%20Mobiliario%20Urbano/Otros%20Elementos/Infografia/Parte2/M-147.png HTTP/1.1" 200 18687
186.84.20.209 - - [17/Nov/2019:03:11:21 -0500] "GET /siipev/Diseno%20de%20Elementos%20de%20Mobiliario%20Urbano/Otros%20Elementos/Infografia/Parte2/M-146.png HTTP/1.1" 200 29315
186.84.20.209 - - [17/Nov/2019:03:11:21 -0500] "GET /siipev/Diseno%20de%20Elementos%20de%20Mobiliario%20Urbano/Otros%20Elementos/Infografia/Parte2/M-148.png HTTP/1.1" 200 16745
186.84.20.209 - - [17/Nov/2019:03:11:21 -0500] "GET /siipev/Diseno%20de%20Elementos%20de%20Mobiliario%20Urbano/Otros%20Elementos/Infografia/Parte2/M-150.png HTTP/1.1" 200 6334
66.249.66.82 - - [17/Nov/2019:03:11:22 -0500] "GET /BLA/resoluciones/AUTOS%202013/1873.pdf HTTP/1.1" 200 1687649
186.84.20.209 - - [17/Nov/2019:03:11:28 -0500] "GET /siipev/Diseno%20de%20Elementos%20de%20Mobiliario%20Urbano/Diseno%20pertenecientes%20al%20mobiliario%20urbano%20M10-M160/PARTE%20A/Dise%C3%B1o%20de%20Elementos%20M-72.pdf HTTP/1.1" 200 1896773
192.168.175.104 - - [17/Nov/2019:03:11:29 -0500] "GET / HTTP/1.0" 200 9990
66.249.66.82 - - [17/Nov/2019:03:11:31 -0500] "GET /BLA/resoluciones/RESOLUCIONES%202010/5084.pdf HTTP/1.1" 200 747949
186.84.20.209 - - [17/Nov/2019:03:11:34 -0500] "GET /siipev/Diseno%20de%20Elementos%20de%20Mobiliario%20Urbano/Diseno%20pertenecientes%20al%20mobiliario%20urbano%20M10-M160/PARTE%20A/Dise%C3%B1o%20de%20Elementos%20M-72.pdf HTTP/1.1" 206 651589
186.84.20.209 - - [17/Nov/2019:03:11:35 -0500] "GET /siipev/Diseno%20de%20Elementos%20de%20Mobiliario%20Urbano/Diseno%20pertenecientes%20al%20mobiliario%20urbano%20M10-M160/PARTE%20A/Dise%C3%B1o%20de%20Elementos%20M-72.pdf HTTP/1.1" 206 262144
54.36.148.14 - - [17/Nov/2019:03:11:51 -0500] "GET /BLA/resoluciones/RESOLUCIONES%202005/RES%202005%201051-1100/00001055.tif HTTP/1.1" 200 205688
66.249.66.81 - - [17/Nov/2019:03:11:59 -0500] "GET /BLA/resoluciones/AUTOS%202014/3872.pdf HTTP/1.1" 200 504588
186.84.20.209 - - [17/Nov/2019:03:12:03 -0500] "GET /siipev/Diseno%20de%20Elementos%20de%20Mobiliario%20Urbano/Diseno%20pertenecientes%20al%20mobiliario%20urbano%20M10-M160/PARTE%20A/Dise%C3%B1o%20de%20Elementos%20M-72.pdf HTTP/1.1" 206 983040
186.84.20.209 - - [17/Nov/2019:03:12:05 -0500] "GET /siipev/Diseno%20de%20Elementos%20de%20Mobiliario%20Urbano/Diseno%20pertenecientes%20al%20mobiliario%20urbano%20M10-M160/PARTE%20A/Dise%C3%B1o%20de%20Elementos%20M-72.pdf HTTP/1.1" 206 325
66.249.66.82 - - [17/Nov/2019:03:12:40 -0500] "GET /BLA/resoluciones/AUTOS%202015/0479.pdf HTTP/1.1" 200 263267
192.168.175.104 - - [17/Nov/2019:03:12:44 -0500] "GET / HTTP/1.1" 200 9990
66.249.66.82 - - [17/Nov/2019:03:13:40 -0500] "GET /BLA/resoluciones/AUTOS%202015/1639.pdf HTTP/1.1" 304 -
46.229.168.131 - - [17/Nov/2019:03:13:50 -0500] "GET /robots.txt HTTP/1.1" 404 1019
46.229.168.140 - - [17/Nov/2019:03:13:51 -0500] "GET /Anexos%20estudio%20Organizacional%20SDA/index.php?dir=ANEXO%2BNo.%2B4%2B-%2BENCUESTA%2BDE%2BAN%C3%83%C2%81LISIS%2BORGANIZACIONAL%2F&order=desc&sort=size HTTP/1.1" 200 6168
66.249.66.81 - - [17/Nov/2019:03:13:59 -0500] "GET /BLA/resoluciones/RESOLUCIONES%202007/RES%202007%202001%20AL%202100/RESOLUCION%202015%20DE%202007.pdf HTTP/1.1" 200 527468
66.249.66.81 - - [17/Nov/2019:03:14:19 -0500] "GET /BLA/resoluciones/AUTOS%202015/1903.pdf HTTP/1.1" 304 -
66.249.66.81 - - [17/Nov/2019:03:14:39 -0500] "GET /BLA/resoluciones/AUTOS%202014/3297.pdf HTTP/1.1" 200 452857
66.249.88.25 - - [17/Nov/2019:03:15:24 -0500] "GET /galeria/galeria/jquery.fancybox.css?v=2.1.5 HTTP/1.1" 200 4895
66.249.88.25 - - [17/Nov/2019:03:15:24 -0500] "GET /galeria/galeria/jquery.fancybox.js?v=2.1.5 HTTP/1.1" 200 48706
66.249.88.25 - - [17/Nov/2019:03:15:24 -0500] "GET /BLA/boletinlegal/js/jquery.scrollShow.js HTTP/1.1" 200 4586
216.244.66.195 - - [17/Nov/2019:03:15:28 -0500] "GET /BLA/resoluciones/AUTOS%202010/1669.pdf HTTP/1.1" 200 3421974
66.249.66.83 - - [17/Nov/2019:03:15:39 -0500] "GET /BLA/resoluciones/RESOLUCIONES%202017/0155.pdf HTTP/1.1" 200 350123
66.249.66.82 - - [17/Nov/2019:03:15:51 -0500] "GET /BLA/resoluciones/AUTOS%202014/5276.pdf HTTP/1.1" 200 526018
69.162.124.232 - - [17/Nov/2019:03:16:16 -0500] "HEAD / HTTP/1.1" 200 -
66.249.66.81 - - [17/Nov/2019:03:16:19 -0500] "GET /BLA/resoluciones/AUTOS%202011/5651.pdf HTTP/1.1" 200 242471
192.168.175.104 - - [17/Nov/2019:03:16:28 -0500] "GET / HTTP/1.0" 200 9990
66.249.66.81 - - [17/Nov/2019:03:16:39 -0500] "GET /BLA/resoluciones/RESOLUCIONES%202010/7055.pdf HTTP/1.1" 200 581117
164.52.24.162 - - [17/Nov/2019:03:16:41 -0500] "GET / HTTP/1.0" 400 946
66.249.66.82 - - [17/Nov/2019:03:16:59 -0500] "GET /BLA/resoluciones/RESOLUCIONES%202015/0247.pdf HTTP/1.1" 200 649500
201.245.192.253 - - [17/Nov/2019:03:16:38 -0500] "POST /kwsrmcab/Wsrmcab HTTP/1.1" 200 24818
201.245.192.253 - - [17/Nov/2019:03:16:39 -0500] "POST /kwsrmcab/Wsrmcab HTTP/1.1" 200 24966
66.249.66.81 - - [17/Nov/2019:03:17:19 -0500] "GET /BLA/resoluciones/RESOLUCIONES%202014/2552.pdf HTTP/1.1" 200 182972
66.249.66.81 - - [17/Nov/2019:03:17:38 -0500] "GET /BLA/resoluciones/AUTOS%202014/6457.pdf HTTP/1.1" 200 135050
192.168.175.104 - - [17/Nov/2019:03:17:42 -0500] "GET / HTTP/1.1" 200 9990
216.244.66.195 - - [17/Nov/2019:03:17:48 -0500] "GET /BLA/resoluciones/AUTOS%202010/3976.pdf HTTP/1.1" 200 2991892
201.245.192.253 - - [17/Nov/2019:03:17:14 -0500] "POST /kwsrmcab/Wsrmcab HTTP/1.1" 200 24818
66.249.66.81 - - [17/Nov/2019:03:17:58 -0500] "GET /BLA/resoluciones/RESOLUCIONES%202017/1696.pdf HTTP/1.1" 200 401928
66.249.66.81 - - [17/Nov/2019:03:18:18 -0500] "GET /BLA/resoluciones/AUTOS%202018/0055.pdf HTTP/1.1" 200 325303
66.249.66.81 - - [17/Nov/2019:03:18:38 -0500] "GET /BLA/resoluciones/RESOLUCIONES%202009/0342.pdf HTTP/1.1" 200 409338
66.249.66.81 - - [17/Nov/2019:03:19:38 -0500] "GET /BLA/resoluciones/RESOLUCIONES%202015/3095.pdf HTTP/1.1" 200 1378153
42.200.79.244 - - [17/Nov/2019:03:20:02 -0500] "GET / HTTP/1.0" 200 9990
216.244.66.195 - - [17/Nov/2019:03:20:08 -0500] "GET /BLA/resoluciones/AUTOS%202010/4417.pdf HTTP/1.1" 200 141835
66.249.66.81 - - [17/Nov/2019:03:20:18 -0500] "GET /BLA/resoluciones/AUTOS%202013/0562.pdf HTTP/1.1" 200 1862823
69.162.124.232 - - [17/Nov/2019:03:21:16 -0500] "HEAD / HTTP/1.1" 200 -
216.244.66.195 - - [17/Nov/2019:03:21:23 -0500] "GET /BLA/resoluciones/AUTOS%202010/5391.pdf HTTP/1.1" 200 265401
192.168.175.104 - - [17/Nov/2019:03:21:26 -0500] "GET / HTTP/1.0" 200 9990
66.249.66.217 - - [17/Nov/2019:03:22:17 -0500] "GET /Autoliquidacion/TR%C3%81MITES%20ACEITES-RESIDUOS-ESTACIONES/REG.%20GENERADOR/Carta%20Solicitud%20Inscripci%C3%B3n%20RESPEL.doc HTTP/1.1" 200 1511424
66.249.66.82 - - [17/Nov/2019:03:22:37 -0500] "GET /BLA/resoluciones/AUTOS%202011/7585.pdf HTTP/1.1" 200 170844
192.168.175.104 - - [17/Nov/2019:03:22:40 -0500] "GET / HTTP/1.1" 200 9990
66.249.66.81 - - [17/Nov/2019:03:23:37 -0500] "GET /BLA/resoluciones/AUTOS%202007/0920.pdf HTTP/1.1" 200 528851
216.244.66.195 - - [17/Nov/2019:03:23:43 -0500] "GET /BLA/resoluciones/AUTOS%202010/5562.pdf HTTP/1.1" 200 622903
66.249.66.81 - - [17/Nov/2019:03:23:57 -0500] "GET /BLA/resoluciones/AUTOS%202012/1963.pdf HTTP/1.1" 200 315858
66.249.66.81 - - [17/Nov/2019:03:24:17 -0500] "GET /BLA/resoluciones/AUTOS%202011/7235.pdf HTTP/1.1" 200 172075
157.55.39.34 - - [17/Nov/2019:03:24:43 -0500] "GET /robots.txt HTTP/1.1" 404 1019
207.46.13.69 - - [17/Nov/2019:03:24:45 -0500] "GET /videos/?C=S;O=A HTTP/1.1" 200 51095
66.249.66.83 - - [17/Nov/2019:03:24:57 -0500] "GET /BLA/resoluciones/RESOLUCIONES%202010/6355.pdf HTTP/1.1" 200 469076
216.244.66.195 - - [17/Nov/2019:03:26:00 -0500] "GET /BLA/resoluciones/AUTOS%202010/5607.pdf HTTP/1.1" 200 414074
69.162.124.232 - - [17/Nov/2019:03:26:16 -0500] "HEAD / HTTP/1.1" 200 -
54.36.148.203 - - [17/Nov/2019:03:26:18 -0500] "GET /BLA/resoluciones/index.php?dir=RESOLUCIONES+1997%2F HTTP/1.1" 200 10887
192.168.175.104 - - [17/Nov/2019:03:26:24 -0500] "GET / HTTP/1.0" 200 9990
54.36.150.115 - - [17/Nov/2019:03:26:36 -0500] "GET /BLA/resoluciones/RESOLUCIONES%202006/RES%202006%20201-250/00000204.tif HTTP/1.1" 200 42762
201.245.192.253 - - [17/Nov/2019:03:26:38 -0500] "POST /kwsrmcab/Wsrmcab HTTP/1.1" 200 24966
66.249.66.82 - - [17/Nov/2019:03:27:36 -0500] "GET /BLA/resoluciones/RESOLUCIONES%202007/RES%202007%201726%20AL%201800/RESOLUCION%201789%20DE%202007.pdf HTTP/1.1" 200 796992
192.168.175.104 - - [17/Nov/2019:03:27:39 -0500] "GET / HTTP/1.1" 200 9990
66.249.66.81 - - [17/Nov/2019:03:27:56 -0500] "GET /BLA/resoluciones/RESOLUCIONES%202008/4252.pdf HTTP/1.1" 200 231385
216.244.66.195 - - [17/Nov/2019:03:28:20 -0500] "GET /BLA/resoluciones/AUTOS%202010/5732.pdf HTTP/1.1" 200 331909
66.249.66.81 - - [17/Nov/2019:03:28:56 -0500] "GET /BLA/resoluciones/AUTOS%202017/2809.pdf HTTP/1.1" 200 387100
54.36.150.37 - - [17/Nov/2019:03:29:48 -0500] "GET /BLA/resoluciones/RESOLUCIONES%202005/RES%202005%202151-2200/00002156.tif HTTP/1.1" 200 245850
66.249.66.81 - - [17/Nov/2019:03:29:56 -0500] "GET /BLA/resoluciones/AUTOS%202015/2236.pdf HTTP/1.1" 200 600889
66.249.66.82 - - [17/Nov/2019:03:30:36 -0500] "GET /BLA/resoluciones/RESOLUCIONES%202018/1386.pdf HTTP/1.1" 200 529332
216.244.66.195 - - [17/Nov/2019:03:30:36 -0500] "GET /BLA/resoluciones/AUTOS%202010/6108.pdf HTTP/1.1" 200 254040
66.249.66.81 - - [17/Nov/2019:03:30:55 -0500] "GET /BLA/resoluciones/AUTOS%202015/1290.pdf HTTP/1.1" 200 571874
5.255.250.154 - - [17/Nov/2019:03:31:01 -0500] "GET /robots.txt HTTP/1.1" 404 1019
5.255.250.154 - - [17/Nov/2019:03:31:05 -0500] "GET /StormSDA/userFiles%20-%20Copy%2019-07-2012/user_files/listas/?C=S;O=A HTTP/1.1" 200 1303
66.249.66.81 - - [17/Nov/2019:03:31:15 -0500] "GET /BLA/resoluciones/RESOLUCIONES%202008/3150.pdf HTTP/1.1" 200 42685
69.162.124.232 - - [17/Nov/2019:03:31:19 -0500] "HEAD / HTTP/1.1" 200 -
192.168.175.104 - - [17/Nov/2019:03:31:21 -0500] "GET / HTTP/1.0" 200 9990
37.49.230.17 - - [17/Nov/2019:03:31:34 -0500] "HEAD /robots.txt HTTP/1.0" 404 -
66.249.66.81 - - [17/Nov/2019:03:32:15 -0500] "GET /BLA/resoluciones/AUTOS%202015/2630.pdf HTTP/1.1" 200 791956
216.244.66.195 - - [17/Nov/2019:03:32:26 -0500] "GET /BLA/resoluciones/AUTOS%202010/6627.pdf HTTP/1.1" 200 155379
66.249.66.81 - - [17/Nov/2019:03:32:35 -0500] "GET /BLA/resoluciones/AUTOS%202013/3198.pdf HTTP/1.1" 200 972650
192.168.175.104 - - [17/Nov/2019:03:32:38 -0500] "GET / HTTP/1.1" 200 9990
66.249.66.81 - - [17/Nov/2019:03:32:55 -0500] "GET /BLA/resoluciones/RESOLUCIONES%202010/5683.pdf HTTP/1.1" 304 -
157.55.39.182 - - [17/Nov/2019:03:32:59 -0500] "GET /SIG/ECS/126PM04-PR46.pdf HTTP/1.1" 304 -
207.46.13.69 - - [17/Nov/2019:03:33:03 -0500] "GET /BLA/boletinlegal/Circulares/2012/Circular%20No.%201%20del%2017%20de%20Enero%20de%202012.pdf HTTP/1.1" 304 -
207.46.13.69 - - [17/Nov/2019:03:33:06 -0500] "GET /BLA/boletinlegal/images/icono-email.png HTTP/1.1" 200 5544
66.249.66.81 - - [17/Nov/2019:03:33:15 -0500] "GET /BLA/resoluciones/AUTOS%202015/1693.pdf HTTP/1.1" 200 653788
216.244.66.195 - - [17/Nov/2019:03:33:25 -0500] "GET /BLA/resoluciones/AUTOS%202011/0149.pdf HTTP/1.1" 200 215154
179.32.132.154 - - [17/Nov/2019:03:33:41 -0500] "GET /galeria/galeria/jquery.fancybox.css?v=2.1.5 HTTP/1.1" 200 4895
179.32.132.154 - - [17/Nov/2019:03:33:41 -0500] "GET /BLA/boletinlegal/js/jquery.scrollShow.js HTTP/1.1" 200 4586
179.32.132.154 - - [17/Nov/2019:03:33:41 -0500] "GET /galeria/galeria/jquery.fancybox.js?v=2.1.5 HTTP/1.1" 200 48706
54.36.150.36 - - [17/Nov/2019:03:33:54 -0500] "GET /BLA/resoluciones/RESOLUCIONES%202005/RES%202005%20451-500/00000489.tif HTTP/1.1" 200 78224
46.229.168.144 - - [17/Nov/2019:03:34:40 -0500] "GET /robots.txt HTTP/1.1" 404 1019
46.229.168.151 - - [17/Nov/2019:03:34:40 -0500] "GET /Autoliquidacion/index.php?dir=TR%C3%83%C2%83%C3%82%C2%81MITES%2BAGUAS%2BSUBTERR%C3%83%C2%83%C3%82%C2%81NEAS%2F&order=asc&sort=name HTTP/1.1" 200 6655
66.249.66.81 - - [17/Nov/2019:03:34:56 -0500] "GET /BLA/resoluciones/AUTOS%202007/2281.pdf HTTP/1.1" 304 -
5.255.250.75 - - [17/Nov/2019:03:34:57 -0500] "GET /PruebasSTORM/StormSDA_pruebas/userFiles/user_files/92/asociaFormula.xml HTTP/1.1" 200 54334
66.249.66.81 - - [17/Nov/2019:03:35:14 -0500] "GET /BLA/resoluciones/RESOLUCIONES%202012/1122.pdf HTTP/1.1" 200 520293
216.244.66.195 - - [17/Nov/2019:03:35:17 -0500] "GET /BLA/resoluciones/AUTOS%202011/0665.pdf HTTP/1.1" 200 158951
66.249.66.81 - - [17/Nov/2019:03:36:14 -0500] "GET /BLA/resoluciones/RESOLUCIONES%202010/6906.pdf HTTP/1.1" 304 -
69.162.124.232 - - [17/Nov/2019:03:36:16 -0500] "HEAD / HTTP/1.1" 200 -
192.168.175.104 - - [17/Nov/2019:03:36:20 -0500] "GET / HTTP/1.0" 200 9990
216.244.66.195 - - [17/Nov/2019:03:36:25 -0500] "GET /BLA/resoluciones/AUTOS%202011/0791.pdf HTTP/1.1" 200 200105
66.249.66.81 - - [17/Nov/2019:03:36:54 -0500] "GET /BLA/resoluciones/RESOLUCIONES%202009/2910.pdf HTTP/1.1" 304 -
216.244.66.195 - - [17/Nov/2019:03:37:04 -0500] "GET /BLA/resoluciones/AUTOS%202011/1240.pdf HTTP/1.1" 200 134382
201.245.192.253 - - [17/Nov/2019:03:36:39 -0500] "POST /kwsrmcab/Wsrmcab HTTP/1.1" 200 24966
66.249.66.81 - - [17/Nov/2019:03:37:14 -0500] "GET /BLA/resoluciones/AUTOS%202012/1641.pdf HTTP/1.1" 200 307100
192.168.175.104 - - [17/Nov/2019:03:37:35 -0500] "GET / HTTP/1.1" 200 9990
216.244.66.195 - - [17/Nov/2019:03:37:39 -0500] "GET /BLA/resoluciones/AUTOS%202011/1284.pdf HTTP/1.1" 200 161499
66.249.66.81 - - [17/Nov/2019:03:37:54 -0500] "GET /BLA/resoluciones/AUTOS%202012/2510.pdf HTTP/1.1" 304 -
216.244.66.195 - - [17/Nov/2019:03:38:14 -0500] "GET /BLA/resoluciones/AUTOS%202011/2262.pdf HTTP/1.1" 200 146771
66.249.66.82 - - [17/Nov/2019:03:38:30 -0500] "GET /galeria/nivo-slider/demo/demo.html HTTP/1.1" 404 1894
216.244.66.195 - - [17/Nov/2019:03:38:51 -0500] "GET /BLA/resoluciones/AUTOS%202011/2913.pdf HTTP/1.1" 200 322806
216.244.66.195 - - [17/Nov/2019:03:39:29 -0500] "GET /BLA/resoluciones/AUTOS%202011/3089.pdf HTTP/1.1" 200 310516
157.55.39.182 - - [17/Nov/2019:03:39:34 -0500] "GET /ecodirectorio/?C=N;O=D HTTP/1.1" 200 749
46.229.168.162 - - [17/Nov/2019:03:40:01 -0500] "GET /Anexos%20estudio%20Organizacional%20SDA/index.php?dir=ANEXO%2BNo.%2B6%2B-%2BAN%C3%83%C2%83%C3%82%C2%83%C3%83%C2%82%C3%82%C2%81LISIS%2BCOMPARADO%2BDECRETOS%2B109%2BY%2B175%2B2009%2BVRS.%2BESTUDIO%2BSERAMBIENTE%2F&order=asc&sort=date HTTP/1.1" 200 6301
216.244.66.195 - - [17/Nov/2019:03:40:07 -0500] "GET /BLA/resoluciones/AUTOS%202011/3110.pdf HTTP/1.1" 200 269007
66.249.66.81 - - [17/Nov/2019:03:40:30 -0500] "GET /menu/css/demo.css HTTP/1.1" 404 1516
66.249.66.81 - - [17/Nov/2019:03:40:30 -0500] "GET /menu/css/style.css HTTP/1.1" 404 1516
66.249.66.81 - - [17/Nov/2019:03:40:33 -0500] "GET /menu/css/demo.css HTTP/1.1" 404 1516
66.249.66.81 - - [17/Nov/2019:03:40:40 -0500] "GET /menu/js/jquery.easing.1.3.js HTTP/1.1" 404 1516
66.249.66.81 - - [17/Nov/2019:03:40:43 -0500] "GET /menu/js/jquery.mousewheel.js HTTP/1.1" 404 1516
216.244.66.195 - - [17/Nov/2019:03:40:44 -0500] "GET /BLA/resoluciones/AUTOS%202011/3191.pdf HTTP/1.1" 200 275273
66.249.66.82 - - [17/Nov/2019:03:40:46 -0500] "GET /menu/js/jquery.vaccordion.js HTTP/1.1" 404 1516
40.77.167.149 - - [17/Nov/2019:03:41:01 -0500] "GET /galeria/galeria/fotos/mirador4G.jpg HTTP/1.1" 200 159827
66.249.66.81 - - [17/Nov/2019:03:41:13 -0500] "GET /BLA/resoluciones/RESOLUCIONES%202017/1599.pdf HTTP/1.1" 200 1819863
69.162.124.232 - - [17/Nov/2019:03:41:16 -0500] "HEAD / HTTP/1.1" 200 -
192.168.175.104 - - [17/Nov/2019:03:41:17 -0500] "GET / HTTP/1.0" 200 9990
66.249.66.83 - - [17/Nov/2019:03:41:53 -0500] "GET /BLA/resoluciones/AUTOS%202010/3976.pdf HTTP/1.1" 200 2991892
95.168.185.183 - - [17/Nov/2019:03:42:06 -0500] "GET /galeria/galeria/jquery.fancybox.js?v=2.1.5 HTTP/1.1" 200 48706
95.168.185.183 - - [17/Nov/2019:03:42:06 -0500] "GET /BLA/boletinlegal/js/jquery.scrollShow.js HTTP/1.1" 200 4586
95.168.185.183 - - [17/Nov/2019:03:42:07 -0500] "GET /galeria/galeria/jquery.fancybox.css?v=2.1.5 HTTP/1.1" 200 4895
95.168.185.183 - - [17/Nov/2019:03:42:07 -0500] "GET /galeria/carrusel/Carrusel/jquery.thumbnailScroller.css HTTP/1.1" 200 2066
95.168.185.183 - - [17/Nov/2019:03:42:07 -0500] "GET /galeria/carrusel/Carrusel/jquery-ui-1.8.13.custom.min.js HTTP/1.1" 200 10800
95.168.185.183 - - [17/Nov/2019:03:42:07 -0500] "GET /galeria/carrusel/Carrusel/jquery.thumbnailScroller.js HTTP/1.1" 200 8157
95.168.185.183 - - [17/Nov/2019:03:42:15 -0500] "GET /galeria/nivo-slider/demo/inicio.html HTTP/1.1" 200 4640
95.168.185.183 - - [17/Nov/2019:03:42:17 -0500] "GET /galeria/nivo-slider/themes/default/default.css HTTP/1.1" 200 1569
95.168.185.183 - - [17/Nov/2019:03:42:17 -0500] "GET /galeria/nivo-slider/themes/pascal/pascal.css HTTP/1.1" 200 2258
95.168.185.183 - - [17/Nov/2019:03:42:18 -0500] "GET /galeria/nivo-slider/nivo-slider.css HTTP/1.1" 200 1507
95.168.185.183 - - [17/Nov/2019:03:42:18 -0500] "GET /galeria/nivo-slider/demo/images/Bannerveterinaria.jpg HTTP/1.1" 200 254705
95.168.185.183 - - [17/Nov/2019:03:42:18 -0500] "GET /galeria/nivo-slider/demo/images/banneragendamiento.jpg HTTP/1.1" 200 116897
95.168.185.183 - - [17/Nov/2019:03:42:18 -0500] "GET /galeria/nivo-slider/themes/orman/orman.css HTTP/1.1" 200 2152
95.168.185.183 - - [17/Nov/2019:03:42:18 -0500] "GET /galeria/nivo-slider/demo/images/bannerincendios.jpg HTTP/1.1" 200 206070
95.168.185.183 - - [17/Nov/2019:03:42:18 -0500] "GET /galeria/nivo-slider/demo/style.css HTTP/1.1" 200 2222
95.168.185.183 - - [17/Nov/2019:03:42:19 -0500] "GET /galeria/nivo-slider/demo/images/Bannerpread.jpg HTTP/1.1" 200 256621
95.168.185.183 - - [17/Nov/2019:03:42:20 -0500] "GET /galeria/nivo-slider/demo/images/iniciativas-Ambientales.jpg HTTP/1.1" 200 201405
95.168.185.183 - - [17/Nov/2019:03:42:22 -0500] "GET /galeria/nivo-slider/demo/scripts/jquery-1.7.1.min.js HTTP/1.1" 200 93868
95.168.185.183 - - [17/Nov/2019:03:42:26 -0500] "GET /galeria/nivo-slider/jquery.nivo.slider.pack.js HTTP/1.1" 200 11561
95.168.185.183 - - [17/Nov/2019:03:42:29 -0500] "GET /galeria/nivo-slider/demo/images/Banner%20tinguas.jpg HTTP/1.1" 200 214878
95.168.185.183 - - [17/Nov/2019:03:42:29 -0500] "GET /galeria/nivo-slider/demo/images/Bannerserpiente2019.jpg HTTP/1.1" 200 270374
95.168.185.183 - - [17/Nov/2019:03:42:29 -0500] "GET /galeria/nivo-slider/demo/images/Noviembre.png HTTP/1.1" 200 519399
95.168.185.183 - - [17/Nov/2019:03:42:29 -0500] "GET /galeria/nivo-slider/demo/images/puntos%20atencion%20BANNER.jpg HTTP/1.1" 200 244208
95.168.185.183 - - [17/Nov/2019:03:42:31 -0500] "GET /galeria/nivo-slider/demo/images/Banner%20Visor%20Geografico%20Ambiental.jpg HTTP/1.1" 200 204673
66.249.66.81 - - [17/Nov/2019:03:42:33 -0500] "GET /BLA/resoluciones/RESOLUCIONES%202015/0016.pdf HTTP/1.1" 200 774686
192.168.175.104 - - [17/Nov/2019:03:42:34 -0500] "GET / HTTP/1.1" 200 9990
95.168.185.183 - - [17/Nov/2019:03:42:35 -0500] "GET /galeria/nivo-slider/demo/images/Banner%20consumo%20sostenible%20final.jpg HTTP/1.1" 200 364746
95.168.185.183 - - [17/Nov/2019:03:42:38 -0500] "GET /galeria/nivo-slider/demo/images/Banner%20RCD.jpg HTTP/1.1" 200 92197
95.168.185.183 - - [17/Nov/2019:03:42:40 -0500] "GET /galeria/nivo-slider/demo/images/Banner%20Conpes.jpg HTTP/1.1" 200 55220
95.168.185.183 - - [17/Nov/2019:03:42:41 -0500] "GET /galeria/nivo-slider/demo/images/Banner%20practicas%20sostenibles.jpg HTTP/1.1" 200 142958
95.168.185.183 - - [17/Nov/2019:03:42:44 -0500] "GET /galeria/nivo-slider/demo/images/Banner%20POT.png HTTP/1.1" 200 418238
95.168.185.183 - - [17/Nov/2019:03:42:44 -0500] "GET /galeria/nivo-slider/demo/images/Banneranonimos.png HTTP/1.1" 200 109388
95.168.185.183 - - [17/Nov/2019:03:42:44 -0500] "GET /galeria/nivo-slider/demo/images/4Simple_Slider.png HTTP/1.1" 200 11722
95.168.185.183 - - [17/Nov/2019:03:42:45 -0500] "GET /galeria/nivo-slider/themes/default/loading.gif HTTP/1.1" 200 1737
95.168.185.183 - - [17/Nov/2019:03:42:51 -0500] "GET /galeria/nivo-slider/themes/default/bullets.png HTTP/1.1" 200 1281
95.168.185.183 - - [17/Nov/2019:03:42:51 -0500] "GET /galeria/nivo-slider/themes/default/arrows.png HTTP/1.1" 200 824
208.80.194.31 - - [17/Nov/2019:03:42:55 -0500] "GET /galeria/nivo-slider/demo/inicio.html HTTP/1.0" 200 4640
66.249.66.82 - - [17/Nov/2019:03:43:13 -0500] "GET /BLA/resoluciones/RESOLUCIONES%202007/RES%202007%202701%20AL%202800/RESOLUCION%202742%20%20DE%202007.pdf HTTP/1.1" 200 646850
190.217.113.109 - - [17/Nov/2019:03:43:37 -0500] "GET /BLA/resoluciones/Notificaciones/AUTOS%202014/7080.doc HTTP/1.1" 200 178688
66.249.66.81 - - [17/Nov/2019:03:43:53 -0500] "GET /BLA/resoluciones/RESOLUCIONES%202013/0521.pdf HTTP/1.1" 200 2028451
66.249.66.82 - - [17/Nov/2019:03:44:12 -0500] "GET /Residuos/vehiculos/files/search/searchtext.xml HTTP/1.1" 200 182376
66.249.66.81 - - [17/Nov/2019:03:44:19 -0500] "GET /BLA/resoluciones/RESOLUCIONES%202007/RES%202007%203001%20AL%203100/RESOLUCION%203004%20DE%202007.pdf HTTP/1.1" 200 462996
66.249.66.82 - - [17/Nov/2019:03:44:32 -0500] "GET /BLA/resoluciones/RESOLUCIONES%202015/2490.pdf HTTP/1.1" 200 1311062
54.36.149.71 - - [17/Nov/2019:03:44:35 -0500] "GET /BLA/resoluciones/RESOLUCIONES%202002/RES%202002%20601-650/00000611.tif HTTP/1.1" 200 275456
66.249.66.81 - - [17/Nov/2019:03:44:52 -0500] "GET /BLA/resoluciones/RESOLUCIONES%202015/0375.pdf HTTP/1.1" 200 678034
54.36.150.66 - - [17/Nov/2019:03:45:17 -0500] "GET /BLA/resoluciones/RESOLUCIONES%202004/RES%202004%201751-1800/00001800.tif HTTP/1.1" 200 149208
200.53.21.145 - - [17/Nov/2019:03:45:19 -0500] "GET / HTTP/1.1" 200 9990
66.249.66.81 - - [17/Nov/2019:03:45:52 -0500] "GET /BLA/resoluciones/AUTOS%202015/5781.pdf HTTP/1.1" 304 -
66.249.66.81 - - [17/Nov/2019:03:46:12 -0500] "GET /BLA/resoluciones/AUTOS%202014/5244.pdf HTTP/1.1" 200 548152
192.168.175.104 - - [17/Nov/2019:03:46:16 -0500] "GET / HTTP/1.0" 200 9990
69.162.124.232 - - [17/Nov/2019:03:46:16 -0500] "HEAD / HTTP/1.1" 200 -
157.55.39.182 - - [17/Nov/2019:03:46:57 -0500] "GET /sig/gestion%20recursos%20financieros/126pa02-pr29%20constitucion%20y%20manejo%20caja%20menor.pdf HTTP/1.1" 200 412919
192.168.175.104 - - [17/Nov/2019:03:47:32 -0500] "GET / HTTP/1.1" 200 9990
66.249.66.81 - - [17/Nov/2019:03:48:12 -0500] "GET /BLA/resoluciones/RESOLUCIONES%202012/1138.pdf HTTP/1.1" 200 4912247
157.55.39.182 - - [17/Nov/2019:03:47:49 -0500] "GET /POT-2013/Cartografia/12_Est_Ordenam_Regiona_2013_v1.pdf HTTP/1.1" 200 6613799
66.249.66.84 - - [17/Nov/2019:03:48:31 -0500] "GET /BLA/resoluciones/AUTOS%202018/2256.pdf HTTP/1.1" 200 239974
66.249.66.83 - - [17/Nov/2019:03:48:51 -0500] "GET /BLA/resoluciones/RESOLUCIONES%202011/0782.pdf HTTP/1.1" 200 72585
66.249.66.81 - - [17/Nov/2019:03:49:31 -0500] "GET /BLA/resoluciones/RESOLUCIONES%202011/0120.pdf HTTP/1.1" 200 218771
66.249.66.82 - - [17/Nov/2019:03:49:51 -0500] "GET /BLA/resoluciones/AUTOS%202013/0876.pdf HTTP/1.1" 200 1294874
157.55.39.216 - - [17/Nov/2019:03:50:12 -0500] "GET /galeria/nivo-slider/demo/inicio.html HTTP/1.1" 200 4640
40.77.167.56 - - [17/Nov/2019:03:50:13 -0500] "GET /galeria/carrusel/Carrusel/jquery-ui-1.8.13.custom.min.js HTTP/1.1" 200 10800
157.55.39.238 - - [17/Nov/2019:03:50:35 -0500] "GET /galeria/carrusel/Carrusel/jquery.thumbnailScroller.js HTTP/1.1" 200 8157
66.249.66.83 - - [17/Nov/2019:03:50:51 -0500] "GET /BLA/resoluciones/RESOLUCIONES%202010/7478.pdf HTTP/1.1" 200 307375
66.249.66.81 - - [17/Nov/2019:03:51:11 -0500] "GET /BLA/resoluciones/AUTOS%202010/5466.pdf HTTP/1.1" 200 183663
192.168.175.104 - - [17/Nov/2019:03:51:15 -0500] "GET / HTTP/1.0" 200 9990
69.162.124.232 - - [17/Nov/2019:03:51:16 -0500] "HEAD / HTTP/1.1" 200 -
109.173.30.145 - - [17/Nov/2019:03:51:20 -0500] "GET /BLA/boletinlegal/js/jquery.scrollShow.js HTTP/1.1" 200 4586
109.173.30.145 - - [17/Nov/2019:03:51:20 -0500] "GET /galeria/galeria/jquery.fancybox.js?v=2.1.5 HTTP/1.1" 200 48706
109.173.30.145 - - [17/Nov/2019:03:51:20 -0500] "GET /galeria/galeria/jquery.fancybox.css?v=2.1.5 HTTP/1.1" 200 4895
