!C99Shell v. 1.0 pre-release build #13!

Software: Apache. PHP/5.5.15 

uname -a: Windows NT SVR-DMZ 6.1 build 7600 (Windows Server 2008 R2 Enterprise Edition) i586 

SYSTEM 

Safe-mode: OFF (not secure)

E:\nuevo\apache\logs\   drwxrwxrwx
Free 5.02 GB of 239.26 GB (2.1%)
Detected drives: [ a ] [ c ] [ d ] [ e ] [ f ]
Home    Back    Forward    UPDIR    Refresh    Search    Buffer    Encoder    Tools    Proc.    FTP brute    Sec.    SQL    PHP-code    Update    Feedback    Self remove    Logout    


Viewing file:     access.2019.11.17.log (3.49 MB)      -rw-rw-rw-
Select action/file-type:
(+) | (+) | (+) | Code (+) | Session (+) | (+) | SDB (+) | (+) | (+) | (+) | (+) | (+) |
66.249.66.82 - - [17/Nov/2019:00:00:06 -0500] "GET /BLA/resoluciones/AUTOS%202016/2298.pdf HTTP/1.1" 304 -
158.69.243.99 - - [17/Nov/2019:00:00:18 -0500] "GET /BLA/boletinlegal/documentos-importantes.php/index.php/index.php/index.php/doctrina.php/doctrina.php/actos.php/doctrina.php/norma_menu.php/index.php/doctrina.php/index.php/ HTTP/1.1" 200 4822
5.255.250.75 - - [16/Nov/2019:23:58:55 -0500] "GET /BLA/boletinlegal/index.php HTTP/1.1" 200 67493
66.249.66.83 - - [17/Nov/2019:00:00:40 -0500] "GET /BLA/resoluciones/AUTOS%202013/2051.pdf HTTP/1.1" 304 -
158.69.243.99 - - [17/Nov/2019:00:00:43 -0500] "GET /BLA/boletinlegal/documentos-importantes.php/index.php/index.php/index.php/doctrina.php/doctrina.php/actos.php/doctrina.php/norma_menu.php/index.php/doctrina.php/jurisprudencia.php/ HTTP/1.1" 200 4822
66.249.66.81 - - [17/Nov/2019:00:00:57 -0500] "GET /BLA/resoluciones/AUTOS%202015/1443.pdf HTTP/1.1" 200 760872
69.162.124.232 - - [17/Nov/2019:00:01:18 -0500] "HEAD / HTTP/1.1" 200 -
158.69.243.99 - - [17/Nov/2019:00:01:20 -0500] "GET /BLA/boletinlegal/documentos-importantes.php/index.php/index.php/index.php/doctrina.php/doctrina.php/actos.php/doctrina.php/norma_menu.php/index.php/doctrina.php/norma_menu.php/ HTTP/1.1" 200 4822
66.249.66.81 - - [17/Nov/2019:00:01:33 -0500] "GET /BLA/resoluciones/RESOLUCIONES%202017/1599.pdf HTTP/1.1" 200 1819863
158.69.243.99 - - [17/Nov/2019:00:01:48 -0500] "GET /BLA/boletinlegal/documentos-importantes.php/index.php/index.php/index.php/doctrina.php/doctrina.php/actos.php/doctrina.php/norma_menu.php/index.php/index.php/actos.php/ HTTP/1.1" 200 4822
66.249.66.81 - - [17/Nov/2019:00:01:49 -0500] "GET /BLA/resoluciones/RESOLUCIONES%202008/4681.pdf HTTP/1.1" 200 229533
190.156.210.75 - - [17/Nov/2019:00:02:05 -0500] "GET /galeria/galeria/jquery.fancybox.css?v=2.1.5 HTTP/1.1" 200 4895
190.156.210.75 - - [17/Nov/2019:00:02:05 -0500] "GET /BLA/boletinlegal/js/jquery.scrollShow.js HTTP/1.1" 200 4586
190.156.210.75 - - [17/Nov/2019:00:02:05 -0500] "GET /galeria/galeria/jquery.fancybox.js?v=2.1.5 HTTP/1.1" 200 48706
66.249.66.82 - - [17/Nov/2019:00:02:06 -0500] "GET /BLA/resoluciones/RESOLUCIONES%202008/0100.pdf HTTP/1.1" 200 64680
46.229.168.161 - - [17/Nov/2019:00:02:09 -0500] "GET /robots.txt HTTP/1.1" 404 1019
46.229.168.147 - - [17/Nov/2019:00:02:09 -0500] "GET /Autoliquidacion/index.php?dir=TR%C3%83%C2%83%C3%82%C2%83%C3%83%C2%82%C3%82%C2%81MITES%2BACEITES-RESIDUOS-ESTACIONES%2F&order=desc&sort=size HTTP/1.1" 200 6684
158.69.243.99 - - [17/Nov/2019:00:02:16 -0500] "GET /BLA/boletinlegal/documentos-importantes.php/index.php/index.php/index.php/doctrina.php/doctrina.php/actos.php/doctrina.php/norma_menu.php/index.php/index.php/doctrina.php/ HTTP/1.1" 200 4822
66.249.66.81 - - [17/Nov/2019:00:02:23 -0500] "GET /BLA/resoluciones/RESOLUCIONES%202008/4604.pdf HTTP/1.1" 200 48939
179.51.114.14 - - [17/Nov/2019:00:02:28 -0500] "GET /galeria/nivo-slider/demo/inicio.html HTTP/1.1" 304 -
179.51.114.14 - - [17/Nov/2019:00:02:29 -0500] "GET /galeria/nivo-slider/demo/images/Bannerpread.jpg HTTP/1.1" 304 -
179.51.114.14 - - [17/Nov/2019:00:02:29 -0500] "GET /galeria/nivo-slider/themes/default/loading.gif HTTP/1.1" 200 1737
179.51.114.14 - - [17/Nov/2019:00:02:29 -0500] "GET /galeria/nivo-slider/demo/images/Noviembre.png HTTP/1.1" 200 519399
179.51.114.14 - - [17/Nov/2019:00:02:29 -0500] "GET /galeria/nivo-slider/demo/images/Banner%20POT.png HTTP/1.1" 200 418238
179.51.114.14 - - [17/Nov/2019:00:02:29 -0500] "GET /galeria/nivo-slider/demo/images/Banneranonimos.png HTTP/1.1" 200 109388
179.51.114.14 - - [17/Nov/2019:00:02:34 -0500] "GET /galeria/nivo-slider/themes/default/arrows.png HTTP/1.1" 200 824
179.51.114.14 - - [17/Nov/2019:00:02:34 -0500] "GET /galeria/nivo-slider/themes/default/bullets.png HTTP/1.1" 200 1281
192.168.175.104 - - [17/Nov/2019:00:02:37 -0500] "GET / HTTP/1.0" 200 9990
66.249.66.83 - - [17/Nov/2019:00:02:40 -0500] "GET /BLA/resoluciones/RESOLUCIONES%202007/RES%202007%201901%20AL%202000/RESOLUCION%201958%20DE%202007.pdf HTTP/1.1" 200 468646
158.69.243.99 - - [17/Nov/2019:00:02:43 -0500] "GET /BLA/boletinlegal/documentos-importantes.php/index.php/index.php/index.php/doctrina.php/doctrina.php/actos.php/doctrina.php/norma_menu.php/index.php/index.php/index.php/ HTTP/1.1" 200 4822
66.249.66.81 - - [17/Nov/2019:00:02:58 -0500] "GET /BLA/resoluciones/RESOLUCIONES%202011/3370.pdf HTTP/1.1" 200 740148
66.249.66.81 - - [17/Nov/2019:00:03:15 -0500] "GET /BLA/resoluciones/RESOLUCIONES%202008/5270.pdf HTTP/1.1" 200 244975
158.69.243.99 - - [17/Nov/2019:00:03:17 -0500] "GET /BLA/boletinlegal/documentos-importantes.php/index.php/index.php/index.php/doctrina.php/doctrina.php/actos.php/doctrina.php/norma_menu.php/index.php/index.php/jurisprudencia.php/ HTTP/1.1" 200 4822
66.249.66.81 - - [17/Nov/2019:00:03:32 -0500] "GET /BLA/resoluciones/RESOLUCIONES%202007/RES%202007%203301%20AL%203400/RESOLUCION%203309%20DE%202007.pdf HTTP/1.1" 200 750576
158.69.243.99 - - [17/Nov/2019:00:03:42 -0500] "GET /BLA/boletinlegal/documentos-importantes.php/index.php/index.php/index.php/doctrina.php/doctrina.php/actos.php/doctrina.php/norma_menu.php/index.php/index.php/norma_menu.php/ HTTP/1.1" 200 4822
66.249.66.81 - - [17/Nov/2019:00:03:49 -0500] "GET /BLA/resoluciones/RESOLUCIONES%202014/1741.pdf HTTP/1.1" 200 676103
192.168.175.104 - - [17/Nov/2019:00:03:51 -0500] "GET / HTTP/1.1" 200 9990
66.249.66.156 - - [17/Nov/2019:00:04:06 -0500] "GET /BLA/boletinlegal/doctrina.php HTTP/1.1" 200 5604
158.69.243.99 - - [17/Nov/2019:00:04:13 -0500] "GET /BLA/boletinlegal/documentos-importantes.php/index.php/index.php/index.php/doctrina.php/doctrina.php/actos.php/doctrina.php/norma_menu.php/index.php/jurisprudencia.php/actos.php/ HTTP/1.1" 200 4822
66.249.66.153 - - [17/Nov/2019:00:04:17 -0500] "GET /BLA/boletinlegal/js/popup.js HTTP/1.1" 200 1270
161.18.35.179 - - [17/Nov/2019:00:04:19 -0500] "GET /BLA/boletinlegal/js/jquery.scrollShow.js HTTP/1.1" 200 4586
161.18.35.179 - - [17/Nov/2019:00:04:19 -0500] "GET /galeria/galeria/jquery.fancybox.js?v=2.1.5 HTTP/1.1" 200 48706
66.249.66.153 - - [17/Nov/2019:00:04:23 -0500] "GET /BLA/boletinlegal/js/ajax_doctrina.js HTTP/1.1" 200 772
66.249.66.81 - - [17/Nov/2019:00:04:27 -0500] "GET /BLA/resoluciones/AUTOS%202015/1442.pdf HTTP/1.1" 200 548588
66.249.66.81 - - [17/Nov/2019:00:04:40 -0500] "GET /BLA/resoluciones/Notificaciones/AUTOS%202015/04902.doc HTTP/1.1" 200 93361
158.69.243.99 - - [17/Nov/2019:00:04:57 -0500] "GET /BLA/boletinlegal/documentos-importantes.php/index.php/index.php/index.php/doctrina.php/doctrina.php/actos.php/doctrina.php/norma_menu.php/index.php/jurisprudencia.php/doctrina.php/ HTTP/1.1" 200 4822
66.249.66.81 - - [17/Nov/2019:00:04:58 -0500] "GET /BLA/resoluciones/RESOLUCIONES%202015/0016.pdf HTTP/1.1" 200 774686
66.249.66.81 - - [17/Nov/2019:00:05:15 -0500] "GET /BLA/resoluciones/RESOLUCIONES%202007/RES%202007%203101%20AL%203200/RESOLUCION%203183%20%20DE%202007.pdf HTTP/1.1" 200 883329
158.69.243.99 - - [17/Nov/2019:00:05:31 -0500] "GET /BLA/boletinlegal/documentos-importantes.php/index.php/index.php/index.php/doctrina.php/doctrina.php/actos.php/doctrina.php/norma_menu.php/index.php/jurisprudencia.php/index.php/ HTTP/1.1" 200 4822
66.249.66.82 - - [17/Nov/2019:00:05:32 -0500] "GET /BLA/resoluciones/AUTOS%202012/2484.pdf HTTP/1.1" 304 -
158.69.243.99 - - [17/Nov/2019:00:05:58 -0500] "GET /BLA/boletinlegal/documentos-importantes.php/index.php/index.php/index.php/doctrina.php/doctrina.php/actos.php/doctrina.php/norma_menu.php/index.php/jurisprudencia.php/jurisprudencia.php/ HTTP/1.1" 200 4822
66.249.66.81 - - [17/Nov/2019:00:06:06 -0500] "GET /BLA/resoluciones/Notificaciones/REGISTROS%202014/3481.doc HTTP/1.1" 304 -
69.162.124.232 - - [17/Nov/2019:00:06:17 -0500] "HEAD / HTTP/1.1" 200 -
66.249.66.81 - - [17/Nov/2019:00:06:23 -0500] "GET /BLA/resoluciones/AUTOS%202015/0292.pdf HTTP/1.1" 200 758356
157.55.39.31 - - [17/Nov/2019:00:06:30 -0500] "GET /robots.txt HTTP/1.1" 404 1018
179.32.124.123 - - [17/Nov/2019:00:06:30 -0500] "GET /BLA/resoluciones/RESOLUCIONES%202007/RES%202007%201401%20AL%201500/RESOLUCION%201409%20DE%202007.pdf HTTP/1.1" 200 276957
179.32.124.123 - - [17/Nov/2019:00:06:30 -0500] "GET /favicon.ico HTTP/1.1" 200 7782
157.55.39.31 - - [17/Nov/2019:00:06:31 -0500] "GET /robots.txt HTTP/1.1" 404 1018
66.249.66.82 - - [17/Nov/2019:00:06:40 -0500] "GET /BLA/resoluciones/RESOLUCIONES%202007/RES%202007%20501%20AL%20600/RESOLUCION%200545%20DE%202007.pdf HTTP/1.1" 200 429354
158.69.243.99 - - [17/Nov/2019:00:06:41 -0500] "GET /BLA/boletinlegal/documentos-importantes.php/index.php/index.php/index.php/doctrina.php/doctrina.php/actos.php/doctrina.php/norma_menu.php/index.php/jurisprudencia.php/norma_menu.php/ HTTP/1.1" 200 4822
46.229.168.145 - - [17/Nov/2019:00:06:47 -0500] "GET /Anexos%20estudio%20Organizacional%20SDA/index.php?dir=ANEXO%2BNo.%2B6%2B-%2BAN%C3%83%C2%83%C3%82%C2%83%C3%83%C2%82%C3%82%C2%83%C3%83%C2%83%C3%82%C2%82%C3%83%C2%82%C3%82%C2%83%C3%83%C2%83%C3%82%C2%83%C3%83%C2%82%C3%82%C2%82%C3%83%C2%83%C3%82%C2%82%C3%83%C2%82%C3%82%C2%83%C3%83%C2%83%C3%82%C2%83%C3%83%C2%82%C3%82%C2%83%C3%83%C2%83%C3%82%C2%82%C3%83%C2%82%C3%82%C2%82%C3%83%C2%83%C3%82%C2%83%C3%83%C2%82%C3%82%C2%82%C3%83%C2%83%C3%82%C2%82%C3%83%C2%82%C3%82%C2%81LISIS%2BCOMPARADO%2BDECRETOS%2B109%2BY%2B175%2B2009%2BVRS.%2BESTUDIO%2BSERAMBIENTE%2F&order=asc&sort=name HTTP/1.1" 200 6637
186.84.20.123 - - [17/Nov/2019:00:06:55 -0500] "GET /galeria/galeria/fotos/Capellania2G.jpg HTTP/1.1" 200 523013
186.84.20.123 - - [17/Nov/2019:00:07:03 -0500] "GET /galeria/galeria/jquery.fancybox.js?v=2.1.5 HTTP/1.1" 200 48706
186.84.20.123 - - [17/Nov/2019:00:07:03 -0500] "GET /galeria/galeria/fotos/Capellania1P.jpg HTTP/1.1" 200 33952
186.84.20.123 - - [17/Nov/2019:00:07:03 -0500] "GET /galeria/galeria/jquery.fancybox.css?v=2.1.5 HTTP/1.1" 200 4895
186.84.20.123 - - [17/Nov/2019:00:07:03 -0500] "GET /galeria/galeria/fotos/Capellania2P.jpg HTTP/1.1" 200 35380
186.84.20.123 - - [17/Nov/2019:00:07:03 -0500] "GET /galeria/galeria/fotos/Capellania3P.jpg HTTP/1.1" 200 34835
186.84.20.123 - - [17/Nov/2019:00:07:03 -0500] "GET /galeria/galeria/fotos/Capellania4P.jpg HTTP/1.1" 200 37377
158.69.243.99 - - [17/Nov/2019:00:07:12 -0500] "GET /BLA/boletinlegal/documentos-importantes.php/index.php/index.php/index.php/doctrina.php/doctrina.php/actos.php/doctrina.php/norma_menu.php/index.php/norma_menu.php/actos.php/ HTTP/1.1" 200 4822
66.249.66.81 - - [17/Nov/2019:00:07:15 -0500] "GET /BLA/resoluciones/AUTOS%202014/1040.pdf HTTP/1.1" 200 1343240
54.36.148.7 - - [17/Nov/2019:00:07:30 -0500] "GET /BLA/resoluciones/RESOLUCIONES%202005/RES%202005%201001-1050/00001002.tif HTTP/1.1" 200 291102
66.249.66.81 - - [17/Nov/2019:00:07:31 -0500] "GET /BLA/resoluciones/AUTOS%202015/4420.pdf HTTP/1.1" 200 458372
192.168.175.104 - - [17/Nov/2019:00:07:35 -0500] "GET / HTTP/1.0" 200 9990
66.249.66.81 - - [17/Nov/2019:00:07:48 -0500] "GET /BLA/resoluciones/RESOLUCIONES%202014/0881.pdf HTTP/1.1" 200 627984
158.69.243.99 - - [17/Nov/2019:00:07:50 -0500] "GET /BLA/boletinlegal/documentos-importantes.php/index.php/index.php/index.php/doctrina.php/doctrina.php/actos.php/doctrina.php/norma_menu.php/index.php/norma_menu.php/doctrina.php/ HTTP/1.1" 200 4822
157.55.39.24 - - [17/Nov/2019:00:07:55 -0500] "GET /robots.txt HTTP/1.1" 404 1018
54.36.148.160 - - [17/Nov/2019:00:08:02 -0500] "GET /BLA/resoluciones/RESOLUCIONES%202002/RES%202002%20601-650/00000618.tif HTTP/1.1" 200 52146
66.249.66.81 - - [17/Nov/2019:00:08:06 -0500] "GET /BLA/resoluciones/AUTOS%202015/0115.pdf HTTP/1.1" 200 767176
158.69.243.99 - - [17/Nov/2019:00:08:19 -0500] "GET /BLA/boletinlegal/documentos-importantes.php/index.php/index.php/index.php/doctrina.php/doctrina.php/actos.php/doctrina.php/norma_menu.php/index.php/norma_menu.php/index.php/ HTTP/1.1" 200 4822
46.229.168.151 - - [17/Nov/2019:00:08:19 -0500] "GET /Autoliquidacion/index.php?dir=Permiso%2Bde%2Bocupaci%C3%83%C2%83%C3%82%C2%83%C3%83%C2%82%C3%82%C2%B3n%2Bde%2Bcauce%2F&order=desc&sort=name HTTP/1.1" 200 6663
46.229.168.151 - - [17/Nov/2019:00:08:21 -0500] "GET /POT-2013/index.php?dir=Articulado%2F&order=asc&sort=date HTTP/1.1" 200 1857
66.249.66.81 - - [17/Nov/2019:00:08:40 -0500] "GET /BLA/resoluciones/AUTOS%202016/0387.pdf HTTP/1.1" 200 653779
192.168.175.104 - - [17/Nov/2019:00:08:50 -0500] "GET / HTTP/1.1" 200 9990
158.69.243.99 - - [17/Nov/2019:00:08:51 -0500] "GET /BLA/boletinlegal/documentos-importantes.php/index.php/index.php/index.php/doctrina.php/doctrina.php/actos.php/doctrina.php/norma_menu.php/index.php/norma_menu.php/jurisprudencia.php/ HTTP/1.1" 200 4822
190.251.152.242 - - [17/Nov/2019:00:08:58 -0500] "GET /galeria/galeria/jquery.fancybox.css?v=2.1.5 HTTP/1.1" 200 4895
190.251.152.242 - - [17/Nov/2019:00:08:59 -0500] "GET /BLA/boletinlegal/js/jquery.scrollShow.js HTTP/1.1" 200 4586
190.251.152.242 - - [17/Nov/2019:00:08:59 -0500] "GET /galeria/galeria/jquery.fancybox.js?v=2.1.5 HTTP/1.1" 200 48706
5.255.250.154 - - [17/Nov/2019:00:09:02 -0500] "GET /PruebasSTORM/StormSDA_pruebas/user.jnlp HTTP/1.1" 200 1441
66.249.66.82 - - [17/Nov/2019:00:09:14 -0500] "GET /BLA/resoluciones/RESOLUCIONES%202017/2644.pdf HTTP/1.1" 200 399870
158.69.243.99 - - [17/Nov/2019:00:09:17 -0500] "GET /BLA/boletinlegal/documentos-importantes.php/index.php/index.php/index.php/doctrina.php/doctrina.php/actos.php/doctrina.php/norma_menu.php/index.php/norma_menu.php/norma_menu.php/ HTTP/1.1" 200 4822
66.249.66.81 - - [17/Nov/2019:00:09:31 -0500] "GET /BLA/resoluciones/RESOLUCIONES%202016/2493.pdf HTTP/1.1" 304 -
66.249.66.82 - - [17/Nov/2019:00:09:48 -0500] "GET /BLA/resoluciones/AUTOS%202016/1933.pdf HTTP/1.1" 200 288351
158.69.243.99 - - [17/Nov/2019:00:09:53 -0500] "GET /BLA/boletinlegal/documentos-importantes.php/index.php/index.php/index.php/doctrina.php/doctrina.php/actos.php/doctrina.php/norma_menu.php/jurisprudencia.php/actos.php/actos.php/ HTTP/1.1" 200 4822
66.249.66.81 - - [17/Nov/2019:00:10:05 -0500] "GET /BLA/resoluciones/RESOLUCIONES%202007/RES%202007%202001%20AL%202100/RESOLUCION%202054%20DE%202007.pdf HTTP/1.1" 200 470460
157.55.39.32 - - [17/Nov/2019:00:10:14 -0500] "GET /robots.txt HTTP/1.1" 404 1015
157.55.39.32 - - [17/Nov/2019:00:10:14 -0500] "GET /robots.txt HTTP/1.1" 404 1015
158.69.243.99 - - [17/Nov/2019:00:10:22 -0500] "GET /BLA/boletinlegal/documentos-importantes.php/index.php/index.php/index.php/doctrina.php/doctrina.php/actos.php/doctrina.php/norma_menu.php/jurisprudencia.php/actos.php/doctrina.php/ HTTP/1.1" 200 4822
54.36.148.160 - - [17/Nov/2019:00:10:33 -0500] "GET /BLA/resoluciones/RESOLUCIONES%202004/RES%202004%2051-100/00000098.tif HTTP/1.1" 200 99158
66.249.66.81 - - [17/Nov/2019:00:10:40 -0500] "GET /BLA/resoluciones/RESOLUCIONES%202007/RES%202007%20701%20AL%20800/RESOLUCION%200705%20DE%202007.pdf HTTP/1.1" 200 1060513
54.36.148.21 - - [17/Nov/2019:00:10:44 -0500] "GET /BLA/resoluciones/RESOLUCIONES%202006/RES%202006%20801-850/00000817.tif HTTP/1.1" 200 42116
158.69.243.99 - - [17/Nov/2019:00:10:52 -0500] "GET /BLA/boletinlegal/documentos-importantes.php/index.php/index.php/index.php/doctrina.php/doctrina.php/actos.php/doctrina.php/norma_menu.php/jurisprudencia.php/actos.php/index.php/ HTTP/1.1" 200 4822
66.249.66.82 - - [17/Nov/2019:00:10:57 -0500] "GET /BLA/resoluciones/RESOLUCIONES%202012/0965.pdf HTTP/1.1" 304 -
186.84.20.123 - - [17/Nov/2019:00:10:59 -0500] "GET /galeria/galeria/fotos/Capellania2G.jpg HTTP/1.1" 200 523013
66.249.66.81 - - [17/Nov/2019:00:11:14 -0500] "GET /BLA/resoluciones/RESOLUCIONES%202010/3887.pdf HTTP/1.1" 200 2654735
69.162.124.232 - - [17/Nov/2019:00:11:17 -0500] "HEAD / HTTP/1.1" 200 -
158.69.243.99 - - [17/Nov/2019:00:11:23 -0500] "GET /BLA/boletinlegal/documentos-importantes.php/index.php/index.php/index.php/doctrina.php/doctrina.php/actos.php/doctrina.php/norma_menu.php/jurisprudencia.php/actos.php/jurisprudencia.php/ HTTP/1.1" 200 4822
157.55.39.128 - - [17/Nov/2019:00:11:45 -0500] "GET /sig/gestion%20documental/126pa06-pr08%20control%20y%20traite%20correspondencia%20externa%20recibida.pdf HTTP/1.1" 200 283874
158.69.243.99 - - [17/Nov/2019:00:11:52 -0500] "GET /BLA/boletinlegal/documentos-importantes.php/index.php/index.php/index.php/doctrina.php/doctrina.php/actos.php/doctrina.php/norma_menu.php/jurisprudencia.php/actos.php/norma_menu.php/ HTTP/1.1" 200 4822
40.77.167.149 - - [17/Nov/2019:00:10:28 -0500] "GET /BLA/boletinlegal/ HTTP/1.1" 200 67493
158.69.243.99 - - [17/Nov/2019:00:12:20 -0500] "GET /BLA/boletinlegal/documentos-importantes.php/index.php/index.php/index.php/doctrina.php/doctrina.php/actos.php/doctrina.php/norma_menu.php/jurisprudencia.php/doctrina.php/actos.php/ HTTP/1.1" 200 4822
66.102.8.187 - - [17/Nov/2019:00:12:22 -0500] "GET /galeria/galeria/jquery.fancybox.css?v=2.1.5 HTTP/1.1" 200 4895
66.249.83.83 - - [17/Nov/2019:00:12:22 -0500] "GET /galeria/galeria/jquery.fancybox.js?v=2.1.5 HTTP/1.1" 200 48706
66.249.83.81 - - [17/Nov/2019:00:12:22 -0500] "GET /BLA/boletinlegal/js/jquery.scrollShow.js HTTP/1.1" 200 4586
66.249.66.81 - - [17/Nov/2019:00:12:23 -0500] "GET /BLA/resoluciones/AUTOS%202008/2079.pdf HTTP/1.1" 200 100505
66.249.83.83 - - [17/Nov/2019:00:12:24 -0500] "GET /galeria/galeria/jquery.fancybox.js?v=2.1.5 HTTP/1.1" 304 -
66.249.83.82 - - [17/Nov/2019:00:12:24 -0500] "GET /galeria/galeria/jquery.fancybox.css?v=2.1.5 HTTP/1.1" 304 -
192.168.175.104 - - [17/Nov/2019:00:12:33 -0500] "GET / HTTP/1.0" 200 9990
157.55.39.238 - - [17/Nov/2019:00:12:47 -0500] "GET /galeria/galeria/fotos/Humedal-techo1G.jpg HTTP/1.1" 200 396540
158.69.243.99 - - [17/Nov/2019:00:13:03 -0500] "GET /BLA/boletinlegal/documentos-importantes.php/index.php/index.php/index.php/doctrina.php/doctrina.php/actos.php/doctrina.php/norma_menu.php/jurisprudencia.php/doctrina.php/doctrina.php/ HTTP/1.1" 200 4822
66.249.66.81 - - [17/Nov/2019:00:13:15 -0500] "GET /BLA/resoluciones/AUTOS%202014/2055.pdf HTTP/1.1" 304 -
158.69.243.99 - - [17/Nov/2019:00:13:32 -0500] "GET /BLA/boletinlegal/documentos-importantes.php/index.php/index.php/index.php/doctrina.php/doctrina.php/actos.php/doctrina.php/norma_menu.php/jurisprudencia.php/doctrina.php/index.php/ HTTP/1.1" 200 4822
54.36.150.84 - - [17/Nov/2019:00:13:39 -0500] "GET /BLA/resoluciones/RESOLUCIONES%202003/RES%202003%201151-1200/1152.tif HTTP/1.1" 200 180852
192.168.175.104 - - [17/Nov/2019:00:13:48 -0500] "GET / HTTP/1.1" 200 9990
66.249.66.81 - - [17/Nov/2019:00:14:06 -0500] "GET /BLA/resoluciones/RESOLUCIONES%202016/1941.pdf HTTP/1.1" 200 517856
158.69.243.99 - - [17/Nov/2019:00:14:07 -0500] "GET /BLA/boletinlegal/documentos-importantes.php/index.php/index.php/index.php/doctrina.php/doctrina.php/actos.php/doctrina.php/norma_menu.php/jurisprudencia.php/doctrina.php/jurisprudencia.php/ HTTP/1.1" 200 4822
66.249.66.81 - - [17/Nov/2019:00:14:23 -0500] "GET /BLA/resoluciones/RESOLUCIONES%202016/0952.pdf HTTP/1.1" 200 5656134
158.69.243.99 - - [17/Nov/2019:00:14:38 -0500] "GET /BLA/boletinlegal/documentos-importantes.php/index.php/index.php/index.php/doctrina.php/doctrina.php/actos.php/doctrina.php/norma_menu.php/jurisprudencia.php/doctrina.php/norma_menu.php/ HTTP/1.1" 200 4822
66.249.66.82 - - [17/Nov/2019:00:14:40 -0500] "GET /BLA/resoluciones/RESOLUCIONES%202010/1897.pdf HTTP/1.1" 304 -
54.36.150.166 - - [17/Nov/2019:00:14:44 -0500] "GET /BLA/resoluciones/RESOLUCIONES%202003/RES%202003%20901-950/918.tif HTTP/1.1" 200 144728
66.249.66.82 - - [17/Nov/2019:00:14:58 -0500] "GET /BLA/resoluciones/AUTOS%202015/1948.pdf HTTP/1.1" 304 -
158.69.243.99 - - [17/Nov/2019:00:15:10 -0500] "GET /BLA/boletinlegal/documentos-importantes.php/index.php/index.php/index.php/doctrina.php/doctrina.php/actos.php/doctrina.php/norma_menu.php/jurisprudencia.php/index.php/actos.php/ HTTP/1.1" 200 4822
66.249.66.81 - - [17/Nov/2019:00:15:15 -0500] "GET /BLA/resoluciones/RESOLUCIONES%202016/1771.pdf HTTP/1.1" 200 707668
66.249.66.81 - - [17/Nov/2019:00:15:32 -0500] "GET /BLA/resoluciones/RESOLUCIONES%202015/2689.pdf HTTP/1.1" 200 683783
66.249.88.19 - - [17/Nov/2019:00:15:34 -0500] "GET /galeria/galeria/jquery.fancybox.css?v=2.1.5 HTTP/1.1" 200 4895
66.249.88.23 - - [17/Nov/2019:00:15:34 -0500] "GET /BLA/boletinlegal/js/jquery.scrollShow.js HTTP/1.1" 200 4586
66.249.88.19 - - [17/Nov/2019:00:15:34 -0500] "GET /galeria/galeria/jquery.fancybox.js?v=2.1.5 HTTP/1.1" 200 48706
158.69.243.99 - - [17/Nov/2019:00:15:42 -0500] "GET /BLA/boletinlegal/documentos-importantes.php/index.php/index.php/index.php/doctrina.php/doctrina.php/actos.php/doctrina.php/norma_menu.php/jurisprudencia.php/index.php/doctrina.php/ HTTP/1.1" 200 4822
190.147.50.63 - - [17/Nov/2019:00:15:45 -0500] "GET /BLA/boletinlegal/js/jquery.scrollShow.js HTTP/1.1" 200 4586
190.147.50.63 - - [17/Nov/2019:00:15:45 -0500] "GET /galeria/galeria/jquery.fancybox.js?v=2.1.5 HTTP/1.1" 200 48706
190.147.50.63 - - [17/Nov/2019:00:15:45 -0500] "GET /galeria/galeria/jquery.fancybox.css?v=2.1.5 HTTP/1.1" 200 4895
190.147.50.63 - - [17/Nov/2019:00:15:46 -0500] "GET /galeria/carrusel/Carrusel/jquery.thumbnailScroller.css HTTP/1.1" 200 2066
190.147.50.63 - - [17/Nov/2019:00:15:46 -0500] "GET /galeria/carrusel/Carrusel/jquery-ui-1.8.13.custom.min.js HTTP/1.1" 200 10800
190.147.50.63 - - [17/Nov/2019:00:15:46 -0500] "GET /galeria/carrusel/Carrusel/jquery.thumbnailScroller.js HTTP/1.1" 200 8157
66.249.88.19 - - [17/Nov/2019:00:15:48 -0500] "GET /galeria/galeria/jquery.fancybox.css?v=2.1.5 HTTP/1.1" 200 4895
66.249.88.23 - - [17/Nov/2019:00:15:48 -0500] "GET /BLA/boletinlegal/js/jquery.scrollShow.js HTTP/1.1" 200 4586
66.249.88.19 - - [17/Nov/2019:00:15:48 -0500] "GET /galeria/galeria/jquery.fancybox.js?v=2.1.5 HTTP/1.1" 200 48706
216.244.66.195 - - [17/Nov/2019:00:15:56 -0500] "GET /BLA/resoluciones/AUTOS%202009/0534.pdf HTTP/1.1" 200 181041
157.55.39.41 - - [17/Nov/2019:00:15:58 -0500] "GET /BLA/boletinlegal/images/arr_l.jpg HTTP/1.1" 200 1979
216.244.66.195 - - [17/Nov/2019:00:16:01 -0500] "GET /BLA/resoluciones/AUTOS%202009/0652.pdf HTTP/1.1" 200 99944
66.249.66.81 - - [17/Nov/2019:00:16:06 -0500] "GET /BLA/resoluciones/RESOLUCIONES%202016/0874.pdf HTTP/1.1" 304 -
216.244.66.195 - - [17/Nov/2019:00:16:06 -0500] "GET /BLA/resoluciones/AUTOS%202009/0750.pdf HTTP/1.1" 200 292910
40.77.167.56 - - [17/Nov/2019:00:16:12 -0500] "GET /BLA/boletinlegal/images/cabezote%20BLEGAL.jpg HTTP/1.1" 200 118164
40.77.167.56 - - [17/Nov/2019:00:16:13 -0500] "GET /BLA/boletinlegal/js/jquery.js HTTP/1.1" 200 57254
158.69.243.99 - - [17/Nov/2019:00:16:13 -0500] "GET /BLA/boletinlegal/documentos-importantes.php/index.php/index.php/index.php/doctrina.php/doctrina.php/actos.php/doctrina.php/norma_menu.php/jurisprudencia.php/index.php/index.php/ HTTP/1.1" 200 4822
69.162.124.232 - - [17/Nov/2019:00:16:17 -0500] "HEAD / HTTP/1.1" 200 -
66.249.66.81 - - [17/Nov/2019:00:16:23 -0500] "GET /BLA/resoluciones/AUTOS%202013/0658.pdf HTTP/1.1" 304 -
181.140.83.101 - - [17/Nov/2019:00:16:24 -0500] "GET /BLA/boletinlegal/js/jquery.scrollShow.js HTTP/1.1" 200 4586
181.140.83.101 - - [17/Nov/2019:00:16:24 -0500] "GET /galeria/galeria/jquery.fancybox.css?v=2.1.5 HTTP/1.1" 200 4895
181.140.83.101 - - [17/Nov/2019:00:16:24 -0500] "GET /galeria/galeria/jquery.fancybox.js?v=2.1.5 HTTP/1.1" 200 48706
157.55.39.238 - - [17/Nov/2019:00:16:26 -0500] "GET /BLA/boletinlegal/js/jquery.scrollTo-min.js HTTP/1.1" 200 1150
157.55.39.238 - - [17/Nov/2019:00:16:27 -0500] "GET /BLA/boletinlegal/style.css HTTP/1.1" 200 9406
157.55.39.238 - - [17/Nov/2019:00:16:27 -0500] "GET /BLA/boletinlegal/styles2.css HTTP/1.1" 200 1838
66.249.88.25 - - [17/Nov/2019:00:16:38 -0500] "GET /galeria/galeria/jquery.fancybox.css?v=2.1.5 HTTP/1.1" 200 4895
66.249.88.19 - - [17/Nov/2019:00:16:38 -0500] "GET /galeria/galeria/jquery.fancybox.js?v=2.1.5 HTTP/1.1" 200 48706
66.249.88.25 - - [17/Nov/2019:00:16:38 -0500] "GET /BLA/boletinlegal/js/jquery.scrollShow.js HTTP/1.1" 200 4586
190.147.50.63 - - [17/Nov/2019:00:16:38 -0500] "GET /galeria/nivo-slider/demo/inicio.html HTTP/1.1" 200 4640
190.147.50.63 - - [17/Nov/2019:00:16:39 -0500] "GET /galeria/nivo-slider/themes/default/default.css HTTP/1.1" 200 1569
190.147.50.63 - - [17/Nov/2019:00:16:39 -0500] "GET /galeria/nivo-slider/themes/orman/orman.css HTTP/1.1" 200 2152
190.147.50.63 - - [17/Nov/2019:00:16:39 -0500] "GET /galeria/nivo-slider/themes/pascal/pascal.css HTTP/1.1" 200 2258
190.147.50.63 - - [17/Nov/2019:00:16:39 -0500] "GET /galeria/nivo-slider/nivo-slider.css HTTP/1.1" 200 1507
190.147.50.63 - - [17/Nov/2019:00:16:39 -0500] "GET /galeria/nivo-slider/demo/style.css HTTP/1.1" 200 2222
190.147.50.63 - - [17/Nov/2019:00:16:39 -0500] "GET /galeria/nivo-slider/demo/images/Bannerpread.jpg HTTP/1.1" 200 256621
190.147.50.63 - - [17/Nov/2019:00:16:39 -0500] "GET /galeria/nivo-slider/demo/images/iniciativas-Ambientales.jpg HTTP/1.1" 200 201405
190.147.50.63 - - [17/Nov/2019:00:16:39 -0500] "GET /galeria/nivo-slider/demo/images/Banner%20practicas%20sostenibles.jpg HTTP/1.1" 200 142958
190.147.50.63 - - [17/Nov/2019:00:16:39 -0500] "GET /galeria/nivo-slider/demo/images/Banner%20RCD.jpg HTTP/1.1" 200 92197
190.147.50.63 - - [17/Nov/2019:00:16:39 -0500] "GET /galeria/nivo-slider/demo/images/bannerincendios.jpg HTTP/1.1" 200 206070
190.147.50.63 - - [17/Nov/2019:00:16:39 -0500] "GET /galeria/nivo-slider/demo/images/Banner%20POT.png HTTP/1.1" 200 418238
190.147.50.63 - - [17/Nov/2019:00:16:39 -0500] "GET /galeria/nivo-slider/demo/images/Banner%20Visor%20Geografico%20Ambiental.jpg HTTP/1.1" 200 204673
190.147.50.63 - - [17/Nov/2019:00:16:39 -0500] "GET /galeria/nivo-slider/demo/images/Banner%20tinguas.jpg HTTP/1.1" 200 214878
190.147.50.63 - - [17/Nov/2019:00:16:39 -0500] "GET /galeria/nivo-slider/demo/images/Banneranonimos.png HTTP/1.1" 200 109388
190.147.50.63 - - [17/Nov/2019:00:16:40 -0500] "GET /galeria/nivo-slider/demo/images/Banner%20consumo%20sostenible%20final.jpg HTTP/1.1" 200 364746
190.147.50.63 - - [17/Nov/2019:00:16:40 -0500] "GET /galeria/nivo-slider/demo/images/banneragendamiento.jpg HTTP/1.1" 200 116897
190.147.50.63 - - [17/Nov/2019:00:16:40 -0500] "GET /galeria/nivo-slider/demo/images/Bannerveterinaria.jpg HTTP/1.1" 200 254705
190.147.50.63 - - [17/Nov/2019:00:16:40 -0500] "GET /galeria/nivo-slider/demo/images/Bannerserpiente2019.jpg HTTP/1.1" 200 270374
190.147.50.63 - - [17/Nov/2019:00:16:40 -0500] "GET /galeria/nivo-slider/demo/images/Noviembre.png HTTP/1.1" 200 519399
190.147.50.63 - - [17/Nov/2019:00:16:40 -0500] "GET /galeria/nivo-slider/demo/images/puntos%20atencion%20BANNER.jpg HTTP/1.1" 200 244208
190.147.50.63 - - [17/Nov/2019:00:16:41 -0500] "GET /galeria/nivo-slider/demo/images/Banner%20Conpes.jpg HTTP/1.1" 200 55220
190.147.50.63 - - [17/Nov/2019:00:16:41 -0500] "GET /galeria/nivo-slider/demo/scripts/jquery-1.7.1.min.js HTTP/1.1" 200 93868
66.249.66.156 - - [17/Nov/2019:00:16:40 -0500] "GET /SIG/ECS/126PM04-PR11.pdf HTTP/1.1" 200 5559180
190.147.50.63 - - [17/Nov/2019:00:16:41 -0500] "GET /galeria/nivo-slider/themes/default/loading.gif HTTP/1.1" 200 1737
190.147.50.63 - - [17/Nov/2019:00:16:41 -0500] "GET /galeria/nivo-slider/demo/images/4Simple_Slider.png HTTP/1.1" 200 11722
190.147.50.63 - - [17/Nov/2019:00:16:41 -0500] "GET /galeria/nivo-slider/jquery.nivo.slider.pack.js HTTP/1.1" 200 11561
190.147.50.63 - - [17/Nov/2019:00:16:42 -0500] "GET /galeria/nivo-slider/themes/default/arrows.png HTTP/1.1" 200 824
190.147.50.63 - - [17/Nov/2019:00:16:42 -0500] "GET /galeria/nivo-slider/themes/default/bullets.png HTTP/1.1" 200 1281
158.69.243.99 - - [17/Nov/2019:00:16:44 -0500] "GET /BLA/boletinlegal/documentos-importantes.php/index.php/index.php/index.php/doctrina.php/doctrina.php/actos.php/doctrina.php/norma_menu.php/jurisprudencia.php/index.php/jurisprudencia.php/ HTTP/1.1" 200 4822
192.99.13.228 - - [17/Nov/2019:00:17:07 -0500] "GET /robots.txt HTTP/1.1" 404 1015
216.244.66.195 - - [17/Nov/2019:00:17:08 -0500] "GET /BLA/resoluciones/AUTOS%202009/0840.pdf HTTP/1.1" 200 89675
201.245.192.253 - - [17/Nov/2019:00:16:39 -0500] "POST /kwsrmcab/Wsrmcab HTTP/1.1" 200 25121
201.245.192.253 - - [17/Nov/2019:00:16:39 -0500] "POST /kwsrmcab/Wsrmcab HTTP/1.1" 200 24808
66.249.66.81 - - [17/Nov/2019:00:17:14 -0500] "GET /BLA/resoluciones/RESOLUCIONES%202012/1545.pdf HTTP/1.1" 200 8715331
207.46.13.192 - - [17/Nov/2019:00:17:01 -0500] "GET /POT-2013/Cartografia/02_Clasificacion_Urbano_V1_2013.pdf HTTP/1.1" 200 5081898
158.69.243.99 - - [17/Nov/2019:00:17:29 -0500] "GET /BLA/boletinlegal/documentos-importantes.php/index.php/index.php/index.php/doctrina.php/doctrina.php/actos.php/doctrina.php/norma_menu.php/jurisprudencia.php/index.php/norma_menu.php/ HTTP/1.1" 200 4822
66.249.66.84 - - [17/Nov/2019:00:17:31 -0500] "GET /BLA/resoluciones/AUTOS%202014/6616.pdf HTTP/1.1" 304 -
192.168.175.104 - - [17/Nov/2019:00:17:32 -0500] "GET / HTTP/1.0" 200 9990
192.99.13.228 - - [17/Nov/2019:00:17:34 -0500] "GET /Anexos%20estudio%20Organizacional%20SDA/index.php?dir=/ HTTP/1.1" 200 5843
201.245.192.253 - - [17/Nov/2019:00:17:13 -0500] "POST /kwsrmcab/Wsrmcab HTTP/1.1" 200 24808
66.249.66.83 - - [17/Nov/2019:00:17:48 -0500] "GET /BLA/resoluciones/RESOLUCIONES%202013/0474.pdf HTTP/1.1" 304 -
158.69.243.99 - - [17/Nov/2019:00:17:58 -0500] "GET /BLA/boletinlegal/documentos-importantes.php/index.php/index.php/index.php/doctrina.php/doctrina.php/actos.php/doctrina.php/norma_menu.php/jurisprudencia.php/jurisprudencia.php/actos.php/ HTTP/1.1" 200 4822
66.249.66.85 - - [17/Nov/2019:00:18:05 -0500] "GET /BLA/resoluciones/RESOLUCIONES%202010/7087.pdf HTTP/1.1" 304 -
192.99.13.228 - - [17/Nov/2019:00:18:07 -0500] "GET /Anexos%20estudio%20Organizacional%20SDA/index.php?dir=ANEXO%20No.%201-%20NORMAS%20LEGALES%20DE%20ESTRUCTURA%20Y%20PLANTA/Decreto%20308%20de%202001%20-%20Modifica%20estructura%20del%20DAMA.jsp_files// HTTP/1.1" 200 11115
195.154.56.58 - - [17/Nov/2019:00:18:20 -0500] "GET / HTTP/1.0" 200 9990
158.69.243.99 - - [17/Nov/2019:00:18:32 -0500] "GET /BLA/boletinlegal/documentos-importantes.php/index.php/index.php/index.php/doctrina.php/doctrina.php/actos.php/doctrina.php/norma_menu.php/jurisprudencia.php/jurisprudencia.php/doctrina.php/ HTTP/1.1" 200 4822
192.99.13.228 - - [17/Nov/2019:00:18:33 -0500] "GET /Anexos%20estudio%20Organizacional%20SDA/index.php?dir=ANEXO%20No.%201-%20NORMAS%20LEGALES%20DE%20ESTRUCTURA%20Y%20PLANTA/Decreto%20673%20de%201995%20Reestructura%20el%20DAMA_files/&sort=date&order=desc/ HTTP/1.1" 200 9506
66.249.88.23 - - [17/Nov/2019:00:18:37 -0500] "GET /galeria/carrusel/Carrusel/jquery.thumbnailScroller.css HTTP/1.1" 200 2066
66.249.88.19 - - [17/Nov/2019:00:18:37 -0500] "GET /galeria/carrusel/Carrusel/jquery-ui-1.8.13.custom.min.js HTTP/1.1" 200 10800
66.249.88.19 - - [17/Nov/2019:00:18:37 -0500] "GET /galeria/carrusel/Carrusel/jquery.thumbnailScroller.js HTTP/1.1" 200 8157
66.249.88.25 - - [17/Nov/2019:00:18:37 -0500] "GET /galeria/nivo-slider/demo/inicio.html HTTP/1.1" 200 4640
66.249.88.19 - - [17/Nov/2019:00:18:38 -0500] "GET /galeria/nivo-slider/themes/default/default.css HTTP/1.1" 200 1569
66.249.88.19 - - [17/Nov/2019:00:18:38 -0500] "GET /galeria/nivo-slider/themes/pascal/pascal.css HTTP/1.1" 200 2258
66.249.88.23 - - [17/Nov/2019:00:18:38 -0500] "GET /galeria/nivo-slider/themes/orman/orman.css HTTP/1.1" 200 2152
66.249.88.25 - - [17/Nov/2019:00:18:38 -0500] "GET /galeria/nivo-slider/nivo-slider.css HTTP/1.1" 200 1507
66.249.88.23 - - [17/Nov/2019:00:18:38 -0500] "GET /galeria/nivo-slider/demo/style.css HTTP/1.1" 200 2222
66.249.88.19 - - [17/Nov/2019:00:18:38 -0500] "GET /galeria/nivo-slider/demo/images/Bannerpread.jpg HTTP/1.1" 200 256621
66.249.88.23 - - [17/Nov/2019:00:18:38 -0500] "GET /galeria/nivo-slider/demo/scripts/jquery-1.7.1.min.js HTTP/1.1" 200 93868
66.249.88.25 - - [17/Nov/2019:00:18:38 -0500] "GET /galeria/nivo-slider/jquery.nivo.slider.pack.js HTTP/1.1" 200 11561
66.249.88.19 - - [17/Nov/2019:00:18:38 -0500] "GET /galeria/nivo-slider/demo/images/iniciativas-Ambientales.jpg HTTP/1.1" 200 201405
66.249.88.25 - - [17/Nov/2019:00:18:38 -0500] "GET /galeria/nivo-slider/demo/images/Bannerveterinaria.jpg HTTP/1.1" 200 254705
66.249.88.23 - - [17/Nov/2019:00:18:38 -0500] "GET /galeria/nivo-slider/demo/images/4Simple_Slider.png HTTP/1.1" 200 11722
66.249.88.25 - - [17/Nov/2019:00:18:38 -0500] "GET /galeria/nivo-slider/demo/images/bannerincendios.jpg HTTP/1.1" 200 206070
66.249.88.25 - - [17/Nov/2019:00:18:38 -0500] "GET /galeria/nivo-slider/themes/default/loading.gif HTTP/1.1" 200 1737
66.249.88.25 - - [17/Nov/2019:00:18:38 -0500] "GET /galeria/nivo-slider/demo/images/banneragendamiento.jpg HTTP/1.1" 200 116897
66.249.88.23 - - [17/Nov/2019:00:18:38 -0500] "GET /galeria/nivo-slider/demo/images/Banner%20tinguas.jpg HTTP/1.1" 200 214878
66.249.88.25 - - [17/Nov/2019:00:18:38 -0500] "GET /galeria/nivo-slider/demo/images/Bannerserpiente2019.jpg HTTP/1.1" 200 270374
66.249.88.19 - - [17/Nov/2019:00:18:38 -0500] "GET /galeria/nivo-slider/demo/images/Noviembre.png HTTP/1.1" 200 519399
66.249.88.19 - - [17/Nov/2019:00:18:39 -0500] "GET /galeria/nivo-slider/demo/images/puntos%20atencion%20BANNER.jpg HTTP/1.1" 200 244208
66.249.88.19 - - [17/Nov/2019:00:18:39 -0500] "GET /galeria/nivo-slider/demo/images/Banner%20Visor%20Geografico%20Ambiental.jpg HTTP/1.1" 200 204673
66.249.88.23 - - [17/Nov/2019:00:18:39 -0500] "GET /galeria/nivo-slider/demo/images/Banner%20consumo%20sostenible%20final.jpg HTTP/1.1" 200 364746
66.249.88.23 - - [17/Nov/2019:00:18:39 -0500] "GET /galeria/nivo-slider/demo/images/Banner%20RCD.jpg HTTP/1.1" 200 92197
66.249.88.25 - - [17/Nov/2019:00:18:39 -0500] "GET /galeria/nivo-slider/demo/images/Banner%20Conpes.jpg HTTP/1.1" 200 55220
66.249.88.25 - - [17/Nov/2019:00:18:39 -0500] "GET /galeria/nivo-slider/demo/images/Banner%20practicas%20sostenibles.jpg HTTP/1.1" 200 142958
66.249.88.19 - - [17/Nov/2019:00:18:39 -0500] "GET /galeria/nivo-slider/demo/images/Banner%20POT.png HTTP/1.1" 200 418238
66.249.66.81 - - [17/Nov/2019:00:18:40 -0500] "GET /BLA/resoluciones/AUTOS%202013/0944.pdf HTTP/1.1" 304 -
66.249.88.19 - - [17/Nov/2019:00:18:40 -0500] "GET /galeria/nivo-slider/demo/images/Banneranonimos.png HTTP/1.1" 200 109388
66.249.88.19 - - [17/Nov/2019:00:18:41 -0500] "GET /galeria/nivo-slider/themes/default/arrows.png HTTP/1.1" 200 824
66.249.88.19 - - [17/Nov/2019:00:18:41 -0500] "GET /galeria/nivo-slider/themes/default/bullets.png HTTP/1.1" 200 1281
216.244.66.195 - - [17/Nov/2019:00:18:45 -0500] "GET /BLA/resoluciones/AUTOS%202009/1355.pdf HTTP/1.1" 200 101779
192.168.175.104 - - [17/Nov/2019:00:18:47 -0500] "GET / HTTP/1.1" 200 9990
192.99.13.228 - - [17/Nov/2019:00:18:55 -0500] "GET /Anexos%20estudio%20Organizacional%20SDA/index.php?dir=ANEXO%20No.%201-%20NORMAS%20LEGALES%20DE%20ESTRUCTURA%20Y%20PLANTA/Decreto%20distrital%20110%20de%202009%20-%20modifica%20planta%20de%20empleos%20SDA.jsp_files/&sort=size&order=desc/ HTTP/1.1" 200 10993
158.69.243.99 - - [17/Nov/2019:00:19:04 -0500] "GET /BLA/boletinlegal/documentos-importantes.php/index.php/index.php/index.php/doctrina.php/doctrina.php/actos.php/doctrina.php/norma_menu.php/jurisprudencia.php/jurisprudencia.php/index.php/ HTTP/1.1" 200 4822
66.249.66.83 - - [17/Nov/2019:00:19:14 -0500] "GET /BLA/resoluciones/RESOLUCIONES%202014/2495.pdf HTTP/1.1" 200 3094773
192.99.13.228 - - [17/Nov/2019:00:19:21 -0500] "GET /Autoliquidacion/Grupo%20Forestal%20-%20Silvicultura/Formato%20de%20ejecuci%C3%B3n%20de%20actividades%20silviculturales.xlsx/ HTTP/1.1" 404 1015
216.244.66.195 - - [17/Nov/2019:00:19:23 -0500] "GET /BLA/resoluciones/AUTOS%202009/1787.pdf HTTP/1.1" 200 98240
66.249.66.83 - - [17/Nov/2019:00:19:31 -0500] "GET /BLA/resoluciones/AUTOS%202014/6880.pdf HTTP/1.1" 304 -
158.69.243.99 - - [17/Nov/2019:00:19:38 -0500] "GET /BLA/boletinlegal/documentos-importantes.php/index.php/index.php/index.php/doctrina.php/doctrina.php/actos.php/doctrina.php/norma_menu.php/jurisprudencia.php/jurisprudencia.php/jurisprudencia.php/ HTTP/1.1" 200 4822
66.249.66.81 - - [17/Nov/2019:00:19:48 -0500] "GET /BLA/resoluciones/AUTOS%202012/0122.pdf HTTP/1.1" 200 621138
192.99.13.228 - - [17/Nov/2019:00:19:59 -0500] "GET /Autoliquidacion/index.php?dir=Fauna%20Silvestre/&sort=size&order=desc/ HTTP/1.1" 200 2960
66.249.66.81 - - [17/Nov/2019:00:20:05 -0500] "GET /BLA/resoluciones/RESOLUCIONES%202016/2171.pdf HTTP/1.1" 304 -
158.69.243.99 - - [17/Nov/2019:00:20:07 -0500] "GET /BLA/boletinlegal/documentos-importantes.php/index.php/index.php/index.php/doctrina.php/doctrina.php/actos.php/doctrina.php/norma_menu.php/jurisprudencia.php/jurisprudencia.php/norma_menu.php/ HTTP/1.1" 200 4822
216.244.66.195 - - [17/Nov/2019:00:20:23 -0500] "GET /BLA/resoluciones/AUTOS%202009/2605.pdf HTTP/1.1" 200 105785
186.84.232.207 - - [17/Nov/2019:00:20:27 -0500] "GET /galeria/nivo-slider/demo/inicio.html HTTP/1.1" 200 4640
186.84.232.207 - - [17/Nov/2019:00:20:29 -0500] "GET /galeria/nivo-slider/demo/images/Bannerpread.jpg HTTP/1.1" 200 256621
186.84.232.207 - - [17/Nov/2019:00:20:29 -0500] "GET /galeria/nivo-slider/demo/images/iniciativas-Ambientales.jpg HTTP/1.1" 304 -
186.84.232.207 - - [17/Nov/2019:00:20:29 -0500] "GET /galeria/nivo-slider/demo/images/Bannerveterinaria.jpg HTTP/1.1" 304 -
186.84.232.207 - - [17/Nov/2019:00:20:29 -0500] "GET /galeria/nivo-slider/demo/images/bannerincendios.jpg HTTP/1.1" 304 -
186.84.232.207 - - [17/Nov/2019:00:20:29 -0500] "GET /galeria/nivo-slider/demo/images/banneragendamiento.jpg HTTP/1.1" 304 -
186.84.232.207 - - [17/Nov/2019:00:20:30 -0500] "GET /galeria/nivo-slider/demo/images/Banner%20tinguas.jpg HTTP/1.1" 304 -
186.84.232.207 - - [17/Nov/2019:00:20:30 -0500] "GET /galeria/nivo-slider/demo/images/Banner%20Visor%20Geografico%20Ambiental.jpg HTTP/1.1" 304 -
186.84.232.207 - - [17/Nov/2019:00:20:30 -0500] "GET /galeria/nivo-slider/demo/images/Noviembre.png HTTP/1.1" 304 -
186.84.232.207 - - [17/Nov/2019:00:20:30 -0500] "GET /galeria/nivo-slider/demo/images/Bannerserpiente2019.jpg HTTP/1.1" 304 -
192.99.13.228 - - [17/Nov/2019:00:20:34 -0500] "GET /PORTAL_SIAC/ HTTP/1.1" 200 1215
186.84.90.24 - - [17/Nov/2019:00:20:35 -0500] "GET /galeria/galeria/jquery.fancybox.css?v=2.1.5 HTTP/1.1" 200 4895
186.84.90.24 - - [17/Nov/2019:00:20:35 -0500] "GET /BLA/boletinlegal/js/jquery.scrollShow.js HTTP/1.1" 200 4586
186.84.90.24 - - [17/Nov/2019:00:20:35 -0500] "GET /galeria/galeria/jquery.fancybox.js?v=2.1.5 HTTP/1.1" 200 48706
158.69.243.99 - - [17/Nov/2019:00:20:37 -0500] "GET /BLA/boletinlegal/documentos-importantes.php/index.php/index.php/index.php/doctrina.php/doctrina.php/actos.php/doctrina.php/norma_menu.php/jurisprudencia.php/norma_menu.php/actos.php/ HTTP/1.1" 200 4822
207.46.13.57 - - [17/Nov/2019:00:20:40 -0500] "GET /BLA/boletinlegal/jurisprudencia.php HTTP/1.1" 200 17573
192.99.13.228 - - [17/Nov/2019:00:20:54 -0500] "GET /PORTAL_SIAC/swf/Residuos/ HTTP/1.1" 200 4955
5.196.87.172 - - [17/Nov/2019:00:21:05 -0500] "GET /robots.txt HTTP/1.1" 404 1015
158.69.243.99 - - [17/Nov/2019:00:21:11 -0500] "GET /BLA/boletinlegal/documentos-importantes.php/index.php/index.php/index.php/doctrina.php/doctrina.php/actos.php/doctrina.php/norma_menu.php/jurisprudencia.php/norma_menu.php/doctrina.php/ HTTP/1.1" 200 4822
5.196.87.175 - - [17/Nov/2019:00:21:16 -0500] "GET / HTTP/1.1" 200 9990
69.162.124.232 - - [17/Nov/2019:00:21:17 -0500] "HEAD / HTTP/1.1" 200 -
192.99.13.228 - - [17/Nov/2019:00:21:25 -0500] "GET /PORTAL_SIAC/swf/videos/ HTTP/1.1" 200 13062
216.244.66.195 - - [17/Nov/2019:00:21:29 -0500] "GET /BLA/resoluciones/AUTOS%202009/2711.pdf HTTP/1.1" 200 125649
66.249.88.25 - - [17/Nov/2019:00:21:46 -0500] "GET /galeria/galeria/jquery.fancybox.css?v=2.1.5 HTTP/1.1" 200 4895
66.249.88.25 - - [17/Nov/2019:00:21:46 -0500] "GET /BLA/boletinlegal/js/jquery.scrollShow.js HTTP/1.1" 200 4586
66.249.88.23 - - [17/Nov/2019:00:21:46 -0500] "GET /galeria/galeria/jquery.fancybox.js?v=2.1.5 HTTP/1.1" 200 48706
158.69.243.99 - - [17/Nov/2019:00:21:49 -0500] "GET /BLA/boletinlegal/documentos-importantes.php/index.php/index.php/index.php/doctrina.php/doctrina.php/actos.php/doctrina.php/norma_menu.php/jurisprudencia.php/norma_menu.php/index.php/ HTTP/1.1" 200 4822
216.244.66.195 - - [17/Nov/2019:00:22:05 -0500] "GET /BLA/resoluciones/AUTOS%202009/2714.pdf HTTP/1.1" 200 108953
192.99.13.228 - - [17/Nov/2019:00:22:06 -0500] "GET /PruebasSTORM/StormSDA_pruebas/lib/win32/?C=N;O=D/ HTTP/1.1" 200 1262
158.69.243.99 - - [17/Nov/2019:00:22:18 -0500] "GET /BLA/boletinlegal/documentos-importantes.php/index.php/index.php/index.php/doctrina.php/doctrina.php/actos.php/doctrina.php/norma_menu.php/jurisprudencia.php/norma_menu.php/jurisprudencia.php/ HTTP/1.1" 200 4822
181.131.237.36 - - [17/Nov/2019:00:22:24 -0500] "GET /BLA/boletinlegal/js/jquery.scrollShow.js HTTP/1.1" 200 4586
181.131.237.36 - - [17/Nov/2019:00:22:24 -0500] "GET /galeria/galeria/jquery.fancybox.js?v=2.1.5 HTTP/1.1" 200 48706
181.131.237.36 - - [17/Nov/2019:00:22:25 -0500] "GET /galeria/galeria/jquery.fancybox.css?v=2.1.5 HTTP/1.1" 200 4895
190.29.121.242 - - [17/Nov/2019:00:22:26 -0500] "GET /BLA/boletinlegal/js/jquery.scrollShow.js HTTP/1.1" 200 4586
190.29.121.242 - - [17/Nov/2019:00:22:26 -0500] "GET /galeria/galeria/jquery.fancybox.css?v=2.1.5 HTTP/1.1" 200 4895
190.29.121.242 - - [17/Nov/2019:00:22:26 -0500] "GET /galeria/galeria/jquery.fancybox.js?v=2.1.5 HTTP/1.1" 200 48706
192.168.175.104 - - [17/Nov/2019:00:22:30 -0500] "GET / HTTP/1.0" 200 9990
66.249.66.81 - - [17/Nov/2019:00:22:41 -0500] "GET /BLA/resoluciones/RESOLUCIONES%202009/5276.pdf HTTP/1.1" 200 492307
192.99.13.228 - - [17/Nov/2019:00:22:42 -0500] "GET /PruebasSTORM/StormSDA_pruebas/userFiles/user_files/87/?C=M;O=D/ HTTP/1.1" 200 1752
216.244.66.195 - - [17/Nov/2019:00:22:42 -0500] "GET /BLA/resoluciones/AUTOS%202009/2842.pdf HTTP/1.1" 200 82000
158.69.243.99 - - [17/Nov/2019:00:22:55 -0500] "GET /BLA/boletinlegal/documentos-importantes.php/index.php/index.php/index.php/doctrina.php/doctrina.php/actos.php/doctrina.php/norma_menu.php/jurisprudencia.php/norma_menu.php/norma_menu.php/ HTTP/1.1" 200 4822
66.249.66.82 - - [17/Nov/2019:00:22:58 -0500] "GET /BLA/resoluciones/RESOLUCIONES%202007/RES%202007%203201%20AL%203300/RESOLUCION%203281%20DE%202007.pdf HTTP/1.1" 200 892757
54.36.148.237 - - [17/Nov/2019:00:23:14 -0500] "GET /BLA/resoluciones/RESOLUCIONES%202005/RES%202005%202801-2850/00002843.tif HTTP/1.1" 200 74962
66.249.66.81 - - [17/Nov/2019:00:23:15 -0500] "GET /BLA/resoluciones/RESOLUCIONES%202014/3176.pdf HTTP/1.1" 304 -
192.99.13.228 - - [17/Nov/2019:00:23:16 -0500] "GET /PruebasSTORM/StormSDA_pruebas/userFiles/user_files/87/?C=N;O=A/ HTTP/1.1" 200 1752
216.244.66.195 - - [17/Nov/2019:00:23:18 -0500] "GET /BLA/resoluciones/AUTOS%202009/2844.pdf HTTP/1.1" 200 99190
158.69.243.99 - - [17/Nov/2019:00:23:25 -0500] "GET /BLA/boletinlegal/documentos-importantes.php/index.php/index.php/index.php/doctrina.php/doctrina.php/actos.php/doctrina.php/norma_menu.php/norma_menu.php/actos.php/actos.php/ HTTP/1.1" 200 4822
192.99.13.228 - - [17/Nov/2019:00:23:43 -0500] "GET /PruebasSTORM/StormSDA_pruebas/userFiles/user_files/94/?C=M;O=D/ HTTP/1.1" 200 1752
192.168.175.104 - - [17/Nov/2019:00:23:44 -0500] "GET / HTTP/1.1" 200 9990
158.69.243.99 - - [17/Nov/2019:00:23:48 -0500] "GET /BLA/boletinlegal/documentos-importantes.php/index.php/index.php/index.php/doctrina.php/doctrina.php/actos.php/doctrina.php/norma_menu.php/norma_menu.php/actos.php/doctrina.php/ HTTP/1.1" 200 4822
66.249.66.83 - - [17/Nov/2019:00:23:50 -0500] "GET /BLA/resoluciones/RESOLUCIONES%202007/RES%202007%201401%20AL%201500/RESOLUCION%201405%20DE%202007.pdf HTTP/1.1" 200 216229
216.244.66.195 - - [17/Nov/2019:00:23:53 -0500] "GET /BLA/resoluciones/AUTOS%202010/0781.pdf HTTP/1.1" 200 158026
192.99.13.228 - - [17/Nov/2019:00:24:10 -0500] "GET /PruebasSTORM/StormSDA_pruebas/userFiles/user_files/94/?C=N;O=A/ HTTP/1.1" 200 1752
158.69.243.99 - - [17/Nov/2019:00:24:20 -0500] "GET /BLA/boletinlegal/documentos-importantes.php/index.php/index.php/index.php/doctrina.php/doctrina.php/actos.php/doctrina.php/norma_menu.php/norma_menu.php/actos.php/index.php/ HTTP/1.1" 200 4822
192.99.13.228 - - [17/Nov/2019:00:24:40 -0500] "GET /PruebasSTORM/StormSDA_pruebas/userFiles/user_files/97/?C=S;O=A/ HTTP/1.1" 200 1752
158.69.243.99 - - [17/Nov/2019:00:24:46 -0500] "GET /BLA/boletinlegal/documentos-importantes.php/index.php/index.php/index.php/doctrina.php/doctrina.php/actos.php/doctrina.php/norma_menu.php/norma_menu.php/actos.php/jurisprudencia.php/ HTTP/1.1" 200 4822
216.244.66.195 - - [17/Nov/2019:00:25:08 -0500] "GET /BLA/resoluciones/AUTOS%202010/0785.pdf HTTP/1.1" 200 507220
158.69.243.99 - - [17/Nov/2019:00:25:11 -0500] "GET /BLA/boletinlegal/documentos-importantes.php/index.php/index.php/index.php/doctrina.php/doctrina.php/actos.php/doctrina.php/norma_menu.php/norma_menu.php/actos.php/norma_menu.php/ HTTP/1.1" 200 4822
192.99.13.228 - - [17/Nov/2019:00:25:24 -0500] "GET /PruebasSTORM/StormSDA_pruebas/userFiles/user_files/98/?C=S;O=D/ HTTP/1.1" 200 1752
66.249.66.81 - - [17/Nov/2019:00:25:33 -0500] "GET /BLA/resoluciones/RESOLUCIONES%202010/6744.pdf HTTP/1.1" 200 269254
158.69.243.99 - - [17/Nov/2019:00:25:43 -0500] "GET /BLA/boletinlegal/documentos-importantes.php/index.php/index.php/index.php/doctrina.php/doctrina.php/actos.php/doctrina.php/norma_menu.php/norma_menu.php/doctrina.php/actos.php/ HTTP/1.1" 200 4822
192.99.13.228 - - [17/Nov/2019:00:25:46 -0500] "GET /PruebasSTORM/StormSDA_pruebas/userFiles/user_files/formulas/2/?C=D;O=D/ HTTP/1.1" 200 11396
46.229.168.163 - - [17/Nov/2019:00:25:50 -0500] "GET /robots.txt HTTP/1.1" 404 1019
46.229.168.150 - - [17/Nov/2019:00:25:50 -0500] "GET /Autoliquidacion/index.php?dir=TR%C3%81MITES%2BAGUAS%2BSUPERFICIALES%2F&order=desc&sort=name HTTP/1.1" 200 6618
216.244.66.195 - - [17/Nov/2019:00:25:53 -0500] "GET /BLA/resoluciones/AUTOS%202010/0857.pdf HTTP/1.1" 200 185963
158.69.243.99 - - [17/Nov/2019:00:26:16 -0500] "GET /BLA/boletinlegal/documentos-importantes.php/index.php/index.php/index.php/doctrina.php/doctrina.php/actos.php/doctrina.php/norma_menu.php/norma_menu.php/doctrina.php/doctrina.php/ HTTP/1.1" 200 4822
192.99.13.228 - - [17/Nov/2019:00:26:17 -0500] "GET /PruebasSTORM/silvicultura2Pruebas/?C=S;O=A/ HTTP/1.1" 200 1231
69.162.124.232 - - [17/Nov/2019:00:26:17 -0500] "HEAD / HTTP/1.1" 200 -
66.249.88.23 - - [17/Nov/2019:00:26:29 -0500] "GET /galeria/galeria/jquery.fancybox.css?v=2.1.5 HTTP/1.1" 200 4895
66.249.88.23 - - [17/Nov/2019:00:26:29 -0500] "GET /BLA/boletinlegal/js/jquery.scrollShow.js HTTP/1.1" 200 4586
66.249.88.19 - - [17/Nov/2019:00:26:30 -0500] "GET /galeria/galeria/jquery.fancybox.js?v=2.1.5 HTTP/1.1" 200 48706
192.99.13.228 - - [17/Nov/2019:00:26:38 -0500] "GET /StormSDA/userFiles%20-%20Copy%2019-07-2012/user_files/85/?C=D;O=A/ HTTP/1.1" 200 873
66.249.66.81 - - [17/Nov/2019:00:26:42 -0500] "GET /BLA/resoluciones/RESOLUCIONES%202016/0403.pdf HTTP/1.1" 200 922306
158.69.243.99 - - [17/Nov/2019:00:26:52 -0500] "GET /BLA/boletinlegal/documentos-importantes.php/index.php/index.php/index.php/doctrina.php/doctrina.php/actos.php/doctrina.php/norma_menu.php/norma_menu.php/doctrina.php/index.php/ HTTP/1.1" 200 4822
216.244.66.195 - - [17/Nov/2019:00:27:08 -0500] "GET /BLA/resoluciones/AUTOS%202010/1163.pdf HTTP/1.1" 200 147664
66.249.66.82 - - [17/Nov/2019:00:27:12 -0500] "GET /BLA/resoluciones/AUTOS%202017/4633.pdf HTTP/1.1" 200 792966
201.245.192.253 - - [17/Nov/2019:00:26:39 -0500] "POST /kwsrmcab/Wsrmcab HTTP/1.1" 200 25121
192.99.13.228 - - [17/Nov/2019:00:27:18 -0500] "GET /StormSDA/userFiles%20-%20Copy%2019-07-2012/user_files/86/?C=D;O=D/ HTTP/1.1" 200 873
158.69.243.99 - - [17/Nov/2019:00:27:21 -0500] "GET /BLA/boletinlegal/documentos-importantes.php/index.php/index.php/index.php/doctrina.php/doctrina.php/actos.php/doctrina.php/norma_menu.php/norma_menu.php/doctrina.php/jurisprudencia.php/ HTTP/1.1" 200 4822
66.249.66.81 - - [17/Nov/2019:00:27:21 -0500] "GET /BLA/resoluciones/AUTOS%202015/0168.pdf HTTP/1.1" 200 7751204
192.168.175.104 - - [17/Nov/2019:00:27:30 -0500] "GET / HTTP/1.0" 200 9990
66.249.66.85 - - [17/Nov/2019:00:27:34 -0500] "GET /BLA/resoluciones/RESOLUCIONES%202013/0343.pdf HTTP/1.1" 200 2540900
192.99.13.228 - - [17/Nov/2019:00:27:42 -0500] "GET /StormSDA/userFiles%20-%20Copy%2019-07-2012/user_files/92/?C=D;O=D/ HTTP/1.1" 200 873
66.249.66.86 - - [17/Nov/2019:00:27:50 -0500] "GET /BLA/resoluciones/AUTOS%202014/6161.pdf HTTP/1.1" 200 170556
158.69.243.99 - - [17/Nov/2019:00:27:53 -0500] "GET /BLA/boletinlegal/documentos-importantes.php/index.php/index.php/index.php/doctrina.php/doctrina.php/actos.php/doctrina.php/norma_menu.php/norma_menu.php/doctrina.php/norma_menu.php/ HTTP/1.1" 200 4822
54.36.149.37 - - [17/Nov/2019:00:28:00 -0500] "GET /BLA/resoluciones/RESOLUCIONES%202005/RES%202005%20151-200/00000193.tif HTTP/1.1" 200 135488
216.244.66.195 - - [17/Nov/2019:00:28:03 -0500] "GET /BLA/resoluciones/AUTOS%202010/1379.pdf HTTP/1.1" 200 259115
66.249.66.83 - - [17/Nov/2019:00:28:07 -0500] "GET /BLA/resoluciones/RESOLUCIONES%202015/0482.pdf HTTP/1.1" 200 629625
192.99.13.228 - - [17/Nov/2019:00:28:09 -0500] "GET /StormSDA/userFiles%20-%20Copy%2019-07-2012/user_files/92/?C=S;O=D/ HTTP/1.1" 200 873
66.249.66.83 - - [17/Nov/2019:00:28:16 -0500] "GET /BLA/resoluciones/RESOLUCIONES%202013/2045.pdf HTTP/1.1" 200 1208106
