173.212.241.58 - - [17/Nov/2019:02:01:27 -0500] "GET /BLA/boletinlegal/documentos-importantes.php/index.php/index.php/index.php/doctrina.php/doctrina.php/actos.php/index.php/norma_menu.php/jurisprudencia.php/jurisprudencia.php/index.php/ HTTP/1.1" 200 4822
66.249.66.157 - - [17/Nov/2019:02:01:29 -0500] "GET /BLA/boletinlegal/circulares/1-2011-SDA.pdf HTTP/1.1" 200 366269
66.249.66.82 - - [17/Nov/2019:02:01:31 -0500] "GET /BLA/resoluciones/AUTOS%202011/5718.pdf HTTP/1.1" 304 -
198.204.243.138 - - [17/Nov/2019:02:01:35 -0500] "GET /StormSDA/stormWeb/img/?C=N;O=D/ HTTP/1.1" 200 2921
173.212.241.58 - - [17/Nov/2019:02:01:40 -0500] "GET /BLA/boletinlegal/documentos-importantes.php/index.php/index.php/index.php/doctrina.php/doctrina.php/actos.php/index.php/norma_menu.php/jurisprudencia.php/jurisprudencia.php/jurisprudencia.php/ HTTP/1.1" 200 4822
198.204.243.138 - - [17/Nov/2019:02:01:43 -0500] "GET /StormSDA/storm_silv/?C=N;O=D/ HTTP/1.1" 200 5784
66.249.66.82 - - [17/Nov/2019:02:01:49 -0500] "GET /BLA/resoluciones/AUTOS%202014/1350.pdf HTTP/1.1" 200 677937
198.204.243.138 - - [17/Nov/2019:02:01:50 -0500] "GET /StormSDA/userFiles%20-%20Copy%2019-07-2012/user_files/92/?C=M;O=A/ HTTP/1.1" 200 873
192.168.175.104 - - [17/Nov/2019:02:01:54 -0500] "GET / HTTP/1.0" 200 9990
66.249.66.81 - - [17/Nov/2019:02:01:58 -0500] "GET /BLA/resoluciones/AUTOS%202016/2313.pdf HTTP/1.1" 200 462141
198.204.243.138 - - [17/Nov/2019:02:01:59 -0500] "GET /StormSDA/userFiles%20-%20Copy%2019-07-2012/user_files/92/?C=M;O=D/ HTTP/1.1" 200 873
198.204.243.138 - - [17/Nov/2019:02:02:04 -0500] "GET /StormSDA/userFiles%20-%20Copy%2019-07-2012/user_files/92/?C=N;O=D/ HTTP/1.1" 200 873
173.212.241.58 - - [17/Nov/2019:02:02:06 -0500] "GET /BLA/boletinlegal/documentos-importantes.php/index.php/index.php/index.php/doctrina.php/doctrina.php/actos.php/index.php/norma_menu.php/jurisprudencia.php/jurisprudencia.php/norma_menu.php/ HTTP/1.1" 200 4822
66.249.66.81 - - [17/Nov/2019:02:02:08 -0500] "GET /BLA/resoluciones/AUTOS%202015/6827.pdf HTTP/1.1" 304 -
66.249.66.81 - - [17/Nov/2019:02:02:14 -0500] "GET /BLA/resoluciones/AUTOS%202017/0568.pdf HTTP/1.1" 200 575671
198.204.243.138 - - [17/Nov/2019:02:02:17 -0500] "GET /StormSDA/userFiles%20-%20Copy%2019-07-2012/user_files/92/?C=S;O=A/ HTTP/1.1" 200 873
173.212.241.58 - - [17/Nov/2019:02:02:21 -0500] "GET /BLA/boletinlegal/documentos-importantes.php/index.php/index.php/index.php/doctrina.php/doctrina.php/actos.php/index.php/norma_menu.php/jurisprudencia.php/norma_menu.php/actos.php/ HTTP/1.1" 200 4822
198.204.243.138 - - [17/Nov/2019:02:02:23 -0500] "GET /StormSDA/userFiles%20-%20Copy%2019-07-2012/user_files/96/?C=S;O=A/ HTTP/1.1" 200 873
66.249.66.81 - - [17/Nov/2019:02:02:26 -0500] "GET /BLA/resoluciones/AUTOS%202014/6639.pdf HTTP/1.1" 200 547330
198.204.243.138 - - [17/Nov/2019:02:02:32 -0500] "GET /StormSDA/userFiles%20-%20Copy%2019-07-2012/user_files/97/?C=N;O=D/ HTTP/1.1" 200 873
198.204.243.138 - - [17/Nov/2019:02:02:40 -0500] "GET /robots.txt HTTP/1.1" 404 1015
173.212.241.58 - - [17/Nov/2019:02:02:45 -0500] "GET /BLA/boletinlegal/documentos-importantes.php/index.php/index.php/index.php/doctrina.php/doctrina.php/actos.php/index.php/norma_menu.php/jurisprudencia.php/norma_menu.php/doctrina.php/ HTTP/1.1" 200 4822
198.204.243.138 - - [17/Nov/2019:02:02:50 -0500] "GET /StormSDA/userFiles/user_files/85/?C=D;O=D/ HTTP/1.1" 200 814
198.204.243.138 - - [17/Nov/2019:02:02:57 -0500] "GET /StormSDA/userFiles/user_files/formulas/2/?C=M;O=D/ HTTP/1.1" 200 839
198.204.243.138 - - [17/Nov/2019:02:03:03 -0500] "GET /galeria/juegos/s/?C=M;O=D/ HTTP/1.1" 200 766
66.249.66.81 - - [17/Nov/2019:02:03:04 -0500] "GET /BLA/resoluciones/AUTOS%202018/0749.pdf HTTP/1.1" 200 318274
173.212.241.58 - - [17/Nov/2019:02:03:07 -0500] "GET /BLA/boletinlegal/documentos-importantes.php/index.php/index.php/index.php/doctrina.php/doctrina.php/actos.php/index.php/norma_menu.php/jurisprudencia.php/norma_menu.php/index.php/ HTTP/1.1" 200 4822
192.168.175.104 - - [17/Nov/2019:02:03:09 -0500] "GET / HTTP/1.1" 200 9990
198.204.243.138 - - [17/Nov/2019:02:03:11 -0500] "GET /galeria/juegos/texturesExport/?C=M;O=D/ HTTP/1.1" 200 792
198.204.243.138 - - [17/Nov/2019:02:03:17 -0500] "GET /galeria/nivo-slider/demo/images/?C=D;O=A/ HTTP/1.1" 200 279557
198.204.243.138 - - [17/Nov/2019:02:03:27 -0500] "GET /galeria/nivo-slider/demo/images/?C=M;O=A/ HTTP/1.1" 200 279557
66.249.66.81 - - [17/Nov/2019:02:03:32 -0500] "GET /BLA/resoluciones/AUTOS%202007/0861.pdf HTTP/1.1" 200 77612
66.249.66.81 - - [17/Nov/2019:02:03:41 -0500] "GET /BLA/resoluciones/RESOLUCIONES%202014/2525.pdf HTTP/1.1" 304 -
198.204.243.138 - - [17/Nov/2019:02:03:42 -0500] "GET /galeria/nivo-slider/demo/images/?C=N;O=D/ HTTP/1.1" 200 279557
173.212.241.58 - - [17/Nov/2019:02:03:47 -0500] "GET /BLA/boletinlegal/documentos-importantes.php/index.php/index.php/index.php/doctrina.php/doctrina.php/actos.php/index.php/norma_menu.php/jurisprudencia.php/norma_menu.php/jurisprudencia.php/ HTTP/1.1" 200 4822
198.204.243.138 - - [17/Nov/2019:02:03:53 -0500] "GET /galeria/nivo-slider/demo/images/?C=S;O=A/ HTTP/1.1" 200 279557
173.212.241.58 - - [17/Nov/2019:02:04:02 -0500] "GET /BLA/boletinlegal/documentos-importantes.php/index.php/index.php/index.php/doctrina.php/doctrina.php/actos.php/index.php/norma_menu.php/jurisprudencia.php/norma_menu.php/norma_menu.php/ HTTP/1.1" 200 4822
66.249.66.81 - - [17/Nov/2019:02:04:13 -0500] "GET /BLA/resoluciones/AUTOS%202018/0603.pdf HTTP/1.1" 200 291100
66.249.66.81 - - [17/Nov/2019:02:04:20 -0500] "GET /BLA/resoluciones/AUTOS%202013/0157.pdf HTTP/1.1" 200 1720610
66.249.66.81 - - [17/Nov/2019:02:04:24 -0500] "GET /BLA/resoluciones/Autos%202008/2885.pdf HTTP/1.1" 200 88222
173.212.241.58 - - [17/Nov/2019:02:04:29 -0500] "GET /BLA/boletinlegal/documentos-importantes.php/index.php/index.php/index.php/doctrina.php/doctrina.php/actos.php/index.php/norma_menu.php/norma_menu.php/actos.php/actos.php/ HTTP/1.1" 200 4822
173.212.241.58 - - [17/Nov/2019:02:04:52 -0500] "GET /BLA/boletinlegal/documentos-importantes.php/index.php/index.php/index.php/doctrina.php/doctrina.php/actos.php/index.php/norma_menu.php/norma_menu.php/actos.php/doctrina.php/ HTTP/1.1" 200 4822
66.249.66.81 - - [17/Nov/2019:02:04:57 -0500] "GET /BLA/resoluciones/AUTOS%202014/3786.pdf HTTP/1.1" 304 -
66.249.66.81 - - [17/Nov/2019:02:05:01 -0500] "GET /BLA/resoluciones/Autos%202008/3389.pdf HTTP/1.1" 200 122898
173.212.241.58 - - [17/Nov/2019:02:05:12 -0500] "GET /BLA/boletinlegal/documentos-importantes.php/index.php/index.php/index.php/doctrina.php/doctrina.php/actos.php/index.php/norma_menu.php/norma_menu.php/actos.php/index.php/ HTTP/1.1" 200 4822
66.249.66.81 - - [17/Nov/2019:02:05:16 -0500] "GET /BLA/resoluciones/RESOLUCIONES%202016/1068.pdf HTTP/1.1" 304 -
66.249.66.81 - - [17/Nov/2019:02:05:17 -0500] "GET /BLA/resoluciones/Autos%202008/2590.pdf HTTP/1.1" 200 78930
173.212.241.58 - - [17/Nov/2019:02:05:36 -0500] "GET /BLA/boletinlegal/documentos-importantes.php/index.php/index.php/index.php/doctrina.php/doctrina.php/actos.php/index.php/norma_menu.php/norma_menu.php/actos.php/jurisprudencia.php/ HTTP/1.1" 200 4822
46.229.168.163 - - [17/Nov/2019:02:05:42 -0500] "GET /Autoliquidacion/index.php?dir=Grupo%2BForestal%2B-%2BIndustria%2Bde%2Bla%2BMadera%2F&order=desc&sort=size HTTP/1.1" 200 6648
173.212.241.58 - - [17/Nov/2019:02:06:11 -0500] "GET /BLA/boletinlegal/documentos-importantes.php/index.php/index.php/index.php/doctrina.php/doctrina.php/actos.php/index.php/norma_menu.php/norma_menu.php/actos.php/norma_menu.php/ HTTP/1.1" 200 4822
69.162.124.232 - - [17/Nov/2019:02:06:17 -0500] "HEAD / HTTP/1.1" 200 -
66.249.66.81 - - [17/Nov/2019:02:06:31 -0500] "GET /BLA/resoluciones/AUTOS%202013/1932.pdf HTTP/1.1" 304 -
173.212.241.58 - - [17/Nov/2019:02:06:33 -0500] "GET /BLA/boletinlegal/documentos-importantes.php/index.php/index.php/index.php/doctrina.php/doctrina.php/actos.php/index.php/norma_menu.php/norma_menu.php/doctrina.php/actos.php/ HTTP/1.1" 200 4822
66.249.66.81 - - [17/Nov/2019:02:06:38 -0500] "GET /resoluciones/RESOLUCIONES%202007/RES%202007%202801%20AL%202900/RESOLUCION%202834%20DE%202007.pdf HTTP/1.1" 404 1018
66.249.66.81 - - [17/Nov/2019:02:06:51 -0500] "GET /BLA/resoluciones/RESOLUCIONES%202007/RES%202007%20101%20AL%20200/RESOLUCION%200125%20%20DE%202007.pdf HTTP/1.1" 200 351498
192.168.175.104 - - [17/Nov/2019:02:06:52 -0500] "GET / HTTP/1.0" 200 9990
173.212.241.58 - - [17/Nov/2019:02:06:52 -0500] "GET /BLA/boletinlegal/documentos-importantes.php/index.php/index.php/index.php/doctrina.php/doctrina.php/actos.php/index.php/norma_menu.php/norma_menu.php/doctrina.php/doctrina.php/ HTTP/1.1" 200 4822
66.249.66.81 - - [17/Nov/2019:02:07:01 -0500] "GET /BLA/resoluciones/AUTOS%202018/4059.pdf HTTP/1.1" 200 230791
66.249.66.81 - - [17/Nov/2019:02:07:07 -0500] "GET /BLA/resoluciones/Autos%202008/2659.pdf HTTP/1.1" 200 61056
66.249.66.81 - - [17/Nov/2019:02:07:09 -0500] "GET /BLA/resoluciones/RESOLUCIONES%202016/0417.pdf HTTP/1.1" 304 -
66.249.66.81 - - [17/Nov/2019:02:07:16 -0500] "GET /BLA/resoluciones/RESOLUCIONES%202010/6095.pdf HTTP/1.1" 200 646892
173.212.241.58 - - [17/Nov/2019:02:07:24 -0500] "GET /BLA/boletinlegal/documentos-importantes.php/index.php/index.php/index.php/doctrina.php/doctrina.php/actos.php/index.php/norma_menu.php/norma_menu.php/doctrina.php/index.php/ HTTP/1.1" 200 4822
66.249.66.81 - - [17/Nov/2019:02:07:28 -0500] "GET /BLA/resoluciones/AUTOS%202014/5623.pdf HTTP/1.1" 304 -
66.249.66.81 - - [17/Nov/2019:02:07:31 -0500] "GET /BLA/resoluciones/RESOLUCIONES%202010/6484.pdf HTTP/1.1" 200 1290027
66.249.66.81 - - [17/Nov/2019:02:07:33 -0500] "GET /BLA/resoluciones/RESOLUCIONES%202007/RES%202007%203901%20AL%204000/RESOLUCION%203985%20DE%202007.pdf HTTP/1.1" 200 421074
66.249.66.82 - - [17/Nov/2019:02:07:41 -0500] "GET /BLA/resoluciones/AUTOS%202015/4305.pdf HTTP/1.1" 200 510210
66.249.66.81 - - [17/Nov/2019:02:07:48 -0500] "GET /BLA/resoluciones/AUTOS%202007/1541.pdf HTTP/1.1" 304 -
66.249.66.82 - - [17/Nov/2019:02:08:06 -0500] "GET /BLA/resoluciones/AUTOS%202017/2403.pdf HTTP/1.1" 304 -
192.168.175.104 - - [17/Nov/2019:02:08:07 -0500] "GET / HTTP/1.1" 200 9990
66.249.66.81 - - [17/Nov/2019:02:08:07 -0500] "GET /BLA/resoluciones/RESOLUCIONES%202017/1854.pdf HTTP/1.1" 200 422548
66.249.66.81 - - [17/Nov/2019:02:08:14 -0500] "GET /BLA/resoluciones/AUTOS%202012/2433.pdf HTTP/1.1" 200 712848
66.249.66.81 - - [17/Nov/2019:02:09:14 -0500] "GET /BLA/resoluciones/RESOLUCIONES%202016/2472.pdf HTTP/1.1" 200 428350
66.249.66.81 - - [17/Nov/2019:02:09:22 -0500] "GET /BLA/resoluciones/AUTOS%202011/2965.pdf HTTP/1.1" 200 155527
66.249.66.81 - - [17/Nov/2019:02:10:01 -0500] "GET /BLA/resoluciones/RESOLUCIONES%202009/6992.pdf HTTP/1.1" 200 883013
157.55.39.62 - - [17/Nov/2019:02:10:12 -0500] "GET /Autoliquidacion/Solicitud%20de%20Licencia%20Ambiental/Aplicativo.html HTTP/1.1" 304 -
66.249.66.81 - - [17/Nov/2019:02:10:13 -0500] "GET /BLA/resoluciones/AUTOS%202014/3896.pdf HTTP/1.1" 200 551771
66.249.66.81 - - [17/Nov/2019:02:10:21 -0500] "GET /BLA/resoluciones/AUTOS%202013/1361.pdf HTTP/1.1" 200 1917099
54.36.150.6 - - [17/Nov/2019:02:10:42 -0500] "GET /BLA/resoluciones/RESOLUCIONES%202004/RES%202004%20651-700/00000660.tif HTTP/1.1" 200 279192
66.249.66.158 - - [17/Nov/2019:02:10:50 -0500] "GET /BLA/boletinlegal/circulares/10-2012-SDA.pdf HTTP/1.1" 200 1563219
173.212.241.58 - - [17/Nov/2019:02:10:59 -0500] "GET /BLA/boletinlegal/documentos-importantes.php/index.php/index.php/index.php/doctrina.php/doctrina.php/actos.php/index.php/norma_menu.php/norma_menu.php/doctrina.php/jurisprudencia.php/ HTTP/1.1" 200 4822
40.77.167.103 - - [17/Nov/2019:02:11:01 -0500] "GET /BLA/boletinlegal/Directivas/2013/Directiva%20No.%201%20del%2004%20de%20Abril%20de%202013.pdf HTTP/1.1" 304 -
66.249.66.81 - - [17/Nov/2019:02:11:01 -0500] "GET /BLA/resoluciones/RESOLUCIONES%202010/6353.pdf HTTP/1.1" 200 1143628
54.36.149.107 - - [17/Nov/2019:02:11:08 -0500] "GET /BLA/resoluciones/RESOLUCIONES%202004/RES%202004%20601-650/00000635.tif HTTP/1.1" 200 151540
173.212.241.58 - - [17/Nov/2019:02:11:08 -0500] "GET /BLA/boletinlegal/documentos-importantes.php/index.php/index.php/index.php/doctrina.php/doctrina.php/actos.php/index.php/norma_menu.php/norma_menu.php/doctrina.php/norma_menu.php/ HTTP/1.1" 200 4822
173.212.241.58 - - [17/Nov/2019:02:11:13 -0500] "GET /BLA/boletinlegal/documentos-importantes.php/index.php/index.php/index.php/doctrina.php/doctrina.php/actos.php/index.php/norma_menu.php/norma_menu.php/index.php/actos.php/ HTTP/1.1" 200 4822
69.162.124.232 - - [17/Nov/2019:02:11:17 -0500] "HEAD / HTTP/1.1" 200 -
66.249.66.82 - - [17/Nov/2019:02:11:17 -0500] "GET /BLA/resoluciones/AUTOS%202012/0674.pdf HTTP/1.1" 200 317299
46.229.168.161 - - [17/Nov/2019:02:11:17 -0500] "GET /Autoliquidacion/index.php?dir=Solicitud%2Bde%2BClasificaci%C3%B3n%2Bde%2BImpacto%2BAmbiental%2F&order=asc&sort=date HTTP/1.1" 200 6676
173.212.241.58 - - [17/Nov/2019:02:11:18 -0500] "GET /BLA/boletinlegal/documentos-importantes.php/index.php/index.php/index.php/doctrina.php/doctrina.php/actos.php/index.php/norma_menu.php/norma_menu.php/index.php/doctrina.php/ HTTP/1.1" 200 4822
173.212.241.58 - - [17/Nov/2019:02:11:24 -0500] "GET /BLA/boletinlegal/documentos-importantes.php/index.php/index.php/index.php/doctrina.php/doctrina.php/actos.php/index.php/norma_menu.php/norma_menu.php/index.php/index.php/ HTTP/1.1" 200 4822
66.249.66.82 - - [17/Nov/2019:02:11:25 -0500] "GET /BLA/resoluciones/AUTOS%202015/5392.pdf HTTP/1.1" 200 434717
173.212.241.58 - - [17/Nov/2019:02:11:29 -0500] "GET /BLA/boletinlegal/documentos-importantes.php/index.php/index.php/index.php/doctrina.php/doctrina.php/actos.php/index.php/norma_menu.php/norma_menu.php/index.php/jurisprudencia.php/ HTTP/1.1" 200 4822
66.249.66.153 - - [17/Nov/2019:02:11:33 -0500] "GET /BLA/boletinlegal/images/pdf.gif HTTP/1.1" 304 -
173.212.241.58 - - [17/Nov/2019:02:11:35 -0500] "GET /BLA/boletinlegal/documentos-importantes.php/index.php/index.php/index.php/doctrina.php/doctrina.php/actos.php/index.php/norma_menu.php/norma_menu.php/index.php/norma_menu.php/ HTTP/1.1" 200 4822
173.212.241.58 - - [17/Nov/2019:02:11:42 -0500] "GET /BLA/boletinlegal/documentos-importantes.php/index.php/index.php/index.php/doctrina.php/doctrina.php/actos.php/index.php/norma_menu.php/norma_menu.php/jurisprudencia.php/actos.php/ HTTP/1.1" 200 4822
173.212.241.58 - - [17/Nov/2019:02:11:48 -0500] "GET /BLA/boletinlegal/documentos-importantes.php/index.php/index.php/index.php/doctrina.php/doctrina.php/actos.php/index.php/norma_menu.php/norma_menu.php/jurisprudencia.php/doctrina.php/ HTTP/1.1" 200 4822
192.168.175.104 - - [17/Nov/2019:02:11:50 -0500] "GET / HTTP/1.0" 200 9990
66.249.66.81 - - [17/Nov/2019:02:11:54 -0500] "GET /BLA/resoluciones/RESOLUCIONES%202017/3270.pdf HTTP/1.1" 200 391178
173.212.241.58 - - [17/Nov/2019:02:11:55 -0500] "GET /BLA/boletinlegal/documentos-importantes.php/index.php/index.php/index.php/doctrina.php/doctrina.php/actos.php/index.php/norma_menu.php/norma_menu.php/jurisprudencia.php/index.php/ HTTP/1.1" 200 4822
173.212.241.58 - - [17/Nov/2019:02:12:13 -0500] "GET /BLA/boletinlegal/documentos-importantes.php/index.php/index.php/index.php/doctrina.php/doctrina.php/actos.php/index.php/norma_menu.php/norma_menu.php/jurisprudencia.php/jurisprudencia.php/ HTTP/1.1" 200 4822
192.154.242.214 - - [17/Nov/2019:02:12:14 -0500] "GET /BLA/boletinlegal/js/jquery.scrollShow.js HTTP/1.1" 200 4586
192.154.242.214 - - [17/Nov/2019:02:12:15 -0500] "GET /galeria/galeria/jquery.fancybox.js?v=2.1.5 HTTP/1.1" 200 48706
173.212.241.58 - - [17/Nov/2019:02:12:19 -0500] "GET /BLA/boletinlegal/documentos-importantes.php/index.php/index.php/index.php/doctrina.php/doctrina.php/actos.php/index.php/norma_menu.php/norma_menu.php/jurisprudencia.php/norma_menu.php/ HTTP/1.1" 200 4822
192.154.242.214 - - [17/Nov/2019:02:12:19 -0500] "GET /galeria/galeria/jquery.fancybox.css?v=2.1.5 HTTP/1.1" 200 4895
173.212.241.58 - - [17/Nov/2019:02:12:27 -0500] "GET /BLA/boletinlegal/documentos-importantes.php/index.php/index.php/index.php/doctrina.php/doctrina.php/actos.php/index.php/norma_menu.php/norma_menu.php/norma_menu.php/actos.php/ HTTP/1.1" 200 4822
173.212.241.58 - - [17/Nov/2019:02:12:33 -0500] "GET /BLA/boletinlegal/documentos-importantes.php/index.php/index.php/index.php/doctrina.php/doctrina.php/actos.php/index.php/norma_menu.php/norma_menu.php/norma_menu.php/doctrina.php/ HTTP/1.1" 200 4822
66.249.66.81 - - [17/Nov/2019:02:12:34 -0500] "GET /BLA/resoluciones/AUTOS%202014/7335.pdf HTTP/1.1" 200 621153
173.212.241.58 - - [17/Nov/2019:02:12:40 -0500] "GET /BLA/boletinlegal/documentos-importantes.php/index.php/index.php/index.php/doctrina.php/doctrina.php/actos.php/index.php/norma_menu.php/norma_menu.php/norma_menu.php/index.php/ HTTP/1.1" 200 4822
173.212.241.58 - - [17/Nov/2019:02:12:46 -0500] "GET /BLA/boletinlegal/documentos-importantes.php/index.php/index.php/index.php/doctrina.php/doctrina.php/actos.php/index.php/norma_menu.php/norma_menu.php/norma_menu.php/jurisprudencia.php/ HTTP/1.1" 200 4822
66.249.66.81 - - [17/Nov/2019:02:12:53 -0500] "GET /BLA/resoluciones/RESOLUCIONES%202017/0794.pdf HTTP/1.1" 200 417470
173.212.241.58 - - [17/Nov/2019:02:12:55 -0500] "GET /BLA/boletinlegal/documentos-importantes.php/index.php/index.php/index.php/doctrina.php/doctrina.php/actos.php/index.php/norma_menu.php/norma_menu.php/norma_menu.php/norma_menu.php/ HTTP/1.1" 200 4822
173.212.241.58 - - [17/Nov/2019:02:13:05 -0500] "GET /BLA/boletinlegal/documentos-importantes.php/index.php/index.php/index.php/doctrina.php/doctrina.php/actos.php/jurisprudencia.php/actos.php/actos.php/actos.php/actos.php/ HTTP/1.1" 200 4822
192.168.175.104 - - [17/Nov/2019:02:13:06 -0500] "GET / HTTP/1.1" 200 9990
66.249.66.158 - - [17/Nov/2019:02:13:09 -0500] "GET /BLA/boletinlegal/actas/acta%20de%20acuerdo%2002%20adop%20regla%20inter%20mesa%20salud%20ambie.pdf HTTP/1.1" 200 479782
66.249.66.81 - - [17/Nov/2019:02:13:12 -0500] "GET /BLA/resoluciones/RESOLUCIONES%202007/RES%202007%201401%20AL%201500/RESOLUCION%201451%20DE%202007.pdf HTTP/1.1" 200 191674
173.212.241.58 - - [17/Nov/2019:02:13:19 -0500] "GET /BLA/boletinlegal/documentos-importantes.php/index.php/index.php/index.php/doctrina.php/doctrina.php/actos.php/jurisprudencia.php/actos.php/actos.php/actos.php/doctrina.php/ HTTP/1.1" 200 4822
192.154.242.214 - - [17/Nov/2019:02:13:24 -0500] "GET /galeria/galeria/fancybox_sprite.png HTTP/1.1" 200 1362
192.154.242.214 - - [17/Nov/2019:02:13:24 -0500] "GET /galeria/galeria/fancybox_loading.gif HTTP/1.1" 200 6567
192.154.242.214 - - [17/Nov/2019:02:13:25 -0500] "GET /galeria/galeria/blank.gif HTTP/1.1" 200 43
192.154.242.214 - - [17/Nov/2019:02:13:25 -0500] "GET /galeria/galeria/fancybox_overlay.png HTTP/1.1" 200 1003
192.154.242.214 - - [17/Nov/2019:02:13:25 -0500] "GET /galeria/galeria/fancybox_sprite@2x.png HTTP/1.1" 200 6553
192.154.242.214 - - [17/Nov/2019:02:13:25 -0500] "GET /galeria/galeria/fancybox_loading@2x.gif HTTP/1.1" 200 13984
173.212.241.58 - - [17/Nov/2019:02:13:28 -0500] "GET /BLA/boletinlegal/documentos-importantes.php/index.php/index.php/index.php/doctrina.php/doctrina.php/actos.php/jurisprudencia.php/actos.php/actos.php/actos.php/index.php/ HTTP/1.1" 200 4822
66.249.66.82 - - [17/Nov/2019:02:13:40 -0500] "GET /BLA/resoluciones/Autos%202008/2358.pdf HTTP/1.1" 200 90299
66.249.66.82 - - [17/Nov/2019:02:13:46 -0500] "GET /BLA/resoluciones/AUTOS%202018/0544.pdf HTTP/1.1" 200 264630
173.212.241.58 - - [17/Nov/2019:02:13:47 -0500] "GET /BLA/boletinlegal/documentos-importantes.php/index.php/index.php/index.php/doctrina.php/doctrina.php/actos.php/jurisprudencia.php/actos.php/actos.php/actos.php/jurisprudencia.php/ HTTP/1.1" 200 4822
173.212.241.58 - - [17/Nov/2019:02:13:54 -0500] "GET /BLA/boletinlegal/documentos-importantes.php/index.php/index.php/index.php/doctrina.php/doctrina.php/actos.php/jurisprudencia.php/actos.php/actos.php/actos.php/norma_menu.php/ HTTP/1.1" 200 4822
66.249.66.81 - - [17/Nov/2019:02:13:54 -0500] "GET /BLA/resoluciones/RESOLUCIONES%202017/1642.pdf HTTP/1.1" 200 628549
66.249.66.158 - - [17/Nov/2019:02:13:58 -0500] "GET /portel_dama/libreria/php/2006/ECOSISTEMAS%20FINAL%20web_mz27/x%20restauracion/sitio/55_artic/xtras/13.pdf HTTP/1.1" 404 1019
66.249.66.81 - - [17/Nov/2019:02:14:01 -0500] "GET /BLA/resoluciones/RESOLUCIONES%202010/6114.pdf HTTP/1.1" 200 618667
66.249.66.157 - - [17/Nov/2019:02:14:04 -0500] "GET /BLA/boletinlegal/circulares/6-2011.pdf HTTP/1.1" 200 252800
173.212.241.58 - - [17/Nov/2019:02:14:05 -0500] "GET /BLA/boletinlegal/documentos-importantes.php/index.php/index.php/index.php/doctrina.php/doctrina.php/actos.php/jurisprudencia.php/actos.php/actos.php/doctrina.php/actos.php/ HTTP/1.1" 200 4822
66.249.66.81 - - [17/Nov/2019:02:14:06 -0500] "GET /BLA/resoluciones/RESOLUCIONES%202008/2624.pdf HTTP/1.1" 200 244302
173.212.241.58 - - [17/Nov/2019:02:14:09 -0500] "GET /BLA/boletinlegal/documentos-importantes.php/index.php/index.php/index.php/doctrina.php/doctrina.php/actos.php/jurisprudencia.php/actos.php/actos.php/doctrina.php/doctrina.php/ HTTP/1.1" 200 4822
66.249.66.82 - - [17/Nov/2019:02:14:09 -0500] "GET /BLA/resoluciones/RESOLUCIONES%202014/1092.pdf HTTP/1.1" 200 1413721
66.249.66.81 - - [17/Nov/2019:02:14:11 -0500] "GET /BLA/resoluciones/AUTOS%202017/3123.pdf HTTP/1.1" 200 544632
66.249.66.83 - - [17/Nov/2019:02:14:17 -0500] "GET /BLA/resoluciones/RESOLUCIONES%202007/RES%202007%204201%20AL%204300/RESOLUCION%204252%20DE%202007.pdf HTTP/1.1" 200 78299
173.212.241.58 - - [17/Nov/2019:02:14:23 -0500] "GET /BLA/boletinlegal/documentos-importantes.php/index.php/index.php/index.php/doctrina.php/doctrina.php/actos.php/jurisprudencia.php/actos.php/actos.php/doctrina.php/index.php/ HTTP/1.1" 200 4822
66.249.66.82 - - [17/Nov/2019:02:14:23 -0500] "GET /BLA/resoluciones/RESOLUCIONES%202011/2620.pdf HTTP/1.1" 200 510747
66.249.66.81 - - [17/Nov/2019:02:14:28 -0500] "GET /BLA/resoluciones/AUTOS%202014/1928.pdf HTTP/1.1" 200 2489201
66.249.66.84 - - [17/Nov/2019:02:14:32 -0500] "GET /BLA/resoluciones/RESOLUCIONES%202007/RES%202007%202401%20AL%202500/RESOLUCION%202493%20DE%202007.pdf HTTP/1.1" 200 948072
66.249.66.83 - - [17/Nov/2019:02:14:45 -0500] "GET /BLA/resoluciones/RESOLUCIONES%202011/1940.pdf HTTP/1.1" 200 453978
66.249.66.81 - - [17/Nov/2019:02:15:02 -0500] "GET /BLA/resoluciones/RESOLUCIONES%202007/RES%202007%202001%20AL%202100/RESOLUCION%202073%20DE%202007.pdf HTTP/1.1" 200 1120712
173.212.241.58 - - [17/Nov/2019:02:15:05 -0500] "GET /BLA/boletinlegal/documentos-importantes.php/index.php/index.php/index.php/doctrina.php/doctrina.php/actos.php/jurisprudencia.php/actos.php/actos.php/doctrina.php/norma_menu.php/ HTTP/1.1" 200 4822
66.249.66.157 - - [17/Nov/2019:02:15:05 -0500] "GET /BLA/boletinlegal/circulares/1-2012-SDA.pdf HTTP/1.1" 200 1118749
66.249.66.82 - - [17/Nov/2019:02:15:07 -0500] "GET /BLA/resoluciones/AUTOS%202018/0843.pdf HTTP/1.1" 200 299221
66.249.66.83 - - [17/Nov/2019:02:15:14 -0500] "GET /BLA/resoluciones/AUTOS%202007/0373.pdf HTTP/1.1" 200 107106
66.249.66.82 - - [17/Nov/2019:02:15:21 -0500] "GET /BLA/resoluciones/AUTOS%202007/0562.pdf HTTP/1.1" 200 416113
173.212.241.58 - - [17/Nov/2019:02:15:27 -0500] "GET /BLA/boletinlegal/documentos-importantes.php/index.php/index.php/index.php/doctrina.php/doctrina.php/actos.php/jurisprudencia.php/actos.php/actos.php/index.php/actos.php/ HTTP/1.1" 200 4822
66.249.66.81 - - [17/Nov/2019:02:15:29 -0500] "GET /BLA/resoluciones/AUTOS%202007/0397.pdf HTTP/1.1" 200 31616
66.249.66.82 - - [17/Nov/2019:02:15:35 -0500] "GET /BLA/resoluciones/AUTOS%202015/4558.pdf HTTP/1.1" 200 502220
66.249.66.82 - - [17/Nov/2019:02:15:48 -0500] "GET /galeria/nivo-slider/demo/2demo.html? HTTP/1.1" 200 3810
66.249.66.82 - - [17/Nov/2019:02:15:53 -0500] "GET /BLA/resoluciones/RESOLUCIONES%202011/3711.pdf HTTP/1.1" 200 452526
66.249.66.155 - - [17/Nov/2019:02:15:56 -0500] "GET /dama/libreria/pdf/foroaire/UNIANDES%201.pdf HTTP/1.1" 404 1019
173.212.241.58 - - [17/Nov/2019:02:16:00 -0500] "GET /BLA/boletinlegal/documentos-importantes.php/index.php/index.php/index.php/doctrina.php/doctrina.php/actos.php/jurisprudencia.php/actos.php/actos.php/index.php/doctrina.php/ HTTP/1.1" 200 4822
66.249.66.81 - - [17/Nov/2019:02:16:05 -0500] "GET /BLA/resoluciones/Autos%202008/1396.pdf HTTP/1.1" 200 180564
66.249.66.81 - - [17/Nov/2019:02:16:12 -0500] "GET /BLA/resoluciones/AUTOS%202007/0086.pdf HTTP/1.1" 200 49221
173.212.241.58 - - [17/Nov/2019:02:16:15 -0500] "GET /BLA/boletinlegal/documentos-importantes.php/index.php/index.php/index.php/doctrina.php/doctrina.php/actos.php/jurisprudencia.php/actos.php/actos.php/index.php/index.php/ HTTP/1.1" 200 4822
69.162.124.232 - - [17/Nov/2019:02:16:17 -0500] "HEAD / HTTP/1.1" 200 -
66.249.66.81 - - [17/Nov/2019:02:16:19 -0500] "GET /BLA/resoluciones/AUTOS%202012/0711.pdf HTTP/1.1" 200 239535
173.212.241.58 - - [17/Nov/2019:02:16:30 -0500] "GET /BLA/boletinlegal/documentos-importantes.php/index.php/index.php/index.php/doctrina.php/doctrina.php/actos.php/jurisprudencia.php/actos.php/actos.php/index.php/jurisprudencia.php/ HTTP/1.1" 200 4822
66.249.66.82 - - [17/Nov/2019:02:16:31 -0500] "GET /BLA/resoluciones/AUTOS%202007/0203.pdf HTTP/1.1" 200 17264
66.249.66.82 - - [17/Nov/2019:02:16:37 -0500] "GET /BLA/resoluciones/RESOLUCIONES%202010/6235.pdf HTTP/1.1" 200 653369
173.212.241.58 - - [17/Nov/2019:02:16:43 -0500] "GET /BLA/boletinlegal/documentos-importantes.php/index.php/index.php/index.php/doctrina.php/doctrina.php/actos.php/jurisprudencia.php/actos.php/actos.php/index.php/norma_menu.php/ HTTP/1.1" 200 4822
192.168.175.104 - - [17/Nov/2019:02:16:48 -0500] "GET / HTTP/1.0" 200 9990
66.249.66.81 - - [17/Nov/2019:02:16:50 -0500] "GET /resoluciones/RESOLUCIONES%202009/1726.pdf HTTP/1.1" 404 1018
173.212.241.58 - - [17/Nov/2019:02:17:02 -0500] "GET /BLA/boletinlegal/documentos-importantes.php/index.php/index.php/index.php/doctrina.php/doctrina.php/actos.php/jurisprudencia.php/actos.php/actos.php/jurisprudencia.php/actos.php/ HTTP/1.1" 200 4822
66.249.66.81 - - [17/Nov/2019:02:17:04 -0500] "GET /BLA/resoluciones/Autos%202008/1588.pdf HTTP/1.1" 200 148578
66.249.66.81 - - [17/Nov/2019:02:17:06 -0500] "GET /BLA/resoluciones/RESOLUCIONES%202011/3282.pdf HTTP/1.1" 200 263271
66.249.66.81 - - [17/Nov/2019:02:17:09 -0500] "GET /resoluciones/AUTOS%202007/2330.pdf HTTP/1.1" 404 1018
66.249.66.81 - - [17/Nov/2019:02:17:11 -0500] "GET /BLA/resoluciones/RESOLUCIONES%202011/2009.pdf HTTP/1.1" 200 498960
173.212.241.58 - - [17/Nov/2019:02:17:15 -0500] "GET /BLA/boletinlegal/documentos-importantes.php/index.php/index.php/index.php/doctrina.php/doctrina.php/actos.php/jurisprudencia.php/actos.php/actos.php/jurisprudencia.php/doctrina.php/ HTTP/1.1" 200 4822
66.249.66.159 - - [17/Nov/2019:02:17:14 -0500] "GET /BLA/boletinlegal/directivas/2009/0.pdf HTTP/1.1" 200 1636862
66.249.66.81 - - [17/Nov/2019:02:17:17 -0500] "GET /BLA/resoluciones/RESOLUCIONES%202009/2710.pdf HTTP/1.1" 200 667760
66.249.66.158 - - [17/Nov/2019:02:17:20 -0500] "GET /BLA/boletinlegal/circulares/14-2012-SDA.pdf HTTP/1.1" 200 3427471
66.249.66.157 - - [17/Nov/2019:02:17:27 -0500] "GET /ial/sitio/MEMORIAS%20SIMAH/Auditorio/Viernes%20AM/Sesion%205%20830%201000/4%20Anne%20Chung%20Japon.pdf HTTP/1.1" 404 1019
66.249.66.158 - - [17/Nov/2019:02:17:30 -0500] "GET /portel_dama/libreria/php/2006/ECOSISTEMAS%20FINAL%20web_mz27/restauracion/sitio/22_proye/xtras_in/4.pdf HTTP/1.1" 404 1019
66.249.66.82 - - [17/Nov/2019:02:17:33 -0500] "GET /BLA/resoluciones/Autos%202008/1579.pdf HTTP/1.1" 200 140653
173.212.241.58 - - [17/Nov/2019:02:17:33 -0500] "GET /BLA/boletinlegal/documentos-importantes.php/index.php/index.php/index.php/doctrina.php/doctrina.php/actos.php/jurisprudencia.php/actos.php/actos.php/jurisprudencia.php/index.php/ HTTP/1.1" 200 4822
173.212.241.58 - - [17/Nov/2019:02:17:40 -0500] "GET /BLA/boletinlegal/documentos-importantes.php/index.php/index.php/index.php/doctrina.php/doctrina.php/actos.php/jurisprudencia.php/actos.php/actos.php/jurisprudencia.php/jurisprudencia.php/ HTTP/1.1" 200 4822
66.249.66.159 - - [17/Nov/2019:02:17:44 -0500] "GET /BLA/boletinlegal/circulares/6-2012-SDA.pdf HTTP/1.1" 200 387391
66.249.66.83 - - [17/Nov/2019:02:17:46 -0500] "GET /BLA/resoluciones/AUTOS%202012/2204.pdf HTTP/1.1" 200 340872
201.245.192.253 - - [17/Nov/2019:02:16:39 -0500] "POST /kwsrmcab/Wsrmcab HTTP/1.1" 200 24966
201.245.192.253 - - [17/Nov/2019:02:16:39 -0500] "POST /kwsrmcab/Wsrmcab HTTP/1.1" 200 24977
66.249.66.157 - - [17/Nov/2019:02:17:53 -0500] "GET /BLA/boletinlegal/circulares/5-2011-SDA.pdf HTTP/1.1" 200 1488992
66.249.66.82 - - [17/Nov/2019:02:17:58 -0500] "GET /BLA/resoluciones/AUTOS%202012/1081.pdf HTTP/1.1" 200 351069
173.212.241.58 - - [17/Nov/2019:02:18:03 -0500] "GET /BLA/boletinlegal/documentos-importantes.php/index.php/index.php/index.php/doctrina.php/doctrina.php/actos.php/jurisprudencia.php/actos.php/actos.php/jurisprudencia.php/norma_menu.php/ HTTP/1.1" 200 4822
192.168.175.104 - - [17/Nov/2019:02:18:04 -0500] "GET / HTTP/1.1" 200 9990
66.249.66.81 - - [17/Nov/2019:02:18:04 -0500] "GET /BLA/resoluciones/RESOLUCIONES%202007/RES%202007%201401%20AL%201500/RESOLUCION%201456%20DE%202007.pdf HTTP/1.1" 200 365844
201.245.192.253 - - [17/Nov/2019:02:17:39 -0500] "POST /kwsrmcab/Wsrmcab HTTP/1.1" 200 24966
66.249.66.82 - - [17/Nov/2019:02:18:11 -0500] "GET /BLA/resoluciones/RESOLUCIONES%202011/1120.pdf HTTP/1.1" 200 249416
173.212.241.58 - - [17/Nov/2019:02:18:18 -0500] "GET /BLA/boletinlegal/documentos-importantes.php/index.php/index.php/index.php/doctrina.php/doctrina.php/actos.php/jurisprudencia.php/actos.php/actos.php/norma_menu.php/actos.php/ HTTP/1.1" 200 4822
66.249.66.82 - - [17/Nov/2019:02:18:22 -0500] "GET /BLA/resoluciones/RESOLUCIONES%202011/1228.pdf HTTP/1.1" 200 514237
173.212.241.58 - - [17/Nov/2019:02:18:29 -0500] "GET /BLA/boletinlegal/documentos-importantes.php/index.php/index.php/index.php/doctrina.php/doctrina.php/actos.php/jurisprudencia.php/actos.php/actos.php/norma_menu.php/doctrina.php/ HTTP/1.1" 200 4822
66.249.66.82 - - [17/Nov/2019:02:18:30 -0500] "GET /BLA/resoluciones/Autos%202008/3093.pdf HTTP/1.1" 200 67592
157.55.39.62 - - [17/Nov/2019:02:18:33 -0500] "GET /BLA/boletinlegal/Circulares/2019/Circular%20No.%200003%20del%2031%20de%20Enero%20de%202019.pdf HTTP/1.1" 304 -
186.29.167.254 - - [17/Nov/2019:02:18:45 -0500] "GET /BLA/resoluciones/AUTOS%202015/5664.pdf HTTP/1.1" 200 460112
186.29.167.254 - - [17/Nov/2019:02:18:45 -0500] "GET /favicon.ico HTTP/1.1" 200 7782
173.212.241.58 - - [17/Nov/2019:02:18:46 -0500] "GET /BLA/boletinlegal/documentos-importantes.php/index.php/index.php/index.php/doctrina.php/doctrina.php/actos.php/jurisprudencia.php/actos.php/actos.php/norma_menu.php/index.php/ HTTP/1.1" 200 4822
66.249.66.158 - - [17/Nov/2019:02:18:49 -0500] "GET /BLA/boletinlegal/directivas/2011/9.pdf HTTP/1.1" 200 326687
66.249.66.158 - - [17/Nov/2019:02:18:55 -0500] "GET /BLA/boletinlegal/directivas/2011/1.pdf HTTP/1.1" 200 971292
66.249.66.81 - - [17/Nov/2019:02:18:57 -0500] "GET /BLA/resoluciones/AUTOS%202007/0630.pdf HTTP/1.1" 200 86984
66.249.66.81 - - [17/Nov/2019:02:19:06 -0500] "GET /BLA/resoluciones/RESOLUCIONES%202017/0248.pdf HTTP/1.1" 200 497948
66.249.66.81 - - [17/Nov/2019:02:19:18 -0500] "GET /BLA/resoluciones/RESOLUCIONES%202007/RES%202007%201001%20AL%201100/RESOLUCION%201013%20DE%202007.pdf HTTP/1.1" 200 171394
173.212.241.58 - - [17/Nov/2019:02:19:25 -0500] "GET /BLA/boletinlegal/documentos-importantes.php/index.php/index.php/index.php/doctrina.php/doctrina.php/actos.php/jurisprudencia.php/actos.php/actos.php/norma_menu.php/norma_menu.php/ HTTP/1.1" 200 4822
66.249.66.82 - - [17/Nov/2019:02:19:25 -0500] "GET /BLA/resoluciones/RESOLUCIONES%202007/RES%202007%201%20AL%20100/RESOLUCION%200015%20DE%202007.pdf HTTP/1.1" 200 392127
66.249.66.159 - - [17/Nov/2019:02:19:43 -0500] "GET /BLA/boletinlegal/circulares/35.pdf HTTP/1.1" 200 578234
66.249.66.81 - - [17/Nov/2019:02:19:45 -0500] "GET /BLA/resoluciones/Autos%202008/1277.pdf HTTP/1.1" 200 71839
173.212.241.58 - - [17/Nov/2019:02:19:48 -0500] "GET /BLA/boletinlegal/documentos-importantes.php/index.php/index.php/index.php/doctrina.php/doctrina.php/actos.php/jurisprudencia.php/actos.php/doctrina.php/actos.php/actos.php/ HTTP/1.1" 200 4822
66.249.66.81 - - [17/Nov/2019:02:19:52 -0500] "GET /BLA/resoluciones/AUTOS%202017/4261.pdf HTTP/1.1" 200 2727272
66.249.66.158 - - [17/Nov/2019:02:19:56 -0500] "GET /BLA/boletinlegal/circulares/2-2013-SDA.pdf HTTP/1.1" 200 85466
66.249.66.83 - - [17/Nov/2019:02:19:59 -0500] "GET /BLA/resoluciones/RESOLUCIONES%202010/5175.pdf HTTP/1.1" 200 1332935
66.249.66.83 - - [17/Nov/2019:02:20:02 -0500] "GET /BLA/resoluciones/RESOLUCIONES%202007/RES%202007%204001%20AL%204100/RESOLUCION%204007%20DE%202007.pdf HTTP/1.1" 200 490376
173.212.241.58 - - [17/Nov/2019:02:20:05 -0500] "GET /BLA/boletinlegal/documentos-importantes.php/index.php/index.php/index.php/doctrina.php/doctrina.php/actos.php/jurisprudencia.php/actos.php/doctrina.php/actos.php/doctrina.php/ HTTP/1.1" 200 4822
66.249.66.83 - - [17/Nov/2019:02:20:05 -0500] "GET /BLA/resoluciones/RESOLUCIONES%202010/6579.pdf HTTP/1.1" 200 489760
66.249.66.84 - - [17/Nov/2019:02:20:07 -0500] "GET /BLA/resoluciones/RESOLUCIONES%202010/6373.pdf HTTP/1.1" 200 3436636
66.249.66.82 - - [17/Nov/2019:02:20:12 -0500] "GET /BLA/resoluciones/AUTOS%202014/6225.pdf HTTP/1.1" 200 518626
173.212.241.58 - - [17/Nov/2019:02:20:20 -0500] "GET /BLA/boletinlegal/documentos-importantes.php/index.php/index.php/index.php/doctrina.php/doctrina.php/actos.php/jurisprudencia.php/actos.php/doctrina.php/actos.php/index.php/ HTTP/1.1" 200 4822
66.249.66.87 - - [17/Nov/2019:02:20:21 -0500] "GET /BLA/resoluciones/AUTOS%202012/0252.pdf HTTP/1.1" 200 586361
66.249.66.85 - - [17/Nov/2019:02:20:33 -0500] "GET /BLA/resoluciones/RESOLUCIONES%202013/1743.pdf HTTP/1.1" 200 516936
173.212.241.58 - - [17/Nov/2019:02:20:35 -0500] "GET /BLA/boletinlegal/documentos-importantes.php/index.php/index.php/index.php/doctrina.php/doctrina.php/actos.php/jurisprudencia.php/actos.php/doctrina.php/actos.php/jurisprudencia.php/ HTTP/1.1" 200 4822
66.249.66.85 - - [17/Nov/2019:02:20:43 -0500] "GET /BLA/resoluciones/AUTOS%202007/3061.pdf HTTP/1.1" 200 330709
173.212.241.58 - - [17/Nov/2019:02:20:50 -0500] "GET /BLA/boletinlegal/documentos-importantes.php/index.php/index.php/index.php/doctrina.php/doctrina.php/actos.php/jurisprudencia.php/actos.php/doctrina.php/actos.php/norma_menu.php/ HTTP/1.1" 200 4822
66.249.66.82 - - [17/Nov/2019:02:20:51 -0500] "GET /BLA/resoluciones/AUTOS%202012/1971.pdf HTTP/1.1" 200 413420
66.249.66.82 - - [17/Nov/2019:02:20:58 -0500] "GET /BLA/resoluciones/RESOLUCIONES%202007/RES%202007%202301%20AL%202400/RESOLUCION%202305%20DE%202007.pdf HTTP/1.1" 200 642614
66.249.66.82 - - [17/Nov/2019:02:21:06 -0500] "GET /BLA/resoluciones/AUTOS%202016/2329.pdf HTTP/1.1" 304 -
173.212.241.58 - - [17/Nov/2019:02:21:14 -0500] "GET /BLA/boletinlegal/documentos-importantes.php/index.php/index.php/index.php/doctrina.php/doctrina.php/actos.php/jurisprudencia.php/actos.php/doctrina.php/doctrina.php/actos.php/ HTTP/1.1" 200 4822
69.162.124.232 - - [17/Nov/2019:02:21:17 -0500] "HEAD / HTTP/1.1" 200 -
66.249.66.81 - - [17/Nov/2019:02:21:18 -0500] "GET /BLA/resoluciones/RESOLUCIONES%202007/RES%202007%203301%20AL%203400/RESOLUCION%203315%20DE%202007.pdf HTTP/1.1" 200 633813
173.212.241.58 - - [17/Nov/2019:02:21:29 -0500] "GET /BLA/boletinlegal/documentos-importantes.php/index.php/index.php/index.php/doctrina.php/doctrina.php/actos.php/jurisprudencia.php/actos.php/doctrina.php/doctrina.php/doctrina.php/ HTTP/1.1" 200 4822
66.249.66.82 - - [17/Nov/2019:02:21:38 -0500] "GET /BLA/resoluciones/AUTOS%202012/0707.pdf HTTP/1.1" 200 209819
66.249.66.82 - - [17/Nov/2019:02:21:45 -0500] "GET /BLA/resoluciones/RESOLUCIONES%202010/6698.pdf HTTP/1.1" 200 769483
192.168.175.104 - - [17/Nov/2019:02:21:47 -0500] "GET / HTTP/1.0" 200 9990
66.249.66.81 - - [17/Nov/2019:02:21:54 -0500] "GET /BLA/resoluciones/RESOLUCIONES%202014/0608.pdf HTTP/1.1" 200 488297
173.212.241.58 - - [17/Nov/2019:02:21:58 -0500] "GET /BLA/boletinlegal/documentos-importantes.php/index.php/index.php/index.php/doctrina.php/doctrina.php/actos.php/jurisprudencia.php/actos.php/doctrina.php/doctrina.php/index.php/ HTTP/1.1" 200 4822
51.255.76.77 - - [17/Nov/2019:02:20:20 -0500] "HEAD /BLA/boletinlegal/index.php HTTP/1.1" 200 -
66.249.66.81 - - [17/Nov/2019:02:22:01 -0500] "GET /BLA/resoluciones/AUTOS%202015/0772.pdf HTTP/1.1" 200 565032
46.229.168.133 - - [17/Nov/2019:02:22:04 -0500] "GET /robots.txt HTTP/1.1" 404 1019
46.229.168.139 - - [17/Nov/2019:02:22:04 -0500] "GET /Anexos%20estudio%20Organizacional%20SDA/index.php?dir=ANEXO%2BNo.%2B9%2B-%2BRES%C3%83%C2%83%C3%82%C2%83%C3%83%C2%82%C3%82%C2%83%C3%83%C2%83%C3%82%C2%82%C3%83%C2%82%C3%82%C2%83%C3%83%C2%83%C3%82%C2%83%C3%83%C2%82%C3%82%C2%82%C3%83%C2%83%C3%82%C2%82%C3%83%C2%82%C3%82%C2%83%C3%83%C2%83%C3%82%C2%83%C3%83%C2%82%C3%82%C2%83%C3%83%C2%83%C3%82%C2%82%C3%83%C2%82%C3%82%C2%82%C3%83%C2%83%C3%82%C2%83%C3%83%C2%82%C3%82%C2%82%C3%83%C2%83%C3%82%C2%82%C3%83%C2%82%C3%82%C2%83%C3%83%C2%83%C3%82%C2%83%C3%83%C2%82%C3%82%C2%83%C3%83%C2%83%C3%82%C2%82%C3%83%C2%82%C3%82%C2%83%C3%83%C2%83%C3%82%C2%83%C3%83%C2%82%C3%82%C2%82%C3%83%C2%83%C3%82%C2%82%C3%83%C2%82%C3%82%C2%82%C3%83%C2%83%C3%82%C2%83%C3%83%C2%82%C3%82%C2%83%C3%83%C2%83%C3%82%C2%82%C3%83%C2%82%C3%82%C2%82%C3%83%C2%83%C3%82%C2%83%C3%83%C2%82%C3%82%C2%82%C3%83%C2%83%C3%82%C2%82%C3%83%C2%82%C3%82%C2%83%C3%83%C2%83%C3%82%C2%83%C3%83%C2%82%C3%82%C2%83%C3%83%C2%83%C3%82%C2%82%C3%83%C2%82%C3%82%C2%83%C3%83%C2%83%C3%82%C2%83%C3%83%C2%82%C3%82%C2%82%C3%83%C2%83%C3%82%C2%82%C3%83%C2%82%C3%82%C2%83%C3%83%C2%83%C3%82%C2%83%C3%83%C2%82%C3%82%C2%83%C3%83%C2%83%C3%82%C2%82%C3%83%C2%82%C3%82%C2%82%C3%83%C2%83%C3%82%C2%83%C3%83%C2%82%C3%82%C2%82%C3%83%C2%83%C3%82%C2%82%C3%83%C2%82%C3%82%C2%82%C3%83%C2%83%C3%82%C2%83%C3%83%C2%82%C3%82%C2%83%C3%83%C2%83%C3%82%C2%82%C3%83%C2%82%C3%82%C2%83%C3%83%C2%83%C3%82%C2%83%C3%83%C2%82%C3%82%C2%82%C3%83%C2%83%C3%82%C2%82%C3%83%C2%82%C3%82%C2%82%C3%83%C2%83%C3%82%C2%83%C3%83%C2%82%C3%82%C2%83%C3%83%C2%83%C3%82%C2%82%C3%83%C2%82%C3%82%C2%82%C3%83%C2%83%C3%82%C2%83%C3%83%C2%82%C3%82%C2%82%C3%83%C2%83%C3%82%C2%82%C3%83%C2%82%C3%82%C2%9AMENES%2BDE%2BLA%2BMEDICI%C3%83%C2%83%C3%82%C2%83%C3%83%C2%82%C3%82%C2%83%C3%83%C2%83%C3%82%C2%82%C3%83%C2%82%C3%82%C2%83%C3%83%C2%83%C3%82%C2%83%C3%83%C2%82%C3%82%C2%82%C3%83%C2%83%C3%82%C2%82%C3%83%C2%82%C3%82%C2%83%C3%83%C2%83%C3%82%C2%83%C3%83%C2%82%C3%82%C2%83%C3%83%C2%83%C3%82%C2%82%C3%83%C2%82%C3%82%C2%82%C3%83%C2%83%C3%82%C2%83%C3%83%C2%82%C3%82%C2%82%C3%83%C2%83%C3%82%C2%82%C3%83%C2%82%C3%82%C2%83%C3%83%C2%83%C3%82%C2%83%C3%83%C2%82%C3%82%C2%83%C3%83%C2%83%C3%82%C2%82%C3%83%C2%82%C3%82%C2%83%C3%83%C2%83%C3%82%C2%83%C3%83%C2%82%C3%82%C2%82%C3%83%C2%83%C3%82%C2%82%C3%83%C2%82%C3%82%C2%82%C3%83%C2%83%C3%82%C2%83%C3%83%C2%82%C3%82%C2%83%C3%83%C2%83%C3%82%C2%82%C3%83%C2%82%C3%82%C2%82%C3%83%C2%83%C3%82%C2%83%C3%83%C2%82%C3%82%C2%82%C3%83%C2%83%C3%82%C2%82%C3%83%C2%82%C3%82%C2%83%C3%83%C2%83%C3%82%C2%83%C3%83%C2%82%C3%82%C2%83%C3%83%C2%83%C3%82%C2%82%C3%83%C2%82%C3%82%C2%83%C3%83%C2%83%C3%82%C2%83%C3%83%C2%82%C3%82%C2%82%C3%83%C2%83%C3%82%C2%82%C3%83%C2%82%C3%82%C2%83%C3%83%C2%83%C3%82%C2%83%C3%83%C2%82%C3%82%C2%83%C3%83%C2%83%C3%82%C2%82%C3%83%C2%82%C3%82%C2%82%C3%83%C2%83%C3%82%C2%83%C3%83%C2%82%C3%82%C2%82%C3%83%C2%83%C3%82%C2%82%C3%83%C2%82%C3%82%C2%82%C3%83%C2%83%C3%82%C2%83%C3%83%C2%82%C3%82%C2%83%C3%83%C2%83%C3%82%C2%82%C3%83%C2%82%C3%82%C2%83%C3%83%C2%83%C3%82%C2%83%C3%83%C2%82%C3%82%C2%82%C3%83%C2%83%C3%82%C2%82%C3%83%C2%82%C3%82%C2%82%C3%83%C2%83%C3%82%C2%83%C3%83%C2%82%C3%82%C2%83%C3%83%C2%83%C3%82%C2%82%C3%83%C2%82%C3%82%C2%82%C3%83%C2%83%C3%82%C2%83%C3%83%C2%82%C3%82%C2%82%C3%83%C2%83%C3%82%C2%82%C3%83%C2%82%C3%82%C2%93N%2BDE%2BCARGAS%2BLABORALES%2BSDA%2F&order=asc&sort=date HTTP/1.1" 200 9265
173.212.241.58 - - [17/Nov/2019:02:22:15 -0500] "GET /BLA/boletinlegal/documentos-importantes.php/index.php/index.php/index.php/doctrina.php/doctrina.php/actos.php/jurisprudencia.php/actos.php/doctrina.php/doctrina.php/jurisprudencia.php/ HTTP/1.1" 200 4822
66.249.66.81 - - [17/Nov/2019:02:22:24 -0500] "GET /BLA/resoluciones/AUTOS%202011/7185.pdf HTTP/1.1" 200 208271
66.249.66.153 - - [17/Nov/2019:02:22:35 -0500] "GET /dama/libreria/pdf/polti_humedales_.pdf HTTP/1.1" 404 1019
66.249.66.82 - - [17/Nov/2019:02:22:38 -0500] "GET /BLA/resoluciones/RESOLUCIONES%202007/RES%202007%201001%20AL%201100/RESOLUCION%201029%20DE%202007.pdf HTTP/1.1" 200 501323
157.55.39.62 - - [17/Nov/2019:02:22:39 -0500] "GET /POT-2013/Cartografia/29_EDIFICABILIDAD.pdf HTTP/1.1" 304 -
51.255.76.77 - - [17/Nov/2019:02:21:20 -0500] "GET /BLA/boletinlegal/index.php HTTP/1.1" 200 53195
159.203.197.32 - - [17/Nov/2019:02:22:44 -0500] "GET /manager/html HTTP/1.1" 404 1018
173.212.241.58 - - [17/Nov/2019:02:22:47 -0500] "GET /BLA/boletinlegal/documentos-importantes.php/index.php/index.php/index.php/doctrina.php/doctrina.php/actos.php/jurisprudencia.php/actos.php/doctrina.php/doctrina.php/norma_menu.php/ HTTP/1.1" 200 4822
192.168.175.104 - - [17/Nov/2019:02:23:02 -0500] "GET / HTTP/1.1" 200 9990
173.212.241.58 - - [17/Nov/2019:02:23:07 -0500] "GET /BLA/boletinlegal/documentos-importantes.php/index.php/index.php/index.php/doctrina.php/doctrina.php/actos.php/jurisprudencia.php/actos.php/doctrina.php/index.php/actos.php/ HTTP/1.1" 200 4822
66.249.66.81 - - [17/Nov/2019:02:23:13 -0500] "GET /BLA/resoluciones/AUTOS%202011/4869.pdf HTTP/1.1" 200 649935
173.212.241.58 - - [17/Nov/2019:02:23:19 -0500] "GET /BLA/boletinlegal/documentos-importantes.php/index.php/index.php/index.php/doctrina.php/doctrina.php/actos.php/jurisprudencia.php/actos.php/doctrina.php/index.php/doctrina.php/ HTTP/1.1" 200 4822
66.249.66.81 - - [17/Nov/2019:02:23:32 -0500] "GET /BLA/resoluciones/Notificaciones/AUTOS%202015/2372.doc HTTP/1.1" 200 197120
173.212.241.58 - - [17/Nov/2019:02:23:42 -0500] "GET /BLA/boletinlegal/documentos-importantes.php/index.php/index.php/index.php/doctrina.php/doctrina.php/actos.php/jurisprudencia.php/actos.php/doctrina.php/index.php/index.php/ HTTP/1.1" 200 4822
216.244.66.195 - - [17/Nov/2019:02:23:59 -0500] "GET /BLA/resoluciones/AUTOS%202008/1614.pdf HTTP/1.1" 200 66108
173.212.241.58 - - [17/Nov/2019:02:24:03 -0500] "GET /BLA/boletinlegal/documentos-importantes.php/index.php/index.php/index.php/doctrina.php/doctrina.php/actos.php/jurisprudencia.php/actos.php/doctrina.php/index.php/jurisprudencia.php/ HTTP/1.1" 200 4822
66.249.66.81 - - [17/Nov/2019:02:24:10 -0500] "GET /BLA/resoluciones/RESOLUCIONES%202008/1204.pdf HTTP/1.1" 200 293589
173.212.241.58 - - [17/Nov/2019:02:24:24 -0500] "GET /BLA/boletinlegal/documentos-importantes.php/index.php/index.php/index.php/doctrina.php/doctrina.php/actos.php/jurisprudencia.php/actos.php/doctrina.php/index.php/norma_menu.php/ HTTP/1.1" 200 4822
66.249.66.81 - - [17/Nov/2019:02:24:28 -0500] "GET /BLA/resoluciones/RESOLUCIONES%202011/6765.pdf HTTP/1.1" 200 481903
66.249.66.82 - - [17/Nov/2019:02:24:44 -0500] "GET /BLA/resoluciones/AUTOS%202015/2474.pdf HTTP/1.1" 200 555037
173.212.241.58 - - [17/Nov/2019:02:24:44 -0500] "GET /BLA/boletinlegal/documentos-importantes.php/index.php/index.php/index.php/doctrina.php/doctrina.php/actos.php/jurisprudencia.php/actos.php/doctrina.php/jurisprudencia.php/actos.php/ HTTP/1.1" 200 4822
216.244.66.195 - - [17/Nov/2019:02:24:46 -0500] "GET /BLA/resoluciones/AUTOS%202008/1684.pdf HTTP/1.1" 200 180439
66.249.66.82 - - [17/Nov/2019:02:24:52 -0500] "GET /BLA/resoluciones/AUTOS%202013/0291.pdf HTTP/1.1" 200 1063564
173.212.241.58 - - [17/Nov/2019:02:25:17 -0500] "GET /BLA/boletinlegal/documentos-importantes.php/index.php/index.php/index.php/doctrina.php/doctrina.php/actos.php/jurisprudencia.php/actos.php/doctrina.php/jurisprudencia.php/doctrina.php/ HTTP/1.1" 200 4822
66.249.66.81 - - [17/Nov/2019:02:25:25 -0500] "GET /BLA/resoluciones/RESOLUCIONES%202014/1975.pdf HTTP/1.1" 200 3496023
173.212.241.58 - - [17/Nov/2019:02:25:31 -0500] "GET /BLA/boletinlegal/documentos-importantes.php/index.php/index.php/index.php/doctrina.php/doctrina.php/actos.php/jurisprudencia.php/actos.php/doctrina.php/jurisprudencia.php/index.php/ HTTP/1.1" 200 4822
66.249.66.83 - - [17/Nov/2019:02:25:37 -0500] "GET /BLA/resoluciones/Autos%202008/0386.pdf HTTP/1.1" 200 167143
173.212.241.58 - - [17/Nov/2019:02:25:42 -0500] "GET /BLA/boletinlegal/documentos-importantes.php/index.php/index.php/index.php/doctrina.php/doctrina.php/actos.php/jurisprudencia.php/actos.php/doctrina.php/jurisprudencia.php/jurisprudencia.php/ HTTP/1.1" 200 4822
66.249.66.82 - - [17/Nov/2019:02:25:44 -0500] "GET /BLA/resoluciones/Acuerdos/Acuerdo%20No.%20735%20del%2009%20de%20enero%20de%202019.pdf HTTP/1.1" 304 -
173.212.241.58 - - [17/Nov/2019:02:25:55 -0500] "GET /BLA/boletinlegal/documentos-importantes.php/index.php/index.php/index.php/doctrina.php/doctrina.php/actos.php/jurisprudencia.php/actos.php/doctrina.php/jurisprudencia.php/norma_menu.php/ HTTP/1.1" 200 4822
66.249.66.81 - - [17/Nov/2019:02:26:02 -0500] "GET /BLA/resoluciones/RESOLUCIONES%202007/RES%202007%201901%20AL%202000/RESOLUCION%201951%20DE%202007.pdf HTTP/1.1" 200 1107925
54.36.148.217 - - [17/Nov/2019:02:26:05 -0500] "GET /BLA/resoluciones/RESOLUCIONES%202006/RES%202006%201551-1600/00001587.tif HTTP/1.1" 200 192810
216.244.66.195 - - [17/Nov/2019:02:26:07 -0500] "GET /BLA/resoluciones/AUTOS%202008/1967.pdf HTTP/1.1" 200 107433
69.162.124.232 - - [17/Nov/2019:02:26:17 -0500] "HEAD / HTTP/1.1" 200 -
66.249.66.155 - - [17/Nov/2019:02:26:20 -0500] "GET /SIG/Gesti%C3%B3n%20Talento%20Humano/126PA01-PR16.pdf HTTP/1.1" 200 46875
66.249.66.81 - - [17/Nov/2019:02:26:39 -0500] "GET /BLA/resoluciones/RESOLUCIONES%202008/2409.pdf HTTP/1.1" 200 197697
192.168.175.104 - - [17/Nov/2019:02:26:45 -0500] "GET / HTTP/1.0" 200 9990
216.244.66.195 - - [17/Nov/2019:02:27:08 -0500] "GET /BLA/resoluciones/AUTOS%202009/0130.pdf HTTP/1.1" 200 171485
201.245.192.253 - - [17/Nov/2019:02:26:38 -0500] "POST /kwsrmcab/Wsrmcab HTTP/1.1" 200 24966
201.245.192.253 - - [17/Nov/2019:02:26:39 -0500] "POST /kwsrmcab/Wsrmcab HTTP/1.1" 200 24977
66.249.66.82 - - [17/Nov/2019:02:27:35 -0500] "GET /BLA/resoluciones/AUTOS%202018/1160.pdf HTTP/1.1" 304 -
192.168.175.104 - - [17/Nov/2019:02:28:00 -0500] "GET / HTTP/1.1" 200 9990
66.249.66.81 - - [17/Nov/2019:02:28:02 -0500] "GET /BLA/resoluciones/Autos%202008/0500.pdf HTTP/1.1" 200 72701
216.244.66.195 - - [17/Nov/2019:02:28:02 -0500] "GET /BLA/resoluciones/AUTOS%202009/0207.pdf HTTP/1.1" 200 219207
66.249.66.81 - - [17/Nov/2019:02:28:19 -0500] "GET /BLA/resoluciones/Autos%202008/3303.pdf HTTP/1.1" 200 52166
66.249.66.81 - - [17/Nov/2019:02:28:31 -0500] "GET /BLA/resoluciones/AUTOS%202015/5074.pdf HTTP/1.1" 304 -
66.249.66.81 - - [17/Nov/2019:02:28:34 -0500] "GET /BLA/resoluciones/Autos%202008/0327.pdf HTTP/1.1" 200 89326
66.249.66.81 - - [17/Nov/2019:02:29:08 -0500] "GET /BLA/resoluciones/RESOLUCIONES%202008/4833.pdf HTTP/1.1" 304 -
66.249.66.81 - - [17/Nov/2019:02:29:23 -0500] "GET /BLA/resoluciones/RESOLUCIONES%202007/RES%202007%201001%20AL%201100/RESOLUCION%201082%20DE%202007.pdf HTTP/1.1" 200 208144
54.36.148.21 - - [17/Nov/2019:02:29:24 -0500] "GET /BLA/resoluciones/RESOLUCIONES%202000/2000%202150-2199.tif HTTP/1.1" 200 4923935
66.249.66.81 - - [17/Nov/2019:02:29:29 -0500] "GET /BLA/resoluciones/AUTOS%202015/3031.pdf HTTP/1.1" 200 704934
66.249.66.81 - - [17/Nov/2019:02:29:58 -0500] "GET /BLA/resoluciones/RESOLUCIONES%202017/0270.pdf HTTP/1.1" 200 652745
157.55.39.62 - - [17/Nov/2019:02:30:01 -0500] "GET /SIG/ECS/126PM04-PR10.pdf HTTP/1.1" 304 -
216.244.66.195 - - [17/Nov/2019:02:30:19 -0500] "GET /BLA/resoluciones/AUTOS%202009/0444.pdf HTTP/1.1" 200 309930
66.249.66.81 - - [17/Nov/2019:02:30:42 -0500] "GET /BLA/resoluciones/AUTOS%202011/0112.pdf HTTP/1.1" 200 188705
20.36.244.102 - - [17/Nov/2019:02:30:41 -0500] "GET /noticias/rssambiente.php HTTP/1.1" 200 10401
40.77.167.38 - - [17/Nov/2019:02:31:00 -0500] "GET / HTTP/1.1" 200 9990
54.37.67.60 - - [17/Nov/2019:02:31:07 -0500] "HEAD /BLA/resoluciones/AUTOS%202011/2614.pdf HTTP/1.1" 200 -
66.249.66.82 - - [17/Nov/2019:02:31:09 -0500] "GET /BLA/resoluciones/AUTOS%202015/2334.pdf HTTP/1.1" 200 595735
69.162.124.232 - - [17/Nov/2019:02:31:16 -0500] "HEAD / HTTP/1.1" 200 -
192.168.175.104 - - [17/Nov/2019:02:31:43 -0500] "GET / HTTP/1.0" 200 9990
66.249.66.81 - - [17/Nov/2019:02:32:17 -0500] "GET /BLA/resoluciones/RESOLUCIONES%202000/RESOLUCION%20866%20DE%202000.pdf HTTP/1.1" 304 -
66.249.66.81 - - [17/Nov/2019:02:32:35 -0500] "GET /BLA/resoluciones/RESOLUCIONES%202015/2509.pdf HTTP/1.1" 200 1042779
216.244.66.195 - - [17/Nov/2019:02:32:37 -0500] "GET /BLA/resoluciones/AUTOS%202009/0581.pdf HTTP/1.1" 200 127890
66.249.66.81 - - [17/Nov/2019:02:32:54 -0500] "GET /BLA/resoluciones/RESOLUCIONES%202014/1115.pdf HTTP/1.1" 200 4777332
192.168.175.104 - - [17/Nov/2019:02:32:58 -0500] "GET / HTTP/1.1" 200 9990
66.249.66.82 - - [17/Nov/2019:02:33:13 -0500] "GET /BLA/resoluciones/AUTOS%202015/5733.pdf HTTP/1.1" 200 463289
216.244.66.195 - - [17/Nov/2019:02:33:25 -0500] "GET /BLA/resoluciones/AUTOS%202009/0679.pdf HTTP/1.1" 200 88422
40.77.191.5 - - [17/Nov/2019:02:33:34 -0500] "GET /POT-2013/Cartografia/19_Sistema%20de%20Acueducto_FEB.pdf HTTP/1.1" 200 4239798
66.249.66.83 - - [17/Nov/2019:02:33:48 -0500] "GET /BLA/resoluciones/RESOLUCIONES%202011/1099.pdf HTTP/1.1" 200 583391
66.249.66.81 - - [17/Nov/2019:02:34:10 -0500] "GET /BLA/resoluciones/AUTOS%202015/0692.pdf HTTP/1.1" 304 -
216.244.66.195 - - [17/Nov/2019:02:34:20 -0500] "GET /BLA/resoluciones/AUTOS%202009/0889.pdf HTTP/1.1" 200 119655
66.249.66.81 - - [17/Nov/2019:02:34:48 -0500] "GET /BLA/resoluciones/RESOLUCIONES%202017/0961.pdf HTTP/1.1" 304 -
66.249.66.81 - - [17/Nov/2019:02:35:07 -0500] "GET /BLA/resoluciones/AUTOS%202012/1743.pdf HTTP/1.1" 304 -
