66.249.66.83 - - [17/Nov/2019:00:28:21 -0500] "GET /BLA/resoluciones/AUTOS%202014/3454.pdf HTTP/1.1" 200 457356
158.69.243.99 - - [17/Nov/2019:00:28:36 -0500] "GET /BLA/boletinlegal/documentos-importantes.php/index.php/index.php/index.php/doctrina.php/doctrina.php/actos.php/doctrina.php/norma_menu.php/norma_menu.php/index.php/actos.php/ HTTP/1.1" 200 4822
192.99.13.228 - - [17/Nov/2019:00:28:38 -0500] "GET /StormSDA/userFiles%20-%20Copy%2019-07-2012/user_files/98/?C=N;O=D/ HTTP/1.1" 200 873
216.244.66.195 - - [17/Nov/2019:00:28:41 -0500] "GET /BLA/resoluciones/AUTOS%202010/1453.pdf HTTP/1.1" 200 251629
66.249.66.81 - - [17/Nov/2019:00:28:41 -0500] "GET /BLA/resoluciones/AUTOS%202012/0480.pdf HTTP/1.1" 200 491460
192.168.175.104 - - [17/Nov/2019:00:28:42 -0500] "GET / HTTP/1.1" 200 9990
66.249.66.82 - - [17/Nov/2019:00:28:48 -0500] "GET /BLA/resoluciones/AUTOS%202018/0256.pdf HTTP/1.1" 200 297363
66.249.66.81 - - [17/Nov/2019:00:28:55 -0500] "GET /BLA/resoluciones/AUTOS%202017/0878.pdf HTTP/1.1" 200 2922532
66.249.66.82 - - [17/Nov/2019:00:29:00 -0500] "GET /BLA/resoluciones/AUTOS%202013/0368.pdf HTTP/1.1" 200 608200
158.69.243.99 - - [17/Nov/2019:00:29:03 -0500] "GET /BLA/boletinlegal/documentos-importantes.php/index.php/index.php/index.php/doctrina.php/doctrina.php/actos.php/doctrina.php/norma_menu.php/norma_menu.php/index.php/doctrina.php/ HTTP/1.1" 200 4822
192.99.13.228 - - [17/Nov/2019:00:29:09 -0500] "GET /StormSDA/userFiles/user_files/86/?C=D;O=D/ HTTP/1.1" 200 813
66.249.66.81 - - [17/Nov/2019:00:29:33 -0500] "GET /BLA/resoluciones/RESOLUCIONES%202013/2557.pdf HTTP/1.1" 200 689181
158.69.243.99 - - [17/Nov/2019:00:29:36 -0500] "GET /BLA/boletinlegal/documentos-importantes.php/index.php/index.php/index.php/doctrina.php/doctrina.php/actos.php/doctrina.php/norma_menu.php/norma_menu.php/index.php/index.php/ HTTP/1.1" 200 4822
192.99.13.228 - - [17/Nov/2019:00:29:38 -0500] "GET /StormSDA/userFiles/user_files/86/?C=M;O=A/ HTTP/1.1" 200 813
158.69.243.99 - - [17/Nov/2019:00:29:59 -0500] "GET /BLA/boletinlegal/documentos-importantes.php/index.php/index.php/index.php/doctrina.php/doctrina.php/actos.php/doctrina.php/norma_menu.php/norma_menu.php/index.php/jurisprudencia.php/ HTTP/1.1" 200 4822
187.254.24.119 - - [17/Nov/2019:00:30:01 -0500] "GET /BLA/boletinlegal/js/jquery.scrollShow.js HTTP/1.1" 200 4586
187.254.24.119 - - [17/Nov/2019:00:30:01 -0500] "GET /galeria/galeria/jquery.fancybox.css?v=2.1.5 HTTP/1.1" 200 4895
187.254.24.119 - - [17/Nov/2019:00:30:01 -0500] "GET /galeria/galeria/jquery.fancybox.js?v=2.1.5 HTTP/1.1" 200 48706
66.249.66.82 - - [17/Nov/2019:00:30:06 -0500] "GET /BLA/resoluciones/AUTOS%202016/1907.pdf HTTP/1.1" 200 387455
66.249.66.81 - - [17/Nov/2019:00:30:12 -0500] "GET /BLA/resoluciones/RESOLUCIONES%202014/3163.pdf HTTP/1.1" 200 1193571
192.99.13.228 - - [17/Nov/2019:00:30:16 -0500] "GET /StormSDA/userFiles/user_files/90/?C=M;O=D/ HTTP/1.1" 200 813
216.244.66.195 - - [17/Nov/2019:00:30:19 -0500] "GET /BLA/resoluciones/AUTOS%202010/1474.pdf HTTP/1.1" 200 269187
66.249.66.82 - - [17/Nov/2019:00:30:24 -0500] "GET /BLA/resoluciones/RESOLUCIONES%202016/1520.pdf HTTP/1.1" 200 799275
158.69.243.99 - - [17/Nov/2019:00:30:29 -0500] "GET /BLA/boletinlegal/documentos-importantes.php/index.php/index.php/index.php/doctrina.php/doctrina.php/actos.php/doctrina.php/norma_menu.php/norma_menu.php/index.php/norma_menu.php/ HTTP/1.1" 200 4822
192.99.13.228 - - [17/Nov/2019:00:30:42 -0500] "GET /StormSDA/userFiles/user_files/90/?C=S;O=D/ HTTP/1.1" 200 813
158.69.243.99 - - [17/Nov/2019:00:30:57 -0500] "GET /BLA/boletinlegal/documentos-importantes.php/index.php/index.php/index.php/doctrina.php/doctrina.php/actos.php/doctrina.php/norma_menu.php/norma_menu.php/jurisprudencia.php/actos.php/ HTTP/1.1" 200 4822
192.99.13.228 - - [17/Nov/2019:00:31:05 -0500] "GET /robots.txt HTTP/1.1" 404 1015
216.244.66.195 - - [17/Nov/2019:00:31:08 -0500] "GET /BLA/resoluciones/AUTOS%202010/3113.pdf HTTP/1.1" 200 934619
66.249.66.81 - - [17/Nov/2019:00:31:09 -0500] "GET /BLA/resoluciones/AUTOS%202014/6550.pdf HTTP/1.1" 200 523130
69.162.124.232 - - [17/Nov/2019:00:31:17 -0500] "HEAD / HTTP/1.1" 200 -
54.36.150.112 - - [17/Nov/2019:00:31:19 -0500] "GET /BLA/resoluciones/RESOLUCIONES%202006/RES%202006%202601-2650/00002618.tif HTTP/1.1" 200 291722
158.69.243.99 - - [17/Nov/2019:00:31:33 -0500] "GET /BLA/boletinlegal/documentos-importantes.php/index.php/index.php/index.php/doctrina.php/doctrina.php/actos.php/doctrina.php/norma_menu.php/norma_menu.php/jurisprudencia.php/doctrina.php/ HTTP/1.1" 200 4822
192.99.13.228 - - [17/Nov/2019:00:31:35 -0500] "GET /StormSDA/userFiles/user_files/formulas/2/?C=M;O=A/ HTTP/1.1" 200 839
66.249.66.83 - - [17/Nov/2019:00:31:50 -0500] "GET /BLA/resoluciones/RESOLUCIONES%202017/0428.pdf HTTP/1.1" 200 406541
192.99.13.228 - - [17/Nov/2019:00:32:03 -0500] "GET /galeria/Carrusel2/?C=N;O=D/ HTTP/1.1" 200 2143
158.69.243.99 - - [17/Nov/2019:00:32:05 -0500] "GET /BLA/boletinlegal/documentos-importantes.php/index.php/index.php/index.php/doctrina.php/doctrina.php/actos.php/doctrina.php/norma_menu.php/norma_menu.php/jurisprudencia.php/index.php/ HTTP/1.1" 200 4822
66.249.66.82 - - [17/Nov/2019:00:32:07 -0500] "GET /BLA/resoluciones/RESOLUCIONES%202010/1114.pdf HTTP/1.1" 200 107966
54.36.150.13 - - [17/Nov/2019:00:32:14 -0500] "GET /BLA/resoluciones/RESOLUCIONES%202004/RES%202004%20501-550/00000502.tif HTTP/1.1" 200 116016
192.168.175.104 - - [17/Nov/2019:00:32:27 -0500] "GET / HTTP/1.0" 200 9990
5.255.250.154 - - [17/Nov/2019:00:32:28 -0500] "GET /PruebasSTORM/StormSDA_pruebas/userFiles/user_files/listas/218.xml HTTP/1.1" 200 286
46.229.168.132 - - [17/Nov/2019:00:32:30 -0500] "GET /Autoliquidacion/index.php?dir=TR%C1MITES%2BACEITES-RESIDUOS-ESTACIONES%2F HTTP/1.1" 200 6640
192.99.13.228 - - [17/Nov/2019:00:32:34 -0500] "GET /galeria/nivo-slider/demo/scripts/?C=D;O=A/ HTTP/1.1" 200 1674
216.244.66.195 - - [17/Nov/2019:00:32:36 -0500] "GET /BLA/resoluciones/AUTOS%202010/3432.pdf HTTP/1.1" 200 467879
158.69.243.99 - - [17/Nov/2019:00:32:38 -0500] "GET /BLA/boletinlegal/documentos-importantes.php/index.php/index.php/index.php/doctrina.php/doctrina.php/actos.php/doctrina.php/norma_menu.php/norma_menu.php/jurisprudencia.php/jurisprudencia.php/ HTTP/1.1" 200 4822
181.53.41.164 - - [17/Nov/2019:00:32:41 -0500] "GET /BLA/boletinlegal/js/jquery.scrollShow.js HTTP/1.1" 200 4586
181.53.41.164 - - [17/Nov/2019:00:32:41 -0500] "GET /galeria/galeria/jquery.fancybox.css?v=2.1.5 HTTP/1.1" 200 4895
181.53.41.164 - - [17/Nov/2019:00:32:41 -0500] "GET /galeria/galeria/jquery.fancybox.js?v=2.1.5 HTTP/1.1" 200 48706
202.102.90.229 - - [17/Nov/2019:00:32:55 -0500] "GET /TP/public/index.php HTTP/1.1" 404 1018
202.102.90.229 - - [17/Nov/2019:00:32:58 -0500] "GET /TP/index.php HTTP/1.1" 404 1018
202.102.90.229 - - [17/Nov/2019:00:32:59 -0500] "GET /thinkphp/html/public/index.php HTTP/1.1" 404 1018
202.102.90.229 - - [17/Nov/2019:00:32:59 -0500] "GET /html/public/index.php HTTP/1.1" 404 1018
202.102.90.229 - - [17/Nov/2019:00:33:00 -0500] "GET /public/index.php HTTP/1.1" 404 1018
54.36.148.27 - - [17/Nov/2019:00:33:00 -0500] "GET /BLA/resoluciones/RESOLUCIONES%202006/RES%202006%20901-950/00000947.tif HTTP/1.1" 200 195150
202.102.90.229 - - [17/Nov/2019:00:33:00 -0500] "GET /TP/html/public/index.php HTTP/1.1" 404 1018
202.102.90.229 - - [17/Nov/2019:00:33:01 -0500] "GET /elrekt.php HTTP/1.1" 404 1018
202.102.90.229 - - [17/Nov/2019:00:33:02 -0500] "GET /index.php HTTP/1.1" 404 1018
202.102.90.229 - - [17/Nov/2019:00:33:02 -0500] "GET / HTTP/1.1" 200 9990
158.69.243.99 - - [17/Nov/2019:00:33:02 -0500] "GET /BLA/boletinlegal/documentos-importantes.php/index.php/index.php/index.php/doctrina.php/doctrina.php/actos.php/doctrina.php/norma_menu.php/norma_menu.php/jurisprudencia.php/norma_menu.php/ HTTP/1.1" 200 4822
192.99.13.228 - - [17/Nov/2019:00:33:11 -0500] "GET /galeria/nivo-slider/demo/scripts/?C=M;O=A/ HTTP/1.1" 200 1674
216.244.66.195 - - [17/Nov/2019:00:33:16 -0500] "GET /BLA/resoluciones/AUTOS%202010/3495.pdf HTTP/1.1" 200 2205274
158.69.243.99 - - [17/Nov/2019:00:33:30 -0500] "GET /BLA/boletinlegal/documentos-importantes.php/index.php/index.php/index.php/doctrina.php/doctrina.php/actos.php/doctrina.php/norma_menu.php/norma_menu.php/norma_menu.php/actos.php/ HTTP/1.1" 200 4822
192.99.13.228 - - [17/Nov/2019:00:33:33 -0500] "GET /galeria/nivo-slider/demo/scripts/?C=S;O=A/ HTTP/1.1" 200 1674
192.168.175.104 - - [17/Nov/2019:00:33:41 -0500] "GET / HTTP/1.1" 200 9990
158.69.243.99 - - [17/Nov/2019:00:33:53 -0500] "GET /BLA/boletinlegal/documentos-importantes.php/index.php/index.php/index.php/doctrina.php/doctrina.php/actos.php/doctrina.php/norma_menu.php/norma_menu.php/norma_menu.php/doctrina.php/ HTTP/1.1" 200 4822
216.244.66.195 - - [17/Nov/2019:00:33:58 -0500] "GET /BLA/resoluciones/AUTOS%202010/5440.pdf HTTP/1.1" 200 1346360
186.80.203.73 - - [17/Nov/2019:00:34:08 -0500] "GET /siipev/Diseno%20de%20Elementos%20de%20Mobiliario%20Urbano/Diseno%20pertenecientes%20al%20mobiliario%20urbano%20M10-M160/PARTE%20A/Dise%C3%B1o%20de%20Elementos%20M-10.pdf HTTP/1.1" 200 2286537
192.99.13.228 - - [17/Nov/2019:00:34:10 -0500] "GET /galeria/nivo-slider/demo/scripts/jquery-1.7.1.min.js/ HTTP/1.1" 404 1015
216.244.66.195 - - [17/Nov/2019:00:34:10 -0500] "GET /BLA/resoluciones/AUTOS%202010/5482.pdf HTTP/1.1" 200 413814
158.69.243.99 - - [17/Nov/2019:00:34:30 -0500] "GET /BLA/boletinlegal/documentos-importantes.php/index.php/index.php/index.php/doctrina.php/doctrina.php/actos.php/doctrina.php/norma_menu.php/norma_menu.php/norma_menu.php/index.php/ HTTP/1.1" 200 4822
192.99.13.228 - - [17/Nov/2019:00:34:35 -0500] "GET /portalsiaccapacitaciones/Cronograma%20de%20visitas%202015/ HTTP/1.1" 200 3294
216.244.66.195 - - [17/Nov/2019:00:34:50 -0500] "GET /BLA/resoluciones/AUTOS%202010/5611.pdf HTTP/1.1" 200 135689
66.249.66.81 - - [17/Nov/2019:00:34:50 -0500] "GET /BLA/resoluciones/Notificaciones/REGISTROS%202016/00806.pdf HTTP/1.1" 200 463410
158.69.243.99 - - [17/Nov/2019:00:34:57 -0500] "GET /BLA/boletinlegal/documentos-importantes.php/index.php/index.php/index.php/doctrina.php/doctrina.php/actos.php/doctrina.php/norma_menu.php/norma_menu.php/norma_menu.php/jurisprudencia.php/ HTTP/1.1" 200 4822
192.99.13.228 - - [17/Nov/2019:00:35:21 -0500] "GET /portalsiaccapacitaciones/Listas%20de%20Asistencia%202015/ HTTP/1.1" 200 11116
158.69.243.99 - - [17/Nov/2019:00:35:26 -0500] "GET /BLA/boletinlegal/documentos-importantes.php/index.php/index.php/index.php/doctrina.php/doctrina.php/actos.php/doctrina.php/norma_menu.php/norma_menu.php/norma_menu.php/norma_menu.php/ HTTP/1.1" 200 4822
216.244.66.195 - - [17/Nov/2019:00:35:26 -0500] "GET /BLA/resoluciones/AUTOS%202010/5647.pdf HTTP/1.1" 200 400392
54.191.234.188 - - [17/Nov/2019:00:35:26 -0500] "GET /galeria/galeria/jquery.fancybox.css?v=2.1.5 HTTP/1.1" 200 4895
100.20.9.227 - - [17/Nov/2019:00:35:26 -0500] "GET /galeria/carrusel/Carrusel/jquery.thumbnailScroller.css HTTP/1.1" 200 2066
100.20.1.214 - - [17/Nov/2019:00:35:26 -0500] "GET /galeria/galeria/jquery.fancybox.js?v=2.1.5 HTTP/1.1" 200 48706
54.191.234.188 - - [17/Nov/2019:00:35:27 -0500] "GET /galeria/carrusel/Carrusel/jquery-ui-1.8.13.custom.min.js HTTP/1.1" 200 10800
100.20.9.227 - - [17/Nov/2019:00:35:27 -0500] "GET /galeria/carrusel/Carrusel/jquery.thumbnailScroller.js HTTP/1.1" 200 8157
34.214.217.236 - - [17/Nov/2019:00:35:27 -0500] "GET /BLA/boletinlegal/js/jquery.scrollShow.js HTTP/1.1" 200 4586
192.99.13.228 - - [17/Nov/2019:00:35:48 -0500] "GET /portalsiaccapacitaciones/Soportes%20Capacitaciones%202015/ HTTP/1.1" 200 8862
66.249.66.83 - - [17/Nov/2019:00:35:53 -0500] "GET /BLA/resoluciones/AUTOS%202018/4476.pdf HTTP/1.1" 200 1130486
158.69.243.99 - - [17/Nov/2019:00:35:59 -0500] "GET /BLA/boletinlegal/documentos-importantes.php/index.php/index.php/index.php/doctrina.php/doctrina.php/actos.php/index.php/actos.php/actos.php/actos.php/actos.php/ HTTP/1.1" 200 4822
181.55.194.180 - - [17/Nov/2019:00:36:04 -0500] "GET /galeria/galeria/fotos/Entrenube1P.jpg HTTP/1.1" 200 6959
181.55.194.180 - - [17/Nov/2019:00:36:04 -0500] "GET /galeria/galeria/fotos/Entrenube2P.jpg HTTP/1.1" 200 8416
216.244.66.195 - - [17/Nov/2019:00:36:04 -0500] "GET /BLA/resoluciones/AUTOS%202010/6297.pdf HTTP/1.1" 200 474205
181.55.194.180 - - [17/Nov/2019:00:36:04 -0500] "GET /galeria/galeria/fotos/Entrenube3P.jpg HTTP/1.1" 200 8487
181.55.194.180 - - [17/Nov/2019:00:36:04 -0500] "GET /galeria/galeria/fotos/Entrenube4P.jpg HTTP/1.1" 200 10881
66.249.66.81 - - [17/Nov/2019:00:36:07 -0500] "GET /BLA/resoluciones/AUTOS%202015/5805.pdf HTTP/1.1" 200 513114
69.162.124.232 - - [17/Nov/2019:00:36:17 -0500] "HEAD / HTTP/1.1" 200 -
192.99.13.228 - - [17/Nov/2019:00:36:22 -0500] "GET /robots.txt HTTP/1.1" 404 1019
66.249.66.82 - - [17/Nov/2019:00:36:28 -0500] "GET /BLA/resoluciones/RESOLUCIONES%202009/0293.pdf HTTP/1.1" 200 357167
158.69.243.99 - - [17/Nov/2019:00:36:31 -0500] "GET /BLA/boletinlegal/documentos-importantes.php/index.php/index.php/index.php/doctrina.php/doctrina.php/actos.php/index.php/actos.php/actos.php/actos.php/doctrina.php/ HTTP/1.1" 200 4822
66.249.66.81 - - [17/Nov/2019:00:36:45 -0500] "GET /BLA/resoluciones/RESOLUCIONES%202010/6737.pdf HTTP/1.1" 200 84870
216.244.66.195 - - [17/Nov/2019:00:36:46 -0500] "GET /BLA/resoluciones/AUTOS%202011/0038.pdf HTTP/1.1" 200 174881
159.203.201.179 - - [17/Nov/2019:00:36:55 -0500] "GET / HTTP/1.0" 400 946
192.99.13.228 - - [17/Nov/2019:00:36:55 -0500] "GET /Anexos%20estudio%20Organizacional%20SDA/ANEXO%20No.%201-%20NORMAS%20LEGALES%20DE%20ESTRUCTURA%20Y%20PLANTA/Acuerdo%209%20de%201990%20Concejo%20de%20Bogot%C3%A1..htm/ HTTP/1.1" 404 1019
66.249.66.81 - - [17/Nov/2019:00:37:04 -0500] "GET /BLA/resoluciones/AUTOS%202015/2607.pdf HTTP/1.1" 200 537711
158.69.243.99 - - [17/Nov/2019:00:37:06 -0500] "GET /BLA/boletinlegal/documentos-importantes.php/index.php/index.php/index.php/doctrina.php/doctrina.php/actos.php/index.php/actos.php/actos.php/actos.php/index.php/ HTTP/1.1" 200 4822
201.245.192.253 - - [17/Nov/2019:00:36:39 -0500] "POST /kwsrmcab/Wsrmcab HTTP/1.1" 200 25121
66.249.66.81 - - [17/Nov/2019:00:37:20 -0500] "GET /BLA/resoluciones/RESOLUCIONES%202009/4242.pdf HTTP/1.1" 200 812600
216.244.66.195 - - [17/Nov/2019:00:37:22 -0500] "GET /BLA/resoluciones/AUTOS%202011/0335.pdf HTTP/1.1" 200 314810
192.168.175.104 - - [17/Nov/2019:00:37:26 -0500] "GET / HTTP/1.0" 200 9990
66.249.66.155 - - [17/Nov/2019:00:37:32 -0500] "GET /Autoliquidacion/Grupo%20Forestal%20-%20Silvicultura/Instructivo-solicitud-Verificaci%C3%83%C2%B3n-para-expedici%C3%83%C2%B3n-SUNL.pdf HTTP/1.1" 404 1019
192.99.13.228 - - [17/Nov/2019:00:37:36 -0500] "GET /Anexos%20estudio%20Organizacional%20SDA/index.php?dir=ANEXO%20No.%201-%20NORMAS%20LEGALES%20DE%20ESTRUCTURA%20Y%20PLANTA/Ley%2099%20de%201993%20-%20Crea%20MimAmbiente_files/&sort=size&order=asc/ HTTP/1.1" 200 10010
66.249.66.81 - - [17/Nov/2019:00:37:37 -0500] "GET /BLA/resoluciones/AUTOS%202016/2693.pdf HTTP/1.1" 200 512574
158.69.243.99 - - [17/Nov/2019:00:37:38 -0500] "GET /BLA/boletinlegal/documentos-importantes.php/index.php/index.php/index.php/doctrina.php/doctrina.php/actos.php/index.php/actos.php/actos.php/actos.php/jurisprudencia.php/ HTTP/1.1" 200 4822
66.249.66.81 - - [17/Nov/2019:00:37:54 -0500] "GET /BLA/resoluciones/RESOLUCIONES%202011/5433.pdf HTTP/1.1" 200 722276
66.249.66.81 - - [17/Nov/2019:00:38:08 -0500] "GET /BLA/resoluciones/AUTOS%202017/1353.pdf HTTP/1.1" 200 383053
216.244.66.195 - - [17/Nov/2019:00:38:10 -0500] "GET /BLA/resoluciones/AUTOS%202011/0552.pdf HTTP/1.1" 200 285887
158.69.243.99 - - [17/Nov/2019:00:38:10 -0500] "GET /BLA/boletinlegal/documentos-importantes.php/index.php/index.php/index.php/doctrina.php/doctrina.php/actos.php/index.php/actos.php/actos.php/actos.php/norma_menu.php/ HTTP/1.1" 200 4822
192.99.13.228 - - [17/Nov/2019:00:38:10 -0500] "GET /Anexos%20estudio%20Organizacional%20SDA/index.php?dir=ANEXO%20No.%205%20-%20ESTUDIO%20Y%20PROPUESTA%20SERAMB%20IENTE// HTTP/1.1" 200 3804
66.249.66.81 - - [17/Nov/2019:00:38:15 -0500] "GET /BLA/resoluciones/AUTOS%202015/6782.pdf HTTP/1.1" 200 654697
66.249.66.81 - - [17/Nov/2019:00:38:25 -0500] "GET /BLA/resoluciones/AUTOS%202015/1409.pdf HTTP/1.1" 200 471491
46.229.168.137 - - [17/Nov/2019:00:38:28 -0500] "GET /Autoliquidacion/index.php?dir=Solicitud%2Bde%2BClasificaci%C3%83%C2%83%C3%82%C2%83%C3%83%C2%82%C3%82%C2%83%C3%83%C2%83%C3%82%C2%82%C3%83%C2%82%C3%82%C2%83%C3%83%C2%83%C3%82%C2%83%C3%83%C2%82%C3%82%C2%82%C3%83%C2%83%C3%82%C2%82%C3%83%C2%82%C3%82%C2%83%C3%83%C2%83%C3%82%C2%83%C3%83%C2%82%C3%82%C2%83%C3%83%C2%83%C3%82%C2%82%C3%83%C2%82%C3%82%C2%82%C3%83%C2%83%C3%82%C2%83%C3%83%C2%82%C3%82%C2%82%C3%83%C2%83%C3%82%C2%82%C3%83%C2%82%C3%82%C2%B3n%2Bde%2BImpacto%2BAmbiental%2F&order=asc&sort=name HTTP/1.1" 200 7054
66.249.66.81 - - [17/Nov/2019:00:38:33 -0500] "GET /BLA/resoluciones/RESOLUCIONES%202007/RES%202007%203201%20AL%203300/RESOLUCION%203291%20DE%202007.pdf HTTP/1.1" 200 26503
192.168.175.104 - - [17/Nov/2019:00:38:39 -0500] "GET / HTTP/1.1" 200 9990
192.99.13.228 - - [17/Nov/2019:00:38:39 -0500] "GET /Anexos%20estudio%20Organizacional%20SDA/index.php?dir=ANEXO%20No.%205%20-%20ESTUDIO%20Y%20PROPUESTA%20SERAMB%20IENTE/&sort=name&order=asc/ HTTP/1.1" 200 3622
66.249.66.81 - - [17/Nov/2019:00:38:40 -0500] "GET /BLA/resoluciones/AUTOS%202016/1334.pdf HTTP/1.1" 200 526079
158.69.243.99 - - [17/Nov/2019:00:38:47 -0500] "GET /BLA/boletinlegal/documentos-importantes.php/index.php/index.php/index.php/doctrina.php/doctrina.php/actos.php/index.php/actos.php/actos.php/doctrina.php/actos.php/ HTTP/1.1" 200 4822
66.249.66.81 - - [17/Nov/2019:00:38:49 -0500] "GET /BLA/resoluciones/AUTOS%202015/4270.pdf HTTP/1.1" 200 478755
192.99.13.228 - - [17/Nov/2019:00:39:01 -0500] "GET /Anexos%20estudio%20Organizacional%20SDA/index.php?dir=ANEXO%20No.%205%20-%20ESTUDIO%20Y%20PROPUESTA%20SERAMB%20IENTE/&sort=name&order=desc/ HTTP/1.1" 200 3622
51.38.185.246 - - [17/Nov/2019:00:39:03 -0500] "GET / HTTP/1.0" 200 9990
66.249.66.81 - - [17/Nov/2019:00:39:03 -0500] "GET /BLA/resoluciones/AUTOS%202014/1092.pdf HTTP/1.1" 200 295198
66.249.66.81 - - [17/Nov/2019:00:39:16 -0500] "GET /BLA/resoluciones/RESOLUCIONES%202014/1973.pdf HTTP/1.1" 200 840332
193.124.190.18 - - [17/Nov/2019:00:39:20 -0500] "HEAD / HTTP/1.1" 200 -
193.124.188.83 - - [17/Nov/2019:00:39:20 -0500] "HEAD / HTTP/1.1" 200 -
193.124.191.92 - - [17/Nov/2019:00:39:20 -0500] "HEAD / HTTP/1.1" 200 -
158.69.243.99 - - [17/Nov/2019:00:39:21 -0500] "GET /BLA/boletinlegal/documentos-importantes.php/index.php/index.php/index.php/doctrina.php/doctrina.php/actos.php/index.php/actos.php/actos.php/doctrina.php/doctrina.php/ HTTP/1.1" 200 4822
66.249.66.81 - - [17/Nov/2019:00:39:25 -0500] "GET /BLA/resoluciones/RESOLUCIONES%202015/2526.pdf HTTP/1.1" 304 -
192.99.13.228 - - [17/Nov/2019:00:39:27 -0500] "GET /Anexos%20estudio%20Organizacional%20SDA/index.php?dir=ANEXO%20No.%205%20-%20ESTUDIO%20Y%20PROPUESTA%20SERAMB%20IENTE/&sort=size&order=asc/ HTTP/1.1" 200 3622
66.249.66.81 - - [17/Nov/2019:00:39:38 -0500] "GET /BLA/resoluciones/AUTOS%202010/0874.pdf HTTP/1.1" 200 541561
158.69.243.99 - - [17/Nov/2019:00:39:49 -0500] "GET /BLA/boletinlegal/documentos-importantes.php/index.php/index.php/index.php/doctrina.php/doctrina.php/actos.php/index.php/actos.php/actos.php/doctrina.php/index.php/ HTTP/1.1" 200 4822
192.99.13.228 - - [17/Nov/2019:00:39:53 -0500] "GET /Anexos%20estudio%20Organizacional%20SDA/index.php?dir=ANEXO%20No.%205%20-%20ESTUDIO%20Y%20PROPUESTA%20SERAMB%20IENTE/&sort=size&order=desc/ HTTP/1.1" 200 3622
66.249.66.81 - - [17/Nov/2019:00:39:55 -0500] "GET /BLA/resoluciones/RESOLUCIONES%202013/0846.pdf HTTP/1.1" 200 11556435
66.249.66.88 - - [17/Nov/2019:00:40:18 -0500] "GET /BLA/resoluciones/RESOLUCIONES%202007/RES%202007%202801%20AL%202900/RESOLUCION%202844%20DE%202007.pdf HTTP/1.1" 200 872806
192.99.13.228 - - [17/Nov/2019:00:40:26 -0500] "GET /Anexos%20estudio%20Organizacional%20SDA/index.php?dir=ANEXO%20No.%207%20-%20PROYECTO%20DE%20DECRETO%20MODIFICATORIO%20DE%20ESTRUCTURA%20DE%20LA%20SDA/&sort=date&order=asc/ HTTP/1.1" 200 2593
66.249.66.86 - - [17/Nov/2019:00:40:29 -0500] "GET /BLA/resoluciones/RESOLUCIONES%202011/1538.pdf HTTP/1.1" 200 74649
158.69.243.99 - - [17/Nov/2019:00:40:29 -0500] "GET /BLA/boletinlegal/documentos-importantes.php/index.php/index.php/index.php/doctrina.php/doctrina.php/actos.php/index.php/actos.php/actos.php/doctrina.php/jurisprudencia.php/ HTTP/1.1" 200 4822
66.249.66.87 - - [17/Nov/2019:00:40:46 -0500] "GET /BLA/resoluciones/AUTOS%202012/1391.pdf HTTP/1.1" 200 271708
66.249.66.81 - - [17/Nov/2019:00:40:54 -0500] "GET /BLA/resoluciones/AUTOS%202016/1078.pdf HTTP/1.1" 200 235263
192.99.13.228 - - [17/Nov/2019:00:40:54 -0500] "GET /Anexos%20estudio%20Organizacional%20SDA/index.php?dir=ANEXO%20No.%207%20-%20PROYECTO%20DE%20DECRETO%20MODIFICATORIO%20DE%20ESTRUCTURA%20DE%20LA%20SDA/&sort=date&order=desc/ HTTP/1.1" 200 2593
158.69.243.99 - - [17/Nov/2019:00:41:01 -0500] "GET /BLA/boletinlegal/documentos-importantes.php/index.php/index.php/index.php/doctrina.php/doctrina.php/actos.php/index.php/actos.php/actos.php/doctrina.php/norma_menu.php/ HTTP/1.1" 200 4822
66.249.66.82 - - [17/Nov/2019:00:41:03 -0500] "GET /BLA/resoluciones/RESOLUCIONES%202011/4848.pdf HTTP/1.1" 200 499995
66.249.66.81 - - [17/Nov/2019:00:41:11 -0500] "GET /BLA/resoluciones/RESOLUCIONES%202017/2486.pdf HTTP/1.1" 200 305158
69.162.124.232 - - [17/Nov/2019:00:41:17 -0500] "HEAD / HTTP/1.1" 200 -
66.249.66.82 - - [17/Nov/2019:00:41:18 -0500] "GET /portalsiaccapacitaciones/Listas%20de%20Asistencia%202015/L.A-MT8-12Jun2015.pdf HTTP/1.1" 200 1779338
192.99.13.228 - - [17/Nov/2019:00:41:19 -0500] "GET /Anexos%20estudio%20Organizacional%20SDA/index.php?dir=ANEXO%20No.%207%20-%20PROYECTO%20DE%20DECRETO%20MODIFICATORIO%20DE%20ESTRUCTURA%20DE%20LA%20SDA/&sort=name&order=asc/ HTTP/1.1" 200 2593
66.249.66.83 - - [17/Nov/2019:00:41:24 -0500] "GET /BLA/resoluciones/AUTOS%202015/4390.pdf HTTP/1.1" 200 521477
158.69.243.99 - - [17/Nov/2019:00:41:34 -0500] "GET /BLA/boletinlegal/documentos-importantes.php/index.php/index.php/index.php/doctrina.php/doctrina.php/actos.php/index.php/actos.php/actos.php/index.php/actos.php/ HTTP/1.1" 200 4822
66.249.66.83 - - [17/Nov/2019:00:41:38 -0500] "GET /BLA/resoluciones/RESOLUCIONES%202007/RES%202007%203001%20AL%203100/RESOLUCION%203085%20DE%202007.pdf HTTP/1.1" 200 75098
186.116.82.69 - - [17/Nov/2019:00:41:39 -0500] "GET /galeria/galeria/jquery.fancybox.css?v=2.1.5 HTTP/1.1" 200 4895
186.116.82.69 - - [17/Nov/2019:00:41:39 -0500] "GET /galeria/galeria/jquery.fancybox.js?v=2.1.5 HTTP/1.1" 200 48706
186.116.82.69 - - [17/Nov/2019:00:41:39 -0500] "GET /BLA/boletinlegal/js/jquery.scrollShow.js HTTP/1.1" 200 4586
66.249.66.82 - - [17/Nov/2019:00:41:46 -0500] "GET /BLA/resoluciones/AUTOS%202015/3102.pdf HTTP/1.1" 200 645166
192.99.13.228 - - [17/Nov/2019:00:41:48 -0500] "GET /Anexos%20estudio%20Organizacional%20SDA/index.php?dir=ANEXO%20No.%207%20-%20PROYECTO%20DE%20DECRETO%20MODIFICATORIO%20DE%20ESTRUCTURA%20DE%20LA%20SDA/&sort=name&order=desc/ HTTP/1.1" 200 2593
158.69.243.99 - - [17/Nov/2019:00:42:08 -0500] "GET /BLA/boletinlegal/documentos-importantes.php/index.php/index.php/index.php/doctrina.php/doctrina.php/actos.php/index.php/actos.php/actos.php/index.php/doctrina.php/ HTTP/1.1" 200 4822
192.99.13.228 - - [17/Nov/2019:00:42:15 -0500] "GET /Anexos%20estudio%20Organizacional%20SDA/index.php?dir=ANEXO%20No.11-PROYECTO%20DE%20DECRETO%20MODIFICATORIO%20PLANTA%20DE%20CARGOS%20SDA/&sort=date&order=asc/ HTTP/1.1" 200 2568
66.249.66.81 - - [17/Nov/2019:00:42:16 -0500] "GET /BLA/resoluciones/RESOLUCIONES%202010/2822.pdf HTTP/1.1" 200 616185
192.168.175.104 - - [17/Nov/2019:00:42:24 -0500] "GET / HTTP/1.0" 200 9990
66.249.66.81 - - [17/Nov/2019:00:42:29 -0500] "GET /BLA/resoluciones/AUTOS%202016/1974.pdf HTTP/1.1" 200 537694
158.69.243.99 - - [17/Nov/2019:00:42:36 -0500] "GET /BLA/boletinlegal/documentos-importantes.php/index.php/index.php/index.php/doctrina.php/doctrina.php/actos.php/index.php/actos.php/actos.php/index.php/index.php/ HTTP/1.1" 200 4822
192.99.13.228 - - [17/Nov/2019:00:42:43 -0500] "GET /Anexos%20estudio%20Organizacional%20SDA/index.php?dir=ANEXO%20No.11-PROYECTO%20DE%20DECRETO%20MODIFICATORIO%20PLANTA%20DE%20CARGOS%20SDA/&sort=name&order=desc/ HTTP/1.1" 200 2568
66.249.66.83 - - [17/Nov/2019:00:42:47 -0500] "GET /BLA/resoluciones/RESOLUCIONES%202013/0345.pdf HTTP/1.1" 200 471347
192.99.13.228 - - [17/Nov/2019:00:42:59 -0500] "GET /Anexos%20estudio%20Organizacional%20SDA/index.php?dir=ANEXO%20No.11-PROYECTO%20DE%20DECRETO%20MODIFICATORIO%20PLANTA%20DE%20CARGOS%20SDA/&sort=size&order=asc/ HTTP/1.1" 200 2568
158.69.243.99 - - [17/Nov/2019:00:43:03 -0500] "GET /BLA/boletinlegal/documentos-importantes.php/index.php/index.php/index.php/doctrina.php/doctrina.php/actos.php/index.php/actos.php/actos.php/index.php/jurisprudencia.php/ HTTP/1.1" 200 4822
66.249.66.82 - - [17/Nov/2019:00:43:04 -0500] "GET /BLA/resoluciones/RESOLUCIONES%202007/RES%202007%202101%20AL%202200/RESOLUCION%202130%20DE%202007.pdf HTTP/1.1" 200 471833
192.99.13.228 - - [17/Nov/2019:00:43:19 -0500] "GET /Anexos%20estudio%20Organizacional%20SDA/index.php?dir=ANEXO%20No.12-PROYECTO%20ACTUALIZACION%20MANUAL%20DE%20FUNCIONES%20SDA/&sort=name&order=asc/ HTTP/1.1" 200 2514
189.130.118.74 - - [17/Nov/2019:00:43:31 -0500] "GET /galeria/galeria/jquery.fancybox.css?v=2.1.5 HTTP/1.1" 200 4895
189.130.118.74 - - [17/Nov/2019:00:43:31 -0500] "GET /BLA/boletinlegal/js/jquery.scrollShow.js HTTP/1.1" 200 4586
189.130.118.74 - - [17/Nov/2019:00:43:31 -0500] "GET /galeria/galeria/jquery.fancybox.js?v=2.1.5 HTTP/1.1" 200 48706
192.99.13.228 - - [17/Nov/2019:00:43:36 -0500] "GET /Autoliquidacion/Grupo%20Forestal%20-%20Industria%20de%20la%20Madera/Instructivo-solicitud-Verificaci%C3%B3n-para-expedici%C3%B3n-SUNL.pdf/ HTTP/1.1" 404 1019
192.168.175.104 - - [17/Nov/2019:00:43:37 -0500] "GET / HTTP/1.1" 200 9990
158.69.243.99 - - [17/Nov/2019:00:43:38 -0500] "GET /BLA/boletinlegal/documentos-importantes.php/index.php/index.php/index.php/doctrina.php/doctrina.php/actos.php/index.php/actos.php/actos.php/index.php/norma_menu.php/ HTTP/1.1" 200 4822
66.249.66.81 - - [17/Nov/2019:00:43:49 -0500] "GET /BLA/resoluciones/RESOLUCIONES%202014/1724.pdf HTTP/1.1" 304 -
66.249.66.81 - - [17/Nov/2019:00:43:56 -0500] "GET /BLA/resoluciones/AUTOS%202017/2786.pdf HTTP/1.1" 200 287956
158.69.243.99 - - [17/Nov/2019:00:43:58 -0500] "GET /BLA/boletinlegal/documentos-importantes.php/index.php/index.php/index.php/doctrina.php/doctrina.php/actos.php/index.php/actos.php/actos.php/jurisprudencia.php/actos.php/ HTTP/1.1" 200 4822
167.0.162.242 - - [17/Nov/2019:00:44:00 -0500] "GET /galeria/galeria/jquery.fancybox.css?v=2.1.5 HTTP/1.1" 200 4895
167.0.162.242 - - [17/Nov/2019:00:44:00 -0500] "GET /BLA/boletinlegal/js/jquery.scrollShow.js HTTP/1.1" 200 4586
167.0.162.242 - - [17/Nov/2019:00:44:00 -0500] "GET /galeria/galeria/jquery.fancybox.js?v=2.1.5 HTTP/1.1" 200 48706
66.249.66.81 - - [17/Nov/2019:00:44:04 -0500] "GET /BLA/resoluciones/AUTOS%202017/0518.pdf HTTP/1.1" 200 603230
52.87.217.173 - - [17/Nov/2019:00:44:04 -0500] "GET /galeria/nivo-slider/demo/inicio.html HTTP/1.1" 200 4640
192.99.13.228 - - [17/Nov/2019:00:44:06 -0500] "GET /Autoliquidacion/Grupo%20Forestal%20-%20Silvicultura/FICHA%20T%C3%89CNICA%20DE%20REGISTRO%20-%20FICHA%202-.docx/ HTTP/1.1" 404 1019
186.83.131.38 - - [17/Nov/2019:00:44:07 -0500] "GET /galeria/galeria/jquery.fancybox.css?v=2.1.5 HTTP/1.1" 200 4895
186.83.131.38 - - [17/Nov/2019:00:44:08 -0500] "GET /BLA/boletinlegal/js/jquery.scrollShow.js HTTP/1.1" 200 4586
186.83.131.38 - - [17/Nov/2019:00:44:08 -0500] "GET /galeria/galeria/jquery.fancybox.js?v=2.1.5 HTTP/1.1" 200 48706
66.249.66.81 - - [17/Nov/2019:00:44:13 -0500] "GET /BLA/resoluciones/AUTOS%202015/0888.pdf HTTP/1.1" 200 465674
66.249.66.155 - - [17/Nov/2019:00:44:21 -0500] "GET /dama/libreria/pdf/PMA_alcaldia.pdf HTTP/1.1" 404 1019
158.69.243.99 - - [17/Nov/2019:00:44:30 -0500] "GET /BLA/boletinlegal/documentos-importantes.php/index.php/index.php/index.php/doctrina.php/doctrina.php/actos.php/index.php/actos.php/actos.php/jurisprudencia.php/doctrina.php/ HTTP/1.1" 200 4822
192.99.13.228 - - [17/Nov/2019:00:44:30 -0500] "GET /Autoliquidacion/Grupo%20Forestal%20-%20Silvicultura/Ficha%20de%20actualizaci%C3%B3n%20del%20catastro%20de%20%C3%A1rboles.xls/ HTTP/1.1" 404 1019
62.182.198.153 - - [17/Nov/2019:00:44:41 -0500] "GET /BLA/boletinlegal/js/jquery.scrollShow.js HTTP/1.1" 200 4586
62.182.198.153 - - [17/Nov/2019:00:44:41 -0500] "GET /galeria/galeria/jquery.fancybox.css?v=2.1.5 HTTP/1.1" 200 4895
62.182.198.153 - - [17/Nov/2019:00:44:44 -0500] "GET /galeria/galeria/jquery.fancybox.js?v=2.1.5 HTTP/1.1" 200 48706
186.148.182.13 - - [17/Nov/2019:00:44:44 -0500] "GET /BLA/boletinlegal/jurisprudencia/analisis/AnalisisT-146-16.docx HTTP/1.1" 200 23021
192.99.13.228 - - [17/Nov/2019:00:44:55 -0500] "GET /Autoliquidacion/Grupo%20Forestal%20-%20Silvicultura/Ficha%20t%C3%A9cnica%20de%20registro%20de%20poda.xlsm/ HTTP/1.1" 404 1019
158.69.243.99 - - [17/Nov/2019:00:44:57 -0500] "GET /BLA/boletinlegal/documentos-importantes.php/index.php/index.php/index.php/doctrina.php/doctrina.php/actos.php/index.php/actos.php/actos.php/jurisprudencia.php/index.php/ HTTP/1.1" 200 4822
66.249.66.81 - - [17/Nov/2019:00:45:05 -0500] "GET /BLA/resoluciones/RESOLUCIONES%202007/RES%202007%201401%20AL%201500/RESOLUCION%201471%20DE%202007.pdf HTTP/1.1" 200 353588
66.249.66.81 - - [17/Nov/2019:00:45:22 -0500] "GET /BLA/resoluciones/RESOLUCIONES%202007/RES%202007%204101%20AL%204200/RESOLUCION%204161%20DE%202007.pdf HTTP/1.1" 200 1205972
192.99.13.228 - - [17/Nov/2019:00:45:32 -0500] "GET /Autoliquidacion/Grupo%20Forestal%20-%20Silvicultura/Formato%20de%20ejecuci%C3%B3n%20de%20actividades%20silviculturales.xlsx/ HTTP/1.1" 404 1019
158.69.243.99 - - [17/Nov/2019:00:45:32 -0500] "GET /BLA/boletinlegal/documentos-importantes.php/index.php/index.php/index.php/doctrina.php/doctrina.php/actos.php/index.php/actos.php/actos.php/jurisprudencia.php/jurisprudencia.php/ HTTP/1.1" 200 4822
66.249.66.83 - - [17/Nov/2019:00:45:39 -0500] "GET /BLA/resoluciones/AUTOS%202014/5500.pdf HTTP/1.1" 200 588274
66.249.66.82 - - [17/Nov/2019:00:45:57 -0500] "GET /BLA/resoluciones/RESOLUCIONES%202016/1655.pdf HTTP/1.1" 200 466835
192.99.13.228 - - [17/Nov/2019:00:45:57 -0500] "GET /Autoliquidacion/Grupo%20Forestal%20-%20Silvicultura/Instructivo-solicitud-Verificaci%C3%B3n-para-expedici%C3%B3n-SUNL.pdf/ HTTP/1.1" 404 1019
158.69.243.99 - - [17/Nov/2019:00:46:01 -0500] "GET /BLA/boletinlegal/documentos-importantes.php/index.php/index.php/index.php/doctrina.php/doctrina.php/actos.php/index.php/actos.php/actos.php/jurisprudencia.php/norma_menu.php/ HTTP/1.1" 200 4822
40.77.167.56 - - [17/Nov/2019:00:46:02 -0500] "GET /galeria/galeria/fotos/Nogal.jpg HTTP/1.1" 200 365859
66.249.66.81 - - [17/Nov/2019:00:46:14 -0500] "GET /BLA/resoluciones/AUTOS%202018/3572.pdf HTTP/1.1" 200 1642390
69.162.124.232 - - [17/Nov/2019:00:46:17 -0500] "HEAD / HTTP/1.1" 200 -
192.99.13.228 - - [17/Nov/2019:00:46:21 -0500] "GET /Autoliquidacion/index.php?dir=Plan%20de%20manejo%20ambiental%20para%20sitios%20de%20aprovechamiento%20y%20o%20disposicion%20final%20de%20escombros/&sort=name&order=desc/ HTTP/1.1" 200 2471
186.84.20.123 - - [17/Nov/2019:00:46:43 -0500] "GET /galeria/galeria/fotos/GuaymaralTorca4G.jpg HTTP/1.1" 200 373786
158.69.243.99 - - [17/Nov/2019:00:46:45 -0500] "GET /BLA/boletinlegal/documentos-importantes.php/index.php/index.php/index.php/doctrina.php/doctrina.php/actos.php/index.php/actos.php/actos.php/norma_menu.php/actos.php/ HTTP/1.1" 200 4822
192.99.13.228 - - [17/Nov/2019:00:46:49 -0500] "GET /Autoliquidacion/index.php?dir=Solicitud%20de%20Licencia%20Ambiental// HTTP/1.1" 200 2684
66.249.66.81 - - [17/Nov/2019:00:47:06 -0500] "GET /BLA/resoluciones/RESOLUCIONES%202010/0979.pdf HTTP/1.1" 200 122250
158.69.243.99 - - [17/Nov/2019:00:47:09 -0500] "GET /BLA/boletinlegal/documentos-importantes.php/index.php/index.php/index.php/doctrina.php/doctrina.php/actos.php/index.php/actos.php/actos.php/norma_menu.php/doctrina.php/ HTTP/1.1" 200 4822
66.249.66.81 - - [17/Nov/2019:00:47:12 -0500] "GET /BLA/resoluciones/AUTOS%202015/3292.pdf HTTP/1.1" 200 694752
157.55.39.34 - - [17/Nov/2019:00:47:13 -0500] "GET /robots.txt HTTP/1.1" 404 1015
192.99.13.228 - - [17/Nov/2019:00:47:14 -0500] "GET /Autoliquidacion/index.php?dir=Solicitud%20de%20Licencia%20Ambiental/&sort=date&order=asc/ HTTP/1.1" 200 2552
192.168.175.104 - - [17/Nov/2019:00:47:21 -0500] "GET / HTTP/1.0" 200 9990
157.55.39.62 - - [17/Nov/2019:00:47:15 -0500] "GET /POT-2013/Cartografia/36_Est_Funcional_servicios_Est_Socioeconomica_Espacial%20Area%20.pdf HTTP/1.1" 200 2689602
46.229.168.137 - - [17/Nov/2019:00:47:35 -0500] "GET /robots.txt HTTP/1.1" 404 1049
46.229.168.133 - - [17/Nov/2019:00:47:36 -0500] "GET /catalogoisis/both.php HTTP/1.1" 200 4015
192.99.13.228 - - [17/Nov/2019:00:47:38 -0500] "GET /Autoliquidacion/index.php?dir=Solicitud%20de%20Licencia%20Ambiental/&sort=date&order=desc/ HTTP/1.1" 200 2552
158.69.243.99 - - [17/Nov/2019:00:47:43 -0500] "GET /BLA/boletinlegal/documentos-importantes.php/index.php/index.php/index.php/doctrina.php/doctrina.php/actos.php/index.php/actos.php/actos.php/norma_menu.php/index.php/ HTTP/1.1" 200 4822
192.99.13.228 - - [17/Nov/2019:00:47:59 -0500] "GET /PruebasSTORM/StormSDA_pruebas/userFiles/user_files/91/?C=S;O=D/ HTTP/1.1" 200 1756
66.249.66.81 - - [17/Nov/2019:00:48:02 -0500] "GET /BLA/resoluciones/AUTOS%202015/4642.pdf HTTP/1.1" 200 461701
54.36.150.147 - - [17/Nov/2019:00:48:03 -0500] "GET /BLA/resoluciones/RESOLUCIONES%202006/RES%202006%201551-1600/00001551.tif HTTP/1.1" 200 288530
66.249.66.81 - - [17/Nov/2019:00:48:15 -0500] "GET /BLA/resoluciones/AUTOS%202016/2033.pdf HTTP/1.1" 200 591079
158.69.243.99 - - [17/Nov/2019:00:48:19 -0500] "GET /BLA/boletinlegal/documentos-importantes.php/index.php/index.php/index.php/doctrina.php/doctrina.php/actos.php/index.php/actos.php/actos.php/norma_menu.php/jurisprudencia.php/ HTTP/1.1" 200 4822
192.99.13.228 - - [17/Nov/2019:00:48:24 -0500] "GET /SIG/index.php/Direccionamiento%20Estrategico/126PG01-PR05.pdf/ HTTP/1.1" 200 5485
192.168.175.104 - - [17/Nov/2019:00:48:35 -0500] "GET / HTTP/1.1" 200 9990
69.30.226.234 - - [17/Nov/2019:00:48:47 -0500] "GET /robots.txt HTTP/1.1" 404 1022
189.203.194.197 - - [17/Nov/2019:00:48:48 -0500] "GET /galeria/galeria/jquery.fancybox.js?v=2.1.5 HTTP/1.1" 200 48706
189.203.194.197 - - [17/Nov/2019:00:48:48 -0500] "GET /BLA/boletinlegal/js/jquery.scrollShow.js HTTP/1.1" 200 4586
189.203.194.197 - - [17/Nov/2019:00:48:48 -0500] "GET /galeria/galeria/jquery.fancybox.css?v=2.1.5 HTTP/1.1" 200 4895
66.249.66.83 - - [17/Nov/2019:00:48:49 -0500] "GET /BLA/resoluciones/RESOLUCIONES%202007/RES%202007%201726%20AL%201800/RESOLUCION%201795%20DE%202007.pdf HTTP/1.1" 304 -
158.69.243.99 - - [17/Nov/2019:00:48:50 -0500] "GET /BLA/boletinlegal/documentos-importantes.php/index.php/index.php/index.php/doctrina.php/doctrina.php/actos.php/index.php/actos.php/actos.php/norma_menu.php/norma_menu.php/ HTTP/1.1" 200 4822
192.99.13.228 - - [17/Nov/2019:00:48:52 -0500] "GET /SIG/index.php/Direccionamiento%20Estrategico/126PG01-PR07.pdf/ HTTP/1.1" 200 5485
69.30.226.234 - - [17/Nov/2019:00:49:04 -0500] "GET /BLA/boletinlegal/documentos-importantes.php/index.php/index.php/index.php/doctrina.php/doctrina.php/actos.php/norma_menu.php/actos.php/actos.php/norma_menu.php/actos.php/ HTTP/1.1" 200 4822
69.30.226.234 - - [17/Nov/2019:00:49:15 -0500] "GET /BLA/boletinlegal/documentos-importantes.php/index.php/index.php/index.php/doctrina.php/doctrina.php/actos.php/norma_menu.php/actos.php/actos.php/norma_menu.php/doctrina.php/ HTTP/1.1" 200 4822
192.99.13.228 - - [17/Nov/2019:00:49:19 -0500] "GET /SIG/index.php/Direccionamiento%20Estrategico/126PG01-PR09.pdf/ HTTP/1.1" 200 5485
158.69.243.99 - - [17/Nov/2019:00:49:20 -0500] "GET /BLA/boletinlegal/documentos-importantes.php/index.php/index.php/index.php/doctrina.php/doctrina.php/actos.php/index.php/actos.php/doctrina.php/actos.php/actos.php/ HTTP/1.1" 200 4822
69.30.226.234 - - [17/Nov/2019:00:49:23 -0500] "GET /BLA/boletinlegal/documentos-importantes.php/index.php/index.php/index.php/doctrina.php/doctrina.php/actos.php/norma_menu.php/actos.php/actos.php/norma_menu.php/index.php/ HTTP/1.1" 200 4822
66.249.66.82 - - [17/Nov/2019:00:49:24 -0500] "GET /PORTAL_SIAC/Resoluci%C3%B3n%20242%20de%202014%20(Lineamientos%20PIGA).pdf HTTP/1.1" 304 -
66.102.6.189 - - [17/Nov/2019:00:49:30 -0500] "GET /galeria/galeria/jquery.fancybox.css?v=2.1.5 HTTP/1.1" 200 4895
66.102.6.189 - - [17/Nov/2019:00:49:30 -0500] "GET /BLA/boletinlegal/js/jquery.scrollShow.js HTTP/1.1" 200 4586
66.102.6.191 - - [17/Nov/2019:00:49:30 -0500] "GET /galeria/galeria/jquery.fancybox.js?v=2.1.5 HTTP/1.1" 200 48706
66.102.6.189 - - [17/Nov/2019:00:49:31 -0500] "GET /galeria/galeria/jquery.fancybox.css?v=2.1.5 HTTP/1.1" 304 -
66.102.6.187 - - [17/Nov/2019:00:49:31 -0500] "GET /galeria/galeria/jquery.fancybox.js?v=2.1.5 HTTP/1.1" 304 -
69.30.226.234 - - [17/Nov/2019:00:49:35 -0500] "GET /BLA/boletinlegal/documentos-importantes.php/index.php/index.php/index.php/doctrina.php/doctrina.php/actos.php/norma_menu.php/actos.php/actos.php/norma_menu.php/jurisprudencia.php/ HTTP/1.1" 200 4822
190.156.73.80 - - [17/Nov/2019:00:49:43 -0500] "GET /galeria/galeria/jquery.fancybox.js?v=2.1.5 HTTP/1.1" 200 48706
190.156.73.80 - - [17/Nov/2019:00:49:43 -0500] "GET /galeria/galeria/jquery.fancybox.css?v=2.1.5 HTTP/1.1" 200 4895
192.99.13.228 - - [17/Nov/2019:00:49:43 -0500] "GET /SIG/index.php/Direccionamiento%20Estrategico/126PG01-PR13.pdf/ HTTP/1.1" 200 5485
69.30.226.234 - - [17/Nov/2019:00:49:51 -0500] "GET /BLA/boletinlegal/documentos-importantes.php/index.php/index.php/index.php/doctrina.php/doctrina.php/actos.php/norma_menu.php/actos.php/actos.php/norma_menu.php/norma_menu.php/ HTTP/1.1" 200 4822
158.69.243.99 - - [17/Nov/2019:00:49:54 -0500] "GET /BLA/boletinlegal/documentos-importantes.php/index.php/index.php/index.php/doctrina.php/doctrina.php/actos.php/index.php/actos.php/doctrina.php/actos.php/doctrina.php/ HTTP/1.1" 200 4822
190.156.73.80 - - [17/Nov/2019:00:49:56 -0500] "GET /BLA/boletinlegal/js/jquery.scrollShow.js HTTP/1.1" 200 4586
69.30.226.234 - - [17/Nov/2019:00:49:58 -0500] "GET /BLA/boletinlegal/documentos-importantes.php/index.php/index.php/index.php/doctrina.php/doctrina.php/actos.php/norma_menu.php/actos.php/doctrina.php/actos.php/actos.php/ HTTP/1.1" 200 4822
54.36.149.91 - - [17/Nov/2019:00:49:58 -0500] "GET /BLA/resoluciones/RESOLUCIONES%202006/RES%202006%201551-1600/00001576.tif HTTP/1.1" 200 137948
190.156.73.80 - - [17/Nov/2019:00:50:00 -0500] "GET /BLA/boletinlegal/js/jquery.scrollShow.js HTTP/1.1" 304 -
190.156.73.80 - - [17/Nov/2019:00:50:01 -0500] "GET /galeria/galeria/jquery.fancybox.css?v=2.1.5 HTTP/1.1" 304 -
190.156.73.80 - - [17/Nov/2019:00:50:01 -0500] "GET /galeria/galeria/jquery.fancybox.js?v=2.1.5 HTTP/1.1" 304 -
69.30.226.234 - - [17/Nov/2019:00:50:05 -0500] "GET /BLA/boletinlegal/documentos-importantes.php/index.php/index.php/index.php/doctrina.php/doctrina.php/actos.php/norma_menu.php/actos.php/doctrina.php/actos.php/doctrina.php/ HTTP/1.1" 200 4822
192.99.13.228 - - [17/Nov/2019:00:50:11 -0500] "GET /SIG/index.php/Direccionamiento%20Estrategico/126PG01-PR14.pdf/ HTTP/1.1" 200 5485
69.30.226.234 - - [17/Nov/2019:00:50:13 -0500] "GET /BLA/boletinlegal/documentos-importantes.php/index.php/index.php/index.php/doctrina.php/doctrina.php/actos.php/norma_menu.php/actos.php/doctrina.php/actos.php/index.php/ HTTP/1.1" 200 4822
66.249.66.81 - - [17/Nov/2019:00:50:16 -0500] "GET /BLA/resoluciones/AUTOS%202007/2080.pdf HTTP/1.1" 304 -
69.30.226.234 - - [17/Nov/2019:00:50:18 -0500] "GET /BLA/boletinlegal/documentos-importantes.php/index.php/index.php/index.php/doctrina.php/doctrina.php/actos.php/norma_menu.php/actos.php/doctrina.php/actos.php/jurisprudencia.php/ HTTP/1.1" 200 4822
158.69.243.99 - - [17/Nov/2019:00:50:20 -0500] "GET /BLA/boletinlegal/documentos-importantes.php/index.php/index.php/index.php/doctrina.php/doctrina.php/actos.php/index.php/actos.php/doctrina.php/actos.php/index.php/ HTTP/1.1" 200 4822
69.30.226.234 - - [17/Nov/2019:00:50:25 -0500] "GET /BLA/boletinlegal/documentos-importantes.php/index.php/index.php/index.php/doctrina.php/doctrina.php/actos.php/norma_menu.php/actos.php/doctrina.php/actos.php/norma_menu.php/ HTTP/1.1" 200 4822
66.249.66.81 - - [17/Nov/2019:00:50:33 -0500] "GET /BLA/resoluciones/RESOLUCIONES%202010/6773.pdf HTTP/1.1" 304 -
186.84.89.117 - - [17/Nov/2019:00:50:35 -0500] "-" 408 -
192.99.13.228 - - [17/Nov/2019:00:50:37 -0500] "GET /SIG/index.php/Direccionamiento%20Estrategico/126PG01-PR18.pdf/ HTTP/1.1" 200 5485
69.30.226.234 - - [17/Nov/2019:00:50:38 -0500] "GET /BLA/boletinlegal/documentos-importantes.php/index.php/index.php/index.php/doctrina.php/doctrina.php/actos.php/norma_menu.php/actos.php/doctrina.php/doctrina.php/actos.php/ HTTP/1.1" 200 4822
158.69.243.99 - - [17/Nov/2019:00:50:50 -0500] "GET /BLA/boletinlegal/documentos-importantes.php/index.php/index.php/index.php/doctrina.php/doctrina.php/actos.php/index.php/actos.php/doctrina.php/actos.php/jurisprudencia.php/ HTTP/1.1" 200 4822
192.99.13.228 - - [17/Nov/2019:00:51:06 -0500] "GET /SIG/index.php/ECS/126PM04-PR05.pdf/ HTTP/1.1" 200 4960
69.162.124.232 - - [17/Nov/2019:00:51:17 -0500] "HEAD / HTTP/1.1" 200 -
69.30.226.234 - - [17/Nov/2019:00:51:20 -0500] "GET /BLA/boletinlegal/documentos-importantes.php/index.php/index.php/index.php/doctrina.php/doctrina.php/actos.php/norma_menu.php/actos.php/doctrina.php/doctrina.php/doctrina.php/ HTTP/1.1" 200 4822
66.249.66.81 - - [17/Nov/2019:00:51:25 -0500] "GET /BLA/resoluciones/AUTOS%202013/1320.pdf HTTP/1.1" 200 2027437
69.30.226.234 - - [17/Nov/2019:00:51:31 -0500] "GET /BLA/boletinlegal/documentos-importantes.php/index.php/index.php/index.php/doctrina.php/doctrina.php/actos.php/norma_menu.php/actos.php/doctrina.php/doctrina.php/index.php/ HTTP/1.1" 200 4822
158.69.243.99 - - [17/Nov/2019:00:51:32 -0500] "GET /BLA/boletinlegal/documentos-importantes.php/index.php/index.php/index.php/doctrina.php/doctrina.php/actos.php/index.php/actos.php/doctrina.php/actos.php/norma_menu.php/ HTTP/1.1" 200 4822
192.99.13.228 - - [17/Nov/2019:00:51:32 -0500] "GET /SIG/index.php/ECS/126PM04-PR49.pdf/ HTTP/1.1" 200 4960
69.30.226.234 - - [17/Nov/2019:00:51:41 -0500] "GET /BLA/boletinlegal/documentos-importantes.php/index.php/index.php/index.php/doctrina.php/doctrina.php/actos.php/norma_menu.php/actos.php/doctrina.php/doctrina.php/jurisprudencia.php/ HTTP/1.1" 200 4822
66.249.66.82 - - [17/Nov/2019:00:51:42 -0500] "GET /BLA/resoluciones/AUTOS%202013/1320.pdf HTTP/1.1" 200 2027437
69.30.226.234 - - [17/Nov/2019:00:51:51 -0500] "GET /BLA/boletinlegal/documentos-importantes.php/index.php/index.php/index.php/doctrina.php/doctrina.php/actos.php/norma_menu.php/actos.php/doctrina.php/doctrina.php/norma_menu.php/ HTTP/1.1" 200 4822
192.99.13.228 - - [17/Nov/2019:00:51:54 -0500] "GET /SIG/index.php/ECS/126PM04-PR53.pdf/ HTTP/1.1" 200 4960
66.249.66.82 - - [17/Nov/2019:00:51:59 -0500] "GET /BLA/resoluciones/AUTOS%202015/2023.pdf HTTP/1.1" 200 807737
158.69.243.99 - - [17/Nov/2019:00:52:00 -0500] "GET /BLA/boletinlegal/documentos-importantes.php/index.php/index.php/index.php/doctrina.php/doctrina.php/actos.php/index.php/actos.php/doctrina.php/doctrina.php/actos.php/ HTTP/1.1" 200 4822
69.30.226.234 - - [17/Nov/2019:00:52:01 -0500] "GET /BLA/boletinlegal/documentos-importantes.php/index.php/index.php/index.php/doctrina.php/doctrina.php/actos.php/norma_menu.php/actos.php/doctrina.php/index.php/actos.php/ HTTP/1.1" 200 4822
54.36.148.70 - - [17/Nov/2019:00:52:06 -0500] "GET /BLA/resoluciones/RESOLUCIONES%202006/RES%202006%20%202951-3000/00002963.tif HTTP/1.1" 200 212650
69.30.226.234 - - [17/Nov/2019:00:52:10 -0500] "GET /BLA/boletinlegal/documentos-importantes.php/index.php/index.php/index.php/doctrina.php/doctrina.php/actos.php/norma_menu.php/actos.php/doctrina.php/index.php/doctrina.php/ HTTP/1.1" 200 4822
66.249.66.81 - - [17/Nov/2019:00:52:17 -0500] "GET /Caja%20Herramientas%20PIGA/Doc%20SPPA/Gu%C3%ADa%20para%20el%20manejo%20de%20la%20herramienta%20sistematizada%20STORM..pdf HTTP/1.1" 200 3272146
192.99.13.228 - - [17/Nov/2019:00:52:17 -0500] "GET /SIG/index.php/ECS/126PM04-PR55.pdf/ HTTP/1.1" 200 4960
69.30.226.234 - - [17/Nov/2019:00:52:18 -0500] "GET /BLA/boletinlegal/documentos-importantes.php/index.php/index.php/index.php/doctrina.php/doctrina.php/actos.php/norma_menu.php/actos.php/doctrina.php/index.php/index.php/ HTTP/1.1" 200 4822
192.168.175.104 - - [17/Nov/2019:00:52:20 -0500] "GET / HTTP/1.0" 200 9990
66.249.66.81 - - [17/Nov/2019:00:52:21 -0500] "GET /BLA/resoluciones/AUTOS%202019/0198.pdf HTTP/1.1" 200 284001
69.30.226.234 - - [17/Nov/2019:00:52:25 -0500] "GET /BLA/boletinlegal/documentos-importantes.php/index.php/index.php/index.php/doctrina.php/doctrina.php/actos.php/norma_menu.php/actos.php/doctrina.php/index.php/jurisprudencia.php/ HTTP/1.1" 200 4822
69.30.226.234 - - [17/Nov/2019:00:52:34 -0500] "GET /BLA/boletinlegal/documentos-importantes.php/index.php/index.php/index.php/doctrina.php/doctrina.php/actos.php/norma_menu.php/actos.php/doctrina.php/index.php/norma_menu.php/ HTTP/1.1" 200 4822
66.249.66.82 - - [17/Nov/2019:00:52:34 -0500] "GET /BLA/resoluciones/RESOLUCIONES%202015/1495.pdf HTTP/1.1" 200 758588
69.30.226.234 - - [17/Nov/2019:00:52:40 -0500] "GET /BLA/boletinlegal/documentos-importantes.php/index.php/index.php/index.php/doctrina.php/doctrina.php/actos.php/norma_menu.php/actos.php/doctrina.php/jurisprudencia.php/actos.php/ HTTP/1.1" 200 4822
192.99.13.228 - - [17/Nov/2019:00:52:42 -0500] "GET /SIG/index.php/ECS/126PM04-PR56.pdf/ HTTP/1.1" 200 4960
158.69.243.99 - - [17/Nov/2019:00:52:44 -0500] "GET /BLA/boletinlegal/documentos-importantes.php/index.php/index.php/index.php/doctrina.php/doctrina.php/actos.php/index.php/actos.php/doctrina.php/doctrina.php/doctrina.php/ HTTP/1.1" 200 4822
69.30.226.234 - - [17/Nov/2019:00:52:46 -0500] "GET /BLA/boletinlegal/documentos-importantes.php/index.php/index.php/index.php/doctrina.php/doctrina.php/actos.php/norma_menu.php/actos.php/doctrina.php/jurisprudencia.php/doctrina.php/ HTTP/1.1" 200 4822
69.30.226.234 - - [17/Nov/2019:00:52:52 -0500] "GET /BLA/boletinlegal/documentos-importantes.php/index.php/index.php/index.php/doctrina.php/doctrina.php/actos.php/norma_menu.php/actos.php/doctrina.php/jurisprudencia.php/index.php/ HTTP/1.1" 200 4822
69.30.226.234 - - [17/Nov/2019:00:53:02 -0500] "GET /BLA/boletinlegal/documentos-importantes.php/index.php/index.php/index.php/doctrina.php/doctrina.php/actos.php/norma_menu.php/actos.php/doctrina.php/jurisprudencia.php/jurisprudencia.php/ HTTP/1.1" 200 4822
192.99.13.228 - - [17/Nov/2019:00:53:09 -0500] "GET /SIG/index.php/ECS/126PM04-PR57.pdf/ HTTP/1.1" 200 4960
69.30.226.234 - - [17/Nov/2019:00:53:10 -0500] "GET /BLA/boletinlegal/documentos-importantes.php/index.php/index.php/index.php/doctrina.php/doctrina.php/actos.php/norma_menu.php/actos.php/doctrina.php/jurisprudencia.php/norma_menu.php/ HTTP/1.1" 200 4822
186.84.89.120 - - [17/Nov/2019:00:53:11 -0500] "GET /Residuos/farmaceutica/files/guia_farmaceuticas.pdf HTTP/1.1" 200 11071842
158.69.243.99 - - [17/Nov/2019:00:53:15 -0500] "GET /BLA/boletinlegal/documentos-importantes.php/index.php/index.php/index.php/doctrina.php/doctrina.php/actos.php/index.php/actos.php/doctrina.php/doctrina.php/index.php/ HTTP/1.1" 200 4822
69.30.226.234 - - [17/Nov/2019:00:53:17 -0500] "GET /BLA/boletinlegal/documentos-importantes.php/index.php/index.php/index.php/doctrina.php/doctrina.php/actos.php/norma_menu.php/actos.php/doctrina.php/norma_menu.php/actos.php/ HTTP/1.1" 200 4822
69.30.226.234 - - [17/Nov/2019:00:53:25 -0500] "GET /BLA/boletinlegal/documentos-importantes.php/index.php/index.php/index.php/doctrina.php/doctrina.php/actos.php/norma_menu.php/actos.php/doctrina.php/norma_menu.php/doctrina.php/ HTTP/1.1" 200 4822
66.249.66.84 - - [17/Nov/2019:00:53:26 -0500] "GET /BLA/resoluciones/AUTOS%202015/6565.pdf HTTP/1.1" 200 620735
192.99.13.228 - - [17/Nov/2019:00:53:32 -0500] "GET /SIG/index.php/ECS/126PM04-PR58.pdf/ HTTP/1.1" 200 4960
69.30.226.234 - - [17/Nov/2019:00:53:33 -0500] "GET /BLA/boletinlegal/documentos-importantes.php/index.php/index.php/index.php/doctrina.php/doctrina.php/actos.php/norma_menu.php/actos.php/doctrina.php/norma_menu.php/index.php/ HTTP/1.1" 200 4822
192.168.175.104 - - [17/Nov/2019:00:53:33 -0500] "GET / HTTP/1.1" 200 9990
66.249.66.83 - - [17/Nov/2019:00:53:37 -0500] "GET /BLA/resoluciones/AUTOS%202015/4431.pdf HTTP/1.1" 200 699881
69.30.226.234 - - [17/Nov/2019:00:53:43 -0500] "GET /BLA/boletinlegal/documentos-importantes.php/index.php/index.php/index.php/doctrina.php/doctrina.php/actos.php/norma_menu.php/actos.php/doctrina.php/norma_menu.php/jurisprudencia.php/ HTTP/1.1" 200 4822
158.69.243.99 - - [17/Nov/2019:00:53:46 -0500] "GET /BLA/boletinlegal/documentos-importantes.php/index.php/index.php/index.php/doctrina.php/doctrina.php/actos.php/index.php/actos.php/doctrina.php/doctrina.php/jurisprudencia.php/ HTTP/1.1" 200 4822
69.30.226.234 - - [17/Nov/2019:00:53:51 -0500] "GET /BLA/boletinlegal/documentos-importantes.php/index.php/index.php/index.php/doctrina.php/doctrina.php/actos.php/norma_menu.php/actos.php/doctrina.php/norma_menu.php/norma_menu.php/ HTTP/1.1" 200 4822
69.30.226.234 - - [17/Nov/2019:00:54:00 -0500] "GET /BLA/boletinlegal/documentos-importantes.php/index.php/index.php/index.php/doctrina.php/doctrina.php/actos.php/norma_menu.php/actos.php/index.php/actos.php/actos.php/ HTTP/1.1" 200 4822
192.99.13.228 - - [17/Nov/2019:00:54:00 -0500] "GET /SIG/index.php/ECS/126PM04-PR64.pdf/ HTTP/1.1" 200 4960
