192.168.175.104 - - [17/Nov/2019:05:46:46 -0500] "GET / HTTP/1.1" 200 9990
66.249.66.81 - - [17/Nov/2019:05:47:23 -0500] "GET /BLA/resoluciones/RESOLUCIONES%202011/5885.pdf HTTP/1.1" 200 352353
216.244.66.195 - - [17/Nov/2019:05:47:23 -0500] "GET /BLA/resoluciones/AUTOS%202009/0811.pdf HTTP/1.1" 200 69287
69.162.124.232 - - [17/Nov/2019:05:47:26 -0500] "HEAD / HTTP/1.1" 200 -
66.249.66.81 - - [17/Nov/2019:05:47:29 -0500] "GET /BLA/resoluciones/RESOLUCIONES%202007/RES%202007%201401%20AL%201500/RESOLUCION%201402%20DE%202007.pdf HTTP/1.1" 304 -
66.249.66.81 - - [17/Nov/2019:05:48:05 -0500] "GET /BLA/resoluciones/RESOLUCIONES%202007/RES%202007%201101%20AL%201200/RESOLUCION%201170%20DE%202007.pdf HTTP/1.1" 304 -
66.249.66.81 - - [17/Nov/2019:05:48:25 -0500] "GET /POT-2013/index.php?dir=Cartografia/&sort=name&order=asc HTTP/1.1" 200 11465
54.36.148.180 - - [17/Nov/2019:05:48:32 -0500] "GET /BLA/resoluciones/RESOLUCIONES%202003/RES%202003%201351-1400/20031357.tif HTTP/1.1" 200 88454
66.249.66.209 - - [17/Nov/2019:05:48:45 -0500] "GET /robots.txt HTTP/1.1" 404 1015
66.249.66.211 - - [17/Nov/2019:05:48:45 -0500] "GET /POT-2013/index.php?dir=Cartografia/&sort=name&order=asc HTTP/1.1" 200 11465
66.249.66.78 - - [17/Nov/2019:05:49:05 -0500] "GET /POT-2013/index.php?dir=Cartografia%2F HTTP/1.1" 200 11465
216.244.66.195 - - [17/Nov/2019:05:49:08 -0500] "GET /BLA/resoluciones/AUTOS%202009/1209.pdf HTTP/1.1" 200 122553
66.249.66.82 - - [17/Nov/2019:05:49:44 -0500] "GET /BLA/resoluciones/RESOLUCIONES%202013/0880.pdf HTTP/1.1" 200 565879
157.55.39.182 - - [17/Nov/2019:05:50:12 -0500] "GET /SIG/Gesti%C3%83%C2%B3n%20de%20Recursos%20F%C3%83%C2%ADsicos/126PA04-PR34.pdf HTTP/1.1" 404 1019
66.249.66.81 - - [17/Nov/2019:05:50:24 -0500] "GET /BLA/resoluciones/AUTOS%202015/1141.pdf HTTP/1.1" 304 -
192.168.175.104 - - [17/Nov/2019:05:50:34 -0500] "GET / HTTP/1.0" 200 9990
216.244.66.195 - - [17/Nov/2019:05:50:49 -0500] "GET /BLA/resoluciones/AUTOS%202009/1508.pdf HTTP/1.1" 200 100579
66.249.66.155 - - [17/Nov/2019:05:51:24 -0500] "GET /POT-2013/Cartografia/22_Sistema%20de%20Gas%20Natural_FEB.pdf HTTP/1.1" 200 4131653
66.249.66.83 - - [17/Nov/2019:05:51:44 -0500] "GET /Autoliquidacion/Solicitudes%20relacionadas%20con%20calidad%20del%20aire%20auditiva%20y%20visual/Acompa%C3%B1amiento%20para%20muestreo%20isocin%C3%A9tico%20y%20o%20determinaciones%20de%20emisiones%20a%20fuentes%20fijas/Lineamientos%20Construccion%20Muestras%20Emision.doc HTTP/1.1" 304 -
192.168.175.104 - - [17/Nov/2019:05:51:45 -0500] "GET / HTTP/1.1" 200 9990
66.249.66.81 - - [17/Nov/2019:05:52:04 -0500] "GET /BLA/resoluciones/RESOLUCIONES%202011/1561.pdf HTTP/1.1" 304 -
66.249.66.81 - - [17/Nov/2019:05:52:24 -0500] "GET /BLA/resoluciones/AUTOS%202017/0328.pdf HTTP/1.1" 200 391371
69.162.124.232 - - [17/Nov/2019:05:52:26 -0500] "HEAD / HTTP/1.1" 200 -
181.61.121.144 - - [17/Nov/2019:05:52:32 -0500] "GET /galeria/galeria/jquery.fancybox.css?v=2.1.5 HTTP/1.1" 200 4895
181.61.121.144 - - [17/Nov/2019:05:52:34 -0500] "GET /BLA/boletinlegal/js/jquery.scrollShow.js HTTP/1.1" 200 4586
181.61.121.144 - - [17/Nov/2019:05:52:34 -0500] "GET /galeria/galeria/jquery.fancybox.js?v=2.1.5 HTTP/1.1" 200 48706
46.229.168.154 - - [17/Nov/2019:05:52:36 -0500] "GET /Autoliquidacion/index.php?dir=TR%C1MITES%2BVERTIMIENTOS%2F HTTP/1.1" 200 6595
40.77.167.198 - - [17/Nov/2019:05:52:47 -0500] "GET /SIG/Gesti%C3%B3n%20Talento%20Humano/126PA01-PR25.pdf HTTP/1.1" 304 -
216.244.66.195 - - [17/Nov/2019:05:52:51 -0500] "GET /BLA/resoluciones/AUTOS%202009/1600.pdf HTTP/1.1" 200 124156
66.249.66.81 - - [17/Nov/2019:05:53:23 -0500] "GET /BLA/resoluciones/RESOLUCIONES%202007/RES%202007%203001%20AL%203100/RESOLUCION%203069%20DE%202007.pdf HTTP/1.1" 304 -
54.36.148.60 - - [17/Nov/2019:05:53:38 -0500] "GET /BLA/resoluciones/RESOLUCIONES%202004/RES%202004%20851-900/00000889.tif HTTP/1.1" 200 173924
66.249.66.81 - - [17/Nov/2019:05:53:43 -0500] "GET /BLA/resoluciones/RESOLUCIONES%202018/0199.pdf HTTP/1.1" 304 -
66.249.66.157 - - [17/Nov/2019:05:54:23 -0500] "GET /portalsiaccapacitaciones/Soportes%20Capacitaciones%202016/Mesas%20de%20Trabajo%202016/Presentaci%C3%B3n%20Decreto%20442%20Llantas%20Usadas.pdf HTTP/1.1" 200 3390232
66.249.88.25 - - [17/Nov/2019:05:54:32 -0500] "GET /galeria/nivo-slider/demo/inicio.html HTTP/1.1" 200 4640
66.249.88.25 - - [17/Nov/2019:05:54:32 -0500] "GET /galeria/nivo-slider/demo/images/iniciativas-Ambientales.jpg HTTP/1.1" 200 201405
66.249.88.19 - - [17/Nov/2019:05:54:32 -0500] "GET /galeria/nivo-slider/demo/images/Bannerpread.jpg HTTP/1.1" 200 256621
66.249.88.25 - - [17/Nov/2019:05:54:32 -0500] "GET /galeria/nivo-slider/demo/scripts/jquery-1.7.1.min.js HTTP/1.1" 200 93868
66.249.88.23 - - [17/Nov/2019:05:54:32 -0500] "GET /galeria/nivo-slider/demo/images/banneragendamiento.jpg HTTP/1.1" 304 -
66.249.88.23 - - [17/Nov/2019:05:54:32 -0500] "GET /galeria/nivo-slider/demo/images/Bannerveterinaria.jpg HTTP/1.1" 304 -
66.249.88.25 - - [17/Nov/2019:05:54:32 -0500] "GET /galeria/nivo-slider/demo/images/bannerincendios.jpg HTTP/1.1" 200 206070
66.249.88.25 - - [17/Nov/2019:05:54:32 -0500] "GET /galeria/nivo-slider/demo/images/Banner%20tinguas.jpg HTTP/1.1" 304 -
66.249.88.23 - - [17/Nov/2019:05:54:33 -0500] "GET /galeria/nivo-slider/demo/images/Bannerserpiente2019.jpg HTTP/1.1" 200 270374
66.249.88.23 - - [17/Nov/2019:05:54:33 -0500] "GET /galeria/nivo-slider/demo/images/puntos%20atencion%20BANNER.jpg HTTP/1.1" 200 244208
66.249.88.25 - - [17/Nov/2019:05:54:33 -0500] "GET /galeria/nivo-slider/demo/images/Noviembre.png HTTP/1.1" 200 519399
66.249.88.19 - - [17/Nov/2019:05:54:33 -0500] "GET /galeria/nivo-slider/demo/images/Banner%20consumo%20sostenible%20final.jpg HTTP/1.1" 200 364746
66.249.88.23 - - [17/Nov/2019:05:54:33 -0500] "GET /galeria/nivo-slider/demo/images/Banner%20RCD.jpg HTTP/1.1" 200 92197
66.249.88.19 - - [17/Nov/2019:05:54:33 -0500] "GET /galeria/nivo-slider/demo/images/Banner%20practicas%20sostenibles.jpg HTTP/1.1" 200 142958
66.249.88.23 - - [17/Nov/2019:05:54:39 -0500] "GET /galeria/nivo-slider/demo/images/banneragendamiento.jpg HTTP/1.1" 304 -
66.249.88.19 - - [17/Nov/2019:05:54:39 -0500] "GET /galeria/nivo-slider/demo/images/Bannerveterinaria.jpg HTTP/1.1" 304 -
66.249.88.23 - - [17/Nov/2019:05:54:39 -0500] "GET /galeria/nivo-slider/demo/images/Banner%20tinguas.jpg HTTP/1.1" 304 -
66.249.88.19 - - [17/Nov/2019:05:54:45 -0500] "GET /galeria/nivo-slider/demo/images/Bannerveterinaria.jpg HTTP/1.1" 304 -
66.249.88.23 - - [17/Nov/2019:05:54:45 -0500] "GET /galeria/nivo-slider/demo/images/banneragendamiento.jpg HTTP/1.1" 304 -
66.249.88.25 - - [17/Nov/2019:05:54:45 -0500] "GET /galeria/nivo-slider/demo/images/Banner%20tinguas.jpg HTTP/1.1" 304 -
181.50.218.131 - - [17/Nov/2019:05:54:45 -0500] "GET /galeria/galeria/jquery.fancybox.css?v=2.1.5 HTTP/1.1" 200 4895
181.50.218.131 - - [17/Nov/2019:05:54:45 -0500] "GET /galeria/galeria/jquery.fancybox.js?v=2.1.5 HTTP/1.1" 200 48706
181.50.218.131 - - [17/Nov/2019:05:54:45 -0500] "GET /BLA/boletinlegal/js/jquery.scrollShow.js HTTP/1.1" 200 4586
181.50.218.131 - - [17/Nov/2019:05:54:57 -0500] "GET /BLA/boletinlegal/js/jquery.scrollShow.js HTTP/1.1" 304 -
181.50.218.131 - - [17/Nov/2019:05:54:57 -0500] "GET /galeria/galeria/jquery.fancybox.css?v=2.1.5 HTTP/1.1" 304 -
181.50.218.131 - - [17/Nov/2019:05:54:57 -0500] "GET /galeria/galeria/jquery.fancybox.js?v=2.1.5 HTTP/1.1" 304 -
216.244.66.195 - - [17/Nov/2019:05:55:07 -0500] "GET /BLA/resoluciones/AUTOS%202009/1682.pdf HTTP/1.1" 200 124455
66.249.66.82 - - [17/Nov/2019:05:55:23 -0500] "GET /BLA/resoluciones/AUTOS%202012/1942.pdf HTTP/1.1" 200 908753
192.168.175.104 - - [17/Nov/2019:05:55:32 -0500] "GET / HTTP/1.0" 200 9990
66.249.88.23 - - [17/Nov/2019:05:55:33 -0500] "GET /galeria/nivo-slider/demo/images/banneragendamiento.jpg HTTP/1.1" 304 -
66.249.88.19 - - [17/Nov/2019:05:55:33 -0500] "GET /galeria/nivo-slider/demo/images/Bannerveterinaria.jpg HTTP/1.1" 304 -
66.249.88.19 - - [17/Nov/2019:05:55:33 -0500] "GET /galeria/nivo-slider/demo/images/Banner%20tinguas.jpg HTTP/1.1" 304 -
54.36.150.80 - - [17/Nov/2019:05:55:40 -0500] "GET /BLA/resoluciones/RESOLUCIONES%202000/2000%20550-599.tif HTTP/1.1" 200 4848758
66.249.66.81 - - [17/Nov/2019:05:56:03 -0500] "GET /BLA/resoluciones/RESOLUCIONES%202018/0147.pdf HTTP/1.1" 304 -
216.244.66.195 - - [17/Nov/2019:05:56:14 -0500] "GET /BLA/resoluciones/AUTOS%202009/2016.pdf HTTP/1.1" 200 101255
66.249.66.81 - - [17/Nov/2019:05:56:23 -0500] "GET /BLA/resoluciones/AUTOS%202017/3123.pdf HTTP/1.1" 200 544632
66.249.66.83 - - [17/Nov/2019:05:56:43 -0500] "GET /BLA/resoluciones/AUTOS%202014/6519.pdf HTTP/1.1" 304 -
192.168.175.104 - - [17/Nov/2019:05:56:44 -0500] "GET / HTTP/1.1" 200 9990
66.249.88.23 - - [17/Nov/2019:05:56:58 -0500] "GET /galeria/nivo-slider/demo/images/Bannerveterinaria.jpg HTTP/1.1" 304 -
66.249.88.23 - - [17/Nov/2019:05:56:58 -0500] "GET /galeria/nivo-slider/demo/images/banneragendamiento.jpg HTTP/1.1" 304 -
66.249.88.23 - - [17/Nov/2019:05:56:58 -0500] "GET /galeria/nivo-slider/demo/images/Banner%20tinguas.jpg HTTP/1.1" 304 -
66.249.66.81 - - [17/Nov/2019:05:56:58 -0500] "GET /BLA/resoluciones/RESOLUCIONES%202014/3971.pdf HTTP/1.1" 200 581105
66.249.66.81 - - [17/Nov/2019:05:57:09 -0500] "GET /BLA/resoluciones/RESOLUCIONES%202010/3849.pdf HTTP/1.1" 304 -
216.244.66.195 - - [17/Nov/2019:05:57:17 -0500] "GET /BLA/resoluciones/AUTOS%202009/2065.pdf HTTP/1.1" 200 98739
69.162.124.232 - - [17/Nov/2019:05:57:26 -0500] "HEAD / HTTP/1.1" 200 -
66.249.66.83 - - [17/Nov/2019:05:57:43 -0500] "GET /BLA/resoluciones/AUTOS%202013/0888.pdf HTTP/1.1" 304 -
66.249.66.81 - - [17/Nov/2019:05:58:02 -0500] "GET /BLA/resoluciones/RESOLUCIONES%202017/1748.pdf HTTP/1.1" 200 466818
216.244.66.195 - - [17/Nov/2019:05:58:07 -0500] "GET /BLA/resoluciones/AUTOS%202009/2111.pdf HTTP/1.1" 200 125999
172.241.112.83 - - [17/Nov/2019:05:58:23 -0500] "GET /robots.txt HTTP/1.1" 404 1022
172.241.112.83 - - [17/Nov/2019:05:58:25 -0500] "GET /BLA/boletinlegal/actos.php/actos.php/actos.php/actos.php/actos.php/actos.php/conceptos.php/doctrina.php/ HTTP/1.1" 200 8778
172.241.112.83 - - [17/Nov/2019:05:58:30 -0500] "GET /BLA/boletinlegal/documentos-importantes.php/index.php/index.php/index.php/doctrina.php/doctrina.php/actos.php/actos.php/index.php/actos.php/index.php/norma_menu.php/norma_menu.php/ HTTP/1.1" 200 4822
172.241.112.83 - - [17/Nov/2019:05:58:35 -0500] "GET /BLA/boletinlegal/documentos-importantes.php/index.php/index.php/index.php/doctrina.php/doctrina.php/actos.php/doctrina.php/index.php/doctrina.php/norma_menu.php/actos.php/doctrina.php/ HTTP/1.1" 200 4822
172.241.112.83 - - [17/Nov/2019:05:58:39 -0500] "GET /BLA/boletinlegal/documentos-importantes.php/index.php/index.php/index.php/doctrina.php/doctrina.php/actos.php/doctrina.php/index.php/jurisprudencia.php/actos.php/index.php/jurisprudencia.php/ HTTP/1.1" 200 4822
172.241.112.83 - - [17/Nov/2019:05:58:43 -0500] "GET /BLA/boletinlegal/documentos-importantes.php/index.php/index.php/index.php/doctrina.php/doctrina.php/actos.php/doctrina.php/index.php/jurisprudencia.php/actos.php/index.php/norma_menu.php/ HTTP/1.1" 200 4822
172.241.112.83 - - [17/Nov/2019:05:58:46 -0500] "GET /BLA/boletinlegal/documentos-importantes.php/index.php/index.php/index.php/doctrina.php/doctrina.php/actos.php/doctrina.php/index.php/jurisprudencia.php/index.php/actos.php/norma_menu.php/ HTTP/1.1" 200 4822
66.249.66.81 - - [17/Nov/2019:05:59:02 -0500] "GET /BLA/resoluciones/RESOLUCIONES%202010/0872.pdf HTTP/1.1" 304 -
54.36.148.199 - - [17/Nov/2019:05:59:05 -0500] "GET /BLA/resoluciones/RESOLUCIONES%202004/RES%202004%20851-900/00000879.tif HTTP/1.1" 200 93566
216.244.66.195 - - [17/Nov/2019:05:59:40 -0500] "GET /BLA/resoluciones/AUTOS%202009/2143.pdf HTTP/1.1" 200 106747
66.249.66.81 - - [17/Nov/2019:06:00:02 -0500] "GET /BLA/resoluciones/AUTOS%202010/5379.pdf HTTP/1.1" 304 -
192.168.175.104 - - [17/Nov/2019:06:00:30 -0500] "GET / HTTP/1.0" 200 9990
216.244.66.195 - - [17/Nov/2019:06:00:56 -0500] "GET /BLA/resoluciones/AUTOS%202009/2271.pdf HTTP/1.1" 200 121853
66.249.66.81 - - [17/Nov/2019:06:01:22 -0500] "GET /BLA/resoluciones/AUTOS%202013/0128.pdf HTTP/1.1" 304 -
192.168.175.104 - - [17/Nov/2019:06:01:42 -0500] "GET / HTTP/1.1" 200 9990
216.244.66.195 - - [17/Nov/2019:06:02:12 -0500] "GET /BLA/resoluciones/AUTOS%202009/2317.pdf HTTP/1.1" 200 152199
69.162.124.232 - - [17/Nov/2019:06:02:26 -0500] "HEAD / HTTP/1.1" 200 -
208.80.194.27 - - [17/Nov/2019:06:02:28 -0500] "GET /galeria/nivo-slider/demo/inicio.html HTTP/1.0" 200 4640
66.249.66.82 - - [17/Nov/2019:06:02:41 -0500] "GET /BLA/resoluciones/AUTOS%202015/6701.pdf HTTP/1.1" 304 -
216.244.66.195 - - [17/Nov/2019:06:02:51 -0500] "GET /BLA/resoluciones/AUTOS%202009/2400.pdf HTTP/1.1" 200 101551
172.241.112.83 - - [17/Nov/2019:06:03:27 -0500] "GET /BLA/boletinlegal/documentos-importantes.php/index.php/index.php/index.php/doctrina.php/doctrina.php/actos.php/doctrina.php/index.php/jurisprudencia.php/index.php/doctrina.php/actos.php/ HTTP/1.1" 200 4822
216.244.66.195 - - [17/Nov/2019:06:03:28 -0500] "GET /BLA/resoluciones/AUTOS%202009/2426.pdf HTTP/1.1" 200 102218
172.241.112.83 - - [17/Nov/2019:06:03:29 -0500] "GET /BLA/boletinlegal/documentos-importantes.php/index.php/index.php/index.php/doctrina.php/doctrina.php/actos.php/doctrina.php/index.php/jurisprudencia.php/index.php/doctrina.php/jurisprudencia.php/ HTTP/1.1" 200 4822
172.241.112.83 - - [17/Nov/2019:06:03:32 -0500] "GET /BLA/boletinlegal/documentos-importantes.php/index.php/index.php/index.php/doctrina.php/doctrina.php/actos.php/doctrina.php/index.php/jurisprudencia.php/index.php/doctrina.php/norma_menu.php/ HTTP/1.1" 200 4822
172.241.112.83 - - [17/Nov/2019:06:03:49 -0500] "GET /BLA/boletinlegal/documentos-importantes.php/index.php/index.php/index.php/doctrina.php/doctrina.php/actos.php/doctrina.php/index.php/jurisprudencia.php/index.php/index.php/actos.php/ HTTP/1.1" 200 4822
54.36.148.134 - - [17/Nov/2019:06:03:52 -0500] "GET /autoliquidacion/index.php?dir=Solicitudes+relacionadas+con+calidad+del+aire+auditiva+y+visual%2FAcompa%F1amiento+para+muestreo+isocin%E9tico+y+o+determinaciones+de+emisiones+a+fuentes+fijas%2F HTTP/1.1" 200 4421
172.241.112.83 - - [17/Nov/2019:06:03:59 -0500] "GET /BLA/boletinlegal/documentos-importantes.php/index.php/index.php/index.php/doctrina.php/doctrina.php/actos.php/doctrina.php/index.php/jurisprudencia.php/index.php/index.php/doctrina.php/ HTTP/1.1" 200 4822
172.241.112.83 - - [17/Nov/2019:06:04:02 -0500] "GET /BLA/boletinlegal/documentos-importantes.php/index.php/index.php/index.php/doctrina.php/doctrina.php/actos.php/doctrina.php/index.php/jurisprudencia.php/index.php/index.php/norma_menu.php/ HTTP/1.1" 200 4822
216.244.66.195 - - [17/Nov/2019:06:04:06 -0500] "GET /BLA/resoluciones/AUTOS%202009/2618.pdf HTTP/1.1" 200 81918
172.241.112.83 - - [17/Nov/2019:06:04:06 -0500] "GET /BLA/boletinlegal/documentos-importantes.php/index.php/index.php/index.php/doctrina.php/doctrina.php/actos.php/doctrina.php/index.php/jurisprudencia.php/index.php/jurisprudencia.php/actos.php/ HTTP/1.1" 200 4822
172.241.112.83 - - [17/Nov/2019:06:04:08 -0500] "GET /BLA/boletinlegal/documentos-importantes.php/index.php/index.php/index.php/doctrina.php/doctrina.php/actos.php/doctrina.php/index.php/jurisprudencia.php/index.php/jurisprudencia.php/doctrina.php/ HTTP/1.1" 200 4822
172.241.112.83 - - [17/Nov/2019:06:04:11 -0500] "GET /BLA/boletinlegal/documentos-importantes.php/index.php/index.php/index.php/doctrina.php/doctrina.php/actos.php/doctrina.php/index.php/jurisprudencia.php/index.php/jurisprudencia.php/index.php/ HTTP/1.1" 200 4822
172.241.112.83 - - [17/Nov/2019:06:04:15 -0500] "GET /BLA/boletinlegal/documentos-importantes.php/index.php/index.php/index.php/doctrina.php/doctrina.php/actos.php/doctrina.php/index.php/jurisprudencia.php/index.php/jurisprudencia.php/jurisprudencia.php/ HTTP/1.1" 200 4822
172.241.112.83 - - [17/Nov/2019:06:04:19 -0500] "GET /BLA/boletinlegal/documentos-importantes.php/index.php/index.php/index.php/doctrina.php/doctrina.php/actos.php/doctrina.php/index.php/jurisprudencia.php/index.php/jurisprudencia.php/norma_menu.php/ HTTP/1.1" 200 4822
172.241.112.83 - - [17/Nov/2019:06:04:22 -0500] "GET /BLA/boletinlegal/documentos-importantes.php/index.php/index.php/index.php/doctrina.php/doctrina.php/actos.php/doctrina.php/index.php/jurisprudencia.php/index.php/norma_menu.php/actos.php/ HTTP/1.1" 200 4822
172.241.112.83 - - [17/Nov/2019:06:04:27 -0500] "GET /BLA/boletinlegal/documentos-importantes.php/index.php/index.php/index.php/doctrina.php/doctrina.php/actos.php/doctrina.php/index.php/jurisprudencia.php/index.php/norma_menu.php/index.php/ HTTP/1.1" 200 4822
172.241.112.83 - - [17/Nov/2019:06:04:32 -0500] "GET /BLA/boletinlegal/documentos-importantes.php/index.php/index.php/index.php/doctrina.php/doctrina.php/actos.php/doctrina.php/index.php/jurisprudencia.php/index.php/norma_menu.php/jurisprudencia.php/ HTTP/1.1" 200 4822
5.255.250.154 - - [17/Nov/2019:06:04:33 -0500] "GET /robots.txt HTTP/1.1" 404 1019
46.229.168.146 - - [17/Nov/2019:06:04:35 -0500] "GET /Autoliquidacion/index.php?dir=Fauna%2BSilvestre%2F&order=desc&sort=name HTTP/1.1" 200 6576
172.241.112.83 - - [17/Nov/2019:06:04:35 -0500] "GET /BLA/boletinlegal/documentos-importantes.php/index.php/index.php/index.php/doctrina.php/doctrina.php/actos.php/doctrina.php/index.php/jurisprudencia.php/index.php/norma_menu.php/norma_menu.php/ HTTP/1.1" 200 4822
5.255.250.154 - - [17/Nov/2019:06:04:37 -0500] "GET /PruebasSTORM/StormSDA_pruebas/userFiles/user_files/listas/166.xml HTTP/1.1" 200 232
172.241.112.83 - - [17/Nov/2019:06:04:37 -0500] "GET /BLA/boletinlegal/documentos-importantes.php/index.php/index.php/index.php/doctrina.php/doctrina.php/actos.php/doctrina.php/index.php/jurisprudencia.php/jurisprudencia.php/actos.php/actos.php/ HTTP/1.1" 200 4822
66.249.66.81 - - [17/Nov/2019:06:04:41 -0500] "GET /BLA/resoluciones/RESOLUCIONES%202018/3473.pdf HTTP/1.1" 304 -
216.244.66.195 - - [17/Nov/2019:06:04:42 -0500] "GET /BLA/resoluciones/AUTOS%202009/2674.pdf HTTP/1.1" 200 86619
172.241.112.83 - - [17/Nov/2019:06:04:44 -0500] "GET /BLA/boletinlegal/documentos-importantes.php/index.php/index.php/index.php/doctrina.php/doctrina.php/actos.php/doctrina.php/index.php/jurisprudencia.php/jurisprudencia.php/actos.php/doctrina.php/ HTTP/1.1" 200 4822
172.241.112.83 - - [17/Nov/2019:06:04:47 -0500] "GET /BLA/boletinlegal/documentos-importantes.php/index.php/index.php/index.php/doctrina.php/doctrina.php/actos.php/doctrina.php/index.php/jurisprudencia.php/jurisprudencia.php/actos.php/index.php/ HTTP/1.1" 200 4822
172.241.112.83 - - [17/Nov/2019:06:04:52 -0500] "GET /BLA/boletinlegal/documentos-importantes.php/index.php/index.php/index.php/doctrina.php/doctrina.php/actos.php/doctrina.php/index.php/jurisprudencia.php/jurisprudencia.php/actos.php/jurisprudencia.php/ HTTP/1.1" 200 4822
172.241.112.83 - - [17/Nov/2019:06:04:54 -0500] "GET /BLA/boletinlegal/documentos-importantes.php/index.php/index.php/index.php/doctrina.php/doctrina.php/actos.php/doctrina.php/index.php/jurisprudencia.php/jurisprudencia.php/actos.php/norma_menu.php/ HTTP/1.1" 200 4822
172.241.112.83 - - [17/Nov/2019:06:04:58 -0500] "GET /BLA/boletinlegal/documentos-importantes.php/index.php/index.php/index.php/doctrina.php/doctrina.php/actos.php/doctrina.php/index.php/jurisprudencia.php/jurisprudencia.php/doctrina.php/actos.php/ HTTP/1.1" 200 4822
172.241.112.83 - - [17/Nov/2019:06:05:02 -0500] "GET /BLA/boletinlegal/documentos-importantes.php/index.php/index.php/index.php/doctrina.php/doctrina.php/actos.php/doctrina.php/index.php/jurisprudencia.php/jurisprudencia.php/doctrina.php/doctrina.php/ HTTP/1.1" 200 4822
172.241.112.83 - - [17/Nov/2019:06:05:05 -0500] "GET /BLA/boletinlegal/documentos-importantes.php/index.php/index.php/index.php/doctrina.php/doctrina.php/actos.php/doctrina.php/index.php/jurisprudencia.php/jurisprudencia.php/doctrina.php/index.php/ HTTP/1.1" 200 4822
172.241.112.83 - - [17/Nov/2019:06:05:10 -0500] "GET /BLA/boletinlegal/documentos-importantes.php/index.php/index.php/index.php/doctrina.php/doctrina.php/actos.php/doctrina.php/index.php/jurisprudencia.php/jurisprudencia.php/doctrina.php/jurisprudencia.php/ HTTP/1.1" 200 4822
172.241.112.83 - - [17/Nov/2019:06:05:13 -0500] "GET /BLA/boletinlegal/documentos-importantes.php/index.php/index.php/index.php/doctrina.php/doctrina.php/actos.php/doctrina.php/index.php/jurisprudencia.php/jurisprudencia.php/doctrina.php/norma_menu.php/ HTTP/1.1" 200 4822
172.241.112.83 - - [17/Nov/2019:06:05:17 -0500] "GET /BLA/boletinlegal/documentos-importantes.php/index.php/index.php/index.php/doctrina.php/doctrina.php/actos.php/doctrina.php/index.php/jurisprudencia.php/jurisprudencia.php/index.php/actos.php/ HTTP/1.1" 200 4822
172.241.112.83 - - [17/Nov/2019:06:05:20 -0500] "GET /BLA/boletinlegal/documentos-importantes.php/index.php/index.php/index.php/doctrina.php/doctrina.php/actos.php/doctrina.php/index.php/jurisprudencia.php/jurisprudencia.php/index.php/doctrina.php/ HTTP/1.1" 200 4822
181.53.9.8 - - [17/Nov/2019:06:05:20 -0500] "GET /galeria/galeria/jquery.fancybox.css?v=2.1.5 HTTP/1.1" 200 4895
181.53.9.8 - - [17/Nov/2019:06:05:20 -0500] "GET /galeria/galeria/jquery.fancybox.js?v=2.1.5 HTTP/1.1" 200 48706
181.53.9.8 - - [17/Nov/2019:06:05:20 -0500] "GET /BLA/boletinlegal/js/jquery.scrollShow.js HTTP/1.1" 200 4586
181.53.9.8 - - [17/Nov/2019:06:05:20 -0500] "GET /galeria/carrusel/Carrusel/jquery.thumbnailScroller.css HTTP/1.1" 200 2066
181.53.9.8 - - [17/Nov/2019:06:05:20 -0500] "GET /galeria/carrusel/Carrusel/jquery-ui-1.8.13.custom.min.js HTTP/1.1" 200 10800
181.53.9.8 - - [17/Nov/2019:06:05:20 -0500] "GET /galeria/carrusel/Carrusel/jquery.thumbnailScroller.js HTTP/1.1" 200 8157
66.249.66.81 - - [17/Nov/2019:06:05:21 -0500] "GET /BLA/resoluciones/Notificaciones/RESOLUCIONES%202019/1626.pdf HTTP/1.1" 304 -
181.53.9.8 - - [17/Nov/2019:06:05:21 -0500] "GET /galeria/nivo-slider/demo/inicio.html HTTP/1.1" 200 4640
181.53.9.8 - - [17/Nov/2019:06:05:22 -0500] "GET /galeria/nivo-slider/themes/default/default.css HTTP/1.1" 200 1569
181.53.9.8 - - [17/Nov/2019:06:05:22 -0500] "GET /galeria/nivo-slider/themes/orman/orman.css HTTP/1.1" 200 2152
181.53.9.8 - - [17/Nov/2019:06:05:22 -0500] "GET /galeria/nivo-slider/themes/pascal/pascal.css HTTP/1.1" 200 2258
181.53.9.8 - - [17/Nov/2019:06:05:22 -0500] "GET /galeria/nivo-slider/nivo-slider.css HTTP/1.1" 200 1507
181.53.9.8 - - [17/Nov/2019:06:05:22 -0500] "GET /galeria/nivo-slider/demo/style.css HTTP/1.1" 200 2222
181.53.9.8 - - [17/Nov/2019:06:05:22 -0500] "GET /galeria/nivo-slider/demo/images/Bannerpread.jpg HTTP/1.1" 200 256621
181.53.9.8 - - [17/Nov/2019:06:05:22 -0500] "GET /galeria/nivo-slider/jquery.nivo.slider.pack.js HTTP/1.1" 200 11561
181.53.9.8 - - [17/Nov/2019:06:05:22 -0500] "GET /galeria/nivo-slider/demo/scripts/jquery-1.7.1.min.js HTTP/1.1" 200 93868
181.53.9.8 - - [17/Nov/2019:06:05:22 -0500] "GET /galeria/nivo-slider/demo/images/iniciativas-Ambientales.jpg HTTP/1.1" 200 201405
181.53.9.8 - - [17/Nov/2019:06:05:22 -0500] "GET /galeria/nivo-slider/demo/images/bannerincendios.jpg HTTP/1.1" 200 206070
181.53.9.8 - - [17/Nov/2019:06:05:22 -0500] "GET /galeria/nivo-slider/demo/images/Bannerveterinaria.jpg HTTP/1.1" 200 254705
181.53.9.8 - - [17/Nov/2019:06:05:22 -0500] "GET /galeria/nivo-slider/demo/images/4Simple_Slider.png HTTP/1.1" 200 11722
181.53.9.8 - - [17/Nov/2019:06:05:23 -0500] "GET /galeria/nivo-slider/themes/default/loading.gif HTTP/1.1" 200 1737
181.53.9.8 - - [17/Nov/2019:06:05:23 -0500] "GET /galeria/nivo-slider/demo/images/banneragendamiento.jpg HTTP/1.1" 200 116897
181.53.9.8 - - [17/Nov/2019:06:05:23 -0500] "GET /galeria/nivo-slider/demo/images/Banner%20tinguas.jpg HTTP/1.1" 200 214878
181.53.9.8 - - [17/Nov/2019:06:05:24 -0500] "GET /galeria/nivo-slider/demo/images/Bannerserpiente2019.jpg HTTP/1.1" 200 270374
181.53.9.8 - - [17/Nov/2019:06:05:24 -0500] "GET /galeria/nivo-slider/demo/images/Noviembre.png HTTP/1.1" 200 519399
181.53.9.8 - - [17/Nov/2019:06:05:24 -0500] "GET /galeria/nivo-slider/demo/images/puntos%20atencion%20BANNER.jpg HTTP/1.1" 200 244208
181.53.9.8 - - [17/Nov/2019:06:05:25 -0500] "GET /galeria/nivo-slider/demo/images/Banner%20Visor%20Geografico%20Ambiental.jpg HTTP/1.1" 200 204673
181.53.9.8 - - [17/Nov/2019:06:05:25 -0500] "GET /galeria/nivo-slider/demo/images/Banner%20consumo%20sostenible%20final.jpg HTTP/1.1" 200 364746
172.241.112.83 - - [17/Nov/2019:06:05:26 -0500] "GET /BLA/boletinlegal/documentos-importantes.php/index.php/index.php/index.php/doctrina.php/doctrina.php/actos.php/doctrina.php/index.php/jurisprudencia.php/jurisprudencia.php/index.php/index.php/ HTTP/1.1" 200 4822
181.53.9.8 - - [17/Nov/2019:06:05:26 -0500] "GET /galeria/nivo-slider/demo/images/Banner%20RCD.jpg HTTP/1.1" 200 92197
181.53.9.8 - - [17/Nov/2019:06:05:26 -0500] "GET /galeria/nivo-slider/demo/images/Banner%20Conpes.jpg HTTP/1.1" 200 55220
181.53.9.8 - - [17/Nov/2019:06:05:26 -0500] "GET /galeria/nivo-slider/demo/images/Banner%20practicas%20sostenibles.jpg HTTP/1.1" 200 142958
181.53.9.8 - - [17/Nov/2019:06:05:27 -0500] "GET /galeria/nivo-slider/demo/images/Banner%20POT.png HTTP/1.1" 200 418238
181.53.9.8 - - [17/Nov/2019:06:05:27 -0500] "GET /galeria/nivo-slider/demo/images/Banneranonimos.png HTTP/1.1" 200 109388
192.168.175.104 - - [17/Nov/2019:06:05:28 -0500] "GET / HTTP/1.0" 200 9990
172.241.112.83 - - [17/Nov/2019:06:05:30 -0500] "GET /BLA/boletinlegal/documentos-importantes.php/index.php/index.php/index.php/doctrina.php/doctrina.php/actos.php/doctrina.php/index.php/jurisprudencia.php/jurisprudencia.php/index.php/jurisprudencia.php/ HTTP/1.1" 200 4822
181.53.9.8 - - [17/Nov/2019:06:05:34 -0500] "GET /galeria/nivo-slider/themes/default/arrows.png HTTP/1.1" 200 824
181.53.9.8 - - [17/Nov/2019:06:05:34 -0500] "GET /galeria/nivo-slider/themes/default/bullets.png HTTP/1.1" 200 1281
172.241.112.83 - - [17/Nov/2019:06:05:34 -0500] "GET /BLA/boletinlegal/documentos-importantes.php/index.php/index.php/index.php/doctrina.php/doctrina.php/actos.php/doctrina.php/index.php/jurisprudencia.php/jurisprudencia.php/index.php/norma_menu.php/ HTTP/1.1" 200 4822
172.241.112.83 - - [17/Nov/2019:06:05:39 -0500] "GET /BLA/boletinlegal/documentos-importantes.php/index.php/index.php/index.php/doctrina.php/doctrina.php/actos.php/doctrina.php/index.php/jurisprudencia.php/jurisprudencia.php/jurisprudencia.php/actos.php/ HTTP/1.1" 200 4822
172.241.112.83 - - [17/Nov/2019:06:05:44 -0500] "GET /BLA/boletinlegal/documentos-importantes.php/index.php/index.php/index.php/doctrina.php/doctrina.php/actos.php/doctrina.php/index.php/jurisprudencia.php/jurisprudencia.php/jurisprudencia.php/doctrina.php/ HTTP/1.1" 200 4822
66.249.88.25 - - [17/Nov/2019:06:05:44 -0500] "GET /galeria/galeria/jquery.fancybox.css?v=2.1.5 HTTP/1.1" 200 4895
66.249.88.23 - - [17/Nov/2019:06:05:47 -0500] "GET /BLA/boletinlegal/js/jquery.scrollShow.js HTTP/1.1" 200 4586
66.249.88.25 - - [17/Nov/2019:06:05:47 -0500] "GET /galeria/galeria/jquery.fancybox.js?v=2.1.5 HTTP/1.1" 200 48706
172.241.112.83 - - [17/Nov/2019:06:05:48 -0500] "GET /BLA/boletinlegal/documentos-importantes.php/index.php/index.php/index.php/doctrina.php/doctrina.php/actos.php/doctrina.php/index.php/jurisprudencia.php/jurisprudencia.php/jurisprudencia.php/norma_menu.php/ HTTP/1.1" 200 4822
172.241.112.83 - - [17/Nov/2019:06:05:52 -0500] "GET /BLA/boletinlegal/documentos-importantes.php/index.php/index.php/index.php/doctrina.php/doctrina.php/actos.php/doctrina.php/index.php/jurisprudencia.php/jurisprudencia.php/norma_menu.php/actos.php/ HTTP/1.1" 200 4822
172.241.112.83 - - [17/Nov/2019:06:05:54 -0500] "GET /BLA/boletinlegal/documentos-importantes.php/index.php/index.php/index.php/doctrina.php/doctrina.php/actos.php/doctrina.php/index.php/jurisprudencia.php/jurisprudencia.php/norma_menu.php/doctrina.php/ HTTP/1.1" 200 4822
216.244.66.195 - - [17/Nov/2019:06:05:54 -0500] "GET /BLA/resoluciones/AUTOS%202009/2678.pdf HTTP/1.1" 200 73465
172.241.112.83 - - [17/Nov/2019:06:06:00 -0500] "GET /BLA/boletinlegal/documentos-importantes.php/index.php/index.php/index.php/doctrina.php/doctrina.php/actos.php/doctrina.php/index.php/jurisprudencia.php/jurisprudencia.php/norma_menu.php/index.php/ HTTP/1.1" 200 4822
172.241.112.83 - - [17/Nov/2019:06:06:06 -0500] "GET /BLA/boletinlegal/documentos-importantes.php/index.php/index.php/index.php/doctrina.php/doctrina.php/actos.php/doctrina.php/index.php/jurisprudencia.php/jurisprudencia.php/norma_menu.php/jurisprudencia.php/ HTTP/1.1" 200 4822
172.241.112.83 - - [17/Nov/2019:06:06:09 -0500] "GET /BLA/boletinlegal/documentos-importantes.php/index.php/index.php/index.php/doctrina.php/doctrina.php/actos.php/doctrina.php/index.php/jurisprudencia.php/jurisprudencia.php/norma_menu.php/norma_menu.php/ HTTP/1.1" 200 4822
172.241.112.83 - - [17/Nov/2019:06:06:14 -0500] "GET /BLA/boletinlegal/documentos-importantes.php/index.php/index.php/index.php/doctrina.php/doctrina.php/actos.php/doctrina.php/index.php/jurisprudencia.php/norma_menu.php/actos.php/actos.php/ HTTP/1.1" 200 4822
172.241.112.83 - - [17/Nov/2019:06:06:20 -0500] "GET /BLA/boletinlegal/documentos-importantes.php/index.php/index.php/index.php/doctrina.php/doctrina.php/actos.php/doctrina.php/index.php/jurisprudencia.php/norma_menu.php/actos.php/doctrina.php/ HTTP/1.1" 200 4822
66.249.66.81 - - [17/Nov/2019:06:06:21 -0500] "GET /BLA/resoluciones/RESOLUCIONES%202011/5156.pdf HTTP/1.1" 200 515521
172.241.112.83 - - [17/Nov/2019:06:06:24 -0500] "GET /BLA/boletinlegal/documentos-importantes.php/index.php/index.php/index.php/doctrina.php/doctrina.php/actos.php/doctrina.php/index.php/jurisprudencia.php/norma_menu.php/actos.php/index.php/ HTTP/1.1" 200 4822
172.241.112.83 - - [17/Nov/2019:06:06:27 -0500] "GET /BLA/boletinlegal/documentos-importantes.php/index.php/index.php/index.php/doctrina.php/doctrina.php/actos.php/doctrina.php/index.php/jurisprudencia.php/norma_menu.php/actos.php/jurisprudencia.php/ HTTP/1.1" 200 4822
66.249.66.81 - - [17/Nov/2019:06:06:27 -0500] "GET /BLA/resoluciones/RESOLUCIONES%202011/5710.pdf HTTP/1.1" 200 890376
216.244.66.195 - - [17/Nov/2019:06:06:30 -0500] "GET /BLA/resoluciones/AUTOS%202009/2906.pdf HTTP/1.1" 200 78201
109.74.154.72 - - [17/Nov/2019:06:06:31 -0500] "GET / HTTP/1.1" 200 9990
109.74.154.72 - - [17/Nov/2019:06:06:32 -0500] "GET /js/bootstrap.min.js HTTP/1.1" 200 28538
109.74.154.72 - - [17/Nov/2019:06:06:32 -0500] "GET /js/jquery.js HTTP/1.1" 200 97120
172.241.112.83 - - [17/Nov/2019:06:06:36 -0500] "GET /BLA/boletinlegal/documentos-importantes.php/index.php/index.php/index.php/doctrina.php/doctrina.php/actos.php/doctrina.php/index.php/jurisprudencia.php/norma_menu.php/actos.php/norma_menu.php/ HTTP/1.1" 200 4822
109.74.154.72 - - [17/Nov/2019:06:06:37 -0500] "HEAD /images/INTRANET.jpg HTTP/1.1" 200 -
109.74.154.72 - - [17/Nov/2019:06:06:37 -0500] "HEAD /images/LINEA.jpg HTTP/1.1" 200 -
109.74.154.72 - - [17/Nov/2019:06:06:37 -0500] "HEAD /images/SDA.jpg HTTP/1.1" 200 -
109.74.154.72 - - [17/Nov/2019:06:06:37 -0500] "HEAD /images/FOREST.jpg HTTP/1.1" 200 -
109.74.154.72 - - [17/Nov/2019:06:06:37 -0500] "HEAD /images/BLA.jpg HTTP/1.1" 200 -
109.74.154.72 - - [17/Nov/2019:06:06:37 -0500] "HEAD /images/SDQS.jpg HTTP/1.1" 200 -
109.74.154.72 - - [17/Nov/2019:06:06:37 -0500] "HEAD /images/INTERNET.jpg HTTP/1.1" 200 -
109.74.154.72 - - [17/Nov/2019:06:06:37 -0500] "HEAD /images/RMCAB.jpg HTTP/1.1" 200 -
109.74.154.72 - - [17/Nov/2019:06:06:37 -0500] "HEAD /images/NINOS.jpg HTTP/1.1" 200 -
109.74.154.72 - - [17/Nov/2019:06:06:37 -0500] "HEAD /images/CORREO.jpg HTTP/1.1" 200 -
109.74.154.72 - - [17/Nov/2019:06:06:37 -0500] "HEAD /images/FORMATOS.jpg HTTP/1.1" 200 -
109.74.154.72 - - [17/Nov/2019:06:06:37 -0500] "HEAD /images/CATALOGO.jpg HTTP/1.1" 200 -
192.168.175.104 - - [17/Nov/2019:06:06:40 -0500] "GET / HTTP/1.1" 200 9990
172.241.112.83 - - [17/Nov/2019:06:06:41 -0500] "GET /BLA/boletinlegal/documentos-importantes.php/index.php/index.php/index.php/doctrina.php/doctrina.php/actos.php/doctrina.php/index.php/jurisprudencia.php/norma_menu.php/doctrina.php/actos.php/ HTTP/1.1" 200 4822
172.241.112.83 - - [17/Nov/2019:06:06:46 -0500] "GET /BLA/boletinlegal/documentos-importantes.php/index.php/index.php/index.php/doctrina.php/doctrina.php/actos.php/doctrina.php/index.php/jurisprudencia.php/norma_menu.php/doctrina.php/doctrina.php/ HTTP/1.1" 200 4822
172.241.112.83 - - [17/Nov/2019:06:06:48 -0500] "GET /BLA/boletinlegal/documentos-importantes.php/index.php/index.php/index.php/doctrina.php/doctrina.php/actos.php/doctrina.php/index.php/jurisprudencia.php/norma_menu.php/doctrina.php/index.php/ HTTP/1.1" 200 4822
172.241.112.83 - - [17/Nov/2019:06:06:52 -0500] "GET /BLA/boletinlegal/documentos-importantes.php/index.php/index.php/index.php/doctrina.php/doctrina.php/actos.php/doctrina.php/index.php/jurisprudencia.php/norma_menu.php/doctrina.php/jurisprudencia.php/ HTTP/1.1" 200 4822
172.241.112.83 - - [17/Nov/2019:06:06:57 -0500] "GET /BLA/boletinlegal/documentos-importantes.php/index.php/index.php/index.php/doctrina.php/doctrina.php/actos.php/doctrina.php/index.php/jurisprudencia.php/norma_menu.php/doctrina.php/norma_menu.php/ HTTP/1.1" 200 4822
172.241.112.83 - - [17/Nov/2019:06:06:59 -0500] "GET /BLA/boletinlegal/documentos-importantes.php/index.php/index.php/index.php/doctrina.php/doctrina.php/actos.php/doctrina.php/index.php/jurisprudencia.php/norma_menu.php/index.php/actos.php/ HTTP/1.1" 200 4822
216.244.66.195 - - [17/Nov/2019:06:07:04 -0500] "GET /BLA/resoluciones/AUTOS%202010/0052.pdf HTTP/1.1" 200 163768
172.241.112.83 - - [17/Nov/2019:06:07:13 -0500] "GET /BLA/boletinlegal/documentos-importantes.php/index.php/index.php/index.php/doctrina.php/doctrina.php/actos.php/doctrina.php/index.php/jurisprudencia.php/norma_menu.php/index.php/doctrina.php/ HTTP/1.1" 200 4822
172.241.112.83 - - [17/Nov/2019:06:07:16 -0500] "GET /BLA/boletinlegal/documentos-importantes.php/index.php/index.php/index.php/doctrina.php/doctrina.php/actos.php/doctrina.php/index.php/jurisprudencia.php/norma_menu.php/index.php/index.php/ HTTP/1.1" 200 4822
172.241.112.83 - - [17/Nov/2019:06:07:20 -0500] "GET /BLA/boletinlegal/documentos-importantes.php/index.php/index.php/index.php/doctrina.php/doctrina.php/actos.php/doctrina.php/index.php/jurisprudencia.php/norma_menu.php/index.php/jurisprudencia.php/ HTTP/1.1" 200 4822
66.249.66.81 - - [17/Nov/2019:06:07:20 -0500] "GET /BLA/resoluciones/RESOLUCIONES%202009/0342.pdf HTTP/1.1" 200 409338
172.241.112.83 - - [17/Nov/2019:06:07:23 -0500] "GET /BLA/boletinlegal/documentos-importantes.php/index.php/index.php/index.php/doctrina.php/doctrina.php/actos.php/doctrina.php/index.php/jurisprudencia.php/norma_menu.php/index.php/norma_menu.php/ HTTP/1.1" 200 4822
69.162.124.232 - - [17/Nov/2019:06:07:26 -0500] "HEAD / HTTP/1.1" 200 -
172.241.112.83 - - [17/Nov/2019:06:07:26 -0500] "GET /BLA/boletinlegal/documentos-importantes.php/index.php/index.php/index.php/doctrina.php/doctrina.php/actos.php/doctrina.php/index.php/jurisprudencia.php/norma_menu.php/jurisprudencia.php/actos.php/ HTTP/1.1" 200 4822
172.241.112.83 - - [17/Nov/2019:06:07:29 -0500] "GET /BLA/boletinlegal/documentos-importantes.php/index.php/index.php/index.php/doctrina.php/doctrina.php/actos.php/doctrina.php/index.php/jurisprudencia.php/norma_menu.php/jurisprudencia.php/doctrina.php/ HTTP/1.1" 200 4822
172.241.112.83 - - [17/Nov/2019:06:07:35 -0500] "GET /BLA/boletinlegal/documentos-importantes.php/index.php/index.php/index.php/doctrina.php/doctrina.php/actos.php/doctrina.php/index.php/jurisprudencia.php/norma_menu.php/jurisprudencia.php/index.php/ HTTP/1.1" 200 4822
172.241.112.83 - - [17/Nov/2019:06:07:38 -0500] "GET /BLA/boletinlegal/documentos-importantes.php/index.php/index.php/index.php/doctrina.php/doctrina.php/actos.php/doctrina.php/index.php/jurisprudencia.php/norma_menu.php/jurisprudencia.php/jurisprudencia.php/ HTTP/1.1" 200 4822
172.241.112.83 - - [17/Nov/2019:06:07:44 -0500] "GET /BLA/boletinlegal/documentos-importantes.php/index.php/index.php/index.php/doctrina.php/doctrina.php/actos.php/doctrina.php/index.php/jurisprudencia.php/norma_menu.php/jurisprudencia.php/norma_menu.php/ HTTP/1.1" 200 4822
172.241.112.83 - - [17/Nov/2019:06:07:48 -0500] "GET /BLA/boletinlegal/documentos-importantes.php/index.php/index.php/index.php/doctrina.php/doctrina.php/actos.php/doctrina.php/index.php/jurisprudencia.php/norma_menu.php/norma_menu.php/actos.php/ HTTP/1.1" 200 4822
172.241.112.83 - - [17/Nov/2019:06:07:51 -0500] "GET /BLA/boletinlegal/documentos-importantes.php/index.php/index.php/index.php/doctrina.php/doctrina.php/actos.php/doctrina.php/index.php/jurisprudencia.php/norma_menu.php/norma_menu.php/doctrina.php/ HTTP/1.1" 200 4822
172.241.112.83 - - [17/Nov/2019:06:07:53 -0500] "GET /BLA/boletinlegal/documentos-importantes.php/index.php/index.php/index.php/doctrina.php/doctrina.php/actos.php/doctrina.php/index.php/jurisprudencia.php/norma_menu.php/norma_menu.php/index.php/ HTTP/1.1" 200 4822
172.241.112.83 - - [17/Nov/2019:06:07:56 -0500] "GET /BLA/boletinlegal/documentos-importantes.php/index.php/index.php/index.php/doctrina.php/doctrina.php/actos.php/doctrina.php/index.php/jurisprudencia.php/norma_menu.php/norma_menu.php/jurisprudencia.php/ HTTP/1.1" 200 4822
172.241.112.83 - - [17/Nov/2019:06:07:58 -0500] "GET /BLA/boletinlegal/documentos-importantes.php/index.php/index.php/index.php/doctrina.php/doctrina.php/actos.php/doctrina.php/index.php/jurisprudencia.php/norma_menu.php/norma_menu.php/norma_menu.php/ HTTP/1.1" 200 4822
172.241.112.83 - - [17/Nov/2019:06:08:02 -0500] "GET /BLA/boletinlegal/documentos-importantes.php/index.php/index.php/index.php/doctrina.php/doctrina.php/actos.php/doctrina.php/index.php/norma_menu.php/actos.php/actos.php/actos.php/ HTTP/1.1" 200 4822
172.241.112.83 - - [17/Nov/2019:06:08:06 -0500] "GET /BLA/boletinlegal/documentos-importantes.php/index.php/index.php/index.php/doctrina.php/doctrina.php/actos.php/doctrina.php/index.php/norma_menu.php/actos.php/actos.php/doctrina.php/ HTTP/1.1" 200 4822
172.241.112.83 - - [17/Nov/2019:06:08:10 -0500] "GET /BLA/boletinlegal/documentos-importantes.php/index.php/index.php/index.php/doctrina.php/doctrina.php/actos.php/doctrina.php/index.php/norma_menu.php/actos.php/actos.php/index.php/ HTTP/1.1" 200 4822
172.241.112.83 - - [17/Nov/2019:06:08:13 -0500] "GET /BLA/boletinlegal/documentos-importantes.php/index.php/index.php/index.php/doctrina.php/doctrina.php/actos.php/doctrina.php/index.php/norma_menu.php/actos.php/actos.php/jurisprudencia.php/ HTTP/1.1" 200 4822
172.241.112.83 - - [17/Nov/2019:06:08:16 -0500] "GET /BLA/boletinlegal/documentos-importantes.php/index.php/index.php/index.php/doctrina.php/doctrina.php/actos.php/doctrina.php/index.php/norma_menu.php/actos.php/actos.php/norma_menu.php/ HTTP/1.1" 200 4822
66.249.66.81 - - [17/Nov/2019:06:08:20 -0500] "GET /BLA/resoluciones/RESOLUCIONES%202018/0506.pdf HTTP/1.1" 200 229491
172.241.112.83 - - [17/Nov/2019:06:08:20 -0500] "GET /BLA/boletinlegal/documentos-importantes.php/index.php/index.php/index.php/doctrina.php/doctrina.php/actos.php/doctrina.php/index.php/norma_menu.php/actos.php/doctrina.php/actos.php/ HTTP/1.1" 200 4822
172.241.112.83 - - [17/Nov/2019:06:08:25 -0500] "GET /BLA/boletinlegal/documentos-importantes.php/index.php/index.php/index.php/doctrina.php/doctrina.php/actos.php/doctrina.php/index.php/norma_menu.php/actos.php/doctrina.php/doctrina.php/ HTTP/1.1" 200 4822
172.241.112.83 - - [17/Nov/2019:06:08:31 -0500] "GET /BLA/boletinlegal/documentos-importantes.php/index.php/index.php/index.php/doctrina.php/doctrina.php/actos.php/doctrina.php/index.php/norma_menu.php/actos.php/doctrina.php/index.php/ HTTP/1.1" 200 4822
172.241.112.83 - - [17/Nov/2019:06:08:34 -0500] "GET /BLA/boletinlegal/documentos-importantes.php/index.php/index.php/index.php/doctrina.php/doctrina.php/actos.php/doctrina.php/index.php/norma_menu.php/actos.php/doctrina.php/jurisprudencia.php/ HTTP/1.1" 200 4822
172.241.112.83 - - [17/Nov/2019:06:08:40 -0500] "GET /BLA/boletinlegal/documentos-importantes.php/index.php/index.php/index.php/doctrina.php/doctrina.php/actos.php/doctrina.php/index.php/norma_menu.php/actos.php/doctrina.php/norma_menu.php/ HTTP/1.1" 200 4822
172.241.112.83 - - [17/Nov/2019:06:08:44 -0500] "GET /BLA/boletinlegal/documentos-importantes.php/index.php/index.php/index.php/doctrina.php/doctrina.php/actos.php/doctrina.php/index.php/norma_menu.php/actos.php/index.php/actos.php/ HTTP/1.1" 200 4822
172.241.112.83 - - [17/Nov/2019:06:08:49 -0500] "GET /BLA/boletinlegal/documentos-importantes.php/index.php/index.php/index.php/doctrina.php/doctrina.php/actos.php/doctrina.php/index.php/norma_menu.php/actos.php/index.php/doctrina.php/ HTTP/1.1" 200 4822
172.241.112.83 - - [17/Nov/2019:06:08:53 -0500] "GET /BLA/boletinlegal/documentos-importantes.php/index.php/index.php/index.php/doctrina.php/doctrina.php/actos.php/doctrina.php/index.php/norma_menu.php/actos.php/index.php/index.php/ HTTP/1.1" 200 4822
172.241.112.83 - - [17/Nov/2019:06:08:57 -0500] "GET /BLA/boletinlegal/documentos-importantes.php/index.php/index.php/index.php/doctrina.php/doctrina.php/actos.php/doctrina.php/index.php/norma_menu.php/actos.php/index.php/jurisprudencia.php/ HTTP/1.1" 200 4822
66.249.66.81 - - [17/Nov/2019:06:09:00 -0500] "GET /BLA/resoluciones/AUTOS%202017/1289.pdf HTTP/1.1" 200 307920
172.241.112.83 - - [17/Nov/2019:06:09:03 -0500] "GET /BLA/boletinlegal/documentos-importantes.php/index.php/index.php/index.php/doctrina.php/doctrina.php/actos.php/doctrina.php/index.php/norma_menu.php/actos.php/index.php/norma_menu.php/ HTTP/1.1" 200 4822
172.241.112.83 - - [17/Nov/2019:06:09:08 -0500] "GET /BLA/boletinlegal/documentos-importantes.php/index.php/index.php/index.php/doctrina.php/doctrina.php/actos.php/doctrina.php/index.php/norma_menu.php/actos.php/jurisprudencia.php/actos.php/ HTTP/1.1" 200 4822
216.244.66.195 - - [17/Nov/2019:06:09:08 -0500] "GET /BLA/resoluciones/AUTOS%202010/0115.pdf HTTP/1.1" 200 181579
66.249.88.19 - - [17/Nov/2019:06:09:09 -0500] "GET /galeria/galeria/jquery.fancybox.css?v=2.1.5 HTTP/1.1" 200 4895
66.249.88.19 - - [17/Nov/2019:06:09:09 -0500] "GET /galeria/galeria/jquery.fancybox.js?v=2.1.5 HTTP/1.1" 200 48706
66.249.88.19 - - [17/Nov/2019:06:09:09 -0500] "GET /BLA/boletinlegal/js/jquery.scrollShow.js HTTP/1.1" 200 4586
172.241.112.83 - - [17/Nov/2019:06:09:13 -0500] "GET /BLA/boletinlegal/documentos-importantes.php/index.php/index.php/index.php/doctrina.php/doctrina.php/actos.php/doctrina.php/index.php/norma_menu.php/actos.php/jurisprudencia.php/doctrina.php/ HTTP/1.1" 200 4822
172.241.112.83 - - [17/Nov/2019:06:09:18 -0500] "GET /BLA/boletinlegal/documentos-importantes.php/index.php/index.php/index.php/doctrina.php/doctrina.php/actos.php/doctrina.php/index.php/norma_menu.php/actos.php/jurisprudencia.php/index.php/ HTTP/1.1" 200 4822
172.241.112.83 - - [17/Nov/2019:06:09:23 -0500] "GET /BLA/boletinlegal/documentos-importantes.php/index.php/index.php/index.php/doctrina.php/doctrina.php/actos.php/doctrina.php/index.php/norma_menu.php/actos.php/jurisprudencia.php/jurisprudencia.php/ HTTP/1.1" 200 4822
172.241.112.83 - - [17/Nov/2019:06:09:26 -0500] "GET /BLA/boletinlegal/documentos-importantes.php/index.php/index.php/index.php/doctrina.php/doctrina.php/actos.php/doctrina.php/index.php/norma_menu.php/actos.php/jurisprudencia.php/norma_menu.php/ HTTP/1.1" 200 4822
172.241.112.83 - - [17/Nov/2019:06:09:31 -0500] "GET /BLA/boletinlegal/documentos-importantes.php/index.php/index.php/index.php/doctrina.php/doctrina.php/actos.php/doctrina.php/index.php/norma_menu.php/actos.php/norma_menu.php/actos.php/ HTTP/1.1" 200 4822
172.241.112.83 - - [17/Nov/2019:06:09:35 -0500] "GET /BLA/boletinlegal/documentos-importantes.php/index.php/index.php/index.php/doctrina.php/doctrina.php/actos.php/doctrina.php/index.php/norma_menu.php/actos.php/norma_menu.php/doctrina.php/ HTTP/1.1" 200 4822
172.241.112.83 - - [17/Nov/2019:06:09:38 -0500] "GET /BLA/boletinlegal/documentos-importantes.php/index.php/index.php/index.php/doctrina.php/doctrina.php/actos.php/doctrina.php/index.php/norma_menu.php/actos.php/norma_menu.php/index.php/ HTTP/1.1" 200 4822
66.249.66.81 - - [17/Nov/2019:06:09:40 -0500] "GET /BLA/resoluciones/RESOLUCIONES%202016/1265.pdf HTTP/1.1" 200 414783
172.241.112.83 - - [17/Nov/2019:06:09:43 -0500] "GET /BLA/boletinlegal/documentos-importantes.php/index.php/index.php/index.php/doctrina.php/doctrina.php/actos.php/doctrina.php/index.php/norma_menu.php/actos.php/norma_menu.php/jurisprudencia.php/ HTTP/1.1" 200 4822
216.244.66.195 - - [17/Nov/2019:06:09:43 -0500] "GET /BLA/resoluciones/AUTOS%202010/0377.pdf HTTP/1.1" 200 190755
172.241.112.83 - - [17/Nov/2019:06:09:46 -0500] "GET /BLA/boletinlegal/documentos-importantes.php/index.php/index.php/index.php/doctrina.php/doctrina.php/actos.php/doctrina.php/index.php/norma_menu.php/actos.php/norma_menu.php/norma_menu.php/ HTTP/1.1" 200 4822
172.241.112.83 - - [17/Nov/2019:06:09:51 -0500] "GET /BLA/boletinlegal/documentos-importantes.php/index.php/index.php/index.php/doctrina.php/doctrina.php/actos.php/doctrina.php/index.php/norma_menu.php/doctrina.php/actos.php/actos.php/ HTTP/1.1" 200 4822
186.148.181.108 - - [17/Nov/2019:06:09:53 -0500] "GET /galeria/galeria/jquery.fancybox.css?v=2.1.5 HTTP/1.1" 200 4895
186.148.181.108 - - [17/Nov/2019:06:09:53 -0500] "GET /BLA/boletinlegal/js/jquery.scrollShow.js HTTP/1.1" 200 4586
186.148.181.108 - - [17/Nov/2019:06:09:53 -0500] "GET /galeria/galeria/jquery.fancybox.js?v=2.1.5 HTTP/1.1" 200 48706
172.241.112.83 - - [17/Nov/2019:06:09:55 -0500] "GET /BLA/boletinlegal/documentos-importantes.php/index.php/index.php/index.php/doctrina.php/doctrina.php/actos.php/doctrina.php/index.php/norma_menu.php/doctrina.php/actos.php/doctrina.php/ HTTP/1.1" 200 4822
172.241.112.83 - - [17/Nov/2019:06:09:59 -0500] "GET /BLA/boletinlegal/documentos-importantes.php/index.php/index.php/index.php/doctrina.php/doctrina.php/actos.php/doctrina.php/index.php/norma_menu.php/doctrina.php/actos.php/index.php/ HTTP/1.1" 200 4822
66.249.66.156 - - [17/Nov/2019:06:10:00 -0500] "GET /BLA/boletinlegal/Directivas/2018/Directiva%20No.%2027%20del%2028%20de%20diciembre%20de%202018.pdf HTTP/1.1" 304 -
172.241.112.83 - - [17/Nov/2019:06:10:04 -0500] "GET /BLA/boletinlegal/documentos-importantes.php/index.php/index.php/index.php/doctrina.php/doctrina.php/actos.php/doctrina.php/index.php/norma_menu.php/doctrina.php/actos.php/jurisprudencia.php/ HTTP/1.1" 200 4822
172.241.112.83 - - [17/Nov/2019:06:10:07 -0500] "GET /BLA/boletinlegal/documentos-importantes.php/index.php/index.php/index.php/doctrina.php/doctrina.php/actos.php/doctrina.php/index.php/norma_menu.php/doctrina.php/actos.php/norma_menu.php/ HTTP/1.1" 200 4822
172.241.112.83 - - [17/Nov/2019:06:10:12 -0500] "GET /BLA/boletinlegal/documentos-importantes.php/index.php/index.php/index.php/doctrina.php/doctrina.php/actos.php/doctrina.php/index.php/norma_menu.php/doctrina.php/doctrina.php/actos.php/ HTTP/1.1" 200 4822
172.241.112.83 - - [17/Nov/2019:06:10:18 -0500] "GET /BLA/boletinlegal/documentos-importantes.php/index.php/index.php/index.php/doctrina.php/doctrina.php/actos.php/doctrina.php/index.php/norma_menu.php/doctrina.php/doctrina.php/doctrina.php/ HTTP/1.1" 200 4822
66.249.66.82 - - [17/Nov/2019:06:10:20 -0500] "GET /BLA/resoluciones/RESOLUCIONES%202016/1226.pdf HTTP/1.1" 304 -
216.244.66.195 - - [17/Nov/2019:06:10:20 -0500] "GET /BLA/resoluciones/AUTOS%202010/0834.pdf HTTP/1.1" 200 210641
172.241.112.83 - - [17/Nov/2019:06:10:22 -0500] "GET /BLA/boletinlegal/documentos-importantes.php/index.php/index.php/index.php/doctrina.php/doctrina.php/actos.php/doctrina.php/index.php/norma_menu.php/doctrina.php/doctrina.php/index.php/ HTTP/1.1" 200 4822
172.241.112.83 - - [17/Nov/2019:06:10:25 -0500] "GET /BLA/boletinlegal/documentos-importantes.php/index.php/index.php/index.php/doctrina.php/doctrina.php/actos.php/doctrina.php/index.php/norma_menu.php/doctrina.php/doctrina.php/jurisprudencia.php/ HTTP/1.1" 200 4822
192.168.175.104 - - [17/Nov/2019:06:10:27 -0500] "GET / HTTP/1.0" 200 9990
172.241.112.83 - - [17/Nov/2019:06:10:30 -0500] "GET /BLA/boletinlegal/documentos-importantes.php/index.php/index.php/index.php/doctrina.php/doctrina.php/actos.php/doctrina.php/index.php/norma_menu.php/doctrina.php/doctrina.php/norma_menu.php/ HTTP/1.1" 200 4822
172.241.112.83 - - [17/Nov/2019:06:10:35 -0500] "GET /BLA/boletinlegal/documentos-importantes.php/index.php/index.php/index.php/doctrina.php/doctrina.php/actos.php/doctrina.php/index.php/norma_menu.php/doctrina.php/index.php/actos.php/ HTTP/1.1" 200 4822
172.241.112.83 - - [17/Nov/2019:06:10:39 -0500] "GET /BLA/boletinlegal/documentos-importantes.php/index.php/index.php/index.php/doctrina.php/doctrina.php/actos.php/doctrina.php/index.php/norma_menu.php/doctrina.php/index.php/doctrina.php/ HTTP/1.1" 200 4822
172.241.112.83 - - [17/Nov/2019:06:10:42 -0500] "GET /BLA/boletinlegal/documentos-importantes.php/index.php/index.php/index.php/doctrina.php/doctrina.php/actos.php/doctrina.php/index.php/norma_menu.php/doctrina.php/index.php/index.php/ HTTP/1.1" 200 4822
172.241.112.83 - - [17/Nov/2019:06:10:47 -0500] "GET /BLA/boletinlegal/documentos-importantes.php/index.php/index.php/index.php/doctrina.php/doctrina.php/actos.php/doctrina.php/index.php/norma_menu.php/doctrina.php/index.php/jurisprudencia.php/ HTTP/1.1" 200 4822
54.36.150.147 - - [17/Nov/2019:06:10:51 -0500] "GET /BLA/resoluciones/RESOLUCIONES%202005/RES%202005%203051-3100/00003088.tif HTTP/1.1" 200 157446
172.241.112.83 - - [17/Nov/2019:06:10:52 -0500] "GET /BLA/boletinlegal/documentos-importantes.php/index.php/index.php/index.php/doctrina.php/doctrina.php/actos.php/doctrina.php/index.php/norma_menu.php/doctrina.php/index.php/norma_menu.php/ HTTP/1.1" 200 4822
