69.30.226.234 - - [17/Nov/2019:00:54:11 -0500] "GET /BLA/boletinlegal/documentos-importantes.php/index.php/index.php/index.php/doctrina.php/doctrina.php/actos.php/norma_menu.php/actos.php/index.php/actos.php/doctrina.php/ HTTP/1.1" 200 4822
66.249.66.82 - - [17/Nov/2019:00:54:18 -0500] "GET /BLA/resoluciones/Notificaciones/AUTOS%202014/5836.doc HTTP/1.1" 304 -
69.30.226.234 - - [17/Nov/2019:00:54:22 -0500] "GET /BLA/boletinlegal/documentos-importantes.php/index.php/index.php/index.php/doctrina.php/doctrina.php/actos.php/norma_menu.php/actos.php/index.php/actos.php/index.php/ HTTP/1.1" 200 4822
190.84.25.134 - - [17/Nov/2019:00:54:29 -0500] "GET /galeria/galeria/jquery.fancybox.js?v=2.1.5 HTTP/1.1" 200 48706
190.84.25.134 - - [17/Nov/2019:00:54:29 -0500] "GET /galeria/galeria/jquery.fancybox.css?v=2.1.5 HTTP/1.1" 200 4895
190.84.25.134 - - [17/Nov/2019:00:54:29 -0500] "GET /BLA/boletinlegal/js/jquery.scrollShow.js HTTP/1.1" 200 4586
158.69.243.99 - - [17/Nov/2019:00:54:29 -0500] "GET /BLA/boletinlegal/documentos-importantes.php/index.php/index.php/index.php/doctrina.php/doctrina.php/actos.php/index.php/actos.php/doctrina.php/doctrina.php/norma_menu.php/ HTTP/1.1" 200 4822
69.30.226.234 - - [17/Nov/2019:00:54:29 -0500] "GET /BLA/boletinlegal/documentos-importantes.php/index.php/index.php/index.php/doctrina.php/doctrina.php/actos.php/norma_menu.php/actos.php/index.php/actos.php/jurisprudencia.php/ HTTP/1.1" 200 4822
192.99.13.228 - - [17/Nov/2019:00:54:33 -0500] "GET /SIG/index.php/ECS/126PM04-PR65.pdf/ HTTP/1.1" 200 4960
66.249.66.81 - - [17/Nov/2019:00:54:36 -0500] "GET /BLA/resoluciones/RESOLUCIONES%202016/1599.pdf HTTP/1.1" 304 -
66.249.66.81 - - [17/Nov/2019:00:54:37 -0500] "GET /BLA/resoluciones/AUTOS%202017/1929.pdf HTTP/1.1" 200 295219
69.30.226.234 - - [17/Nov/2019:00:54:37 -0500] "GET /BLA/boletinlegal/documentos-importantes.php/index.php/index.php/index.php/doctrina.php/doctrina.php/actos.php/norma_menu.php/actos.php/index.php/actos.php/norma_menu.php/ HTTP/1.1" 200 4822
69.30.226.234 - - [17/Nov/2019:00:54:47 -0500] "GET /BLA/boletinlegal/documentos-importantes.php/index.php/index.php/index.php/doctrina.php/doctrina.php/actos.php/norma_menu.php/actos.php/index.php/doctrina.php/actos.php/ HTTP/1.1" 200 4822
66.249.66.81 - - [17/Nov/2019:00:54:53 -0500] "GET /BLA/resoluciones/AUTOS%202015/6300.pdf HTTP/1.1" 200 558097
69.30.226.234 - - [17/Nov/2019:00:54:53 -0500] "GET /BLA/boletinlegal/documentos-importantes.php/index.php/index.php/index.php/doctrina.php/doctrina.php/actos.php/norma_menu.php/actos.php/index.php/doctrina.php/doctrina.php/ HTTP/1.1" 200 4822
66.249.66.81 - - [17/Nov/2019:00:55:03 -0500] "GET /BLA/resoluciones/AUTOS%202015/2423.pdf HTTP/1.1" 304 -
69.30.226.234 - - [17/Nov/2019:00:55:03 -0500] "GET /BLA/boletinlegal/documentos-importantes.php/index.php/index.php/index.php/doctrina.php/doctrina.php/actos.php/norma_menu.php/actos.php/index.php/doctrina.php/index.php/ HTTP/1.1" 200 4822
158.69.243.99 - - [17/Nov/2019:00:55:05 -0500] "GET /BLA/boletinlegal/documentos-importantes.php/index.php/index.php/index.php/doctrina.php/doctrina.php/actos.php/index.php/actos.php/doctrina.php/index.php/actos.php/ HTTP/1.1" 200 4822
192.99.13.228 - - [17/Nov/2019:00:55:05 -0500] "GET /SIG/index.php/ECS/126PM04-PR75.pdf/ HTTP/1.1" 200 4960
66.249.66.81 - - [17/Nov/2019:00:55:10 -0500] "GET /BLA/resoluciones/RESOLUCIONES%202015/2847.pdf HTTP/1.1" 200 821398
69.30.226.234 - - [17/Nov/2019:00:55:17 -0500] "GET /BLA/boletinlegal/documentos-importantes.php/index.php/index.php/index.php/doctrina.php/doctrina.php/actos.php/norma_menu.php/actos.php/index.php/doctrina.php/jurisprudencia.php/ HTTP/1.1" 200 4822
192.99.13.228 - - [17/Nov/2019:00:55:27 -0500] "GET /SIG/index.php/ECS/126PM04-PR76.pdf/ HTTP/1.1" 200 4960
69.30.226.234 - - [17/Nov/2019:00:55:28 -0500] "GET /BLA/boletinlegal/documentos-importantes.php/index.php/index.php/index.php/doctrina.php/doctrina.php/actos.php/norma_menu.php/actos.php/index.php/doctrina.php/norma_menu.php/ HTTP/1.1" 200 4822
69.30.226.234 - - [17/Nov/2019:00:55:34 -0500] "GET /BLA/boletinlegal/documentos-importantes.php/index.php/index.php/index.php/doctrina.php/doctrina.php/actos.php/norma_menu.php/actos.php/index.php/index.php/actos.php/ HTTP/1.1" 200 4822
158.69.243.99 - - [17/Nov/2019:00:55:40 -0500] "GET /BLA/boletinlegal/documentos-importantes.php/index.php/index.php/index.php/doctrina.php/doctrina.php/actos.php/index.php/actos.php/doctrina.php/index.php/doctrina.php/ HTTP/1.1" 200 4822
69.30.226.234 - - [17/Nov/2019:00:55:44 -0500] "GET /BLA/boletinlegal/documentos-importantes.php/index.php/index.php/index.php/doctrina.php/doctrina.php/actos.php/norma_menu.php/actos.php/index.php/index.php/doctrina.php/ HTTP/1.1" 200 4822
66.249.66.83 - - [17/Nov/2019:00:55:45 -0500] "GET /BLA/resoluciones/RESOLUCIONES%202017/0600.pdf HTTP/1.1" 304 -
173.212.241.58 - - [17/Nov/2019:00:55:50 -0500] "GET /robots.txt HTTP/1.1" 404 1022
192.99.13.228 - - [17/Nov/2019:00:55:50 -0500] "GET /SIG/index.php/ECS/126PM04-PR77.pdf/ HTTP/1.1" 200 4960
69.30.226.234 - - [17/Nov/2019:00:55:51 -0500] "GET /BLA/boletinlegal/documentos-importantes.php/index.php/index.php/index.php/doctrina.php/doctrina.php/actos.php/norma_menu.php/actos.php/index.php/index.php/index.php/ HTTP/1.1" 200 4822
173.212.241.58 - - [17/Nov/2019:00:55:57 -0500] "GET /BLA/boletinlegal/documentos-importantes.php/index.php/index.php/index.php/doctrina.php/doctrina.php/actos.php/index.php/index.php/norma_menu.php/norma_menu.php/actos.php/ HTTP/1.1" 200 4822
69.30.226.234 - - [17/Nov/2019:00:56:00 -0500] "GET /BLA/boletinlegal/documentos-importantes.php/index.php/index.php/index.php/doctrina.php/doctrina.php/actos.php/norma_menu.php/actos.php/index.php/index.php/jurisprudencia.php/ HTTP/1.1" 200 4822
173.212.241.58 - - [17/Nov/2019:00:56:06 -0500] "GET /BLA/boletinlegal/documentos-importantes.php/index.php/index.php/index.php/doctrina.php/doctrina.php/actos.php/index.php/index.php/norma_menu.php/norma_menu.php/doctrina.php/ HTTP/1.1" 200 4822
69.30.226.234 - - [17/Nov/2019:00:56:10 -0500] "GET /BLA/boletinlegal/documentos-importantes.php/index.php/index.php/index.php/doctrina.php/doctrina.php/actos.php/norma_menu.php/actos.php/index.php/index.php/norma_menu.php/ HTTP/1.1" 200 4822
158.69.243.99 - - [17/Nov/2019:00:56:11 -0500] "GET /BLA/boletinlegal/documentos-importantes.php/index.php/index.php/index.php/doctrina.php/doctrina.php/actos.php/index.php/actos.php/doctrina.php/index.php/index.php/ HTTP/1.1" 200 4822
192.99.13.228 - - [17/Nov/2019:00:56:12 -0500] "GET /SIG/index.php/ECS/126PM04-PR78.pdf/ HTTP/1.1" 200 4960
173.212.241.58 - - [17/Nov/2019:00:56:13 -0500] "GET /BLA/boletinlegal/documentos-importantes.php/index.php/index.php/index.php/doctrina.php/doctrina.php/actos.php/index.php/index.php/norma_menu.php/norma_menu.php/index.php/ HTTP/1.1" 200 4822
69.162.124.232 - - [17/Nov/2019:00:56:17 -0500] "HEAD / HTTP/1.1" 200 -
69.30.226.234 - - [17/Nov/2019:00:56:19 -0500] "GET /BLA/boletinlegal/documentos-importantes.php/index.php/index.php/index.php/doctrina.php/doctrina.php/actos.php/norma_menu.php/actos.php/index.php/jurisprudencia.php/actos.php/ HTTP/1.1" 200 4822
69.30.226.234 - - [17/Nov/2019:00:56:30 -0500] "GET /BLA/boletinlegal/documentos-importantes.php/index.php/index.php/index.php/doctrina.php/doctrina.php/actos.php/norma_menu.php/actos.php/index.php/jurisprudencia.php/doctrina.php/ HTTP/1.1" 200 4822
173.212.241.58 - - [17/Nov/2019:00:56:35 -0500] "GET /BLA/boletinlegal/documentos-importantes.php/index.php/index.php/index.php/doctrina.php/doctrina.php/actos.php/index.php/index.php/norma_menu.php/norma_menu.php/jurisprudencia.php/ HTTP/1.1" 200 4822
157.55.39.59 - - [17/Nov/2019:00:56:36 -0500] "-" 408 -
69.30.226.234 - - [17/Nov/2019:00:56:37 -0500] "GET /BLA/boletinlegal/documentos-importantes.php/index.php/index.php/index.php/doctrina.php/doctrina.php/actos.php/norma_menu.php/actos.php/index.php/jurisprudencia.php/index.php/ HTTP/1.1" 200 4822
66.249.66.82 - - [17/Nov/2019:00:56:37 -0500] "GET /BLA/resoluciones/AUTOS%202015/2814.pdf HTTP/1.1" 304 -
192.99.13.228 - - [17/Nov/2019:00:56:38 -0500] "GET /SIG/index.php/ECS/126PM04-PR79.pdf/ HTTP/1.1" 200 4960
173.212.241.58 - - [17/Nov/2019:00:56:46 -0500] "GET /BLA/boletinlegal/documentos-importantes.php/index.php/index.php/index.php/doctrina.php/doctrina.php/actos.php/index.php/index.php/norma_menu.php/norma_menu.php/norma_menu.php/ HTTP/1.1" 200 4822
158.69.243.99 - - [17/Nov/2019:00:56:46 -0500] "GET /BLA/boletinlegal/documentos-importantes.php/index.php/index.php/index.php/doctrina.php/doctrina.php/actos.php/index.php/actos.php/doctrina.php/index.php/jurisprudencia.php/ HTTP/1.1" 200 4822
69.30.226.234 - - [17/Nov/2019:00:56:47 -0500] "GET /BLA/boletinlegal/documentos-importantes.php/index.php/index.php/index.php/doctrina.php/doctrina.php/actos.php/norma_menu.php/actos.php/index.php/jurisprudencia.php/jurisprudencia.php/ HTTP/1.1" 200 4822
66.249.66.82 - - [17/Nov/2019:00:56:55 -0500] "GET /BLA/resoluciones/RESOLUCIONES%202007/RES%202007%201801%20AL%201900/RESOLUCION%201844%20DE%202007.pdf HTTP/1.1" 304 -
69.30.226.234 - - [17/Nov/2019:00:56:59 -0500] "GET /BLA/boletinlegal/documentos-importantes.php/index.php/index.php/index.php/doctrina.php/doctrina.php/actos.php/norma_menu.php/actos.php/index.php/jurisprudencia.php/norma_menu.php/ HTTP/1.1" 200 4822
192.99.13.228 - - [17/Nov/2019:00:57:02 -0500] "GET /SIG/index.php/ECS/126PM04-PR82.pdf/ HTTP/1.1" 200 4960
173.212.241.58 - - [17/Nov/2019:00:57:04 -0500] "GET /BLA/boletinlegal/documentos-importantes.php/index.php/index.php/index.php/doctrina.php/doctrina.php/actos.php/index.php/jurisprudencia.php/actos.php/actos.php/actos.php/ HTTP/1.1" 200 4822
181.50.245.56 - - [17/Nov/2019:00:57:05 -0500] "GET /galeria/galeria/jquery.fancybox.css?v=2.1.5 HTTP/1.1" 200 4895
181.50.245.56 - - [17/Nov/2019:00:57:05 -0500] "GET /galeria/galeria/jquery.fancybox.js?v=2.1.5 HTTP/1.1" 200 48706
181.50.245.56 - - [17/Nov/2019:00:57:05 -0500] "GET /BLA/boletinlegal/js/jquery.scrollShow.js HTTP/1.1" 200 4586
69.30.226.234 - - [17/Nov/2019:00:57:06 -0500] "GET /BLA/boletinlegal/documentos-importantes.php/index.php/index.php/index.php/doctrina.php/doctrina.php/actos.php/norma_menu.php/actos.php/index.php/norma_menu.php/actos.php/ HTTP/1.1" 200 4822
173.212.241.58 - - [17/Nov/2019:00:57:12 -0500] "GET /BLA/boletinlegal/documentos-importantes.php/index.php/index.php/index.php/doctrina.php/doctrina.php/actos.php/index.php/jurisprudencia.php/actos.php/actos.php/doctrina.php/ HTTP/1.1" 200 4822
69.30.226.234 - - [17/Nov/2019:00:57:16 -0500] "GET /BLA/boletinlegal/documentos-importantes.php/index.php/index.php/index.php/doctrina.php/doctrina.php/actos.php/norma_menu.php/actos.php/index.php/norma_menu.php/doctrina.php/ HTTP/1.1" 200 4822
192.168.175.104 - - [17/Nov/2019:00:57:18 -0500] "GET / HTTP/1.0" 200 9990
192.99.13.228 - - [17/Nov/2019:00:57:22 -0500] "GET /SIG/index.php/ECS/126PM04-PR84.pdf/ HTTP/1.1" 200 4960
158.69.243.99 - - [17/Nov/2019:00:57:22 -0500] "GET /BLA/boletinlegal/documentos-importantes.php/index.php/index.php/index.php/doctrina.php/doctrina.php/actos.php/index.php/actos.php/doctrina.php/index.php/norma_menu.php/ HTTP/1.1" 200 4822
173.212.241.58 - - [17/Nov/2019:00:57:23 -0500] "GET /BLA/boletinlegal/documentos-importantes.php/index.php/index.php/index.php/doctrina.php/doctrina.php/actos.php/index.php/jurisprudencia.php/actos.php/actos.php/index.php/ HTTP/1.1" 200 4822
69.30.226.234 - - [17/Nov/2019:00:57:25 -0500] "GET /BLA/boletinlegal/documentos-importantes.php/index.php/index.php/index.php/doctrina.php/doctrina.php/actos.php/norma_menu.php/actos.php/index.php/norma_menu.php/index.php/ HTTP/1.1" 200 4822
69.30.226.234 - - [17/Nov/2019:00:57:35 -0500] "GET /BLA/boletinlegal/documentos-importantes.php/index.php/index.php/index.php/doctrina.php/doctrina.php/actos.php/norma_menu.php/actos.php/index.php/norma_menu.php/jurisprudencia.php/ HTTP/1.1" 200 4822
173.212.241.58 - - [17/Nov/2019:00:57:38 -0500] "GET /BLA/boletinlegal/documentos-importantes.php/index.php/index.php/index.php/doctrina.php/doctrina.php/actos.php/index.php/jurisprudencia.php/actos.php/actos.php/jurisprudencia.php/ HTTP/1.1" 200 4822
192.99.13.228 - - [17/Nov/2019:00:57:39 -0500] "GET /SIG/index.php/ECS/126PM04-PR86.pdf/ HTTP/1.1" 200 4960
46.229.168.134 - - [17/Nov/2019:00:57:40 -0500] "GET /robots.txt HTTP/1.1" 404 1019
46.229.168.143 - - [17/Nov/2019:00:57:41 -0500] "GET /Autoliquidacion/index.php?dir=TR%C3%83%C2%83%C3%82%C2%83%C3%83%C2%82%C3%82%C2%83%C3%83%C2%83%C3%82%C2%82%C3%83%C2%82%C3%82%C2%83%C3%83%C2%83%C3%82%C2%83%C3%83%C2%82%C3%82%C2%82%C3%83%C2%83%C3%82%C2%82%C3%83%C2%82%C3%82%C2%81MITES%2BACEITES-RESIDUOS-ESTACIONES%2FREGISTRO%2BCOMO%2BACOPIADOR%2BPRIMARIO%2F&order=desc&sort=name HTTP/1.1" 200 7159
69.30.226.234 - - [17/Nov/2019:00:57:43 -0500] "GET /BLA/boletinlegal/documentos-importantes.php/index.php/index.php/index.php/doctrina.php/doctrina.php/actos.php/norma_menu.php/actos.php/index.php/norma_menu.php/norma_menu.php/ HTTP/1.1" 200 4822
173.212.241.58 - - [17/Nov/2019:00:57:47 -0500] "GET /BLA/boletinlegal/documentos-importantes.php/index.php/index.php/index.php/doctrina.php/doctrina.php/actos.php/index.php/jurisprudencia.php/actos.php/actos.php/norma_menu.php/ HTTP/1.1" 200 4822
158.69.243.99 - - [17/Nov/2019:00:57:49 -0500] "GET /BLA/boletinlegal/documentos-importantes.php/index.php/index.php/index.php/doctrina.php/doctrina.php/actos.php/index.php/actos.php/doctrina.php/jurisprudencia.php/actos.php/ HTTP/1.1" 200 4822
69.30.226.234 - - [17/Nov/2019:00:57:50 -0500] "GET /BLA/boletinlegal/documentos-importantes.php/index.php/index.php/index.php/doctrina.php/doctrina.php/actos.php/norma_menu.php/actos.php/jurisprudencia.php/actos.php/actos.php/ HTTP/1.1" 200 4822
192.99.13.228 - - [17/Nov/2019:00:57:57 -0500] "GET /SIG/index.php/ECS/126PM04-PR87.pdf/ HTTP/1.1" 200 4960
69.30.226.234 - - [17/Nov/2019:00:58:01 -0500] "GET /BLA/boletinlegal/documentos-importantes.php/index.php/index.php/index.php/doctrina.php/doctrina.php/actos.php/norma_menu.php/actos.php/jurisprudencia.php/actos.php/doctrina.php/ HTTP/1.1" 200 4822
157.55.39.182 - - [17/Nov/2019:00:58:04 -0500] "GET /ecodirectorio/files/res/downloads/download_0166.pdf HTTP/1.1" 404 1019
157.55.39.62 - - [17/Nov/2019:00:58:10 -0500] "GET /ecodirectorio/files/res/downloads/download_0039.pdf HTTP/1.1" 404 1019
173.212.241.58 - - [17/Nov/2019:00:58:10 -0500] "GET /BLA/boletinlegal/documentos-importantes.php/index.php/index.php/index.php/doctrina.php/doctrina.php/actos.php/index.php/jurisprudencia.php/actos.php/doctrina.php/actos.php/ HTTP/1.1" 200 4822
69.30.226.234 - - [17/Nov/2019:00:58:13 -0500] "GET /BLA/boletinlegal/documentos-importantes.php/index.php/index.php/index.php/doctrina.php/doctrina.php/actos.php/norma_menu.php/actos.php/jurisprudencia.php/actos.php/index.php/ HTTP/1.1" 200 4822
158.69.243.99 - - [17/Nov/2019:00:58:16 -0500] "GET /BLA/boletinlegal/documentos-importantes.php/index.php/index.php/index.php/doctrina.php/doctrina.php/actos.php/index.php/actos.php/doctrina.php/jurisprudencia.php/doctrina.php/ HTTP/1.1" 200 4822
192.99.13.228 - - [17/Nov/2019:00:58:20 -0500] "GET /SIG/index.php/ECS/126PM04-PR88.pdf/ HTTP/1.1" 200 4960
173.212.241.58 - - [17/Nov/2019:00:58:22 -0500] "GET /BLA/boletinlegal/documentos-importantes.php/index.php/index.php/index.php/doctrina.php/doctrina.php/actos.php/index.php/jurisprudencia.php/actos.php/doctrina.php/doctrina.php/ HTTP/1.1" 200 4822
173.212.241.58 - - [17/Nov/2019:00:58:28 -0500] "GET /BLA/boletinlegal/documentos-importantes.php/index.php/index.php/index.php/doctrina.php/doctrina.php/actos.php/index.php/jurisprudencia.php/actos.php/doctrina.php/index.php/ HTTP/1.1" 200 4822
66.249.66.82 - - [17/Nov/2019:00:58:30 -0500] "GET /BLA/resoluciones/RESOLUCIONES%202017/1909.pdf HTTP/1.1" 200 476410
192.168.175.104 - - [17/Nov/2019:00:58:32 -0500] "GET / HTTP/1.1" 200 9990
201.216.52.143 - - [17/Nov/2019:00:58:39 -0500] "GET /BLA/boletinlegal/js/jquery.scrollShow.js HTTP/1.1" 200 4586
66.249.66.81 - - [17/Nov/2019:00:58:39 -0500] "GET /BLA/resoluciones/AUTOS%202014/2762.pdf HTTP/1.1" 200 754078
201.216.52.143 - - [17/Nov/2019:00:58:39 -0500] "GET /galeria/galeria/jquery.fancybox.css?v=2.1.5 HTTP/1.1" 200 4895
201.216.52.143 - - [17/Nov/2019:00:58:40 -0500] "GET /galeria/galeria/jquery.fancybox.js?v=2.1.5 HTTP/1.1" 200 48706
201.216.52.143 - - [17/Nov/2019:00:58:40 -0500] "GET /galeria/carrusel/Carrusel/jquery.thumbnailScroller.css HTTP/1.1" 200 2066
201.216.52.143 - - [17/Nov/2019:00:58:40 -0500] "GET /galeria/carrusel/Carrusel/jquery-ui-1.8.13.custom.min.js HTTP/1.1" 200 10800
201.216.52.143 - - [17/Nov/2019:00:58:40 -0500] "GET /galeria/carrusel/Carrusel/jquery.thumbnailScroller.js HTTP/1.1" 200 8157
201.216.52.143 - - [17/Nov/2019:00:58:41 -0500] "GET /galeria/nivo-slider/demo/inicio.html HTTP/1.1" 200 4640
192.99.13.228 - - [17/Nov/2019:00:58:41 -0500] "GET /SIG/index.php/ECS/126PM04-PR91.pdf/ HTTP/1.1" 200 4960
201.216.52.143 - - [17/Nov/2019:00:58:41 -0500] "GET /galeria/nivo-slider/themes/default/default.css HTTP/1.1" 200 1569
201.216.52.143 - - [17/Nov/2019:00:58:41 -0500] "GET /galeria/nivo-slider/themes/pascal/pascal.css HTTP/1.1" 200 2258
201.216.52.143 - - [17/Nov/2019:00:58:41 -0500] "GET /galeria/nivo-slider/themes/orman/orman.css HTTP/1.1" 200 2152
201.216.52.143 - - [17/Nov/2019:00:58:41 -0500] "GET /galeria/nivo-slider/nivo-slider.css HTTP/1.1" 200 1507
201.216.52.143 - - [17/Nov/2019:00:58:42 -0500] "GET /galeria/nivo-slider/demo/style.css HTTP/1.1" 200 2222
201.216.52.143 - - [17/Nov/2019:00:58:42 -0500] "GET /galeria/nivo-slider/demo/scripts/jquery-1.7.1.min.js HTTP/1.1" 200 93868
201.216.52.143 - - [17/Nov/2019:00:58:42 -0500] "GET /galeria/nivo-slider/jquery.nivo.slider.pack.js HTTP/1.1" 200 11561
201.216.52.143 - - [17/Nov/2019:00:58:42 -0500] "GET /galeria/nivo-slider/demo/images/Bannerpread.jpg HTTP/1.1" 200 256621
201.216.52.143 - - [17/Nov/2019:00:58:43 -0500] "GET /galeria/nivo-slider/demo/images/4Simple_Slider.png HTTP/1.1" 200 11722
201.216.52.143 - - [17/Nov/2019:00:58:43 -0500] "GET /galeria/nivo-slider/themes/default/loading.gif HTTP/1.1" 200 1737
201.216.52.143 - - [17/Nov/2019:00:58:44 -0500] "GET /galeria/nivo-slider/demo/images/iniciativas-Ambientales.jpg HTTP/1.1" 200 201405
201.216.52.143 - - [17/Nov/2019:00:58:44 -0500] "GET /galeria/nivo-slider/demo/images/Bannerveterinaria.jpg HTTP/1.1" 200 254705
201.216.52.143 - - [17/Nov/2019:00:58:46 -0500] "GET /galeria/nivo-slider/demo/images/bannerincendios.jpg HTTP/1.1" 200 206070
158.69.243.99 - - [17/Nov/2019:00:58:46 -0500] "GET /BLA/boletinlegal/documentos-importantes.php/index.php/index.php/index.php/doctrina.php/doctrina.php/actos.php/index.php/actos.php/doctrina.php/jurisprudencia.php/index.php/ HTTP/1.1" 200 4822
173.212.241.58 - - [17/Nov/2019:00:58:48 -0500] "GET /BLA/boletinlegal/documentos-importantes.php/index.php/index.php/index.php/doctrina.php/doctrina.php/actos.php/index.php/jurisprudencia.php/actos.php/doctrina.php/jurisprudencia.php/ HTTP/1.1" 200 4822
201.216.52.143 - - [17/Nov/2019:00:58:48 -0500] "GET /galeria/nivo-slider/demo/images/banneragendamiento.jpg HTTP/1.1" 200 116897
201.216.52.143 - - [17/Nov/2019:00:58:48 -0500] "GET /galeria/nivo-slider/demo/images/Banner%20tinguas.jpg HTTP/1.1" 200 214878
201.216.52.143 - - [17/Nov/2019:00:58:49 -0500] "GET /galeria/nivo-slider/demo/images/Bannerserpiente2019.jpg HTTP/1.1" 200 270374
201.216.52.143 - - [17/Nov/2019:00:58:49 -0500] "GET /galeria/nivo-slider/demo/images/Noviembre.png HTTP/1.1" 200 519399
201.216.52.143 - - [17/Nov/2019:00:58:51 -0500] "GET /galeria/nivo-slider/demo/images/puntos%20atencion%20BANNER.jpg HTTP/1.1" 200 244208
201.216.52.143 - - [17/Nov/2019:00:58:53 -0500] "GET /galeria/nivo-slider/demo/images/Banner%20Visor%20Geografico%20Ambiental.jpg HTTP/1.1" 200 204673
201.216.52.143 - - [17/Nov/2019:00:58:54 -0500] "GET /galeria/nivo-slider/demo/images/Banner%20consumo%20sostenible%20final.jpg HTTP/1.1" 200 364746
201.216.52.143 - - [17/Nov/2019:00:58:55 -0500] "GET /galeria/nivo-slider/demo/images/Banner%20RCD.jpg HTTP/1.1" 200 92197
201.216.52.143 - - [17/Nov/2019:00:58:55 -0500] "GET /galeria/nivo-slider/demo/images/Banner%20Conpes.jpg HTTP/1.1" 200 55220
66.249.66.81 - - [17/Nov/2019:00:58:56 -0500] "GET /BLA/resoluciones/AUTOS%202017/1784.pdf HTTP/1.1" 200 586750
201.216.52.143 - - [17/Nov/2019:00:58:58 -0500] "GET /galeria/nivo-slider/demo/images/Banner%20practicas%20sostenibles.jpg HTTP/1.1" 200 142958
201.216.52.143 - - [17/Nov/2019:00:59:01 -0500] "GET /galeria/nivo-slider/demo/images/Banner%20POT.png HTTP/1.1" 200 418238
173.212.241.58 - - [17/Nov/2019:00:59:02 -0500] "GET /BLA/boletinlegal/documentos-importantes.php/index.php/index.php/index.php/doctrina.php/doctrina.php/actos.php/index.php/jurisprudencia.php/actos.php/doctrina.php/norma_menu.php/ HTTP/1.1" 200 4822
201.216.52.143 - - [17/Nov/2019:00:59:03 -0500] "GET /galeria/nivo-slider/demo/images/Banneranonimos.png HTTP/1.1" 200 109388
201.216.52.143 - - [17/Nov/2019:00:59:05 -0500] "GET /galeria/nivo-slider/themes/default/bullets.png HTTP/1.1" 200 1281
201.216.52.143 - - [17/Nov/2019:00:59:05 -0500] "GET /galeria/nivo-slider/themes/default/arrows.png HTTP/1.1" 200 824
192.99.13.228 - - [17/Nov/2019:00:59:10 -0500] "GET /SIG/index.php/ECS/126PM04-PR92.pdf/ HTTP/1.1" 200 4960
158.69.243.99 - - [17/Nov/2019:00:59:13 -0500] "GET /BLA/boletinlegal/documentos-importantes.php/index.php/index.php/index.php/doctrina.php/doctrina.php/actos.php/index.php/actos.php/doctrina.php/jurisprudencia.php/jurisprudencia.php/ HTTP/1.1" 200 4822
173.212.241.58 - - [17/Nov/2019:00:59:16 -0500] "GET /BLA/boletinlegal/documentos-importantes.php/index.php/index.php/index.php/doctrina.php/doctrina.php/actos.php/index.php/jurisprudencia.php/actos.php/index.php/actos.php/ HTTP/1.1" 200 4822
66.249.66.81 - - [17/Nov/2019:00:59:17 -0500] "GET /BLA/resoluciones/AUTOS%202017/3343.pdf HTTP/1.1" 304 -
192.99.13.228 - - [17/Nov/2019:00:59:31 -0500] "GET /SIG/index.php/ECS/126PM04-PR93.pdf/ HTTP/1.1" 200 4960
173.212.241.58 - - [17/Nov/2019:00:59:34 -0500] "GET /BLA/boletinlegal/documentos-importantes.php/index.php/index.php/index.php/doctrina.php/doctrina.php/actos.php/index.php/jurisprudencia.php/actos.php/index.php/doctrina.php/ HTTP/1.1" 200 4822
158.69.243.99 - - [17/Nov/2019:00:59:42 -0500] "GET /BLA/boletinlegal/documentos-importantes.php/index.php/index.php/index.php/doctrina.php/doctrina.php/actos.php/index.php/actos.php/doctrina.php/jurisprudencia.php/norma_menu.php/ HTTP/1.1" 200 4822
173.212.241.58 - - [17/Nov/2019:00:59:45 -0500] "GET /BLA/boletinlegal/documentos-importantes.php/index.php/index.php/index.php/doctrina.php/doctrina.php/actos.php/index.php/jurisprudencia.php/actos.php/index.php/index.php/ HTTP/1.1" 200 4822
66.249.66.81 - - [17/Nov/2019:00:59:51 -0500] "GET /BLA/resoluciones/AUTOS%202013/1178.pdf HTTP/1.1" 304 -
173.212.241.58 - - [17/Nov/2019:00:59:57 -0500] "GET /BLA/boletinlegal/documentos-importantes.php/index.php/index.php/index.php/doctrina.php/doctrina.php/actos.php/index.php/jurisprudencia.php/actos.php/index.php/jurisprudencia.php/ HTTP/1.1" 200 4822
192.99.13.228 - - [17/Nov/2019:01:00:01 -0500] "GET /SIG/index.php/ECS/126PM04-PR94.pdf/ HTTP/1.1" 200 4960
66.249.66.81 - - [17/Nov/2019:01:00:03 -0500] "GET /BLA/resoluciones/AUTOS%202015/1811.pdf HTTP/1.1" 200 492153
173.212.241.58 - - [17/Nov/2019:01:00:04 -0500] "GET /BLA/boletinlegal/documentos-importantes.php/index.php/index.php/index.php/doctrina.php/doctrina.php/actos.php/index.php/jurisprudencia.php/actos.php/index.php/norma_menu.php/ HTTP/1.1" 200 4822
66.249.66.81 - - [17/Nov/2019:01:00:10 -0500] "GET /BLA/resoluciones/RESOLUCIONES%202007/RES%202007%202101%20AL%202200/RESOLUCION%202114%20DE%202007.pdf HTTP/1.1" 304 -
173.212.241.58 - - [17/Nov/2019:01:00:17 -0500] "GET /BLA/boletinlegal/documentos-importantes.php/index.php/index.php/index.php/doctrina.php/doctrina.php/actos.php/index.php/jurisprudencia.php/actos.php/jurisprudencia.php/actos.php/ HTTP/1.1" 200 4822
158.69.243.99 - - [17/Nov/2019:01:00:19 -0500] "GET /BLA/boletinlegal/documentos-importantes.php/index.php/index.php/index.php/doctrina.php/doctrina.php/actos.php/index.php/actos.php/doctrina.php/norma_menu.php/actos.php/ HTTP/1.1" 200 4822
66.249.66.81 - - [17/Nov/2019:01:00:23 -0500] "GET /BLA/resoluciones/AUTOS%202016/2514.pdf HTTP/1.1" 200 514708
192.99.13.228 - - [17/Nov/2019:01:00:26 -0500] "GET /SIG/index.php/ECS/126PM04-PR95.pdf/ HTTP/1.1" 200 4960
66.249.66.81 - - [17/Nov/2019:01:00:31 -0500] "GET /BLA/resoluciones/AUTOS%202014/6941.pdf HTTP/1.1" 304 -
173.212.241.58 - - [17/Nov/2019:01:00:37 -0500] "GET /BLA/boletinlegal/documentos-importantes.php/index.php/index.php/index.php/doctrina.php/doctrina.php/actos.php/index.php/jurisprudencia.php/actos.php/jurisprudencia.php/doctrina.php/ HTTP/1.1" 200 4822
192.99.13.228 - - [17/Nov/2019:01:00:54 -0500] "GET /SIG/index.php/ECS/126PM04-PR97.pdf/ HTTP/1.1" 200 4960
66.249.66.81 - - [17/Nov/2019:01:01:02 -0500] "GET /BLA/resoluciones/AUTOS%202015/6720.pdf HTTP/1.1" 304 -
158.69.243.99 - - [17/Nov/2019:01:01:07 -0500] "GET /BLA/boletinlegal/documentos-importantes.php/index.php/index.php/index.php/doctrina.php/doctrina.php/actos.php/index.php/actos.php/doctrina.php/norma_menu.php/doctrina.php/ HTTP/1.1" 200 4822
173.212.241.58 - - [17/Nov/2019:01:01:08 -0500] "GET /BLA/boletinlegal/documentos-importantes.php/index.php/index.php/index.php/doctrina.php/doctrina.php/actos.php/index.php/jurisprudencia.php/actos.php/jurisprudencia.php/index.php/ HTTP/1.1" 200 4822
69.162.124.232 - - [17/Nov/2019:01:01:17 -0500] "HEAD / HTTP/1.1" 200 -
66.249.66.81 - - [17/Nov/2019:01:01:20 -0500] "GET /BLA/resoluciones/AUTOS%202015/6015.pdf HTTP/1.1" 304 -
192.99.13.228 - - [17/Nov/2019:01:01:20 -0500] "GET /SIG/index.php/ECS/126PM04-PR98.pdf/ HTTP/1.1" 200 4960
173.212.241.58 - - [17/Nov/2019:01:01:27 -0500] "GET /BLA/boletinlegal/documentos-importantes.php/index.php/index.php/index.php/doctrina.php/doctrina.php/actos.php/index.php/jurisprudencia.php/actos.php/jurisprudencia.php/jurisprudencia.php/ HTTP/1.1" 200 4822
158.69.243.99 - - [17/Nov/2019:01:01:35 -0500] "GET /BLA/boletinlegal/documentos-importantes.php/index.php/index.php/index.php/doctrina.php/doctrina.php/actos.php/index.php/actos.php/doctrina.php/norma_menu.php/index.php/ HTTP/1.1" 200 4822
192.99.13.228 - - [17/Nov/2019:01:01:50 -0500] "GET /SIG/index.php/Gestion%20Documental/126PA06-PR03%20CONSULTA%20Y%20PRETAMO%20DOCUMENTOS.pdf/ HTTP/1.1" 200 5845
173.212.241.58 - - [17/Nov/2019:01:01:51 -0500] "GET /BLA/boletinlegal/documentos-importantes.php/index.php/index.php/index.php/doctrina.php/doctrina.php/actos.php/index.php/jurisprudencia.php/actos.php/jurisprudencia.php/norma_menu.php/ HTTP/1.1" 200 4822
173.212.241.58 - - [17/Nov/2019:01:02:05 -0500] "GET /BLA/boletinlegal/documentos-importantes.php/index.php/index.php/index.php/doctrina.php/doctrina.php/actos.php/index.php/jurisprudencia.php/actos.php/norma_menu.php/actos.php/ HTTP/1.1" 200 4822
158.69.243.99 - - [17/Nov/2019:01:02:06 -0500] "GET /BLA/boletinlegal/documentos-importantes.php/index.php/index.php/index.php/doctrina.php/doctrina.php/actos.php/index.php/actos.php/doctrina.php/norma_menu.php/jurisprudencia.php/ HTTP/1.1" 200 4822
192.168.175.104 - - [17/Nov/2019:01:02:17 -0500] "GET / HTTP/1.0" 200 9990
192.99.13.228 - - [17/Nov/2019:01:02:23 -0500] "GET /SIG/index.php/Gestion%20Documental/126PA06-PR04%20INGRESO%20Y%20ORGANIZ.%20DOCUMENTACION%20ARCHIVO%20CENTRAL.pdf/ HTTP/1.1" 200 6206
66.249.66.81 - - [17/Nov/2019:01:02:30 -0500] "GET /BLA/resoluciones/AUTOS%202014/6418.pdf HTTP/1.1" 200 798497
54.36.148.160 - - [17/Nov/2019:01:02:32 -0500] "GET /BLA/resoluciones/RESOLUCIONES%202004/RES%202004%202001-2050/00002003.tif HTTP/1.1" 200 46002
158.69.243.99 - - [17/Nov/2019:01:02:33 -0500] "GET /BLA/boletinlegal/documentos-importantes.php/index.php/index.php/index.php/doctrina.php/doctrina.php/actos.php/index.php/actos.php/doctrina.php/norma_menu.php/norma_menu.php/ HTTP/1.1" 200 4822
173.212.241.58 - - [17/Nov/2019:01:02:37 -0500] "GET /BLA/boletinlegal/documentos-importantes.php/index.php/index.php/index.php/doctrina.php/doctrina.php/actos.php/index.php/jurisprudencia.php/actos.php/norma_menu.php/doctrina.php/ HTTP/1.1" 200 4822
66.249.66.81 - - [17/Nov/2019:01:02:48 -0500] "GET /BLA/resoluciones/AUTOS%202015/1949.pdf HTTP/1.1" 304 -
192.99.13.228 - - [17/Nov/2019:01:02:55 -0500] "GET /SIG/index.php/Gestion%20Documental/126PA06-PR06%20SELECCION%20DOCUMENTACION%20ARCHIVO%20CENTRAL%20PARA%20ELIMINAC%20O%20TRANSFER.pdf/ HTTP/1.1" 200 6510
46.229.168.138 - - [17/Nov/2019:01:03:01 -0500] "GET /Anexos%20estudio%20Organizacional%20SDA/index.php?dir=ANEXO%2BNo.%2B6%2B-%2BAN%C3%83%C2%81LISIS%2BCOMPARADO%2BDECRETOS%2B109%2BY%2B175%2B2009%2BVRS.%2BESTUDIO%2BSERAMBIENTE%2F&order=desc&sort=size HTTP/1.1" 200 6264
158.69.243.99 - - [17/Nov/2019:01:03:03 -0500] "GET /BLA/boletinlegal/documentos-importantes.php/index.php/index.php/index.php/doctrina.php/doctrina.php/actos.php/index.php/actos.php/index.php/actos.php/actos.php/ HTTP/1.1" 200 4822
190.157.65.98 - - [17/Nov/2019:01:03:12 -0500] "GET /BLA/boletinlegal/js/jquery.scrollShow.js HTTP/1.1" 200 4586
190.157.65.98 - - [17/Nov/2019:01:03:12 -0500] "GET /galeria/galeria/jquery.fancybox.js?v=2.1.5 HTTP/1.1" 200 48706
190.157.65.98 - - [17/Nov/2019:01:03:12 -0500] "GET /galeria/galeria/jquery.fancybox.css?v=2.1.5 HTTP/1.1" 200 4895
173.212.241.58 - - [17/Nov/2019:01:03:15 -0500] "GET /BLA/boletinlegal/documentos-importantes.php/index.php/index.php/index.php/doctrina.php/doctrina.php/actos.php/index.php/jurisprudencia.php/actos.php/norma_menu.php/index.php/ HTTP/1.1" 200 4822
190.157.65.98 - - [17/Nov/2019:01:03:16 -0500] "GET /galeria/galeria/jquery.fancybox.css?v=2.1.5 HTTP/1.1" 304 -
190.157.65.98 - - [17/Nov/2019:01:03:16 -0500] "GET /BLA/boletinlegal/js/jquery.scrollShow.js HTTP/1.1" 304 -
190.157.65.98 - - [17/Nov/2019:01:03:16 -0500] "GET /galeria/galeria/jquery.fancybox.js?v=2.1.5 HTTP/1.1" 304 -
192.99.13.228 - - [17/Nov/2019:01:03:17 -0500] "GET /SIG/index.php/Gestion%20Documental/126PA06-PR08%20CONTROL%20Y%20TRAITE%20CORRESPONDENCIA%20EXTERNA%20RECIBIDA.pdf/ HTTP/1.1" 200 6225
5.9.108.254 - - [17/Nov/2019:01:03:22 -0500] "GET /robots.txt HTTP/1.1" 404 1022
183.214.51.176 - - [17/Nov/2019:01:03:23 -0500] "GET / HTTP/1.0" 200 9990
66.249.66.81 - - [17/Nov/2019:01:03:23 -0500] "GET /BLA/resoluciones/AUTOS%202014/4174.pdf HTTP/1.1" 200 2395763
66.249.83.83 - - [17/Nov/2019:01:03:26 -0500] "GET /galeria/carrusel/Carrusel/jquery.thumbnailScroller.js HTTP/1.1" 200 8157
66.249.83.82 - - [17/Nov/2019:01:03:26 -0500] "GET /galeria/carrusel/Carrusel/jquery-ui-1.8.13.custom.min.js HTTP/1.1" 200 10800
66.249.83.81 - - [17/Nov/2019:01:03:26 -0500] "GET /galeria/carrusel/Carrusel/jquery.thumbnailScroller.css HTTP/1.1" 200 2066
66.249.83.81 - - [17/Nov/2019:01:03:27 -0500] "GET /galeria/nivo-slider/demo/inicio.html HTTP/1.1" 200 4640
66.249.83.83 - - [17/Nov/2019:01:03:27 -0500] "GET /galeria/nivo-slider/demo/images/Bannerpread.jpg HTTP/1.1" 200 256621
66.249.83.82 - - [17/Nov/2019:01:03:27 -0500] "GET /galeria/nivo-slider/nivo-slider.css HTTP/1.1" 200 1507
66.249.83.81 - - [17/Nov/2019:01:03:27 -0500] "GET /galeria/nivo-slider/demo/images/bannerincendios.jpg HTTP/1.1" 200 206070
66.249.83.83 - - [17/Nov/2019:01:03:27 -0500] "GET /galeria/nivo-slider/themes/default/default.css HTTP/1.1" 200 1569
66.249.83.82 - - [17/Nov/2019:01:03:27 -0500] "GET /galeria/nivo-slider/themes/orman/orman.css HTTP/1.1" 200 2152
66.249.83.81 - - [17/Nov/2019:01:03:27 -0500] "GET /galeria/nivo-slider/demo/images/iniciativas-Ambientales.jpg HTTP/1.1" 200 201405
66.249.83.83 - - [17/Nov/2019:01:03:27 -0500] "GET /galeria/nivo-slider/demo/images/Banner%20consumo%20sostenible%20final.jpg HTTP/1.1" 200 364746
66.249.83.81 - - [17/Nov/2019:01:03:27 -0500] "GET /galeria/nivo-slider/themes/pascal/pascal.css HTTP/1.1" 200 2258
66.249.83.82 - - [17/Nov/2019:01:03:27 -0500] "GET /galeria/nivo-slider/demo/images/Bannerserpiente2019.jpg HTTP/1.1" 200 270374
66.249.83.81 - - [17/Nov/2019:01:03:27 -0500] "GET /galeria/nivo-slider/demo/images/Banner%20Conpes.jpg HTTP/1.1" 200 55220
66.249.83.81 - - [17/Nov/2019:01:03:27 -0500] "GET /galeria/nivo-slider/demo/scripts/jquery-1.7.1.min.js HTTP/1.1" 200 93868
66.249.83.82 - - [17/Nov/2019:01:03:27 -0500] "GET /galeria/nivo-slider/demo/style.css HTTP/1.1" 200 2222
66.249.83.83 - - [17/Nov/2019:01:03:27 -0500] "GET /galeria/nivo-slider/demo/images/Banner%20practicas%20sostenibles.jpg HTTP/1.1" 200 142958
66.249.83.81 - - [17/Nov/2019:01:03:27 -0500] "GET /galeria/nivo-slider/demo/images/puntos%20atencion%20BANNER.jpg HTTP/1.1" 200 244208
66.249.83.81 - - [17/Nov/2019:01:03:27 -0500] "GET /galeria/nivo-slider/jquery.nivo.slider.pack.js HTTP/1.1" 200 11561
66.249.83.83 - - [17/Nov/2019:01:03:27 -0500] "GET /galeria/nivo-slider/demo/images/Banner%20tinguas.jpg HTTP/1.1" 200 214878
66.249.83.81 - - [17/Nov/2019:01:03:27 -0500] "GET /galeria/nivo-slider/demo/images/banneragendamiento.jpg HTTP/1.1" 200 116897
66.249.83.83 - - [17/Nov/2019:01:03:27 -0500] "GET /galeria/nivo-slider/demo/images/Banner%20Visor%20Geografico%20Ambiental.jpg HTTP/1.1" 200 204673
66.249.83.83 - - [17/Nov/2019:01:03:27 -0500] "GET /galeria/nivo-slider/demo/images/Banner%20RCD.jpg HTTP/1.1" 200 92197
66.249.83.83 - - [17/Nov/2019:01:03:27 -0500] "GET /galeria/nivo-slider/demo/images/Bannerveterinaria.jpg HTTP/1.1" 200 254705
66.249.83.83 - - [17/Nov/2019:01:03:27 -0500] "GET /galeria/nivo-slider/demo/images/Banneranonimos.png HTTP/1.1" 200 109388
66.249.83.82 - - [17/Nov/2019:01:03:27 -0500] "GET /galeria/nivo-slider/demo/images/Noviembre.png HTTP/1.1" 200 519399
66.249.83.83 - - [17/Nov/2019:01:03:27 -0500] "GET /galeria/nivo-slider/demo/images/Banner%20POT.png HTTP/1.1" 200 418238
66.249.83.82 - - [17/Nov/2019:01:03:27 -0500] "GET /galeria/nivo-slider/demo/images/4Simple_Slider.png HTTP/1.1" 200 11722
66.249.83.82 - - [17/Nov/2019:01:03:27 -0500] "GET /galeria/nivo-slider/themes/default/loading.gif HTTP/1.1" 200 1737
192.168.175.104 - - [17/Nov/2019:01:03:30 -0500] "GET / HTTP/1.1" 200 9990
158.69.243.99 - - [17/Nov/2019:01:03:33 -0500] "GET /BLA/boletinlegal/documentos-importantes.php/index.php/index.php/index.php/doctrina.php/doctrina.php/actos.php/index.php/actos.php/index.php/actos.php/doctrina.php/ HTTP/1.1" 200 4822
5.9.108.254 - - [17/Nov/2019:01:03:34 -0500] "GET /BLA/boletinlegal/documentos-importantes.php/index.php/index.php/index.php/doctrina.php/doctrina.php/actos.php/jurisprudencia.php/index.php/jurisprudencia.php/norma_menu.php/actos.php/ HTTP/1.1" 200 4822
173.212.241.58 - - [17/Nov/2019:01:03:39 -0500] "GET /BLA/boletinlegal/documentos-importantes.php/index.php/index.php/index.php/doctrina.php/doctrina.php/actos.php/index.php/jurisprudencia.php/actos.php/norma_menu.php/jurisprudencia.php/ HTTP/1.1" 200 4822
66.249.66.83 - - [17/Nov/2019:01:03:41 -0500] "GET /BLA/resoluciones/AUTOS%202014/6534.pdf HTTP/1.1" 200 543978
192.99.13.228 - - [17/Nov/2019:01:03:45 -0500] "GET /SIG/index.php/Gestion%20Documental/126PA06-PR09%20CIRCULARIZACION%20Y%20PRETAMO%20MATERIAL%20CENTRO%20DOCUMENTACION.pdf/ HTTP/1.1" 200 6339
5.9.108.254 - - [17/Nov/2019:01:03:46 -0500] "GET /BLA/boletinlegal/documentos-importantes.php/index.php/index.php/index.php/doctrina.php/doctrina.php/actos.php/jurisprudencia.php/index.php/jurisprudencia.php/norma_menu.php/doctrina.php/ HTTP/1.1" 200 4822
46.229.168.144 - - [17/Nov/2019:01:03:48 -0500] "GET /Autoliquidacion/index.php?dir=Solicitudes%2Brelacionadas%2Bcon%2Bocupaci%C3%83%C2%83%C3%82%C2%83%C3%83%C2%82%C3%82%C2%83%C3%83%C2%83%C3%82%C2%82%C3%83%C2%82%C3%82%C2%83%C3%83%C2%83%C3%82%C2%83%C3%83%C2%82%C3%82%C2%82%C3%83%C2%83%C3%82%C2%82%C3%83%C2%82%C3%82%C2%83%C3%83%C2%83%C3%82%C2%83%C3%83%C2%82%C3%82%C2%83%C3%83%C2%83%C3%82%C2%82%C3%83%C2%82%C3%82%C2%82%C3%83%C2%83%C3%82%C2%83%C3%83%C2%82%C3%82%C2%82%C3%83%C2%83%C3%82%C2%82%C3%83%C2%82%C3%82%C2%83%C3%83%C2%83%C3%82%C2%83%C3%83%C2%82%C3%82%C2%83%C3%83%C2%83%C3%82%C2%82%C3%83%C2%82%C3%82%C2%83%C3%83%C2%83%C3%82%C2%83%C3%83%C2%82%C3%82%C2%82%C3%83%C2%83%C3%82%C2%82%C3%83%C2%82%C3%82%C2%82%C3%83%C2%83%C3%82%C2%83%C3%83%C2%82%C3%82%C2%83%C3%83%C2%83%C3%82%C2%82%C3%83%C2%82%C3%82%C2%82%C3%83%C2%83%C3%82%C2%83%C3%83%C2%82%C3%82%C2%82%C3%83%C2%83%C3%82%C2%82%C3%83%C2%82%C3%82%C2%83%C3%83%C2%83%C3%82%C2%83%C3%83%C2%82%C3%82%C2%83%C3%83%C2%83%C3%82%C2%82%C3%83%C2%82%C3%82%C2%83%C3%83%C2%83%C3%82%C2%83%C3%83%C2%82%C3%82%C2%82%C3%83%C2%83%C3%82%C2%82%C3%83%C2%82%C3%82%C2%83%C3%83%C2%83%C3%82%C2%83%C3%83%C2%82%C3%82%C2%83%C3%83%C2%83%C3%82%C2%82%C3%83%C2%82%C3%82%C2%82%C3%83%C2%83%C3%82%C2%83%C3%83%C2%82%C3%82%C2%82%C3%83%C2%83%C3%82%C2%82%C3%83%C2%82%C3%82%C2%82%C3%83%C2%83%C3%82%C2%83%C3%83%C2%82%C3%82%C2%83%C3%83%C2%83%C3%82%C2%82%C3%83%C2%82%C3%82%C2%83%C3%83%C2%83%C3%82%C2%83%C3%83%C2%82%C3%82%C2%82%C3%83%C2%83%C3%82%C2%82%C3%83%C2%82%C3%82%C2%82%C3%83%C2%83%C3%82%C2%83%C3%83%C2%82%C3%82%C2%83%C3%83%C2%83%C3%82%C2%82%C3%83%C2%82%C3%82%C2%82%C3%83%C2%83%C3%82%C2%83%C3%83%C2%82%C3%82%C2%82%C3%83%C2%83%C3%82%C2%82%C3%83%C2%82%C3%82%C2%B3n%2Bde%2Bcauce%2F&order=asc&sort=date HTTP/1.1" 200 8206
5.9.108.254 - - [17/Nov/2019:01:03:51 -0500] "GET /BLA/boletinlegal/documentos-importantes.php/index.php/index.php/index.php/doctrina.php/doctrina.php/actos.php/jurisprudencia.php/index.php/jurisprudencia.php/norma_menu.php/index.php/ HTTP/1.1" 200 4822
173.212.241.58 - - [17/Nov/2019:01:03:57 -0500] "GET /BLA/boletinlegal/documentos-importantes.php/index.php/index.php/index.php/doctrina.php/doctrina.php/actos.php/index.php/jurisprudencia.php/actos.php/norma_menu.php/norma_menu.php/ HTTP/1.1" 200 4822
207.46.13.57 - - [17/Nov/2019:01:03:58 -0500] "GET /images/CATALOGO.jpg HTTP/1.1" 200 35661
66.249.66.82 - - [17/Nov/2019:01:03:59 -0500] "GET /BLA/resoluciones/RESOLUCIONES%202007/RES%202007%204201%20AL%204300/RESOLUCION%204297%20DE%202007.pdf HTTP/1.1" 200 365223
158.69.243.99 - - [17/Nov/2019:01:04:04 -0500] "GET /BLA/boletinlegal/documentos-importantes.php/index.php/index.php/index.php/doctrina.php/doctrina.php/actos.php/index.php/actos.php/index.php/actos.php/index.php/ HTTP/1.1" 200 4822
192.99.13.228 - - [17/Nov/2019:01:04:06 -0500] "GET /SIG/index.php/Gestion%20Documental/126PA06-PR10%20INGRESO%20Y%20CATALOGACION%20MATERIAL%20BILIOG.CENTRO%20DOCUMENTACION.pdf/ HTTP/1.1" 200 6415
66.249.66.81 - - [17/Nov/2019:01:04:16 -0500] "GET /BLA/resoluciones/AUTOS%202015/3039.pdf HTTP/1.1" 200 583685
5.9.108.254 - - [17/Nov/2019:01:04:21 -0500] "GET /BLA/boletinlegal/documentos-importantes.php/index.php/index.php/index.php/doctrina.php/doctrina.php/actos.php/jurisprudencia.php/index.php/jurisprudencia.php/norma_menu.php/jurisprudencia.php/ HTTP/1.1" 200 4822
173.212.241.58 - - [17/Nov/2019:01:04:25 -0500] "GET /BLA/boletinlegal/documentos-importantes.php/index.php/index.php/index.php/doctrina.php/doctrina.php/actos.php/index.php/jurisprudencia.php/doctrina.php/actos.php/actos.php/ HTTP/1.1" 200 4822
5.9.108.254 - - [17/Nov/2019:01:04:31 -0500] "GET /BLA/boletinlegal/documentos-importantes.php/index.php/index.php/index.php/doctrina.php/doctrina.php/actos.php/jurisprudencia.php/index.php/jurisprudencia.php/norma_menu.php/norma_menu.php/ HTTP/1.1" 200 4822
192.99.13.228 - - [17/Nov/2019:01:04:33 -0500] "GET /SIG/index.php/Gestion%20Documental/126PA06-PR12%20SELECCION%20Y%20DEPURACION%20MATERIAL%20BILBIOG.CENTRO%20DOCUMENTACION.pdf/ HTTP/1.1" 200 6434
66.249.66.81 - - [17/Nov/2019:01:04:34 -0500] "GET /BLA/resoluciones/RESOLUCIONES%202018/2189.pdf HTTP/1.1" 200 389644
173.212.241.58 - - [17/Nov/2019:01:04:38 -0500] "GET /BLA/boletinlegal/documentos-importantes.php/index.php/index.php/index.php/doctrina.php/doctrina.php/actos.php/index.php/jurisprudencia.php/doctrina.php/actos.php/doctrina.php/ HTTP/1.1" 200 4822
158.69.243.99 - - [17/Nov/2019:01:04:49 -0500] "GET /BLA/boletinlegal/documentos-importantes.php/index.php/index.php/index.php/doctrina.php/doctrina.php/actos.php/index.php/actos.php/index.php/actos.php/jurisprudencia.php/ HTTP/1.1" 200 4822
5.9.108.254 - - [17/Nov/2019:01:04:49 -0500] "GET /BLA/boletinlegal/documentos-importantes.php/index.php/index.php/index.php/doctrina.php/doctrina.php/actos.php/jurisprudencia.php/index.php/norma_menu.php/actos.php/actos.php/ HTTP/1.1" 200 4822
66.249.66.81 - - [17/Nov/2019:01:04:52 -0500] "GET /BLA/resoluciones/RESOLUCIONES%202017/2713.pdf HTTP/1.1" 200 542671
5.9.108.254 - - [17/Nov/2019:01:05:01 -0500] "GET /BLA/boletinlegal/documentos-importantes.php/index.php/index.php/index.php/doctrina.php/doctrina.php/actos.php/jurisprudencia.php/index.php/norma_menu.php/actos.php/doctrina.php/ HTTP/1.1" 200 4822
192.99.13.228 - - [17/Nov/2019:01:05:01 -0500] "GET /SIG/index.php/Gestion%20Documental/126PA06-PR13%20CONTROL%20DOCUMENTOS%20EXTERNOS-NORMOGRAMA.pdf/ HTTP/1.1" 200 6016
173.212.241.58 - - [17/Nov/2019:01:05:01 -0500] "GET /BLA/boletinlegal/documentos-importantes.php/index.php/index.php/index.php/doctrina.php/doctrina.php/actos.php/index.php/jurisprudencia.php/doctrina.php/actos.php/index.php/ HTTP/1.1" 200 4822
5.9.108.254 - - [17/Nov/2019:01:05:09 -0500] "GET /BLA/boletinlegal/documentos-importantes.php/index.php/index.php/index.php/doctrina.php/doctrina.php/actos.php/jurisprudencia.php/index.php/norma_menu.php/actos.php/index.php/ HTTP/1.1" 200 4822
66.249.66.81 - - [17/Nov/2019:01:05:09 -0500] "GET /BLA/resoluciones/Notificaciones/AUTOS%202014/5483.doc HTTP/1.1" 200 757760
158.69.243.99 - - [17/Nov/2019:01:05:11 -0500] "GET /BLA/boletinlegal/documentos-importantes.php/index.php/index.php/index.php/doctrina.php/doctrina.php/actos.php/index.php/actos.php/index.php/actos.php/norma_menu.php/ HTTP/1.1" 200 4822
192.99.13.228 - - [17/Nov/2019:01:05:20 -0500] "GET /SIG/index.php/Gestion%20Recursos%20Financieros/126PA02-PR01%20ACTAS%20ANULACION-PRESUPUESTO.pdf/ HTTP/1.1" 200 6017
5.9.108.254 - - [17/Nov/2019:01:05:23 -0500] "GET /BLA/boletinlegal/documentos-importantes.php/index.php/index.php/index.php/doctrina.php/doctrina.php/actos.php/jurisprudencia.php/index.php/norma_menu.php/actos.php/jurisprudencia.php/ HTTP/1.1" 200 4822
173.212.241.58 - - [17/Nov/2019:01:05:24 -0500] "GET /BLA/boletinlegal/documentos-importantes.php/index.php/index.php/index.php/doctrina.php/doctrina.php/actos.php/index.php/jurisprudencia.php/doctrina.php/actos.php/jurisprudencia.php/ HTTP/1.1" 200 4822
66.249.66.82 - - [17/Nov/2019:01:05:27 -0500] "GET /BLA/resoluciones/AUTOS%202017/0197.pdf HTTP/1.1" 200 285987
5.9.108.254 - - [17/Nov/2019:01:05:33 -0500] "GET /BLA/boletinlegal/documentos-importantes.php/index.php/index.php/index.php/doctrina.php/doctrina.php/actos.php/jurisprudencia.php/index.php/norma_menu.php/actos.php/norma_menu.php/ HTTP/1.1" 200 4822
173.212.241.58 - - [17/Nov/2019:01:05:38 -0500] "GET /BLA/boletinlegal/documentos-importantes.php/index.php/index.php/index.php/doctrina.php/doctrina.php/actos.php/index.php/jurisprudencia.php/doctrina.php/actos.php/norma_menu.php/ HTTP/1.1" 200 4822
192.99.13.228 - - [17/Nov/2019:01:05:44 -0500] "GET /SIG/index.php/Gestion%20Recursos%20Financieros/126PA02-PR03%20CONSTITUCION%20RESERVAS.pdf/ HTTP/1.1" 200 5903
158.69.243.99 - - [17/Nov/2019:01:05:44 -0500] "GET /BLA/boletinlegal/documentos-importantes.php/index.php/index.php/index.php/doctrina.php/doctrina.php/actos.php/index.php/actos.php/index.php/doctrina.php/actos.php/ HTTP/1.1" 200 4822
5.9.108.254 - - [17/Nov/2019:01:05:47 -0500] "GET /BLA/boletinlegal/documentos-importantes.php/index.php/index.php/index.php/doctrina.php/doctrina.php/actos.php/jurisprudencia.php/index.php/norma_menu.php/doctrina.php/actos.php/ HTTP/1.1" 200 4822
173.212.241.58 - - [17/Nov/2019:01:06:02 -0500] "GET /BLA/boletinlegal/documentos-importantes.php/index.php/index.php/index.php/doctrina.php/doctrina.php/actos.php/index.php/jurisprudencia.php/doctrina.php/doctrina.php/actos.php/ HTTP/1.1" 200 4822
66.249.66.81 - - [17/Nov/2019:01:06:02 -0500] "GET /BLA/resoluciones/AUTOS%202014/0198.pdf HTTP/1.1" 200 616749
5.9.108.254 - - [17/Nov/2019:01:06:07 -0500] "GET /BLA/boletinlegal/documentos-importantes.php/index.php/index.php/index.php/doctrina.php/doctrina.php/actos.php/jurisprudencia.php/index.php/norma_menu.php/doctrina.php/doctrina.php/ HTTP/1.1" 200 4822
192.99.13.228 - - [17/Nov/2019:01:06:12 -0500] "GET /SIG/index.php/Gestion%20Recursos%20Financieros/126PA02-PR09%20SOLICITUD%20Y%20EXPEDICION%20CDP.pdf/ HTTP/1.1" 200 5998
5.9.108.254 - - [17/Nov/2019:01:06:16 -0500] "GET /BLA/boletinlegal/documentos-importantes.php/index.php/index.php/index.php/doctrina.php/doctrina.php/actos.php/jurisprudencia.php/index.php/norma_menu.php/doctrina.php/index.php/ HTTP/1.1" 200 4822
69.162.124.232 - - [17/Nov/2019:01:06:17 -0500] "HEAD / HTTP/1.1" 200 -
158.69.243.99 - - [17/Nov/2019:01:06:17 -0500] "GET /BLA/boletinlegal/documentos-importantes.php/index.php/index.php/index.php/doctrina.php/doctrina.php/actos.php/index.php/actos.php/index.php/doctrina.php/doctrina.php/ HTTP/1.1" 200 4822
66.249.66.81 - - [17/Nov/2019:01:06:20 -0500] "GET /BLA/resoluciones/AUTOS%202014/3955.pdf HTTP/1.1" 200 452230
173.212.241.58 - - [17/Nov/2019:01:06:21 -0500] "GET /BLA/boletinlegal/documentos-importantes.php/index.php/index.php/index.php/doctrina.php/doctrina.php/actos.php/index.php/jurisprudencia.php/doctrina.php/doctrina.php/doctrina.php/ HTTP/1.1" 200 4822
5.9.108.254 - - [17/Nov/2019:01:06:33 -0500] "GET /BLA/boletinlegal/documentos-importantes.php/index.php/index.php/index.php/doctrina.php/doctrina.php/actos.php/jurisprudencia.php/index.php/norma_menu.php/doctrina.php/jurisprudencia.php/ HTTP/1.1" 200 4822
173.212.241.58 - - [17/Nov/2019:01:06:34 -0500] "GET /BLA/boletinlegal/documentos-importantes.php/index.php/index.php/index.php/doctrina.php/doctrina.php/actos.php/index.php/jurisprudencia.php/doctrina.php/doctrina.php/index.php/ HTTP/1.1" 200 4822
66.249.66.81 - - [17/Nov/2019:01:06:38 -0500] "GET /BLA/resoluciones/RESOLUCIONES%202017/2937.pdf HTTP/1.1" 200 3212581
192.99.13.228 - - [17/Nov/2019:01:06:45 -0500] "GET /SIG/index.php/Gestion%20Recursos%20Financieros/126PA02-PR10%20SOLICITUD%20Y%20EXPEDICION%20CRP.pdf/ HTTP/1.1" 200 5998
5.9.108.254 - - [17/Nov/2019:01:06:47 -0500] "GET /BLA/boletinlegal/documentos-importantes.php/index.php/index.php/index.php/doctrina.php/doctrina.php/actos.php/jurisprudencia.php/index.php/norma_menu.php/doctrina.php/norma_menu.php/ HTTP/1.1" 200 4822
5.9.108.254 - - [17/Nov/2019:01:06:54 -0500] "GET /BLA/boletinlegal/documentos-importantes.php/index.php/index.php/index.php/doctrina.php/doctrina.php/actos.php/jurisprudencia.php/index.php/norma_menu.php/index.php/actos.php/ HTTP/1.1" 200 4822
173.212.241.58 - - [17/Nov/2019:01:06:54 -0500] "GET /BLA/boletinlegal/documentos-importantes.php/index.php/index.php/index.php/doctrina.php/doctrina.php/actos.php/index.php/jurisprudencia.php/doctrina.php/doctrina.php/jurisprudencia.php/ HTTP/1.1" 200 4822
66.249.66.83 - - [17/Nov/2019:01:06:56 -0500] "GET /BLA/resoluciones/RESOLUCIONES%202018/1377.pdf HTTP/1.1" 200 2218167
158.69.243.99 - - [17/Nov/2019:01:07:01 -0500] "GET /BLA/boletinlegal/documentos-importantes.php/index.php/index.php/index.php/doctrina.php/doctrina.php/actos.php/index.php/actos.php/index.php/doctrina.php/index.php/ HTTP/1.1" 200 4822
5.9.108.254 - - [17/Nov/2019:01:07:06 -0500] "GET /BLA/boletinlegal/documentos-importantes.php/index.php/index.php/index.php/doctrina.php/doctrina.php/actos.php/jurisprudencia.php/index.php/norma_menu.php/index.php/doctrina.php/ HTTP/1.1" 200 4822
192.99.13.228 - - [17/Nov/2019:01:07:12 -0500] "GET /SIG/index.php/Gestion%20Recursos%20Financieros/126PA02-PR11%20REINTEGROS%20DE%20TESORERIA.pdf/ HTTP/1.1" 200 5941
66.249.66.82 - - [17/Nov/2019:01:07:13 -0500] "GET /BLA/resoluciones/RESOLUCIONES%202018/1377.pdf HTTP/1.1" 200 2218167
5.9.108.254 - - [17/Nov/2019:01:07:15 -0500] "GET /BLA/boletinlegal/documentos-importantes.php/index.php/index.php/index.php/doctrina.php/doctrina.php/actos.php/jurisprudencia.php/index.php/norma_menu.php/index.php/index.php/ HTTP/1.1" 200 4822
192.168.175.104 - - [17/Nov/2019:01:07:16 -0500] "GET / HTTP/1.0" 200 9990
173.212.241.58 - - [17/Nov/2019:01:07:19 -0500] "GET /BLA/boletinlegal/documentos-importantes.php/index.php/index.php/index.php/doctrina.php/doctrina.php/actos.php/index.php/jurisprudencia.php/doctrina.php/doctrina.php/norma_menu.php/ HTTP/1.1" 200 4822
207.46.13.69 - - [17/Nov/2019:01:07:23 -0500] "GET /BLA/boletinlegal/Circulares/2013/Circular%20No.%206%20del%2019%20de%20julio%20de%202013.pdf HTTP/1.1" 304 -
207.46.13.69 - - [17/Nov/2019:01:07:25 -0500] "GET /portalsiaccapacitaciones/soportes%20capacitaciones%202016/mesas%20de%20trabajo%202016/presentaci%C3%83%C2%B3n%20manejo%20avu.pdf HTTP/1.1" 404 1015
5.9.108.254 - - [17/Nov/2019:01:07:29 -0500] "GET /BLA/boletinlegal/documentos-importantes.php/index.php/index.php/index.php/doctrina.php/doctrina.php/actos.php/jurisprudencia.php/index.php/norma_menu.php/index.php/jurisprudencia.php/ HTTP/1.1" 200 4822
66.249.66.84 - - [17/Nov/2019:01:07:31 -0500] "GET /BLA/resoluciones/AUTOS%202015/1429.pdf HTTP/1.1" 200 547031
173.212.241.58 - - [17/Nov/2019:01:07:37 -0500] "GET /BLA/boletinlegal/documentos-importantes.php/index.php/index.php/index.php/doctrina.php/doctrina.php/actos.php/index.php/jurisprudencia.php/doctrina.php/index.php/actos.php/ HTTP/1.1" 200 4822
158.69.243.99 - - [17/Nov/2019:01:07:37 -0500] "GET /BLA/boletinlegal/documentos-importantes.php/index.php/index.php/index.php/doctrina.php/doctrina.php/actos.php/index.php/actos.php/index.php/doctrina.php/jurisprudencia.php/ HTTP/1.1" 200 4822
200.118.220.251 - - [17/Nov/2019:01:07:38 -0500] "GET /galeria/galeria/jquery.fancybox.js?v=2.1.5 HTTP/1.1" 200 48706
200.118.220.251 - - [17/Nov/2019:01:07:38 -0500] "GET /galeria/galeria/jquery.fancybox.css?v=2.1.5 HTTP/1.1" 200 4895
200.118.220.251 - - [17/Nov/2019:01:07:40 -0500] "GET /BLA/boletinlegal/js/jquery.scrollShow.js HTTP/1.1" 304 -
