54.187.21.188 - - [20/Nov/2019:03:17:17 -0500] "GET /www.ambientebogota.gov.co/ HTTP/1.1" 404 1154
66.249.64.61 - - [20/Nov/2019:03:17:23 -0500] "GET /BLA/resoluciones/RESOLUCIONES%202007/RES%202007%203101%20AL%203200/RESOLUCION%203142%20%20DE%202007.pdf HTTP/1.1" 200 1209254
216.244.66.195 - - [20/Nov/2019:03:17:25 -0500] "GET /BLA/resoluciones/AUTOS%202012/0508.pdf HTTP/1.1" 200 201626
54.149.146.102 - - [20/Nov/2019:03:17:26 -0500] "GET /galeria/nivo-slider/demo/inicio.html HTTP/1.1" 200 4803
201.245.192.253 - - [20/Nov/2019:03:17:01 -0500] "POST /kwsrmcab/Wsrmcab HTTP/1.1" 200 27058
66.249.64.59 - - [20/Nov/2019:03:17:41 -0500] "GET /BLA/resoluciones/RESOLUCIONES%202007/RES%202007%201801%20AL%201900/RESOLUCION%201884%20DE%202007.pdf HTTP/1.1" 200 399948
66.249.64.59 - - [20/Nov/2019:03:18:00 -0500] "GET /BLA/resoluciones/RESOLUCIONES%202007/RES%202007%204001%20AL%204100/RESOLUCION%204035%20DE%202007.pdf HTTP/1.1" 200 617668
69.162.124.232 - - [20/Nov/2019:03:18:07 -0500] "HEAD / HTTP/1.1" 200 -
66.249.64.59 - - [20/Nov/2019:03:18:12 -0500] "GET /BLA/resoluciones/RESOLUCIONES%202007/RES%202007%203801%20AL%203900/RESOLUCION%203840%20DE%202007.pdf HTTP/1.1" 200 1307783
18.236.213.173 - - [20/Nov/2019:03:18:19 -0500] "GET /galeria/nivo-slider/demo/inicio.html HTTP/1.1" 200 4803
66.249.64.179 - - [20/Nov/2019:03:18:26 -0500] "GET /robots.txt HTTP/1.1" 404 1015
66.249.64.179 - - [20/Nov/2019:03:18:26 -0500] "GET /portel_dama/libreria/pdf/varios2006/IGA2004.pdf HTTP/1.1" 404 1015
54.187.187.114 - - [20/Nov/2019:03:18:36 -0500] "GET /galeria/nivo-slider/demo/inicio.html HTTP/1.1" 200 4803
66.249.64.59 - - [20/Nov/2019:03:18:39 -0500] "GET /BLA/resoluciones/AUTOS%202012/1930.pdf HTTP/1.1" 200 606916
216.244.66.195 - - [20/Nov/2019:03:18:39 -0500] "GET /BLA/resoluciones/AUTOS%202012/1080.pdf HTTP/1.1" 200 227297
18.237.57.236 - - [20/Nov/2019:03:18:45 -0500] "GET /galeria/nivo-slider/demo/inicio.html HTTP/1.1" 200 4803
66.249.64.59 - - [20/Nov/2019:03:18:50 -0500] "GET /BLA/resoluciones/AUTOS%202008/1977.pdf HTTP/1.1" 200 93575
66.249.64.59 - - [20/Nov/2019:03:18:56 -0500] "GET /BLA/resoluciones/RESOLUCIONES%202011/2149.pdf HTTP/1.1" 200 514597
66.249.64.61 - - [20/Nov/2019:03:19:13 -0500] "GET /BLA/resoluciones/RESOLUCIONES%202007/RES%202007%203101%20AL%203200/RESOLUCION%203117%20DE%202007.pdf HTTP/1.1" 200 380673
216.244.66.195 - - [20/Nov/2019:03:19:18 -0500] "GET /BLA/resoluciones/AUTOS%202012/1156.pdf HTTP/1.1" 200 170693
66.249.64.61 - - [20/Nov/2019:03:19:24 -0500] "GET /BLA/resoluciones/RESOLUCIONES%202017/0100.pdf HTTP/1.1" 200 961295
66.249.64.59 - - [20/Nov/2019:03:19:44 -0500] "GET /BLA/resoluciones/RESOLUCIONES%202014/2419.pdf HTTP/1.1" 200 625409
66.249.88.19 - - [20/Nov/2019:03:19:46 -0500] "GET /BLA/resoluciones/AUTOS%202017/2134.pdf HTTP/1.1" 200 277210
216.244.66.195 - - [20/Nov/2019:03:19:54 -0500] "GET /BLA/resoluciones/AUTOS%202012/1330.pdf HTTP/1.1" 200 159156
66.249.64.59 - - [20/Nov/2019:03:19:55 -0500] "GET /BLA/resoluciones/RESOLUCIONES%202017/0100.pdf HTTP/1.1" 200 961295
52.11.32.22 - - [20/Nov/2019:03:19:59 -0500] "GET /robots.txt HTTP/1.1" 404 1154
52.11.32.22 - - [20/Nov/2019:03:20:00 -0500] "GET / HTTP/1.1" 200 9990
52.11.32.22 - - [20/Nov/2019:03:20:00 -0500] "GET /www.ambientebogota.gov.co/ HTTP/1.1" 404 1154
66.249.64.61 - - [20/Nov/2019:03:20:14 -0500] "GET /BLA/resoluciones/RESOLUCIONES%202008/2823.pdf HTTP/1.1" 200 255703
66.249.64.63 - - [20/Nov/2019:03:20:31 -0500] "GET /BLA/resoluciones/RESOLUCIONES%202014/0253.pdf HTTP/1.1" 200 3353113
216.244.66.195 - - [20/Nov/2019:03:20:31 -0500] "GET /BLA/resoluciones/AUTOS%202012/1402.pdf HTTP/1.1" 200 335610
192.168.175.104 - - [20/Nov/2019:03:20:38 -0500] "GET / HTTP/1.0" 200 9990
54.245.147.46 - - [20/Nov/2019:03:20:44 -0500] "GET /galeria/nivo-slider/demo/inicio.html HTTP/1.1" 200 4803
66.249.64.61 - - [20/Nov/2019:03:21:02 -0500] "GET /BLA/resoluciones/RESOLUCIONES%202010/7788.pdf HTTP/1.1" 200 99697
216.244.66.195 - - [20/Nov/2019:03:21:09 -0500] "GET /BLA/resoluciones/AUTOS%202012/1565.pdf HTTP/1.1" 200 281330
66.249.64.63 - - [20/Nov/2019:03:21:22 -0500] "GET /BLA/resoluciones/RESOLUCIONES%202016/0648.pdf HTTP/1.1" 304 -
34.222.242.92 - - [20/Nov/2019:03:21:22 -0500] "GET /galeria/nivo-slider/demo/inicio.html HTTP/1.1" 200 4803
66.249.64.27 - - [20/Nov/2019:03:21:27 -0500] "GET /BLA/boletinlegal/jurisprudencia/analisis/CUADRO%20SENTENCIA%20C-245%20DE%202004.doc HTTP/1.1" 304 -
54.214.107.203 - - [20/Nov/2019:03:21:30 -0500] "GET /galeria/nivo-slider/demo/inicio.html HTTP/1.1" 200 4803
66.249.64.27 - - [20/Nov/2019:03:21:31 -0500] "GET /BLA/boletinlegal/jurisprudencia/analisis/CUADRO%20SENTENCIA%20C-245%20DE%202004.doc HTTP/1.1" 304 -
66.249.64.61 - - [20/Nov/2019:03:21:35 -0500] "GET /BLA/resoluciones/Autos%202008/1169.pdf HTTP/1.1" 200 141887
192.168.175.104 - - [20/Nov/2019:03:21:36 -0500] "GET / HTTP/1.1" 200 9990
34.220.44.213 - - [20/Nov/2019:03:21:43 -0500] "GET /galeria/nivo-slider/demo/inicio.html HTTP/1.1" 200 4803
66.249.64.59 - - [20/Nov/2019:03:21:45 -0500] "GET /BLA/resoluciones/RESOLUCIONES%202013/0125.pdf HTTP/1.1" 200 2822143
216.244.66.195 - - [20/Nov/2019:03:21:49 -0500] "GET /BLA/resoluciones/AUTOS%202012/1927.pdf HTTP/1.1" 200 820851
54.184.213.120 - - [20/Nov/2019:03:21:49 -0500] "GET /galeria/nivo-slider/demo/inicio.html HTTP/1.1" 200 4803
66.249.64.63 - - [20/Nov/2019:03:21:53 -0500] "GET /BLA/resoluciones/RESOLUCIONES%202013/0125.pdf HTTP/1.1" 200 2822143
66.249.64.61 - - [20/Nov/2019:03:21:56 -0500] "GET /BLA/resoluciones/RESOLUCIONES%202011/2135.pdf HTTP/1.1" 200 253490
66.249.64.36 - - [20/Nov/2019:03:22:03 -0500] "GET /BLA/resoluciones/AUTOS%202015/0494.pdf HTTP/1.1" 200 482480
66.249.64.59 - - [20/Nov/2019:03:22:09 -0500] "GET /BLA/resoluciones/RESOLUCIONES%202011/0256.pdf HTTP/1.1" 200 306093
66.249.64.59 - - [20/Nov/2019:03:22:16 -0500] "GET /BLA/resoluciones/AUTOS%202016/0092.pdf HTTP/1.1" 304 -
66.249.64.61 - - [20/Nov/2019:03:22:17 -0500] "GET /resoluciones/RESOLUCIONES%202009/0916.pdf HTTP/1.1" 404 1018
66.249.64.59 - - [20/Nov/2019:03:22:20 -0500] "GET /BLA/resoluciones/AUTOS%202012/2237.pdf HTTP/1.1" 200 643323
181.58.205.63 - - [20/Nov/2019:03:22:22 -0500] "GET /galeria/galeria/jquery.fancybox.css?v=2.1.5 HTTP/1.1" 200 4895
181.58.205.63 - - [20/Nov/2019:03:22:24 -0500] "GET /BLA/boletinlegal/js/jquery.scrollShow.js HTTP/1.1" 200 4586
181.58.205.63 - - [20/Nov/2019:03:22:24 -0500] "GET /galeria/galeria/jquery.fancybox.js?v=2.1.5 HTTP/1.1" 200 48706
66.249.64.61 - - [20/Nov/2019:03:22:32 -0500] "GET /BLA/resoluciones/RESOLUCIONES%202010/4501.pdf HTTP/1.1" 200 4070663
54.188.150.129 - - [20/Nov/2019:03:22:33 -0500] "GET /galeria/nivo-slider/demo/inicio.html HTTP/1.1" 200 4803
66.249.64.63 - - [20/Nov/2019:03:22:43 -0500] "GET /BLA/resoluciones/RESOLUCIONES%202007/RES%202007%201901%20AL%202000/RESOLUCION%201953%20DE%202007.pdf HTTP/1.1" 200 186123
66.249.64.61 - - [20/Nov/2019:03:22:53 -0500] "GET /BLA/resoluciones/AUTOS%202012/0714.pdf HTTP/1.1" 200 198116
69.162.124.232 - - [20/Nov/2019:03:23:07 -0500] "HEAD / HTTP/1.1" 200 -
52.43.247.17 - - [20/Nov/2019:03:23:08 -0500] "GET /galeria/nivo-slider/demo/inicio.html HTTP/1.1" 200 4803
216.244.66.195 - - [20/Nov/2019:03:23:13 -0500] "GET /BLA/resoluciones/AUTOS%202012/1962.pdf HTTP/1.1" 200 439556
66.249.64.59 - - [20/Nov/2019:03:23:17 -0500] "GET /BLA/resoluciones/RESOLUCIONES%202007/RES%202007%201201%20AL%201300/RESOLUCION%201259%20DE%202007.pdf HTTP/1.1" 200 266946
54.245.161.203 - - [20/Nov/2019:03:23:21 -0500] "GET /galeria/nivo-slider/demo/inicio.html HTTP/1.1" 200 4803
66.249.64.61 - - [20/Nov/2019:03:23:24 -0500] "GET /BLA/resoluciones/RESOLUCIONES%202015/2932.pdf HTTP/1.1" 200 1161480
66.249.64.59 - - [20/Nov/2019:03:23:26 -0500] "GET /BLA/resoluciones/RESOLUCIONES%202010/5535.pdf HTTP/1.1" 200 2811796
66.249.64.59 - - [20/Nov/2019:03:23:33 -0500] "GET /BLA/resoluciones/RESOLUCIONES%202010/1271.pdf HTTP/1.1" 200 101084
66.249.64.61 - - [20/Nov/2019:03:23:36 -0500] "GET /BLA/resoluciones/Autos%202008/0568.pdf HTTP/1.1" 200 155158
66.249.64.63 - - [20/Nov/2019:03:23:38 -0500] "GET /BLA/resoluciones/RESOLUCIONES%202011/0097.pdf HTTP/1.1" 200 350230
66.249.64.59 - - [20/Nov/2019:03:23:44 -0500] "GET /BLA/resoluciones/AUTOS%202012/2111.pdf HTTP/1.1" 200 374903
66.249.64.61 - - [20/Nov/2019:03:23:49 -0500] "GET /BLA/resoluciones/RESOLUCIONES%202008/1038.pdf HTTP/1.1" 200 588497
66.249.64.61 - - [20/Nov/2019:03:23:51 -0500] "GET /BLA/resoluciones/RESOLUCIONES%202007/RES%202007%20101%20AL%20200/RESOLUCION%200138%20%20DE%202007.pdf HTTP/1.1" 200 392064
216.244.66.195 - - [20/Nov/2019:03:23:52 -0500] "GET /BLA/resoluciones/AUTOS%202012/2843.pdf HTTP/1.1" 200 285991
66.249.64.61 - - [20/Nov/2019:03:23:54 -0500] "GET /BLA/resoluciones/Autos%202008/1124.pdf HTTP/1.1" 200 169671
66.249.64.63 - - [20/Nov/2019:03:23:57 -0500] "GET /BLA/resoluciones/RESOLUCIONES%202008/1214.pdf HTTP/1.1" 200 67075
66.249.64.61 - - [20/Nov/2019:03:24:04 -0500] "GET /BLA/resoluciones/RESOLUCIONES%202007/RES%202007%20401%20AL%20500/RESOLUCION%200435%20DE%202007.pdf HTTP/1.1" 200 422249
66.249.64.33 - - [20/Nov/2019:03:24:06 -0500] "GET /BLA/resoluciones/AUTOS%202012/2208.pdf HTTP/1.1" 200 329793
66.249.64.36 - - [20/Nov/2019:03:24:18 -0500] "GET /BLA/resoluciones/Autos%202008/1462.pdf HTTP/1.1" 200 94741
66.249.64.61 - - [20/Nov/2019:03:24:24 -0500] "GET /BLA/resoluciones/RESOLUCIONES%202013/2447.pdf HTTP/1.1" 200 960571
52.41.145.110 - - [20/Nov/2019:03:24:39 -0500] "GET /robots.txt HTTP/1.1" 404 1154
66.249.64.61 - - [20/Nov/2019:03:24:40 -0500] "GET /BLA/resoluciones/AUTOS%202010/1465.pdf HTTP/1.1" 200 272255
52.41.145.110 - - [20/Nov/2019:03:24:40 -0500] "GET / HTTP/1.1" 200 9990
52.41.145.110 - - [20/Nov/2019:03:24:40 -0500] "GET /www.ambientebogota.gov.co/ HTTP/1.1" 404 1154
34.213.6.180 - - [20/Nov/2019:03:24:42 -0500] "GET /robots.txt HTTP/1.1" 404 1154
34.213.6.180 - - [20/Nov/2019:03:24:43 -0500] "GET / HTTP/1.1" 200 9990
34.213.6.180 - - [20/Nov/2019:03:24:43 -0500] "GET /www.ambientebogota.gov.co/ HTTP/1.1" 404 1154
66.249.64.63 - - [20/Nov/2019:03:24:46 -0500] "GET /BLA/resoluciones/RESOLUCIONES%202010/5655.pdf HTTP/1.1" 200 2752047
66.249.64.63 - - [20/Nov/2019:03:24:50 -0500] "GET /BLA/resoluciones/AUTOS%202010/1465.pdf HTTP/1.1" 200 272255
66.249.64.59 - - [20/Nov/2019:03:24:54 -0500] "GET /BLA/resoluciones/RESOLUCIONES%202007/RES%202007%20201%20AL%20300/RESOLUCION%200208%20DE%202007.pdf HTTP/1.1" 200 315664
66.249.64.61 - - [20/Nov/2019:03:25:04 -0500] "GET /BLA/resoluciones/AUTOS%202013/0822.pdf HTTP/1.1" 200 1712492
66.249.64.59 - - [20/Nov/2019:03:25:09 -0500] "GET /BLA/resoluciones/AUTOS%202016/0324.pdf HTTP/1.1" 200 459833
66.249.64.59 - - [20/Nov/2019:03:25:17 -0500] "GET /BLA/resoluciones/Autos%202008/1910.pdf HTTP/1.1" 200 86211
34.211.150.102 - - [20/Nov/2019:03:25:28 -0500] "GET /galeria/nivo-slider/demo/inicio.html HTTP/1.1" 200 4803
192.168.175.104 - - [20/Nov/2019:03:25:36 -0500] "GET / HTTP/1.0" 200 9990
66.249.64.59 - - [20/Nov/2019:03:25:48 -0500] "GET /BLA/resoluciones/Autos%202008/0026.pdf HTTP/1.1" 200 82577
66.249.64.61 - - [20/Nov/2019:03:25:57 -0500] "GET /BLA/resoluciones/RESOLUCIONES%202010/6688.pdf HTTP/1.1" 200 372297
66.249.64.61 - - [20/Nov/2019:03:26:06 -0500] "GET /BLA/resoluciones/AUTOS%202013/2417.pdf HTTP/1.1" 200 703972
66.249.64.59 - - [20/Nov/2019:03:26:17 -0500] "GET /BLA/resoluciones/RESOLUCIONES%202010/5504.pdf HTTP/1.1" 200 2789611
66.249.64.61 - - [20/Nov/2019:03:26:25 -0500] "GET /BLA/resoluciones/AUTOS%202013/2417.pdf HTTP/1.1" 200 703972
192.168.175.104 - - [20/Nov/2019:03:26:35 -0500] "GET / HTTP/1.1" 200 9990
34.210.139.134 - - [20/Nov/2019:03:26:38 -0500] "GET /galeria/nivo-slider/demo/inicio.html HTTP/1.1" 200 4803
34.221.181.173 - - [20/Nov/2019:03:26:50 -0500] "GET /galeria/nivo-slider/demo/inicio.html HTTP/1.1" 200 4803
66.249.64.61 - - [20/Nov/2019:03:26:50 -0500] "GET /BLA/resoluciones/RESOLUCIONES%202019/1603.pdf HTTP/1.1" 200 354885
66.249.64.59 - - [20/Nov/2019:03:26:56 -0500] "GET /BLA/resoluciones/Autos%202008/3242.pdf HTTP/1.1" 200 53192
201.245.192.253 - - [20/Nov/2019:03:26:25 -0500] "POST /kwsrmcab/Wsrmcab HTTP/1.1" 200 26603
66.249.64.59 - - [20/Nov/2019:03:27:09 -0500] "GET /BLA/resoluciones/RESOLUCIONES%202007/RES%202007%201101%20AL%201200/RESOLUCION%201198%20DE%202007.pdf HTTP/1.1" 200 756669
54.212.161.176 - - [20/Nov/2019:03:27:12 -0500] "GET /galeria/nivo-slider/demo/inicio.html HTTP/1.1" 200 4803
191.102.220.119 - - [20/Nov/2019:03:27:16 -0500] "GET /galeria/galeria/jquery.fancybox.css?v=2.1.5 HTTP/1.1" 200 4895
191.102.220.119 - - [20/Nov/2019:03:27:18 -0500] "GET /BLA/boletinlegal/js/jquery.scrollShow.js HTTP/1.1" 200 4586
191.102.220.119 - - [20/Nov/2019:03:27:18 -0500] "GET /galeria/galeria/jquery.fancybox.js?v=2.1.5 HTTP/1.1" 200 48706
18.236.207.124 - - [20/Nov/2019:03:27:19 -0500] "GET /galeria/nivo-slider/demo/inicio.html HTTP/1.1" 200 4803
66.249.64.61 - - [20/Nov/2019:03:27:23 -0500] "GET /BLA/resoluciones/AUTOS%202009/2603.pdf HTTP/1.1" 200 106495
66.249.64.59 - - [20/Nov/2019:03:27:29 -0500] "GET /BLA/resoluciones/AUTOS%202012/1287.pdf HTTP/1.1" 200 1956062
66.249.64.61 - - [20/Nov/2019:03:27:43 -0500] "GET /BLA/resoluciones/RESOLUCIONES%202008/1265.pdf HTTP/1.1" 200 491634
34.209.219.63 - - [20/Nov/2019:03:27:45 -0500] "GET /galeria/nivo-slider/demo/inicio.html HTTP/1.1" 200 4803
66.249.64.59 - - [20/Nov/2019:03:27:50 -0500] "GET /BLA/resoluciones/RESOLUCIONES%202010/5874.pdf HTTP/1.1" 200 151592
54.244.160.35 - - [20/Nov/2019:03:27:56 -0500] "GET /galeria/nivo-slider/demo/inicio.html HTTP/1.1" 200 4803
34.213.203.87 - - [20/Nov/2019:03:28:04 -0500] "GET /galeria/nivo-slider/demo/inicio.html HTTP/1.1" 200 4803
66.249.64.181 - - [20/Nov/2019:03:28:06 -0500] "GET /inicio/ HTTP/1.1" 404 1245
69.162.124.232 - - [20/Nov/2019:03:28:07 -0500] "HEAD / HTTP/1.1" 200 -
54.36.150.44 - - [20/Nov/2019:03:28:09 -0500] "GET /BLA/resoluciones/RESOLUCIONES%202002/RES%202002%20501-550/00000536.tif HTTP/1.1" 200 154498
66.249.64.61 - - [20/Nov/2019:03:28:21 -0500] "GET /BLA/resoluciones/RESOLUCIONES%202013/2320.pdf HTTP/1.1" 200 1462295
66.249.64.61 - - [20/Nov/2019:03:28:32 -0500] "GET /BLA/resoluciones/RESOLUCIONES%202013/2320.pdf HTTP/1.1" 200 1462295
66.249.64.61 - - [20/Nov/2019:03:28:36 -0500] "GET /BLA/resoluciones/AUTOS%202014/3490.pdf HTTP/1.1" 200 512327
66.249.64.59 - - [20/Nov/2019:03:28:40 -0500] "GET /BLA/resoluciones/RESOLUCIONES%202007/RES%202007%204101%20AL%204200/RESOLUCION%204200%20DE%202007.pdf HTTP/1.1" 200 177395
66.249.64.61 - - [20/Nov/2019:03:28:46 -0500] "GET /BLA/resoluciones/RESOLUCIONES%202007/RES%202007%202401%20AL%202500/RESOLUCION%202445%20%20DE%202007.pdf HTTP/1.1" 200 641507
66.249.64.59 - - [20/Nov/2019:03:28:49 -0500] "GET /BLA/resoluciones/RESOLUCIONES%202011/0694.pdf HTTP/1.1" 200 282879
66.249.64.59 - - [20/Nov/2019:03:28:56 -0500] "GET /BLA/resoluciones/RESOLUCIONES%202007/RES%202007%202401%20AL%202500/RESOLUCION%202445%20%20DE%202007.pdf HTTP/1.1" 200 641507
66.249.64.63 - - [20/Nov/2019:03:29:05 -0500] "GET /BLA/resoluciones/AUTOS%202015/0080.pdf HTTP/1.1" 200 520420
66.249.64.187 - - [20/Nov/2019:03:29:17 -0500] "GET /dama/libreria/pdf/reportesredaire/anuales/1999.pdf HTTP/1.1" 404 1015
66.249.64.61 - - [20/Nov/2019:03:29:20 -0500] "GET /BLA/resoluciones/RESOLUCIONES%202007/RES%202007%201901%20AL%202000/RESOLUCION%201912%20DE%202007.pdf HTTP/1.1" 200 26330
66.249.64.59 - - [20/Nov/2019:03:29:27 -0500] "GET /BLA/resoluciones/AUTOS%202013/3692.pdf HTTP/1.1" 200 469389
66.249.64.59 - - [20/Nov/2019:03:29:39 -0500] "GET /BLA/resoluciones/RESOLUCIONES%202007/RES%202007%201501%20AL%201600/RESOLUCION%201527%20DE%202007.pdf HTTP/1.1" 200 174945
66.249.64.61 - - [20/Nov/2019:03:29:47 -0500] "GET /BLA/resoluciones/RESOLUCIONES%202009/4832.pdf HTTP/1.1" 200 468997
66.249.64.59 - - [20/Nov/2019:03:29:54 -0500] "GET /BLA/resoluciones/RESOLUCIONES%202009/4832.pdf HTTP/1.1" 200 468997
66.249.64.59 - - [20/Nov/2019:03:30:05 -0500] "GET /BLA/resoluciones/AUTOS%202010/4401.pdf HTTP/1.1" 200 238006
66.249.64.59 - - [20/Nov/2019:03:30:12 -0500] "GET /BLA/resoluciones/AUTOS%202014/3744.pdf HTTP/1.1" 200 511779
66.249.64.59 - - [20/Nov/2019:03:30:22 -0500] "GET /BLA/resoluciones/AUTOS%202014/3744.pdf HTTP/1.1" 200 511779
54.218.45.152 - - [20/Nov/2019:03:30:28 -0500] "GET /galeria/nivo-slider/demo/inicio.html HTTP/1.1" 200 4803
66.249.64.52 - - [20/Nov/2019:03:30:35 -0500] "GET /portel_dama/libreria/php/2006/ECOSISTEMAS%20FINAL%20web_mz27/x%20restauracion/sitio/55_artic/xtras/10.pdf HTTP/1.1" 404 1018
192.168.175.104 - - [20/Nov/2019:03:30:35 -0500] "GET / HTTP/1.0" 200 9990
66.249.64.59 - - [20/Nov/2019:03:30:41 -0500] "GET /BLA/resoluciones/Autos%202008/0950.pdf HTTP/1.1" 200 110122
66.249.64.59 - - [20/Nov/2019:03:30:48 -0500] "GET /BLA/resoluciones/RESOLUCIONES%202008/0863.pdf HTTP/1.1" 200 24334
66.249.64.59 - - [20/Nov/2019:03:31:00 -0500] "GET /BLA/resoluciones/RESOLUCIONES%202008/0863.pdf HTTP/1.1" 200 24334
66.249.64.59 - - [20/Nov/2019:03:31:07 -0500] "GET /BLA/resoluciones/RESOLUCIONES%202009/6024.pdf HTTP/1.1" 200 505335
66.249.64.59 - - [20/Nov/2019:03:31:15 -0500] "GET /BLA/resoluciones/AUTOS%202007/3628.pdf HTTP/1.1" 200 200164
192.168.175.104 - - [20/Nov/2019:03:31:33 -0500] "GET / HTTP/1.1" 200 9990
54.36.149.39 - - [20/Nov/2019:03:31:43 -0500] "GET /BLA/resoluciones/RESOLUCIONES%202006/RES%202006%20801-850/00000843.tif HTTP/1.1" 200 215608
66.249.64.59 - - [20/Nov/2019:03:31:56 -0500] "GET /BLA/resoluciones/AUTOS%202017/1926.pdf HTTP/1.1" 304 -
66.249.64.59 - - [20/Nov/2019:03:32:02 -0500] "GET /BLA/resoluciones/RESOLUCIONES%202017/3520.pdf HTTP/1.1" 200 325428
66.249.64.59 - - [20/Nov/2019:03:32:08 -0500] "GET /BLA/resoluciones/AUTOS%202015/2365.pdf HTTP/1.1" 200 520647
66.249.64.59 - - [20/Nov/2019:03:32:16 -0500] "GET /BLA/resoluciones/AUTOS%202007/0224.pdf HTTP/1.1" 200 16917
66.249.64.61 - - [20/Nov/2019:03:32:28 -0500] "GET /BLA/resoluciones/RESOLUCIONES%202009/1750.pdf HTTP/1.1" 200 573424
66.249.64.59 - - [20/Nov/2019:03:32:36 -0500] "GET /BLA/resoluciones/RESOLUCIONES%202009/1750.pdf HTTP/1.1" 200 573424
66.249.64.59 - - [20/Nov/2019:03:32:54 -0500] "GET /BLA/resoluciones/RESOLUCIONES%202007/RES%202007%203801%20AL%203900/RESOLUCION%203842%20DE%202007.pdf HTTP/1.1" 200 699833
66.249.64.59 - - [20/Nov/2019:03:33:05 -0500] "GET /BLA/resoluciones/AUTOS%202015/1271.pdf HTTP/1.1" 200 619541
69.162.124.232 - - [20/Nov/2019:03:33:07 -0500] "HEAD / HTTP/1.1" 200 -
66.249.64.59 - - [20/Nov/2019:03:33:12 -0500] "GET /BLA/resoluciones/RESOLUCIONES%202007/RES%202007%204001%20AL%204100/RESOLUCION%204017%20DE%202007.pdf HTTP/1.1" 200 843795
66.249.64.63 - - [20/Nov/2019:03:33:20 -0500] "GET /BLA/resoluciones/RESOLUCIONES%202017/0233.pdf HTTP/1.1" 200 482049
66.249.64.59 - - [20/Nov/2019:03:33:28 -0500] "GET /BLA/resoluciones/RESOLUCIONES%202014/2361.pdf HTTP/1.1" 200 267889
66.249.64.59 - - [20/Nov/2019:03:34:04 -0500] "GET /BLA/resoluciones/AUTOS%202015/0979.pdf HTTP/1.1" 200 776155
66.249.64.59 - - [20/Nov/2019:03:34:26 -0500] "GET /BLA/resoluciones/RESOLUCIONES%202014/1445.pdf HTTP/1.1" 200 900276
66.249.64.59 - - [20/Nov/2019:03:34:38 -0500] "GET /BLA/resoluciones/RESOLUCIONES%202008/2741.pdf HTTP/1.1" 304 -
34.210.38.222 - - [20/Nov/2019:03:34:58 -0500] "GET /galeria/nivo-slider/demo/inicio.html HTTP/1.1" 200 4803
54.190.14.187 - - [20/Nov/2019:03:35:00 -0500] "GET /galeria/nivo-slider/demo/inicio.html HTTP/1.1" 200 4803
34.210.130.113 - - [20/Nov/2019:03:35:01 -0500] "GET /robots.txt HTTP/1.1" 404 1154
34.210.130.113 - - [20/Nov/2019:03:35:02 -0500] "GET / HTTP/1.1" 200 9990
66.249.64.59 - - [20/Nov/2019:03:35:02 -0500] "GET /BLA/resoluciones/AUTOS%202015/1783.pdf HTTP/1.1" 304 -
34.210.130.113 - - [20/Nov/2019:03:35:02 -0500] "GET /www.ambientebogota.gov.co/ HTTP/1.1" 404 1154
54.189.114.48 - - [20/Nov/2019:03:35:10 -0500] "GET /robots.txt HTTP/1.1" 404 1154
54.189.114.48 - - [20/Nov/2019:03:35:11 -0500] "GET / HTTP/1.1" 200 9990
54.189.114.48 - - [20/Nov/2019:03:35:11 -0500] "GET /www.ambientebogota.gov.co/ HTTP/1.1" 404 1154
66.249.64.59 - - [20/Nov/2019:03:35:14 -0500] "GET /BLA/resoluciones/RESOLUCIONES%202014/3311.pdf HTTP/1.1" 304 -
34.221.103.59 - - [20/Nov/2019:03:35:25 -0500] "GET /galeria/nivo-slider/demo/inicio.html HTTP/1.1" 200 4803
66.249.64.59 - - [20/Nov/2019:03:35:26 -0500] "GET /BLA/resoluciones/AUTOS%202015/1129.pdf HTTP/1.1" 200 719481
192.168.175.104 - - [20/Nov/2019:03:35:33 -0500] "GET / HTTP/1.0" 200 9990
66.249.64.59 - - [20/Nov/2019:03:35:38 -0500] "GET /BLA/resoluciones/AUTOS%202013/2932.pdf HTTP/1.1" 304 -
66.249.64.59 - - [20/Nov/2019:03:35:49 -0500] "GET /BLA/resoluciones/RESOLUCIONES%202007/RES%202007%204101%20AL%204200/RESOLUCION%204101%20DE%202007.pdf HTTP/1.1" 200 1322535
52.13.80.104 - - [20/Nov/2019:03:35:51 -0500] "GET /galeria/nivo-slider/demo/inicio.html HTTP/1.1" 200 4803
13.57.52.130 - - [20/Nov/2019:03:36:00 -0500] "GET / HTTP/1.1" 200 9990
157.55.39.97 - - [20/Nov/2019:03:36:22 -0500] "GET /SIG/Participaci%C3%B3n/126PM01-PR09.pdf HTTP/1.1" 304 -
34.221.0.152 - - [20/Nov/2019:03:36:29 -0500] "GET /galeria/nivo-slider/demo/inicio.html HTTP/1.1" 200 4803
192.168.175.104 - - [20/Nov/2019:03:36:32 -0500] "GET / HTTP/1.1" 200 9990
66.249.64.63 - - [20/Nov/2019:03:36:35 -0500] "GET /BLA/resoluciones/RESOLUCIONES%202018/1297.pdf HTTP/1.1" 304 -
66.249.64.59 - - [20/Nov/2019:03:36:37 -0500] "GET /BLA/resoluciones/RESOLUCIONES%202018/1297.pdf HTTP/1.1" 304 -
201.245.192.253 - - [20/Nov/2019:03:36:25 -0500] "POST /kwsrmcab/Wsrmcab HTTP/1.1" 200 26603
181.53.12.80 - - [20/Nov/2019:03:37:02 -0500] "GET /galeria/galeria/jquery.fancybox.css?v=2.1.5 HTTP/1.1" 200 4895
181.53.12.80 - - [20/Nov/2019:03:37:02 -0500] "GET /BLA/boletinlegal/js/jquery.scrollShow.js HTTP/1.1" 200 4586
181.53.12.80 - - [20/Nov/2019:03:37:02 -0500] "GET /galeria/galeria/jquery.fancybox.js?v=2.1.5 HTTP/1.1" 200 48706
66.249.64.59 - - [20/Nov/2019:03:37:13 -0500] "GET /BLA/resoluciones/AUTOS%202016/0281.pdf HTTP/1.1" 200 750889
66.249.64.59 - - [20/Nov/2019:03:37:24 -0500] "GET /BLA/resoluciones/Autos%202008/1387.pdf HTTP/1.1" 200 85053
198.12.105.119 - - [20/Nov/2019:03:37:24 -0500] "GET / HTTP/1.0" 200 9990
198.12.105.119 - - [20/Nov/2019:03:37:25 -0500] "GET / HTTP/1.0" 200 9990
198.12.105.119 - - [20/Nov/2019:03:37:25 -0500] "GET /catalogoisis/ HTTP/1.0" 200 8575
66.249.64.59 - - [20/Nov/2019:03:37:30 -0500] "GET /BLA/resoluciones/Notificaciones/AUTOS%202018/6285.pdf HTTP/1.1" 304 -
66.249.64.59 - - [20/Nov/2019:03:37:36 -0500] "GET /BLA/resoluciones/Notificaciones/RESOLUCIONES%202019/985.pdf HTTP/1.1" 304 -
52.43.51.83 - - [20/Nov/2019:03:37:38 -0500] "GET /robots.txt HTTP/1.1" 404 1154
52.43.51.83 - - [20/Nov/2019:03:37:39 -0500] "GET / HTTP/1.1" 200 9990
52.43.51.83 - - [20/Nov/2019:03:37:39 -0500] "GET /www.ambientebogota.gov.co/ HTTP/1.1" 404 1154
66.249.88.25 - - [20/Nov/2019:03:37:41 -0500] "GET /galeria/galeria/jquery.fancybox.css?v=2.1.5 HTTP/1.1" 200 4895
66.249.88.19 - - [20/Nov/2019:03:37:42 -0500] "GET /BLA/boletinlegal/js/jquery.scrollShow.js HTTP/1.1" 200 4586
66.249.88.23 - - [20/Nov/2019:03:37:43 -0500] "GET /galeria/galeria/jquery.fancybox.js?v=2.1.5 HTTP/1.1" 200 48706
66.249.64.59 - - [20/Nov/2019:03:37:48 -0500] "GET /BLA/resoluciones/Notificaciones/AUTOS%202019/2175.pdf HTTP/1.1" 304 -
66.249.64.59 - - [20/Nov/2019:03:38:00 -0500] "GET /BLA/resoluciones/AUTOS%202015/5157.pdf HTTP/1.1" 200 633527
69.162.124.232 - - [20/Nov/2019:03:38:07 -0500] "HEAD / HTTP/1.1" 200 -
66.249.64.59 - - [20/Nov/2019:03:38:12 -0500] "GET /BLA/resoluciones/Notificaciones/AUTOS%202019/2175.pdf HTTP/1.1" 304 -
65.154.226.100 - - [20/Nov/2019:03:38:17 -0500] "GET /BLA/boletinlegal/js/jquery.scrollShow.js HTTP/1.1" 200 4586
65.154.226.100 - - [20/Nov/2019:03:38:20 -0500] "GET /galeria/galeria/jquery.fancybox.js?v=2.1.5 HTTP/1.1" 200 48706
66.249.64.59 - - [20/Nov/2019:03:38:24 -0500] "GET /BLA/resoluciones/RESOLUCIONES%202009/5978.pdf HTTP/1.1" 304 -
66.249.64.59 - - [20/Nov/2019:03:38:25 -0500] "GET /BLA/resoluciones/RESOLUCIONES%202010/3293.pdf HTTP/1.1" 200 505461
198.12.105.119 - - [20/Nov/2019:03:37:26 -0500] "GET /BLA/boletinlegal/ HTTP/1.0" 200 67900
198.12.105.119 - - [20/Nov/2019:03:39:01 -0500] "GET /www.ambientebogota.gov.co:81/ HTTP/1.0" 403 1017
23.90.31.124 - - [20/Nov/2019:03:39:02 -0500] "GET /www.ambientebogota.gov.co:81/ HTTP/1.0" 403 1017
23.94.160.181 - - [20/Nov/2019:03:39:03 -0500] "GET /www.ambientebogota.gov.co:81/ HTTP/1.0" 403 1017
23.94.52.194 - - [20/Nov/2019:03:39:03 -0500] "GET /www.ambientebogota.gov.co:81/ HTTP/1.0" 403 1017
54.187.157.206 - - [20/Nov/2019:03:39:05 -0500] "GET /galeria/nivo-slider/demo/inicio.html HTTP/1.1" 200 4803
66.249.64.59 - - [20/Nov/2019:03:39:11 -0500] "GET /BLA/resoluciones/RESOLUCIONES%202009/0014.pdf HTTP/1.1" 200 114359
34.219.105.179 - - [20/Nov/2019:03:39:19 -0500] "GET /galeria/nivo-slider/demo/inicio.html HTTP/1.1" 200 4803
34.222.76.173 - - [20/Nov/2019:03:39:35 -0500] "GET /galeria/nivo-slider/demo/inicio.html HTTP/1.1" 200 4803
34.209.96.228 - - [20/Nov/2019:03:39:51 -0500] "GET /galeria/nivo-slider/demo/inicio.html HTTP/1.1" 200 4803
54.149.100.153 - - [20/Nov/2019:03:40:11 -0500] "GET /galeria/nivo-slider/demo/inicio.html HTTP/1.1" 200 4803
54.187.226.63 - - [20/Nov/2019:03:40:31 -0500] "GET /robots.txt HTTP/1.1" 404 1154
54.187.226.63 - - [20/Nov/2019:03:40:31 -0500] "GET / HTTP/1.1" 200 9990
192.168.175.104 - - [20/Nov/2019:03:40:32 -0500] "GET / HTTP/1.0" 200 9990
54.187.226.63 - - [20/Nov/2019:03:40:32 -0500] "GET /www.ambientebogota.gov.co/ HTTP/1.1" 404 1154
66.249.88.19 - - [20/Nov/2019:03:40:59 -0500] "GET /galeria/galeria/jquery.fancybox.css?v=2.1.5 HTTP/1.1" 200 4895
66.249.88.23 - - [20/Nov/2019:03:40:59 -0500] "GET /BLA/boletinlegal/js/jquery.scrollShow.js HTTP/1.1" 200 4586
66.249.88.19 - - [20/Nov/2019:03:40:59 -0500] "GET /galeria/galeria/jquery.fancybox.js?v=2.1.5 HTTP/1.1" 200 48706
34.222.100.246 - - [20/Nov/2019:03:41:02 -0500] "GET /galeria/nivo-slider/demo/inicio.html HTTP/1.1" 200 4803
52.41.145.110 - - [20/Nov/2019:03:41:18 -0500] "GET /galeria/nivo-slider/demo/inicio.html HTTP/1.1" 200 4803
52.24.53.111 - - [20/Nov/2019:03:41:18 -0500] "GET /galeria/nivo-slider/demo/inicio.html HTTP/1.1" 200 4803
66.249.64.59 - - [20/Nov/2019:03:41:22 -0500] "GET /Autoliquidacion/TR%C3%81MITES%20ACEITES-RESIDUOS-ESTACIONES/REGISTRO%20COMO%20ACOPIADOR%20PRIMARIO/Lista%20de%20chequeo%20-%20Inscripci%C3%B3n%20como%20acopiador%20primario%20de%20aceites%20usados.xls HTTP/1.1" 200 805376
192.168.175.104 - - [20/Nov/2019:03:41:30 -0500] "GET / HTTP/1.1" 200 9990
66.249.64.59 - - [20/Nov/2019:03:41:46 -0500] "GET /BLA/resoluciones/RESOLUCIONES%202009/2851.pdf HTTP/1.1" 200 527148
5.9.151.57 - - [20/Nov/2019:03:41:48 -0500] "GET /robots.txt HTTP/1.1" 404 1015
5.9.151.57 - - [20/Nov/2019:03:41:50 -0500] "GET /Autoliquidacion/index.php?dir=Grupo%20Forestal%20-%20Industria%20de%20la%20Madera/&sort=size&order=asc/ HTTP/1.1" 200 4809
5.9.151.57 - - [20/Nov/2019:03:41:52 -0500] "GET /Autoliquidacion/index.php?dir=Grupo%20Forestal%20-%20Silvicultura/&sort=date&order=asc/ HTTP/1.1" 200 4716
5.9.151.57 - - [20/Nov/2019:03:41:54 -0500] "GET /Autoliquidacion/index.php?dir=Grupo%20Forestal%20-%20Silvicultura/&sort=size&order=asc/ HTTP/1.1" 200 4716
5.9.151.57 - - [20/Nov/2019:03:41:56 -0500] "GET /PruebasSTORM/StormSDA_pruebas/userFiles/user_files/85/?C=D;O=D/ HTTP/1.1" 200 1752
5.9.151.57 - - [20/Nov/2019:03:41:58 -0500] "GET /PruebasSTORM/StormSDA_pruebas/userFiles/user_files/85/?C=M;O=D/ HTTP/1.1" 200 1752
66.249.64.59 - - [20/Nov/2019:03:41:58 -0500] "GET /BLA/resoluciones/RESOLUCIONES%202007/RES%202007%202101%20AL%202200/RESOLUCION%202154%20DE%202007.pdf HTTP/1.1" 200 669241
54.36.150.81 - - [20/Nov/2019:03:41:58 -0500] "GET /BLA/resoluciones/RESOLUCIONES%202003/RES%202003%201701-1750/20031733.tif HTTP/1.1" 200 112712
5.9.151.57 - - [20/Nov/2019:03:42:00 -0500] "GET /PruebasSTORM/StormSDA_pruebas/userFiles/user_files/85/?C=N;O=A/ HTTP/1.1" 200 1752
5.9.151.57 - - [20/Nov/2019:03:42:03 -0500] "GET /PruebasSTORM/StormSDA_pruebas/userFiles/user_files/85/?C=S;O=D/ HTTP/1.1" 200 1752
5.9.151.57 - - [20/Nov/2019:03:42:05 -0500] "GET /PruebasSTORM/StormSDA_pruebas/userFiles/user_files/92/?C=D;O=A/ HTTP/1.1" 200 1752
5.9.151.57 - - [20/Nov/2019:03:42:07 -0500] "GET /PruebasSTORM/StormSDA_pruebas/userFiles/user_files/92/?C=M;O=A/ HTTP/1.1" 200 1752
5.9.151.57 - - [20/Nov/2019:03:42:08 -0500] "GET /PruebasSTORM/StormSDA_pruebas/userFiles/user_files/92/?C=N;O=D/ HTTP/1.1" 200 1752
5.9.151.57 - - [20/Nov/2019:03:42:10 -0500] "GET /PruebasSTORM/StormSDA_pruebas/userFiles/user_files/92/?C=S;O=A/ HTTP/1.1" 200 1752
5.9.151.57 - - [20/Nov/2019:03:42:12 -0500] "GET /PruebasSTORM/StormSDA_pruebas/userFiles/user_files/93/?C=N;O=D/ HTTP/1.1" 200 1752
18.236.255.105 - - [20/Nov/2019:03:42:13 -0500] "GET /galeria/nivo-slider/demo/inicio.html HTTP/1.1" 200 4803
5.9.151.57 - - [20/Nov/2019:03:42:14 -0500] "GET /StormSDA/storm/?C=N;O=A/ HTTP/1.1" 200 5553
5.9.151.57 - - [20/Nov/2019:03:42:16 -0500] "GET /StormSDA/userFiles/backup%2027-09-2012/?C=S;O=D/ HTTP/1.1" 200 5692
5.9.151.57 - - [20/Nov/2019:03:42:18 -0500] "GET /StormSDA/userFiles/user_files/86/?C=M;O=D/ HTTP/1.1" 200 813
5.9.151.57 - - [20/Nov/2019:03:42:19 -0500] "GET /StormSDA/userFiles/user_files/88/?C=D;O=A/ HTTP/1.1" 200 813
5.9.151.57 - - [20/Nov/2019:03:42:21 -0500] "GET /StormSDA/userFiles/user_files/88/?C=M;O=A/ HTTP/1.1" 200 813
5.9.151.57 - - [20/Nov/2019:03:42:23 -0500] "GET /StormSDA/userFiles/user_files/97/?C=D;O=A/ HTTP/1.1" 200 813
5.9.151.57 - - [20/Nov/2019:03:42:25 -0500] "GET /StormSDA/userFiles/user_files/97/?C=M;O=A/ HTTP/1.1" 200 813
5.9.151.57 - - [20/Nov/2019:03:42:27 -0500] "GET /StormSDA/userFiles/user_files/97/?C=S;O=A/ HTTP/1.1" 200 813
5.9.151.57 - - [20/Nov/2019:03:42:28 -0500] "GET /StormSDA/userFiles/user_files/98/?C=D;O=A/ HTTP/1.1" 200 813
5.9.151.57 - - [20/Nov/2019:03:42:30 -0500] "GET /StormSDA/userFiles/user_files/98/?C=M;O=A/ HTTP/1.1" 200 813
5.9.151.57 - - [20/Nov/2019:03:42:32 -0500] "GET /galeria/juegos/s/?C=S;O=D/ HTTP/1.1" 200 766
5.9.151.57 - - [20/Nov/2019:03:42:34 -0500] "GET /galeria/nivo-slider/demo/?C=N;O=D/ HTTP/1.1" 200 4877
66.249.64.59 - - [20/Nov/2019:03:42:45 -0500] "GET /BLA/resoluciones/RESOLUCIONES%202009/0126.pdf HTTP/1.1" 200 245135
66.249.64.59 - - [20/Nov/2019:03:42:57 -0500] "GET /BLA/resoluciones/RESOLUCIONES%202008/2858.pdf HTTP/1.1" 200 279687
69.162.124.232 - - [20/Nov/2019:03:43:07 -0500] "HEAD / HTTP/1.1" 200 -
66.249.64.61 - - [20/Nov/2019:03:43:21 -0500] "GET /autoliquidacion/Solicitudes%20relacionadas%20con%20calidad%20del%20aire%20auditiva%20y%20visual/Registro%20de%20Elementos%20de%20publicidad%20Exterior%20Visual/126pm04-pr16-f-1%20lista%20de%20chequeo%20pev%20(1).xls HTTP/1.1" 404 1018
34.219.86.251 - - [20/Nov/2019:03:43:26 -0500] "GET /galeria/nivo-slider/demo/inicio.html HTTP/1.1" 200 4803
190.156.101.222 - - [20/Nov/2019:03:43:27 -0500] "GET /galeria/galeria/jquery.fancybox.css?v=2.1.5 HTTP/1.1" 200 4895
190.156.101.222 - - [20/Nov/2019:03:43:27 -0500] "GET /BLA/boletinlegal/js/jquery.scrollShow.js HTTP/1.1" 200 4586
190.156.101.222 - - [20/Nov/2019:03:43:27 -0500] "GET /galeria/galeria/jquery.fancybox.js?v=2.1.5 HTTP/1.1" 200 48706
66.249.64.61 - - [20/Nov/2019:03:43:33 -0500] "GET /BLA/resoluciones/RESOLUCIONES%202007/RES%202007%202601%20AL%202700/RESOLUCION%202639%20DE%202007.pdf HTTP/1.1" 200 262932
18.236.224.231 - - [20/Nov/2019:03:43:37 -0500] "GET /galeria/nivo-slider/demo/inicio.html HTTP/1.1" 200 4803
66.249.64.61 - - [20/Nov/2019:03:43:57 -0500] "GET /BLA/resoluciones/RESOLUCIONES%202007/RES%202007%20401%20AL%20500/RESOLUCION%200458%20DE%202007.pdf HTTP/1.1" 200 1197726
181.146.176.71 - - [20/Nov/2019:03:43:58 -0500] "GET /galeria/galeria/jquery.fancybox.css?v=2.1.5 HTTP/1.1" 200 4895
181.146.176.71 - - [20/Nov/2019:03:43:59 -0500] "GET /BLA/boletinlegal/js/jquery.scrollShow.js HTTP/1.1" 200 4586
181.146.176.71 - - [20/Nov/2019:03:43:59 -0500] "GET /galeria/galeria/jquery.fancybox.js?v=2.1.5 HTTP/1.1" 200 48706
66.249.64.59 - - [20/Nov/2019:03:44:20 -0500] "GET /BLA/resoluciones/AUTOS%202018/2578.pdf HTTP/1.1" 200 346051
66.249.64.59 - - [20/Nov/2019:03:44:32 -0500] "GET /BLA/resoluciones/RESOLUCIONES%202007/RES%202007%201501%20AL%201600/RESOLUCION%201525%20DE%202007.pdf HTTP/1.1" 304 -
66.249.64.59 - - [20/Nov/2019:03:44:37 -0500] "GET /BLA/resoluciones/RESOLUCIONES%202010/5514.pdf HTTP/1.1" 200 2795320
104.42.198.99 - - [20/Nov/2019:03:44:56 -0500] "GET /autoliquidacion/Solicitudes%20relacionadas%20con%20calidad%20del%20aire%20auditiva%20y%20visual/Registro%20de%20Elementos%20de%20publicidad%20Exterior%20Visual/Aplicativo%20PEV%202019%20-%20Actualizado.xls HTTP/1.1" 200 58368
66.249.64.61 - - [20/Nov/2019:03:44:56 -0500] "GET /BLA/resoluciones/RESOLUCIONES%202007/RES%202007%20801%20AL%20900/RESOLUCION%200872%20DE%202007.pdf HTTP/1.1" 200 624652
66.249.64.63 - - [20/Nov/2019:03:45:08 -0500] "GET /BLA/resoluciones/RESOLUCIONES%202007/RES%202007%20801%20AL%20900/RESOLUCION%200872%20DE%202007.pdf HTTP/1.1" 200 624652
192.168.175.104 - - [20/Nov/2019:03:45:30 -0500] "GET / HTTP/1.0" 200 9990
66.249.64.59 - - [20/Nov/2019:03:45:58 -0500] "GET /BLA/resoluciones/RESOLUCIONES%202011/5118.pdf HTTP/1.1" 200 447963
34.220.102.195 - - [20/Nov/2019:03:46:18 -0500] "GET /galeria/nivo-slider/demo/inicio.html HTTP/1.1" 200 4803
34.213.6.194 - - [20/Nov/2019:03:46:27 -0500] "GET /galeria/nivo-slider/demo/inicio.html HTTP/1.1" 200 4803
192.168.175.104 - - [20/Nov/2019:03:46:27 -0500] "GET / HTTP/1.1" 200 9990
52.12.34.224 - - [20/Nov/2019:03:46:34 -0500] "GET /robots.txt HTTP/1.1" 404 1154
52.12.34.224 - - [20/Nov/2019:03:46:34 -0500] "GET / HTTP/1.1" 200 9990
52.12.34.224 - - [20/Nov/2019:03:46:34 -0500] "GET /www.ambientebogota.gov.co/ HTTP/1.1" 404 1154
34.211.50.182 - - [20/Nov/2019:03:46:40 -0500] "GET /galeria/nivo-slider/demo/inicio.html HTTP/1.1" 200 4803
66.249.64.31 - - [20/Nov/2019:03:46:43 -0500] "GET /robots.txt HTTP/1.1" 404 1019
66.249.64.30 - - [20/Nov/2019:03:46:51 -0500] "GET /BLA/boletinlegal/jurisprudencia/analisis/AnalisisC-035-16.docx HTTP/1.1" 200 25011
66.249.64.59 - - [20/Nov/2019:03:46:55 -0500] "GET /BLA/resoluciones/RESOLUCIONES%202014/2799.pdf HTTP/1.1" 200 230437
35.162.182.208 - - [20/Nov/2019:03:46:57 -0500] "GET /galeria/nivo-slider/demo/inicio.html HTTP/1.1" 200 4803
66.249.64.59 - - [20/Nov/2019:03:47:18 -0500] "GET /BLA/resoluciones/AUTOS%202014/6239.pdf HTTP/1.1" 304 -
66.249.64.59 - - [20/Nov/2019:03:47:22 -0500] "GET /BLA/resoluciones/AUTOS%202014/2808.pdf HTTP/1.1" 200 2474824
66.249.64.59 - - [20/Nov/2019:03:47:42 -0500] "GET /BLA/resoluciones/AUTOS%202007/1227.pdf HTTP/1.1" 200 86967
66.249.64.59 - - [20/Nov/2019:03:47:54 -0500] "GET /BLA/resoluciones/RESOLUCIONES%202017/0750.pdf HTTP/1.1" 200 477693
69.162.124.232 - - [20/Nov/2019:03:48:07 -0500] "HEAD / HTTP/1.1" 200 -
54.36.148.73 - - [20/Nov/2019:03:48:12 -0500] "GET /BLA/resoluciones/RESOLUCIONES%202006/RES%202006%20801-850/00000831.tif HTTP/1.1" 200 227384
66.249.64.59 - - [20/Nov/2019:03:48:18 -0500] "GET /BLA/resoluciones/AUTOS%202014/0574.pdf HTTP/1.1" 200 946673
34.215.30.201 - - [20/Nov/2019:03:48:20 -0500] "GET /robots.txt HTTP/1.1" 404 1154
34.215.30.201 - - [20/Nov/2019:03:48:20 -0500] "GET / HTTP/1.1" 200 9990
34.215.30.201 - - [20/Nov/2019:03:48:21 -0500] "GET /www.ambientebogota.gov.co/ HTTP/1.1" 404 1154
88.149.145.242 - - [20/Nov/2019:03:48:32 -0500] "GET /galeria/galeria/jquery.fancybox.js?v=2.1.5 HTTP/1.1" 200 48706
88.149.145.242 - - [20/Nov/2019:03:48:32 -0500] "GET /BLA/boletinlegal/js/jquery.scrollShow.js HTTP/1.1" 200 4586
88.149.145.242 - - [20/Nov/2019:03:48:32 -0500] "GET /galeria/galeria/jquery.fancybox.css?v=2.1.5 HTTP/1.1" 200 4895
216.244.66.195 - - [20/Nov/2019:03:49:02 -0500] "GET /BLA/resoluciones/AUTOS%202011/2486.pdf HTTP/1.1" 200 146000
18.237.27.197 - - [20/Nov/2019:03:49:03 -0500] "GET /galeria/nivo-slider/demo/inicio.html HTTP/1.1" 200 4803
216.244.66.195 - - [20/Nov/2019:03:49:07 -0500] "GET /BLA/resoluciones/AUTOS%202011/2721.pdf HTTP/1.1" 200 266025
66.249.64.59 - - [20/Nov/2019:03:49:10 -0500] "GET /BLA/resoluciones/AUTOS%202013/1163.pdf HTTP/1.1" 200 758428
216.244.66.195 - - [20/Nov/2019:03:49:12 -0500] "GET /BLA/resoluciones/AUTOS%202011/2799.pdf HTTP/1.1" 200 200559
54.36.148.82 - - [20/Nov/2019:03:49:31 -0500] "GET /BLA/resoluciones/RESOLUCIONES%202003/RES%202003%20601-650/603.tif HTTP/1.1" 200 88488
66.249.64.59 - - [20/Nov/2019:03:49:41 -0500] "GET /BLA/resoluciones/RESOLUCIONES%202007/RES%202007%20401%20AL%20500/RESOLUCION%200429%20DE%202007.pdf HTTP/1.1" 304 -
66.249.64.59 - - [20/Nov/2019:03:50:01 -0500] "GET /BLA/resoluciones/AUTOS%202019/1729.pdf HTTP/1.1" 200 8317767
66.249.64.36 - - [20/Nov/2019:03:50:09 -0500] "GET /BLA/resoluciones/RESOLUCIONES%202016/2228.pdf HTTP/1.1" 200 340571
35.161.126.153 - - [20/Nov/2019:03:50:25 -0500] "GET /galeria/nivo-slider/demo/inicio.html HTTP/1.1" 200 4803
216.244.66.195 - - [20/Nov/2019:03:50:26 -0500] "GET /BLA/resoluciones/AUTOS%202011/3086.pdf HTTP/1.1" 200 105469
192.168.175.104 - - [20/Nov/2019:03:50:28 -0500] "GET / HTTP/1.0" 200 9990
66.249.64.59 - - [20/Nov/2019:03:50:41 -0500] "GET /BLA/resoluciones/AUTOS%202016/2183.pdf HTTP/1.1" 200 519895
66.249.64.63 - - [20/Nov/2019:03:50:54 -0500] "GET /BLA/resoluciones/RESOLUCIONES%202007/RES%202007%202001%20AL%202100/RESOLUCION%202066%20%20DE%202007.pdf HTTP/1.1" 200 722092
152.61.128.50 - - [20/Nov/2019:03:51:00 -0500] "GET / HTTP/1.1" 200 9990
66.249.64.61 - - [20/Nov/2019:03:51:04 -0500] "GET /BLA/resoluciones/AUTOS%202015/0232.pdf HTTP/1.1" 200 499198
90.162.81.85 - - [20/Nov/2019:03:51:13 -0500] "GET /galeria/galeria/jquery.fancybox.css?v=2.1.5 HTTP/1.1" 200 4895
90.162.81.85 - - [20/Nov/2019:03:51:13 -0500] "GET /BLA/boletinlegal/js/jquery.scrollShow.js HTTP/1.1" 200 4586
90.162.81.85 - - [20/Nov/2019:03:51:13 -0500] "GET /galeria/galeria/jquery.fancybox.js?v=2.1.5 HTTP/1.1" 200 48706
152.61.128.50 - - [20/Nov/2019:03:51:00 -0500] "GET /arcgis/services/Calidad_del_Agua_WQI/MapServer/WMSServer?request=GetCapabilities&service=WMS HTTP/1.1" 503 1020
152.61.128.50 - - [20/Nov/2019:03:51:21 -0500] "GET /arcgis/services/Calidad_del_Agua_WQI/MapServer/WMSServer?SERVICE=WMS&REQUEST=GetCapabilities HTTP/1.1" 503 1020
152.61.128.50 - - [20/Nov/2019:03:51:21 -0500] "GET /arcgis/services/Calidad_del_Agua_WQI/MapServer/WMSServer?WMTVER=1.0.0&REQUEST=capabilities HTTP/1.1" 503 1020
66.249.64.59 - - [20/Nov/2019:03:51:23 -0500] "GET /BLA/resoluciones/RESOLUCIONES%202015/1341.pdf HTTP/1.1" 200 563295
192.168.175.104 - - [20/Nov/2019:03:51:25 -0500] "GET / HTTP/1.1" 200 9990
66.249.64.59 - - [20/Nov/2019:03:51:34 -0500] "GET /BLA/resoluciones/RESOLUCIONES%202015/1341.pdf HTTP/1.1" 200 563295
216.244.66.195 - - [20/Nov/2019:03:51:45 -0500] "GET /BLA/resoluciones/AUTOS%202011/3345.pdf HTTP/1.1" 200 276165
186.80.84.147 - - [20/Nov/2019:03:51:47 -0500] "GET /galeria/galeria/jquery.fancybox.css?v=2.1.5 HTTP/1.1" 200 4895
186.80.84.147 - - [20/Nov/2019:03:51:47 -0500] "GET /BLA/boletinlegal/js/jquery.scrollShow.js HTTP/1.1" 200 4586
186.80.84.147 - - [20/Nov/2019:03:51:47 -0500] "GET /galeria/galeria/jquery.fancybox.js?v=2.1.5 HTTP/1.1" 200 48706
54.188.175.137 - - [20/Nov/2019:03:51:48 -0500] "GET /galeria/nivo-slider/demo/inicio.html HTTP/1.1" 200 4803
66.249.64.59 - - [20/Nov/2019:03:52:04 -0500] "GET /BLA/resoluciones/AUTOS%202011/3700.pdf HTTP/1.1" 200 539569
66.249.64.59 - - [20/Nov/2019:03:52:32 -0500] "GET /BLA/resoluciones/AUTOS%202007/2853.pdf HTTP/1.1" 200 256340
216.244.66.195 - - [20/Nov/2019:03:52:33 -0500] "GET /BLA/resoluciones/AUTOS%202011/3808.pdf HTTP/1.1" 200 259483
66.249.64.59 - - [20/Nov/2019:03:52:39 -0500] "GET /BLA/resoluciones/RESOLUCIONES%202007/RES%202007%20401%20AL%20500/RESOLUCION%200450%20DE%202007.pdf HTTP/1.1" 200 885336
66.249.64.59 - - [20/Nov/2019:03:52:51 -0500] "GET /BLA/resoluciones/RESOLUCIONES%202007/RES%202007%202201%20AL%202300/RESOLUCION%202213%20DE%202007.pdf HTTP/1.1" 200 1147672
54.36.148.232 - - [20/Nov/2019:03:53:03 -0500] "GET /BLA/resoluciones/RESOLUCIONES%202002/RES%202002%201801-1850/20021841.tif HTTP/1.1" 200 126360
69.162.124.232 - - [20/Nov/2019:03:53:07 -0500] "HEAD / HTTP/1.1" 200 -
216.244.66.195 - - [20/Nov/2019:03:53:23 -0500] "GET /BLA/resoluciones/AUTOS%202011/3819.pdf HTTP/1.1" 200 225765
66.249.64.59 - - [20/Nov/2019:03:53:30 -0500] "GET /BLA/resoluciones/RESOLUCIONES%202010/3615.pdf HTTP/1.1" 200 992787
34.211.8.240 - - [20/Nov/2019:03:53:41 -0500] "GET /galeria/nivo-slider/demo/inicio.html HTTP/1.1" 200 4803
66.249.64.59 - - [20/Nov/2019:03:53:47 -0500] "GET /BLA/resoluciones/RESOLUCIONES%202007/RES%202007%20901%20AL%201000/RESOLUCION%200997%20DE%202007.pdf HTTP/1.1" 200 187342
66.249.64.59 - - [20/Nov/2019:03:53:54 -0500] "GET /BLA/resoluciones/AUTOS%202015/6921.pdf HTTP/1.1" 200 714277
181.53.12.80 - - [20/Nov/2019:03:53:56 -0500] "GET /galeria/carrusel/Carrusel/jquery.thumbnailScroller.css HTTP/1.1" 200 2066
181.53.12.80 - - [20/Nov/2019:03:53:56 -0500] "GET /galeria/carrusel/Carrusel/jquery-ui-1.8.13.custom.min.js HTTP/1.1" 200 10800
181.53.12.80 - - [20/Nov/2019:03:53:56 -0500] "GET /galeria/carrusel/Carrusel/jquery.thumbnailScroller.js HTTP/1.1" 200 8157
66.249.64.29 - - [20/Nov/2019:03:54:02 -0500] "GET /POT-2013/Cartografia/27_Estructura_Sociespacial_2013.pdf HTTP/1.1" 200 3860071
34.219.154.158 - - [20/Nov/2019:03:54:07 -0500] "GET /robots.txt HTTP/1.1" 404 1154
34.219.154.158 - - [20/Nov/2019:03:54:08 -0500] "GET / HTTP/1.1" 200 9990
34.220.232.196 - - [20/Nov/2019:03:54:08 -0500] "GET /galeria/nivo-slider/demo/inicio.html HTTP/1.1" 200 4803
34.219.154.158 - - [20/Nov/2019:03:54:08 -0500] "GET /www.ambientebogota.gov.co/ HTTP/1.1" 404 1154
54.188.167.196 - - [20/Nov/2019:03:54:11 -0500] "GET /robots.txt HTTP/1.1" 404 1154
54.188.167.196 - - [20/Nov/2019:03:54:11 -0500] "GET / HTTP/1.1" 200 9990
54.188.167.196 - - [20/Nov/2019:03:54:12 -0500] "GET /www.ambientebogota.gov.co/ HTTP/1.1" 404 1154
66.249.64.61 - - [20/Nov/2019:03:54:14 -0500] "GET /BLA/resoluciones/RESOLUCIONES%202016/0329.pdf HTTP/1.1" 200 852641
34.210.147.146 - - [20/Nov/2019:03:54:25 -0500] "GET /galeria/nivo-slider/demo/inicio.html HTTP/1.1" 200 4803
157.55.39.97 - - [20/Nov/2019:03:54:30 -0500] "GET /SIG/Gestion%20Recursos%20Financieros/126PA02-PR26%20REGISTRO%20INGRESOS%20NO%20TRIBUTARIO%20FDO.CTA.PGA.pdf HTTP/1.1" 304 -
66.249.64.59 - - [20/Nov/2019:03:54:40 -0500] "GET /BLA/resoluciones/RESOLUCIONES%202011/0026.pdf HTTP/1.1" 200 256531
66.249.64.59 - - [20/Nov/2019:03:54:47 -0500] "GET /BLA/resoluciones/AUTOS%202015/1572.pdf HTTP/1.1" 200 503021
66.249.64.59 - - [20/Nov/2019:03:54:55 -0500] "GET /BLA/resoluciones/AUTOS%202015/1572.pdf HTTP/1.1" 200 503021
34.209.238.29 - - [20/Nov/2019:03:54:57 -0500] "GET /galeria/nivo-slider/demo/inicio.html HTTP/1.1" 200 4803
66.249.64.59 - - [20/Nov/2019:03:55:03 -0500] "GET /BLA/resoluciones/RESOLUCIONES%202007/RES%202007%203801%20AL%203900/RESOLUCION%203806%20DE%202007.pdf HTTP/1.1" 200 720244
209.17.96.178 - - [20/Nov/2019:03:55:06 -0500] "GET / HTTP/1.1" 200 9990
34.221.108.17 - - [20/Nov/2019:03:55:08 -0500] "GET /galeria/nivo-slider/demo/inicio.html HTTP/1.1" 200 4803
34.220.252.215 - - [20/Nov/2019:03:55:09 -0500] "GET /galeria/nivo-slider/demo/inicio.html HTTP/1.1" 200 4803
35.164.199.123 - - [20/Nov/2019:03:55:12 -0500] "GET /robots.txt HTTP/1.1" 404 1154
35.164.199.123 - - [20/Nov/2019:03:55:12 -0500] "GET / HTTP/1.1" 200 9990
35.164.199.123 - - [20/Nov/2019:03:55:13 -0500] "GET /www.ambientebogota.gov.co/ HTTP/1.1" 404 1154
34.212.179.210 - - [20/Nov/2019:03:55:16 -0500] "GET /galeria/nivo-slider/demo/inicio.html HTTP/1.1" 200 4803
66.249.64.61 - - [20/Nov/2019:03:55:26 -0500] "GET /BLA/resoluciones/RESOLUCIONES%202007/RES%202007%204201%20AL%204300/RESOLUCION%204270%20DE%202007.pdf HTTP/1.1" 200 259308
192.168.175.104 - - [20/Nov/2019:03:55:26 -0500] "GET / HTTP/1.0" 200 9990
54.245.142.88 - - [20/Nov/2019:03:55:32 -0500] "GET /galeria/nivo-slider/demo/inicio.html HTTP/1.1" 200 4803
66.249.64.59 - - [20/Nov/2019:03:55:38 -0500] "GET /BLA/resoluciones/AUTOS%202009/1193.pdf HTTP/1.1" 200 123703
216.244.66.195 - - [20/Nov/2019:03:55:41 -0500] "GET /BLA/resoluciones/AUTOS%202012/0023.pdf HTTP/1.1" 200 142331
167.0.32.11 - - [20/Nov/2019:03:55:42 -0500] "GET /BLA/boletinlegal/js/jquery.scrollShow.js HTTP/1.1" 200 4586
167.0.32.11 - - [20/Nov/2019:03:55:42 -0500] "GET /galeria/galeria/jquery.fancybox.js?v=2.1.5 HTTP/1.1" 200 48706
167.0.32.11 - - [20/Nov/2019:03:55:42 -0500] "GET /galeria/galeria/jquery.fancybox.css?v=2.1.5 HTTP/1.1" 200 4895
167.0.32.11 - - [20/Nov/2019:03:55:43 -0500] "GET /galeria/carrusel/Carrusel/jquery.thumbnailScroller.css HTTP/1.1" 200 2066
167.0.32.11 - - [20/Nov/2019:03:55:43 -0500] "GET /galeria/carrusel/Carrusel/jquery-ui-1.8.13.custom.min.js HTTP/1.1" 200 10800
167.0.32.11 - - [20/Nov/2019:03:55:43 -0500] "GET /galeria/carrusel/Carrusel/jquery.thumbnailScroller.js HTTP/1.1" 200 8157
66.249.64.59 - - [20/Nov/2019:03:56:01 -0500] "GET /BLA/resoluciones/AUTOS%202011/4438.pdf HTTP/1.1" 200 451415
54.190.5.36 - - [20/Nov/2019:03:56:14 -0500] "GET /galeria/nivo-slider/demo/inicio.html HTTP/1.1" 200 4803
192.168.175.104 - - [20/Nov/2019:03:56:24 -0500] "GET / HTTP/1.1" 200 9990
66.249.64.59 - - [20/Nov/2019:03:56:25 -0500] "GET /BLA/resoluciones/AUTOS%202015/4381.pdf HTTP/1.1" 200 647826
152.61.192.232 - - [20/Nov/2019:03:56:27 -0500] "GET / HTTP/1.1" 200 9990
216.244.66.195 - - [20/Nov/2019:03:56:29 -0500] "GET /BLA/resoluciones/AUTOS%202012/0301.pdf HTTP/1.1" 200 203861
66.249.64.59 - - [20/Nov/2019:03:56:37 -0500] "GET /BLA/resoluciones/RESOLUCIONES%202009/4914.pdf HTTP/1.1" 304 -
66.249.64.59 - - [20/Nov/2019:03:56:49 -0500] "GET /BLA/resoluciones/AUTOS%202015/3615.pdf HTTP/1.1" 200 508835
52.27.244.249 - - [20/Nov/2019:03:56:49 -0500] "GET /galeria/nivo-slider/demo/inicio.html HTTP/1.1" 200 4803
152.61.192.232 - - [20/Nov/2019:03:56:28 -0500] "GET /arcgis/services/Calidad_del_Agua_WQI/MapServer/WMSServer?request=GetCapabilities&service=WMS HTTP/1.1" 503 1020
152.61.192.232 - - [20/Nov/2019:03:56:49 -0500] "GET /arcgis/services/Calidad_del_Agua_WQI/MapServer/WMSServer?SERVICE=WMS&REQUEST=GetCapabilities HTTP/1.1" 503 1020
152.61.192.232 - - [20/Nov/2019:03:56:49 -0500] "GET /arcgis/services/Calidad_del_Agua_WQI/MapServer/WMSServer?WMTVER=1.0.0&REQUEST=capabilities HTTP/1.1" 503 1020
34.222.133.157 - - [20/Nov/2019:03:56:50 -0500] "GET /galeria/nivo-slider/demo/inicio.html HTTP/1.1" 200 4803
181.53.12.80 - - [20/Nov/2019:03:56:58 -0500] "GET /inicio/ HTTP/1.1" 404 1341
66.249.64.31 - - [20/Nov/2019:03:57:01 -0500] "GET /portalsiaccapacitaciones/Soportes%20Capacitaciones%202016/Mesas%20de%20Trabajo%202016/UNIVERSIDAD%20DISTRITAL.pdf HTTP/1.1" 200 1615318
181.53.12.116 - - [20/Nov/2019:03:57:10 -0500] "GET /BLA/boletinlegal/js/jquery.scrollShow.js HTTP/1.1" 200 4586
181.53.12.116 - - [20/Nov/2019:03:57:12 -0500] "GET /galeria/galeria/jquery.fancybox.js?v=2.1.5 HTTP/1.1" 200 48706
181.53.12.116 - - [20/Nov/2019:03:57:12 -0500] "GET /galeria/galeria/jquery.fancybox.css?v=2.1.5 HTTP/1.1" 200 4895
181.53.12.116 - - [20/Nov/2019:03:57:12 -0500] "GET /galeria/carrusel/Carrusel/jquery.thumbnailScroller.css HTTP/1.1" 200 2066
66.249.64.61 - - [20/Nov/2019:03:57:13 -0500] "GET /BLA/resoluciones/AUTOS%202016/0031.pdf HTTP/1.1" 200 636126
181.53.12.116 - - [20/Nov/2019:03:57:13 -0500] "GET /galeria/carrusel/Carrusel/jquery-ui-1.8.13.custom.min.js HTTP/1.1" 200 10800
181.53.12.116 - - [20/Nov/2019:03:57:14 -0500] "GET /galeria/carrusel/Carrusel/jquery.thumbnailScroller.js HTTP/1.1" 200 8157
66.249.64.59 - - [20/Nov/2019:03:57:39 -0500] "GET /BLA/resoluciones/AUTOS%202007/3179.pdf HTTP/1.1" 200 263734
66.249.64.59 - - [20/Nov/2019:03:57:51 -0500] "GET /BLA/resoluciones/AUTOS%202007/3179.pdf HTTP/1.1" 200 263734
66.249.64.59 - - [20/Nov/2019:03:57:58 -0500] "GET /BLA/resoluciones/AUTOS%202017/1277.pdf HTTP/1.1" 200 464016
66.249.64.59 - - [20/Nov/2019:03:58:06 -0500] "GET /BLA/resoluciones/AUTOS%202015/0891.pdf HTTP/1.1" 200 570639
69.162.124.232 - - [20/Nov/2019:03:58:07 -0500] "HEAD / HTTP/1.1" 200 -
66.249.64.59 - - [20/Nov/2019:03:58:14 -0500] "GET /BLA/resoluciones/RESOLUCIONES%202015/1341.pdf HTTP/1.1" 200 563295
66.249.64.59 - - [20/Nov/2019:03:58:22 -0500] "GET /BLA/resoluciones/AUTOS%202013/2527.pdf HTTP/1.1" 200 459805
66.249.64.59 - - [20/Nov/2019:03:58:36 -0500] "GET /BLA/resoluciones/AUTOS%202010/1417.pdf HTTP/1.1" 200 232673
66.249.64.59 - - [20/Nov/2019:03:58:48 -0500] "GET /BLA/resoluciones/RESOLUCIONES%202007/RES%202007%202201%20AL%202300/RESOLUCION%202229%20DE%202007.pdf HTTP/1.1" 200 53496
216.244.66.195 - - [20/Nov/2019:03:58:50 -0500] "GET /BLA/resoluciones/AUTOS%202012/0676.pdf HTTP/1.1" 200 328650
34.220.202.228 - - [20/Nov/2019:03:58:57 -0500] "GET /galeria/nivo-slider/demo/inicio.html HTTP/1.1" 200 4803
54.149.153.218 - - [20/Nov/2019:03:58:59 -0500] "GET /galeria/nivo-slider/demo/inicio.html HTTP/1.1" 200 4803
66.249.64.59 - - [20/Nov/2019:03:59:00 -0500] "GET /BLA/resoluciones/RESOLUCIONES%202010/7263.pdf HTTP/1.1" 200 266867
54.202.129.23 - - [20/Nov/2019:03:59:11 -0500] "GET /galeria/nivo-slider/demo/inicio.html HTTP/1.1" 200 4803
34.220.47.252 - - [20/Nov/2019:03:59:22 -0500] "GET /galeria/nivo-slider/demo/inicio.html HTTP/1.1" 200 4803
54.203.14.238 - - [20/Nov/2019:03:59:23 -0500] "GET /galeria/nivo-slider/demo/inicio.html HTTP/1.1" 200 4803
66.249.64.27 - - [20/Nov/2019:03:59:35 -0500] "GET /SIG/Gesti%C3%B3n%20Jur%C3%ADdica/126PA05-PR12.pdf HTTP/1.1" 200 77765
34.220.18.212 - - [20/Nov/2019:03:59:37 -0500] "GET /galeria/nivo-slider/demo/inicio.html HTTP/1.1" 200 4803
216.244.66.195 - - [20/Nov/2019:03:59:40 -0500] "GET /BLA/resoluciones/AUTOS%202012/0725.pdf HTTP/1.1" 200 283503
34.209.110.49 - - [20/Nov/2019:03:59:42 -0500] "GET /galeria/nivo-slider/demo/inicio.html HTTP/1.1" 200 4803
