201.244.253.243 - - [20/Nov/2019:06:21:24 -0500] "GET /galeria/nivo-slider/jquery.nivo.slider.pack.js HTTP/1.1" 200 11561
201.244.253.243 - - [20/Nov/2019:06:21:24 -0500] "GET /galeria/nivo-slider/demo/scripts/jquery-1.7.1.min.js HTTP/1.1" 200 93868
201.244.253.243 - - [20/Nov/2019:06:21:24 -0500] "GET /galeria/nivo-slider/demo/images/bannerclimabog.jpg HTTP/1.1" 200 170671
201.244.253.243 - - [20/Nov/2019:06:21:24 -0500] "GET /galeria/nivo-slider/nivo-slider.css HTTP/1.1" 200 1507
201.244.253.243 - - [20/Nov/2019:06:21:24 -0500] "GET /galeria/nivo-slider/demo/style.css HTTP/1.1" 200 2222
201.244.253.243 - - [20/Nov/2019:06:21:24 -0500] "GET /galeria/nivo-slider/demo/images/Bannerpread.jpg HTTP/1.1" 200 256621
201.244.253.243 - - [20/Nov/2019:06:21:24 -0500] "GET /galeria/nivo-slider/demo/images/iniciativas-Ambientales.jpg HTTP/1.1" 200 201405
201.244.253.243 - - [20/Nov/2019:06:21:24 -0500] "GET /galeria/nivo-slider/demo/images/bannerincendios.jpg HTTP/1.1" 200 206070
201.244.253.243 - - [20/Nov/2019:06:21:24 -0500] "GET /galeria/nivo-slider/demo/images/Bannerveterinaria.jpg HTTP/1.1" 200 254705
201.244.253.243 - - [20/Nov/2019:06:21:24 -0500] "GET /galeria/nivo-slider/demo/images/4Simple_Slider.png HTTP/1.1" 200 11722
201.244.253.243 - - [20/Nov/2019:06:21:24 -0500] "GET /galeria/nivo-slider/themes/default/loading.gif HTTP/1.1" 200 1737
201.244.253.243 - - [20/Nov/2019:06:21:24 -0500] "GET /galeria/nivo-slider/demo/images/banneragendamiento.jpg HTTP/1.1" 200 116897
201.244.253.243 - - [20/Nov/2019:06:21:25 -0500] "GET /galeria/nivo-slider/demo/images/Banner%20tinguas.jpg HTTP/1.1" 200 214878
201.244.253.243 - - [20/Nov/2019:06:21:25 -0500] "GET /galeria/nivo-slider/demo/images/Bannerserpiente2019.jpg HTTP/1.1" 200 270374
201.244.253.243 - - [20/Nov/2019:06:21:25 -0500] "GET /galeria/nivo-slider/demo/images/Noviembre.png HTTP/1.1" 200 519399
201.244.253.243 - - [20/Nov/2019:06:21:25 -0500] "GET /galeria/nivo-slider/demo/images/puntos%20atencion%20BANNER.jpg HTTP/1.1" 200 244208
201.244.253.243 - - [20/Nov/2019:06:21:25 -0500] "GET /galeria/nivo-slider/demo/images/Banner%20Visor%20Geografico%20Ambiental.jpg HTTP/1.1" 200 204673
201.244.253.243 - - [20/Nov/2019:06:21:25 -0500] "GET /galeria/nivo-slider/demo/images/Banner%20consumo%20sostenible%20final.jpg HTTP/1.1" 200 364746
201.244.253.243 - - [20/Nov/2019:06:21:25 -0500] "GET /galeria/nivo-slider/demo/images/Banner%20Conpes.jpg HTTP/1.1" 200 55220
201.244.253.243 - - [20/Nov/2019:06:21:25 -0500] "GET /galeria/nivo-slider/demo/images/Banner%20RCD.jpg HTTP/1.1" 200 92197
201.244.253.243 - - [20/Nov/2019:06:21:25 -0500] "GET /galeria/nivo-slider/demo/images/Banner%20practicas%20sostenibles.jpg HTTP/1.1" 200 142958
201.244.253.243 - - [20/Nov/2019:06:21:26 -0500] "GET /galeria/nivo-slider/demo/images/Banner%20POT.png HTTP/1.1" 200 418238
201.244.253.243 - - [20/Nov/2019:06:21:26 -0500] "GET /galeria/nivo-slider/demo/images/Banneranonimos.png HTTP/1.1" 200 109388
37.49.230.18 - - [20/Nov/2019:06:21:30 -0500] "HEAD /robots.txt HTTP/1.0" 404 -
158.69.243.140 - - [20/Nov/2019:06:21:31 -0500] "GET /BLA/boletinlegal/documentos-importantes.php/index.php/index.php/index.php/doctrina.php/doctrina.php/actos.php/doctrina.php/actos.php/index.php/norma_menu.php/jurisprudencia.php/actos.php/norma_menu.php/norma_menu.php/actos.php/ HTTP/1.1" 200 4822
66.249.64.59 - - [20/Nov/2019:06:21:32 -0500] "GET /BLA/resoluciones/RESOLUCIONES%202007/RES%202007%204001%20AL%204100/RESOLUCION%204016%20DE%202007.pdf HTTP/1.1" 304 -
207.180.203.210 - - [20/Nov/2019:06:21:38 -0500] "GET /BLA/boletinlegal/documentos-importantes.php/index.php/index.php/index.php/doctrina.php/doctrina.php/actos.php/doctrina.php/actos.php/index.php/norma_menu.php/index.php/norma_menu.php/doctrina.php/jurisprudencia.php/doctrina.php/ HTTP/1.1" 200 4822
66.249.64.59 - - [20/Nov/2019:06:21:44 -0500] "GET /BLA/resoluciones/RESOLUCIONES%202007/RES%202007%201726%20AL%201800/RESOLUCION%201794%20DE%202007.pdf HTTP/1.1" 304 -
54.214.108.238 - - [20/Nov/2019:06:21:44 -0500] "GET /galeria/nivo-slider/demo/inicio.html HTTP/1.1" 200 4803
186.82.238.218 - - [20/Nov/2019:06:21:56 -0500] "GET /BLA/resoluciones/RESOLUCIONES%202017/1280.pdf HTTP/1.1" 200 975219
186.82.238.218 - - [20/Nov/2019:06:21:57 -0500] "GET /favicon.ico HTTP/1.1" 200 7782
207.180.203.210 - - [20/Nov/2019:06:21:57 -0500] "GET /BLA/boletinlegal/documentos-importantes.php/index.php/index.php/index.php/doctrina.php/doctrina.php/actos.php/doctrina.php/actos.php/index.php/norma_menu.php/index.php/norma_menu.php/doctrina.php/jurisprudencia.php/index.php/ HTTP/1.1" 200 4822
138.91.253.138 - - [20/Nov/2019:06:21:59 -0500] "GET /autoliquidacion/Solicitudes%20relacionadas%20con%20calidad%20del%20aire%20auditiva%20y%20visual/Registro%20de%20Elementos%20de%20publicidad%20Exterior%20Visual/Aplicativo%20PEV%202019%20-%20Actualizado.xls HTTP/1.1" 200 58368
66.249.64.59 - - [20/Nov/2019:06:22:07 -0500] "GET /BLA/resoluciones/AUTOS%202014/2312.pdf HTTP/1.1" 200 434303
66.249.64.59 - - [20/Nov/2019:06:22:19 -0500] "GET /BLA/resoluciones/RESOLUCIONES%202017/3230.pdf HTTP/1.1" 200 9907202
158.69.243.140 - - [20/Nov/2019:06:22:25 -0500] "GET /BLA/boletinlegal/documentos-importantes.php/index.php/index.php/index.php/doctrina.php/doctrina.php/actos.php/doctrina.php/actos.php/index.php/norma_menu.php/jurisprudencia.php/actos.php/norma_menu.php/norma_menu.php/doctrina.php/ HTTP/1.1" 200 4822
207.180.203.210 - - [20/Nov/2019:06:22:26 -0500] "GET /BLA/boletinlegal/documentos-importantes.php/index.php/index.php/index.php/doctrina.php/doctrina.php/actos.php/doctrina.php/actos.php/index.php/norma_menu.php/index.php/norma_menu.php/doctrina.php/jurisprudencia.php/norma_menu.php/ HTTP/1.1" 200 4822
66.249.64.63 - - [20/Nov/2019:06:22:38 -0500] "GET /BLA/resoluciones/AUTOS%202014/6797.pdf HTTP/1.1" 200 2159937
54.70.235.64 - - [20/Nov/2019:06:22:46 -0500] "GET /robots.txt HTTP/1.1" 404 1154
54.70.235.64 - - [20/Nov/2019:06:22:46 -0500] "GET / HTTP/1.1" 200 9990
54.70.235.64 - - [20/Nov/2019:06:22:47 -0500] "GET /www.ambientebogota.gov.co/ HTTP/1.1" 404 1154
207.180.203.210 - - [20/Nov/2019:06:22:48 -0500] "GET /BLA/boletinlegal/documentos-importantes.php/index.php/index.php/index.php/doctrina.php/doctrina.php/actos.php/doctrina.php/actos.php/index.php/norma_menu.php/index.php/norma_menu.php/doctrina.php/norma_menu.php/actos.php/ HTTP/1.1" 200 4822
158.69.243.140 - - [20/Nov/2019:06:23:03 -0500] "GET /BLA/boletinlegal/documentos-importantes.php/index.php/index.php/index.php/doctrina.php/doctrina.php/actos.php/doctrina.php/actos.php/index.php/norma_menu.php/jurisprudencia.php/actos.php/norma_menu.php/norma_menu.php/index.php/ HTTP/1.1" 200 4822
69.162.124.232 - - [20/Nov/2019:06:23:07 -0500] "HEAD / HTTP/1.1" 200 -
207.180.203.210 - - [20/Nov/2019:06:23:08 -0500] "GET /BLA/boletinlegal/documentos-importantes.php/index.php/index.php/index.php/doctrina.php/doctrina.php/actos.php/doctrina.php/actos.php/index.php/norma_menu.php/index.php/norma_menu.php/doctrina.php/norma_menu.php/doctrina.php/ HTTP/1.1" 200 4822
66.249.64.61 - - [20/Nov/2019:06:23:16 -0500] "GET /BLA/resoluciones/AUTOS%202014/3562.pdf HTTP/1.1" 304 -
66.249.64.63 - - [20/Nov/2019:06:23:20 -0500] "GET /BLA/resoluciones/RESOLUCIONES%202009/3199.pdf HTTP/1.1" 304 -
66.249.64.27 - - [20/Nov/2019:06:23:31 -0500] "GET /videos/nivo-slider/ HTTP/1.1" 200 974
186.84.130.46 - - [20/Nov/2019:06:23:32 -0500] "GET /BLA/resoluciones/RESOLUCIONES%202007/RES%202007%201401%20AL%201500/RESOLUCION%201441%20DE%202007.pdf HTTP/1.1" 200 283821
207.180.203.210 - - [20/Nov/2019:06:23:32 -0500] "GET /BLA/boletinlegal/documentos-importantes.php/index.php/index.php/index.php/doctrina.php/doctrina.php/actos.php/doctrina.php/actos.php/index.php/norma_menu.php/index.php/norma_menu.php/doctrina.php/norma_menu.php/index.php/ HTTP/1.1" 200 4822
66.249.64.33 - - [20/Nov/2019:06:23:42 -0500] "GET /BLA/resoluciones/RESOLUCIONES%202017/0489.pdf HTTP/1.1" 304 -
207.180.203.210 - - [20/Nov/2019:06:23:47 -0500] "GET /BLA/boletinlegal/documentos-importantes.php/index.php/index.php/index.php/doctrina.php/doctrina.php/actos.php/doctrina.php/actos.php/index.php/norma_menu.php/index.php/norma_menu.php/doctrina.php/norma_menu.php/jurisprudencia.php/ HTTP/1.1" 200 4822
66.249.64.33 - - [20/Nov/2019:06:23:54 -0500] "GET /BLA/resoluciones/RESOLUCIONES%202017/0489.pdf HTTP/1.1" 304 -
158.69.243.140 - - [20/Nov/2019:06:24:05 -0500] "GET /BLA/boletinlegal/documentos-importantes.php/index.php/index.php/index.php/doctrina.php/doctrina.php/actos.php/doctrina.php/actos.php/index.php/norma_menu.php/jurisprudencia.php/doctrina.php/actos.php/actos.php/actos.php/ HTTP/1.1" 200 4822
66.249.64.63 - - [20/Nov/2019:06:24:06 -0500] "GET /BLA/resoluciones/AUTOS%202014/2409.pdf HTTP/1.1" 304 -
207.180.203.210 - - [20/Nov/2019:06:24:09 -0500] "GET /BLA/boletinlegal/documentos-importantes.php/index.php/index.php/index.php/doctrina.php/doctrina.php/actos.php/doctrina.php/actos.php/index.php/norma_menu.php/index.php/norma_menu.php/doctrina.php/norma_menu.php/norma_menu.php/ HTTP/1.1" 200 4822
66.249.64.63 - - [20/Nov/2019:06:24:18 -0500] "GET /BLA/resoluciones/AUTOS%202014/2409.pdf HTTP/1.1" 304 -
207.180.203.210 - - [20/Nov/2019:06:24:24 -0500] "GET /BLA/boletinlegal/documentos-importantes.php/index.php/index.php/index.php/doctrina.php/doctrina.php/actos.php/doctrina.php/actos.php/index.php/norma_menu.php/index.php/norma_menu.php/index.php/actos.php/actos.php/ HTTP/1.1" 200 4822
66.249.64.61 - - [20/Nov/2019:06:24:30 -0500] "GET /BLA/resoluciones/AUTOS%202014/5103.pdf HTTP/1.1" 200 565383
192.168.175.104 - - [20/Nov/2019:06:24:32 -0500] "GET / HTTP/1.0" 200 9990
66.249.88.29 - - [20/Nov/2019:06:24:37 -0500] "GET /galeria/galeria/jquery.fancybox.css?v=2.1.5 HTTP/1.1" 200 4895
66.249.88.25 - - [20/Nov/2019:06:24:37 -0500] "GET /galeria/galeria/jquery.fancybox.js?v=2.1.5 HTTP/1.1" 200 48706
66.249.88.25 - - [20/Nov/2019:06:24:37 -0500] "GET /BLA/boletinlegal/js/jquery.scrollShow.js HTTP/1.1" 200 4586
66.249.64.57 - - [20/Nov/2019:06:24:42 -0500] "GET /BLA/resoluciones/RESOLUCIONES%202018/2548.pdf HTTP/1.1" 200 5126770
54.69.12.193 - - [20/Nov/2019:06:24:51 -0500] "GET /robots.txt HTTP/1.1" 404 1154
54.69.12.193 - - [20/Nov/2019:06:24:52 -0500] "GET / HTTP/1.1" 200 9990
54.69.12.193 - - [20/Nov/2019:06:24:52 -0500] "GET /www.ambientebogota.gov.co/ HTTP/1.1" 404 1154
158.69.243.140 - - [20/Nov/2019:06:24:53 -0500] "GET /BLA/boletinlegal/documentos-importantes.php/index.php/index.php/index.php/doctrina.php/doctrina.php/actos.php/doctrina.php/actos.php/index.php/norma_menu.php/jurisprudencia.php/doctrina.php/actos.php/actos.php/doctrina.php/ HTTP/1.1" 200 4822
66.249.64.59 - - [20/Nov/2019:06:24:54 -0500] "GET /BLA/resoluciones/AUTOS%202014/2737.pdf HTTP/1.1" 304 -
207.180.203.210 - - [20/Nov/2019:06:24:54 -0500] "GET /BLA/boletinlegal/documentos-importantes.php/index.php/index.php/index.php/doctrina.php/doctrina.php/actos.php/doctrina.php/actos.php/index.php/norma_menu.php/index.php/norma_menu.php/index.php/actos.php/doctrina.php/ HTTP/1.1" 200 4822
191.65.212.202 - - [20/Nov/2019:06:24:56 -0500] "GET /galeria/galeria/jquery.fancybox.css?v=2.1.5 HTTP/1.1" 200 4895
191.65.212.202 - - [20/Nov/2019:06:24:56 -0500] "GET /BLA/boletinlegal/js/jquery.scrollShow.js HTTP/1.1" 200 4586
191.65.212.202 - - [20/Nov/2019:06:24:56 -0500] "GET /galeria/galeria/jquery.fancybox.js?v=2.1.5 HTTP/1.1" 200 48706
52.40.196.40 - - [20/Nov/2019:06:25:00 -0500] "GET /robots.txt HTTP/1.1" 404 1154
52.40.196.40 - - [20/Nov/2019:06:25:00 -0500] "GET / HTTP/1.1" 200 9990
52.40.196.40 - - [20/Nov/2019:06:25:01 -0500] "GET /www.ambientebogota.gov.co/ HTTP/1.1" 404 1154
66.249.64.57 - - [20/Nov/2019:06:25:06 -0500] "GET /BLA/resoluciones/RESOLUCIONES%202015/2949.pdf HTTP/1.1" 304 -
54.36.148.97 - - [20/Nov/2019:06:25:06 -0500] "GET /BLA/resoluciones/index.php?dir=Notificaciones/RESOLUCIONES%202019/&sort=date&order=asc HTTP/1.1" 200 13681
207.180.203.210 - - [20/Nov/2019:06:25:13 -0500] "GET /BLA/boletinlegal/documentos-importantes.php/index.php/index.php/index.php/doctrina.php/doctrina.php/actos.php/doctrina.php/actos.php/index.php/norma_menu.php/index.php/norma_menu.php/index.php/actos.php/index.php/ HTTP/1.1" 200 4822
66.249.64.57 - - [20/Nov/2019:06:25:17 -0500] "GET /BLA/resoluciones/RESOLUCIONES%202015/2949.pdf HTTP/1.1" 304 -
216.244.66.195 - - [20/Nov/2019:06:25:20 -0500] "GET /BLA/resoluciones/RESOLUCIONES%202016/1034.pdf HTTP/1.1" 200 265358
66.249.88.27 - - [20/Nov/2019:06:25:21 -0500] "GET /BLA/boletinlegal/js/jquery.scrollShow.js HTTP/1.1" 304 -
66.249.88.27 - - [20/Nov/2019:06:25:21 -0500] "GET /galeria/galeria/jquery.fancybox.css?v=2.1.5 HTTP/1.1" 304 -
66.249.88.29 - - [20/Nov/2019:06:25:21 -0500] "GET /galeria/galeria/jquery.fancybox.js?v=2.1.5 HTTP/1.1" 304 -
192.168.175.104 - - [20/Nov/2019:06:25:21 -0500] "GET / HTTP/1.1" 200 9990
158.69.243.140 - - [20/Nov/2019:06:25:33 -0500] "GET /BLA/boletinlegal/documentos-importantes.php/index.php/index.php/index.php/doctrina.php/doctrina.php/actos.php/doctrina.php/actos.php/index.php/norma_menu.php/jurisprudencia.php/doctrina.php/actos.php/actos.php/index.php/ HTTP/1.1" 200 4822
186.83.5.86 - - [20/Nov/2019:06:25:34 -0500] "GET /forest/login.do HTTP/1.1" 404 1120
207.180.203.210 - - [20/Nov/2019:06:25:45 -0500] "GET /BLA/boletinlegal/documentos-importantes.php/index.php/index.php/index.php/doctrina.php/doctrina.php/actos.php/doctrina.php/actos.php/index.php/norma_menu.php/index.php/norma_menu.php/index.php/actos.php/jurisprudencia.php/ HTTP/1.1" 200 4822
54.36.150.167 - - [20/Nov/2019:06:25:50 -0500] "GET /BLA/resoluciones/index.php?dir=RESOLUCIONES%202003/RES%202003%202101-2150/&sort=date&order=asc HTTP/1.1" 200 12160
66.249.64.57 - - [20/Nov/2019:06:25:51 -0500] "GET /BLA/resoluciones/AUTOS%202010/6665.pdf HTTP/1.1" 304 -
54.189.93.61 - - [20/Nov/2019:06:25:53 -0500] "GET /galeria/nivo-slider/demo/inicio.html HTTP/1.1" 200 4803
181.52.20.206 - - [20/Nov/2019:06:26:02 -0500] "GET /dama/libreria/jpg/sec_amb.jpg HTTP/1.1" 404 1019
181.52.20.206 - - [20/Nov/2019:06:26:02 -0500] "GET /dama/libreria/jpg/sec_amb.jpg HTTP/1.1" 404 1019
181.52.20.206 - - [20/Nov/2019:06:26:02 -0500] "GET /dama/libreria/jpg/sec_amb.jpg HTTP/1.1" 404 1019
181.52.20.206 - - [20/Nov/2019:06:26:02 -0500] "GET /dama/libreria/jpg/sec_amb.jpg HTTP/1.1" 404 1019
181.52.20.206 - - [20/Nov/2019:06:26:02 -0500] "GET /dama/libreria/jpg/sec_amb.jpg HTTP/1.1" 404 1019
181.52.20.206 - - [20/Nov/2019:06:26:02 -0500] "GET /dama/libreria/jpg/sec_amb.jpg HTTP/1.1" 404 1019
181.52.20.206 - - [20/Nov/2019:06:26:02 -0500] "GET /dama/libreria/jpg/sec_amb.jpg HTTP/1.1" 404 1019
181.52.20.206 - - [20/Nov/2019:06:26:02 -0500] "GET /dama/libreria/jpg/sec_amb.jpg HTTP/1.1" 404 1019
181.52.20.206 - - [20/Nov/2019:06:26:02 -0500] "GET /dama/libreria/jpg/sec_amb.jpg HTTP/1.1" 404 1019
181.52.20.206 - - [20/Nov/2019:06:26:02 -0500] "GET /dama/libreria/jpg/sec_amb.jpg HTTP/1.1" 404 1019
181.52.20.206 - - [20/Nov/2019:06:26:02 -0500] "GET /dama/libreria/jpg/sec_amb.jpg HTTP/1.1" 404 1019
181.52.20.206 - - [20/Nov/2019:06:26:02 -0500] "GET /dama/libreria/jpg/sec_amb.jpg HTTP/1.1" 404 1019
207.180.203.210 - - [20/Nov/2019:06:26:03 -0500] "GET /BLA/boletinlegal/documentos-importantes.php/index.php/index.php/index.php/doctrina.php/doctrina.php/actos.php/doctrina.php/actos.php/index.php/norma_menu.php/index.php/norma_menu.php/index.php/actos.php/norma_menu.php/ HTTP/1.1" 200 4822
66.249.64.59 - - [20/Nov/2019:06:26:05 -0500] "GET /BLA/resoluciones/RESOLUCIONES%202011/0728.pdf HTTP/1.1" 304 -
158.69.243.140 - - [20/Nov/2019:06:26:12 -0500] "GET /BLA/boletinlegal/documentos-importantes.php/index.php/index.php/index.php/doctrina.php/doctrina.php/actos.php/doctrina.php/actos.php/index.php/norma_menu.php/jurisprudencia.php/doctrina.php/actos.php/actos.php/jurisprudencia.php/ HTTP/1.1" 200 4822
207.180.203.210 - - [20/Nov/2019:06:26:15 -0500] "GET /BLA/boletinlegal/documentos-importantes.php/index.php/index.php/index.php/doctrina.php/doctrina.php/actos.php/doctrina.php/actos.php/index.php/norma_menu.php/index.php/norma_menu.php/index.php/doctrina.php/actos.php/ HTTP/1.1" 200 4822
66.249.64.57 - - [20/Nov/2019:06:26:17 -0500] "GET /BLA/resoluciones/RESOLUCIONES%202010/6105.pdf HTTP/1.1" 304 -
66.249.64.57 - - [20/Nov/2019:06:26:29 -0500] "GET /BLA/resoluciones/RESOLUCIONES%202009/4406.pdf HTTP/1.1" 304 -
18.237.195.73 - - [20/Nov/2019:06:26:36 -0500] "GET /galeria/nivo-slider/demo/inicio.html HTTP/1.1" 200 4803
66.249.64.59 - - [20/Nov/2019:06:26:41 -0500] "GET /BLA/resoluciones/RESOLUCIONES%202007/RES%202007%201401%20AL%201500/RESOLUCION%201402%20DE%202007.pdf HTTP/1.1" 200 224148
207.180.203.210 - - [20/Nov/2019:06:26:51 -0500] "GET /BLA/boletinlegal/documentos-importantes.php/index.php/index.php/index.php/doctrina.php/doctrina.php/actos.php/doctrina.php/actos.php/index.php/norma_menu.php/index.php/norma_menu.php/index.php/doctrina.php/doctrina.php/ HTTP/1.1" 200 4822
66.249.64.57 - - [20/Nov/2019:06:26:53 -0500] "GET /BLA/resoluciones/RESOLUCIONES%202010/6910.pdf HTTP/1.1" 304 -
201.245.192.253 - - [20/Nov/2019:06:26:25 -0500] "POST /kwsrmcab/Wsrmcab HTTP/1.1" 200 26471
158.69.243.140 - - [20/Nov/2019:06:27:05 -0500] "GET /BLA/boletinlegal/documentos-importantes.php/index.php/index.php/index.php/doctrina.php/doctrina.php/actos.php/doctrina.php/actos.php/index.php/norma_menu.php/jurisprudencia.php/doctrina.php/actos.php/actos.php/norma_menu.php/ HTTP/1.1" 200 4822
66.249.64.57 - - [20/Nov/2019:06:27:04 -0500] "GET /POT-2013/DTS/DTS_20FEB2013_300pm.pdf HTTP/1.1" 200 10600308
207.180.203.210 - - [20/Nov/2019:06:27:18 -0500] "GET /BLA/boletinlegal/documentos-importantes.php/index.php/index.php/index.php/doctrina.php/doctrina.php/actos.php/doctrina.php/actos.php/index.php/norma_menu.php/index.php/norma_menu.php/index.php/doctrina.php/index.php/ HTTP/1.1" 200 4822
109.108.236.207 - - [20/Nov/2019:06:27:39 -0500] "GET / HTTP/1.1" 200 9990
158.69.243.140 - - [20/Nov/2019:06:27:43 -0500] "GET /BLA/boletinlegal/documentos-importantes.php/index.php/index.php/index.php/doctrina.php/doctrina.php/actos.php/doctrina.php/actos.php/index.php/norma_menu.php/jurisprudencia.php/doctrina.php/actos.php/doctrina.php/actos.php/ HTTP/1.1" 200 4822
35.165.121.32 - - [20/Nov/2019:06:27:56 -0500] "GET /robots.txt HTTP/1.1" 404 1154
181.57.161.83 - - [20/Nov/2019:06:27:56 -0500] "GET /BLA/boletinlegal/normativa.php HTTP/1.1" 200 8156
35.165.121.32 - - [20/Nov/2019:06:27:56 -0500] "GET / HTTP/1.1" 200 9990
35.165.121.32 - - [20/Nov/2019:06:27:57 -0500] "GET /www.ambientebogota.gov.co/ HTTP/1.1" 404 1154
69.162.124.232 - - [20/Nov/2019:06:28:07 -0500] "HEAD / HTTP/1.1" 200 -
34.212.81.190 - - [20/Nov/2019:06:28:10 -0500] "GET /galeria/nivo-slider/demo/inicio.html HTTP/1.1" 200 4803
186.154.126.0 - - [20/Nov/2019:06:28:17 -0500] "GET /BLA/resoluciones/RESOLUCIONES%202014/3735.pdf HTTP/1.1" 200 8782119
186.154.126.0 - - [20/Nov/2019:06:28:19 -0500] "GET /favicon.ico HTTP/1.1" 200 7782
158.69.243.140 - - [20/Nov/2019:06:28:24 -0500] "GET /BLA/boletinlegal/documentos-importantes.php/index.php/index.php/index.php/doctrina.php/doctrina.php/actos.php/doctrina.php/actos.php/index.php/norma_menu.php/jurisprudencia.php/doctrina.php/actos.php/doctrina.php/doctrina.php/ HTTP/1.1" 200 4822
186.154.126.0 - - [20/Nov/2019:06:28:26 -0500] "GET /BLA/resoluciones/RESOLUCIONES%202014/3735.pdf HTTP/1.1" 206 590119
186.154.126.0 - - [20/Nov/2019:06:28:27 -0500] "GET /BLA/resoluciones/RESOLUCIONES%202014/3735.pdf HTTP/1.1" 206 3342336
54.149.213.222 - - [20/Nov/2019:06:28:39 -0500] "GET /robots.txt HTTP/1.1" 404 1154
54.149.213.222 - - [20/Nov/2019:06:28:39 -0500] "GET / HTTP/1.1" 200 9990
54.149.213.222 - - [20/Nov/2019:06:28:40 -0500] "GET /www.ambientebogota.gov.co/ HTTP/1.1" 404 1154
66.249.88.25 - - [20/Nov/2019:06:28:56 -0500] "GET /galeria/galeria/jquery.fancybox.css?v=2.1.5 HTTP/1.1" 200 4895
66.249.88.25 - - [20/Nov/2019:06:28:56 -0500] "GET /BLA/boletinlegal/js/jquery.scrollShow.js HTTP/1.1" 200 4586
66.249.88.25 - - [20/Nov/2019:06:28:56 -0500] "GET /galeria/galeria/jquery.fancybox.js?v=2.1.5 HTTP/1.1" 200 48706
216.244.66.195 - - [20/Nov/2019:06:28:58 -0500] "GET /BLA/resoluciones/AUTOS%202009/2555.pdf HTTP/1.1" 200 100883
18.237.142.54 - - [20/Nov/2019:06:28:58 -0500] "GET /galeria/nivo-slider/demo/inicio.html HTTP/1.1" 200 4803
158.69.243.140 - - [20/Nov/2019:06:29:09 -0500] "GET /BLA/boletinlegal/documentos-importantes.php/index.php/index.php/index.php/doctrina.php/doctrina.php/actos.php/doctrina.php/actos.php/index.php/norma_menu.php/jurisprudencia.php/doctrina.php/actos.php/doctrina.php/index.php/ HTTP/1.1" 200 4822
66.249.64.57 - - [20/Nov/2019:06:29:27 -0500] "GET /BLA/resoluciones/RESOLUCIONES%202009/4800.pdf HTTP/1.1" 200 136030
192.168.175.104 - - [20/Nov/2019:06:29:29 -0500] "GET / HTTP/1.0" 200 9990
54.36.148.212 - - [20/Nov/2019:06:29:42 -0500] "GET /BLA/resoluciones/RESOLUCIONES%202004/RES%202004%20901-950/00000908.tif HTTP/1.1" 200 176760
66.249.88.23 - - [20/Nov/2019:06:29:48 -0500] "GET /galeria/galeria/jquery.fancybox.css?v=2.1.5 HTTP/1.1" 200 4895
66.249.88.25 - - [20/Nov/2019:06:29:48 -0500] "GET /BLA/boletinlegal/js/jquery.scrollShow.js HTTP/1.1" 200 4586
66.249.88.25 - - [20/Nov/2019:06:29:48 -0500] "GET /galeria/galeria/jquery.fancybox.js?v=2.1.5 HTTP/1.1" 200 48706
216.244.66.195 - - [20/Nov/2019:06:29:49 -0500] "GET /BLA/resoluciones/AUTOS%202009/2590.pdf HTTP/1.1" 200 112192
52.12.128.150 - - [20/Nov/2019:06:29:49 -0500] "GET /galeria/nivo-slider/demo/inicio.html HTTP/1.1" 200 4803
54.202.72.220 - - [20/Nov/2019:06:29:49 -0500] "GET /robots.txt HTTP/1.1" 404 1154
54.202.72.220 - - [20/Nov/2019:06:29:50 -0500] "GET / HTTP/1.1" 200 9990
54.202.72.220 - - [20/Nov/2019:06:29:50 -0500] "GET /www.ambientebogota.gov.co/ HTTP/1.1" 404 1154
158.69.243.140 - - [20/Nov/2019:06:29:52 -0500] "GET /BLA/boletinlegal/documentos-importantes.php/index.php/index.php/index.php/doctrina.php/doctrina.php/actos.php/doctrina.php/actos.php/index.php/norma_menu.php/jurisprudencia.php/doctrina.php/actos.php/doctrina.php/norma_menu.php/ HTTP/1.1" 200 4822
186.154.126.0 - - [20/Nov/2019:06:30:10 -0500] "GET /BLA/resoluciones/RESOLUCIONES%202014/3735.pdf HTTP/1.1" 206 4849664
192.168.175.104 - - [20/Nov/2019:06:30:19 -0500] "GET / HTTP/1.1" 200 9990
66.249.64.57 - - [20/Nov/2019:06:30:26 -0500] "GET /BLA/resoluciones/Notificaciones/REGISTROS%202015/1030.doc HTTP/1.1" 200 210432
18.237.217.228 - - [20/Nov/2019:06:30:35 -0500] "GET /galeria/nivo-slider/demo/inicio.html HTTP/1.1" 200 4803
66.249.64.57 - - [20/Nov/2019:06:30:50 -0500] "GET /BLA/resoluciones/RESOLUCIONES%202018/1355.pdf HTTP/1.1" 200 206268
216.244.66.195 - - [20/Nov/2019:06:30:54 -0500] "GET /BLA/resoluciones/AUTOS%202009/2648.pdf HTTP/1.1" 200 72012
158.69.243.140 - - [20/Nov/2019:06:31:08 -0500] "GET /BLA/boletinlegal/documentos-importantes.php/index.php/index.php/index.php/doctrina.php/doctrina.php/actos.php/doctrina.php/actos.php/index.php/norma_menu.php/jurisprudencia.php/doctrina.php/actos.php/index.php/actos.php/ HTTP/1.1" 200 4822
66.249.64.57 - - [20/Nov/2019:06:31:14 -0500] "GET /BLA/resoluciones/AUTOS%202011/3703.pdf HTTP/1.1" 200 166941
158.69.243.140 - - [20/Nov/2019:06:31:59 -0500] "GET /BLA/boletinlegal/documentos-importantes.php/index.php/index.php/index.php/doctrina.php/doctrina.php/actos.php/doctrina.php/actos.php/index.php/norma_menu.php/jurisprudencia.php/doctrina.php/actos.php/index.php/doctrina.php/ HTTP/1.1" 200 4822
66.249.64.57 - - [20/Nov/2019:06:32:01 -0500] "GET /BLA/resoluciones/AUTOS%202016/2956.pdf HTTP/1.1" 304 -
216.244.66.195 - - [20/Nov/2019:06:32:07 -0500] "GET /BLA/resoluciones/AUTOS%202010/0174.pdf HTTP/1.1" 200 359908
66.249.64.57 - - [20/Nov/2019:06:32:13 -0500] "GET /BLA/resoluciones/AUTOS%202014/4261.pdf HTTP/1.1" 200 524866
35.167.157.51 - - [20/Nov/2019:06:32:20 -0500] "GET /galeria/nivo-slider/demo/inicio.html HTTP/1.1" 200 4803
66.249.64.57 - - [20/Nov/2019:06:32:29 -0500] "GET /BLA/resoluciones/RESOLUCIONES%202010/5590.pdf HTTP/1.1" 200 229192
66.249.64.59 - - [20/Nov/2019:06:32:36 -0500] "GET /BLA/resoluciones/AUTOS%202014/0717.pdf HTTP/1.1" 200 516534
66.249.64.59 - - [20/Nov/2019:06:32:44 -0500] "GET /BLA/resoluciones/AUTOS%202014/0069.pdf HTTP/1.1" 200 637947
216.244.66.195 - - [20/Nov/2019:06:32:47 -0500] "GET /BLA/resoluciones/AUTOS%202010/0531.pdf HTTP/1.1" 200 176359
66.249.64.57 - - [20/Nov/2019:06:32:52 -0500] "GET /BLA/resoluciones/RESOLUCIONES%202015/0019.pdf HTTP/1.1" 200 818275
201.236.225.97 - - [20/Nov/2019:06:32:55 -0500] "GET /galeria/galeria/jquery.fancybox.css?v=2.1.5 HTTP/1.1" 200 4895
201.236.225.97 - - [20/Nov/2019:06:32:55 -0500] "GET /BLA/boletinlegal/js/jquery.scrollShow.js HTTP/1.1" 200 4586
201.236.225.97 - - [20/Nov/2019:06:32:55 -0500] "GET /galeria/galeria/jquery.fancybox.js?v=2.1.5 HTTP/1.1" 200 48706
66.249.64.57 - - [20/Nov/2019:06:33:01 -0500] "GET /BLA/resoluciones/AUTOS%202014/5151.pdf HTTP/1.1" 200 484995
158.69.243.140 - - [20/Nov/2019:06:33:05 -0500] "GET /BLA/boletinlegal/documentos-importantes.php/index.php/index.php/index.php/doctrina.php/doctrina.php/actos.php/doctrina.php/actos.php/index.php/norma_menu.php/jurisprudencia.php/doctrina.php/actos.php/index.php/index.php/ HTTP/1.1" 200 4822
69.162.124.232 - - [20/Nov/2019:06:33:07 -0500] "HEAD / HTTP/1.1" 200 -
66.249.64.59 - - [20/Nov/2019:06:33:13 -0500] "GET /BLA/resoluciones/AUTOS%202013/1139.pdf HTTP/1.1" 200 1156711
216.244.66.195 - - [20/Nov/2019:06:33:24 -0500] "GET /BLA/resoluciones/AUTOS%202010/1389.pdf HTTP/1.1" 200 255177
54.191.233.80 - - [20/Nov/2019:06:33:32 -0500] "GET /galeria/nivo-slider/demo/inicio.html HTTP/1.1" 200 4803
66.249.64.61 - - [20/Nov/2019:06:33:37 -0500] "GET /BLA/resoluciones/RESOLUCIONES%202007/RES%202007%20501%20AL%20600/RESOLUCION%200507%20DE%202007.pdf HTTP/1.1" 304 -
66.249.88.23 - - [20/Nov/2019:06:33:42 -0500] "GET /galeria/galeria/jquery.fancybox.css?v=2.1.5 HTTP/1.1" 200 4895
66.249.88.19 - - [20/Nov/2019:06:33:42 -0500] "GET /galeria/carrusel/Carrusel/jquery.thumbnailScroller.css HTTP/1.1" 200 2066
66.249.88.25 - - [20/Nov/2019:06:33:42 -0500] "GET /galeria/galeria/jquery.fancybox.js?v=2.1.5 HTTP/1.1" 200 48706
66.249.88.19 - - [20/Nov/2019:06:33:42 -0500] "GET /BLA/boletinlegal/js/jquery.scrollShow.js HTTP/1.1" 200 4586
66.249.88.25 - - [20/Nov/2019:06:33:42 -0500] "GET /galeria/carrusel/Carrusel/jquery.thumbnailScroller.js HTTP/1.1" 200 8157
66.249.88.23 - - [20/Nov/2019:06:33:42 -0500] "GET /galeria/carrusel/Carrusel/jquery-ui-1.8.13.custom.min.js HTTP/1.1" 200 10800
158.69.243.140 - - [20/Nov/2019:06:33:43 -0500] "GET /BLA/boletinlegal/documentos-importantes.php/index.php/index.php/index.php/doctrina.php/doctrina.php/actos.php/doctrina.php/actos.php/index.php/norma_menu.php/jurisprudencia.php/doctrina.php/actos.php/index.php/jurisprudencia.php/ HTTP/1.1" 200 4822
66.249.88.19 - - [20/Nov/2019:06:33:43 -0500] "GET /galeria/nivo-slider/demo/inicio.html HTTP/1.1" 200 4803
66.249.88.25 - - [20/Nov/2019:06:33:44 -0500] "GET /galeria/nivo-slider/themes/default/default.css HTTP/1.1" 200 1569
66.249.88.19 - - [20/Nov/2019:06:33:44 -0500] "GET /galeria/nivo-slider/themes/pascal/pascal.css HTTP/1.1" 200 2258
66.249.88.25 - - [20/Nov/2019:06:33:44 -0500] "GET /galeria/nivo-slider/nivo-slider.css HTTP/1.1" 200 1507
66.249.88.19 - - [20/Nov/2019:06:33:44 -0500] "GET /galeria/nivo-slider/demo/style.css HTTP/1.1" 200 2222
66.249.88.23 - - [20/Nov/2019:06:33:44 -0500] "GET /galeria/nivo-slider/themes/orman/orman.css HTTP/1.1" 200 2152
66.249.88.23 - - [20/Nov/2019:06:33:44 -0500] "GET /galeria/nivo-slider/demo/scripts/jquery-1.7.1.min.js HTTP/1.1" 200 93868
66.249.88.25 - - [20/Nov/2019:06:33:44 -0500] "GET /galeria/nivo-slider/jquery.nivo.slider.pack.js HTTP/1.1" 200 11561
66.249.88.19 - - [20/Nov/2019:06:33:44 -0500] "GET /galeria/nivo-slider/demo/images/bannerclimabog.jpg HTTP/1.1" 200 170671
66.249.88.23 - - [20/Nov/2019:06:33:44 -0500] "GET /galeria/nivo-slider/demo/images/Bannerpread.jpg HTTP/1.1" 200 256621
66.249.88.25 - - [20/Nov/2019:06:33:44 -0500] "GET /galeria/nivo-slider/themes/default/loading.gif HTTP/1.1" 200 1737
66.249.88.25 - - [20/Nov/2019:06:33:44 -0500] "GET /galeria/nivo-slider/demo/images/4Simple_Slider.png HTTP/1.1" 200 11722
66.249.88.19 - - [20/Nov/2019:06:33:44 -0500] "GET /galeria/nivo-slider/demo/images/iniciativas-Ambientales.jpg HTTP/1.1" 200 201405
66.249.88.25 - - [20/Nov/2019:06:33:44 -0500] "GET /galeria/nivo-slider/demo/images/Bannerveterinaria.jpg HTTP/1.1" 200 254705
66.249.88.25 - - [20/Nov/2019:06:33:45 -0500] "GET /galeria/nivo-slider/demo/images/banneragendamiento.jpg HTTP/1.1" 200 116897
66.249.88.19 - - [20/Nov/2019:06:33:45 -0500] "GET /galeria/nivo-slider/demo/images/bannerincendios.jpg HTTP/1.1" 200 206070
66.249.88.23 - - [20/Nov/2019:06:33:45 -0500] "GET /galeria/nivo-slider/demo/images/Banner%20tinguas.jpg HTTP/1.1" 200 214878
66.249.88.19 - - [20/Nov/2019:06:33:45 -0500] "GET /galeria/nivo-slider/demo/images/Bannerserpiente2019.jpg HTTP/1.1" 200 270374
66.249.88.23 - - [20/Nov/2019:06:33:45 -0500] "GET /galeria/nivo-slider/demo/images/Noviembre.png HTTP/1.1" 200 519399
66.249.88.19 - - [20/Nov/2019:06:33:45 -0500] "GET /galeria/nivo-slider/demo/images/puntos%20atencion%20BANNER.jpg HTTP/1.1" 200 244208
66.249.88.23 - - [20/Nov/2019:06:33:46 -0500] "GET /galeria/nivo-slider/demo/images/Banner%20Visor%20Geografico%20Ambiental.jpg HTTP/1.1" 200 204673
66.249.88.25 - - [20/Nov/2019:06:33:46 -0500] "GET /galeria/nivo-slider/demo/images/Banner%20consumo%20sostenible%20final.jpg HTTP/1.1" 200 364746
66.249.88.23 - - [20/Nov/2019:06:33:46 -0500] "GET /galeria/nivo-slider/demo/images/Banner%20RCD.jpg HTTP/1.1" 200 92197
66.249.88.23 - - [20/Nov/2019:06:33:47 -0500] "GET /galeria/nivo-slider/demo/images/Banner%20Conpes.jpg HTTP/1.1" 200 55220
66.249.88.25 - - [20/Nov/2019:06:33:47 -0500] "GET /galeria/nivo-slider/demo/images/Banner%20practicas%20sostenibles.jpg HTTP/1.1" 200 142958
66.249.88.23 - - [20/Nov/2019:06:33:47 -0500] "GET /galeria/nivo-slider/demo/images/Banner%20POT.png HTTP/1.1" 200 418238
66.249.88.23 - - [20/Nov/2019:06:33:47 -0500] "GET /galeria/nivo-slider/demo/images/Banneranonimos.png HTTP/1.1" 200 109388
216.244.66.195 - - [20/Nov/2019:06:34:01 -0500] "GET /BLA/resoluciones/AUTOS%202010/1457.pdf HTTP/1.1" 200 200489
66.249.64.57 - - [20/Nov/2019:06:34:12 -0500] "GET /BLA/resoluciones/AUTOS%202014/6796.pdf HTTP/1.1" 200 440129
35.160.2.227 - - [20/Nov/2019:06:34:19 -0500] "GET /robots.txt HTTP/1.1" 404 1154
35.160.2.227 - - [20/Nov/2019:06:34:19 -0500] "GET / HTTP/1.1" 200 9990
35.160.2.227 - - [20/Nov/2019:06:34:20 -0500] "GET /www.ambientebogota.gov.co/ HTTP/1.1" 404 1154
34.221.108.17 - - [20/Nov/2019:06:34:25 -0500] "GET /robots.txt HTTP/1.1" 404 1154
34.221.108.17 - - [20/Nov/2019:06:34:26 -0500] "GET / HTTP/1.1" 200 9990
34.221.108.17 - - [20/Nov/2019:06:34:26 -0500] "GET /www.ambientebogota.gov.co/ HTTP/1.1" 404 1154
192.168.175.104 - - [20/Nov/2019:06:34:27 -0500] "GET / HTTP/1.0" 200 9990
34.215.128.91 - - [20/Nov/2019:06:34:33 -0500] "GET /robots.txt HTTP/1.1" 404 1154
34.215.128.91 - - [20/Nov/2019:06:34:34 -0500] "GET / HTTP/1.1" 200 9990
34.215.128.91 - - [20/Nov/2019:06:34:34 -0500] "GET /www.ambientebogota.gov.co/ HTTP/1.1" 404 1154
158.69.243.140 - - [20/Nov/2019:06:34:35 -0500] "GET /BLA/boletinlegal/documentos-importantes.php/index.php/index.php/index.php/doctrina.php/doctrina.php/actos.php/doctrina.php/actos.php/index.php/norma_menu.php/jurisprudencia.php/doctrina.php/actos.php/index.php/norma_menu.php/ HTTP/1.1" 200 4822
216.244.66.195 - - [20/Nov/2019:06:35:00 -0500] "GET /BLA/resoluciones/AUTOS%202010/1516.pdf HTTP/1.1" 200 490095
186.86.108.104 - - [20/Nov/2019:06:35:04 -0500] "GET /galeria/galeria/jquery.fancybox.css?v=2.1.5 HTTP/1.1" 200 4895
186.86.108.104 - - [20/Nov/2019:06:35:05 -0500] "GET /BLA/boletinlegal/js/jquery.scrollShow.js HTTP/1.1" 200 4586
186.86.108.104 - - [20/Nov/2019:06:35:05 -0500] "GET /galeria/galeria/jquery.fancybox.js?v=2.1.5 HTTP/1.1" 200 48706
66.249.64.57 - - [20/Nov/2019:06:35:12 -0500] "GET /BLA/resoluciones/RESOLUCIONES%202015/0777.pdf HTTP/1.1" 200 475840
192.168.175.104 - - [20/Nov/2019:06:35:17 -0500] "GET / HTTP/1.1" 200 9990
186.84.22.183 - - [20/Nov/2019:06:35:22 -0500] "GET /galeria/galeria/jquery.fancybox.css?v=2.1.5 HTTP/1.1" 200 4895
186.84.22.183 - - [20/Nov/2019:06:35:22 -0500] "GET /galeria/galeria/jquery.fancybox.js?v=2.1.5 HTTP/1.1" 200 48706
186.84.22.183 - - [20/Nov/2019:06:35:22 -0500] "GET /BLA/boletinlegal/js/jquery.scrollShow.js HTTP/1.1" 200 4586
158.69.243.140 - - [20/Nov/2019:06:35:24 -0500] "GET /BLA/boletinlegal/documentos-importantes.php/index.php/index.php/index.php/doctrina.php/doctrina.php/actos.php/doctrina.php/actos.php/index.php/norma_menu.php/jurisprudencia.php/doctrina.php/actos.php/norma_menu.php/actos.php/ HTTP/1.1" 200 4822
66.249.64.57 - - [20/Nov/2019:06:35:47 -0500] "GET /BLA/resoluciones/RESOLUCIONES%202012/0959.pdf HTTP/1.1" 200 427620
46.229.168.151 - - [20/Nov/2019:06:35:58 -0500] "GET /robots.txt HTTP/1.1" 404 1019
46.229.168.144 - - [20/Nov/2019:06:35:59 -0500] "GET /Autoliquidacion/index.php?dir=TR%C3%83%C2%83%C3%82%C2%83%C3%83%C2%82%C3%82%C2%83%C3%83%C2%83%C3%82%C2%82%C3%83%C2%82%C3%82%C2%83%C3%83%C2%83%C3%82%C2%83%C3%83%C2%82%C3%82%C2%82%C3%83%C2%83%C3%82%C2%82%C3%83%C2%82%C3%82%C2%83%C3%83%C2%83%C3%82%C2%83%C3%83%C2%82%C3%82%C2%83%C3%83%C2%83%C3%82%C2%82%C3%83%C2%82%C3%82%C2%82%C3%83%C2%83%C3%82%C2%83%C3%83%C2%82%C3%82%C2%82%C3%83%C2%83%C3%82%C2%82%C3%83%C2%82%C3%82%C2%83%C3%83%C2%83%C3%82%C2%83%C3%83%C2%82%C3%82%C2%83%C3%83%C2%83%C3%82%C2%82%C3%83%C2%82%C3%82%C2%83%C3%83%C2%83%C3%82%C2%83%C3%83%C2%82%C3%82%C2%82%C3%83%C2%83%C3%82%C2%82%C3%83%C2%82%C3%82%C2%82%C3%83%C2%83%C3%82%C2%83%C3%83%C2%82%C3%82%C2%83%C3%83%C2%83%C3%82%C2%82%C3%83%C2%82%C3%82%C2%82%C3%83%C2%83%C3%82%C2%83%C3%83%C2%82%C3%82%C2%82%C3%83%C2%83%C3%82%C2%82%C3%83%C2%82%C3%82%C2%83%C3%83%C2%83%C3%82%C2%83%C3%83%C2%82%C3%82%C2%83%C3%83%C2%83%C3%82%C2%82%C3%83%C2%82%C3%82%C2%83%C3%83%C2%83%C3%82%C2%83%C3%83%C2%82%C3%82%C2%82%C3%83%C2%83%C3%82%C2%82%C3%83%C2%82%C3%82%C2%83%C3%83%C2%83%C3%82%C2%83%C3%83%C2%82%C3%82%C2%83%C3%83%C2%83%C3%82%C2%82%C3%83%C2%82%C3%82%C2%82%C3%83%C2%83%C3%82%C2%83%C3%83%C2%82%C3%82%C2%82%C3%83%C2%83%C3%82%C2%82%C3%83%C2%82%C3%82%C2%82%C3%83%C2%83%C3%82%C2%83%C3%83%C2%82%C3%82%C2%83%C3%83%C2%83%C3%82%C2%82%C3%83%C2%82%C3%82%C2%83%C3%83%C2%83%C3%82%C2%83%C3%83%C2%82%C3%82%C2%82%C3%83%C2%83%C3%82%C2%82%C3%83%C2%82%C3%82%C2%82%C3%83%C2%83%C3%82%C2%83%C3%83%C2%82%C3%82%C2%83%C3%83%C2%83%C3%82%C2%82%C3%83%C2%82%C3%82%C2%82%C3%83%C2%83%C3%82%C2%83%C3%83%C2%82%C3%82%C2%82%C3%83%C2%83%C3%82%C2%82%C3%83%C2%82%C3%82%C2%83%C3%83%C2%83%C3%82%C2%83%C3%83%C2%82%C3%82%C2%83%C3%83%C2%83%C3%82%C2%82%C3%83%C2%82%C3%82%C2%83%C3%83%C2%83%C3%82%C2%83%C3%83%C2%82%C3%82%C2%82%C3%83%C2%83%C3%82%C2%82%C3%83%C2%82%C3%82%C2%83%C3%83%C2%83%C3%82%C2%83%C3%83%C2%82%C3%82%C2%83%C3%83%C2%83%C3%82%C2%82%C3%83%C2%82%C3%82%C2%82%C3%83%C2%83%C3%82%C2%83%C3%83%C2%82%C3%82%C2%82%C3%83%C2%83%C3%82%C2%82%C3%83%C2%82%C3%82%C2%83%C3%83%C2%83%C3%82%C2%83%C3%83%C2%82%C3%82%C2%83%C3%83%C2%83%C3%82%C2%82%C3%83%C2%82%C3%82%C2%83%C3%83%C2%83%C3%82%C2%83%C3%83%C2%82%C3%82%C2%82%C3%83%C2%83%C3%82%C2%82%C3%83%C2%82%C3%82%C2%82%C3%83%C2%83%C3%82%C2%83%C3%83%C2%82%C3%82%C2%83%C3%83%C2%83%C3%82%C2%82%C3%83%C2%82%C3%82%C2%82%C3%83%C2%83%C3%82%C2%83%C3%83%C2%82%C3%82%C2%82%C3%83%C2%83%C3%82%C2%82%C3%83%C2%82%C3%82%C2%82%C3%83%C2%83%C3%82%C2%83%C3%83%C2%82%C3%82%C2%83%C3%83%C2%83%C3%82%C2%82%C3%83%C2%82%C3%82%C2%83%C3%83%C2%83%C3%82%C2%83%C3%83%C2%82%C3%82%C2%82%C3%83%C2%83%C3%82%C2%82%C3%83%C2%82%C3%82%C2%83%C3%83%C2%83%C3%82%C2%83%C3%83%C2%82%C3%82%C2%83%C3%83%C2%83%C3%82%C2%82%C3%83%C2%82%C3%82%C2%82%C3%83%C2%83%C3%82%C2%83%C3%83%C2%82%C3%82%C2%82%C3%83%C2%83%C3%82%C2%82%C3%83%C2%82%C3%82%C2%82%C3%83%C2%83%C3%82%C2%83%C3%83%C2%82%C3%82%C2%83%C3%83%C2%83%C3%82%C2%82%C3%83%C2%82%C3%82%C2%83%C3%83%C2%83%C3%82%C2%83%C3%83%C2%82%C3%82%C2%82%C3%83%C2%83%C3%82%C2%82%C3%83%C2%82%C3%82%C2%82%C3%83%C2%83%C3%82%C2%83%C3%83%C2%82%C3%82%C2%83%C3%83%C2%83%C3%82%C2%82%C3%83%C2%82%C3%82%C2%82%C3%83%C2%83%C3%82%C2%83%C3%83%C2%82%C3%82%C2%82%C3%83%C2%83%C3%82%C2%82%C3%83%C2%82%C3%82%C2%81MITES%2BAGUAS%2BSUPERFICIALES%2F&order=desc&sort=date HTTP/1.1" 200 9684
66.249.64.57 - - [20/Nov/2019:06:35:59 -0500] "GET /BLA/resoluciones/AUTOS%202017/0143.pdf HTTP/1.1" 200 303527
158.69.243.140 - - [20/Nov/2019:06:36:11 -0500] "GET /BLA/boletinlegal/documentos-importantes.php/index.php/index.php/index.php/doctrina.php/doctrina.php/actos.php/doctrina.php/actos.php/index.php/norma_menu.php/jurisprudencia.php/doctrina.php/actos.php/norma_menu.php/doctrina.php/ HTTP/1.1" 200 4822
66.249.64.57 - - [20/Nov/2019:06:36:11 -0500] "GET /Publicaciones/2019EE169927.pdf HTTP/1.1" 404 228
190.68.153.221 - - [20/Nov/2019:06:36:11 -0500] "GET /galeria/galeria/jquery.fancybox.js?v=2.1.5 HTTP/1.1" 200 48706
190.68.153.221 - - [20/Nov/2019:06:36:11 -0500] "GET /galeria/galeria/jquery.fancybox.css?v=2.1.5 HTTP/1.1" 200 4895
186.86.32.112 - - [20/Nov/2019:06:36:14 -0500] "GET /galeria/galeria/jquery.fancybox.js?v=2.1.5 HTTP/1.1" 200 48706
186.86.32.112 - - [20/Nov/2019:06:36:14 -0500] "GET /galeria/galeria/jquery.fancybox.css?v=2.1.5 HTTP/1.1" 200 4895
186.86.32.112 - - [20/Nov/2019:06:36:14 -0500] "GET /BLA/boletinlegal/js/jquery.scrollShow.js HTTP/1.1" 200 4586
201.232.246.144 - - [20/Nov/2019:06:36:15 -0500] "GET /galeria/galeria/jquery.fancybox.js?v=2.1.5 HTTP/1.1" 200 48706
201.232.246.144 - - [20/Nov/2019:06:36:15 -0500] "GET /galeria/galeria/jquery.fancybox.css?v=2.1.5 HTTP/1.1" 200 4895
201.232.246.144 - - [20/Nov/2019:06:36:15 -0500] "GET /BLA/boletinlegal/js/jquery.scrollShow.js HTTP/1.1" 200 4586
66.249.64.57 - - [20/Nov/2019:06:36:23 -0500] "GET /BLA/resoluciones/AUTOS%202015/4395.pdf HTTP/1.1" 200 695210
186.86.32.112 - - [20/Nov/2019:06:36:25 -0500] "GET /galeria/galeria/jquery.fancybox.css?v=2.1.5 HTTP/1.1" 304 -
186.86.32.112 - - [20/Nov/2019:06:36:25 -0500] "GET /galeria/galeria/jquery.fancybox.js?v=2.1.5 HTTP/1.1" 304 -
186.86.32.112 - - [20/Nov/2019:06:36:25 -0500] "GET /BLA/boletinlegal/js/jquery.scrollShow.js HTTP/1.1" 304 -
66.249.64.59 - - [20/Nov/2019:06:36:35 -0500] "GET /BLA/resoluciones/RESOLUCIONES%202007/RES%202007%202301%20AL%202400/RESOLUCION%202382%20DE%202007.pdf HTTP/1.1" 200 638359
158.69.243.140 - - [20/Nov/2019:06:36:59 -0500] "GET /BLA/boletinlegal/documentos-importantes.php/index.php/index.php/index.php/doctrina.php/doctrina.php/actos.php/doctrina.php/actos.php/index.php/norma_menu.php/jurisprudencia.php/doctrina.php/actos.php/norma_menu.php/index.php/ HTTP/1.1" 200 4822
66.249.64.57 - - [20/Nov/2019:06:36:59 -0500] "GET /BLA/resoluciones/AUTOS%202018/2136.pdf HTTP/1.1" 200 279250
201.245.192.253 - - [20/Nov/2019:06:36:24 -0500] "POST /kwsrmcab/Wsrmcab HTTP/1.1" 200 26471
34.221.1.20 - - [20/Nov/2019:06:37:04 -0500] "GET /galeria/nivo-slider/demo/inicio.html HTTP/1.1" 200 4803
66.249.64.57 - - [20/Nov/2019:06:37:10 -0500] "GET /BLA/resoluciones/AUTOS%202015/2127.pdf HTTP/1.1" 200 717906
216.244.66.195 - - [20/Nov/2019:06:37:16 -0500] "GET /BLA/resoluciones/AUTOS%202010/2171.pdf HTTP/1.1" 200 211784
200.122.243.76 - - [20/Nov/2019:06:37:17 -0500] "GET /BLA/resoluciones/AUTOS%202015/2651.pdf HTTP/1.1" 200 584881
54.213.208.191 - - [20/Nov/2019:06:37:18 -0500] "GET /galeria/nivo-slider/demo/inicio.html HTTP/1.1" 200 4803
200.122.243.76 - - [20/Nov/2019:06:37:27 -0500] "GET /favicon.ico HTTP/1.1" 200 7782
66.249.64.59 - - [20/Nov/2019:06:37:34 -0500] "GET /BLA/resoluciones/RESOLUCIONES%202007/RES%202007%203201%20AL%203300/RESOLUCION%203223%20DE%202007.pdf HTTP/1.1" 200 283072
200.71.62.19 - - [20/Nov/2019:06:37:35 -0500] "GET /galeria/nivo-slider/demo/inicio.html HTTP/1.1" 200 4803
200.71.62.19 - - [20/Nov/2019:06:37:35 -0500] "GET /galeria/nivo-slider/demo/images/bannerclimabog.jpg HTTP/1.1" 200 170671
200.71.62.19 - - [20/Nov/2019:06:37:36 -0500] "GET /galeria/nivo-slider/demo/images/Bannerpread.jpg HTTP/1.1" 200 256621
200.71.62.19 - - [20/Nov/2019:06:37:36 -0500] "GET /galeria/nivo-slider/demo/images/bannerincendios.jpg HTTP/1.1" 200 206070
200.71.62.19 - - [20/Nov/2019:06:37:36 -0500] "GET /galeria/nivo-slider/demo/images/iniciativas-Ambientales.jpg HTTP/1.1" 304 -
200.71.62.19 - - [20/Nov/2019:06:37:36 -0500] "GET /galeria/nivo-slider/demo/images/Bannerveterinaria.jpg HTTP/1.1" 304 -
200.71.62.19 - - [20/Nov/2019:06:37:36 -0500] "GET /galeria/nivo-slider/demo/images/banneragendamiento.jpg HTTP/1.1" 200 116897
200.71.62.19 - - [20/Nov/2019:06:37:36 -0500] "GET /galeria/nivo-slider/demo/images/Banner%20tinguas.jpg HTTP/1.1" 304 -
200.71.62.19 - - [20/Nov/2019:06:37:36 -0500] "GET /galeria/nivo-slider/demo/images/Bannerserpiente2019.jpg HTTP/1.1" 304 -
200.71.62.19 - - [20/Nov/2019:06:37:36 -0500] "GET /galeria/nivo-slider/demo/images/Noviembre.png HTTP/1.1" 200 519399
200.71.62.19 - - [20/Nov/2019:06:37:36 -0500] "GET /galeria/nivo-slider/demo/images/puntos%20atencion%20BANNER.jpg HTTP/1.1" 304 -
200.71.62.19 - - [20/Nov/2019:06:37:36 -0500] "GET /galeria/nivo-slider/demo/images/Banner%20consumo%20sostenible%20final.jpg HTTP/1.1" 304 -
200.71.62.19 - - [20/Nov/2019:06:37:36 -0500] "GET /galeria/nivo-slider/demo/images/Banner%20Visor%20Geografico%20Ambiental.jpg HTTP/1.1" 304 -
40.77.167.189 - - [20/Nov/2019:06:37:37 -0500] "GET /BLA/boletinlegal/actos.php HTTP/1.1" 200 8778
158.69.243.140 - - [20/Nov/2019:06:37:44 -0500] "GET /BLA/boletinlegal/documentos-importantes.php/index.php/index.php/index.php/doctrina.php/doctrina.php/actos.php/doctrina.php/actos.php/index.php/norma_menu.php/jurisprudencia.php/doctrina.php/actos.php/norma_menu.php/norma_menu.php/ HTTP/1.1" 200 4822
216.244.66.195 - - [20/Nov/2019:06:37:53 -0500] "GET /BLA/resoluciones/AUTOS%202010/3790.pdf HTTP/1.1" 200 265517
52.34.179.64 - - [20/Nov/2019:06:37:57 -0500] "GET /robots.txt HTTP/1.1" 404 1154
52.34.179.64 - - [20/Nov/2019:06:37:57 -0500] "GET / HTTP/1.1" 200 9990
52.34.179.64 - - [20/Nov/2019:06:37:58 -0500] "GET /www.ambientebogota.gov.co/ HTTP/1.1" 404 1154
69.162.124.232 - - [20/Nov/2019:06:38:07 -0500] "HEAD / HTTP/1.1" 200 -
66.249.64.59 - - [20/Nov/2019:06:38:07 -0500] "GET /BLA/resoluciones/RESOLUCIONES%202007/RES%202007%202301%20AL%202400/RESOLUCION%202316%20DE%202007.pdf HTTP/1.1" 200 968594
66.249.64.57 - - [20/Nov/2019:06:38:19 -0500] "GET /BLA/resoluciones/AUTOS%202016/1643.pdf HTTP/1.1" 200 742050
66.249.64.57 - - [20/Nov/2019:06:38:30 -0500] "GET /BLA/resoluciones/RESOLUCIONES%202014/3297.pdf HTTP/1.1" 200 915251
46.229.168.134 - - [20/Nov/2019:06:38:31 -0500] "GET /Autoliquidacion/index.php?dir=TR%C3%83%C2%81MITES%2BAGUAS%2BSUPERFICIALES%2F&order=asc&sort=date HTTP/1.1" 200 6625
216.244.66.195 - - [20/Nov/2019:06:38:31 -0500] "GET /BLA/resoluciones/AUTOS%202010/4347.pdf HTTP/1.1" 200 257983
66.249.64.57 - - [20/Nov/2019:06:38:46 -0500] "GET /BLA/resoluciones/RESOLUCIONES%202011/0797.pdf HTTP/1.1" 200 306637
158.69.243.140 - - [20/Nov/2019:06:38:52 -0500] "GET /BLA/boletinlegal/documentos-importantes.php/index.php/index.php/index.php/doctrina.php/doctrina.php/actos.php/doctrina.php/actos.php/index.php/norma_menu.php/jurisprudencia.php/doctrina.php/doctrina.php/actos.php/actos.php/ HTTP/1.1" 200 4822
66.249.64.57 - - [20/Nov/2019:06:38:53 -0500] "GET /BLA/resoluciones/RESOLUCIONES%202013/0445.pdf HTTP/1.1" 200 2788900
66.249.64.61 - - [20/Nov/2019:06:39:00 -0500] "GET /BLA/resoluciones/RESOLUCIONES%202009/4406.pdf HTTP/1.1" 200 59068
66.249.64.61 - - [20/Nov/2019:06:39:09 -0500] "GET /BLA/resoluciones/RESOLUCIONES%202018/3516.pdf HTTP/1.1" 304 -
192.168.175.104 - - [20/Nov/2019:06:39:23 -0500] "GET / HTTP/1.0" 200 9990
181.57.161.83 - - [20/Nov/2019:06:39:27 -0500] "GET /BLA/boletinlegal/consulta_normativa.php?tipo=Ley&sector=Aire&ano=2019&resuelve= HTTP/1.1" 200 454
181.57.161.83 - - [20/Nov/2019:06:39:28 -0500] "GET /BLA/boletinlegal/consulta_normativa.php?tipo=Ley&sector=Aire&ano=2019&resuelve= HTTP/1.1" 200 454
181.57.161.83 - - [20/Nov/2019:06:39:32 -0500] "GET /BLA/boletinlegal/consulta_normativa.php?tipo=Decreto&sector=Aire&ano=2019&resuelve= HTTP/1.1" 200 454
66.249.64.63 - - [20/Nov/2019:06:39:33 -0500] "GET /BLA/resoluciones/AUTOS%202013/1122.pdf HTTP/1.1" 200 964001
216.244.66.195 - - [20/Nov/2019:06:39:38 -0500] "GET /BLA/resoluciones/AUTOS%202010/5468.pdf HTTP/1.1" 200 152655
66.249.64.63 - - [20/Nov/2019:06:39:42 -0500] "GET /videos/galeria-cronicas/js/jquery.jplayer.min.js HTTP/1.1" 200 43668
158.69.243.140 - - [20/Nov/2019:06:39:43 -0500] "GET /BLA/boletinlegal/documentos-importantes.php/index.php/index.php/index.php/doctrina.php/doctrina.php/actos.php/doctrina.php/actos.php/index.php/norma_menu.php/jurisprudencia.php/doctrina.php/doctrina.php/actos.php/doctrina.php/ HTTP/1.1" 200 4822
181.57.161.83 - - [20/Nov/2019:06:39:49 -0500] "GET /BLA/boletinlegal/consulta_normativa.php?tipo=Acuerdo&sector=Aire&ano=2019&resuelve= HTTP/1.1" 200 454
181.57.161.83 - - [20/Nov/2019:06:39:52 -0500] "GET /BLA/boletinlegal/consulta_normativa.php?tipo=Resolucion&sector=Aire&ano=2019&resuelve= HTTP/1.1" 200 454
181.57.161.83 - - [20/Nov/2019:06:39:56 -0500] "GET /BLA/boletinlegal/consulta_normativa.php?tipo=Resolucion&sector=vertimientos&ano=2019&resuelve= HTTP/1.1" 200 454
34.209.192.78 - - [20/Nov/2019:06:39:57 -0500] "GET /galeria/nivo-slider/demo/inicio.html HTTP/1.1" 200 4803
181.57.161.83 - - [20/Nov/2019:06:39:58 -0500] "GET /BLA/boletinlegal/consulta_normativa.php?tipo=Ley&sector=vertimientos&ano=2019&resuelve= HTTP/1.1" 200 454
181.57.161.83 - - [20/Nov/2019:06:40:01 -0500] "GET /BLA/boletinlegal/consulta_normativa.php?tipo=Decreto&sector=vertimientos&ano=2019&resuelve= HTTP/1.1" 200 454
181.57.161.83 - - [20/Nov/2019:06:40:04 -0500] "GET /BLA/boletinlegal/consulta_normativa.php?tipo=Acuerdo&sector=vertimientos&ano=2019&resuelve= HTTP/1.1" 200 454
181.57.161.83 - - [20/Nov/2019:06:40:06 -0500] "GET /BLA/boletinlegal/consulta_normativa.php?tipo=Resolucion&sector=vertimientos&ano=2019&resuelve= HTTP/1.1" 200 454
181.57.161.83 - - [20/Nov/2019:06:40:06 -0500] "GET /BLA/boletinlegal/consulta_normativa.php?tipo=Resolucion&sector=vertimientos&ano=2019&resuelve= HTTP/1.1" 200 454
181.57.161.83 - - [20/Nov/2019:06:40:07 -0500] "GET /BLA/boletinlegal/consulta_normativa.php?tipo=Resolucion&sector=vertimientos&ano=2019&resuelve= HTTP/1.1" 200 454
181.57.161.83 - - [20/Nov/2019:06:40:07 -0500] "GET /BLA/boletinlegal/consulta_normativa.php?tipo=Resolucion&sector=vertimientos&ano=2019&resuelve= HTTP/1.1" 200 454
66.249.64.61 - - [20/Nov/2019:06:40:09 -0500] "GET /BLA/resoluciones/Notificaciones/AUTOS%202015/0485.doc HTTP/1.1" 200 213504
66.249.88.19 - - [20/Nov/2019:06:40:13 -0500] "GET /galeria/galeria/jquery.fancybox.js?v=2.1.5 HTTP/1.1" 200 48706
66.249.88.19 - - [20/Nov/2019:06:40:13 -0500] "GET /BLA/boletinlegal/js/jquery.scrollShow.js HTTP/1.1" 200 4586
66.249.88.19 - - [20/Nov/2019:06:40:13 -0500] "GET /galeria/galeria/jquery.fancybox.css?v=2.1.5 HTTP/1.1" 200 4895
216.244.66.195 - - [20/Nov/2019:06:40:14 -0500] "GET /BLA/resoluciones/AUTOS%202010/5622.pdf HTTP/1.1" 200 135499
192.168.175.104 - - [20/Nov/2019:06:40:14 -0500] "GET / HTTP/1.1" 200 9990
54.36.149.2 - - [20/Nov/2019:06:40:20 -0500] "GET /galeria/galeria/fotos/Humedal-la-Isla2G.jpg HTTP/1.1" 200 207490
66.249.64.61 - - [20/Nov/2019:06:40:20 -0500] "GET /BLA/resoluciones/RESOLUCIONES%202009/3687.pdf HTTP/1.1" 200 146588
200.122.253.138 - - [20/Nov/2019:06:40:25 -0500] "GET /galeria/galeria/jquery.fancybox.css?v=2.1.5 HTTP/1.1" 200 4895
200.122.253.138 - - [20/Nov/2019:06:40:25 -0500] "GET /BLA/boletinlegal/js/jquery.scrollShow.js HTTP/1.1" 200 4586
200.122.253.138 - - [20/Nov/2019:06:40:25 -0500] "GET /galeria/galeria/jquery.fancybox.js?v=2.1.5 HTTP/1.1" 200 48706
158.69.243.140 - - [20/Nov/2019:06:40:32 -0500] "GET /BLA/boletinlegal/documentos-importantes.php/index.php/index.php/index.php/doctrina.php/doctrina.php/actos.php/doctrina.php/actos.php/index.php/norma_menu.php/jurisprudencia.php/doctrina.php/doctrina.php/actos.php/index.php/ HTTP/1.1" 200 4822
66.249.64.59 - - [20/Nov/2019:06:40:32 -0500] "GET /BLA/resoluciones/RESOLUCIONES%202007/RES%202007%20101%20AL%20200/RESOLUCION%200146%20DE%202007.pdf HTTP/1.1" 200 285136
216.244.66.195 - - [20/Nov/2019:06:40:50 -0500] "GET /BLA/resoluciones/AUTOS%202010/5716.pdf HTTP/1.1" 200 151517
181.49.188.9 - - [20/Nov/2019:06:41:00 -0500] "GET /BLA/boletinlegal/js/jquery.scrollShow.js HTTP/1.1" 200 4586
181.49.188.9 - - [20/Nov/2019:06:41:00 -0500] "GET /galeria/galeria/jquery.fancybox.css?v=2.1.5 HTTP/1.1" 200 4895
181.49.188.9 - - [20/Nov/2019:06:41:00 -0500] "GET /galeria/galeria/jquery.fancybox.js?v=2.1.5 HTTP/1.1" 200 48706
181.57.161.83 - - [20/Nov/2019:06:41:12 -0500] "GET /BLA/boletinlegal/consulta_normativa.php?tipo=Ley&sector=vertimientos&ano=2019&resuelve= HTTP/1.1" 200 454
181.57.161.83 - - [20/Nov/2019:06:41:13 -0500] "GET /BLA/boletinlegal/consulta_normativa.php?tipo=Ley&sector=vertimientos&ano=2019&resuelve= HTTP/1.1" 200 454
181.57.161.83 - - [20/Nov/2019:06:41:13 -0500] "GET /BLA/boletinlegal/consulta_normativa.php?tipo=Ley&sector=vertimientos&ano=2019&resuelve= HTTP/1.1" 200 454
181.57.161.83 - - [20/Nov/2019:06:41:17 -0500] "GET /BLA/boletinlegal/consulta_normativa.php?tipo=Ley&sector=pma&ano=2019&resuelve= HTTP/1.1" 200 454
216.244.66.195 - - [20/Nov/2019:06:41:30 -0500] "GET /BLA/resoluciones/AUTOS%202010/6916.pdf HTTP/1.1" 200 215425
181.57.161.83 - - [20/Nov/2019:06:41:32 -0500] "GET /BLA/boletinlegal/consulta_normativa.php?tipo=Ley&sector=pma&ano=2019&resuelve= HTTP/1.1" 200 454
181.57.161.83 - - [20/Nov/2019:06:41:32 -0500] "GET /BLA/boletinlegal/consulta_normativa.php?tipo=Ley&sector=pma&ano=2019&resuelve= HTTP/1.1" 200 454
66.249.64.59 - - [20/Nov/2019:06:41:32 -0500] "GET /BLA/resoluciones/AUTOS%202009/2437.pdf HTTP/1.1" 200 101708
