190.60.250.200 - - [21/Nov/2019:08:44:27 -0500] "GET /galeria/nivo-slider/demo/images/banneragendamiento.jpg HTTP/1.1" 200 116897
190.60.250.200 - - [21/Nov/2019:08:44:27 -0500] "GET /galeria/nivo-slider/demo/images/bannerrendicion.jpg HTTP/1.1" 200 153938
190.60.250.200 - - [21/Nov/2019:08:44:27 -0500] "GET /galeria/nivo-slider/demo/images/Bannerpread.jpg HTTP/1.1" 200 256621
185.153.199.7 - - [21/Nov/2019:08:44:27 -0500] "\x03" 400 291
66.249.66.82 - - [21/Nov/2019:08:44:27 -0500] "GET /BLA/resoluciones/AUTOS%202016/2219.pdf HTTP/1.1" 200 429281
190.60.250.200 - - [21/Nov/2019:08:44:28 -0500] "GET /galeria/nivo-slider/demo/images/Banner%20consumo%20sostenible%20final.jpg HTTP/1.1" 200 364746
190.60.250.200 - - [21/Nov/2019:08:44:28 -0500] "GET /galeria/nivo-slider/demo/images/Bannerveterinaria.jpg HTTP/1.1" 200 254705
190.60.250.200 - - [21/Nov/2019:08:44:28 -0500] "GET /galeria/nivo-slider/demo/images/Banner%20practicas%20sostenibles.jpg HTTP/1.1" 200 142958
190.60.250.200 - - [21/Nov/2019:08:44:28 -0500] "GET /galeria/nivo-slider/demo/images/iniciativas-Ambientales.jpg HTTP/1.1" 200 201405
190.60.250.200 - - [21/Nov/2019:08:44:28 -0500] "GET /galeria/nivo-slider/demo/images/Banner%20RCD.jpg HTTP/1.1" 200 92197
190.60.250.200 - - [21/Nov/2019:08:44:28 -0500] "GET /galeria/nivo-slider/demo/images/Banner%20Conpes.jpg HTTP/1.1" 200 55220
190.60.250.200 - - [21/Nov/2019:08:44:28 -0500] "GET /galeria/nivo-slider/demo/images/Bannerserpiente2019.jpg HTTP/1.1" 200 270374
190.60.250.200 - - [21/Nov/2019:08:44:28 -0500] "GET /galeria/nivo-slider/jquery.nivo.slider.pack.js HTTP/1.1" 200 11561
190.60.250.200 - - [21/Nov/2019:08:44:29 -0500] "GET /galeria/nivo-slider/themes/default/loading.gif HTTP/1.1" 200 1737
190.60.250.200 - - [21/Nov/2019:08:44:29 -0500] "GET /galeria/nivo-slider/demo/images/4Simple_Slider.png HTTP/1.1" 200 11722
190.60.250.200 - - [21/Nov/2019:08:44:30 -0500] "GET /galeria/nivo-slider/demo/images/bannerclimabog.jpg HTTP/1.1" 200 170671
190.60.250.200 - - [21/Nov/2019:08:44:30 -0500] "GET /galeria/nivo-slider/themes/default/arrows.png HTTP/1.1" 200 824
190.60.250.200 - - [21/Nov/2019:08:44:30 -0500] "GET /galeria/nivo-slider/themes/default/bullets.png HTTP/1.1" 200 1281
66.249.66.81 - - [21/Nov/2019:08:44:37 -0500] "GET /BLA/resoluciones/AUTOS%202016/2758.pdf HTTP/1.1" 200 472420
191.102.198.91 - - [21/Nov/2019:08:44:44 -0500] "GET /BLA/resoluciones/RESOLUCIONES%202007/RES%202007%202101%20AL%202200/RESOLUCION%202117%20DE%202007.pdf HTTP/1.1" 200 282093
191.102.198.91 - - [21/Nov/2019:08:44:44 -0500] "GET /favicon.ico HTTP/1.1" 200 7782
66.249.66.82 - - [21/Nov/2019:08:44:50 -0500] "GET /BLA/resoluciones/AUTOS%202013/1654.pdf HTTP/1.1" 304 -
192.168.175.104 - - [21/Nov/2019:08:44:52 -0500] "GET / HTTP/1.0" 200 9990
66.102.6.189 - - [21/Nov/2019:08:44:53 -0500] "GET /galeria/galeria/jquery.fancybox.js?v=2.1.5 HTTP/1.1" 304 -
66.102.6.189 - - [21/Nov/2019:08:44:53 -0500] "GET /BLA/boletinlegal/js/jquery.scrollShow.js HTTP/1.1" 304 -
66.102.6.191 - - [21/Nov/2019:08:44:53 -0500] "GET /galeria/galeria/jquery.fancybox.css?v=2.1.5 HTTP/1.1" 304 -
216.244.66.195 - - [21/Nov/2019:08:44:58 -0500] "GET /BLA/resoluciones/AUTOS%202011/0893.pdf HTTP/1.1" 200 98021
34.212.209.25 - - [21/Nov/2019:08:45:00 -0500] "GET /robots.txt HTTP/1.1" 404 1154
34.212.209.25 - - [21/Nov/2019:08:45:00 -0500] "GET / HTTP/1.1" 200 9990
34.212.209.25 - - [21/Nov/2019:08:45:00 -0500] "GET /www.ambientebogota.gov.co/ HTTP/1.1" 404 1154
106.57.23.179 - - [21/Nov/2019:08:45:01 -0500] "GET /BLA/resoluciones/index.php?dir=AUTOS%2B2010%2F HTTP/1.1" 200 12052
66.249.66.81 - - [21/Nov/2019:08:45:16 -0500] "GET /BLA/resoluciones/AUTOS%202016/2406.pdf HTTP/1.1" 304 -
201.245.192.253 - - [21/Nov/2019:08:45:16 -0500] "GET /BLA/boletinlegal/style.css HTTP/1.1" 200 9406
201.245.192.253 - - [21/Nov/2019:08:45:16 -0500] "GET /BLA/boletinlegal/styles2.css HTTP/1.1" 200 1838
201.245.192.253 - - [21/Nov/2019:08:45:16 -0500] "GET /BLA/boletinlegal/js/jquery.scrollTo-min.js HTTP/1.1" 200 1150
201.245.192.253 - - [21/Nov/2019:08:45:16 -0500] "GET /BLA/boletinlegal/js/jquery.js HTTP/1.1" 200 57254
201.245.192.253 - - [21/Nov/2019:08:45:16 -0500] "GET /BLA/boletinlegal/js/jquery.scrollShow.js HTTP/1.1" 200 4586
201.245.192.253 - - [21/Nov/2019:08:45:16 -0500] "GET /BLA/boletinlegal/images/cabezote%20BLEGAL.jpg HTTP/1.1" 200 118164
201.245.192.253 - - [21/Nov/2019:08:45:16 -0500] "GET /BLA/boletinlegal/images/subscribe-icon-big.png HTTP/1.1" 200 47702
201.245.192.253 - - [21/Nov/2019:08:45:16 -0500] "GET /BLA/boletinlegal/images/historia.png HTTP/1.1" 200 52775
201.245.192.253 - - [21/Nov/2019:08:45:16 -0500] "GET /BLA/boletinlegal/images/arr_l.jpg HTTP/1.1" 200 1979
201.245.192.253 - - [21/Nov/2019:08:45:16 -0500] "GET /BLA/boletinlegal/images/screen_1.png HTTP/1.1" 200 202547
201.245.192.253 - - [21/Nov/2019:08:45:16 -0500] "GET /BLA/boletinlegal/images/registro-usuarios.png HTTP/1.1" 200 8106
201.245.192.253 - - [21/Nov/2019:08:45:16 -0500] "GET /BLA/boletinlegal/images/launch.jpg HTTP/1.1" 200 14577
201.245.192.253 - - [21/Nov/2019:08:45:16 -0500] "GET /BLA/boletinlegal/images/body_bg.jpg HTTP/1.1" 200 1601
201.245.192.253 - - [21/Nov/2019:08:45:16 -0500] "GET /BLA/boletinlegal/images/menu_lft.gif HTTP/1.1" 200 1713
201.245.192.253 - - [21/Nov/2019:08:45:16 -0500] "GET /BLA/boletinlegal/images/menu_rght.gif HTTP/1.1" 200 1627
201.245.192.253 - - [21/Nov/2019:08:45:16 -0500] "GET /BLA/boletinlegal/images/bg_top.jpg HTTP/1.1" 200 522
201.245.192.253 - - [21/Nov/2019:08:45:16 -0500] "GET /BLA/boletinlegal/images/menu_bg.jpg HTTP/1.1" 200 620
201.245.192.253 - - [21/Nov/2019:08:45:16 -0500] "GET /BLA/boletinlegal/images/hover.jpg HTTP/1.1" 200 640
201.245.192.253 - - [21/Nov/2019:08:45:16 -0500] "GET /BLA/boletinlegal/images/text.jpg HTTP/1.1" 200 568
201.245.192.253 - - [21/Nov/2019:08:45:18 -0500] "GET /BLA/boletinlegal/actos.php HTTP/1.1" 200 8778
201.245.192.253 - - [21/Nov/2019:08:45:18 -0500] "GET /BLA/boletinlegal/niceforms.js HTTP/1.1" 200 22876
201.245.192.253 - - [21/Nov/2019:08:45:18 -0500] "GET /BLA/boletinlegal/niceforms-default.css HTTP/1.1" 200 6694
201.245.192.253 - - [21/Nov/2019:08:45:18 -0500] "GET /BLA/boletinlegal/js/lib.js HTTP/1.1" 200 6474
201.245.192.253 - - [21/Nov/2019:08:45:18 -0500] "GET /BLA/boletinlegal/js/popup.js HTTP/1.1" 200 1270
201.245.192.253 - - [21/Nov/2019:08:45:18 -0500] "GET /BLA/boletinlegal/js/jquery1.js HTTP/1.1" 200 29846
201.245.192.253 - - [21/Nov/2019:08:45:18 -0500] "GET /BLA/boletinlegal/js/ajax_actos.js HTTP/1.1" 200 1322
201.245.192.253 - - [21/Nov/2019:08:45:18 -0500] "GET /BLA/boletinlegal/images/green-yellow-blue-pink-th.png HTTP/1.1" 200 7394
201.245.192.253 - - [21/Nov/2019:08:45:18 -0500] "GET /BLA/boletinlegal/images/abajo.png HTTP/1.1" 200 96676
201.245.192.253 - - [21/Nov/2019:08:45:18 -0500] "GET /BLA/boletinlegal/images/icono-email.png HTTP/1.1" 200 5544
201.245.192.253 - - [21/Nov/2019:08:45:18 -0500] "GET /BLA/boletinlegal/images/tel.png HTTP/1.1" 200 14477
201.245.192.253 - - [21/Nov/2019:08:45:18 -0500] "GET /BLA/boletinlegal/images/footer_bg.jpg HTTP/1.1" 200 586
201.245.192.253 - - [21/Nov/2019:08:45:18 -0500] "GET /BLA/boletinlegal/images/footer_bg_l.jpg HTTP/1.1" 200 776
201.245.192.253 - - [21/Nov/2019:08:45:18 -0500] "GET /BLA/boletinlegal/img/0.png HTTP/1.1" 200 110
201.245.192.253 - - [21/Nov/2019:08:45:18 -0500] "GET /BLA/boletinlegal/img/button-left.png HTTP/1.1" 200 57071
201.245.192.253 - - [21/Nov/2019:08:45:18 -0500] "GET /BLA/boletinlegal/img/select-left.png HTTP/1.1" 200 263
201.245.192.253 - - [21/Nov/2019:08:45:18 -0500] "GET /BLA/boletinlegal/img/button-right.png HTTP/1.1" 200 57878
201.245.192.253 - - [21/Nov/2019:08:45:18 -0500] "GET /BLA/boletinlegal/img/button.png HTTP/1.1" 200 43241
201.245.192.253 - - [21/Nov/2019:08:45:18 -0500] "GET /BLA/boletinlegal/img/select-right.png HTTP/1.1" 200 44019
201.245.192.253 - - [21/Nov/2019:08:45:18 -0500] "GET /favicon.ico HTTP/1.1" 200 7782
66.249.66.81 - - [21/Nov/2019:08:45:23 -0500] "GET /BLA/resoluciones/AUTOS%202014/5388.pdf HTTP/1.1" 200 567582
18.237.92.73 - - [21/Nov/2019:08:45:27 -0500] "GET /robots.txt HTTP/1.1" 404 1154
18.237.92.73 - - [21/Nov/2019:08:45:27 -0500] "GET / HTTP/1.1" 200 9990
18.237.92.73 - - [21/Nov/2019:08:45:28 -0500] "GET /www.ambientebogota.gov.co/ HTTP/1.1" 404 1154
201.245.192.253 - - [21/Nov/2019:08:45:16 -0500] "GET /BLA/boletinlegal/ HTTP/1.1" 200 16331
201.245.192.253 - - [21/Nov/2019:08:45:30 -0500] "GET /BLA/boletinlegal/consulta_actos.php?tipo=resoluciones&no=0939&usuario=&sector=&fecha=2017&resuelve= HTTP/1.1" 200 626
66.249.66.81 - - [21/Nov/2019:08:45:34 -0500] "GET /BLA/resoluciones/RESOLUCIONES%202016/2017.pdf HTTP/1.1" 200 542603
46.229.168.147 - - [21/Nov/2019:08:45:47 -0500] "GET /robots.txt HTTP/1.1" 404 1019
46.229.168.147 - - [21/Nov/2019:08:45:48 -0500] "GET /Autoliquidacion/index.php?dir=Permiso%2Bde%2Bocupaci%F3n%2Bde%2Bcauce%2F HTTP/1.1" 200 6619
216.244.66.195 - - [21/Nov/2019:08:45:52 -0500] "GET /BLA/resoluciones/AUTOS%202011/1302.pdf HTTP/1.1" 200 344193
192.168.175.104 - - [21/Nov/2019:08:45:55 -0500] "GET / HTTP/1.1" 200 9990
66.249.65.250 - - [21/Nov/2019:08:46:28 -0500] "GET /BLA/resoluciones/AUTOS%202015/4232.pdf HTTP/1.1" 200 565258
66.249.66.81 - - [21/Nov/2019:08:46:37 -0500] "GET /BLA/resoluciones/AUTOS%202013/0886.pdf HTTP/1.1" 304 -
66.249.66.81 - - [21/Nov/2019:08:46:39 -0500] "GET /BLA/resoluciones/AUTOS%202015/6681.pdf HTTP/1.1" 200 514780
66.249.66.81 - - [21/Nov/2019:08:46:50 -0500] "GET /BLA/resoluciones/AUTOS%202015/2644.pdf HTTP/1.1" 200 566698
186.154.71.109 - - [21/Nov/2019:08:46:55 -0500] "GET /galeria/galeria/jquery.fancybox.css?v=2.1.5 HTTP/1.1" 200 4895
186.154.71.109 - - [21/Nov/2019:08:46:55 -0500] "GET /galeria/galeria/jquery.fancybox.js?v=2.1.5 HTTP/1.1" 200 48706
186.154.71.109 - - [21/Nov/2019:08:46:56 -0500] "GET /BLA/boletinlegal/js/jquery.scrollShow.js HTTP/1.1" 200 4586
66.249.66.82 - - [21/Nov/2019:08:47:06 -0500] "GET /BLA/resoluciones/RESOLUCIONES%202008/1190.pdf HTTP/1.1" 200 1412642
93.209.5.94 - - [21/Nov/2019:08:47:13 -0500] "GET /robots.txt HTTP/1.1" 404 1015
93.209.5.94 - - [21/Nov/2019:08:47:15 -0500] "GET /Anexos%20estudio%20Organizacional%20SDA/ANEXO%20No.%201-%20NORMAS%20LEGALES%20DE%20ESTRUCTURA%20Y%20PLANTA/Acuerdo%209%20de%201990%20Concejo%20de%20Bogot%C3%A1..htm/ HTTP/1.1" 404 1015
190.60.103.26 - - [21/Nov/2019:08:47:15 -0500] "GET /BLA/boletinlegal/js/jquery.scrollShow.js HTTP/1.1" 200 4586
190.60.103.26 - - [21/Nov/2019:08:47:15 -0500] "GET /galeria/galeria/jquery.fancybox.js?v=2.1.5 HTTP/1.1" 200 48706
190.60.103.26 - - [21/Nov/2019:08:47:15 -0500] "GET /galeria/galeria/jquery.fancybox.css?v=2.1.5 HTTP/1.1" 200 4895
190.121.155.132 - - [21/Nov/2019:08:47:17 -0500] "GET /BLA/boletinlegal/js/jquery.scrollShow.js HTTP/1.1" 200 4586
190.121.155.132 - - [21/Nov/2019:08:47:17 -0500] "GET /galeria/galeria/jquery.fancybox.css?v=2.1.5 HTTP/1.1" 200 4895
190.121.155.132 - - [21/Nov/2019:08:47:17 -0500] "GET /galeria/galeria/jquery.fancybox.js?v=2.1.5 HTTP/1.1" 200 48706
93.209.5.94 - - [21/Nov/2019:08:47:17 -0500] "GET /Autoliquidacion/Grupo%20Forestal%20-%20Silvicultura/Formulario%20%C3%BAnico%20nacional%20de%20solicitud%20de%20aprovechamiento%20forestal%20arboles%20aislados.xlsx HTTP/1.1" 404 1015
190.121.155.132 - - [21/Nov/2019:08:47:17 -0500] "GET /galeria/carrusel/Carrusel/jquery.thumbnailScroller.css HTTP/1.1" 200 2066
190.121.155.132 - - [21/Nov/2019:08:47:17 -0500] "GET /galeria/carrusel/Carrusel/jquery-ui-1.8.13.custom.min.js HTTP/1.1" 200 10800
190.121.155.132 - - [21/Nov/2019:08:47:17 -0500] "GET /galeria/carrusel/Carrusel/jquery.thumbnailScroller.js HTTP/1.1" 200 8157
93.209.5.94 - - [21/Nov/2019:08:47:18 -0500] "GET /Autoliquidacion/Grupo%20Forestal%20-%20Silvicultura/Solicitud%20y%20lista%20de%20chequeo%20Evaluaci%C3%B3n%20Silvicultural.xlsx HTTP/1.1" 404 1015
93.209.5.94 - - [21/Nov/2019:08:47:20 -0500] "GET /PruebasSTORM/StormSDA_pruebas/userFiles/user_files/91/?C=M;O=A/ HTTP/1.1" 200 1752
190.121.155.132 - - [21/Nov/2019:08:47:21 -0500] "GET /galeria/nivo-slider/demo/inicio.html HTTP/1.1" 200 5067
190.121.155.132 - - [21/Nov/2019:08:47:21 -0500] "GET /galeria/nivo-slider/themes/default/default.css HTTP/1.1" 200 1569
190.121.155.132 - - [21/Nov/2019:08:47:21 -0500] "GET /galeria/nivo-slider/themes/pascal/pascal.css HTTP/1.1" 200 2258
190.121.155.132 - - [21/Nov/2019:08:47:21 -0500] "GET /galeria/nivo-slider/themes/orman/orman.css HTTP/1.1" 200 2152
190.121.155.132 - - [21/Nov/2019:08:47:21 -0500] "GET /galeria/nivo-slider/nivo-slider.css HTTP/1.1" 200 1507
190.121.155.132 - - [21/Nov/2019:08:47:21 -0500] "GET /galeria/nivo-slider/demo/style.css HTTP/1.1" 200 2222
190.121.155.132 - - [21/Nov/2019:08:47:21 -0500] "GET /galeria/nivo-slider/demo/scripts/jquery-1.7.1.min.js HTTP/1.1" 200 93868
190.121.155.132 - - [21/Nov/2019:08:47:21 -0500] "GET /galeria/nivo-slider/jquery.nivo.slider.pack.js HTTP/1.1" 200 11561
190.121.155.132 - - [21/Nov/2019:08:47:21 -0500] "GET /galeria/nivo-slider/demo/images/bannerclimabog.jpg HTTP/1.1" 200 170671
190.121.155.132 - - [21/Nov/2019:08:47:21 -0500] "GET /galeria/nivo-slider/demo/images/Bannerpread.jpg HTTP/1.1" 200 256621
190.121.155.132 - - [21/Nov/2019:08:47:21 -0500] "GET /galeria/nivo-slider/demo/images/bannerrendicion.jpg HTTP/1.1" 200 153938
190.121.155.132 - - [21/Nov/2019:08:47:21 -0500] "GET /galeria/nivo-slider/demo/images/iniciativas-Ambientales.jpg HTTP/1.1" 200 201405
190.121.155.132 - - [21/Nov/2019:08:47:21 -0500] "GET /galeria/nivo-slider/demo/images/Bannerveterinaria.jpg HTTP/1.1" 200 254705
190.121.155.132 - - [21/Nov/2019:08:47:21 -0500] "GET /galeria/nivo-slider/demo/images/bannerincendios.jpg HTTP/1.1" 200 206070
190.121.155.132 - - [21/Nov/2019:08:47:21 -0500] "GET /galeria/nivo-slider/themes/default/loading.gif HTTP/1.1" 200 1737
190.121.155.132 - - [21/Nov/2019:08:47:22 -0500] "GET /galeria/nivo-slider/demo/images/4Simple_Slider.png HTTP/1.1" 200 11722
190.121.155.132 - - [21/Nov/2019:08:47:22 -0500] "GET /galeria/nivo-slider/demo/images/banneragendamiento.jpg HTTP/1.1" 200 116897
190.121.155.132 - - [21/Nov/2019:08:47:22 -0500] "GET /galeria/nivo-slider/demo/images/Banner%20tinguas.jpg HTTP/1.1" 200 214878
93.209.5.94 - - [21/Nov/2019:08:47:22 -0500] "GET /PruebasSTORM/StormSDA_pruebas/userFiles/user_files/91/?C=N;O=D/ HTTP/1.1" 200 1752
190.121.155.132 - - [21/Nov/2019:08:47:22 -0500] "GET /galeria/nivo-slider/demo/images/Bannerserpiente2019.jpg HTTP/1.1" 200 270374
190.121.155.132 - - [21/Nov/2019:08:47:22 -0500] "GET /galeria/nivo-slider/demo/images/Noviembre.png HTTP/1.1" 200 519399
190.121.155.132 - - [21/Nov/2019:08:47:22 -0500] "GET /galeria/nivo-slider/demo/images/puntos%20atencion%20BANNER.jpg HTTP/1.1" 200 244208
190.121.155.132 - - [21/Nov/2019:08:47:22 -0500] "GET /galeria/nivo-slider/demo/images/Banner%20Visor%20Geografico%20Ambiental.jpg HTTP/1.1" 200 204673
190.121.155.132 - - [21/Nov/2019:08:47:23 -0500] "GET /galeria/nivo-slider/demo/images/Banner%20consumo%20sostenible%20final.jpg HTTP/1.1" 200 364746
190.121.155.132 - - [21/Nov/2019:08:47:23 -0500] "GET /galeria/nivo-slider/demo/images/Banner%20RCD.jpg HTTP/1.1" 200 92197
190.121.155.132 - - [21/Nov/2019:08:47:23 -0500] "GET /galeria/nivo-slider/demo/images/Banner%20Conpes.jpg HTTP/1.1" 200 55220
190.121.155.132 - - [21/Nov/2019:08:47:23 -0500] "GET /galeria/nivo-slider/demo/images/Banner%20practicas%20sostenibles.jpg HTTP/1.1" 200 142958
190.121.155.132 - - [21/Nov/2019:08:47:23 -0500] "GET /galeria/nivo-slider/demo/images/Banner%20POT.png HTTP/1.1" 200 418238
190.121.155.132 - - [21/Nov/2019:08:47:23 -0500] "GET /galeria/nivo-slider/demo/images/Banneranonimos.png HTTP/1.1" 200 109388
93.209.5.94 - - [21/Nov/2019:08:47:24 -0500] "GET /StormSDA/userFiles%20-%20Copy%2019-07-2012/user_files/1/ HTTP/1.1" 200 1747
93.209.5.94 - - [21/Nov/2019:08:47:25 -0500] "GET /StormSDA/userFiles%20-%20Copy%2019-07-2012/user_files/1/?C=N;O=D/ HTTP/1.1" 200 1747
190.121.155.132 - - [21/Nov/2019:08:47:25 -0500] "GET /galeria/nivo-slider/themes/default/arrows.png HTTP/1.1" 200 824
190.121.155.132 - - [21/Nov/2019:08:47:25 -0500] "GET /galeria/nivo-slider/themes/default/bullets.png HTTP/1.1" 200 1281
93.209.5.94 - - [21/Nov/2019:08:47:27 -0500] "GET /StormSDA/userFiles%20-%20Copy%2019-07-2012/user_files/85/ HTTP/1.1" 200 873
93.209.5.94 - - [21/Nov/2019:08:47:29 -0500] "GET /StormSDA/userFiles%20-%20Copy%2019-07-2012/user_files/86/ HTTP/1.1" 200 873
190.28.76.70 - - [21/Nov/2019:08:47:29 -0500] "GET /galeria/galeria/jquery.fancybox.css?v=2.1.5 HTTP/1.1" 200 4895
190.28.76.70 - - [21/Nov/2019:08:47:29 -0500] "GET /BLA/boletinlegal/js/jquery.scrollShow.js HTTP/1.1" 200 4586
190.28.76.70 - - [21/Nov/2019:08:47:29 -0500] "GET /galeria/galeria/jquery.fancybox.js?v=2.1.5 HTTP/1.1" 200 48706
93.209.5.94 - - [21/Nov/2019:08:47:30 -0500] "GET /StormSDA/userFiles%20-%20Copy%2019-07-2012/user_files/87/ HTTP/1.1" 200 873
93.209.5.94 - - [21/Nov/2019:08:47:32 -0500] "GET /StormSDA/userFiles%20-%20Copy%2019-07-2012/user_files/88/ HTTP/1.1" 200 873
93.209.5.94 - - [21/Nov/2019:08:47:34 -0500] "GET /StormSDA/userFiles%20-%20Copy%2019-07-2012/user_files/89/ HTTP/1.1" 200 873
216.244.66.197 - - [21/Nov/2019:08:47:35 -0500] "GET /Anexos%20estudio%20Organizacional%20SDA/index.php?dir=ANEXO%20No.%201-%20NORMAS%20LEGALES%20DE%20ESTRUCTURA%20Y%20PLANTA/Decreto%20109%20de%202009%20-%20Modifica%20la%20estructura%20de%20la%20SDA.jsp_files/&sort=name&order=asc HTTP/1.1" 200 10511
93.209.5.94 - - [21/Nov/2019:08:47:35 -0500] "GET /StormSDA/userFiles%20-%20Copy%2019-07-2012/user_files/89/?C=D;O=D/ HTTP/1.1" 200 873
93.209.5.94 - - [21/Nov/2019:08:47:37 -0500] "GET /StormSDA/userFiles%20-%20Copy%2019-07-2012/user_files/89/?C=M;O=D/ HTTP/1.1" 200 873
93.209.5.94 - - [21/Nov/2019:08:47:39 -0500] "GET /StormSDA/userFiles%20-%20Copy%2019-07-2012/user_files/89/?C=S;O=D/ HTTP/1.1" 200 873
93.209.5.94 - - [21/Nov/2019:08:47:41 -0500] "GET /StormSDA/userFiles%20-%20Copy%2019-07-2012/user_files/90/ HTTP/1.1" 200 873
66.249.66.81 - - [21/Nov/2019:08:47:42 -0500] "GET /BLA/resoluciones/AUTOS%202013/1654.pdf HTTP/1.1" 304 -
93.209.5.94 - - [21/Nov/2019:08:47:42 -0500] "GET /StormSDA/userFiles%20-%20Copy%2019-07-2012/user_files/91/ HTTP/1.1" 200 873
93.209.5.94 - - [21/Nov/2019:08:47:44 -0500] "GET /StormSDA/userFiles%20-%20Copy%2019-07-2012/user_files/92/ HTTP/1.1" 200 873
93.209.5.94 - - [21/Nov/2019:08:47:46 -0500] "GET /StormSDA/userFiles%20-%20Copy%2019-07-2012/user_files/93/ HTTP/1.1" 200 873
93.209.5.94 - - [21/Nov/2019:08:47:47 -0500] "GET /StormSDA/userFiles%20-%20Copy%2019-07-2012/user_files/94/ HTTP/1.1" 200 873
93.209.5.94 - - [21/Nov/2019:08:47:49 -0500] "GET /StormSDA/userFiles%20-%20Copy%2019-07-2012/user_files/95/ HTTP/1.1" 200 873
93.209.5.94 - - [21/Nov/2019:08:47:51 -0500] "GET /StormSDA/userFiles%20-%20Copy%2019-07-2012/user_files/96/ HTTP/1.1" 200 873
190.24.21.145 - - [21/Nov/2019:08:47:52 -0500] "GET /BLA/boletinlegal/js/jquery.scrollShow.js HTTP/1.1" 200 4586
190.24.21.145 - - [21/Nov/2019:08:47:52 -0500] "GET /galeria/galeria/jquery.fancybox.js?v=2.1.5 HTTP/1.1" 200 48706
93.209.5.94 - - [21/Nov/2019:08:47:52 -0500] "GET /StormSDA/userFiles%20-%20Copy%2019-07-2012/user_files/97/ HTTP/1.1" 200 873
190.24.21.145 - - [21/Nov/2019:08:47:52 -0500] "GET /galeria/galeria/jquery.fancybox.css?v=2.1.5 HTTP/1.1" 200 4895
190.24.21.145 - - [21/Nov/2019:08:47:53 -0500] "GET /galeria/carrusel/Carrusel/jquery.thumbnailScroller.css HTTP/1.1" 200 2066
190.24.21.145 - - [21/Nov/2019:08:47:53 -0500] "GET /galeria/carrusel/Carrusel/jquery-ui-1.8.13.custom.min.js HTTP/1.1" 200 10800
190.24.21.145 - - [21/Nov/2019:08:47:54 -0500] "GET /galeria/carrusel/Carrusel/jquery.thumbnailScroller.js HTTP/1.1" 200 8157
93.209.5.94 - - [21/Nov/2019:08:47:54 -0500] "GET /StormSDA/userFiles%20-%20Copy%2019-07-2012/user_files/formatos/ HTTP/1.1" 200 1514
93.209.5.94 - - [21/Nov/2019:08:47:56 -0500] "GET /StormSDA/userFiles%20-%20Copy%2019-07-2012/user_files/listas/ HTTP/1.1" 200 1299
93.209.5.94 - - [21/Nov/2019:08:47:58 -0500] "GET /portalsiaccapacitaciones/Soportes%20Capacitaciones%202017/Gestio%CC%81n%20Integral%20RCD.pptx HTTP/1.1" 404 1015
190.60.103.26 - - [21/Nov/2019:08:47:58 -0500] "GET /autoliquidacion HTTP/1.1" 301 310
190.60.103.26 - - [21/Nov/2019:08:47:58 -0500] "GET /autoliquidacion/ HTTP/1.1" 200 6377
190.60.103.26 - - [21/Nov/2019:08:47:58 -0500] "GET /autoliquidacion/dlf/styles.css HTTP/1.1" 200 3045
190.60.103.26 - - [21/Nov/2019:08:47:58 -0500] "GET /autoliquidacion/dlf/folder.png HTTP/1.1" 200 410
190.60.103.26 - - [21/Nov/2019:08:47:58 -0500] "GET /autoliquidacion/dlf/bg.gif HTTP/1.1" 200 54
93.209.5.94 - - [21/Nov/2019:08:47:59 -0500] "GET /robots.txt HTTP/1.1" 404 1019
93.209.5.94 - - [21/Nov/2019:08:48:00 -0500] "GET /Anexos%20estudio%20Organizacional%20SDA/index.php?dir=ANEXO%20No.%201-%20NORMAS%20LEGALES%20DE%20ESTRUCTURA%20Y%20PLANTA/Decreto%20673%20de%201995%20Reestructura%20el%20DAMA_files/&sort=name&order=asc/ HTTP/1.1" 200 9346
93.209.5.94 - - [21/Nov/2019:08:48:02 -0500] "GET /Anexos%20estudio%20Organizacional%20SDA/index.php?dir=ANEXO%20No.%201-%20NORMAS%20LEGALES%20DE%20ESTRUCTURA%20Y%20PLANTA/Decreto%20673%20de%201995%20Reestructura%20el%20DAMA_files/&sort=size&order=asc/ HTTP/1.1" 200 9499
93.209.5.94 - - [21/Nov/2019:08:48:04 -0500] "GET /Anexos%20estudio%20Organizacional%20SDA/index.php?dir=ANEXO%20No.%201-%20NORMAS%20LEGALES%20DE%20ESTRUCTURA%20Y%20PLANTA/Ley%2099%20de%201993%20-%20Crea%20MimAmbiente_files// HTTP/1.1" 200 9381
93.209.5.94 - - [21/Nov/2019:08:48:06 -0500] "GET /Anexos%20estudio%20Organizacional%20SDA/index.php?dir=ANEXO%20No.%201-%20NORMAS%20LEGALES%20DE%20ESTRUCTURA%20Y%20PLANTA/Ley%2099%20de%201993%20-%20Crea%20MimAmbiente_files/&sort=date&order=asc/ HTTP/1.1" 200 10156
93.209.5.94 - - [21/Nov/2019:08:48:08 -0500] "GET /Anexos%20estudio%20Organizacional%20SDA/index.php?dir=ANEXO%20No.%201-%20NORMAS%20LEGALES%20DE%20ESTRUCTURA%20Y%20PLANTA/Ley%2099%20de%201993%20-%20Crea%20MimAmbiente_files/&sort=name&order=asc/ HTTP/1.1" 200 9114
216.244.66.195 - - [21/Nov/2019:08:48:08 -0500] "GET /BLA/resoluciones/AUTOS%202011/1426.pdf HTTP/1.1" 200 69902
93.209.5.94 - - [21/Nov/2019:08:48:09 -0500] "GET /Anexos%20estudio%20Organizacional%20SDA/index.php?dir=ANEXO%20No.%201-%20NORMAS%20LEGALES%20DE%20ESTRUCTURA%20Y%20PLANTA/Ley%2099%20de%201993%20-%20Crea%20MimAmbiente_files/&sort=size&order=asc/ HTTP/1.1" 200 10010
200.93.146.196 - - [21/Nov/2019:08:48:11 -0500] "GET /galeria/galeria/jquery.fancybox.css?v=2.1.5 HTTP/1.1" 200 4895
93.209.5.94 - - [21/Nov/2019:08:48:11 -0500] "GET /Anexos%20estudio%20Organizacional%20SDA/index.php?dir=ANEXO%20No.%205%20-%20ESTUDIO%20Y%20PROPUESTA%20SERAMB%20IENTE/&sort=date&order=asc/ HTTP/1.1" 200 3622
200.93.146.196 - - [21/Nov/2019:08:48:11 -0500] "GET /BLA/boletinlegal/js/jquery.scrollShow.js HTTP/1.1" 200 4586
200.93.146.196 - - [21/Nov/2019:08:48:11 -0500] "GET /galeria/galeria/jquery.fancybox.js?v=2.1.5 HTTP/1.1" 200 48706
93.209.5.94 - - [21/Nov/2019:08:48:13 -0500] "GET /Anexos%20estudio%20Organizacional%20SDA/index.php?dir=ANEXO%20No.%205%20-%20ESTUDIO%20Y%20PROPUESTA%20SERAMB%20IENTE/&sort=name&order=asc/ HTTP/1.1" 200 3622
93.209.5.94 - - [21/Nov/2019:08:48:14 -0500] "GET /Anexos%20estudio%20Organizacional%20SDA/index.php?dir=ANEXO%20No.%205%20-%20ESTUDIO%20Y%20PROPUESTA%20SERAMB%20IENTE/&sort=size&order=asc/ HTTP/1.1" 200 3622
93.209.5.94 - - [21/Nov/2019:08:48:16 -0500] "GET /Anexos%20estudio%20Organizacional%20SDA/index.php?dir=ANEXO%20No.%207%20-%20PROYECTO%20DE%20DECRETO%20MODIFICATORIO%20DE%20ESTRUCTURA%20DE%20LA%20SDA/&sort=date&order=asc/ HTTP/1.1" 200 2593
181.144.46.239 - - [21/Nov/2019:08:48:18 -0500] "GET /galeria/carrusel/Carrusel/jquery.thumbnailScroller.css HTTP/1.1" 200 2066
181.144.46.239 - - [21/Nov/2019:08:48:18 -0500] "GET /galeria/carrusel/Carrusel/jquery-ui-1.8.13.custom.min.js HTTP/1.1" 200 10800
181.144.46.239 - - [21/Nov/2019:08:48:18 -0500] "GET /galeria/carrusel/Carrusel/jquery.thumbnailScroller.js HTTP/1.1" 200 8157
93.209.5.94 - - [21/Nov/2019:08:48:18 -0500] "GET /Anexos%20estudio%20Organizacional%20SDA/index.php?dir=ANEXO%20No.%207%20-%20PROYECTO%20DE%20DECRETO%20MODIFICATORIO%20DE%20ESTRUCTURA%20DE%20LA%20SDA/&sort=name&order=asc/ HTTP/1.1" 200 2593
181.144.46.239 - - [21/Nov/2019:08:48:19 -0500] "GET /galeria/nivo-slider/demo/inicio.html HTTP/1.1" 200 5067
181.144.46.239 - - [21/Nov/2019:08:48:19 -0500] "GET /galeria/nivo-slider/themes/default/default.css HTTP/1.1" 200 1569
181.144.46.239 - - [21/Nov/2019:08:48:19 -0500] "GET /galeria/nivo-slider/themes/pascal/pascal.css HTTP/1.1" 200 2258
181.144.46.239 - - [21/Nov/2019:08:48:19 -0500] "GET /galeria/nivo-slider/themes/orman/orman.css HTTP/1.1" 200 2152
181.144.46.239 - - [21/Nov/2019:08:48:19 -0500] "GET /galeria/nivo-slider/demo/style.css HTTP/1.1" 200 2222
181.144.46.239 - - [21/Nov/2019:08:48:19 -0500] "GET /galeria/nivo-slider/demo/images/Bannerpread.jpg HTTP/1.1" 200 256621
181.144.46.239 - - [21/Nov/2019:08:48:19 -0500] "GET /galeria/nivo-slider/demo/images/bannerrendicion.jpg HTTP/1.1" 200 153938
181.144.46.239 - - [21/Nov/2019:08:48:19 -0500] "GET /galeria/nivo-slider/nivo-slider.css HTTP/1.1" 200 1507
181.144.46.239 - - [21/Nov/2019:08:48:19 -0500] "GET /galeria/nivo-slider/demo/images/bannerclimabog.jpg HTTP/1.1" 200 170671
181.144.46.239 - - [21/Nov/2019:08:48:19 -0500] "GET /galeria/nivo-slider/demo/scripts/jquery-1.7.1.min.js HTTP/1.1" 200 93868
181.144.46.239 - - [21/Nov/2019:08:48:19 -0500] "GET /galeria/nivo-slider/jquery.nivo.slider.pack.js HTTP/1.1" 200 11561
181.144.46.239 - - [21/Nov/2019:08:48:19 -0500] "GET /galeria/nivo-slider/demo/images/iniciativas-Ambientales.jpg HTTP/1.1" 200 201405
93.209.5.94 - - [21/Nov/2019:08:48:20 -0500] "GET /Autoliquidacion/Grupo%20Forestal%20-%20Silvicultura/Formulario%20%C3%BAnico%20nacional%20de%20solicitud%20de%20aprovechamiento%20forestal%20arboles%20aislados.xlsx HTTP/1.1" 404 1019
181.144.46.239 - - [21/Nov/2019:08:48:20 -0500] "GET /galeria/nivo-slider/themes/default/loading.gif HTTP/1.1" 200 1737
181.144.46.239 - - [21/Nov/2019:08:48:20 -0500] "GET /galeria/nivo-slider/demo/images/4Simple_Slider.png HTTP/1.1" 200 11722
181.144.46.239 - - [21/Nov/2019:08:48:20 -0500] "GET /galeria/nivo-slider/demo/images/Bannerveterinaria.jpg HTTP/1.1" 200 254705
181.144.46.239 - - [21/Nov/2019:08:48:20 -0500] "GET /galeria/nivo-slider/demo/images/bannerincendios.jpg HTTP/1.1" 200 206070
181.144.46.239 - - [21/Nov/2019:08:48:20 -0500] "GET /galeria/nivo-slider/demo/images/banneragendamiento.jpg HTTP/1.1" 200 116897
69.162.124.232 - - [21/Nov/2019:08:48:20 -0500] "HEAD / HTTP/1.1" 200 -
93.209.5.94 - - [21/Nov/2019:08:48:21 -0500] "GET /Autoliquidacion/Grupo%20Forestal%20-%20Silvicultura/Solicitud%20y%20lista%20de%20chequeo%20Evaluaci%C3%B3n%20Silvicultural.xlsx HTTP/1.1" 404 1019
181.144.46.239 - - [21/Nov/2019:08:48:22 -0500] "GET /galeria/nivo-slider/demo/images/Banner%20tinguas.jpg HTTP/1.1" 200 214878
181.144.46.239 - - [21/Nov/2019:08:48:22 -0500] "GET /galeria/nivo-slider/demo/images/Bannerserpiente2019.jpg HTTP/1.1" 200 270374
181.144.46.239 - - [21/Nov/2019:08:48:22 -0500] "GET /galeria/nivo-slider/demo/images/Noviembre.png HTTP/1.1" 200 519399
181.144.46.239 - - [21/Nov/2019:08:48:22 -0500] "GET /galeria/nivo-slider/demo/images/puntos%20atencion%20BANNER.jpg HTTP/1.1" 200 244208
181.144.46.239 - - [21/Nov/2019:08:48:23 -0500] "GET /galeria/nivo-slider/demo/images/Banner%20Visor%20Geografico%20Ambiental.jpg HTTP/1.1" 200 204673
181.144.46.239 - - [21/Nov/2019:08:48:23 -0500] "GET /galeria/nivo-slider/demo/images/Banner%20consumo%20sostenible%20final.jpg HTTP/1.1" 200 364746
93.209.5.94 - - [21/Nov/2019:08:48:23 -0500] "GET /PruebasSTORM/StormSDA_pruebas/userFiles/user_files/91/?C=D;O=A/ HTTP/1.1" 200 1756
181.144.46.239 - - [21/Nov/2019:08:48:24 -0500] "GET /galeria/nivo-slider/demo/images/Banner%20RCD.jpg HTTP/1.1" 200 92197
181.144.46.239 - - [21/Nov/2019:08:48:24 -0500] "GET /galeria/nivo-slider/demo/images/Banner%20Conpes.jpg HTTP/1.1" 200 55220
181.144.46.239 - - [21/Nov/2019:08:48:24 -0500] "GET /galeria/nivo-slider/demo/images/Banner%20practicas%20sostenibles.jpg HTTP/1.1" 200 142958
181.144.46.239 - - [21/Nov/2019:08:48:25 -0500] "GET /galeria/nivo-slider/demo/images/Banner%20POT.png HTTP/1.1" 200 418238
181.144.46.239 - - [21/Nov/2019:08:48:25 -0500] "GET /galeria/nivo-slider/demo/images/Banneranonimos.png HTTP/1.1" 200 109388
93.209.5.94 - - [21/Nov/2019:08:48:25 -0500] "GET /PruebasSTORM/StormSDA_pruebas/userFiles/user_files/91/?C=S;O=D/ HTTP/1.1" 200 1756
93.209.5.94 - - [21/Nov/2019:08:48:26 -0500] "GET /PruebasSTORM/silvicultura2Pruebas/index2.php/ HTTP/1.1" 200 414
181.144.46.239 - - [21/Nov/2019:08:48:27 -0500] "GET /galeria/nivo-slider/themes/default/arrows.png HTTP/1.1" 200 824
181.144.46.239 - - [21/Nov/2019:08:48:27 -0500] "GET /galeria/nivo-slider/themes/default/bullets.png HTTP/1.1" 200 1281
93.209.5.94 - - [21/Nov/2019:08:48:28 -0500] "GET /SIG/index.php/ECS/126PM04-PR47.pdf/?dir=Gestion%20Documental// HTTP/1.1" 200 5851
93.209.5.94 - - [21/Nov/2019:08:48:30 -0500] "GET /SIG/index.php/ECS/126PM04-PR47.pdf/?dir=Gestion%20Recursos%20Financieros// HTTP/1.1" 200 9159
93.209.5.94 - - [21/Nov/2019:08:48:32 -0500] "GET /SIG/index.php/ECS/126PM04-PR49.pdf/?dir=&sort=date&order=asc/ HTTP/1.1" 200 4959
93.209.5.94 - - [21/Nov/2019:08:48:33 -0500] "GET /SIG/index.php/ECS/126PM04-PR49.pdf/?dir=&sort=name&order=desc/ HTTP/1.1" 200 4959
93.209.5.94 - - [21/Nov/2019:08:48:35 -0500] "GET /SIG/index.php/ECS/126PM04-PR49.pdf/?dir=&sort=size&order=asc/ HTTP/1.1" 200 4959
190.60.103.26 - - [21/Nov/2019:08:48:35 -0500] "GET /autoliquidacion/index.php?dir=Solicitud+de+Licencia+Ambiental%2F HTTP/1.1" 200 2553
190.60.103.26 - - [21/Nov/2019:08:48:36 -0500] "GET /autoliquidacion/dlf/dirup.png HTTP/1.1" 200 644
190.60.103.26 - - [21/Nov/2019:08:48:36 -0500] "GET /autoliquidacion/dlf/html.gif HTTP/1.1" 200 632
190.60.103.26 - - [21/Nov/2019:08:48:36 -0500] "GET /autoliquidacion/dlf/pdf.gif HTTP/1.1" 200 272
190.60.103.26 - - [21/Nov/2019:08:48:36 -0500] "GET /autoliquidacion/dlf/xls.gif HTTP/1.1" 200 636
93.209.5.94 - - [21/Nov/2019:08:48:37 -0500] "GET /SIG/index.php/ECS/126PM04-PR49.pdf/?dir=Comunicaciones// HTTP/1.1" 200 3186
93.209.5.94 - - [21/Nov/2019:08:48:38 -0500] "GET /SIG/index.php/ECS/126PM04-PR49.pdf/?dir=Control%20Disciplinario// HTTP/1.1" 200 2985
93.209.5.94 - - [21/Nov/2019:08:48:40 -0500] "GET /SIG/index.php/ECS/126PM04-PR49.pdf/?dir=Control%20y%20mejora// HTTP/1.1" 200 3075
93.209.5.94 - - [21/Nov/2019:08:48:42 -0500] "GET /SIG/index.php/ECS/126PM04-PR49.pdf/?dir=Direccionamiento%20Estrategico// HTTP/1.1" 200 4249
93.209.5.94 - - [21/Nov/2019:08:48:43 -0500] "GET /SIG/index.php/ECS/126PM04-PR49.pdf/?dir=ECS// HTTP/1.1" 200 16895
93.209.5.94 - - [21/Nov/2019:08:48:45 -0500] "GET /SIG/index.php/ECS/126PM04-PR49.pdf/?dir=Gestion%20Documental// HTTP/1.1" 200 5851
93.209.5.94 - - [21/Nov/2019:08:48:47 -0500] "GET /SIG/index.php/ECS/126PM04-PR49.pdf/?dir=Gestion%20Recursos%20Financieros// HTTP/1.1" 200 9159
93.209.5.94 - - [21/Nov/2019:08:48:49 -0500] "GET /SIG/index.php/ECS/126PM04-PR55.pdf/?dir=Control%20Disciplinario// HTTP/1.1" 200 2985
93.209.5.94 - - [21/Nov/2019:08:48:50 -0500] "GET /SIG/index.php/ECS/126PM04-PR55.pdf/?dir=Control%20y%20mejora// HTTP/1.1" 200 3075
93.209.5.94 - - [21/Nov/2019:08:48:52 -0500] "GET /SIG/index.php/ECS/126PM04-PR55.pdf/?dir=Direccionamiento%20Estrategico// HTTP/1.1" 200 4249
190.60.103.26 - - [21/Nov/2019:08:48:53 -0500] "GET /autoliquidacion/index.php?dir=Solicitudes+relacionadas+con+calidad+del+aire+auditiva+y+visual%2F HTTP/1.1" 200 5748
93.209.5.94 - - [21/Nov/2019:08:48:54 -0500] "GET /SIG/index.php/ECS/126PM04-PR55.pdf/?dir=ECS// HTTP/1.1" 200 16895
93.209.5.94 - - [21/Nov/2019:08:48:55 -0500] "GET /SIG/index.php/ECS/126PM04-PR55.pdf/?dir=Gestion%20Documental// HTTP/1.1" 200 5851
93.209.5.94 - - [21/Nov/2019:08:48:57 -0500] "GET /SIG/index.php/ECS/126PM04-PR55.pdf/?dir=Gestion%20Recursos%20Financieros// HTTP/1.1" 200 9159
93.209.5.94 - - [21/Nov/2019:08:48:59 -0500] "GET /SIG/index.php/ECS/126PM04-PR56.pdf/?dir=&sort=date&order=asc/ HTTP/1.1" 200 4959
93.209.5.94 - - [21/Nov/2019:08:49:01 -0500] "GET /SIG/index.php/ECS/126PM04-PR56.pdf/?dir=&sort=name&order=desc/ HTTP/1.1" 200 4959
216.244.66.195 - - [21/Nov/2019:08:49:02 -0500] "GET /BLA/resoluciones/AUTOS%202011/1596.pdf HTTP/1.1" 200 135626
93.209.5.94 - - [21/Nov/2019:08:49:03 -0500] "GET /SIG/index.php/ECS/126PM04-PR56.pdf/?dir=&sort=size&order=asc/ HTTP/1.1" 200 4959
93.209.5.94 - - [21/Nov/2019:08:49:04 -0500] "GET /SIG/index.php/ECS/126PM04-PR56.pdf/?dir=Comunicaciones// HTTP/1.1" 200 3186
190.60.103.26 - - [21/Nov/2019:08:49:05 -0500] "GET /autoliquidacion/index.php?dir=Solicitudes+relacionadas+con+calidad+del+aire+auditiva+y+visual%2FRegistro+de+Elementos+de+publicidad+Exterior+Visual%2F HTTP/1.1" 200 4345
93.209.5.94 - - [21/Nov/2019:08:49:06 -0500] "GET /SIG/index.php/ECS/126PM04-PR56.pdf/?dir=Control%20Disciplinario// HTTP/1.1" 200 2985
93.209.5.94 - - [21/Nov/2019:08:49:08 -0500] "GET /SIG/index.php/ECS/126PM04-PR56.pdf/?dir=Control%20y%20mejora// HTTP/1.1" 200 3075
93.209.5.94 - - [21/Nov/2019:08:49:09 -0500] "GET /SIG/index.php/ECS/126PM04-PR56.pdf/?dir=ECS// HTTP/1.1" 200 16895
93.209.5.94 - - [21/Nov/2019:08:49:11 -0500] "GET /SIG/index.php/ECS/126PM04-PR56.pdf/?dir=Gestion%20Documental// HTTP/1.1" 200 5851
190.60.103.26 - - [21/Nov/2019:08:49:11 -0500] "GET /autoliquidacion/Solicitudes%20relacionadas%20con%20calidad%20del%20aire%20auditiva%20y%20visual/Registro%20de%20Elementos%20de%20publicidad%20Exterior%20Visual/2019IE200072%20PM04-PR16.pdf HTTP/1.1" 200 206029
93.209.5.94 - - [21/Nov/2019:08:49:13 -0500] "GET /SIG/index.php/ECS/126PM04-PR56.pdf/?dir=Gestion%20Recursos%20Financieros// HTTP/1.1" 200 9159
93.209.5.94 - - [21/Nov/2019:08:49:15 -0500] "GET /SIG/index.php/ECS/126PM04-PR57.pdf/?dir=&sort=date&order=asc/ HTTP/1.1" 200 4959
93.209.5.94 - - [21/Nov/2019:08:49:16 -0500] "GET /SIG/index.php/ECS/126PM04-PR57.pdf/?dir=&sort=name&order=desc/ HTTP/1.1" 200 4959
191.92.163.103 - - [21/Nov/2019:08:49:17 -0500] "GET /galeria/galeria/jquery.fancybox.css?v=2.1.5 HTTP/1.1" 200 4895
191.92.163.103 - - [21/Nov/2019:08:49:17 -0500] "GET /galeria/galeria/jquery.fancybox.js?v=2.1.5 HTTP/1.1" 200 48706
191.92.163.103 - - [21/Nov/2019:08:49:17 -0500] "GET /BLA/boletinlegal/js/jquery.scrollShow.js HTTP/1.1" 200 4586
93.209.5.94 - - [21/Nov/2019:08:49:18 -0500] "GET /SIG/index.php/ECS/126PM04-PR57.pdf/?dir=&sort=size&order=asc/ HTTP/1.1" 200 4959
93.209.5.94 - - [21/Nov/2019:08:49:20 -0500] "GET /SIG/index.php/ECS/126PM04-PR57.pdf/?dir=Comunicaciones// HTTP/1.1" 200 3186
66.249.66.82 - - [21/Nov/2019:08:49:21 -0500] "GET /BLA/resoluciones/RESOLUCIONES%202017/0750.pdf HTTP/1.1" 200 477693
93.209.5.94 - - [21/Nov/2019:08:49:21 -0500] "GET /SIG/index.php/ECS/126PM04-PR57.pdf/?dir=Control%20Disciplinario// HTTP/1.1" 200 2985
93.209.5.94 - - [21/Nov/2019:08:49:23 -0500] "GET /SIG/index.php/ECS/126PM04-PR57.pdf/?dir=Control%20y%20mejora// HTTP/1.1" 200 3075
34.220.170.45 - - [21/Nov/2019:08:49:25 -0500] "GET /galeria/nivo-slider/demo/inicio.html HTTP/1.1" 200 5067
93.209.5.94 - - [21/Nov/2019:08:49:25 -0500] "GET /SIG/index.php/ECS/126PM04-PR57.pdf/?dir=Direccionamiento%20Estrategico// HTTP/1.1" 200 4249
190.60.103.26 - - [21/Nov/2019:08:49:27 -0500] "GET /autoliquidacion/ HTTP/1.1" 200 6377
93.209.5.94 - - [21/Nov/2019:08:49:26 -0500] "GET /SIG/index.php/ECS/126PM04-PR57.pdf/?dir=ECS// HTTP/1.1" 200 16895
190.60.103.26 - - [21/Nov/2019:08:49:28 -0500] "GET /autoliquidacion/ HTTP/1.1" 200 6377
93.209.5.94 - - [21/Nov/2019:08:49:28 -0500] "GET /SIG/index.php/ECS/126PM04-PR57.pdf/?dir=Gestion%20Documental// HTTP/1.1" 200 5851
93.209.5.94 - - [21/Nov/2019:08:49:30 -0500] "GET /SIG/index.php/ECS/126PM04-PR57.pdf/?dir=Gestion%20Recursos%20Financieros// HTTP/1.1" 200 9159
190.60.103.26 - - [21/Nov/2019:08:49:31 -0500] "GET /autoliquidacion/index.php?dir=Solicitudes+relacionadas+con+calidad+del+aire+auditiva+y+visual%2F HTTP/1.1" 200 5748
93.209.5.94 - - [21/Nov/2019:08:49:32 -0500] "GET /SIG/index.php/ECS/126PM04-PR58.pdf/?dir=&sort=date&order=asc/ HTTP/1.1" 200 4959
190.60.103.26 - - [21/Nov/2019:08:49:33 -0500] "GET /autoliquidacion/index.php?dir=Solicitudes+relacionadas+con+calidad+del+aire+auditiva+y+visual%2FRegistro+de+Elementos+de+publicidad+Exterior+Visual%2F HTTP/1.1" 200 4345
93.209.5.94 - - [21/Nov/2019:08:49:34 -0500] "GET /SIG/index.php/ECS/126PM04-PR58.pdf/?dir=&sort=name&order=desc/ HTTP/1.1" 200 4959
93.209.5.94 - - [21/Nov/2019:08:49:35 -0500] "GET /SIG/index.php/ECS/126PM04-PR58.pdf/?dir=&sort=size&order=asc/ HTTP/1.1" 200 4959
93.209.5.94 - - [21/Nov/2019:08:49:37 -0500] "GET /SIG/index.php/ECS/126PM04-PR58.pdf/?dir=Comunicaciones// HTTP/1.1" 200 3186
190.60.103.26 - - [21/Nov/2019:08:49:37 -0500] "GET /autoliquidacion/Solicitudes%20relacionadas%20con%20calidad%20del%20aire%20auditiva%20y%20visual/Registro%20de%20Elementos%20de%20publicidad%20Exterior%20Visual/PM04PR16F1ListadeChequeoDocumentosSolicituddeRegistroPEV.xls HTTP/1.1" 200 77824
93.209.5.94 - - [21/Nov/2019:08:49:39 -0500] "GET /SIG/index.php/ECS/126PM04-PR58.pdf/?dir=Control%20y%20mejora// HTTP/1.1" 200 3075
93.209.5.94 - - [21/Nov/2019:08:49:40 -0500] "GET /SIG/index.php/ECS/126PM04-PR77.pdf/?dir=Gestion%20Recursos%20Financieros// HTTP/1.1" 200 9159
18.237.222.201 - - [21/Nov/2019:08:49:41 -0500] "GET /galeria/nivo-slider/demo/inicio.html HTTP/1.1" 200 5067
93.209.5.94 - - [21/Nov/2019:08:49:42 -0500] "GET /SIG/index.php/ECS/126PM04-PR78.pdf/?dir=&sort=date&order=asc/ HTTP/1.1" 200 4959
93.209.5.94 - - [21/Nov/2019:08:49:44 -0500] "GET /SIG/index.php/ECS/126PM04-PR78.pdf/?dir=&sort=name&order=desc/ HTTP/1.1" 200 4959
93.209.5.94 - - [21/Nov/2019:08:49:46 -0500] "GET /SIG/index.php/ECS/126PM04-PR78.pdf/?dir=&sort=size&order=asc/ HTTP/1.1" 200 4959
93.209.5.94 - - [21/Nov/2019:08:49:47 -0500] "GET /SIG/index.php/ECS/126PM04-PR78.pdf/?dir=Comunicaciones// HTTP/1.1" 200 3186
93.209.5.94 - - [21/Nov/2019:08:49:49 -0500] "GET /SIG/index.php/ECS/126PM04-PR78.pdf/?dir=Control%20Disciplinario// HTTP/1.1" 200 2985
93.209.5.94 - - [21/Nov/2019:08:49:51 -0500] "GET /SIG/index.php/ECS/126PM04-PR78.pdf/?dir=Control%20y%20mejora// HTTP/1.1" 200 3075
192.168.175.104 - - [21/Nov/2019:08:49:51 -0500] "GET / HTTP/1.0" 200 9990
93.209.5.94 - - [21/Nov/2019:08:49:52 -0500] "GET /SIG/index.php/ECS/126PM04-PR78.pdf/?dir=Direccionamiento%20Estrategico// HTTP/1.1" 200 4249
93.209.5.94 - - [21/Nov/2019:08:49:54 -0500] "GET /SIG/index.php/ECS/126PM04-PR78.pdf/?dir=ECS// HTTP/1.1" 200 16895
93.209.5.94 - - [21/Nov/2019:08:49:56 -0500] "GET /SIG/index.php/ECS/126PM04-PR78.pdf/?dir=Gestion%20Documental// HTTP/1.1" 200 5851
93.209.5.94 - - [21/Nov/2019:08:49:57 -0500] "GET /SIG/index.php/ECS/126PM04-PR78.pdf/?dir=Gestion%20Recursos%20Financieros// HTTP/1.1" 200 9159
93.209.5.94 - - [21/Nov/2019:08:49:59 -0500] "GET /SIG/index.php/ECS/126PM04-PR79.pdf/?dir=&sort=date&order=asc/ HTTP/1.1" 200 4959
93.209.5.94 - - [21/Nov/2019:08:50:01 -0500] "GET /SIG/index.php/ECS/126PM04-PR79.pdf/?dir=&sort=name&order=desc/ HTTP/1.1" 200 4959
93.209.5.94 - - [21/Nov/2019:08:50:03 -0500] "GET /SIG/index.php/ECS/126PM04-PR79.pdf/?dir=&sort=size&order=asc/ HTTP/1.1" 200 4959
93.209.5.94 - - [21/Nov/2019:08:50:04 -0500] "GET /SIG/index.php/ECS/126PM04-PR79.pdf/?dir=Control%20y%20mejora// HTTP/1.1" 200 3075
18.237.201.149 - - [21/Nov/2019:08:50:04 -0500] "GET /robots.txt HTTP/1.1" 404 1154
18.237.201.149 - - [21/Nov/2019:08:50:05 -0500] "GET / HTTP/1.1" 200 9990
18.237.201.149 - - [21/Nov/2019:08:50:05 -0500] "GET /www.ambientebogota.gov.co/ HTTP/1.1" 404 1154
93.209.5.94 - - [21/Nov/2019:08:50:06 -0500] "GET /SIG/index.php/ECS/126PM04-PR79.pdf/?dir=Direccionamiento%20Estrategico// HTTP/1.1" 200 4249
93.209.5.94 - - [21/Nov/2019:08:50:08 -0500] "GET /SIG/index.php/ECS/126PM04-PR79.pdf/?dir=ECS// HTTP/1.1" 200 16895
190.60.102.180 - - [21/Nov/2019:08:50:09 -0500] "GET /BLA/boletinlegal/js/jquery.scrollShow.js HTTP/1.1" 200 4586
190.60.102.180 - - [21/Nov/2019:08:50:09 -0500] "GET /galeria/galeria/jquery.fancybox.js?v=2.1.5 HTTP/1.1" 200 48706
190.60.102.180 - - [21/Nov/2019:08:50:09 -0500] "GET /galeria/galeria/jquery.fancybox.css?v=2.1.5 HTTP/1.1" 200 4895
93.209.5.94 - - [21/Nov/2019:08:50:10 -0500] "GET /SIG/index.php/ECS/126PM04-PR79.pdf/?dir=Gestion%20Documental// HTTP/1.1" 200 5851
93.209.5.94 - - [21/Nov/2019:08:50:11 -0500] "GET /SIG/index.php/ECS/126PM04-PR79.pdf/?dir=Gestion%20Recursos%20Financieros// HTTP/1.1" 200 9159
93.209.5.94 - - [21/Nov/2019:08:50:13 -0500] "GET /SIG/index.php/ECS/126PM04-PR80.pdf/?dir=&sort=date&order=asc/ HTTP/1.1" 200 4959
93.209.5.94 - - [21/Nov/2019:08:50:15 -0500] "GET /SIG/index.php/ECS/126PM04-PR80.pdf/?dir=&sort=name&order=desc/ HTTP/1.1" 200 4959
93.209.5.94 - - [21/Nov/2019:08:50:16 -0500] "GET /SIG/index.php/ECS/126PM04-PR80.pdf/?dir=&sort=size&order=asc/ HTTP/1.1" 200 4959
186.85.56.12 - - [21/Nov/2019:08:50:18 -0500] "GET /BLA/boletinlegal/js/jquery.scrollShow.js HTTP/1.1" 200 4586
186.85.56.12 - - [21/Nov/2019:08:50:18 -0500] "GET /galeria/galeria/jquery.fancybox.js?v=2.1.5 HTTP/1.1" 200 48706
186.85.56.12 - - [21/Nov/2019:08:50:18 -0500] "GET /galeria/galeria/jquery.fancybox.css?v=2.1.5 HTTP/1.1" 200 4895
93.209.5.94 - - [21/Nov/2019:08:50:18 -0500] "GET /SIG/index.php/ECS/126PM04-PR80.pdf/?dir=Comunicaciones// HTTP/1.1" 200 3186
216.244.66.195 - - [21/Nov/2019:08:50:18 -0500] "GET /BLA/resoluciones/AUTOS%202011/1671.pdf HTTP/1.1" 200 159829
93.209.5.94 - - [21/Nov/2019:08:50:20 -0500] "GET /SIG/index.php/ECS/126PM04-PR80.pdf/?dir=Control%20Disciplinario// HTTP/1.1" 200 2985
93.209.5.94 - - [21/Nov/2019:08:50:22 -0500] "GET /SIG/index.php/ECS/126PM04-PR80.pdf/?dir=Control%20y%20mejora// HTTP/1.1" 200 3075
93.209.5.94 - - [21/Nov/2019:08:50:23 -0500] "GET /SIG/index.php/ECS/126PM04-PR80.pdf/?dir=Direccionamiento%20Estrategico// HTTP/1.1" 200 4249
93.209.5.94 - - [21/Nov/2019:08:50:25 -0500] "GET /SIG/index.php/ECS/126PM04-PR80.pdf/?dir=Direccionamiento%20Estrategico//&sort=name&order=desc/ HTTP/1.1" 200 4248
93.209.5.94 - - [21/Nov/2019:08:50:27 -0500] "GET /SIG/index.php/ECS/126PM04-PR80.pdf/?dir=Direccionamiento%20Estrategico//&sort=size&order=asc/ HTTP/1.1" 200 4248
93.209.5.94 - - [21/Nov/2019:08:50:28 -0500] "GET /SIG/index.php/ECS/126PM04-PR80.pdf/?dir=ECS// HTTP/1.1" 200 16895
93.209.5.94 - - [21/Nov/2019:08:50:30 -0500] "GET /SIG/index.php/ECS/126PM04-PR86.pdf/?dir=Gestion%20Documental// HTTP/1.1" 200 5851
93.209.5.94 - - [21/Nov/2019:08:50:32 -0500] "GET /SIG/index.php/ECS/126PM04-PR86.pdf/?dir=Gestion%20Documental//&sort=size&order=asc/ HTTP/1.1" 200 5850
93.209.5.94 - - [21/Nov/2019:08:50:34 -0500] "GET /SIG/index.php/ECS/126PM04-PR86.pdf/?dir=Gestion%20Recursos%20Financieros// HTTP/1.1" 200 9159
93.209.5.94 - - [21/Nov/2019:08:50:35 -0500] "GET /SIG/index.php/ECS/126PM04-PR86.pdf/?dir=Gestion%20Recursos%20Financieros//&sort=date&order=asc/ HTTP/1.1" 200 9158
201.217.203.178 - - [21/Nov/2019:08:50:37 -0500] "GET /autoliquidacion/Solicitudes%20relacionadas%20con%20calidad%20del%20aire%20auditiva%20y%20visual/Registro%20de%20Elementos%20de%20publicidad%20Exterior%20Visual/Aplicativo%20PEV%202019%20-%20Actualizado.xls HTTP/1.1" 200 58368
93.209.5.94 - - [21/Nov/2019:08:50:37 -0500] "GET /SIG/index.php/ECS/126PM04-PR86.pdf/?dir=Gestion%20Recursos%20Financieros//&sort=name&order=desc/ HTTP/1.1" 200 9158
93.209.5.94 - - [21/Nov/2019:08:50:39 -0500] "GET /SIG/index.php/ECS/126PM04-PR86.pdf/?dir=Gestion%20Recursos%20Financieros//&sort=size&order=asc/ HTTP/1.1" 200 9158
201.217.203.178 - - [21/Nov/2019:08:50:41 -0500] "GET /autoliquidacion/Solicitudes%20relacionadas%20con%20calidad%20del%20aire%20auditiva%20y%20visual/Registro%20de%20Elementos%20de%20publicidad%20Exterior%20Visual/Aplicativo%20PEV%202019%20-%20Actualizado.xls HTTP/1.1" 200 58368
93.209.5.94 - - [21/Nov/2019:08:50:41 -0500] "GET /SIG/index.php/ECS/126PM04-PR87.pdf/?dir=&sort=date&order=asc/ HTTP/1.1" 200 4959
201.217.203.178 - - [21/Nov/2019:08:50:41 -0500] "GET /autoliquidacion/Solicitudes%20relacionadas%20con%20calidad%20del%20aire%20auditiva%20y%20visual/Registro%20de%20Elementos%20de%20publicidad%20Exterior%20Visual/Aplicativo%20PEV%202019%20-%20Actualizado.xls HTTP/1.1" 200 58368
190.242.60.76 - - [21/Nov/2019:08:50:42 -0500] "GET /galeria/galeria/jquery.fancybox.js?v=2.1.5 HTTP/1.1" 200 48706
190.242.60.76 - - [21/Nov/2019:08:50:42 -0500] "GET /galeria/galeria/jquery.fancybox.css?v=2.1.5 HTTP/1.1" 200 4895
190.242.60.76 - - [21/Nov/2019:08:50:42 -0500] "GET /BLA/boletinlegal/js/jquery.scrollShow.js HTTP/1.1" 200 4586
93.209.5.94 - - [21/Nov/2019:08:50:42 -0500] "GET /SIG/index.php/ECS/126PM04-PR87.pdf/?dir=&sort=name&order=desc/ HTTP/1.1" 200 4959
93.209.5.94 - - [21/Nov/2019:08:50:44 -0500] "GET /SIG/index.php/ECS/126PM04-PR87.pdf/?dir=&sort=size&order=asc/ HTTP/1.1" 200 4959
93.209.5.94 - - [21/Nov/2019:08:50:46 -0500] "GET /SIG/index.php/ECS/126PM04-PR87.pdf/?dir=Comunicaciones// HTTP/1.1" 200 3186
93.209.5.94 - - [21/Nov/2019:08:50:48 -0500] "GET /SIG/index.php/ECS/126PM04-PR87.pdf/?dir=Control%20Disciplinario// HTTP/1.1" 200 2985
93.209.5.94 - - [21/Nov/2019:08:50:49 -0500] "GET /SIG/index.php/ECS/126PM04-PR87.pdf/?dir=Direccionamiento%20Estrategico// HTTP/1.1" 200 4249
93.209.5.94 - - [21/Nov/2019:08:50:51 -0500] "GET /SIG/index.php/ECS/126PM04-PR87.pdf/?dir=ECS// HTTP/1.1" 200 16895
93.209.5.94 - - [21/Nov/2019:08:50:53 -0500] "GET /SIG/index.php/ECS/126PM04-PR87.pdf/?dir=Gestion%20Documental// HTTP/1.1" 200 5851
201.245.192.253 - - [21/Nov/2019:08:50:54 -0500] "GET /BLA/boletinlegal/consulta_actos.php?tipo=autos&no=5312&usuario=&sector=&fecha=2017&resuelve= HTTP/1.1" 200 626
192.168.175.104 - - [21/Nov/2019:08:50:54 -0500] "GET / HTTP/1.1" 200 9990
93.209.5.94 - - [21/Nov/2019:08:50:54 -0500] "GET /SIG/index.php/ECS/126PM04-PR87.pdf/?dir=Gestion%20Recursos%20Financieros// HTTP/1.1" 200 9159
190.131.219.130 - - [21/Nov/2019:08:50:55 -0500] "GET /BLA/resoluciones/Notificaciones/REGISTROS%202014/1709.doc HTTP/1.1" 200 199680
93.209.5.94 - - [21/Nov/2019:08:50:56 -0500] "GET /SIG/index.php/ECS/126PM04-PR88.pdf/?dir=&sort=date&order=asc/ HTTP/1.1" 200 4959
201.245.192.253 - - [21/Nov/2019:08:50:57 -0500] "GET /BLA/boletinlegal/consulta_actos.php?tipo=autos&no=5312&usuario=&sector=&fecha=2015&resuelve= HTTP/1.1" 200 1063
93.209.5.94 - - [21/Nov/2019:08:50:58 -0500] "GET /SIG/index.php/ECS/126PM04-PR88.pdf/?dir=&sort=name&order=asc/ HTTP/1.1" 200 4959
93.209.5.94 - - [21/Nov/2019:08:50:59 -0500] "GET /SIG/index.php/ECS/126PM04-PR88.pdf/?dir=&sort=name&order=desc/ HTTP/1.1" 200 4959
93.209.5.94 - - [21/Nov/2019:08:51:01 -0500] "GET /SIG/index.php/ECS/126PM04-PR88.pdf/?dir=&sort=size&order=asc/ HTTP/1.1" 200 4959
93.209.5.94 - - [21/Nov/2019:08:51:03 -0500] "GET /SIG/index.php/ECS/126PM04-PR88.pdf/?dir=Control%20Disciplinario// HTTP/1.1" 200 2985
93.209.5.94 - - [21/Nov/2019:08:51:04 -0500] "GET /SIG/index.php/ECS/126PM04-PR88.pdf/?dir=Control%20y%20mejora// HTTP/1.1" 200 3075
93.209.5.94 - - [21/Nov/2019:08:51:06 -0500] "GET /SIG/index.php/ECS/126PM04-PR88.pdf/?dir=Direccionamiento%20Estrategico// HTTP/1.1" 200 4249
93.209.5.94 - - [21/Nov/2019:08:51:08 -0500] "GET /SIG/index.php/ECS/126PM04-PR88.pdf/?dir=ECS// HTTP/1.1" 200 16895
93.209.5.94 - - [21/Nov/2019:08:51:10 -0500] "GET /SIG/index.php/ECS/126PM04-PR88.pdf/?dir=Gestion%20Documental// HTTP/1.1" 200 5851
93.209.5.94 - - [21/Nov/2019:08:51:11 -0500] "GET /SIG/index.php/ECS/126PM04-PR88.pdf/?dir=Gestion%20Recursos%20Financieros// HTTP/1.1" 200 9159
93.209.5.94 - - [21/Nov/2019:08:51:13 -0500] "GET /SIG/index.php/ECS/126PM04-PR91.pdf/?dir=&sort=date&order=asc/ HTTP/1.1" 200 4959
201.245.192.253 - - [21/Nov/2019:08:51:15 -0500] "GET /BLA/resoluciones/AUTOS%202015/5312. HTTP/1.1" 404 1300
93.209.5.94 - - [21/Nov/2019:08:51:15 -0500] "GET /SIG/index.php/ECS/126PM04-PR91.pdf/?dir=&sort=size&order=asc/ HTTP/1.1" 200 4959
201.217.203.178 - - [21/Nov/2019:08:51:16 -0500] "GET /autoliquidacion/Solicitudes%20relacionadas%20con%20calidad%20del%20aire%20auditiva%20y%20visual/Registro%20de%20Elementos%20de%20publicidad%20Exterior%20Visual/PM04PR16F2FormularioSolicituddeRegistroPEV.xls HTTP/1.1" 200 3594752
93.209.5.94 - - [21/Nov/2019:08:51:16 -0500] "GET /SIG/index.php/ECS/126PM04-PR91.pdf/?dir=Comunicaciones// HTTP/1.1" 200 3186
186.86.33.253 - - [21/Nov/2019:08:51:18 -0500] "GET /BLA/boletinlegal/js/jquery.scrollShow.js HTTP/1.1" 200 4586
186.86.33.253 - - [21/Nov/2019:08:51:18 -0500] "GET /galeria/galeria/jquery.fancybox.js?v=2.1.5 HTTP/1.1" 200 48706
186.86.33.253 - - [21/Nov/2019:08:51:18 -0500] "GET /galeria/galeria/jquery.fancybox.css?v=2.1.5 HTTP/1.1" 200 4895
93.209.5.94 - - [21/Nov/2019:08:51:18 -0500] "GET /SIG/index.php/ECS/126PM04-PR91.pdf/?dir=Control%20Disciplinario// HTTP/1.1" 200 2985
93.209.5.94 - - [21/Nov/2019:08:51:20 -0500] "GET /SIG/index.php/ECS/126PM04-PR91.pdf/?dir=Control%20y%20mejora// HTTP/1.1" 200 3075
93.209.5.94 - - [21/Nov/2019:08:51:22 -0500] "GET /SIG/index.php/ECS/126PM04-PR91.pdf/?dir=Direccionamiento%20Estrategico// HTTP/1.1" 200 4249
93.209.5.94 - - [21/Nov/2019:08:51:23 -0500] "GET /SIG/index.php/ECS/126PM04-PR91.pdf/?dir=ECS// HTTP/1.1" 200 16895
93.209.5.94 - - [21/Nov/2019:08:51:25 -0500] "GET /SIG/index.php/ECS/126PM04-PR91.pdf/?dir=Gestion%20Documental// HTTP/1.1" 200 5851
93.209.5.94 - - [21/Nov/2019:08:51:27 -0500] "GET /SIG/index.php/ECS/126PM04-PR91.pdf/?dir=Gestion%20Recursos%20Financieros// HTTP/1.1" 200 9159
93.209.5.94 - - [21/Nov/2019:08:51:29 -0500] "GET /SIG/index.php/ECS/126PM04-PR92.pdf/?dir=&sort=name&order=desc/ HTTP/1.1" 200 4959
93.209.5.94 - - [21/Nov/2019:08:51:30 -0500] "GET /SIG/index.php/ECS/126PM04-PR93.pdf/?dir=&sort=date&order=asc/ HTTP/1.1" 200 4959
186.86.33.253 - - [21/Nov/2019:08:51:32 -0500] "GET /galeria/galeria/jquery.fancybox.js?v=2.1.5 HTTP/1.1" 200 48706
