144.76.38.10 - - [21/Nov/2019:06:15:15 -0500] "GET /BLA/boletinlegal/documentos-importantes.php/index.php/index.php/index.php/doctrina.php/doctrina.php/actos.php/doctrina.php/actos.php/jurisprudencia.php/norma_menu.php/index.php/index.php/jurisprudencia.php/index.php/actos.php/ HTTP/1.1" 200 4822
144.76.38.10 - - [21/Nov/2019:06:15:17 -0500] "GET /BLA/boletinlegal/documentos-importantes.php/index.php/index.php/index.php/doctrina.php/doctrina.php/actos.php/doctrina.php/actos.php/jurisprudencia.php/norma_menu.php/index.php/index.php/jurisprudencia.php/index.php/doctrina.php/ HTTP/1.1" 200 4822
144.76.38.10 - - [21/Nov/2019:06:15:19 -0500] "GET /BLA/boletinlegal/documentos-importantes.php/index.php/index.php/index.php/doctrina.php/doctrina.php/actos.php/doctrina.php/actos.php/jurisprudencia.php/norma_menu.php/index.php/index.php/jurisprudencia.php/index.php/index.php/ HTTP/1.1" 200 4822
144.76.38.10 - - [21/Nov/2019:06:15:20 -0500] "GET /BLA/boletinlegal/documentos-importantes.php/index.php/index.php/index.php/doctrina.php/doctrina.php/actos.php/doctrina.php/actos.php/jurisprudencia.php/norma_menu.php/index.php/index.php/norma_menu.php/actos.php/actos.php/ HTTP/1.1" 200 4822
144.76.38.10 - - [21/Nov/2019:06:15:22 -0500] "GET /BLA/boletinlegal/documentos-importantes.php/index.php/index.php/index.php/doctrina.php/doctrina.php/actos.php/doctrina.php/actos.php/jurisprudencia.php/norma_menu.php/index.php/index.php/norma_menu.php/actos.php/doctrina.php/ HTTP/1.1" 200 4822
144.76.38.10 - - [21/Nov/2019:06:15:24 -0500] "GET /BLA/boletinlegal/documentos-importantes.php/index.php/index.php/index.php/doctrina.php/doctrina.php/actos.php/doctrina.php/actos.php/jurisprudencia.php/norma_menu.php/index.php/index.php/norma_menu.php/actos.php/index.php/ HTTP/1.1" 200 4822
144.76.38.10 - - [21/Nov/2019:06:15:25 -0500] "GET /BLA/boletinlegal/documentos-importantes.php/index.php/index.php/index.php/doctrina.php/doctrina.php/actos.php/doctrina.php/actos.php/jurisprudencia.php/norma_menu.php/index.php/index.php/norma_menu.php/actos.php/norma_menu.php/ HTTP/1.1" 200 4822
216.244.66.195 - - [21/Nov/2019:06:15:26 -0500] "GET /BLA/resoluciones/AUTOS%202011/2811.pdf HTTP/1.1" 200 197463
144.76.38.10 - - [21/Nov/2019:06:15:27 -0500] "GET /BLA/boletinlegal/documentos-importantes.php/index.php/index.php/index.php/doctrina.php/doctrina.php/actos.php/doctrina.php/actos.php/jurisprudencia.php/norma_menu.php/index.php/index.php/norma_menu.php/doctrina.php/actos.php/ HTTP/1.1" 200 4822
144.76.38.10 - - [21/Nov/2019:06:15:28 -0500] "GET /BLA/boletinlegal/documentos-importantes.php/index.php/index.php/index.php/doctrina.php/doctrina.php/actos.php/doctrina.php/actos.php/jurisprudencia.php/norma_menu.php/index.php/index.php/norma_menu.php/doctrina.php/doctrina.php/ HTTP/1.1" 200 4822
144.76.38.10 - - [21/Nov/2019:06:15:30 -0500] "GET /BLA/boletinlegal/documentos-importantes.php/index.php/index.php/index.php/doctrina.php/doctrina.php/actos.php/doctrina.php/actos.php/jurisprudencia.php/norma_menu.php/index.php/index.php/norma_menu.php/doctrina.php/index.php/ HTTP/1.1" 200 4822
144.76.38.10 - - [21/Nov/2019:06:15:33 -0500] "GET /BLA/boletinlegal/documentos-importantes.php/index.php/index.php/index.php/doctrina.php/doctrina.php/actos.php/doctrina.php/actos.php/jurisprudencia.php/norma_menu.php/index.php/index.php/norma_menu.php/doctrina.php/norma_menu.php/ HTTP/1.1" 200 4822
144.76.38.10 - - [21/Nov/2019:06:15:34 -0500] "GET /BLA/boletinlegal/documentos-importantes.php/index.php/index.php/index.php/doctrina.php/doctrina.php/actos.php/doctrina.php/actos.php/jurisprudencia.php/norma_menu.php/index.php/index.php/norma_menu.php/index.php/actos.php/ HTTP/1.1" 200 4822
66.249.88.189 - - [21/Nov/2019:06:15:35 -0500] "GET /galeria/galeria/jquery.fancybox.css?v=2.1.5 HTTP/1.1" 200 4895
66.249.88.189 - - [21/Nov/2019:06:15:35 -0500] "GET /BLA/boletinlegal/js/jquery.scrollShow.js HTTP/1.1" 200 4586
66.249.88.191 - - [21/Nov/2019:06:15:35 -0500] "GET /galeria/galeria/jquery.fancybox.js?v=2.1.5 HTTP/1.1" 200 48706
144.76.38.10 - - [21/Nov/2019:06:15:36 -0500] "GET /BLA/boletinlegal/documentos-importantes.php/index.php/index.php/index.php/doctrina.php/doctrina.php/actos.php/doctrina.php/actos.php/jurisprudencia.php/norma_menu.php/index.php/index.php/norma_menu.php/index.php/doctrina.php/ HTTP/1.1" 200 4822
144.76.38.10 - - [21/Nov/2019:06:15:38 -0500] "GET /BLA/boletinlegal/documentos-importantes.php/index.php/index.php/index.php/doctrina.php/doctrina.php/actos.php/doctrina.php/actos.php/jurisprudencia.php/norma_menu.php/index.php/index.php/norma_menu.php/index.php/index.php/ HTTP/1.1" 200 4822
144.76.38.10 - - [21/Nov/2019:06:15:39 -0500] "GET /BLA/boletinlegal/documentos-importantes.php/index.php/index.php/index.php/doctrina.php/doctrina.php/actos.php/doctrina.php/actos.php/jurisprudencia.php/norma_menu.php/index.php/index.php/norma_menu.php/index.php/norma_menu.php/ HTTP/1.1" 200 4822
144.76.38.10 - - [21/Nov/2019:06:15:41 -0500] "GET /BLA/boletinlegal/documentos-importantes.php/index.php/index.php/index.php/doctrina.php/doctrina.php/actos.php/doctrina.php/actos.php/jurisprudencia.php/norma_menu.php/index.php/index.php/norma_menu.php/norma_menu.php/actos.php/ HTTP/1.1" 200 4822
144.76.38.10 - - [21/Nov/2019:06:15:43 -0500] "GET /BLA/boletinlegal/documentos-importantes.php/index.php/index.php/index.php/doctrina.php/doctrina.php/actos.php/doctrina.php/actos.php/jurisprudencia.php/norma_menu.php/index.php/index.php/norma_menu.php/norma_menu.php/doctrina.php/ HTTP/1.1" 200 4822
144.76.38.10 - - [21/Nov/2019:06:15:44 -0500] "GET /BLA/boletinlegal/documentos-importantes.php/index.php/index.php/index.php/doctrina.php/doctrina.php/actos.php/doctrina.php/actos.php/jurisprudencia.php/norma_menu.php/index.php/index.php/norma_menu.php/norma_menu.php/index.php/ HTTP/1.1" 200 4822
144.76.38.10 - - [21/Nov/2019:06:15:46 -0500] "GET /BLA/boletinlegal/documentos-importantes.php/index.php/index.php/index.php/doctrina.php/doctrina.php/actos.php/doctrina.php/actos.php/jurisprudencia.php/norma_menu.php/index.php/jurisprudencia.php/actos.php/actos.php/actos.php/ HTTP/1.1" 200 4822
144.76.38.10 - - [21/Nov/2019:06:15:48 -0500] "GET /BLA/boletinlegal/documentos-importantes.php/index.php/index.php/index.php/doctrina.php/doctrina.php/actos.php/doctrina.php/actos.php/jurisprudencia.php/norma_menu.php/index.php/jurisprudencia.php/actos.php/actos.php/doctrina.php/ HTTP/1.1" 200 4822
144.76.38.10 - - [21/Nov/2019:06:15:49 -0500] "GET /BLA/boletinlegal/documentos-importantes.php/index.php/index.php/index.php/doctrina.php/doctrina.php/actos.php/doctrina.php/actos.php/jurisprudencia.php/norma_menu.php/index.php/jurisprudencia.php/actos.php/actos.php/index.php/ HTTP/1.1" 200 4822
149.56.129.8 - - [21/Nov/2019:06:15:50 -0500] "GET /wp-login.php HTTP/1.1" 404 1049
192.168.175.104 - - [21/Nov/2019:06:15:51 -0500] "GET / HTTP/1.0" 200 9990
144.76.38.10 - - [21/Nov/2019:06:15:51 -0500] "GET /BLA/boletinlegal/documentos-importantes.php/index.php/index.php/index.php/doctrina.php/doctrina.php/actos.php/doctrina.php/actos.php/jurisprudencia.php/norma_menu.php/index.php/jurisprudencia.php/actos.php/doctrina.php/actos.php/ HTTP/1.1" 200 4822
144.76.38.10 - - [21/Nov/2019:06:15:53 -0500] "GET /BLA/boletinlegal/documentos-importantes.php/index.php/index.php/index.php/doctrina.php/doctrina.php/actos.php/doctrina.php/actos.php/jurisprudencia.php/norma_menu.php/index.php/jurisprudencia.php/actos.php/doctrina.php/index.php/ HTTP/1.1" 200 4822
66.249.66.81 - - [21/Nov/2019:06:15:53 -0500] "GET /BLA/resoluciones/AUTOS%202010/5369.pdf HTTP/1.1" 304 -
66.249.66.81 - - [21/Nov/2019:06:15:54 -0500] "GET /BLA/resoluciones/AUTOS%202010/5369.pdf HTTP/1.1" 304 -
144.76.38.10 - - [21/Nov/2019:06:15:54 -0500] "GET /BLA/boletinlegal/documentos-importantes.php/index.php/index.php/index.php/doctrina.php/doctrina.php/actos.php/doctrina.php/actos.php/jurisprudencia.php/norma_menu.php/index.php/jurisprudencia.php/actos.php/index.php/actos.php/ HTTP/1.1" 200 4822
144.76.38.10 - - [21/Nov/2019:06:15:56 -0500] "GET /BLA/boletinlegal/documentos-importantes.php/index.php/index.php/index.php/doctrina.php/doctrina.php/actos.php/doctrina.php/actos.php/jurisprudencia.php/norma_menu.php/index.php/jurisprudencia.php/actos.php/index.php/doctrina.php/ HTTP/1.1" 200 4822
144.76.38.10 - - [21/Nov/2019:06:15:58 -0500] "GET /BLA/boletinlegal/documentos-importantes.php/index.php/index.php/index.php/doctrina.php/doctrina.php/actos.php/doctrina.php/actos.php/jurisprudencia.php/norma_menu.php/index.php/jurisprudencia.php/actos.php/index.php/index.php/ HTTP/1.1" 200 4822
144.76.38.10 - - [21/Nov/2019:06:15:59 -0500] "GET /BLA/boletinlegal/documentos-importantes.php/index.php/index.php/index.php/doctrina.php/doctrina.php/actos.php/doctrina.php/actos.php/jurisprudencia.php/norma_menu.php/index.php/jurisprudencia.php/doctrina.php/actos.php/actos.php/ HTTP/1.1" 200 4822
144.76.38.10 - - [21/Nov/2019:06:16:01 -0500] "GET /BLA/boletinlegal/documentos-importantes.php/index.php/index.php/index.php/doctrina.php/doctrina.php/actos.php/doctrina.php/actos.php/jurisprudencia.php/norma_menu.php/index.php/jurisprudencia.php/doctrina.php/actos.php/index.php/ HTTP/1.1" 200 4822
144.76.38.10 - - [21/Nov/2019:06:16:03 -0500] "GET /BLA/boletinlegal/documentos-importantes.php/index.php/index.php/index.php/doctrina.php/doctrina.php/actos.php/doctrina.php/actos.php/jurisprudencia.php/norma_menu.php/index.php/jurisprudencia.php/doctrina.php/index.php/actos.php/ HTTP/1.1" 200 4822
144.76.38.10 - - [21/Nov/2019:06:16:04 -0500] "GET /BLA/boletinlegal/documentos-importantes.php/index.php/index.php/index.php/doctrina.php/doctrina.php/actos.php/doctrina.php/actos.php/jurisprudencia.php/norma_menu.php/index.php/jurisprudencia.php/doctrina.php/index.php/index.php/ HTTP/1.1" 200 4822
144.76.38.10 - - [21/Nov/2019:06:16:06 -0500] "GET /BLA/boletinlegal/documentos-importantes.php/index.php/index.php/index.php/doctrina.php/doctrina.php/actos.php/doctrina.php/actos.php/jurisprudencia.php/norma_menu.php/index.php/jurisprudencia.php/index.php/actos.php/actos.php/ HTTP/1.1" 200 4822
144.76.38.10 - - [21/Nov/2019:06:16:08 -0500] "GET /BLA/boletinlegal/documentos-importantes.php/index.php/index.php/index.php/doctrina.php/doctrina.php/actos.php/doctrina.php/actos.php/jurisprudencia.php/norma_menu.php/index.php/jurisprudencia.php/index.php/actos.php/doctrina.php/ HTTP/1.1" 200 4822
18.237.68.44 - - [21/Nov/2019:06:16:08 -0500] "GET /galeria/nivo-slider/demo/inicio.html HTTP/1.1" 200 5067
144.76.38.10 - - [21/Nov/2019:06:16:09 -0500] "GET /BLA/boletinlegal/documentos-importantes.php/index.php/index.php/index.php/doctrina.php/doctrina.php/actos.php/doctrina.php/actos.php/jurisprudencia.php/norma_menu.php/index.php/jurisprudencia.php/index.php/actos.php/index.php/ HTTP/1.1" 200 4822
144.76.38.10 - - [21/Nov/2019:06:16:11 -0500] "GET /BLA/boletinlegal/documentos-importantes.php/index.php/index.php/index.php/doctrina.php/doctrina.php/actos.php/doctrina.php/actos.php/jurisprudencia.php/norma_menu.php/index.php/jurisprudencia.php/index.php/doctrina.php/actos.php/ HTTP/1.1" 200 4822
144.76.38.10 - - [21/Nov/2019:06:16:13 -0500] "GET /BLA/boletinlegal/documentos-importantes.php/index.php/index.php/index.php/doctrina.php/doctrina.php/actos.php/doctrina.php/actos.php/jurisprudencia.php/norma_menu.php/index.php/jurisprudencia.php/index.php/doctrina.php/index.php/ HTTP/1.1" 200 4822
144.76.38.10 - - [21/Nov/2019:06:16:14 -0500] "GET /BLA/boletinlegal/documentos-importantes.php/index.php/index.php/index.php/doctrina.php/doctrina.php/actos.php/doctrina.php/actos.php/jurisprudencia.php/norma_menu.php/index.php/jurisprudencia.php/index.php/index.php/actos.php/ HTTP/1.1" 200 4822
144.76.38.10 - - [21/Nov/2019:06:16:16 -0500] "GET /BLA/boletinlegal/documentos-importantes.php/index.php/index.php/index.php/doctrina.php/doctrina.php/actos.php/doctrina.php/actos.php/jurisprudencia.php/norma_menu.php/index.php/jurisprudencia.php/index.php/index.php/doctrina.php/ HTTP/1.1" 200 4822
144.76.38.10 - - [21/Nov/2019:06:16:18 -0500] "GET /BLA/boletinlegal/documentos-importantes.php/index.php/index.php/index.php/doctrina.php/doctrina.php/actos.php/doctrina.php/actos.php/jurisprudencia.php/norma_menu.php/index.php/jurisprudencia.php/index.php/index.php/index.php/ HTTP/1.1" 200 4822
144.76.38.10 - - [21/Nov/2019:06:16:19 -0500] "GET /BLA/boletinlegal/documentos-importantes.php/index.php/index.php/index.php/doctrina.php/doctrina.php/actos.php/doctrina.php/actos.php/jurisprudencia.php/norma_menu.php/index.php/norma_menu.php/actos.php/actos.php/actos.php/ HTTP/1.1" 200 4822
144.76.38.10 - - [21/Nov/2019:06:16:21 -0500] "GET /BLA/boletinlegal/documentos-importantes.php/index.php/index.php/index.php/doctrina.php/doctrina.php/actos.php/doctrina.php/actos.php/jurisprudencia.php/norma_menu.php/index.php/norma_menu.php/actos.php/actos.php/doctrina.php/ HTTP/1.1" 200 4822
186.155.228.34 - - [21/Nov/2019:06:16:22 -0500] "GET /galeria/nivo-slider/demo/inicio.html HTTP/1.1" 200 5067
144.76.38.10 - - [21/Nov/2019:06:16:22 -0500] "GET /BLA/boletinlegal/documentos-importantes.php/index.php/index.php/index.php/doctrina.php/doctrina.php/actos.php/doctrina.php/actos.php/jurisprudencia.php/norma_menu.php/index.php/norma_menu.php/actos.php/actos.php/index.php/ HTTP/1.1" 200 4822
144.76.38.10 - - [21/Nov/2019:06:16:24 -0500] "GET /BLA/boletinlegal/documentos-importantes.php/index.php/index.php/index.php/doctrina.php/doctrina.php/actos.php/doctrina.php/actos.php/jurisprudencia.php/norma_menu.php/index.php/norma_menu.php/actos.php/actos.php/norma_menu.php/ HTTP/1.1" 200 4822
144.76.38.10 - - [21/Nov/2019:06:16:26 -0500] "GET /BLA/boletinlegal/documentos-importantes.php/index.php/index.php/index.php/doctrina.php/doctrina.php/actos.php/doctrina.php/actos.php/jurisprudencia.php/norma_menu.php/index.php/norma_menu.php/actos.php/doctrina.php/actos.php/ HTTP/1.1" 200 4822
144.76.38.10 - - [21/Nov/2019:06:16:27 -0500] "GET /BLA/boletinlegal/documentos-importantes.php/index.php/index.php/index.php/doctrina.php/doctrina.php/actos.php/doctrina.php/actos.php/jurisprudencia.php/norma_menu.php/index.php/norma_menu.php/actos.php/doctrina.php/doctrina.php/ HTTP/1.1" 200 4822
144.76.38.10 - - [21/Nov/2019:06:16:29 -0500] "GET /BLA/boletinlegal/documentos-importantes.php/index.php/index.php/index.php/doctrina.php/doctrina.php/actos.php/doctrina.php/actos.php/jurisprudencia.php/norma_menu.php/index.php/norma_menu.php/actos.php/doctrina.php/index.php/ HTTP/1.1" 200 4822
144.76.38.10 - - [21/Nov/2019:06:16:31 -0500] "GET /BLA/boletinlegal/documentos-importantes.php/index.php/index.php/index.php/doctrina.php/doctrina.php/actos.php/doctrina.php/actos.php/jurisprudencia.php/norma_menu.php/index.php/norma_menu.php/actos.php/doctrina.php/norma_menu.php/ HTTP/1.1" 200 4822
144.76.38.10 - - [21/Nov/2019:06:16:32 -0500] "GET /BLA/boletinlegal/documentos-importantes.php/index.php/index.php/index.php/doctrina.php/doctrina.php/actos.php/doctrina.php/actos.php/jurisprudencia.php/norma_menu.php/index.php/norma_menu.php/actos.php/index.php/actos.php/ HTTP/1.1" 200 4822
144.76.38.10 - - [21/Nov/2019:06:16:34 -0500] "GET /BLA/boletinlegal/documentos-importantes.php/index.php/index.php/index.php/doctrina.php/doctrina.php/actos.php/doctrina.php/actos.php/jurisprudencia.php/norma_menu.php/index.php/norma_menu.php/actos.php/index.php/doctrina.php/ HTTP/1.1" 200 4822
144.76.38.10 - - [21/Nov/2019:06:16:36 -0500] "GET /BLA/boletinlegal/documentos-importantes.php/index.php/index.php/index.php/doctrina.php/doctrina.php/actos.php/doctrina.php/actos.php/jurisprudencia.php/norma_menu.php/index.php/norma_menu.php/actos.php/index.php/index.php/ HTTP/1.1" 200 4822
144.76.38.10 - - [21/Nov/2019:06:16:37 -0500] "GET /BLA/boletinlegal/documentos-importantes.php/index.php/index.php/index.php/doctrina.php/doctrina.php/actos.php/doctrina.php/actos.php/jurisprudencia.php/norma_menu.php/index.php/norma_menu.php/actos.php/index.php/norma_menu.php/ HTTP/1.1" 200 4822
192.168.175.104 - - [21/Nov/2019:06:16:38 -0500] "GET / HTTP/1.1" 200 9990
144.76.38.10 - - [21/Nov/2019:06:16:39 -0500] "GET /BLA/boletinlegal/documentos-importantes.php/index.php/index.php/index.php/doctrina.php/doctrina.php/actos.php/doctrina.php/actos.php/jurisprudencia.php/norma_menu.php/index.php/norma_menu.php/actos.php/norma_menu.php/actos.php/ HTTP/1.1" 200 4822
144.76.38.10 - - [21/Nov/2019:06:16:41 -0500] "GET /BLA/boletinlegal/documentos-importantes.php/index.php/index.php/index.php/doctrina.php/doctrina.php/actos.php/doctrina.php/actos.php/jurisprudencia.php/norma_menu.php/index.php/norma_menu.php/actos.php/norma_menu.php/doctrina.php/ HTTP/1.1" 200 4822
144.76.38.10 - - [21/Nov/2019:06:16:42 -0500] "GET /BLA/boletinlegal/documentos-importantes.php/index.php/index.php/index.php/doctrina.php/doctrina.php/actos.php/doctrina.php/actos.php/jurisprudencia.php/norma_menu.php/index.php/norma_menu.php/actos.php/norma_menu.php/index.php/ HTTP/1.1" 200 4822
186.155.228.34 - - [21/Nov/2019:06:16:43 -0500] "GET /galeria/nivo-slider/demo/images/bannerclimabog.jpg HTTP/1.1" 304 -
144.76.38.10 - - [21/Nov/2019:06:16:44 -0500] "GET /BLA/boletinlegal/documentos-importantes.php/index.php/index.php/index.php/doctrina.php/doctrina.php/actos.php/doctrina.php/actos.php/jurisprudencia.php/norma_menu.php/index.php/norma_menu.php/doctrina.php/actos.php/actos.php/ HTTP/1.1" 200 4822
144.76.38.10 - - [21/Nov/2019:06:16:45 -0500] "GET /BLA/boletinlegal/documentos-importantes.php/index.php/index.php/index.php/doctrina.php/doctrina.php/actos.php/doctrina.php/actos.php/jurisprudencia.php/norma_menu.php/index.php/norma_menu.php/doctrina.php/actos.php/doctrina.php/ HTTP/1.1" 200 4822
144.76.38.10 - - [21/Nov/2019:06:16:47 -0500] "GET /BLA/boletinlegal/documentos-importantes.php/index.php/index.php/index.php/doctrina.php/doctrina.php/actos.php/doctrina.php/actos.php/jurisprudencia.php/norma_menu.php/index.php/norma_menu.php/doctrina.php/actos.php/index.php/ HTTP/1.1" 200 4822
186.155.228.34 - - [21/Nov/2019:06:16:47 -0500] "GET /galeria/nivo-slider/demo/images/Bannerpread.jpg HTTP/1.1" 304 -
144.76.38.10 - - [21/Nov/2019:06:16:49 -0500] "GET /BLA/boletinlegal/documentos-importantes.php/index.php/index.php/index.php/doctrina.php/doctrina.php/actos.php/doctrina.php/actos.php/jurisprudencia.php/norma_menu.php/index.php/norma_menu.php/doctrina.php/actos.php/norma_menu.php/ HTTP/1.1" 200 4822
144.76.38.10 - - [21/Nov/2019:06:16:50 -0500] "GET /BLA/boletinlegal/documentos-importantes.php/index.php/index.php/index.php/doctrina.php/doctrina.php/actos.php/doctrina.php/actos.php/jurisprudencia.php/norma_menu.php/index.php/norma_menu.php/doctrina.php/doctrina.php/actos.php/ HTTP/1.1" 200 4822
186.155.228.34 - - [21/Nov/2019:06:16:52 -0500] "GET /galeria/nivo-slider/demo/images/bannerrendicion.jpg HTTP/1.1" 200 153938
144.76.38.10 - - [21/Nov/2019:06:16:52 -0500] "GET /BLA/boletinlegal/documentos-importantes.php/index.php/index.php/index.php/doctrina.php/doctrina.php/actos.php/doctrina.php/actos.php/jurisprudencia.php/norma_menu.php/index.php/norma_menu.php/doctrina.php/doctrina.php/index.php/ HTTP/1.1" 200 4822
186.155.228.34 - - [21/Nov/2019:06:16:53 -0500] "GET /galeria/nivo-slider/demo/images/iniciativas-Ambientales.jpg HTTP/1.1" 304 -
144.76.38.10 - - [21/Nov/2019:06:16:54 -0500] "GET /BLA/boletinlegal/documentos-importantes.php/index.php/index.php/index.php/doctrina.php/doctrina.php/actos.php/doctrina.php/actos.php/jurisprudencia.php/norma_menu.php/index.php/norma_menu.php/doctrina.php/index.php/actos.php/ HTTP/1.1" 200 4822
201.245.192.253 - - [21/Nov/2019:06:16:20 -0500] "POST /kwsrmcab/Wsrmcab HTTP/1.1" 200 26915
201.245.192.253 - - [21/Nov/2019:06:16:20 -0500] "POST /kwsrmcab/Wsrmcab HTTP/1.1" 200 26939
144.76.38.10 - - [21/Nov/2019:06:16:55 -0500] "GET /BLA/boletinlegal/documentos-importantes.php/index.php/index.php/index.php/doctrina.php/doctrina.php/actos.php/doctrina.php/actos.php/jurisprudencia.php/norma_menu.php/index.php/norma_menu.php/doctrina.php/index.php/doctrina.php/ HTTP/1.1" 200 4822
144.76.38.10 - - [21/Nov/2019:06:16:57 -0500] "GET /BLA/boletinlegal/documentos-importantes.php/index.php/index.php/index.php/doctrina.php/doctrina.php/actos.php/doctrina.php/actos.php/jurisprudencia.php/norma_menu.php/index.php/norma_menu.php/doctrina.php/index.php/index.php/ HTTP/1.1" 200 4822
144.76.38.10 - - [21/Nov/2019:06:16:59 -0500] "GET /BLA/boletinlegal/documentos-importantes.php/index.php/index.php/index.php/doctrina.php/doctrina.php/actos.php/doctrina.php/actos.php/jurisprudencia.php/norma_menu.php/index.php/norma_menu.php/doctrina.php/index.php/norma_menu.php/ HTTP/1.1" 200 4822
144.76.38.10 - - [21/Nov/2019:06:17:00 -0500] "GET /BLA/boletinlegal/documentos-importantes.php/index.php/index.php/index.php/doctrina.php/doctrina.php/actos.php/doctrina.php/actos.php/jurisprudencia.php/norma_menu.php/index.php/norma_menu.php/doctrina.php/norma_menu.php/actos.php/ HTTP/1.1" 200 4822
144.76.38.10 - - [21/Nov/2019:06:17:02 -0500] "GET /BLA/boletinlegal/documentos-importantes.php/index.php/index.php/index.php/doctrina.php/doctrina.php/actos.php/doctrina.php/actos.php/jurisprudencia.php/norma_menu.php/index.php/norma_menu.php/doctrina.php/norma_menu.php/index.php/ HTTP/1.1" 200 4822
144.76.38.10 - - [21/Nov/2019:06:17:04 -0500] "GET /BLA/boletinlegal/documentos-importantes.php/index.php/index.php/index.php/doctrina.php/doctrina.php/actos.php/doctrina.php/actos.php/jurisprudencia.php/norma_menu.php/index.php/norma_menu.php/index.php/actos.php/actos.php/ HTTP/1.1" 200 4822
144.76.38.10 - - [21/Nov/2019:06:17:05 -0500] "GET /BLA/boletinlegal/documentos-importantes.php/index.php/index.php/index.php/doctrina.php/doctrina.php/actos.php/doctrina.php/actos.php/jurisprudencia.php/norma_menu.php/index.php/norma_menu.php/index.php/actos.php/doctrina.php/ HTTP/1.1" 200 4822
144.76.38.10 - - [21/Nov/2019:06:17:07 -0500] "GET /BLA/boletinlegal/documentos-importantes.php/index.php/index.php/index.php/doctrina.php/doctrina.php/actos.php/doctrina.php/actos.php/jurisprudencia.php/norma_menu.php/index.php/norma_menu.php/index.php/actos.php/index.php/ HTTP/1.1" 200 4822
144.76.38.10 - - [21/Nov/2019:06:17:09 -0500] "GET /BLA/boletinlegal/documentos-importantes.php/index.php/index.php/index.php/doctrina.php/doctrina.php/actos.php/doctrina.php/actos.php/jurisprudencia.php/norma_menu.php/index.php/norma_menu.php/index.php/actos.php/norma_menu.php/ HTTP/1.1" 200 4822
144.76.38.10 - - [21/Nov/2019:06:17:10 -0500] "GET /BLA/boletinlegal/documentos-importantes.php/index.php/index.php/index.php/doctrina.php/doctrina.php/actos.php/doctrina.php/actos.php/jurisprudencia.php/norma_menu.php/index.php/norma_menu.php/index.php/doctrina.php/actos.php/ HTTP/1.1" 200 4822
144.76.38.10 - - [21/Nov/2019:06:17:12 -0500] "GET /BLA/boletinlegal/documentos-importantes.php/index.php/index.php/index.php/doctrina.php/doctrina.php/actos.php/doctrina.php/actos.php/jurisprudencia.php/norma_menu.php/index.php/norma_menu.php/index.php/doctrina.php/doctrina.php/ HTTP/1.1" 200 4822
144.76.38.10 - - [21/Nov/2019:06:17:13 -0500] "GET /BLA/boletinlegal/documentos-importantes.php/index.php/index.php/index.php/doctrina.php/doctrina.php/actos.php/doctrina.php/actos.php/jurisprudencia.php/norma_menu.php/index.php/norma_menu.php/index.php/doctrina.php/index.php/ HTTP/1.1" 200 4822
144.76.38.10 - - [21/Nov/2019:06:17:15 -0500] "GET /BLA/boletinlegal/documentos-importantes.php/index.php/index.php/index.php/doctrina.php/doctrina.php/actos.php/doctrina.php/actos.php/jurisprudencia.php/norma_menu.php/index.php/norma_menu.php/index.php/doctrina.php/norma_menu.php/ HTTP/1.1" 200 4822
144.76.38.10 - - [21/Nov/2019:06:17:16 -0500] "GET /BLA/boletinlegal/documentos-importantes.php/index.php/index.php/index.php/doctrina.php/doctrina.php/actos.php/doctrina.php/actos.php/jurisprudencia.php/norma_menu.php/index.php/norma_menu.php/index.php/index.php/actos.php/ HTTP/1.1" 200 4822
216.244.66.195 - - [21/Nov/2019:06:17:20 -0500] "GET /BLA/resoluciones/AUTOS%202011/2911.pdf HTTP/1.1" 200 525605
201.245.192.253 - - [21/Nov/2019:06:16:56 -0500] "POST /kwsrmcab/Wsrmcab HTTP/1.1" 200 26915
34.220.237.139 - - [21/Nov/2019:06:17:46 -0500] "GET /robots.txt HTTP/1.1" 404 1154
34.220.237.139 - - [21/Nov/2019:06:17:47 -0500] "GET / HTTP/1.1" 200 9990
34.220.237.139 - - [21/Nov/2019:06:17:47 -0500] "GET /www.ambientebogota.gov.co/ HTTP/1.1" 404 1154
66.249.88.189 - - [21/Nov/2019:06:17:51 -0500] "GET /siipev/Diseno%20de%20Elementos%20de%20Mobiliario%20Urbano/Diseno%20pertenecientes%20al%20mobiliario%20urbano%20M10-M160/PARTE%20A/Dise%C3%B1o%20de%20Elementos%20M-50.pdf HTTP/1.1" 200 938555
18.237.207.6 - - [21/Nov/2019:06:17:51 -0500] "GET /galeria/nivo-slider/demo/inicio.html HTTP/1.1" 200 5067
66.249.66.81 - - [21/Nov/2019:06:17:51 -0500] "GET /BLA/resoluciones/RESOLUCIONES%202015/2689.pdf HTTP/1.1" 200 683783
34.220.15.122 - - [21/Nov/2019:06:17:59 -0500] "GET /galeria/nivo-slider/demo/inicio.html HTTP/1.1" 200 5067
34.216.229.50 - - [21/Nov/2019:06:18:04 -0500] "GET /galeria/nivo-slider/demo/inicio.html HTTP/1.1" 200 5067
66.249.66.81 - - [21/Nov/2019:06:18:16 -0500] "GET /BLA/resoluciones/RESOLUCIONES%202011/5857.pdf HTTP/1.1" 200 418107
69.162.124.232 - - [21/Nov/2019:06:18:20 -0500] "HEAD / HTTP/1.1" 200 -
66.249.66.81 - - [21/Nov/2019:06:18:25 -0500] "GET /BLA/resoluciones/AUTOS%202014/6469.pdf HTTP/1.1" 200 407538
34.209.37.118 - - [21/Nov/2019:06:18:37 -0500] "GET /galeria/nivo-slider/demo/inicio.html HTTP/1.1" 200 5067
66.249.66.81 - - [21/Nov/2019:06:18:40 -0500] "GET /BLA/resoluciones/AUTOS%202015/2169.pdf HTTP/1.1" 304 -
186.102.36.187 - - [21/Nov/2019:06:18:54 -0500] "GET /galeria/galeria/jquery.fancybox.css?v=2.1.5 HTTP/1.1" 200 4895
186.102.36.187 - - [21/Nov/2019:06:18:54 -0500] "GET /BLA/boletinlegal/js/jquery.scrollShow.js HTTP/1.1" 200 4586
186.102.36.187 - - [21/Nov/2019:06:18:54 -0500] "GET /galeria/galeria/jquery.fancybox.js?v=2.1.5 HTTP/1.1" 200 48706
66.249.66.81 - - [21/Nov/2019:06:18:56 -0500] "GET /BLA/resoluciones/RESOLUCIONES%202008/4459.pdf HTTP/1.1" 200 253065
34.215.174.20 - - [21/Nov/2019:06:19:10 -0500] "GET /galeria/nivo-slider/demo/inicio.html HTTP/1.1" 200 5067
66.249.66.81 - - [21/Nov/2019:06:19:19 -0500] "GET /BLA/resoluciones/AUTOS%202016/2933.pdf HTTP/1.1" 200 666196
66.102.9.25 - - [21/Nov/2019:06:19:23 -0500] "GET /galeria/galeria/fotos/Movilizacion13G.jpg HTTP/1.1" 200 120282
34.219.123.221 - - [21/Nov/2019:06:19:25 -0500] "GET /galeria/nivo-slider/demo/inicio.html HTTP/1.1" 200 5067
157.55.39.255 - - [21/Nov/2019:06:19:29 -0500] "GET /galeria/galeria/fotos/juan-amarillo1G.jpg HTTP/1.1" 200 407260
66.249.66.82 - - [21/Nov/2019:06:19:30 -0500] "GET /BLA/resoluciones/RESOLUCIONES%202016/1550.pdf HTTP/1.1" 304 -
66.249.66.82 - - [21/Nov/2019:06:19:31 -0500] "GET /BLA/resoluciones/RESOLUCIONES%202011/5263.pdf HTTP/1.1" 200 474510
216.244.66.195 - - [21/Nov/2019:06:19:36 -0500] "GET /BLA/resoluciones/AUTOS%202011/3252.pdf HTTP/1.1" 200 397350
66.249.66.82 - - [21/Nov/2019:06:19:38 -0500] "GET /BLA/resoluciones/AUTOS%202018/4357.pdf HTTP/1.1" 304 -
66.249.66.81 - - [21/Nov/2019:06:19:38 -0500] "GET /BLA/resoluciones/AUTOS%202015/5803.pdf HTTP/1.1" 200 595656
66.249.66.81 - - [21/Nov/2019:06:19:49 -0500] "GET /BLA/resoluciones/RESOLUCIONES%202017/0135.pdf HTTP/1.1" 200 906535
66.249.66.81 - - [21/Nov/2019:06:19:58 -0500] "GET /BLA/resoluciones/RESOLUCIONES%202014/2219.pdf HTTP/1.1" 304 -
35.160.20.74 - - [21/Nov/2019:06:20:03 -0500] "GET /galeria/nivo-slider/demo/inicio.html HTTP/1.1" 200 5067
66.249.66.81 - - [21/Nov/2019:06:20:07 -0500] "GET /BLA/resoluciones/AUTOS%202014/7182.pdf HTTP/1.1" 200 2108115
66.249.66.156 - - [21/Nov/2019:06:20:12 -0500] "GET /SIG/Gesti%C3%B3n%20Ambiental/126PM03-PR26.pdf HTTP/1.1" 200 270188
66.249.66.82 - - [21/Nov/2019:06:20:19 -0500] "GET /BLA/resoluciones/AUTOS%202008/1592.pdf HTTP/1.1" 200 93434
40.77.167.14 - - [21/Nov/2019:06:20:25 -0500] "GET /SIG/Gesti%C3%83%C2%B3n%20de%20Recursos%20F%C3%83%C2%ADsicos/126PA04-PR05.pdf HTTP/1.1" 404 1019
66.249.66.83 - - [21/Nov/2019:06:20:26 -0500] "GET /BLA/resoluciones/RESOLUCIONES%202016/0630.pdf HTTP/1.1" 304 -
216.244.66.195 - - [21/Nov/2019:06:20:26 -0500] "GET /BLA/resoluciones/AUTOS%202011/3761.pdf HTTP/1.1" 200 165829
66.249.66.82 - - [21/Nov/2019:06:20:30 -0500] "GET /BLA/resoluciones/AUTOS%202014/4093.pdf HTTP/1.1" 200 401663
52.38.54.38 - - [21/Nov/2019:06:20:37 -0500] "GET /galeria/nivo-slider/demo/inicio.html HTTP/1.1" 200 5067
66.249.66.81 - - [21/Nov/2019:06:20:38 -0500] "GET /BLA/resoluciones/AUTOS%202017/5147.pdf HTTP/1.1" 200 330872
34.209.128.118 - - [21/Nov/2019:06:20:42 -0500] "GET /galeria/nivo-slider/demo/inicio.html HTTP/1.1" 200 5067
66.249.66.81 - - [21/Nov/2019:06:20:45 -0500] "GET /BLA/resoluciones/RESOLUCIONES%202011/2617.pdf HTTP/1.1" 200 747443
52.88.239.183 - - [21/Nov/2019:06:20:47 -0500] "GET /galeria/nivo-slider/demo/inicio.html HTTP/1.1" 200 5067
192.168.175.104 - - [21/Nov/2019:06:20:49 -0500] "GET / HTTP/1.0" 200 9990
66.249.66.82 - - [21/Nov/2019:06:20:53 -0500] "GET /BLA/resoluciones/AUTOS%202014/1811.pdf HTTP/1.1" 304 -
66.249.66.82 - - [21/Nov/2019:06:20:54 -0500] "GET /BLA/resoluciones/AUTOS%202014/5816.pdf HTTP/1.1" 200 459792
54.189.195.43 - - [21/Nov/2019:06:21:10 -0500] "GET /galeria/nivo-slider/demo/inicio.html HTTP/1.1" 200 5067
34.216.196.108 - - [21/Nov/2019:06:21:17 -0500] "GET /galeria/nivo-slider/demo/inicio.html HTTP/1.1" 200 5067
54.202.166.33 - - [21/Nov/2019:06:21:21 -0500] "GET /galeria/nivo-slider/demo/inicio.html HTTP/1.1" 200 5067
52.10.71.130 - - [21/Nov/2019:06:21:23 -0500] "GET /galeria/nivo-slider/demo/inicio.html HTTP/1.1" 200 5067
66.249.66.83 - - [21/Nov/2019:06:21:31 -0500] "GET /BLA/resoluciones/RESOLUCIONES%202008/4284.pdf HTTP/1.1" 200 418437
192.168.175.104 - - [21/Nov/2019:06:21:37 -0500] "GET / HTTP/1.1" 200 9990
66.249.66.81 - - [21/Nov/2019:06:21:38 -0500] "GET /BLA/resoluciones/RESOLUCIONES%202017/1786.pdf HTTP/1.1" 200 380570
66.249.66.81 - - [21/Nov/2019:06:21:45 -0500] "GET /BLA/resoluciones/RESOLUCIONES%202017/1815.pdf HTTP/1.1" 200 327736
54.186.138.93 - - [21/Nov/2019:06:21:47 -0500] "GET /galeria/nivo-slider/demo/inicio.html HTTP/1.1" 200 5067
216.244.66.195 - - [21/Nov/2019:06:21:50 -0500] "GET /BLA/resoluciones/AUTOS%202011/3959.pdf HTTP/1.1" 200 219309
66.249.66.82 - - [21/Nov/2019:06:21:53 -0500] "GET /BLA/resoluciones/AUTOS%202014/2892.pdf HTTP/1.1" 200 435476
34.221.234.98 - - [21/Nov/2019:06:21:55 -0500] "GET /galeria/nivo-slider/demo/inicio.html HTTP/1.1" 200 5067
66.249.66.82 - - [21/Nov/2019:06:22:00 -0500] "GET /BLA/resoluciones/AUTOS%202014/7026.pdf HTTP/1.1" 200 588138
54.212.155.136 - - [21/Nov/2019:06:22:01 -0500] "GET /galeria/nivo-slider/demo/inicio.html HTTP/1.1" 200 5067
66.249.66.81 - - [21/Nov/2019:06:22:09 -0500] "GET /BLA/resoluciones/RESOLUCIONES%202008/1676.pdf HTTP/1.1" 200 69026
66.249.66.83 - - [21/Nov/2019:06:22:15 -0500] "GET /BLA/resoluciones/AUTOS%202016/1340.pdf HTTP/1.1" 200 532093
66.249.66.82 - - [21/Nov/2019:06:22:26 -0500] "GET /BLA/resoluciones/AUTOS%202014/2365.pdf HTTP/1.1" 200 2369787
66.249.66.82 - - [21/Nov/2019:06:22:29 -0500] "GET /BLA/resoluciones/AUTOS%202011/5513.pdf HTTP/1.1" 200 216514
66.249.66.85 - - [21/Nov/2019:06:22:30 -0500] "GET /BLA/resoluciones/RESOLUCIONES%202018/2056.pdf HTTP/1.1" 304 -
66.249.66.81 - - [21/Nov/2019:06:22:34 -0500] "GET /BLA/resoluciones/RESOLUCIONES%202011/1244.pdf HTTP/1.1" 200 534755
54.185.151.245 - - [21/Nov/2019:06:22:36 -0500] "GET /galeria/nivo-slider/demo/inicio.html HTTP/1.1" 200 5067
52.26.172.177 - - [21/Nov/2019:06:22:38 -0500] "GET /galeria/nivo-slider/demo/inicio.html HTTP/1.1" 200 5067
207.46.13.149 - - [21/Nov/2019:06:22:43 -0500] "GET /BLA/boletinlegal/Directivas/2011/Directiva%20No.%201%20del%205%20de%20Abril%20de%202011.pdf HTTP/1.1" 304 -
66.249.66.81 - - [21/Nov/2019:06:22:45 -0500] "GET /BLA/resoluciones/RESOLUCIONES%202017/1705.pdf HTTP/1.1" 200 441986
66.249.66.83 - - [21/Nov/2019:06:22:53 -0500] "GET /BLA/resoluciones/RESOLUCIONES%202015/0522.pdf HTTP/1.1" 200 632276
34.221.167.104 - - [21/Nov/2019:06:23:06 -0500] "GET /galeria/nivo-slider/demo/inicio.html HTTP/1.1" 200 5067
66.249.66.83 - - [21/Nov/2019:06:23:12 -0500] "GET /BLA/resoluciones/AUTOS%202016/2732.pdf HTTP/1.1" 200 631028
52.12.116.239 - - [21/Nov/2019:06:23:18 -0500] "GET /galeria/nivo-slider/demo/inicio.html HTTP/1.1" 200 5067
69.162.124.232 - - [21/Nov/2019:06:23:21 -0500] "HEAD / HTTP/1.1" 200 -
66.249.66.82 - - [21/Nov/2019:06:23:24 -0500] "GET /BLA/resoluciones/AUTOS%202010/3443.pdf HTTP/1.1" 200 465313
200.119.50.12 - - [21/Nov/2019:06:24:02 -0500] "GET /BLA/resoluciones/AUTOS%202018/5367.pdf HTTP/1.1" 200 305305
66.249.66.82 - - [21/Nov/2019:06:24:02 -0500] "GET /BLA/resoluciones/RESOLUCIONES%202016/1655.pdf HTTP/1.1" 304 -
216.244.66.195 - - [21/Nov/2019:06:24:02 -0500] "GET /BLA/resoluciones/AUTOS%202011/3974.pdf HTTP/1.1" 200 1065087
66.249.66.83 - - [21/Nov/2019:06:24:03 -0500] "GET /BLA/resoluciones/RESOLUCIONES%202010/4824.pdf HTTP/1.1" 304 -
66.249.66.83 - - [21/Nov/2019:06:24:06 -0500] "GET /BLA/resoluciones/AUTOS%202016/0074.pdf HTTP/1.1" 200 521430
109.74.154.72 - - [21/Nov/2019:06:24:27 -0500] "GET / HTTP/1.1" 200 9990
109.74.154.72 - - [21/Nov/2019:06:24:27 -0500] "GET /js/jquery.js HTTP/1.1" 200 97120
109.74.154.72 - - [21/Nov/2019:06:24:27 -0500] "GET /js/bootstrap.min.js HTTP/1.1" 200 28538
157.55.39.143 - - [21/Nov/2019:06:24:28 -0500] "GET /SIG/Gesti%C3%83%C2%B3n%20de%20Recursos%20F%C3%83%C2%ADsicos/126PA04-PR31.pdf HTTP/1.1" 404 1019
109.74.154.72 - - [21/Nov/2019:06:24:31 -0500] "HEAD /images/NINOS.jpg HTTP/1.1" 200 -
109.74.154.72 - - [21/Nov/2019:06:24:31 -0500] "HEAD /images/FOREST.jpg HTTP/1.1" 200 -
109.74.154.72 - - [21/Nov/2019:06:24:31 -0500] "HEAD /images/CORREO.jpg HTTP/1.1" 200 -
109.74.154.72 - - [21/Nov/2019:06:24:31 -0500] "HEAD /images/INTERNET.jpg HTTP/1.1" 200 -
109.74.154.72 - - [21/Nov/2019:06:24:31 -0500] "HEAD /images/SDQS.jpg HTTP/1.1" 200 -
109.74.154.72 - - [21/Nov/2019:06:24:31 -0500] "HEAD /images/LINEA.jpg HTTP/1.1" 200 -
109.74.154.72 - - [21/Nov/2019:06:24:31 -0500] "HEAD /images/SDA.jpg HTTP/1.1" 200 -
109.74.154.72 - - [21/Nov/2019:06:24:31 -0500] "HEAD /images/INTRANET.jpg HTTP/1.1" 200 -
109.74.154.72 - - [21/Nov/2019:06:24:31 -0500] "HEAD /images/BLA.jpg HTTP/1.1" 200 -
109.74.154.72 - - [21/Nov/2019:06:24:31 -0500] "HEAD /images/RMCAB.jpg HTTP/1.1" 200 -
109.74.154.72 - - [21/Nov/2019:06:24:32 -0500] "HEAD /images/FORMATOS.jpg HTTP/1.1" 200 -
109.74.154.72 - - [21/Nov/2019:06:24:32 -0500] "HEAD /images/CATALOGO.jpg HTTP/1.1" 200 -
66.249.66.81 - - [21/Nov/2019:06:24:38 -0500] "GET /BLA/resoluciones/AUTOS%202014/3368.pdf HTTP/1.1" 200 799373
34.219.190.222 - - [21/Nov/2019:06:24:51 -0500] "GET /galeria/nivo-slider/demo/inicio.html HTTP/1.1" 200 5067
54.187.38.94 - - [21/Nov/2019:06:24:54 -0500] "GET /galeria/nivo-slider/demo/inicio.html HTTP/1.1" 200 5067
54.200.56.110 - - [21/Nov/2019:06:25:07 -0500] "GET /robots.txt HTTP/1.1" 404 1154
54.200.56.110 - - [21/Nov/2019:06:25:08 -0500] "GET / HTTP/1.1" 200 9990
54.200.56.110 - - [21/Nov/2019:06:25:08 -0500] "GET /www.ambientebogota.gov.co/ HTTP/1.1" 404 1154
46.229.168.130 - - [21/Nov/2019:06:25:23 -0500] "GET /robots.txt HTTP/1.1" 404 1019
46.229.168.152 - - [21/Nov/2019:06:25:23 -0500] "GET /Autoliquidacion/index.php?dir=Solicitud%2Bde%2Bexpedici%C3%83%C2%83%C3%82%C2%B3n%2Bde%2Bcertificados%2Bde%2Bestado%2Bde%2Bconservaci%C3%83%C2%83%C3%82%C2%B3n%2Bambiental%2B%28CECA%29%2F&order=desc&sort=name HTTP/1.1" 200 6819
54.191.104.144 - - [21/Nov/2019:06:25:26 -0500] "GET /galeria/nivo-slider/demo/inicio.html HTTP/1.1" 200 5067
34.208.212.246 - - [21/Nov/2019:06:25:33 -0500] "GET /galeria/nivo-slider/demo/inicio.html HTTP/1.1" 200 5067
66.249.66.81 - - [21/Nov/2019:06:25:35 -0500] "GET /BLA/resoluciones/RESOLUCIONES%202007/RES%202007%201301%20AL%201400/RESOLUCION%201379%20DE%202007.pdf HTTP/1.1" 200 270081
216.244.66.195 - - [21/Nov/2019:06:25:41 -0500] "GET /BLA/resoluciones/AUTOS%202012/0057.pdf HTTP/1.1" 200 262288
192.168.175.104 - - [21/Nov/2019:06:25:47 -0500] "GET / HTTP/1.0" 200 9990
13.92.127.51 - - [21/Nov/2019:06:25:51 -0500] "GET /autoliquidacion/Solicitudes%20relacionadas%20con%20calidad%20del%20aire%20auditiva%20y%20visual/Registro%20de%20Elementos%20de%20publicidad%20Exterior%20Visual/Aplicativo%20PEV%202019%20-%20Actualizado.xls HTTP/1.1" 200 58368
66.249.66.81 - - [21/Nov/2019:06:25:54 -0500] "GET /BLA/resoluciones/AUTOS%202018/2513.pdf HTTP/1.1" 304 -
35.160.70.128 - - [21/Nov/2019:06:26:02 -0500] "GET /galeria/nivo-slider/demo/inicio.html HTTP/1.1" 200 5067
186.154.217.50 - - [21/Nov/2019:06:26:27 -0500] "GET /galeria/nivo-slider/demo/inicio.html HTTP/1.1" 200 5067
186.154.217.50 - - [21/Nov/2019:06:26:28 -0500] "GET /galeria/nivo-slider/demo/images/Bannerpread.jpg HTTP/1.1" 304 -
186.154.217.50 - - [21/Nov/2019:06:26:28 -0500] "GET /galeria/nivo-slider/demo/images/bannerclimabog.jpg HTTP/1.1" 200 170671
186.154.217.50 - - [21/Nov/2019:06:26:28 -0500] "GET /galeria/nivo-slider/demo/images/Noviembre.png HTTP/1.1" 304 -
186.154.217.50 - - [21/Nov/2019:06:26:29 -0500] "GET /galeria/nivo-slider/demo/images/bannerrendicion.jpg HTTP/1.1" 200 153938
186.154.217.50 - - [21/Nov/2019:06:26:29 -0500] "GET /galeria/nivo-slider/demo/images/banneragendamiento.jpg HTTP/1.1" 304 -
186.154.217.50 - - [21/Nov/2019:06:26:29 -0500] "GET /galeria/nivo-slider/demo/images/bannerincendios.jpg HTTP/1.1" 304 -
27.224.137.157 - - [21/Nov/2019:06:26:30 -0500] "HEAD http://123.125.114.144/ HTTP/1.1" 200 -
192.168.175.104 - - [21/Nov/2019:06:26:34 -0500] "GET / HTTP/1.1" 200 9990
35.165.180.124 - - [21/Nov/2019:06:26:38 -0500] "GET /galeria/nivo-slider/demo/inicio.html HTTP/1.1" 200 5067
34.208.60.246 - - [21/Nov/2019:06:26:42 -0500] "GET /galeria/nivo-slider/demo/inicio.html HTTP/1.1" 200 5067
34.216.82.94 - - [21/Nov/2019:06:26:52 -0500] "GET /galeria/nivo-slider/demo/inicio.html HTTP/1.1" 200 5067
201.245.192.253 - - [21/Nov/2019:06:26:20 -0500] "POST /kwsrmcab/Wsrmcab HTTP/1.1" 200 26939
66.249.66.81 - - [21/Nov/2019:06:26:59 -0500] "GET /BLA/resoluciones/RESOLUCIONES%202011/1371.pdf HTTP/1.1" 200 519061
66.249.66.81 - - [21/Nov/2019:06:27:10 -0500] "GET /BLA/resoluciones/RESOLUCIONES%202010/6061.pdf HTTP/1.1" 200 623898
171.34.176.30 - - [21/Nov/2019:06:27:12 -0500] "GET http://www.epochtimes.com/ HTTP/1.1" 200 9990
121.57.231.177 - - [21/Nov/2019:06:27:13 -0500] "CONNECT cn.bing.com:443 HTTP/1.1" 405 939
124.88.113.135 - - [21/Nov/2019:06:27:15 -0500] "GET http://www.123cha.com/ HTTP/1.1" 200 9990
124.88.113.87 - - [21/Nov/2019:06:27:16 -0500] "CONNECT www.ipip.net:443 HTTP/1.1" 405 940
175.152.108.218 - - [21/Nov/2019:06:27:17 -0500] "GET http://www.minghui.org/ HTTP/1.1" 200 9990
119.39.46.45 - - [21/Nov/2019:06:27:17 -0500] "CONNECT www.baidu.com:443 HTTP/1.1" 405 941
222.94.212.175 - - [21/Nov/2019:06:27:19 -0500] "GET http://www.rfa.org/english/ HTTP/1.1" 404 1015
101.68.5.240 - - [21/Nov/2019:06:27:20 -0500] "GET http://boxun.com/ HTTP/1.1" 200 9990
52.34.124.95 - - [21/Nov/2019:06:27:42 -0500] "GET /galeria/nivo-slider/demo/inicio.html HTTP/1.1" 200 5067
18.237.193.107 - - [21/Nov/2019:06:28:02 -0500] "GET /galeria/nivo-slider/demo/inicio.html HTTP/1.1" 200 5067
66.249.66.81 - - [21/Nov/2019:06:28:13 -0500] "GET /BLA/resoluciones/RESOLUCIONES%202017/0052.pdf HTTP/1.1" 200 355119
66.249.66.81 - - [21/Nov/2019:06:28:20 -0500] "GET /BLA/resoluciones/RESOLUCIONES%202008/0453.pdf HTTP/1.1" 200 239316
69.162.124.232 - - [21/Nov/2019:06:28:21 -0500] "HEAD / HTTP/1.1" 200 -
66.249.66.81 - - [21/Nov/2019:06:28:39 -0500] "GET /BLA/resoluciones/AUTOS%202008/0639.pdf HTTP/1.1" 200 320040
34.212.218.143 - - [21/Nov/2019:06:28:39 -0500] "GET /galeria/nivo-slider/demo/inicio.html HTTP/1.1" 200 5067
66.249.66.81 - - [21/Nov/2019:06:28:47 -0500] "GET /BLA/resoluciones/RESOLUCIONES%202007/RES%202007%201001%20AL%201100/RESOLUCION%201030%20DE%202007.pdf HTTP/1.1" 200 223430
54.212.107.247 - - [21/Nov/2019:06:28:47 -0500] "GET /robots.txt HTTP/1.1" 404 1154
54.212.107.247 - - [21/Nov/2019:06:28:48 -0500] "GET / HTTP/1.1" 200 9990
54.212.107.247 - - [21/Nov/2019:06:28:48 -0500] "GET /www.ambientebogota.gov.co/ HTTP/1.1" 404 1154
66.249.88.189 - - [21/Nov/2019:06:28:54 -0500] "GET /galeria/galeria/jquery.fancybox.css?v=2.1.5 HTTP/1.1" 200 4895
66.249.88.189 - - [21/Nov/2019:06:28:54 -0500] "GET /galeria/galeria/jquery.fancybox.js?v=2.1.5 HTTP/1.1" 200 48706
66.249.88.191 - - [21/Nov/2019:06:28:54 -0500] "GET /BLA/boletinlegal/js/jquery.scrollShow.js HTTP/1.1" 200 4586
66.249.66.81 - - [21/Nov/2019:06:29:03 -0500] "GET /BLA/resoluciones/AUTOS%202013/1308.pdf HTTP/1.1" 200 1736677
66.249.66.81 - - [21/Nov/2019:06:29:06 -0500] "GET /BLA/resoluciones/RESOLUCIONES%202011/0340.pdf HTTP/1.1" 200 68387
66.249.66.82 - - [21/Nov/2019:06:29:23 -0500] "GET /BLA/resoluciones/RESOLUCIONES%202017/2246.pdf HTTP/1.1" 200 328343
66.249.66.83 - - [21/Nov/2019:06:29:30 -0500] "GET /BLA/resoluciones/RESOLUCIONES%202009/4905.pdf HTTP/1.1" 200 634484
66.249.66.82 - - [21/Nov/2019:06:29:39 -0500] "GET /BLA/resoluciones/RESOLUCIONES%202015/2790.pdf HTTP/1.1" 200 1078450
66.249.66.81 - - [21/Nov/2019:06:29:43 -0500] "GET /BLA/resoluciones/AUTOS%202014/4186.pdf HTTP/1.1" 200 471372
66.249.66.82 - - [21/Nov/2019:06:29:50 -0500] "GET /BLA/resoluciones/AUTOS%202015/5654.pdf HTTP/1.1" 200 458684
186.30.173.70 - - [21/Nov/2019:06:29:55 -0500] "GET /galeria/galeria/jquery.fancybox.css?v=2.1.5 HTTP/1.1" 200 4895
186.30.173.70 - - [21/Nov/2019:06:29:55 -0500] "GET /BLA/boletinlegal/js/jquery.scrollShow.js HTTP/1.1" 200 4586
186.30.173.70 - - [21/Nov/2019:06:29:55 -0500] "GET /galeria/galeria/jquery.fancybox.js?v=2.1.5 HTTP/1.1" 200 48706
18.237.14.143 - - [21/Nov/2019:06:29:59 -0500] "GET /robots.txt HTTP/1.1" 404 1154
18.237.14.143 - - [21/Nov/2019:06:29:59 -0500] "GET / HTTP/1.1" 200 9990
18.237.14.143 - - [21/Nov/2019:06:30:00 -0500] "GET /www.ambientebogota.gov.co/ HTTP/1.1" 404 1154
66.249.88.189 - - [21/Nov/2019:06:30:12 -0500] "GET /galeria/galeria/jquery.fancybox.css?v=2.1.5 HTTP/1.1" 200 4895
66.249.88.189 - - [21/Nov/2019:06:30:12 -0500] "GET /BLA/boletinlegal/js/jquery.scrollShow.js HTTP/1.1" 200 4586
66.249.88.189 - - [21/Nov/2019:06:30:12 -0500] "GET /galeria/galeria/jquery.fancybox.js?v=2.1.5 HTTP/1.1" 200 48706
66.249.66.81 - - [21/Nov/2019:06:30:15 -0500] "GET /BLA/resoluciones/AUTOS%202013/1994.pdf HTTP/1.1" 200 1138127
207.46.13.39 - - [21/Nov/2019:06:30:19 -0500] "GET /portalsiaccapacitaciones/Soportes%20Capacitaciones%202015/0001.%20Presentacion%20CAEM-MVC%2006-04-2015.pdf HTTP/1.1" 304 -
54.188.254.52 - - [21/Nov/2019:06:30:28 -0500] "GET /galeria/nivo-slider/demo/inicio.html HTTP/1.1" 200 5067
148.251.69.139 - - [21/Nov/2019:06:30:29 -0500] "GET /robots.txt HTTP/1.1" 404 1019
66.249.66.81 - - [21/Nov/2019:06:30:37 -0500] "GET /BLA/resoluciones/AUTOS%202016/1376.pdf HTTP/1.1" 304 -
66.249.66.82 - - [21/Nov/2019:06:30:43 -0500] "GET /BLA/resoluciones/RESOLUCIONES%202011/5777.pdf HTTP/1.1" 200 435266
192.168.175.104 - - [21/Nov/2019:06:30:45 -0500] "GET / HTTP/1.0" 200 9990
148.251.69.139 - - [21/Nov/2019:06:30:48 -0500] "GET /StormSDA/userFiles%20-%20Copy%2019-07-2012/user_files/93/?C=N;O=D/ HTTP/1.1" 200 877
54.36.150.144 - - [21/Nov/2019:06:30:50 -0500] "GET /galeria/galeria/fotos/Humedal-techo4G.jpg HTTP/1.1" 200 230318
66.249.66.81 - - [21/Nov/2019:06:30:50 -0500] "GET /BLA/boletinlegal/Directivas/2018/Directiva%20No.%2024%20del%2027%20de%20diciembre%20de%202018.pdf HTTP/1.1" 200 575948
18.237.241.184 - - [21/Nov/2019:06:30:59 -0500] "GET /galeria/nivo-slider/demo/inicio.html HTTP/1.1" 200 5067
66.249.66.81 - - [21/Nov/2019:06:31:01 -0500] "GET /BLA/resoluciones/AUTOS%202015/1430.pdf HTTP/1.1" 304 -
148.251.69.139 - - [21/Nov/2019:06:31:02 -0500] "GET /StormSDA/userFiles%20-%20Copy%2019-07-2012/user_files/93/?C=S;O=A/ HTTP/1.1" 200 877
66.249.66.81 - - [21/Nov/2019:06:31:04 -0500] "GET /BLA/resoluciones/AUTOS%202007/0622.pdf HTTP/1.1" 200 68468
148.251.69.139 - - [21/Nov/2019:06:31:19 -0500] "GET /StormSDA/userFiles%20-%20Copy%2019-07-2012/user_files/95/?C=D;O=A/ HTTP/1.1" 200 877
192.168.175.104 - - [21/Nov/2019:06:31:32 -0500] "GET / HTTP/1.1" 200 9990
66.249.66.81 - - [21/Nov/2019:06:31:35 -0500] "GET /BLA/resoluciones/RESOLUCIONES%202017/3009.pdf HTTP/1.1" 200 306069
66.249.66.81 - - [21/Nov/2019:06:31:42 -0500] "GET /BLA/resoluciones/RESOLUCIONES%202017/3452.pdf HTTP/1.1" 200 1226703
54.244.62.6 - - [21/Nov/2019:06:31:43 -0500] "GET /galeria/nivo-slider/demo/inicio.html HTTP/1.1" 200 5067
148.251.69.139 - - [21/Nov/2019:06:31:48 -0500] "GET /StormSDA/userFiles%20-%20Copy%2019-07-2012/user_files/95/?C=N;O=D/ HTTP/1.1" 200 877
66.249.66.81 - - [21/Nov/2019:06:31:50 -0500] "GET /BLA/resoluciones/RESOLUCIONES%202007/RES%202007%201101%20AL%201200/RESOLUCION%201112%20DE%202007.pdf HTTP/1.1" 200 301708
66.249.66.81 - - [21/Nov/2019:06:32:03 -0500] "GET /BLA/resoluciones/RESOLUCIONES%202010/3929.pdf HTTP/1.1" 200 680147
148.251.69.139 - - [21/Nov/2019:06:32:06 -0500] "GET /StormSDA/userFiles%20-%20Copy%2019-07-2012/user_files/95/?C=S;O=A/ HTTP/1.1" 200 877
66.249.66.82 - - [21/Nov/2019:06:32:07 -0500] "GET /BLA/resoluciones/AUTOS%202007/1642.pdf HTTP/1.1" 200 129647
148.251.69.139 - - [21/Nov/2019:06:32:18 -0500] "GET /StormSDA/userFiles/?C=D;O=D/ HTTP/1.1" 200 6087
34.216.254.116 - - [21/Nov/2019:06:32:25 -0500] "GET /galeria/nivo-slider/demo/inicio.html HTTP/1.1" 200 5067
186.84.90.25 - - [21/Nov/2019:06:32:26 -0500] "GET / HTTP/1.1" 200 9990
186.84.90.25 - - [21/Nov/2019:06:32:26 -0500] "GET /css/bootstrap.min.css HTTP/1.1" 200 105939
186.84.90.25 - - [21/Nov/2019:06:32:26 -0500] "GET /css/style.css HTTP/1.1" 200 3610
186.84.90.25 - - [21/Nov/2019:06:32:26 -0500] "GET /images/INTRANET.jpg HTTP/1.1" 200 37297
186.84.90.25 - - [21/Nov/2019:06:32:26 -0500] "GET /images/SDA.jpg HTTP/1.1" 200 48976
186.84.90.25 - - [21/Nov/2019:06:32:26 -0500] "GET /images/INTERNET.jpg HTTP/1.1" 200 34880
186.84.90.25 - - [21/Nov/2019:06:32:26 -0500] "GET /images/LINEA.jpg HTTP/1.1" 200 33035
186.84.90.25 - - [21/Nov/2019:06:32:26 -0500] "GET /js/jquery.js HTTP/1.1" 200 97120
186.84.90.25 - - [21/Nov/2019:06:32:26 -0500] "GET /js/bootstrap.min.js HTTP/1.1" 200 28538
186.84.90.25 - - [21/Nov/2019:06:32:26 -0500] "GET /images/NINOS.jpg HTTP/1.1" 200 44828
186.84.90.25 - - [21/Nov/2019:06:32:26 -0500] "GET /images/FOREST.jpg HTTP/1.1" 200 33277
186.84.90.25 - - [21/Nov/2019:06:32:26 -0500] "GET /images/RMCAB.jpg HTTP/1.1" 200 49926
186.84.90.25 - - [21/Nov/2019:06:32:26 -0500] "GET /images/BLA.jpg HTTP/1.1" 200 34672
186.84.90.25 - - [21/Nov/2019:06:32:26 -0500] "GET /images/SDQS.jpg HTTP/1.1" 200 47976
186.84.90.25 - - [21/Nov/2019:06:32:26 -0500] "GET /images/CORREO.jpg HTTP/1.1" 200 39337
186.84.90.25 - - [21/Nov/2019:06:32:26 -0500] "GET /images/FORMATOS.jpg HTTP/1.1" 200 41585
186.84.90.25 - - [21/Nov/2019:06:32:26 -0500] "GET /images/CATALOGO.jpg HTTP/1.1" 200 35661
186.84.90.25 - - [21/Nov/2019:06:32:28 -0500] "GET /favicon.ico HTTP/1.1" 200 7782
66.249.66.82 - - [21/Nov/2019:06:32:31 -0500] "GET /BLA/resoluciones/AUTOS%202009/1068.pdf HTTP/1.1" 200 97470
148.251.69.139 - - [21/Nov/2019:06:32:35 -0500] "GET /StormSDA/userFiles/?C=M;O=D/ HTTP/1.1" 200 6087
66.249.66.82 - - [21/Nov/2019:06:32:37 -0500] "GET /BLA/resoluciones/AUTOS%202013/2524.pdf HTTP/1.1" 200 1816183
54.149.108.44 - - [21/Nov/2019:06:32:44 -0500] "GET /galeria/nivo-slider/demo/inicio.html HTTP/1.1" 200 5067
34.209.27.190 - - [21/Nov/2019:06:32:52 -0500] "GET /galeria/nivo-slider/demo/inicio.html HTTP/1.1" 200 5067
148.251.69.139 - - [21/Nov/2019:06:32:54 -0500] "GET /StormSDA/userFiles/?C=N;O=A/ HTTP/1.1" 200 6087
66.249.66.81 - - [21/Nov/2019:06:32:59 -0500] "GET /BLA/resoluciones/Notificaciones/AUTOS%202017/01361.pdf HTTP/1.1" 200 321543
66.249.66.81 - - [21/Nov/2019:06:33:06 -0500] "GET /galeria/nivo-slider/demo/images/Otorgamiento-excelencia-ambiental-Jos%C3%A9-Celestino-Mutis-2.jpg HTTP/1.1" 200 276467
148.251.69.139 - - [21/Nov/2019:06:33:06 -0500] "GET /StormSDA/userFiles/?C=S;O=D/ HTTP/1.1" 200 6087
66.249.66.82 - - [21/Nov/2019:06:33:07 -0500] "GET /BLA/resoluciones/AUTOS%202014/4063.pdf HTTP/1.1" 200 557234
66.249.66.82 - - [21/Nov/2019:06:33:18 -0500] "GET /BLA/resoluciones/RESOLUCIONES%202011/0871.pdf HTTP/1.1" 200 269503
148.251.69.139 - - [21/Nov/2019:06:33:20 -0500] "GET /StormSDA/userFiles/user_files/89/?C=N;O=A/ HTTP/1.1" 200 817
69.162.124.232 - - [21/Nov/2019:06:33:21 -0500] "HEAD / HTTP/1.1" 200 -
66.249.66.81 - - [21/Nov/2019:06:33:25 -0500] "GET /BLA/resoluciones/AUTOS%202011/1978.pdf HTTP/1.1" 200 308742
18.236.89.27 - - [21/Nov/2019:06:33:30 -0500] "GET /galeria/nivo-slider/demo/inicio.html HTTP/1.1" 200 5067
148.251.69.139 - - [21/Nov/2019:06:33:30 -0500] "GET /StormSDA/userFiles/user_files/formulas/?C=D;O=D/ HTTP/1.1" 200 1444
66.249.66.81 - - [21/Nov/2019:06:33:33 -0500] "GET /BLA/resoluciones/RESOLUCIONES%202009/3821.pdf HTTP/1.1" 200 704629
66.249.66.81 - - [21/Nov/2019:06:33:42 -0500] "GET /BLA/resoluciones/AUTOS%202016/0509.pdf HTTP/1.1" 200 676745
148.251.69.139 - - [21/Nov/2019:06:33:47 -0500] "GET /StormSDA/userFiles/user_files/formulas/?C=M;O=D/ HTTP/1.1" 200 1444
66.249.66.81 - - [21/Nov/2019:06:33:50 -0500] "GET /BLA/resoluciones/RESOLUCIONES%202017/2803.pdf HTTP/1.1" 200 437698
148.251.69.139 - - [21/Nov/2019:06:33:55 -0500] "GET /StormSDA/userFiles/user_files/formulas/?C=N;O=A/ HTTP/1.1" 200 1444
54.188.193.136 - - [21/Nov/2019:06:33:58 -0500] "GET /galeria/nivo-slider/demo/inicio.html HTTP/1.1" 200 5067
66.249.66.81 - - [21/Nov/2019:06:33:58 -0500] "GET /BLA/resoluciones/AUTOS%202015/5591.pdf HTTP/1.1" 200 455700
34.217.112.67 - - [21/Nov/2019:06:34:01 -0500] "GET /galeria/nivo-slider/demo/inicio.html HTTP/1.1" 200 5067
201.245.192.253 - - [21/Nov/2019:06:34:04 -0500] "GET /galeria/nivo-slider/demo/inicio.html HTTP/1.1" 304 -
201.245.192.253 - - [21/Nov/2019:06:34:04 -0500] "GET /galeria/nivo-slider/demo/images/Bannerpread.jpg HTTP/1.1" 304 -
