66.249.69.59 - - [23/Nov/2019:14:46:53 -0500] "GET /resoluciones/RESOLUCIONES%202008/1916.pdf HTTP/1.1" 404 1018
191.95.53.173 - - [23/Nov/2019:14:46:57 -0500] "GET /BLA/resoluciones/RESOLUCIONES%202007/RES%202007%202901%20AL%203000/RESOLUCION%202908%20DE%202007.pdf HTTP/1.1" 200 566408
192.168.175.104 - - [23/Nov/2019:14:46:58 -0500] "GET / HTTP/1.1" 200 9990
66.249.69.59 - - [23/Nov/2019:14:46:59 -0500] "GET /BLA/resoluciones/AUTOS%202017/0385.pdf HTTP/1.1" 200 352585
157.55.39.247 - - [23/Nov/2019:14:47:00 -0500] "GET /SIG/Gesti%C3%83%C2%B3n%20Ambiental/126PM03-PR13.pdf HTTP/1.1" 404 1019
66.249.69.59 - - [23/Nov/2019:14:47:01 -0500] "GET /BLA/resoluciones/Autos%202008/0810.pdf HTTP/1.1" 200 123977
66.249.69.59 - - [23/Nov/2019:14:47:05 -0500] "GET /BLA/resoluciones/AUTOS%202012/2006.pdf HTTP/1.1" 200 629932
66.249.69.59 - - [23/Nov/2019:14:47:09 -0500] "GET /BLA/resoluciones/AUTOS%202017/2771.pdf HTTP/1.1" 200 699203
66.249.69.61 - - [23/Nov/2019:14:47:13 -0500] "GET /BLA/resoluciones/AUTOS%202015/6000.pdf HTTP/1.1" 200 531290
186.154.155.140 - - [23/Nov/2019:14:47:15 -0500] "GET /galeria/nivo-slider/demo/images/Bannerserpiente2019.jpg HTTP/1.1" 200 270374
186.154.155.140 - - [23/Nov/2019:14:47:15 -0500] "GET /galeria/nivo-slider/demo/images/bannerincendios.jpg HTTP/1.1" 200 206070
186.154.155.140 - - [23/Nov/2019:14:47:15 -0500] "GET /galeria/nivo-slider/demo/images/banneragendamiento.jpg HTTP/1.1" 200 116897
186.154.155.140 - - [23/Nov/2019:14:47:15 -0500] "GET /galeria/nivo-slider/demo/images/Banner%20tinguas.jpg HTTP/1.1" 200 214878
191.106.207.49 - - [23/Nov/2019:14:47:17 -0500] "GET /BLA/resoluciones/RESOLUCIONES%202018/1471.pdf HTTP/1.1" 200 4855393
186.154.155.140 - - [23/Nov/2019:14:47:18 -0500] "GET /galeria/nivo-slider/demo/images/Noviembre.png HTTP/1.1" 200 519399
186.154.155.140 - - [23/Nov/2019:14:47:19 -0500] "GET /galeria/nivo-slider/demo/images/puntos%20atencion%20BANNER.jpg HTTP/1.1" 200 244208
18.236.221.6 - - [23/Nov/2019:14:48:05 -0500] "GET /galeria/nivo-slider/demo/inicio.html HTTP/1.1" 200 5154
69.162.124.232 - - [23/Nov/2019:14:48:11 -0500] "HEAD / HTTP/1.1" 200 -
66.249.88.191 - - [23/Nov/2019:14:48:19 -0500] "GET /galeria/galeria/jquery.fancybox.css?v=2.1.5 HTTP/1.1" 200 4895
66.249.88.191 - - [23/Nov/2019:14:48:19 -0500] "GET /galeria/galeria/jquery.fancybox.js?v=2.1.5 HTTP/1.1" 200 48706
66.249.88.189 - - [23/Nov/2019:14:48:19 -0500] "GET /BLA/boletinlegal/js/jquery.scrollShow.js HTTP/1.1" 200 4586
190.236.206.113 - - [23/Nov/2019:14:48:31 -0500] "GET /galeria/galeria/jquery.fancybox.css?v=2.1.5 HTTP/1.1" 200 4895
190.236.206.113 - - [23/Nov/2019:14:48:31 -0500] "GET /galeria/galeria/jquery.fancybox.js?v=2.1.5 HTTP/1.1" 200 48706
66.249.69.59 - - [23/Nov/2019:14:48:33 -0500] "GET /BLA/resoluciones/Notificaciones/AUTOS%202014/5761.doc HTTP/1.1" 200 231424
190.236.206.113 - - [23/Nov/2019:14:48:33 -0500] "GET /galeria/juegos/ear/ HTTP/1.1" 200 1093
66.249.69.59 - - [23/Nov/2019:14:48:36 -0500] "GET /BLA/resoluciones/AUTOS%202007/1545.pdf HTTP/1.1" 200 65773
66.249.88.189 - - [23/Nov/2019:14:48:36 -0500] "GET /galeria/galeria/jquery.fancybox.css?v=2.1.5 HTTP/1.1" 200 4895
66.249.88.191 - - [23/Nov/2019:14:48:36 -0500] "GET /BLA/boletinlegal/js/jquery.scrollShow.js HTTP/1.1" 200 4586
66.249.88.187 - - [23/Nov/2019:14:48:36 -0500] "GET /galeria/galeria/jquery.fancybox.js?v=2.1.5 HTTP/1.1" 200 48706
66.249.69.100 - - [23/Nov/2019:14:47:31 -0500] "GET /BLA/boletinlegal/ HTTP/1.1" 200 49099
66.249.69.52 - - [23/Nov/2019:14:48:53 -0500] "GET /portel_dama/libreria/pdf/Memoriasdecapacitacinenincendiosforestales2005.pdf HTTP/1.1" 404 1018
66.249.69.59 - - [23/Nov/2019:14:48:59 -0500] "GET /BLA/resoluciones/AUTOS%202013/0141.pdf HTTP/1.1" 200 2385824
66.249.69.59 - - [23/Nov/2019:14:49:10 -0500] "GET /BLA/resoluciones/RESOLUCIONES%202010/5534.pdf HTTP/1.1" 200 2801415
191.95.53.173 - - [23/Nov/2019:14:49:20 -0500] "GET /BLA/resoluciones/RESOLUCIONES%202007/RES%202007%201101%20AL%201200/RESOLUCION%201126%20DE%202007.pdf HTTP/1.1" 200 291264
66.249.69.63 - - [23/Nov/2019:14:49:28 -0500] "GET /BLA/resoluciones/RESOLUCIONES%202010/5565.pdf HTTP/1.1" 200 509667
66.249.69.61 - - [23/Nov/2019:14:49:35 -0500] "GET /BLA/resoluciones/RESOLUCIONES%202007/RES%202007%20301%20AL%20400/RESOLUCION%200347%20DE%202007.pdf HTTP/1.1" 200 208141
66.249.69.59 - - [23/Nov/2019:14:49:42 -0500] "GET /BLA/resoluciones/AUTOS%202007/1710.pdf HTTP/1.1" 200 34915
66.249.69.59 - - [23/Nov/2019:14:49:48 -0500] "GET /BLA/resoluciones/AUTOS%202007/0085.pdf HTTP/1.1" 200 48000
190.158.120.6 - - [23/Nov/2019:14:50:08 -0500] "GET /galeria/nivo-slider/demo/inicio.html HTTP/1.1" 304 -
39.183.145.246 - - [23/Nov/2019:14:50:03 -0500] "GET /BLA/resoluciones/index.php?dir=Notificaciones/RESOLUCIONES%2B2018/&sort=date&order=asc HTTP/1.1" 200 12135
190.158.120.6 - - [23/Nov/2019:14:50:10 -0500] "GET /galeria/nivo-slider/demo/images/bannerwebmusgo.jpg HTTP/1.1" 304 -
190.14.246.250 - - [23/Nov/2019:14:50:20 -0500] "GET /galeria/galeria/jquery.fancybox.css?v=2.1.5 HTTP/1.1" 200 4895
186.96.125.116 - - [23/Nov/2019:14:50:27 -0500] "GET /galeria/galeria/jquery.fancybox.css?v=2.1.5 HTTP/1.1" 200 4895
186.96.125.116 - - [23/Nov/2019:14:50:27 -0500] "GET /BLA/boletinlegal/js/jquery.scrollShow.js HTTP/1.1" 200 4586
186.96.125.116 - - [23/Nov/2019:14:50:27 -0500] "GET /galeria/galeria/jquery.fancybox.js?v=2.1.5 HTTP/1.1" 200 48706
190.14.246.250 - - [23/Nov/2019:14:50:30 -0500] "GET /BLA/boletinlegal/js/jquery.scrollShow.js HTTP/1.1" 200 4586
190.14.246.250 - - [23/Nov/2019:14:50:34 -0500] "GET /galeria/galeria/jquery.fancybox.js?v=2.1.5 HTTP/1.1" 200 48706
66.249.69.97 - - [23/Nov/2019:14:51:12 -0500] "GET /BLA/boletinlegal/js/jquery.scrollShow.js HTTP/1.1" 200 4586
66.249.69.97 - - [23/Nov/2019:14:51:15 -0500] "GET /BLA/boletinlegal/js/jquery.scrollTo-min.js HTTP/1.1" 200 1150
66.249.69.100 - - [23/Nov/2019:14:50:07 -0500] "GET /BLA/boletinlegal/ HTTP/1.1" 200 49099
66.249.69.59 - - [23/Nov/2019:14:51:21 -0500] "GET /BLA/resoluciones/AUTOS%202013/0047.pdf HTTP/1.1" 200 153129
66.249.69.59 - - [23/Nov/2019:14:51:31 -0500] "GET /BLA/resoluciones/RESOLUCIONES%202007/RES%202007%202901%20AL%203000/RESOLUCION%202990%20DE%202007.pdf HTTP/1.1" 200 215793
66.249.69.59 - - [23/Nov/2019:14:51:38 -0500] "GET /BLA/resoluciones/AUTOS%202012/1509.pdf HTTP/1.1" 200 201645
192.168.175.104 - - [23/Nov/2019:14:51:40 -0500] "GET / HTTP/1.0" 200 9990
66.249.69.59 - - [23/Nov/2019:14:51:47 -0500] "GET /BLA/resoluciones/AUTOS%202012/1398.pdf HTTP/1.1" 200 296349
192.168.175.104 - - [23/Nov/2019:14:51:56 -0500] "GET / HTTP/1.1" 200 9990
66.249.69.59 - - [23/Nov/2019:14:52:07 -0500] "GET /BLA/resoluciones/AUTOS%202012/1122.pdf HTTP/1.1" 200 246339
66.249.69.59 - - [23/Nov/2019:14:52:18 -0500] "GET /BLA/resoluciones/RESOLUCIONES%202007/RES%202007%204001%20AL%204100/RESOLUCION%204059%20DE%202007.pdf HTTP/1.1" 200 972236
66.249.69.61 - - [23/Nov/2019:14:52:27 -0500] "GET /BLA/resoluciones/AUTOS%202017/1396.pdf HTTP/1.1" 200 315932
66.249.69.59 - - [23/Nov/2019:14:52:36 -0500] "GET /BLA/resoluciones/AUTOS%202007/0530.pdf HTTP/1.1" 200 46406
66.249.69.59 - - [23/Nov/2019:14:52:43 -0500] "GET /BLA/resoluciones/Autos%202008/1486.pdf HTTP/1.1" 200 199264
66.249.69.59 - - [23/Nov/2019:14:52:50 -0500] "GET /BLA/resoluciones/AUTOS%202014/0412.pdf HTTP/1.1" 200 664620
69.162.124.232 - - [23/Nov/2019:14:53:11 -0500] "HEAD / HTTP/1.1" 200 -
66.249.69.59 - - [23/Nov/2019:14:53:12 -0500] "GET /BLA/resoluciones/AUTOS%202012/2885.pdf HTTP/1.1" 200 2027862
66.249.69.59 - - [23/Nov/2019:14:53:37 -0500] "GET /BLA/resoluciones/AUTOS%202012/2139.pdf HTTP/1.1" 200 776738
186.154.38.78 - - [23/Nov/2019:14:53:41 -0500] "GET /BLA/boletinlegal/js/jquery.scrollShow.js HTTP/1.1" 200 4586
186.154.38.78 - - [23/Nov/2019:14:53:41 -0500] "GET /galeria/galeria/jquery.fancybox.js?v=2.1.5 HTTP/1.1" 200 48706
186.154.38.78 - - [23/Nov/2019:14:53:41 -0500] "GET /galeria/galeria/jquery.fancybox.css?v=2.1.5 HTTP/1.1" 200 4895
66.249.88.187 - - [23/Nov/2019:14:53:42 -0500] "GET /galeria/galeria/jquery.fancybox.js?v=2.1.5 HTTP/1.1" 200 48706
66.249.88.191 - - [23/Nov/2019:14:53:42 -0500] "GET /BLA/boletinlegal/js/jquery.scrollShow.js HTTP/1.1" 200 4586
66.249.88.187 - - [23/Nov/2019:14:53:42 -0500] "GET /galeria/carrusel/Carrusel/jquery-ui-1.8.13.custom.min.js HTTP/1.1" 200 10800
66.249.88.191 - - [23/Nov/2019:14:53:43 -0500] "GET /galeria/galeria/jquery.fancybox.css?v=2.1.5 HTTP/1.1" 200 4895
66.249.88.187 - - [23/Nov/2019:14:53:43 -0500] "GET /galeria/carrusel/Carrusel/jquery.thumbnailScroller.css HTTP/1.1" 200 2066
66.249.88.187 - - [23/Nov/2019:14:53:43 -0500] "GET /galeria/carrusel/Carrusel/jquery.thumbnailScroller.js HTTP/1.1" 200 8157
66.249.88.187 - - [23/Nov/2019:14:53:43 -0500] "GET /galeria/nivo-slider/demo/inicio.html HTTP/1.1" 200 5154
66.249.88.187 - - [23/Nov/2019:14:53:44 -0500] "GET /galeria/nivo-slider/themes/default/default.css HTTP/1.1" 200 1569
66.249.88.187 - - [23/Nov/2019:14:53:44 -0500] "GET /galeria/nivo-slider/demo/style.css HTTP/1.1" 200 2222
66.249.88.191 - - [23/Nov/2019:14:53:44 -0500] "GET /galeria/nivo-slider/nivo-slider.css HTTP/1.1" 200 1507
66.249.88.187 - - [23/Nov/2019:14:53:44 -0500] "GET /galeria/nivo-slider/themes/orman/orman.css HTTP/1.1" 200 2152
66.249.88.189 - - [23/Nov/2019:14:53:44 -0500] "GET /galeria/nivo-slider/themes/pascal/pascal.css HTTP/1.1" 200 2258
66.249.88.191 - - [23/Nov/2019:14:53:44 -0500] "GET /galeria/nivo-slider/demo/images/bannerclimabog.jpg HTTP/1.1" 200 170671
66.249.88.187 - - [23/Nov/2019:14:53:44 -0500] "GET /galeria/nivo-slider/demo/scripts/jquery-1.7.1.min.js HTTP/1.1" 200 93868
66.249.88.189 - - [23/Nov/2019:14:53:44 -0500] "GET /galeria/nivo-slider/jquery.nivo.slider.pack.js HTTP/1.1" 200 11561
66.249.88.191 - - [23/Nov/2019:14:53:44 -0500] "GET /galeria/nivo-slider/demo/images/bannerrendicion.jpg HTTP/1.1" 200 153938
66.249.88.187 - - [23/Nov/2019:14:53:44 -0500] "GET /galeria/nivo-slider/demo/images/4Simple_Slider.png HTTP/1.1" 200 11722
66.249.88.191 - - [23/Nov/2019:14:53:44 -0500] "GET /galeria/nivo-slider/demo/images/bannerwebmusgo.jpg HTTP/1.1" 200 367364
66.249.88.191 - - [23/Nov/2019:14:53:44 -0500] "GET /galeria/nivo-slider/demo/images/Bannerpread.jpg HTTP/1.1" 200 256621
66.249.88.189 - - [23/Nov/2019:14:53:44 -0500] "GET /galeria/nivo-slider/themes/default/loading.gif HTTP/1.1" 200 1737
66.249.88.187 - - [23/Nov/2019:14:53:44 -0500] "GET /galeria/nivo-slider/demo/images/iniciativas-Ambientales.jpg HTTP/1.1" 200 201405
66.249.88.191 - - [23/Nov/2019:14:53:44 -0500] "GET /galeria/nivo-slider/demo/images/Bannerveterinaria.jpg HTTP/1.1" 200 254705
66.249.88.189 - - [23/Nov/2019:14:53:44 -0500] "GET /galeria/nivo-slider/demo/images/bannerincendios.jpg HTTP/1.1" 200 206070
66.249.88.189 - - [23/Nov/2019:14:53:44 -0500] "GET /galeria/nivo-slider/demo/images/banneragendamiento.jpg HTTP/1.1" 200 116897
66.249.88.191 - - [23/Nov/2019:14:53:45 -0500] "GET /galeria/nivo-slider/demo/images/Banner%20tinguas.jpg HTTP/1.1" 200 214878
66.249.88.187 - - [23/Nov/2019:14:53:45 -0500] "GET /galeria/nivo-slider/demo/images/Bannerserpiente2019.jpg HTTP/1.1" 200 270374
66.249.88.191 - - [23/Nov/2019:14:53:45 -0500] "GET /galeria/nivo-slider/demo/images/Noviembre.png HTTP/1.1" 200 519399
66.249.88.187 - - [23/Nov/2019:14:53:45 -0500] "GET /galeria/galeria/jquery.fancybox.css?v=2.1.5 HTTP/1.1" 200 4895
66.249.88.189 - - [23/Nov/2019:14:53:45 -0500] "GET /galeria/carrusel/Carrusel/jquery.thumbnailScroller.js HTTP/1.1" 200 8157
66.249.88.191 - - [23/Nov/2019:14:53:45 -0500] "GET /galeria/nivo-slider/demo/images/puntos%20atencion%20BANNER.jpg HTTP/1.1" 200 244208
66.249.88.191 - - [23/Nov/2019:14:53:45 -0500] "GET /galeria/nivo-slider/demo/images/Banner%20Visor%20Geografico%20Ambiental.jpg HTTP/1.1" 200 204673
66.249.88.187 - - [23/Nov/2019:14:53:46 -0500] "GET /galeria/nivo-slider/demo/images/Banner%20consumo%20sostenible%20final.jpg HTTP/1.1" 200 364746
66.249.88.187 - - [23/Nov/2019:14:53:46 -0500] "GET /galeria/nivo-slider/demo/images/Banner%20RCD.jpg HTTP/1.1" 200 92197
66.249.88.187 - - [23/Nov/2019:14:53:46 -0500] "GET /galeria/nivo-slider/demo/images/Banner%20Conpes.jpg HTTP/1.1" 200 55220
66.249.88.187 - - [23/Nov/2019:14:53:46 -0500] "GET /galeria/nivo-slider/demo/images/Banner%20practicas%20sostenibles.jpg HTTP/1.1" 200 142958
66.249.88.187 - - [23/Nov/2019:14:53:47 -0500] "GET /galeria/nivo-slider/demo/images/Banner%20POT.png HTTP/1.1" 200 418238
66.249.88.187 - - [23/Nov/2019:14:53:47 -0500] "GET /galeria/nivo-slider/demo/images/Banneranonimos.png HTTP/1.1" 200 109388
66.249.88.187 - - [23/Nov/2019:14:53:48 -0500] "GET /galeria/nivo-slider/themes/default/arrows.png HTTP/1.1" 200 824
66.249.88.189 - - [23/Nov/2019:14:53:48 -0500] "GET /galeria/nivo-slider/themes/default/bullets.png HTTP/1.1" 200 1281
66.249.88.187 - - [23/Nov/2019:14:53:51 -0500] "GET /galeria/carrusel/Carrusel/jquery.thumbnailScroller.css HTTP/1.1" 200 2066
66.249.69.59 - - [23/Nov/2019:14:53:53 -0500] "GET /BLA/resoluciones/AUTOS%202012/2627.pdf HTTP/1.1" 200 851840
66.249.69.59 - - [23/Nov/2019:14:54:05 -0500] "GET /BLA/resoluciones/Notificaciones/AUTOS%202017/04638.pdf HTTP/1.1" 200 262767
66.249.69.59 - - [23/Nov/2019:14:54:12 -0500] "GET /BLA/resoluciones/AUTOS%202015/5653.pdf HTTP/1.1" 200 130199
66.249.69.61 - - [23/Nov/2019:14:54:19 -0500] "GET /BLA/resoluciones/AUTOS%202012/0856.pdf HTTP/1.1" 200 483808
66.249.88.187 - - [23/Nov/2019:14:54:25 -0500] "GET /galeria/galeria/jquery.fancybox.js?v=2.1.5 HTTP/1.1" 200 48706
66.249.88.189 - - [23/Nov/2019:14:54:25 -0500] "GET /galeria/galeria/jquery.fancybox.css?v=2.1.5 HTTP/1.1" 200 4895
66.249.88.187 - - [23/Nov/2019:14:54:25 -0500] "GET /BLA/boletinlegal/js/jquery.scrollShow.js HTTP/1.1" 200 4586
66.249.69.59 - - [23/Nov/2019:14:54:26 -0500] "GET /BLA/resoluciones/AUTOS%202012/2115.pdf HTTP/1.1" 200 316437
66.249.69.59 - - [23/Nov/2019:14:54:34 -0500] "GET /BLA/resoluciones/AUTOS%202007/0238.pdf HTTP/1.1" 200 26944
66.249.69.59 - - [23/Nov/2019:14:54:41 -0500] "GET /BLA/resoluciones/Autos%202008/2374.pdf HTTP/1.1" 200 58609
66.249.69.59 - - [23/Nov/2019:14:54:54 -0500] "GET /BLA/resoluciones/AUTOS%202012/1375.pdf HTTP/1.1" 200 248371
66.249.69.59 - - [23/Nov/2019:14:55:02 -0500] "GET /BLA/resoluciones/Autos%202008/2214.pdf HTTP/1.1" 200 99153
66.249.69.61 - - [23/Nov/2019:14:55:15 -0500] "GET /BLA/resoluciones/Autos%202008/1234.pdf HTTP/1.1" 200 73261
66.249.69.61 - - [23/Nov/2019:14:55:22 -0500] "GET /BLA/resoluciones/AUTOS%202012/7333.pdf HTTP/1.1" 200 1343827
66.249.69.59 - - [23/Nov/2019:14:55:27 -0500] "GET /BLA/resoluciones/Autos%202008/0116.pdf HTTP/1.1" 200 212577
66.249.69.59 - - [23/Nov/2019:14:55:34 -0500] "GET /BLA/resoluciones/AUTOS%202015/0167.pdf HTTP/1.1" 200 455999
66.249.69.61 - - [23/Nov/2019:14:55:43 -0500] "GET /BLA/resoluciones/Autos%202008/2864.pdf HTTP/1.1" 200 78909
66.249.69.59 - - [23/Nov/2019:14:55:49 -0500] "GET /BLA/resoluciones/RESOLUCIONES%202007/RES%202007%204201%20AL%204300/RESOLUCION%204283%20DE%202007.pdf HTTP/1.1" 200 408927
54.36.150.140 - - [23/Nov/2019:14:55:57 -0500] "GET /BLA/resoluciones/RESOLUCIONES%202005/RES%202005%201551-1600/00001583.tif HTTP/1.1" 200 55610
66.249.69.61 - - [23/Nov/2019:14:55:58 -0500] "GET /BLA/resoluciones/RESOLUCIONES%202017/3067.pdf HTTP/1.1" 200 304482
66.249.69.61 - - [23/Nov/2019:14:56:05 -0500] "GET /BLA/resoluciones/AUTOS%202012/1117.pdf HTTP/1.1" 200 216977
66.249.69.61 - - [23/Nov/2019:14:56:13 -0500] "GET /BLA/resoluciones/RESOLUCIONES%202011/5649.pdf HTTP/1.1" 200 3559766
66.249.69.61 - - [23/Nov/2019:14:56:20 -0500] "GET /BLA/resoluciones/Autos%202008/0664.pdf HTTP/1.1" 200 150816
66.249.69.63 - - [23/Nov/2019:14:56:26 -0500] "GET /BLA/resoluciones/AUTOS%202014/3143.pdf HTTP/1.1" 200 557765
191.95.53.173 - - [23/Nov/2019:14:56:33 -0500] "GET /BLA/resoluciones/RESOLUCIONES%202011/5619.pdf HTTP/1.1" 200 481357
192.168.175.104 - - [23/Nov/2019:14:56:38 -0500] "GET / HTTP/1.0" 200 9990
66.249.69.59 - - [23/Nov/2019:14:56:46 -0500] "GET /BLA/resoluciones/Autos%202008/0244.pdf HTTP/1.1" 200 109276
167.0.133.165 - - [23/Nov/2019:14:56:50 -0500] "GET /BLA/boletinlegal/js/jquery.scrollShow.js HTTP/1.1" 200 4586
167.0.133.165 - - [23/Nov/2019:14:56:50 -0500] "GET /galeria/galeria/jquery.fancybox.css?v=2.1.5 HTTP/1.1" 200 4895
167.0.133.165 - - [23/Nov/2019:14:56:50 -0500] "GET /galeria/galeria/jquery.fancybox.js?v=2.1.5 HTTP/1.1" 200 48706
66.249.69.63 - - [23/Nov/2019:14:56:53 -0500] "GET /BLA/resoluciones/Notificaciones/REGISTROS%202014/3481.doc HTTP/1.1" 200 205824
192.168.175.104 - - [23/Nov/2019:14:56:54 -0500] "GET / HTTP/1.1" 200 9990
66.249.69.33 - - [23/Nov/2019:14:56:58 -0500] "GET /BLA/resoluciones/AUTOS%202012/1973.pdf HTTP/1.1" 200 417853
66.249.69.63 - - [23/Nov/2019:14:57:05 -0500] "GET /BLA/resoluciones/AUTOS%202012/0875.pdf HTTP/1.1" 200 451021
66.249.69.63 - - [23/Nov/2019:14:57:12 -0500] "GET /BLA/resoluciones/Autos%202008/2222.pdf HTTP/1.1" 200 89874
66.249.69.59 - - [23/Nov/2019:14:57:19 -0500] "GET /BLA/resoluciones/Autos%202008/1417.pdf HTTP/1.1" 200 630722
186.31.12.194 - - [23/Nov/2019:14:57:20 -0500] "GET /BLA/boletinlegal/js/jquery.scrollShow.js HTTP/1.1" 200 4586
186.31.12.194 - - [23/Nov/2019:14:57:20 -0500] "GET /galeria/galeria/jquery.fancybox.css?v=2.1.5 HTTP/1.1" 200 4895
186.31.12.194 - - [23/Nov/2019:14:57:20 -0500] "GET /galeria/galeria/jquery.fancybox.js?v=2.1.5 HTTP/1.1" 200 48706
186.31.12.194 - - [23/Nov/2019:14:57:23 -0500] "GET /BLA/boletinlegal/js/jquery.scrollShow.js HTTP/1.1" 304 -
186.31.12.194 - - [23/Nov/2019:14:57:23 -0500] "GET /galeria/galeria/jquery.fancybox.css?v=2.1.5 HTTP/1.1" 304 -
186.31.12.194 - - [23/Nov/2019:14:57:23 -0500] "GET /galeria/galeria/jquery.fancybox.js?v=2.1.5 HTTP/1.1" 304 -
66.249.69.61 - - [23/Nov/2019:14:57:37 -0500] "GET /BLA/resoluciones/Autos%202008/0919.pdf HTTP/1.1" 200 78401
66.249.69.59 - - [23/Nov/2019:14:57:54 -0500] "GET /BLA/resoluciones/Autos%202008/3208.pdf HTTP/1.1" 200 88511
66.249.69.59 - - [23/Nov/2019:14:58:00 -0500] "GET /BLA/resoluciones/RESOLUCIONES%202011/2392.pdf HTTP/1.1" 200 889579
186.84.88.57 - - [23/Nov/2019:14:58:05 -0500] "GET /galeria/galeria/jquery.fancybox.css?v=2.1.5 HTTP/1.1" 200 4895
186.84.88.57 - - [23/Nov/2019:14:58:08 -0500] "GET /BLA/boletinlegal/js/jquery.scrollShow.js HTTP/1.1" 200 4586
186.84.88.57 - - [23/Nov/2019:14:58:08 -0500] "GET /galeria/galeria/jquery.fancybox.js?v=2.1.5 HTTP/1.1" 200 48706
66.249.69.59 - - [23/Nov/2019:14:58:10 -0500] "GET /BLA/resoluciones/AUTOS%202017/3553.pdf HTTP/1.1" 304 -
69.162.124.232 - - [23/Nov/2019:14:58:11 -0500] "HEAD / HTTP/1.1" 200 -
66.249.69.59 - - [23/Nov/2019:14:58:25 -0500] "GET /BLA/resoluciones/AUTOS%202015/5295.pdf HTTP/1.1" 200 495209
66.249.69.59 - - [23/Nov/2019:14:58:32 -0500] "GET /BLA/resoluciones/Autos%202008/2201.pdf HTTP/1.1" 200 73645
66.249.69.59 - - [23/Nov/2019:14:58:39 -0500] "GET /BLA/resoluciones/RESOLUCIONES%202007/RES%202007%202401%20AL%202500/RESOLUCION%202479%20DE%202007.pdf HTTP/1.1" 200 500664
66.249.69.59 - - [23/Nov/2019:14:58:47 -0500] "GET /BLA/resoluciones/RESOLUCIONES%202017/2124.pdf HTTP/1.1" 200 295239
66.249.88.189 - - [23/Nov/2019:14:58:58 -0500] "GET /BLA/boletinlegal/js/jquery.scrollShow.js HTTP/1.1" 200 4586
66.249.88.189 - - [23/Nov/2019:14:58:58 -0500] "GET /galeria/galeria/jquery.fancybox.css?v=2.1.5 HTTP/1.1" 200 4895
66.249.88.191 - - [23/Nov/2019:14:58:58 -0500] "GET /galeria/galeria/jquery.fancybox.js?v=2.1.5 HTTP/1.1" 200 48706
191.95.53.173 - - [23/Nov/2019:14:59:01 -0500] "GET /BLA/resoluciones/RESOLUCIONES%202008/1612.pdf HTTP/1.1" 200 200566
66.249.69.61 - - [23/Nov/2019:14:59:05 -0500] "GET /BLA/resoluciones/AUTOS%202012/1714.pdf HTTP/1.1" 200 898859
190.146.246.132 - - [23/Nov/2019:14:59:05 -0500] "GET /galeria/carrusel/Carrusel/jquery.thumbnailScroller.css HTTP/1.1" 200 2066
190.146.246.132 - - [23/Nov/2019:14:59:05 -0500] "GET /galeria/galeria/jquery.fancybox.css?v=2.1.5 HTTP/1.1" 200 4895
190.146.246.132 - - [23/Nov/2019:14:59:05 -0500] "GET /BLA/boletinlegal/js/jquery.scrollShow.js HTTP/1.1" 200 4586
190.146.246.132 - - [23/Nov/2019:14:59:05 -0500] "GET /galeria/galeria/jquery.fancybox.js?v=2.1.5 HTTP/1.1" 200 48706
181.61.205.29 - - [23/Nov/2019:14:59:05 -0500] "GET /BLA/boletinlegal/actos.php HTTP/1.1" 200 8778
190.146.246.132 - - [23/Nov/2019:14:59:09 -0500] "GET /galeria/carrusel/Carrusel/jquery-ui-1.8.13.custom.min.js HTTP/1.1" 200 10800
190.146.246.132 - - [23/Nov/2019:14:59:09 -0500] "GET /galeria/carrusel/Carrusel/jquery.thumbnailScroller.js HTTP/1.1" 200 8157
181.61.205.29 - - [23/Nov/2019:14:59:11 -0500] "GET /BLA/resoluciones/ HTTP/1.1" 200 11866
181.61.205.29 - - [23/Nov/2019:14:59:02 -0500] "GET /BLA/boletinlegal/index.php HTTP/1.1" 200 16331
66.249.69.52 - - [23/Nov/2019:14:59:17 -0500] "GET /portel_dama/libreria/php/2006/ECOSISTEMAS%20FINAL%20web_mz27/humedales/sitio/22_pol/xtras/1.pdf HTTP/1.1" 404 1018
66.249.69.59 - - [23/Nov/2019:14:59:24 -0500] "GET /BLA/resoluciones/AUTOS%202012/1312.pdf HTTP/1.1" 200 218779
181.61.205.29 - - [23/Nov/2019:14:59:25 -0500] "GET /BLA/resoluciones/index.php?dir=RESOLUCIONES+2019%2F HTTP/1.1" 200 54595
66.249.69.59 - - [23/Nov/2019:14:59:30 -0500] "GET /BLA/resoluciones/RESOLUCIONES%202017/2124.pdf HTTP/1.1" 200 295239
181.61.205.29 - - [23/Nov/2019:14:59:43 -0500] "GET /BLA/resoluciones/RESOLUCIONES%202019/0473.pdf HTTP/1.1" 200 296300
66.249.69.61 - - [23/Nov/2019:14:59:44 -0500] "GET /BLA/resoluciones/RESOLUCIONES%202010/6869.pdf HTTP/1.1" 200 188608
66.249.69.61 - - [23/Nov/2019:14:59:51 -0500] "GET /BLA/resoluciones/Autos%202008/3481.pdf HTTP/1.1" 200 117185
66.249.69.59 - - [23/Nov/2019:14:59:58 -0500] "GET /BLA/resoluciones/Notificaciones/REGISTROS%202016/1980.pdf HTTP/1.1" 200 465025
66.249.69.59 - - [23/Nov/2019:15:00:05 -0500] "GET /BLA/resoluciones/RESOLUCIONES%202009/1656.pdf HTTP/1.1" 200 426176
66.249.69.61 - - [23/Nov/2019:15:00:14 -0500] "GET /BLA/resoluciones/RESOLUCIONES%202007/RES%202007%20601%20AL%20700/RESOLUCION%200612%20DE%202007.pdf HTTP/1.1" 200 231520
200.69.79.98 - - [23/Nov/2019:15:00:20 -0500] "GET /galeria/galeria/jquery.fancybox.css?v=2.1.5 HTTP/1.1" 200 4895
200.69.79.98 - - [23/Nov/2019:15:00:20 -0500] "GET /BLA/boletinlegal/js/jquery.scrollShow.js HTTP/1.1" 200 4586
66.249.69.59 - - [23/Nov/2019:15:00:21 -0500] "GET /BLA/resoluciones/RESOLUCIONES%202007/RES%202007%204301%20AL%204352/RESOLUCION%204336%20DE%202007.pdf HTTP/1.1" 200 299022
200.69.79.98 - - [23/Nov/2019:15:00:22 -0500] "GET /galeria/galeria/jquery.fancybox.js?v=2.1.5 HTTP/1.1" 200 48706
66.249.69.59 - - [23/Nov/2019:15:00:29 -0500] "GET /BLA/resoluciones/RESOLUCIONES%202010/4749.pdf HTTP/1.1" 200 335680
66.249.69.59 - - [23/Nov/2019:15:00:43 -0500] "GET /BLA/resoluciones/RESOLUCIONES%202007/RES%202007%20501%20AL%20600/RESOLUCION%200519%20DE%202007.pdf HTTP/1.1" 200 1195372
66.249.69.123 - - [23/Nov/2019:15:00:50 -0500] "GET /portel_dama/libreria/php/2006/ECOSISTEMAS%20FINAL%20web_mz27/incendios/sitio/xtras/2.pdf HTTP/1.1" 404 1019
66.249.69.61 - - [23/Nov/2019:15:00:55 -0500] "GET /BLA/resoluciones/RESOLUCIONES%202007/RES%202007%203601%20AL%203700/RESOLUCION%203663%20DE%202007.pdf HTTP/1.1" 200 602323
66.249.69.59 - - [23/Nov/2019:15:01:06 -0500] "GET /BLA/resoluciones/AUTOS%202012/0748.pdf HTTP/1.1" 200 151372
66.249.69.61 - - [23/Nov/2019:15:01:12 -0500] "GET /BLA/resoluciones/RESOLUCIONES%202010/4982.pdf HTTP/1.1" 200 748713
66.249.69.63 - - [23/Nov/2019:15:01:24 -0500] "GET /BLA/resoluciones/RESOLUCIONES%202011/0927.pdf HTTP/1.1" 200 70155
66.249.69.59 - - [23/Nov/2019:15:01:31 -0500] "GET /BLA/resoluciones/AUTOS%202012/0496.pdf HTTP/1.1" 200 373999
54.235.11.186 - - [23/Nov/2019:15:01:34 -0500] "GET /galeria/galeria/jquery.fancybox.js?v=2.1.5 HTTP/1.1" 200 48706
192.168.175.104 - - [23/Nov/2019:15:01:35 -0500] "GET / HTTP/1.0" 200 9990
54.235.11.186 - - [23/Nov/2019:15:01:41 -0500] "GET /BLA/boletinlegal/js/jquery.scrollShow.js HTTP/1.1" 200 4586
66.249.69.59 - - [23/Nov/2019:15:01:44 -0500] "GET /BLA/resoluciones/AUTOS%202012/1280.pdf HTTP/1.1" 200 280098
66.249.69.59 - - [23/Nov/2019:15:01:52 -0500] "GET /BLA/resoluciones/Autos%202008/0403.pdf HTTP/1.1" 200 110508
192.168.175.104 - - [23/Nov/2019:15:01:52 -0500] "GET / HTTP/1.1" 200 9990
181.48.255.197 - - [23/Nov/2019:15:01:57 -0500] "GET /galeria/galeria/jquery.fancybox.css?v=2.1.5 HTTP/1.1" 200 4895
181.48.255.197 - - [23/Nov/2019:15:01:57 -0500] "GET /galeria/carrusel/Carrusel/jquery.thumbnailScroller.js HTTP/1.1" 200 8157
181.48.255.197 - - [23/Nov/2019:15:01:57 -0500] "GET /galeria/carrusel/Carrusel/jquery-ui-1.8.13.custom.min.js HTTP/1.1" 200 10800
181.48.255.197 - - [23/Nov/2019:15:01:57 -0500] "GET /galeria/carrusel/Carrusel/jquery.thumbnailScroller.css HTTP/1.1" 200 2066
181.48.255.197 - - [23/Nov/2019:15:01:57 -0500] "GET /galeria/galeria/jquery.fancybox.js?v=2.1.5 HTTP/1.1" 200 48706
181.48.255.197 - - [23/Nov/2019:15:01:57 -0500] "GET /BLA/boletinlegal/js/jquery.scrollShow.js HTTP/1.1" 200 4586
181.48.255.10 - - [23/Nov/2019:15:01:57 -0500] "GET /galeria/galeria/jquery.fancybox.css?v=2.1.5 HTTP/1.1" 200 4895
181.48.255.10 - - [23/Nov/2019:15:01:57 -0500] "GET /galeria/carrusel/Carrusel/jquery-ui-1.8.13.custom.min.js HTTP/1.1" 200 10800
181.48.255.10 - - [23/Nov/2019:15:01:57 -0500] "GET /galeria/galeria/jquery.fancybox.js?v=2.1.5 HTTP/1.1" 200 48706
181.48.255.10 - - [23/Nov/2019:15:01:57 -0500] "GET /BLA/boletinlegal/js/jquery.scrollShow.js HTTP/1.1" 200 4586
181.48.255.10 - - [23/Nov/2019:15:01:57 -0500] "GET /galeria/carrusel/Carrusel/jquery.thumbnailScroller.css HTTP/1.1" 200 2066
181.48.255.10 - - [23/Nov/2019:15:01:57 -0500] "GET /galeria/carrusel/Carrusel/jquery.thumbnailScroller.js HTTP/1.1" 200 8157
191.95.53.173 - - [23/Nov/2019:15:02:00 -0500] "GET /BLA/resoluciones/RESOLUCIONES%202007/RES%202007%203701%20AL%203800/RESOLUCION%203724%20DE%202007.pdf HTTP/1.1" 200 403560
181.48.255.197 - - [23/Nov/2019:15:02:02 -0500] "GET /galeria/nivo-slider/demo/inicio.html HTTP/1.1" 200 5154
181.48.255.197 - - [23/Nov/2019:15:02:03 -0500] "GET /galeria/nivo-slider/demo/images/iniciativas-Ambientales.jpg HTTP/1.1" 200 201405
181.48.255.197 - - [23/Nov/2019:15:02:03 -0500] "GET /galeria/nivo-slider/nivo-slider.css HTTP/1.1" 200 1507
181.48.255.197 - - [23/Nov/2019:15:02:03 -0500] "GET /galeria/nivo-slider/demo/images/banneragendamiento.jpg HTTP/1.1" 200 116897
181.48.255.197 - - [23/Nov/2019:15:02:03 -0500] "GET /galeria/nivo-slider/demo/images/Banner%20Conpes.jpg HTTP/1.1" 200 55220
181.48.255.197 - - [23/Nov/2019:15:02:03 -0500] "GET /galeria/nivo-slider/demo/images/Banner%20consumo%20sostenible%20final.jpg HTTP/1.1" 200 364746
181.48.255.197 - - [23/Nov/2019:15:02:03 -0500] "GET /galeria/nivo-slider/demo/style.css HTTP/1.1" 200 2222
181.48.255.197 - - [23/Nov/2019:15:02:04 -0500] "GET /galeria/nivo-slider/demo/images/puntos%20atencion%20BANNER.jpg HTTP/1.1" 200 244208
181.48.255.197 - - [23/Nov/2019:15:02:04 -0500] "GET /galeria/nivo-slider/demo/images/Bannerserpiente2019.jpg HTTP/1.1" 200 270374
181.48.255.197 - - [23/Nov/2019:15:02:04 -0500] "GET /galeria/nivo-slider/jquery.nivo.slider.pack.js HTTP/1.1" 200 11561
181.48.255.197 - - [23/Nov/2019:15:02:04 -0500] "GET /galeria/nivo-slider/demo/images/Banner%20Visor%20Geografico%20Ambiental.jpg HTTP/1.1" 200 204673
181.48.255.197 - - [23/Nov/2019:15:02:04 -0500] "GET /galeria/nivo-slider/demo/images/bannerincendios.jpg HTTP/1.1" 200 206070
181.48.255.197 - - [23/Nov/2019:15:02:04 -0500] "GET /galeria/nivo-slider/themes/pascal/pascal.css HTTP/1.1" 200 2258
181.48.255.197 - - [23/Nov/2019:15:02:04 -0500] "GET /galeria/nivo-slider/demo/images/bannerclimabog.jpg HTTP/1.1" 200 170671
181.48.255.197 - - [23/Nov/2019:15:02:04 -0500] "GET /galeria/nivo-slider/demo/images/Bannerveterinaria.jpg HTTP/1.1" 200 254705
181.48.255.197 - - [23/Nov/2019:15:02:04 -0500] "GET /galeria/nivo-slider/themes/default/default.css HTTP/1.1" 200 1569
181.48.255.197 - - [23/Nov/2019:15:02:04 -0500] "GET /galeria/nivo-slider/demo/images/Banner%20tinguas.jpg HTTP/1.1" 200 214878
181.48.255.197 - - [23/Nov/2019:15:02:04 -0500] "GET /galeria/nivo-slider/demo/images/Banner%20POT.png HTTP/1.1" 200 418238
181.48.255.197 - - [23/Nov/2019:15:02:04 -0500] "GET /galeria/nivo-slider/demo/images/bannerrendicion.jpg HTTP/1.1" 200 153938
181.48.255.197 - - [23/Nov/2019:15:02:04 -0500] "GET /galeria/nivo-slider/demo/scripts/jquery-1.7.1.min.js HTTP/1.1" 200 93868
181.48.255.197 - - [23/Nov/2019:15:02:04 -0500] "GET /galeria/nivo-slider/demo/images/Noviembre.png HTTP/1.1" 200 519399
181.48.255.197 - - [23/Nov/2019:15:02:04 -0500] "GET /galeria/nivo-slider/demo/images/Bannerpread.jpg HTTP/1.1" 200 256621
181.48.255.197 - - [23/Nov/2019:15:02:04 -0500] "GET /galeria/nivo-slider/demo/images/Banner%20RCD.jpg HTTP/1.1" 200 92197
181.48.255.197 - - [23/Nov/2019:15:02:04 -0500] "GET /galeria/nivo-slider/demo/images/bannerwebmusgo.jpg HTTP/1.1" 200 367364
181.48.255.197 - - [23/Nov/2019:15:02:04 -0500] "GET /galeria/nivo-slider/demo/images/Banner%20practicas%20sostenibles.jpg HTTP/1.1" 200 142958
181.48.255.197 - - [23/Nov/2019:15:02:04 -0500] "GET /galeria/nivo-slider/themes/orman/orman.css HTTP/1.1" 200 2152
181.48.255.197 - - [23/Nov/2019:15:02:04 -0500] "GET /galeria/nivo-slider/demo/images/Banneranonimos.png HTTP/1.1" 200 109388
66.249.69.61 - - [23/Nov/2019:15:02:05 -0500] "GET /BLA/resoluciones/RESOLUCIONES%202010/6221.pdf HTTP/1.1" 200 656800
181.48.255.197 - - [23/Nov/2019:15:02:07 -0500] "GET /galeria/nivo-slider/themes/default/loading.gif HTTP/1.1" 200 1737
181.48.255.197 - - [23/Nov/2019:15:02:07 -0500] "GET /galeria/nivo-slider/demo/images/4Simple_Slider.png HTTP/1.1" 200 11722
181.48.255.197 - - [23/Nov/2019:15:02:07 -0500] "GET /galeria/nivo-slider/themes/default/arrows.png HTTP/1.1" 200 824
181.48.255.197 - - [23/Nov/2019:15:02:07 -0500] "GET /galeria/nivo-slider/themes/default/bullets.png HTTP/1.1" 200 1281
181.48.255.10 - - [23/Nov/2019:15:02:13 -0500] "GET /galeria/nivo-slider/demo/inicio.html HTTP/1.1" 200 5154
66.249.69.61 - - [23/Nov/2019:15:02:16 -0500] "GET /BLA/resoluciones/Autos%202008/2883.pdf HTTP/1.1" 200 207924
181.48.255.10 - - [23/Nov/2019:15:02:20 -0500] "GET /galeria/nivo-slider/themes/default/default.css HTTP/1.1" 200 1569
181.48.255.10 - - [23/Nov/2019:15:02:20 -0500] "GET /galeria/nivo-slider/demo/images/Banneranonimos.png HTTP/1.1" 200 109388
181.48.255.10 - - [23/Nov/2019:15:02:20 -0500] "GET /galeria/nivo-slider/demo/images/Banner%20POT.png HTTP/1.1" 200 418238
181.48.255.10 - - [23/Nov/2019:15:02:20 -0500] "GET /galeria/nivo-slider/demo/style.css HTTP/1.1" 200 2222
181.48.255.10 - - [23/Nov/2019:15:02:20 -0500] "GET /galeria/nivo-slider/demo/images/bannerrendicion.jpg HTTP/1.1" 200 153938
181.48.255.10 - - [23/Nov/2019:15:02:20 -0500] "GET /galeria/nivo-slider/demo/images/Banner%20consumo%20sostenible%20final.jpg HTTP/1.1" 200 364746
181.48.255.10 - - [23/Nov/2019:15:02:20 -0500] "GET /galeria/nivo-slider/demo/images/Noviembre.png HTTP/1.1" 200 519399
181.48.255.10 - - [23/Nov/2019:15:02:20 -0500] "GET /galeria/nivo-slider/demo/images/Banner%20Visor%20Geografico%20Ambiental.jpg HTTP/1.1" 200 204673
181.48.255.10 - - [23/Nov/2019:15:02:20 -0500] "GET /galeria/nivo-slider/demo/images/Banner%20practicas%20sostenibles.jpg HTTP/1.1" 200 142958
181.48.255.10 - - [23/Nov/2019:15:02:20 -0500] "GET /galeria/nivo-slider/demo/images/bannerclimabog.jpg HTTP/1.1" 200 170671
181.48.255.10 - - [23/Nov/2019:15:02:20 -0500] "GET /galeria/nivo-slider/demo/images/Banner%20Conpes.jpg HTTP/1.1" 200 55220
181.48.255.10 - - [23/Nov/2019:15:02:20 -0500] "GET /galeria/nivo-slider/jquery.nivo.slider.pack.js HTTP/1.1" 200 11561
181.48.255.10 - - [23/Nov/2019:15:02:20 -0500] "GET /galeria/nivo-slider/demo/images/bannerwebmusgo.jpg HTTP/1.1" 200 367364
181.48.255.10 - - [23/Nov/2019:15:02:20 -0500] "GET /galeria/nivo-slider/themes/orman/orman.css HTTP/1.1" 200 2152
181.48.255.10 - - [23/Nov/2019:15:02:20 -0500] "GET /galeria/nivo-slider/demo/images/banneragendamiento.jpg HTTP/1.1" 200 116897
181.48.255.10 - - [23/Nov/2019:15:02:20 -0500] "GET /galeria/nivo-slider/demo/images/iniciativas-Ambientales.jpg HTTP/1.1" 200 201405
181.48.255.10 - - [23/Nov/2019:15:02:20 -0500] "GET /galeria/nivo-slider/demo/images/Banner%20RCD.jpg HTTP/1.1" 200 92197
181.48.255.10 - - [23/Nov/2019:15:02:20 -0500] "GET /galeria/nivo-slider/themes/pascal/pascal.css HTTP/1.1" 200 2258
181.48.255.10 - - [23/Nov/2019:15:02:20 -0500] "GET /galeria/nivo-slider/demo/images/bannerincendios.jpg HTTP/1.1" 200 206070
181.48.255.10 - - [23/Nov/2019:15:02:20 -0500] "GET /galeria/nivo-slider/demo/images/Bannerserpiente2019.jpg HTTP/1.1" 200 270374
181.48.255.10 - - [23/Nov/2019:15:02:20 -0500] "GET /galeria/nivo-slider/demo/images/Bannerveterinaria.jpg HTTP/1.1" 200 254705
181.48.255.10 - - [23/Nov/2019:15:02:20 -0500] "GET /galeria/nivo-slider/demo/scripts/jquery-1.7.1.min.js HTTP/1.1" 200 93868
181.48.255.10 - - [23/Nov/2019:15:02:20 -0500] "GET /galeria/nivo-slider/demo/images/Banner%20tinguas.jpg HTTP/1.1" 200 214878
181.48.255.10 - - [23/Nov/2019:15:02:20 -0500] "GET /galeria/nivo-slider/demo/images/puntos%20atencion%20BANNER.jpg HTTP/1.1" 200 244208
181.48.255.10 - - [23/Nov/2019:15:02:20 -0500] "GET /galeria/nivo-slider/nivo-slider.css HTTP/1.1" 200 1507
181.48.255.10 - - [23/Nov/2019:15:02:23 -0500] "GET /galeria/nivo-slider/demo/images/Bannerpread.jpg HTTP/1.1" 200 256621
66.249.69.59 - - [23/Nov/2019:15:02:24 -0500] "GET /BLA/resoluciones/RESOLUCIONES%202010/5521.pdf HTTP/1.1" 200 2810968
181.48.255.10 - - [23/Nov/2019:15:02:24 -0500] "GET /galeria/nivo-slider/demo/images/4Simple_Slider.png HTTP/1.1" 200 11722
181.48.255.10 - - [23/Nov/2019:15:02:29 -0500] "GET /galeria/nivo-slider/themes/default/loading.gif HTTP/1.1" 200 1737
181.48.255.10 - - [23/Nov/2019:15:02:29 -0500] "GET /galeria/nivo-slider/themes/default/bullets.png HTTP/1.1" 200 1281
181.48.255.10 - - [23/Nov/2019:15:02:29 -0500] "GET /galeria/nivo-slider/themes/default/arrows.png HTTP/1.1" 200 824
66.249.69.52 - - [23/Nov/2019:15:02:33 -0500] "GET /ial/sitio/MEMORIAS%20SIMAH/Auditorio/Viernes%20AM/Sesion%205%20830%201000/4%20Anne%20Chung%20Japon.pdf HTTP/1.1" 404 1018
66.249.69.63 - - [23/Nov/2019:15:02:39 -0500] "GET /BLA/resoluciones/AUTOS%202015/5126.pdf HTTP/1.1" 200 638793
66.249.88.189 - - [23/Nov/2019:15:02:56 -0500] "GET /galeria/galeria/jquery.fancybox.css?v=2.1.5 HTTP/1.1" 200 4895
66.249.88.191 - - [23/Nov/2019:15:02:56 -0500] "GET /galeria/galeria/jquery.fancybox.js?v=2.1.5 HTTP/1.1" 200 48706
66.249.88.187 - - [23/Nov/2019:15:02:56 -0500] "GET /BLA/boletinlegal/js/jquery.scrollShow.js HTTP/1.1" 200 4586
66.249.69.54 - - [23/Nov/2019:15:02:57 -0500] "GET /portel_dama/libreria/php/2006/restauracion/22_proye/xtras_in/3a.pdf HTTP/1.1" 404 1018
66.249.69.59 - - [23/Nov/2019:15:03:03 -0500] "GET /BLA/resoluciones/AUTOS%202012/2148.pdf HTTP/1.1" 200 469228
66.249.69.61 - - [23/Nov/2019:15:03:10 -0500] "GET /Publicaciones/2019EE249118.pdf HTTP/1.1" 404 228
69.162.124.232 - - [23/Nov/2019:15:03:11 -0500] "HEAD / HTTP/1.1" 200 -
46.229.168.152 - - [23/Nov/2019:15:03:14 -0500] "GET /robots.txt HTTP/1.1" 404 1019
46.229.168.140 - - [23/Nov/2019:15:03:14 -0500] "GET /Anexos%20estudio%20Organizacional%20SDA/index.php?dir=ANEXO%2BNo.%2B1-%2BNORMAS%2BLEGALES%2BDE%2BESTRUCTURA%2BY%2BPLANTA%2F&order=desc&sort=date HTTP/1.1" 200 6162
66.249.69.33 - - [23/Nov/2019:15:03:15 -0500] "GET /BLA/resoluciones/RESOLUCIONES%202010/7088.pdf HTTP/1.1" 200 509088
185.75.71.247 - - [23/Nov/2019:15:03:18 -0500] "GET / HTTP/1.0" 200 9990
66.249.69.63 - - [23/Nov/2019:15:03:22 -0500] "GET /BLA/resoluciones/RESOLUCIONES%202011/2117.pdf HTTP/1.1" 200 508653
185.75.71.247 - - [23/Nov/2019:15:03:24 -0500] "GET / HTTP/1.0" 200 9990
186.147.42.163 - - [23/Nov/2019:15:03:28 -0500] "GET /BLA/boletinlegal/js/jquery.scrollShow.js HTTP/1.1" 200 4586
186.147.42.163 - - [23/Nov/2019:15:03:28 -0500] "GET /galeria/galeria/jquery.fancybox.js?v=2.1.5 HTTP/1.1" 200 48706
186.147.42.163 - - [23/Nov/2019:15:03:28 -0500] "GET /galeria/galeria/jquery.fancybox.css?v=2.1.5 HTTP/1.1" 200 4895
66.249.69.61 - - [23/Nov/2019:15:03:29 -0500] "GET /BLA/resoluciones/Autos%202008/0351.pdf HTTP/1.1" 200 216114
66.249.69.59 - - [23/Nov/2019:15:03:36 -0500] "GET /BLA/resoluciones/RESOLUCIONES%202010/5075.pdf HTTP/1.1" 200 761591
181.61.208.177 - - [23/Nov/2019:15:03:40 -0500] "GET /BLA/resoluciones/Notificaciones/AUTOS%202015/2314.doc HTTP/1.1" 200 3020800
34.220.190.181 - - [23/Nov/2019:15:03:41 -0500] "GET /galeria/nivo-slider/demo/inicio.html HTTP/1.1" 200 5154
66.249.69.59 - - [23/Nov/2019:15:03:47 -0500] "GET /BLA/resoluciones/Autos%202008/0166.pdf HTTP/1.1" 200 174154
66.249.69.59 - - [23/Nov/2019:15:03:54 -0500] "GET /BLA/resoluciones/Autos%202008/1639.pdf HTTP/1.1" 200 75226
186.84.121.49 - - [23/Nov/2019:15:04:13 -0500] "GET /BLA/boletinlegal/js/jquery.scrollShow.js HTTP/1.1" 200 4586
186.84.121.49 - - [23/Nov/2019:15:04:13 -0500] "GET /galeria/galeria/jquery.fancybox.css?v=2.1.5 HTTP/1.1" 200 4895
186.84.121.49 - - [23/Nov/2019:15:04:13 -0500] "GET /galeria/galeria/jquery.fancybox.js?v=2.1.5 HTTP/1.1" 200 48706
66.249.69.100 - - [23/Nov/2019:15:04:28 -0500] "GET /cyber HTTP/1.1" 404 1019
54.36.148.155 - - [23/Nov/2019:15:04:31 -0500] "GET /BLA/resoluciones/RESOLUCIONES%202005/RES%202005%202901-2950/00002927.tif HTTP/1.1" 200 37204
66.249.69.59 - - [23/Nov/2019:15:04:35 -0500] "GET /BLA/resoluciones/RESOLUCIONES%202015/0026.pdf HTTP/1.1" 200 649072
216.244.66.195 - - [23/Nov/2019:15:04:45 -0500] "GET /BLA/resoluciones/AUTOS%202010/0613.pdf HTTP/1.1" 200 219311
216.244.66.195 - - [23/Nov/2019:15:04:50 -0500] "GET /BLA/resoluciones/AUTOS%202010/1138.pdf HTTP/1.1" 200 255170
216.244.66.195 - - [23/Nov/2019:15:04:55 -0500] "GET /BLA/resoluciones/AUTOS%202010/1374.pdf HTTP/1.1" 200 242229
190.90.140.155 - - [23/Nov/2019:15:04:58 -0500] "GET /galeria/galeria/jquery.fancybox.css?v=2.1.5 HTTP/1.1" 200 4895
190.90.140.155 - - [23/Nov/2019:15:04:58 -0500] "GET /BLA/boletinlegal/js/jquery.scrollShow.js HTTP/1.1" 200 4586
190.90.140.155 - - [23/Nov/2019:15:04:58 -0500] "GET /galeria/galeria/jquery.fancybox.js?v=2.1.5 HTTP/1.1" 200 48706
186.84.20.137 - - [23/Nov/2019:15:05:06 -0500] "GET /BLA/boletinlegal/js/jquery.scrollShow.js HTTP/1.1" 200 4586
186.84.20.137 - - [23/Nov/2019:15:05:06 -0500] "GET /galeria/galeria/jquery.fancybox.js?v=2.1.5 HTTP/1.1" 200 48706
46.229.168.152 - - [23/Nov/2019:15:05:11 -0500] "GET /Anexos%20estudio%20Organizacional%20SDA/index.php?dir=ANEXO%2BNo.%2B3-%2BCONTRATACI%C3%83%C2%83%C3%82%C2%83%C3%83%C2%82%C3%82%C2%83%C3%83%C2%83%C3%82%C2%82%C3%83%C2%82%C3%82%C2%83%C3%83%C2%83%C3%82%C2%83%C3%83%C2%82%C3%82%C2%82%C3%83%C2%83%C3%82%C2%82%C3%83%C2%82%C3%82%C2%83%C3%83%C2%83%C3%82%C2%83%C3%83%C2%82%C3%82%C2%83%C3%83%C2%83%C3%82%C2%82%C3%83%C2%82%C3%82%C2%82%C3%83%C2%83%C3%82%C2%83%C3%83%C2%82%C3%82%C2%82%C3%83%C2%83%C3%82%C2%82%C3%83%C2%82%C3%82%C2%83%C3%83%C2%83%C3%82%C2%83%C3%83%C2%82%C3%82%C2%83%C3%83%C2%83%C3%82%C2%82%C3%83%C2%82%C3%82%C2%83%C3%83%C2%83%C3%82%C2%83%C3%83%C2%82%C3%82%C2%82%C3%83%C2%83%C3%82%C2%82%C3%83%C2%82%C3%82%C2%82%C3%83%C2%83%C3%82%C2%83%C3%83%C2%82%C3%82%C2%83%C3%83%C2%83%C3%82%C2%82%C3%83%C2%82%C3%82%C2%82%C3%83%C2%83%C3%82%C2%83%C3%83%C2%82%C3%82%C2%82%C3%83%C2%83%C3%82%C2%82%C3%83%C2%82%C3%82%C2%93N%2B%2BOPS%C3%83%C2%83%C3%82%C2%83%C3%83%C2%82%C3%82%C2%83%C3%83%C2%83%C3%82%C2%82%C3%83%C2%82%C3%82%C2%83%C3%83%C2%83%C3%82%C2%83%C3%83%C2%82%C3%82%C2%82%C3%83%C2%83%C3%82%C2%82%C3%83%C2%82%C3%82%C2%83%C3%83%C2%83%C3%82%C2%83%C3%83%C2%82%C3%82%C2%83%C3%83%C2%83%C3%82%C2%82%C3%83%C2%82%C3%82%C2%82%C3%83%C2%83%C3%82%C2%83%C3%83%C2%82%C3%82%C2%82%C3%83%C2%83%C3%82%C2%82%C3%83%C2%82%C3%82%C2%82%C3%83%C2%83%C3%82%C2%83%C3%83%C2%82%C3%82%C2%83%C3%83%C2%83%C3%82%C2%82%C3%83%C2%82%C3%82%C2%83%C3%83%C2%83%C3%82%C2%83%C3%83%C2%82%C3%82%C2%82%C3%83%C2%83%C3%82%C2%82%C3%83%C2%82%C3%82%C2%82%C3%83%C2%83%C3%82%C2%83%C3%83%C2%82%C3%82%C2%83%C3%83%C2%83%C3%82%C2%82%C3%83%C2%82%C3%82%C2%82%C3%83%C2%83%C3%82%C2%83%C3%83%C2%82%C3%82%C2%82%C3%83%C2%83%C3%82%C2%82%C3%83%C2%82%C3%82%C2%B4s%2B2008-2012%2F&order=asc&sort=size HTTP/1.1" 200 7669
66.249.69.59 - - [23/Nov/2019:15:05:14 -0500] "GET /BLA/resoluciones/AUTOS%202017/2218.pdf HTTP/1.1" 304 -
191.95.53.173 - - [23/Nov/2019:15:05:36 -0500] "GET /BLA/resoluciones/RESOLUCIONES%202016/1756.pdf HTTP/1.1" 200 1076640
66.249.69.57 - - [23/Nov/2019:15:05:53 -0500] "GET /BLA/boletinlegal/Directivas/2016/Directiva%20No.%2002%20del%2019%20de%20Abril%20de%202016.pdf HTTP/1.1" 304 -
66.249.69.59 - - [23/Nov/2019:15:06:03 -0500] "GET /BLA/resoluciones/Autos%202008/1110.pdf HTTP/1.1" 200 56989
192.168.175.104 - - [23/Nov/2019:15:06:33 -0500] "GET / HTTP/1.0" 200 9990
66.249.69.59 - - [23/Nov/2019:15:06:43 -0500] "GET /BLA/resoluciones/RESOLUCIONES%202010/6314.pdf HTTP/1.1" 200 1956050
66.249.69.59 - - [23/Nov/2019:15:06:47 -0500] "GET /BLA/resoluciones/Autos%202008/2819.pdf HTTP/1.1" 200 56151
192.168.175.104 - - [23/Nov/2019:15:06:51 -0500] "GET / HTTP/1.1" 200 9990
66.249.88.187 - - [23/Nov/2019:15:06:54 -0500] "GET /galeria/galeria/jquery.fancybox.css?v=2.1.5 HTTP/1.1" 200 4895
66.249.88.189 - - [23/Nov/2019:15:06:54 -0500] "GET /BLA/boletinlegal/js/jquery.scrollShow.js HTTP/1.1" 200 4586
66.249.88.189 - - [23/Nov/2019:15:06:55 -0500] "GET /galeria/galeria/jquery.fancybox.js?v=2.1.5 HTTP/1.1" 200 48706
216.244.66.195 - - [23/Nov/2019:15:07:11 -0500] "GET /BLA/resoluciones/AUTOS%202010/2456.pdf HTTP/1.1" 200 1673872
66.249.88.187 - - [23/Nov/2019:15:07:40 -0500] "GET /galeria/galeria/jquery.fancybox.css?v=2.1.5 HTTP/1.1" 200 4895
66.249.88.191 - - [23/Nov/2019:15:07:40 -0500] "GET /BLA/boletinlegal/js/jquery.scrollShow.js HTTP/1.1" 200 4586
66.249.88.189 - - [23/Nov/2019:15:07:40 -0500] "GET /galeria/galeria/jquery.fancybox.js?v=2.1.5 HTTP/1.1" 200 48706
186.86.33.230 - - [23/Nov/2019:15:07:44 -0500] "GET /galeria/mapa/humedal2017.jpg HTTP/1.1" 200 644667
191.95.53.173 - - [23/Nov/2019:15:07:59 -0500] "GET /BLA/resoluciones/RESOLUCIONES%202007/RES%202007%20301%20AL%20400/RESOLUCION%200317%20DE%202007.pdf HTTP/1.1" 200 435531
216.244.66.195 - - [23/Nov/2019:15:08:01 -0500] "GET /BLA/resoluciones/AUTOS%202010/3844.pdf HTTP/1.1" 200 593177
69.162.124.232 - - [23/Nov/2019:15:08:11 -0500] "HEAD / HTTP/1.1" 200 -
66.249.69.63 - - [23/Nov/2019:15:08:29 -0500] "GET /BLA/resoluciones/RESOLUCIONES%202008/1868.pdf HTTP/1.1" 200 198282
190.199.97.139 - - [23/Nov/2019:15:08:39 -0500] "GET /galeria/galeria/jquery.fancybox.css?v=2.1.5 HTTP/1.1" 200 4895
190.199.97.139 - - [23/Nov/2019:15:08:39 -0500] "GET /galeria/galeria/jquery.fancybox.js?v=2.1.5 HTTP/1.1" 200 48706
181.63.100.109 - - [23/Nov/2019:15:08:45 -0500] "GET /galeria/galeria/jquery.fancybox.css?v=2.1.5 HTTP/1.1" 200 4895
181.63.100.109 - - [23/Nov/2019:15:08:45 -0500] "GET /BLA/boletinlegal/js/jquery.scrollShow.js HTTP/1.1" 200 4586
181.63.100.109 - - [23/Nov/2019:15:08:45 -0500] "GET /galeria/galeria/jquery.fancybox.js?v=2.1.5 HTTP/1.1" 200 48706
66.249.88.191 - - [23/Nov/2019:15:08:50 -0500] "GET /BLA/boletinlegal/js/jquery.scrollShow.js HTTP/1.1" 200 4586
66.249.88.191 - - [23/Nov/2019:15:08:50 -0500] "GET /galeria/galeria/jquery.fancybox.js?v=2.1.5 HTTP/1.1" 200 48706
66.249.88.187 - - [23/Nov/2019:15:08:50 -0500] "GET /galeria/galeria/jquery.fancybox.css?v=2.1.5 HTTP/1.1" 200 4895
181.63.100.109 - - [23/Nov/2019:15:08:59 -0500] "GET /BLA/boletinlegal/js/jquery.scrollShow.js HTTP/1.1" 304 -
181.63.100.109 - - [23/Nov/2019:15:08:59 -0500] "GET /galeria/galeria/jquery.fancybox.js?v=2.1.5 HTTP/1.1" 304 -
181.63.100.109 - - [23/Nov/2019:15:08:59 -0500] "GET /galeria/galeria/jquery.fancybox.css?v=2.1.5 HTTP/1.1" 304 -
66.249.69.61 - - [23/Nov/2019:15:09:01 -0500] "GET /BLA/resoluciones/RESOLUCIONES%202007/RES%202007%202201%20AL%202300/RESOLUCION%202243%20DE%202007.pdf HTTP/1.1" 200 924084
181.225.70.42 - - [23/Nov/2019:15:09:04 -0500] "GET /BLA/boletinlegal/js/jquery.scrollShow.js HTTP/1.1" 200 4586
181.225.70.42 - - [23/Nov/2019:15:09:04 -0500] "GET /galeria/galeria/jquery.fancybox.css?v=2.1.5 HTTP/1.1" 200 4895
181.225.70.42 - - [23/Nov/2019:15:09:04 -0500] "GET /galeria/galeria/jquery.fancybox.js?v=2.1.5 HTTP/1.1" 200 48706
54.36.150.181 - - [23/Nov/2019:15:09:06 -0500] "GET /BLA/resoluciones/index.php?dir=Notificaciones/RESOLUCIONES%202019/&sort=size&order=asc HTTP/1.1" 200 14236
66.249.69.59 - - [23/Nov/2019:15:09:11 -0500] "GET /BLA/resoluciones/AUTOS%202015/2463.pdf HTTP/1.1" 304 -
54.36.150.64 - - [23/Nov/2019:15:10:04 -0500] "GET /BLA/resoluciones/RESOLUCIONES%202005/RES%202005%203051-3100/00003087.tif HTTP/1.1" 200 158066
216.244.66.195 - - [23/Nov/2019:15:10:21 -0500] "GET /BLA/resoluciones/AUTOS%202010/4407.pdf HTTP/1.1" 200 142293
191.95.53.173 - - [23/Nov/2019:15:11:30 -0500] "GET /BLA/resoluciones/RESOLUCIONES%202007/RES%202007%201001%20AL%201100/RESOLUCION%201092%20DE%202007.pdf HTTP/1.1" 200 207938
192.168.175.104 - - [23/Nov/2019:15:11:31 -0500] "GET / HTTP/1.0" 200 9990
192.168.175.104 - - [23/Nov/2019:15:11:48 -0500] "GET / HTTP/1.1" 200 9990
216.244.66.195 - - [23/Nov/2019:15:12:00 -0500] "GET /BLA/resoluciones/AUTOS%202010/4629.pdf HTTP/1.1" 200 483283
66.249.69.59 - - [23/Nov/2019:15:12:30 -0500] "GET /BLA/resoluciones/AUTOS%202017/2551.pdf HTTP/1.1" 200 487858
66.249.69.59 - - [23/Nov/2019:15:12:37 -0500] "GET /BLA/resoluciones/Autos%202008/1483.pdf HTTP/1.1" 200 85708
186.82.246.98 - - [23/Nov/2019:15:12:48 -0500] "GET /galeria/galeria/fotos/Entrenube2G.jpg HTTP/1.1" 200 111422
216.244.66.195 - - [23/Nov/2019:15:12:50 -0500] "GET /BLA/resoluciones/AUTOS%202010/5527.pdf HTTP/1.1" 200 242780
191.95.53.173 - - [23/Nov/2019:15:13:00 -0500] "GET /BLA/resoluciones/RESOLUCIONES%202007/RES%202007%20201%20AL%20300/RESOLUCION%200260%20DE%202007.pdf HTTP/1.1" 200 427009
66.249.69.59 - - [23/Nov/2019:15:13:02 -0500] "GET /BLA/resoluciones/AUTOS%202014/5688.pdf HTTP/1.1" 304 -
69.162.124.232 - - [23/Nov/2019:15:13:11 -0500] "HEAD / HTTP/1.1" 200 -
66.249.69.59 - - [23/Nov/2019:15:13:35 -0500] "GET /BLA/resoluciones/AUTOS%202015/2678.pdf HTTP/1.1" 200 711150
181.137.224.250 - - [23/Nov/2019:15:13:51 -0500] "GET /galeria/galeria/jquery.fancybox.css?v=2.1.5 HTTP/1.1" 200 4895
181.137.224.250 - - [23/Nov/2019:15:13:51 -0500] "GET /BLA/boletinlegal/js/jquery.scrollShow.js HTTP/1.1" 200 4586
181.137.224.250 - - [23/Nov/2019:15:13:51 -0500] "GET /galeria/galeria/jquery.fancybox.js?v=2.1.5 HTTP/1.1" 200 48706
66.249.69.59 - - [23/Nov/2019:15:14:09 -0500] "GET /BLA/resoluciones/RESOLUCIONES%202007/RES%202007%202601%20AL%202700/RESOLUCION%202670%20%20DE%202007.pdf HTTP/1.1" 200 530168
70.45.155.111 - - [23/Nov/2019:15:14:16 -0500] "GET /galeria/galeria/jquery.fancybox.css?v=2.1.5 HTTP/1.1" 200 4895
70.45.155.111 - - [23/Nov/2019:15:14:16 -0500] "GET /BLA/boletinlegal/js/jquery.scrollShow.js HTTP/1.1" 200 4586
70.45.155.111 - - [23/Nov/2019:15:14:16 -0500] "GET /galeria/galeria/jquery.fancybox.js?v=2.1.5 HTTP/1.1" 200 48706
54.36.150.77 - - [23/Nov/2019:15:14:19 -0500] "GET /BLA/resoluciones/RESOLUCIONES%202003/RES%202003%201151-1200/1185.tif HTTP/1.1" 200 241380
66.249.69.59 - - [23/Nov/2019:15:14:20 -0500] "GET /BLA/resoluciones/AUTOS%202014/5231.pdf HTTP/1.1" 304 -
191.95.53.173 - - [23/Nov/2019:15:14:39 -0500] "GET /BLA/resoluciones/RESOLUCIONES%202010/6964.pdf HTTP/1.1" 200 481735
190.102.56.185 - - [23/Nov/2019:15:14:45 -0500] "GET /galeria/galeria/jquery.fancybox.css?v=2.1.5 HTTP/1.1" 200 4895
190.102.56.185 - - [23/Nov/2019:15:14:45 -0500] "GET /galeria/galeria/jquery.fancybox.js?v=2.1.5 HTTP/1.1" 200 48706
66.249.69.59 - - [23/Nov/2019:15:14:45 -0500] "GET /BLA/resoluciones/Autos%202008/1641.pdf HTTP/1.1" 200 72627
186.102.59.157 - - [23/Nov/2019:15:14:47 -0500] "GET /galeria/galeria/jquery.fancybox.css?v=2.1.5 HTTP/1.1" 200 4895
186.102.59.157 - - [23/Nov/2019:15:14:49 -0500] "GET /BLA/boletinlegal/js/jquery.scrollShow.js HTTP/1.1" 200 4586
186.102.59.157 - - [23/Nov/2019:15:14:49 -0500] "GET /galeria/galeria/jquery.fancybox.js?v=2.1.5 HTTP/1.1" 200 48706
54.68.222.78 - - [23/Nov/2019:15:14:55 -0500] "GET /galeria/nivo-slider/demo/inicio.html HTTP/1.1" 200 5154
216.244.66.195 - - [23/Nov/2019:15:15:08 -0500] "GET /BLA/resoluciones/AUTOS%202010/5628.pdf HTTP/1.1" 200 877161
66.249.69.59 - - [23/Nov/2019:15:15:08 -0500] "GET /BLA/resoluciones/Autos%202008/1607.pdf HTTP/1.1" 200 66621
66.249.88.187 - - [23/Nov/2019:15:15:16 -0500] "GET /galeria/galeria/jquery.fancybox.js?v=2.1.5 HTTP/1.1" 200 48706
66.249.88.189 - - [23/Nov/2019:15:15:16 -0500] "GET /galeria/galeria/jquery.fancybox.css?v=2.1.5 HTTP/1.1" 200 4895
66.249.88.191 - - [23/Nov/2019:15:15:16 -0500] "GET /BLA/boletinlegal/js/jquery.scrollShow.js HTTP/1.1" 200 4586
165.225.32.120 - - [23/Nov/2019:15:15:26 -0500] "GET /Residuos/impresion/files/guia_impresion-lit.pdf HTTP/1.1" 200 12573981
191.102.198.89 - - [23/Nov/2019:15:15:36 -0500] "GET /galeria/galeria/jquery.fancybox.css?v=2.1.5 HTTP/1.1" 200 4895
191.102.198.89 - - [23/Nov/2019:15:15:36 -0500] "GET /BLA/boletinlegal/js/jquery.scrollShow.js HTTP/1.1" 200 4586
191.102.198.89 - - [23/Nov/2019:15:15:36 -0500] "GET /galeria/galeria/jquery.fancybox.js?v=2.1.5 HTTP/1.1" 200 48706
66.249.69.59 - - [23/Nov/2019:15:15:38 -0500] "GET /BLA/resoluciones/RESOLUCIONES%202016/0695.pdf HTTP/1.1" 304 -
165.225.32.120 - - [23/Nov/2019:15:15:39 -0500] "GET /favicon.ico HTTP/1.1" 200 7782
191.95.53.173 - - [23/Nov/2019:15:15:49 -0500] "GET /BLA/resoluciones/RESOLUCIONES%202007/RES%202007%20801%20AL%20900/RESOLUCION%200804%20DE%202007.pdf HTTP/1.1" 200 294244
66.249.69.59 - - [23/Nov/2019:15:15:53 -0500] "GET /BLA/resoluciones/RESOLUCIONES%202010/5533.pdf HTTP/1.1" 200 2779007
216.244.66.195 - - [23/Nov/2019:15:15:58 -0500] "GET /BLA/resoluciones/AUTOS%202010/5884.pdf HTTP/1.1" 200 281591
66.249.69.61 - - [23/Nov/2019:15:16:17 -0500] "GET /BLA/resoluciones/RESOLUCIONES%202016/1515.pdf HTTP/1.1" 200 570524
192.168.175.104 - - [23/Nov/2019:15:16:29 -0500] "GET / HTTP/1.0" 200 9990
