!C99Shell v. 1.0 pre-release build #13!

Software: Apache. PHP/5.5.15 

uname -a: Windows NT SVR-DMZ 6.1 build 7600 (Windows Server 2008 R2 Enterprise Edition) i586 

SYSTEM 

Safe-mode: OFF (not secure)

E:\nuevo\apache\logs\   drwxrwxrwx
Free 8.02 GB of 239.26 GB (3.35%)
Detected drives: [ a ] [ c ] [ d ] [ e ] [ f ]
Home    Back    Forward    UPDIR    Refresh    Search    Buffer    Encoder    Tools    Proc.    FTP brute    Sec.    SQL    PHP-code    Update    Feedback    Self remove    Logout    


Viewing file:     access.2019.11.23.log (2.2 MB)      -rw-rw-rw-
Select action/file-type:
(+) | (+) | (+) | Code (+) | Session (+) | (+) | SDB (+) | (+) | (+) | (+) | (+) | (+) |
192.168.175.104 - - [23/Nov/2019:00:00:54 -0500] "GET / HTTP/1.0" 200 9990
189.216.140.179 - - [23/Nov/2019:00:01:07 -0500] "GET /BLA/boletinlegal/js/jquery.scrollShow.js HTTP/1.1" 200 4586
189.216.140.179 - - [23/Nov/2019:00:01:07 -0500] "GET /galeria/galeria/jquery.fancybox.js?v=2.1.5 HTTP/1.1" 200 48706
189.216.140.179 - - [23/Nov/2019:00:01:07 -0500] "GET /galeria/galeria/jquery.fancybox.css?v=2.1.5 HTTP/1.1" 200 4895
192.168.175.104 - - [23/Nov/2019:00:01:20 -0500] "GET / HTTP/1.1" 200 9990
201.138.194.15 - - [23/Nov/2019:00:01:21 -0500] "GET /galeria/galeria/jquery.fancybox.css?v=2.1.5 HTTP/1.1" 200 4895
201.138.194.15 - - [23/Nov/2019:00:01:21 -0500] "GET /BLA/boletinlegal/js/jquery.scrollShow.js HTTP/1.1" 200 4586
201.138.194.15 - - [23/Nov/2019:00:01:21 -0500] "GET /galeria/galeria/jquery.fancybox.js?v=2.1.5 HTTP/1.1" 200 48706
181.234.249.29 - - [23/Nov/2019:00:01:46 -0500] "GET /galeria/galeria/jquery.fancybox.css?v=2.1.5 HTTP/1.1" 200 4895
181.234.249.29 - - [23/Nov/2019:00:01:46 -0500] "GET /BLA/boletinlegal/js/jquery.scrollShow.js HTTP/1.1" 200 4586
181.234.249.29 - - [23/Nov/2019:00:01:47 -0500] "GET /galeria/galeria/jquery.fancybox.js?v=2.1.5 HTTP/1.1" 200 48706
66.249.69.59 - - [23/Nov/2019:00:03:44 -0500] "GET /BLA/resoluciones/RESOLUCIONES%202010/0711.pdf HTTP/1.1" 200 103817
69.162.124.232 - - [23/Nov/2019:00:04:44 -0500] "HEAD / HTTP/1.1" 200 -
5.196.87.175 - - [23/Nov/2019:00:04:51 -0500] "GET /galeria/nivo-slider/demo/inicio.html HTTP/1.1" 200 5154
13.66.139.1 - - [23/Nov/2019:00:05:06 -0500] "GET /robots.txt HTTP/1.1" 404 1049
13.66.139.1 - - [23/Nov/2019:00:05:07 -0500] "GET /robots.txt HTTP/1.1" 404 1049
13.66.139.0 - - [23/Nov/2019:00:05:12 -0500] "GET /BLA/boletinlegal/Circulares/2012/Circular%20No.%202%20del%2014%20de%20Marzo%20de%202012.pdf HTTP/1.1" 304 -
192.168.175.104 - - [23/Nov/2019:00:05:52 -0500] "GET / HTTP/1.0" 200 9990
190.239.69.180 - - [23/Nov/2019:00:05:54 -0500] "GET /galeria/galeria/jquery.fancybox.css?v=2.1.5 HTTP/1.1" 200 4895
190.239.69.180 - - [23/Nov/2019:00:05:54 -0500] "GET /galeria/galeria/jquery.fancybox.js?v=2.1.5 HTTP/1.1" 200 48706
46.229.168.131 - - [23/Nov/2019:00:06:10 -0500] "GET /robots.txt HTTP/1.1" 404 1019
46.229.168.140 - - [23/Nov/2019:00:06:10 -0500] "GET /Autoliquidacion/index.php?dir=Grupo%2BForestal%2B-%2BSilvicultura%2F HTTP/1.1" 200 6619
191.95.30.55 - - [23/Nov/2019:00:06:17 -0500] "GET /galeria/galeria/jquery.fancybox.css?v=2.1.5 HTTP/1.1" 200 4895
191.95.30.55 - - [23/Nov/2019:00:06:19 -0500] "GET /BLA/boletinlegal/js/jquery.scrollShow.js HTTP/1.1" 200 4586
192.168.175.104 - - [23/Nov/2019:00:06:19 -0500] "GET / HTTP/1.1" 200 9990
191.95.30.55 - - [23/Nov/2019:00:06:20 -0500] "GET /galeria/galeria/jquery.fancybox.js?v=2.1.5 HTTP/1.1" 200 48706
66.249.69.63 - - [23/Nov/2019:00:07:45 -0500] "GET /BLA/resoluciones/AUTOS%202007/2405.pdf HTTP/1.1" 200 75300
66.249.69.61 - - [23/Nov/2019:00:08:08 -0500] "GET /BLA/resoluciones/RESOLUCIONES%202016/1550.pdf HTTP/1.1" 200 404910
181.53.12.227 - - [23/Nov/2019:00:08:58 -0500] "GET /BLA/resoluciones/RESOLUCIONES%202015/0405.pdf HTTP/1.1" 200 582018
69.162.124.232 - - [23/Nov/2019:00:09:44 -0500] "HEAD / HTTP/1.1" 200 -
66.249.88.189 - - [23/Nov/2019:00:09:45 -0500] "GET /galeria/galeria/jquery.fancybox.css?v=2.1.5 HTTP/1.1" 200 4895
66.249.88.187 - - [23/Nov/2019:00:09:45 -0500] "GET /galeria/galeria/jquery.fancybox.js?v=2.1.5 HTTP/1.1" 200 48706
66.249.88.187 - - [23/Nov/2019:00:09:45 -0500] "GET /BLA/boletinlegal/js/jquery.scrollShow.js HTTP/1.1" 200 4586
192.168.175.104 - - [23/Nov/2019:00:10:50 -0500] "GET / HTTP/1.0" 200 9990
192.168.175.104 - - [23/Nov/2019:00:11:17 -0500] "GET / HTTP/1.1" 200 9990
66.249.69.63 - - [23/Nov/2019:00:11:47 -0500] "GET /BLA/resoluciones/RESOLUCIONES%202010/2448.pdf HTTP/1.1" 200 492488
186.83.90.17 - - [23/Nov/2019:00:12:04 -0500] "GET /siipev/Diseno%20de%20Elementos%20de%20Mobiliario%20Urbano/Diseno%20pertenecientes%20al%20mobiliario%20urbano%20M10-M160/PARTE%20A/Dise%C3%B1o%20de%20Elementos%20M-142.pdf HTTP/1.1" 200 2969432
186.83.90.17 - - [23/Nov/2019:00:12:07 -0500] "GET /siipev/Diseno%20de%20Elementos%20de%20Mobiliario%20Urbano/Diseno%20pertenecientes%20al%20mobiliario%20urbano%20M10-M160/PARTE%20A/Dise%C3%B1o%20de%20Elementos%20M-142.pdf HTTP/1.1" 206 610136
186.83.90.17 - - [23/Nov/2019:00:12:08 -0500] "GET /siipev/Diseno%20de%20Elementos%20de%20Mobiliario%20Urbano/Diseno%20pertenecientes%20al%20mobiliario%20urbano%20M10-M160/PARTE%20A/Dise%C3%B1o%20de%20Elementos%20M-142.pdf HTTP/1.1" 206 1245184
216.244.66.195 - - [23/Nov/2019:00:12:08 -0500] "GET /BLA/resoluciones/AUTOS%202011/3201.pdf HTTP/1.1" 200 228247
216.244.66.195 - - [23/Nov/2019:00:12:12 -0500] "GET /BLA/resoluciones/AUTOS%202011/3054.pdf HTTP/1.1" 200 133755
216.244.66.195 - - [23/Nov/2019:00:12:16 -0500] "GET /BLA/resoluciones/AUTOS%202011/3273.pdf HTTP/1.1" 200 133670
207.46.13.5 - - [23/Nov/2019:00:12:25 -0500] "GET /Residuos/pinturas/pinturas.html HTTP/1.1" 200 1959
66.249.69.61 - - [23/Nov/2019:00:12:31 -0500] "GET /BLA/resoluciones/RESOLUCIONES%202016/0461.pdf HTTP/1.1" 200 808902
216.244.66.195 - - [23/Nov/2019:00:13:39 -0500] "GET /BLA/resoluciones/AUTOS%202011/3451.pdf HTTP/1.1" 200 243065
186.83.90.17 - - [23/Nov/2019:00:14:00 -0500] "GET /siipev/Diseno%20de%20Elementos%20de%20Mobiliario%20Urbano/Otros%20Elementos/PARTE%20B/Dise%C3%B1o%20de%20Elementos%20M-142-M146.pdf HTTP/1.1" 200 760723
69.162.124.232 - - [23/Nov/2019:00:14:44 -0500] "HEAD / HTTP/1.1" 200 -
186.83.90.17 - - [23/Nov/2019:00:14:58 -0500] "GET /siipev/Diseno%20de%20Elementos%20de%20Mobiliario%20Urbano/Otros%20Elementos/PARTE%20B/Dise%C3%B1o%20de%20Elementos%20M100-M101.pdf HTTP/1.1" 200 282657
186.83.90.17 - - [23/Nov/2019:00:15:30 -0500] "GET /siipev/Diseno%20de%20Elementos%20de%20Mobiliario%20Urbano/Diseno%20pertenecientes%20al%20mobiliario%20urbano%20M10-M160/PARTE%20A/Dise%C3%B1o%20de%20Elementos%20M-145.pdf HTTP/1.1" 200 2862220
186.83.90.17 - - [23/Nov/2019:00:15:31 -0500] "GET /siipev/Diseno%20de%20Elementos%20de%20Mobiliario%20Urbano/Diseno%20pertenecientes%20al%20mobiliario%20urbano%20M10-M160/PARTE%20A/Dise%C3%B1o%20de%20Elementos%20M-145.pdf HTTP/1.1" 206 633996
186.83.90.17 - - [23/Nov/2019:00:15:32 -0500] "GET /siipev/Diseno%20de%20Elementos%20de%20Mobiliario%20Urbano/Diseno%20pertenecientes%20al%20mobiliario%20urbano%20M10-M160/PARTE%20A/Dise%C3%B1o%20de%20Elementos%20M-145.pdf HTTP/1.1" 206 786432
216.244.66.195 - - [23/Nov/2019:00:15:35 -0500] "GET /BLA/resoluciones/AUTOS%202011/3480.pdf HTTP/1.1" 200 2805731
192.168.175.104 - - [23/Nov/2019:00:15:48 -0500] "GET / HTTP/1.0" 200 9990
66.249.69.61 - - [23/Nov/2019:00:15:50 -0500] "GET /BLA/resoluciones/AUTOS%202017/3723.pdf HTTP/1.1" 200 2974239
192.168.175.104 - - [23/Nov/2019:00:16:15 -0500] "GET / HTTP/1.1" 200 9990
216.244.66.195 - - [23/Nov/2019:00:16:25 -0500] "GET /BLA/resoluciones/AUTOS%202011/3547.pdf HTTP/1.1" 200 195633
201.245.192.253 - - [23/Nov/2019:00:16:12 -0500] "POST /kwsrmcab/Wsrmcab HTTP/1.1" 200 27239
201.245.192.253 - - [23/Nov/2019:00:16:12 -0500] "POST /kwsrmcab/Wsrmcab HTTP/1.1" 200 26795
66.249.69.59 - - [23/Nov/2019:00:16:49 -0500] "GET /BLA/resoluciones/RESOLUCIONES%202014/3228.pdf HTTP/1.1" 200 3784921
201.245.192.253 - - [23/Nov/2019:00:16:44 -0500] "POST /kwsrmcab/Wsrmcab HTTP/1.1" 200 27239
216.244.66.195 - - [23/Nov/2019:00:18:34 -0500] "GET /BLA/resoluciones/AUTOS%202011/4022.pdf HTTP/1.1" 200 231245
66.249.69.63 - - [23/Nov/2019:00:19:34 -0500] "GET /BLA/resoluciones/RESOLUCIONES%202007/RES%202007%202701%20AL%202800/RESOLUCION%202747%20DE%202007.pdf HTTP/1.1" 200 976598
69.162.124.232 - - [23/Nov/2019:00:19:44 -0500] "HEAD / HTTP/1.1" 200 -
66.249.69.59 - - [23/Nov/2019:00:19:49 -0500] "GET /BLA/resoluciones/AUTOS%202017/3304.pdf HTTP/1.1" 200 305815
216.244.66.195 - - [23/Nov/2019:00:20:18 -0500] "GET /BLA/resoluciones/AUTOS%202012/0188.pdf HTTP/1.1" 200 778995
192.168.175.104 - - [23/Nov/2019:00:20:46 -0500] "GET / HTTP/1.0" 200 9990
66.249.69.59 - - [23/Nov/2019:00:20:48 -0500] "GET /BLA/resoluciones/RESOLUCIONES%202015/1958.pdf HTTP/1.1" 200 479568
66.249.88.187 - - [23/Nov/2019:00:21:03 -0500] "GET /galeria/galeria/jquery.fancybox.css?v=2.1.5 HTTP/1.1" 200 4895
66.249.88.191 - - [23/Nov/2019:00:21:03 -0500] "GET /BLA/boletinlegal/js/jquery.scrollShow.js HTTP/1.1" 200 4586
66.249.88.189 - - [23/Nov/2019:00:21:03 -0500] "GET /galeria/galeria/jquery.fancybox.js?v=2.1.5 HTTP/1.1" 200 48706
66.249.88.189 - - [23/Nov/2019:00:21:07 -0500] "GET /BLA/resoluciones/RESOLUCIONES%202007/RES%202007%202501%20AL%202600/RESOLUCION%202542%20DE%202007.pdf HTTP/1.1" 200 867071
216.244.66.195 - - [23/Nov/2019:00:21:09 -0500] "GET /BLA/resoluciones/AUTOS%202012/0456.pdf HTTP/1.1" 200 151119
192.168.175.104 - - [23/Nov/2019:00:21:13 -0500] "GET / HTTP/1.1" 200 9990
66.249.69.63 - - [23/Nov/2019:00:21:24 -0500] "GET /BLA/resoluciones/AUTOS%202017/1062.pdf HTTP/1.1" 200 325823
73.85.130.42 - - [23/Nov/2019:00:21:40 -0500] "GET /galeria/galeria/jquery.fancybox.css?v=2.1.5 HTTP/1.1" 200 4895
73.85.130.42 - - [23/Nov/2019:00:21:40 -0500] "GET /galeria/galeria/jquery.fancybox.js?v=2.1.5 HTTP/1.1" 200 48706
73.85.130.42 - - [23/Nov/2019:00:21:40 -0500] "GET /BLA/boletinlegal/js/jquery.scrollShow.js HTTP/1.1" 200 4586
39.104.157.186 - - [23/Nov/2019:00:22:47 -0500] "GET / HTTP/1.1" 200 9990
216.244.66.195 - - [23/Nov/2019:00:22:49 -0500] "GET /BLA/resoluciones/AUTOS%202012/0717.pdf HTTP/1.1" 200 270696
66.249.69.61 - - [23/Nov/2019:00:23:11 -0500] "GET /BLA/resoluciones/RESOLUCIONES%202010/0757.pdf HTTP/1.1" 200 106040
40.77.167.112 - - [23/Nov/2019:00:23:37 -0500] "GET /www.ambientebogota.gov.co/ HTTP/1.1" 404 1019
66.249.69.61 - - [23/Nov/2019:00:23:46 -0500] "GET /BLA/resoluciones/RESOLUCIONES%202017/1597.pdf HTTP/1.1" 200 402978
66.249.69.63 - - [23/Nov/2019:00:23:53 -0500] "GET /BLA/resoluciones/RESOLUCIONES%202010/4165.pdf HTTP/1.1" 200 765529
186.113.126.245 - - [23/Nov/2019:00:24:03 -0500] "GET /galeria/galeria/jquery.fancybox.css?v=2.1.5 HTTP/1.1" 200 4895
186.113.126.245 - - [23/Nov/2019:00:24:03 -0500] "GET /BLA/boletinlegal/js/jquery.scrollShow.js HTTP/1.1" 200 4586
186.113.126.245 - - [23/Nov/2019:00:24:03 -0500] "GET /galeria/galeria/jquery.fancybox.js?v=2.1.5 HTTP/1.1" 200 48706
66.249.69.61 - - [23/Nov/2019:00:24:22 -0500] "GET /BLA/resoluciones/Notificaciones/AUTOS%202015/4577.doc HTTP/1.1" 200 164864
69.162.124.232 - - [23/Nov/2019:00:24:44 -0500] "HEAD / HTTP/1.1" 200 -
66.249.69.61 - - [23/Nov/2019:00:24:58 -0500] "GET /BLA/resoluciones/AUTOS%202015/3811.pdf HTTP/1.1" 200 518392
216.244.66.195 - - [23/Nov/2019:00:25:08 -0500] "GET /BLA/resoluciones/AUTOS%202012/1636.pdf HTTP/1.1" 200 2109790
66.249.69.59 - - [23/Nov/2019:00:25:33 -0500] "GET /BLA/resoluciones/RESOLUCIONES%202007/RES%202007%203001%20AL%203100/RESOLUCION%203049%20DE%202007.pdf HTTP/1.1" 200 48126
192.168.175.104 - - [23/Nov/2019:00:25:44 -0500] "GET / HTTP/1.0" 200 9990
216.244.66.195 - - [23/Nov/2019:00:25:58 -0500] "GET /BLA/resoluciones/AUTOS%202012/1710.pdf HTTP/1.1" 200 211910
66.249.69.59 - - [23/Nov/2019:00:26:09 -0500] "GET /BLA/resoluciones/RESOLUCIONES%202013/2331.pdf HTTP/1.1" 200 1056734
192.168.175.104 - - [23/Nov/2019:00:26:12 -0500] "GET / HTTP/1.1" 200 9990
54.70.61.194 - - [23/Nov/2019:00:26:44 -0500] "GET /galeria/nivo-slider/demo/inicio.html HTTP/1.1" 200 5154
66.249.69.61 - - [23/Nov/2019:00:26:45 -0500] "GET /BLA/resoluciones/AUTOS%202011/1269.pdf HTTP/1.1" 200 162795
201.245.192.253 - - [23/Nov/2019:00:26:12 -0500] "POST /kwsrmcab/Wsrmcab HTTP/1.1" 200 26795
66.249.69.61 - - [23/Nov/2019:00:27:20 -0500] "GET /BLA/resoluciones/RESOLUCIONES%202015/0729.pdf HTTP/1.1" 200 551601
66.249.69.59 - - [23/Nov/2019:00:27:54 -0500] "GET /BLA/resoluciones/RESOLUCIONES%202010/5416.pdf HTTP/1.1" 200 748067
66.249.69.59 - - [23/Nov/2019:00:28:03 -0500] "GET /BLA/resoluciones/AUTOS%202018/1769.pdf HTTP/1.1" 200 293166
216.244.66.195 - - [23/Nov/2019:00:28:15 -0500] "GET /BLA/resoluciones/AUTOS%202012/1847.pdf HTTP/1.1" 200 285519
66.249.69.61 - - [23/Nov/2019:00:28:32 -0500] "GET /BLA/resoluciones/RESOLUCIONES%202017/1647.pdf HTTP/1.1" 200 524143
66.249.69.61 - - [23/Nov/2019:00:29:07 -0500] "GET /BLA/resoluciones/Notificaciones/AUTOS%202018/03223.pdf HTTP/1.1" 200 352059
69.162.124.232 - - [23/Nov/2019:00:29:44 -0500] "HEAD / HTTP/1.1" 200 -
186.155.13.199 - - [23/Nov/2019:00:29:46 -0500] "GET /galeria/galeria/jquery.fancybox.css?v=2.1.5 HTTP/1.1" 200 4895
186.155.13.199 - - [23/Nov/2019:00:29:47 -0500] "GET /BLA/boletinlegal/js/jquery.scrollShow.js HTTP/1.1" 200 4586
186.155.13.199 - - [23/Nov/2019:00:29:47 -0500] "GET /galeria/galeria/jquery.fancybox.js?v=2.1.5 HTTP/1.1" 200 48706
216.244.66.195 - - [23/Nov/2019:00:30:34 -0500] "GET /BLA/resoluciones/AUTOS%202012/1863.pdf HTTP/1.1" 200 268677
192.168.175.104 - - [23/Nov/2019:00:30:42 -0500] "GET / HTTP/1.0" 200 9990
66.249.69.59 - - [23/Nov/2019:00:30:54 -0500] "GET /BLA/resoluciones/AUTOS%202018/1162.pdf HTTP/1.1" 200 322092
192.168.175.104 - - [23/Nov/2019:00:31:10 -0500] "GET / HTTP/1.1" 200 9990
66.249.69.61 - - [23/Nov/2019:00:31:30 -0500] "GET /BLA/resoluciones/RESOLUCIONES%202015/0177.pdf HTTP/1.1" 200 1055058
157.55.39.42 - - [23/Nov/2019:00:31:30 -0500] "GET /robots.txt HTTP/1.1" 404 1018
40.77.167.65 - - [23/Nov/2019:00:31:34 -0500] "GET /robots.txt HTTP/1.1" 404 1018
66.249.69.61 - - [23/Nov/2019:00:31:49 -0500] "GET /BLA/resoluciones/AUTOS%202015/2346.pdf HTTP/1.1" 200 800225
66.249.69.61 - - [23/Nov/2019:00:32:05 -0500] "GET /BLA/resoluciones/RESOLUCIONES%202012/1460.pdf HTTP/1.1" 200 342951
66.249.69.61 - - [23/Nov/2019:00:32:16 -0500] "GET /BLA/resoluciones/RESOLUCIONES%201996/RESOLUCION%20345%20DE%201996.pdf HTTP/1.1" 200 38476
66.249.69.59 - - [23/Nov/2019:00:32:28 -0500] "GET /BLA/resoluciones/AUTOS%202018/6503.pdf HTTP/1.1" 200 870887
66.249.69.59 - - [23/Nov/2019:00:32:37 -0500] "GET /BLA/resoluciones/RESOLUCIONES%202011/7003.pdf HTTP/1.1" 200 1351072
207.46.13.94 - - [23/Nov/2019:00:32:39 -0500] "GET /POT-2013/Cartografia/32_Altura%20para%20c%C3%A1lculo%20de%20edificabilidad%20predominante%20y%20aisl.pdf HTTP/1.1" 200 3984236
66.249.69.59 - - [23/Nov/2019:00:32:43 -0500] "GET /BLA/resoluciones/AUTOS%202015/5553.pdf HTTP/1.1" 200 521331
66.249.69.61 - - [23/Nov/2019:00:32:47 -0500] "GET /BLA/resoluciones/AUTOS%202015/1439.pdf HTTP/1.1" 200 544010
216.244.66.195 - - [23/Nov/2019:00:32:51 -0500] "GET /BLA/resoluciones/AUTOS%202012/1873.pdf HTTP/1.1" 200 495754
58.22.64.95 - - [23/Nov/2019:00:32:58 -0500] "GET /galeria/nivo-slider/demo/inicio.html HTTP/1.1" 200 5154
66.249.69.61 - - [23/Nov/2019:00:32:58 -0500] "GET /BLA/resoluciones/RESOLUCIONES%202017/2823.pdf HTTP/1.1" 200 280215
66.249.69.59 - - [23/Nov/2019:00:33:05 -0500] "GET /BLA/resoluciones/RESOLUCIONES%202014/2267.pdf HTTP/1.1" 200 681209
66.249.69.61 - - [23/Nov/2019:00:33:17 -0500] "GET /BLA/resoluciones/RESOLUCIONES%202007/RES%202007%202301%20AL%202400/RESOLUCION%202371%20DE%202007.pdf HTTP/1.1" 200 360282
216.244.66.195 - - [23/Nov/2019:00:33:41 -0500] "GET /BLA/resoluciones/AUTOS%202012/2226.pdf HTTP/1.1" 200 1663489
66.249.69.61 - - [23/Nov/2019:00:33:52 -0500] "GET /BLA/resoluciones/AUTOS%202015/1291.pdf HTTP/1.1" 200 711822
66.249.69.59 - - [23/Nov/2019:00:34:09 -0500] "GET /BLA/resoluciones/AUTOS%202014/6335.pdf HTTP/1.1" 200 521570
66.249.88.191 - - [23/Nov/2019:00:34:22 -0500] "GET /BLA/boletinlegal/js/jquery.scrollShow.js HTTP/1.1" 200 4586
66.249.88.191 - - [23/Nov/2019:00:34:22 -0500] "GET /galeria/galeria/jquery.fancybox.css?v=2.1.5 HTTP/1.1" 200 4895
66.249.88.187 - - [23/Nov/2019:00:34:22 -0500] "GET /galeria/galeria/jquery.fancybox.js?v=2.1.5 HTTP/1.1" 200 48706
207.46.13.125 - - [23/Nov/2019:00:34:25 -0500] "GET /portalsiaccapacitaciones/Soportes%20Capacitaciones%202016/Mesas%20de%20Trabajo%202016/GU%C3%8DA%20HUELLA%20DE%20CARBONO%202016.pdf HTTP/1.1" 304 -
66.249.69.59 - - [23/Nov/2019:00:34:28 -0500] "GET /BLA/resoluciones/RESOLUCIONES%202007/RES%202007%202601%20AL%202700/RESOLUCION%202602%20DE%202007.pdf HTTP/1.1" 200 689653
69.162.124.232 - - [23/Nov/2019:00:34:44 -0500] "HEAD / HTTP/1.1" 200 -
66.249.69.61 - - [23/Nov/2019:00:35:04 -0500] "GET /BLA/resoluciones/AUTOS%202015/5413.pdf HTTP/1.1" 200 604024
157.55.39.89 - - [23/Nov/2019:00:35:26 -0500] "GET /POT-2013/Cartografia/32_Altura%20para%20c%C3%A1lculo%20de%20edificabilidad%20predominante%20y%20aisl.pdf HTTP/1.1" 200 3984236
66.249.69.63 - - [23/Nov/2019:00:35:28 -0500] "GET /BLA/resoluciones/AUTOS%202015/7039.pdf HTTP/1.1" 200 574675
66.249.69.59 - - [23/Nov/2019:00:35:39 -0500] "GET /BLA/resoluciones/AUTOS%202009/0864.pdf HTTP/1.1" 200 86989
192.168.175.104 - - [23/Nov/2019:00:35:41 -0500] "GET / HTTP/1.0" 200 9990
66.249.69.59 - - [23/Nov/2019:00:35:53 -0500] "GET /BLA/resoluciones/RESOLUCIONES%202008/2800.pdf HTTP/1.1" 200 321829
216.244.66.195 - - [23/Nov/2019:00:36:01 -0500] "GET /BLA/resoluciones/AUTOS%202012/2490.pdf HTTP/1.1" 200 356850
192.168.175.104 - - [23/Nov/2019:00:36:07 -0500] "GET / HTTP/1.1" 200 9990
66.249.69.59 - - [23/Nov/2019:00:36:15 -0500] "GET /BLA/resoluciones/RESOLUCIONES%202007/RES%202007%202001%20AL%202100/RESOLUCION%202009%20DE%202007.pdf HTTP/1.1" 200 237368
201.245.192.253 - - [23/Nov/2019:00:36:12 -0500] "POST /kwsrmcab/Wsrmcab HTTP/1.1" 200 26795
66.249.69.59 - - [23/Nov/2019:00:36:51 -0500] "GET /BLA/resoluciones/RESOLUCIONES%202008/4349.pdf HTTP/1.1" 200 444950
66.249.69.59 - - [23/Nov/2019:00:37:26 -0500] "GET /BLA/resoluciones/AUTOS%202010/5032.pdf HTTP/1.1" 200 1302296
66.249.69.61 - - [23/Nov/2019:00:38:02 -0500] "GET /BLA/resoluciones/AUTOS%202016/1153.pdf HTTP/1.1" 200 513678
207.46.13.125 - - [23/Nov/2019:00:38:05 -0500] "GET /BLA/boletinlegal/Circulares/2012/Circular%20No.%204%20del%2019%20de%20abril%20de%202012.pdf HTTP/1.1" 304 -
216.244.66.195 - - [23/Nov/2019:00:38:21 -0500] "GET /BLA/resoluciones/AUTOS%202012/2567.pdf HTTP/1.1" 200 398804
66.249.69.59 - - [23/Nov/2019:00:38:47 -0500] "GET /BLA/resoluciones/RESOLUCIONES%202017/3017.pdf HTTP/1.1" 200 2447747
66.249.69.59 - - [23/Nov/2019:00:39:13 -0500] "GET /BLA/resoluciones/RESOLUCIONES%202009/0900.pdf HTTP/1.1" 200 824185
69.162.124.232 - - [23/Nov/2019:00:39:44 -0500] "HEAD / HTTP/1.1" 200 -
54.36.150.98 - - [23/Nov/2019:00:39:45 -0500] "GET /BLA/resoluciones/index.php?dir=RESOLUCIONES+2003%2FRES+2003+951-1000%2F HTTP/1.1" 200 11179
66.249.69.59 - - [23/Nov/2019:00:39:49 -0500] "GET /BLA/resoluciones/AUTOS%202008/0168.pdf HTTP/1.1" 200 194251
66.249.69.59 - - [23/Nov/2019:00:39:56 -0500] "GET /BLA/resoluciones/RESOLUCIONES%202007/RES%202007%202201%20AL%202300/RESOLUCION%202268%20%20DE%202007.pdf HTTP/1.1" 200 226787
66.249.69.61 - - [23/Nov/2019:00:40:24 -0500] "GET /BLA/resoluciones/RESOLUCIONES%202014/0699.pdf HTTP/1.1" 200 213149
192.168.175.104 - - [23/Nov/2019:00:40:39 -0500] "GET / HTTP/1.0" 200 9990
216.244.66.195 - - [23/Nov/2019:00:40:42 -0500] "GET /BLA/resoluciones/AUTOS%202012/2637.pdf HTTP/1.1" 200 833866
66.249.75.193 - - [23/Nov/2019:00:40:46 -0500] "GET /ads.txt HTTP/1.1" 404 1043
66.249.69.61 - - [23/Nov/2019:00:40:55 -0500] "GET /BLA/resoluciones/AUTOS%202014/6238.pdf HTTP/1.1" 200 563819
186.154.88.2 - - [23/Nov/2019:00:40:56 -0500] "-" 408 -
192.168.175.104 - - [23/Nov/2019:00:41:06 -0500] "GET / HTTP/1.1" 200 9990
181.56.35.8 - - [23/Nov/2019:00:41:18 -0500] "GET /BLA/resoluciones/AUTOS%202016/2978.pdf HTTP/1.1" 200 439077
181.56.35.8 - - [23/Nov/2019:00:41:18 -0500] "GET /favicon.ico HTTP/1.1" 200 7782
66.249.69.59 - - [23/Nov/2019:00:42:11 -0500] "GET /BLA/resoluciones/AUTOS%202014/6179.pdf HTTP/1.1" 200 1454730
66.249.69.59 - - [23/Nov/2019:00:42:47 -0500] "GET /BLA/resoluciones/AUTOS%202013/0722.pdf HTTP/1.1" 200 722397
54.36.150.170 - - [23/Nov/2019:00:43:20 -0500] "GET /BLA/resoluciones/RESOLUCIONES%202005/RES%202005%202751-2800/00002770.tif HTTP/1.1" 200 189872
66.249.69.59 - - [23/Nov/2019:00:43:23 -0500] "GET /BLA/resoluciones/RESOLUCIONES%202013/2238.pdf HTTP/1.1" 200 431097
66.249.69.59 - - [23/Nov/2019:00:44:13 -0500] "GET /BLA/resoluciones/AUTOS%202015/3931.pdf HTTP/1.1" 200 614877
66.249.69.59 - - [23/Nov/2019:00:44:34 -0500] "GET /BLA/resoluciones/RESOLUCIONES%202009/4350.pdf HTTP/1.1" 200 209369
69.162.124.232 - - [23/Nov/2019:00:44:44 -0500] "HEAD / HTTP/1.1" 200 -
66.249.69.59 - - [23/Nov/2019:00:45:09 -0500] "GET /BLA/resoluciones/AUTOS%202013/1425.pdf HTTP/1.1" 200 383812
192.168.175.104 - - [23/Nov/2019:00:45:38 -0500] "GET / HTTP/1.0" 200 9990
66.249.69.63 - - [23/Nov/2019:00:45:45 -0500] "GET /BLA/resoluciones/RESOLUCIONES%202010/6206.pdf HTTP/1.1" 200 848908
66.249.69.59 - - [23/Nov/2019:00:45:55 -0500] "GET /BLA/resoluciones/AUTOS%202018/0351.pdf HTTP/1.1" 200 303089
192.168.175.104 - - [23/Nov/2019:00:46:05 -0500] "GET / HTTP/1.1" 200 9990
54.36.150.23 - - [23/Nov/2019:00:46:27 -0500] "GET /BLA/resoluciones/RESOLUCIONES%202002/RES%202002%201901-1950/20021922.tif HTTP/1.1" 200 138744
66.249.69.59 - - [23/Nov/2019:00:47:32 -0500] "GET /BLA/resoluciones/RESOLUCIONES%202007/RES%202007%204301%20AL%204352/RESOLUCION%204323%20DE%202007.pdf HTTP/1.1" 200 531801
66.249.69.59 - - [23/Nov/2019:00:48:02 -0500] "GET /BLA/resoluciones/AUTOS%202014/5790.pdf HTTP/1.1" 200 209080
66.249.69.59 - - [23/Nov/2019:00:48:43 -0500] "GET /BLA/resoluciones/AUTOS%202015/1130.pdf HTTP/1.1" 200 434881
66.249.69.63 - - [23/Nov/2019:00:49:19 -0500] "GET /BLA/resoluciones/AUTOS%202015/2974.pdf HTTP/1.1" 200 657019
69.162.124.232 - - [23/Nov/2019:00:49:44 -0500] "HEAD / HTTP/1.1" 200 -
66.249.69.59 - - [23/Nov/2019:00:49:55 -0500] "GET /BLA/resoluciones/RESOLUCIONES%202007/RES%202007%204101%20AL%204200/RESOLUCION%204133%20%20DE%202007.pdf HTTP/1.1" 200 789600
66.249.69.59 - - [23/Nov/2019:00:50:06 -0500] "GET /BLA/resoluciones/RESOLUCIONES%202016/0085.pdf HTTP/1.1" 200 1746037
66.249.69.63 - - [23/Nov/2019:00:50:30 -0500] "GET /BLA/resoluciones/RESOLUCIONES%202009/7641.pdf HTTP/1.1" 200 696263
192.168.175.104 - - [23/Nov/2019:00:50:35 -0500] "GET / HTTP/1.0" 200 9990
192.168.175.104 - - [23/Nov/2019:00:51:02 -0500] "GET / HTTP/1.1" 200 9990
66.249.69.59 - - [23/Nov/2019:00:51:06 -0500] "GET /BLA/resoluciones/RESOLUCIONES%202017/0780.pdf HTTP/1.1" 200 858061
66.249.69.59 - - [23/Nov/2019:00:51:42 -0500] "GET /BLA/resoluciones/AUTOS%202008/2093.pdf HTTP/1.1" 200 84918
66.249.69.59 - - [23/Nov/2019:00:51:50 -0500] "GET /BLA/resoluciones/AUTOS%202017/2215.pdf HTTP/1.1" 200 656029
54.36.150.16 - - [23/Nov/2019:00:52:01 -0500] "GET /BLA/resoluciones/RESOLUCIONES%202002/RES%202002%20451-500/00000487.tif HTTP/1.1" 200 292284
66.249.69.59 - - [23/Nov/2019:00:52:17 -0500] "GET /BLA/resoluciones/AUTOS%202010/1406.pdf HTTP/1.1" 200 246126
186.82.84.50 - - [23/Nov/2019:00:52:41 -0500] "GET /galeria/galeria/jquery.fancybox.css?v=2.1.5 HTTP/1.1" 200 4895
186.82.84.50 - - [23/Nov/2019:00:52:41 -0500] "GET /BLA/boletinlegal/js/jquery.scrollShow.js HTTP/1.1" 200 4586
186.82.84.50 - - [23/Nov/2019:00:52:41 -0500] "GET /galeria/galeria/jquery.fancybox.js?v=2.1.5 HTTP/1.1" 200 48706
66.249.69.59 - - [23/Nov/2019:00:52:53 -0500] "GET /BLA/resoluciones/AUTOS%202014/0116.pdf HTTP/1.1" 200 566298
216.244.66.195 - - [23/Nov/2019:00:53:36 -0500] "GET /BLA/resoluciones/AUTOS%202011/3860.pdf HTTP/1.1" 200 220543
216.244.66.195 - - [23/Nov/2019:00:53:41 -0500] "GET /BLA/resoluciones/AUTOS%202011/4075.pdf HTTP/1.1" 200 514403
216.244.66.195 - - [23/Nov/2019:00:53:46 -0500] "GET /BLA/resoluciones/AUTOS%202012/0058.pdf HTTP/1.1" 200 286056
69.162.124.232 - - [23/Nov/2019:00:54:43 -0500] "HEAD / HTTP/1.1" 200 -
66.249.69.59 - - [23/Nov/2019:00:55:15 -0500] "GET /BLA/resoluciones/RESOLUCIONES%202007/RES%202007%203001%20AL%203100/RESOLUCION%203083%20DE%202007.pdf HTTP/1.1" 304 -
207.46.13.70 - - [23/Nov/2019:00:55:16 -0500] "GET / HTTP/1.1" 200 9990
54.36.150.160 - - [23/Nov/2019:00:55:31 -0500] "GET /BLA/resoluciones/RESOLUCIONES%202002/RES%202002%201051-1100/00001099.tif HTTP/1.1" 200 78764
192.168.175.104 - - [23/Nov/2019:00:55:33 -0500] "GET / HTTP/1.0" 200 9990
66.249.69.59 - - [23/Nov/2019:00:55:51 -0500] "GET /BLA/resoluciones/Notificaciones/AUTOS%202013/2612.doc HTTP/1.1" 304 -
181.192.142.195 - - [23/Nov/2019:00:55:53 -0500] "GET /galeria/galeria/jquery.fancybox.css?v=2.1.5 HTTP/1.1" 200 4895
181.192.142.195 - - [23/Nov/2019:00:55:55 -0500] "GET /BLA/boletinlegal/js/jquery.scrollShow.js HTTP/1.1" 200 4586
181.192.142.195 - - [23/Nov/2019:00:55:55 -0500] "GET /galeria/galeria/jquery.fancybox.js?v=2.1.5 HTTP/1.1" 200 48706
66.249.69.59 - - [23/Nov/2019:00:55:58 -0500] "GET /BLA/resoluciones/AUTOS%202007/0195.pdf HTTP/1.1" 200 161884
216.244.66.195 - - [23/Nov/2019:00:56:00 -0500] "GET /BLA/resoluciones/AUTOS%202012/0296.pdf HTTP/1.1" 200 176918
192.168.175.104 - - [23/Nov/2019:00:56:00 -0500] "GET / HTTP/1.1" 200 9990
216.244.66.195 - - [23/Nov/2019:00:56:38 -0500] "GET /BLA/resoluciones/AUTOS%202012/0407.pdf HTTP/1.1" 200 273651
66.249.88.187 - - [23/Nov/2019:00:57:43 -0500] "GET /BLA/boletinlegal/js/jquery.scrollShow.js HTTP/1.1" 200 4586
66.249.88.189 - - [23/Nov/2019:00:57:43 -0500] "GET /galeria/galeria/jquery.fancybox.js?v=2.1.5 HTTP/1.1" 200 48706
66.249.88.191 - - [23/Nov/2019:00:57:43 -0500] "GET /galeria/galeria/jquery.fancybox.css?v=2.1.5 HTTP/1.1" 200 4895
34.221.61.90 - - [23/Nov/2019:00:58:09 -0500] "GET /galeria/nivo-slider/demo/inicio.html HTTP/1.1" 200 5154
52.12.168.2 - - [23/Nov/2019:00:58:28 -0500] "GET /galeria/nivo-slider/demo/inicio.html HTTP/1.1" 200 5154
177.236.92.155 - - [23/Nov/2019:00:58:44 -0500] "GET /galeria/galeria/jquery.fancybox.css?v=2.1.5 HTTP/1.1" 200 4895
177.236.92.155 - - [23/Nov/2019:00:58:44 -0500] "GET /BLA/boletinlegal/js/jquery.scrollShow.js HTTP/1.1" 200 4586
177.236.92.155 - - [23/Nov/2019:00:58:44 -0500] "GET /galeria/galeria/jquery.fancybox.js?v=2.1.5 HTTP/1.1" 200 48706
66.249.69.61 - - [23/Nov/2019:00:58:49 -0500] "GET /BLA/resoluciones/RESOLUCIONES%202008/0926.pdf HTTP/1.1" 200 194707
216.244.66.195 - - [23/Nov/2019:00:58:55 -0500] "GET /BLA/resoluciones/AUTOS%202012/0463.pdf HTTP/1.1" 200 269859
69.162.124.232 - - [23/Nov/2019:00:59:43 -0500] "HEAD / HTTP/1.1" 200 -
92.220.10.100 - - [23/Nov/2019:01:00:03 -0500] "GET /robots.txt HTTP/1.1" 404 1015
92.220.10.100 - - [23/Nov/2019:01:00:05 -0500] "GET /Anexos%20estudio%20Organizacional%20SDA/index.php?dir=ANEXO%20No.%201-%20NORMAS%20LEGALES%20DE%20ESTRUCTURA%20Y%20PLANTA/Decreto%20631%20de%202007-%20Modifica%20planta%20de%20SDA.jsp_files// HTTP/1.1" 200 10397
92.220.10.100 - - [23/Nov/2019:01:00:07 -0500] "GET /Anexos%20estudio%20Organizacional%20SDA/index.php?dir=ANEXO%20No.%201-%20NORMAS%20LEGALES%20DE%20ESTRUCTURA%20Y%20PLANTA/Decreto%20631%20de%202007-%20Modifica%20planta%20de%20SDA.jsp_files/&sort=name&order=asc/ HTTP/1.1" 200 10092
92.220.10.100 - - [23/Nov/2019:01:00:09 -0500] "GET /Autoliquidacion/index.php?dir=Cobro%20Clasificacion%20Uso%20De%20Vivenda%20En%20Suelo%20Restringido/&sort=date&order=desc/ HTTP/1.1" 200 2502
92.220.10.100 - - [23/Nov/2019:01:00:11 -0500] "GET /Autoliquidacion/index.php?dir=Cobro%20Clasificacion%20Uso%20De%20Vivenda%20En%20Suelo%20Restringido/&sort=size&order=desc/ HTTP/1.1" 200 2502
92.220.10.100 - - [23/Nov/2019:01:00:12 -0500] "GET /Autoliquidacion/index.php?dir=Fauna%20Silvestre/Manual%20tramite%20en%20linea/&sort=date&order=desc/ HTTP/1.1" 200 2519
92.220.10.100 - - [23/Nov/2019:01:00:14 -0500] "GET /Autoliquidacion/index.php?dir=Fauna%20Silvestre/Manual%20tramite%20en%20linea/&sort=size&order=desc/ HTTP/1.1" 200 2519
92.220.10.100 - - [23/Nov/2019:01:00:15 -0500] "GET /PruebasSTORM/StormSDA_pruebas/userFiles/user_files/1/?C=M;O=D/ HTTP/1.1" 200 1750
92.220.10.100 - - [23/Nov/2019:01:00:17 -0500] "GET /PruebasSTORM/StormSDA_pruebas/userFiles/user_files/1/?C=S;O=D/ HTTP/1.1" 200 1750
92.220.10.100 - - [23/Nov/2019:01:00:19 -0500] "GET /PruebasSTORM/StormSDA_pruebas/userFiles/user_files/formatos/?C=S;O=D/ HTTP/1.1" 200 12852
92.220.10.100 - - [23/Nov/2019:01:00:20 -0500] "GET /PruebasSTORM/StormSDA_pruebas/userFiles/user_files/formatos/eventos/?C=D;O=A/ HTTP/1.1" 200 913
92.220.10.100 - - [23/Nov/2019:01:00:22 -0500] "GET /PruebasSTORM/StormSDA_pruebas/userFiles/user_files/formatos/eventos/?C=M;O=A/ HTTP/1.1" 200 913
92.220.10.100 - - [23/Nov/2019:01:00:24 -0500] "GET /PruebasSTORM/StormSDA_pruebas/userFiles/user_files/formatos/eventos/?C=N;O=D/ HTTP/1.1" 200 913
92.220.10.100 - - [23/Nov/2019:01:00:25 -0500] "GET /PruebasSTORM/StormSDA_pruebas/userFiles/user_files/formatos/eventos/?C=S;O=A/ HTTP/1.1" 200 913
92.220.10.100 - - [23/Nov/2019:01:00:27 -0500] "GET /StormSDA/forms/?C=D;O=A/ HTTP/1.1" 200 3471
92.220.10.100 - - [23/Nov/2019:01:00:29 -0500] "GET /StormSDA/forms/?C=M;O=A/ HTTP/1.1" 200 3471
92.220.10.100 - - [23/Nov/2019:01:00:30 -0500] "GET /StormSDA/forms/?C=N;O=D/ HTTP/1.1" 200 3471
92.220.10.100 - - [23/Nov/2019:01:00:32 -0500] "GET /StormSDA/forms/?C=S;O=A/ HTTP/1.1" 200 3471
192.168.175.104 - - [23/Nov/2019:01:00:32 -0500] "GET / HTTP/1.0" 200 9990
92.220.10.100 - - [23/Nov/2019:01:00:34 -0500] "GET /robots.txt HTTP/1.1" 404 1015
92.220.10.100 - - [23/Nov/2019:01:00:35 -0500] "GET /StormSDA/userFiles%20-%20Copy%2019-07-2012/user_files/formatos/?C=N;O=D/ HTTP/1.1" 200 1515
66.249.69.61 - - [23/Nov/2019:01:00:36 -0500] "GET /BLA/resoluciones/RESOLUCIONES%202017/2128.pdf HTTP/1.1" 200 311592
92.220.10.100 - - [23/Nov/2019:01:00:37 -0500] "GET /StormSDA/userFiles%20-%20Copy%2019-07-2012/user_files/formulas/2/?C=D;O=A/ HTTP/1.1" 200 898
92.220.10.100 - - [23/Nov/2019:01:00:39 -0500] "GET /StormSDA/userFiles%20-%20Copy%2019-07-2012/user_files/formulas/2/?C=M;O=A/ HTTP/1.1" 200 898
92.220.10.100 - - [23/Nov/2019:01:00:40 -0500] "GET /StormSDA/userFiles%20-%20Copy%2019-07-2012/user_files/formulas/2/?C=N;O=D/ HTTP/1.1" 200 898
92.220.10.100 - - [23/Nov/2019:01:00:42 -0500] "GET /StormSDA/userFiles%20-%20Copy%2019-07-2012/user_files/formulas/2/?C=S;O=A/ HTTP/1.1" 200 898
92.220.10.100 - - [23/Nov/2019:01:00:44 -0500] "GET /StormSDA/userFiles/?C=D;O=A/ HTTP/1.1" 200 6083
92.220.10.100 - - [23/Nov/2019:01:00:45 -0500] "GET /StormSDA/userFiles/?C=S;O=A/ HTTP/1.1" 200 6083
216.244.66.195 - - [23/Nov/2019:01:00:46 -0500] "GET /BLA/resoluciones/AUTOS%202012/0518.pdf HTTP/1.1" 200 159658
92.220.10.100 - - [23/Nov/2019:01:00:47 -0500] "GET /StormSDA/userFiles/user_files/88/?C=N;O=A/ HTTP/1.1" 200 813
92.220.10.100 - - [23/Nov/2019:01:00:48 -0500] "GET /StormSDA/userFiles/user_files/93/?C=D;O=A/ HTTP/1.1" 200 813
92.220.10.100 - - [23/Nov/2019:01:00:50 -0500] "GET /StormSDA/userFiles/user_files/formatos/eventos/?C=S;O=D/ HTTP/1.1" 200 851
92.220.10.100 - - [23/Nov/2019:01:00:52 -0500] "GET /galeria/juegos/objects/?C=S;O=D/ HTTP/1.1" 200 778
92.220.10.100 - - [23/Nov/2019:01:00:54 -0500] "GET /galeria/nivo-slider/demo/documents/?C=D;O=A/ HTTP/1.1" 200 1581
92.220.10.100 - - [23/Nov/2019:01:00:55 -0500] "GET /galeria/nivo-slider/demo/documents/?C=M;O=A/ HTTP/1.1" 200 1581
92.220.10.100 - - [23/Nov/2019:01:00:57 -0500] "GET /galeria/nivo-slider/demo/documents/?C=N;O=D/ HTTP/1.1" 200 1581
192.168.175.104 - - [23/Nov/2019:01:00:58 -0500] "GET / HTTP/1.1" 200 9990
92.220.10.100 - - [23/Nov/2019:01:00:59 -0500] "GET /galeria/nivo-slider/demo/documents/?C=S;O=A/ HTTP/1.1" 200 1581
92.220.10.100 - - [23/Nov/2019:01:01:01 -0500] "GET /robots.txt HTTP/1.1" 404 1019
92.220.10.100 - - [23/Nov/2019:01:01:02 -0500] "GET /SIG/index.php/ECS/126PM04-PR23.pdf/Direccionamiento%20Estrategico//126PG01-PR05.pdf/ HTTP/1.1" 200 5926
92.220.10.100 - - [23/Nov/2019:01:01:05 -0500] "GET /SIG/index.php/ECS/126PM04-PR23.pdf/ECS//126PM04-PR108.pdf/ HTTP/1.1" 200 5420
92.220.10.100 - - [23/Nov/2019:01:01:06 -0500] "GET /SIG/index.php/ECS/126PM04-PR23.pdf/ECS//126PM04-PR109.pdf/ HTTP/1.1" 200 5420
92.220.10.100 - - [23/Nov/2019:01:01:08 -0500] "GET /SIG/index.php/ECS/126PM04-PR23.pdf/ECS//126PM04-PR11.pdf/ HTTP/1.1" 200 5401
92.220.10.100 - - [23/Nov/2019:01:01:10 -0500] "GET /SIG/index.php/ECS/126PM04-PR23.pdf/ECS//126PM04-PR110.pdf/ HTTP/1.1" 200 5420
92.220.10.100 - - [23/Nov/2019:01:01:12 -0500] "GET /SIG/index.php/ECS/126PM04-PR23.pdf/ECS//126PM04-PR113.pdf/ HTTP/1.1" 200 5420
92.220.10.100 - - [23/Nov/2019:01:01:13 -0500] "GET /SIG/index.php/ECS/126PM04-PR23.pdf/ECS//126PM04-PR13.pdf/ HTTP/1.1" 200 5401
92.220.10.100 - - [23/Nov/2019:01:01:15 -0500] "GET /SIG/index.php/ECS/126PM04-PR23.pdf/ECS//126PM04-PR14.pdf/ HTTP/1.1" 200 5401
92.220.10.100 - - [23/Nov/2019:01:01:17 -0500] "GET /SIG/index.php/ECS/126PM04-PR23.pdf/ECS//126PM04-PR19.pdf/ HTTP/1.1" 200 5401
92.220.10.100 - - [23/Nov/2019:01:01:18 -0500] "GET /SIG/index.php/ECS/126PM04-PR23.pdf/ECS//126PM04-PR22.pdf/ HTTP/1.1" 200 5401
92.220.10.100 - - [23/Nov/2019:01:01:20 -0500] "GET /SIG/index.php/ECS/126PM04-PR23.pdf/Gestion%20Recursos%20Financieros//126PA02-PR02%20ACTAS%20FENECIMIENTO-PRESUPUESTO.pdf/ HTTP/1.1" 200 6515
92.220.10.100 - - [23/Nov/2019:01:01:23 -0500] "GET /SIG/index.php/ECS/126PM04-PR23.pdf/Gestion%20Recursos%20Financieros//126PA02-PR03%20CONSTITUCION%20RESERVAS.pdf/ HTTP/1.1" 200 6344
92.220.10.100 - - [23/Nov/2019:01:01:25 -0500] "GET /SIG/index.php/ECS/126PM04-PR23.pdf/Gestion%20Recursos%20Financieros//126PA02-PR05%20ELABORACION%20ANTEPROYECTO%20PRESUPUESTO.pdf/ HTTP/1.1" 200 6629
92.220.10.100 - - [23/Nov/2019:01:01:27 -0500] "GET /StormSDA/userFiles%20-%20Copy%2019-07-2012/user_files/97/?C=D;O=D/ HTTP/1.1" 200 877
92.220.10.100 - - [23/Nov/2019:01:01:29 -0500] "GET /StormSDA/userFiles%20-%20Copy%2019-07-2012/user_files/97/?C=M;O=D/ HTTP/1.1" 200 877
92.220.10.100 - - [23/Nov/2019:01:01:31 -0500] "GET /StormSDA/userFiles%20-%20Copy%2019-07-2012/user_files/97/?C=N;O=A/ HTTP/1.1" 200 877
92.220.10.100 - - [23/Nov/2019:01:01:33 -0500] "GET /StormSDA/userFiles%20-%20Copy%2019-07-2012/user_files/97/?C=S;O=D/ HTTP/1.1" 200 877
92.220.10.100 - - [23/Nov/2019:01:01:34 -0500] "GET /StormSDA/userFiles%20-%20Copy%2019-07-2012/user_files/formatos/?C=D;O=D/ HTTP/1.1" 200 1518
92.220.10.100 - - [23/Nov/2019:01:01:36 -0500] "GET /StormSDA/userFiles%20-%20Copy%2019-07-2012/user_files/formatos/?C=M;O=D/ HTTP/1.1" 200 1518
92.220.10.100 - - [23/Nov/2019:01:01:38 -0500] "GET /StormSDA/userFiles%20-%20Copy%2019-07-2012/user_files/formatos/?C=N;O=A/ HTTP/1.1" 200 1518
92.220.10.100 - - [23/Nov/2019:01:01:39 -0500] "GET /StormSDA/userFiles%20-%20Copy%2019-07-2012/user_files/formatos/?C=S;O=D/ HTTP/1.1" 200 1518
66.249.69.63 - - [23/Nov/2019:01:01:44 -0500] "GET /BLA/resoluciones/RESOLUCIONES%202017/2053.pdf HTTP/1.1" 200 309223
66.249.69.59 - - [23/Nov/2019:01:01:51 -0500] "GET /BLA/resoluciones/AUTOS%202012/2486.pdf HTTP/1.1" 304 -
66.249.69.59 - - [23/Nov/2019:01:02:49 -0500] "GET /BLA/resoluciones/RESOLUCIONES%202014/2558.pdf HTTP/1.1" 200 708896
66.249.69.59 - - [23/Nov/2019:01:03:00 -0500] "GET /BLA/resoluciones/RESOLUCIONES%202017/1801.pdf HTTP/1.1" 304 -
216.244.66.195 - - [23/Nov/2019:01:03:01 -0500] "GET /BLA/resoluciones/AUTOS%202012/0527.pdf HTTP/1.1" 200 268613
181.142.133.68 - - [23/Nov/2019:01:03:22 -0500] "GET /galeria/galeria/jquery.fancybox.css?v=2.1.5 HTTP/1.1" 200 4895
181.142.133.68 - - [23/Nov/2019:01:03:23 -0500] "GET /BLA/boletinlegal/js/jquery.scrollShow.js HTTP/1.1" 200 4586
181.142.133.68 - - [23/Nov/2019:01:03:24 -0500] "GET /galeria/galeria/jquery.fancybox.js?v=2.1.5 HTTP/1.1" 200 48706
207.46.13.23 - - [23/Nov/2019:01:03:33 -0500] "GET / HTTP/1.1" 200 9990
66.249.69.59 - - [23/Nov/2019:01:04:01 -0500] "GET /BLA/resoluciones/AUTOS%202014/2021.pdf HTTP/1.1" 200 468956
66.249.69.59 - - [23/Nov/2019:01:04:10 -0500] "GET /BLA/resoluciones/RESOLUCIONES%202007/RES%202007%203001%20AL%203100/RESOLUCION%203037%20DE%202007.pdf HTTP/1.1" 200 192558
112.29.140.226 - - [23/Nov/2019:01:04:12 -0500] "GET /TP/public/index.php HTTP/1.1" 404 1018
112.29.140.226 - - [23/Nov/2019:01:04:13 -0500] "GET /TP/index.php HTTP/1.1" 404 1018
112.29.140.226 - - [23/Nov/2019:01:04:13 -0500] "GET /thinkphp/html/public/index.php HTTP/1.1" 404 1018
112.29.140.226 - - [23/Nov/2019:01:04:17 -0500] "GET /html/public/index.php HTTP/1.1" 404 1018
112.29.140.226 - - [23/Nov/2019:01:04:18 -0500] "GET /public/index.php HTTP/1.1" 404 1018
112.29.140.226 - - [23/Nov/2019:01:04:18 -0500] "GET /TP/html/public/index.php HTTP/1.1" 404 1018
112.29.140.226 - - [23/Nov/2019:01:04:20 -0500] "GET /elrekt.php HTTP/1.1" 404 1018
112.29.140.226 - - [23/Nov/2019:01:04:29 -0500] "GET / HTTP/1.1" 200 9990
66.249.88.187 - - [23/Nov/2019:01:04:38 -0500] "GET /BLA/boletinlegal/js/jquery.scrollShow.js HTTP/1.1" 200 4586
66.249.88.187 - - [23/Nov/2019:01:04:39 -0500] "GET /galeria/galeria/jquery.fancybox.js?v=2.1.5 HTTP/1.1" 200 48706
66.249.88.191 - - [23/Nov/2019:01:04:39 -0500] "GET /galeria/galeria/jquery.fancybox.css?v=2.1.5 HTTP/1.1" 200 4895
216.244.66.195 - - [23/Nov/2019:01:04:43 -0500] "GET /BLA/resoluciones/AUTOS%202012/0941.pdf HTTP/1.1" 200 172198
69.162.124.232 - - [23/Nov/2019:01:04:43 -0500] "HEAD / HTTP/1.1" 200 -
54.36.148.157 - - [23/Nov/2019:01:04:43 -0500] "GET /BLA/resoluciones/index.php?dir=RESOLUCIONES%202003/RES%202003%20051-100/&sort=size&order=asc HTTP/1.1" 200 11998
66.249.88.187 - - [23/Nov/2019:01:05:17 -0500] "GET /BLA/boletinlegal/js/jquery.scrollShow.js HTTP/1.1" 200 4586
66.249.88.191 - - [23/Nov/2019:01:05:17 -0500] "GET /galeria/galeria/jquery.fancybox.js?v=2.1.5 HTTP/1.1" 200 48706
66.249.88.191 - - [23/Nov/2019:01:05:17 -0500] "GET /galeria/galeria/jquery.fancybox.css?v=2.1.5 HTTP/1.1" 200 4895
66.249.88.187 - - [23/Nov/2019:01:05:17 -0500] "GET /galeria/carrusel/Carrusel/jquery.thumbnailScroller.css HTTP/1.1" 200 2066
66.249.88.187 - - [23/Nov/2019:01:05:17 -0500] "GET /galeria/carrusel/Carrusel/jquery-ui-1.8.13.custom.min.js HTTP/1.1" 200 10800
66.249.88.189 - - [23/Nov/2019:01:05:17 -0500] "GET /galeria/carrusel/Carrusel/jquery.thumbnailScroller.js HTTP/1.1" 200 8157
66.249.88.187 - - [23/Nov/2019:01:05:18 -0500] "GET /galeria/nivo-slider/demo/inicio.html HTTP/1.1" 200 5154
66.249.88.191 - - [23/Nov/2019:01:05:18 -0500] "GET /galeria/nivo-slider/themes/default/default.css HTTP/1.1" 200 1569
66.249.88.191 - - [23/Nov/2019:01:05:18 -0500] "GET /galeria/nivo-slider/themes/pascal/pascal.css HTTP/1.1" 200 2258
66.249.88.187 - - [23/Nov/2019:01:05:18 -0500] "GET /galeria/nivo-slider/demo/style.css HTTP/1.1" 200 2222
66.249.88.187 - - [23/Nov/2019:01:05:18 -0500] "GET /galeria/nivo-slider/demo/scripts/jquery-1.7.1.min.js HTTP/1.1" 200 93868
66.249.88.191 - - [23/Nov/2019:01:05:18 -0500] "GET /galeria/nivo-slider/nivo-slider.css HTTP/1.1" 200 1507
66.249.88.191 - - [23/Nov/2019:01:05:18 -0500] "GET /galeria/nivo-slider/themes/orman/orman.css HTTP/1.1" 200 2152
66.249.88.191 - - [23/Nov/2019:01:05:18 -0500] "GET /galeria/nivo-slider/demo/images/bannerclimabog.jpg HTTP/1.1" 200 170671
66.249.88.187 - - [23/Nov/2019:01:05:19 -0500] "GET /galeria/nivo-slider/jquery.nivo.slider.pack.js HTTP/1.1" 200 11561
66.249.88.191 - - [23/Nov/2019:01:05:19 -0500] "GET /galeria/nivo-slider/demo/images/bannerrendicion.jpg HTTP/1.1" 200 153938
66.249.88.191 - - [23/Nov/2019:01:05:19 -0500] "GET /galeria/nivo-slider/demo/images/4Simple_Slider.png HTTP/1.1" 200 11722
66.249.88.189 - - [23/Nov/2019:01:05:19 -0500] "GET /galeria/nivo-slider/themes/default/loading.gif HTTP/1.1" 200 1737
66.249.88.189 - - [23/Nov/2019:01:05:19 -0500] "GET /galeria/nivo-slider/demo/images/bannerwebmusgo.jpg HTTP/1.1" 200 367364
66.249.88.189 - - [23/Nov/2019:01:05:19 -0500] "GET /galeria/nivo-slider/demo/images/Bannerpread.jpg HTTP/1.1" 200 256621
66.249.88.187 - - [23/Nov/2019:01:05:19 -0500] "GET /galeria/nivo-slider/demo/images/Bannerveterinaria.jpg HTTP/1.1" 200 254705
66.249.88.189 - - [23/Nov/2019:01:05:19 -0500] "GET /galeria/nivo-slider/demo/images/iniciativas-Ambientales.jpg HTTP/1.1" 200 201405
66.249.88.189 - - [23/Nov/2019:01:05:19 -0500] "GET /galeria/nivo-slider/demo/images/bannerincendios.jpg HTTP/1.1" 200 206070
66.249.88.187 - - [23/Nov/2019:01:05:19 -0500] "GET /galeria/nivo-slider/demo/images/banneragendamiento.jpg HTTP/1.1" 200 116897
66.249.88.191 - - [23/Nov/2019:01:05:19 -0500] "GET /galeria/nivo-slider/demo/images/Banner%20tinguas.jpg HTTP/1.1" 200 214878
66.249.88.189 - - [23/Nov/2019:01:05:20 -0500] "GET /galeria/nivo-slider/demo/images/Bannerserpiente2019.jpg HTTP/1.1" 200 270374
66.249.88.189 - - [23/Nov/2019:01:05:20 -0500] "GET /galeria/nivo-slider/demo/images/Noviembre.png HTTP/1.1" 200 519399
66.249.88.191 - - [23/Nov/2019:01:05:20 -0500] "GET /galeria/nivo-slider/demo/images/puntos%20atencion%20BANNER.jpg HTTP/1.1" 200 244208
66.249.88.191 - - [23/Nov/2019:01:05:20 -0500] "GET /galeria/nivo-slider/demo/images/Banner%20Visor%20Geografico%20Ambiental.jpg HTTP/1.1" 200 204673
66.249.88.187 - - [23/Nov/2019:01:05:20 -0500] "GET /galeria/nivo-slider/demo/images/Banner%20consumo%20sostenible%20final.jpg HTTP/1.1" 200 364746
66.249.88.191 - - [23/Nov/2019:01:05:20 -0500] "GET /galeria/nivo-slider/demo/images/Banner%20RCD.jpg HTTP/1.1" 200 92197
66.249.88.191 - - [23/Nov/2019:01:05:20 -0500] "GET /galeria/nivo-slider/demo/images/Banner%20Conpes.jpg HTTP/1.1" 200 55220
66.249.88.187 - - [23/Nov/2019:01:05:20 -0500] "GET /galeria/nivo-slider/demo/images/Banner%20practicas%20sostenibles.jpg HTTP/1.1" 200 142958
66.249.88.191 - - [23/Nov/2019:01:05:21 -0500] "GET /galeria/nivo-slider/demo/images/Banner%20POT.png HTTP/1.1" 200 418238
66.249.88.191 - - [23/Nov/2019:01:05:21 -0500] "GET /galeria/nivo-slider/demo/images/Banneranonimos.png HTTP/1.1" 200 109388
66.249.88.187 - - [23/Nov/2019:01:05:23 -0500] "GET /galeria/nivo-slider/themes/default/arrows.png HTTP/1.1" 200 824
66.249.88.189 - - [23/Nov/2019:01:05:23 -0500] "GET /galeria/nivo-slider/themes/default/bullets.png HTTP/1.1" 200 1281
192.168.175.104 - - [23/Nov/2019:01:05:30 -0500] "GET / HTTP/1.0" 200 9990
216.244.66.195 - - [23/Nov/2019:01:05:33 -0500] "GET /BLA/resoluciones/AUTOS%202012/1020.pdf HTTP/1.1" 200 248070
192.168.175.104 - - [23/Nov/2019:01:05:57 -0500] "GET / HTTP/1.1" 200 9990
66.249.69.59 - - [23/Nov/2019:01:06:33 -0500] "GET /BLA/resoluciones/RESOLUCIONES%202010/6176.pdf HTTP/1.1" 200 10138800
66.249.69.36 - - [23/Nov/2019:01:06:54 -0500] "GET /BLA/resoluciones/RESOLUCIONES%202018/1537.pdf HTTP/1.1" 200 346572
66.249.69.33 - - [23/Nov/2019:01:07:08 -0500] "GET /BLA/resoluciones/AUTOS%202014/7250.pdf HTTP/1.1" 200 567638
66.249.69.61 - - [23/Nov/2019:01:07:24 -0500] "GET /BLA/resoluciones/AUTOS%202016/2469.pdf HTTP/1.1" 200 654699
66.249.69.59 - - [23/Nov/2019:01:07:48 -0500] "GET /BLA/resoluciones/AUTOS%202015/4314.pdf HTTP/1.1" 200 500529
216.244.66.195 - - [23/Nov/2019:01:07:53 -0500] "GET /BLA/resoluciones/AUTOS%202012/1172.pdf HTTP/1.1" 200 153501
66.249.69.61 - - [23/Nov/2019:01:08:01 -0500] "GET /BLA/resoluciones/RESOLUCIONES%202008/5014.pdf HTTP/1.1" 200 338782
66.249.69.59 - - [23/Nov/2019:01:08:45 -0500] "GET /BLA/resoluciones/AUTOS%202014/1210.pdf HTTP/1.1" 200 668088
66.249.69.61 - - [23/Nov/2019:01:09:35 -0500] "GET /BLA/resoluciones/AUTOS%202017/2149.pdf HTTP/1.1" 200 405000
69.162.124.232 - - [23/Nov/2019:01:09:43 -0500] "HEAD / HTTP/1.1" 200 -
216.244.66.195 - - [23/Nov/2019:01:10:11 -0500] "GET /BLA/resoluciones/AUTOS%202012/1186.pdf HTTP/1.1" 200 353057
66.249.69.61 - - [23/Nov/2019:01:10:12 -0500] "GET /BLA/resoluciones/AUTOS%202014/4735.pdf HTTP/1.1" 200 509275
192.168.175.104 - - [23/Nov/2019:01:10:28 -0500] "GET / HTTP/1.0" 200 9990
192.168.175.104 - - [23/Nov/2019:01:10:55 -0500] "GET / HTTP/1.1" 200 9990
216.244.66.195 - - [23/Nov/2019:01:11:01 -0500] "GET /BLA/resoluciones/AUTOS%202012/1830.pdf HTTP/1.1" 200 303600
34.221.249.145 - - [23/Nov/2019:01:11:11 -0500] "GET /galeria/nivo-slider/demo/inicio.html HTTP/1.1" 200 5154
69.171.251.32 - - [23/Nov/2019:01:12:35 -0500] "GET /galeria/galeria/jquery.fancybox.css?v=2.1.5 HTTP/1.1" 200 4895
69.171.251.10 - - [23/Nov/2019:01:12:35 -0500] "GET /BLA/boletinlegal/js/jquery.scrollShow.js HTTP/1.1" 200 4586
66.249.69.63 - - [23/Nov/2019:01:12:35 -0500] "GET /BLA/resoluciones/RESOLUCIONES%202018/2379.pdf HTTP/1.1" 200 507483
69.171.251.3 - - [23/Nov/2019:01:12:37 -0500] "GET /galeria/galeria/jquery.fancybox.js?v=2.1.5 HTTP/1.1" 200 48706
66.249.69.59 - - [23/Nov/2019:01:13:19 -0500] "GET /BLA/resoluciones/AUTOS%202016/0443.pdf HTTP/1.1" 200 661782
216.244.66.195 - - [23/Nov/2019:01:13:20 -0500] "GET /BLA/resoluciones/AUTOS%202012/2053.pdf HTTP/1.1" 200 208450
190.157.89.181 - - [23/Nov/2019:01:13:32 -0500] "GET /Residuos/impresion/files/guia_impresion-lit.pdf HTTP/1.1" 200 12573981
207.46.13.23 - - [23/Nov/2019:01:13:42 -0500] "GET /BLA/boletinlegal/Directivas/2015/Directiva%20No.%2001%20del%2014%20de%20Enero%20de%202015.pdf HTTP/1.1" 304 -
66.249.88.187 - - [23/Nov/2019:01:13:53 -0500] "GET /galeria/galeria/jquery.fancybox.css?v=2.1.5 HTTP/1.1" 200 4895
66.249.88.187 - - [23/Nov/2019:01:13:53 -0500] "GET /galeria/galeria/jquery.fancybox.js?v=2.1.5 HTTP/1.1" 200 48706
66.249.88.187 - - [23/Nov/2019:01:13:53 -0500] "GET /BLA/boletinlegal/js/jquery.scrollShow.js HTTP/1.1" 200 4586
66.249.88.191 - - [23/Nov/2019:01:13:53 -0500] "GET /galeria/carrusel/Carrusel/jquery.thumbnailScroller.css HTTP/1.1" 200 2066
66.249.88.191 - - [23/Nov/2019:01:13:53 -0500] "GET /galeria/carrusel/Carrusel/jquery-ui-1.8.13.custom.min.js HTTP/1.1" 200 10800
66.249.88.187 - - [23/Nov/2019:01:13:53 -0500] "GET /galeria/carrusel/Carrusel/jquery.thumbnailScroller.js HTTP/1.1" 200 8157
66.249.88.191 - - [23/Nov/2019:01:13:54 -0500] "GET /galeria/nivo-slider/demo/inicio.html HTTP/1.1" 200 5154
66.249.88.189 - - [23/Nov/2019:01:13:56 -0500] "GET /galeria/nivo-slider/themes/default/default.css HTTP/1.1" 200 1569
66.249.88.189 - - [23/Nov/2019:01:13:56 -0500] "GET /galeria/nivo-slider/themes/pascal/pascal.css HTTP/1.1" 200 2258
66.249.88.187 - - [23/Nov/2019:01:13:56 -0500] "GET /galeria/nivo-slider/themes/orman/orman.css HTTP/1.1" 200 2152
66.249.88.191 - - [23/Nov/2019:01:13:56 -0500] "GET /galeria/nivo-slider/nivo-slider.css HTTP/1.1" 200 1507
66.249.88.189 - - [23/Nov/2019:01:13:56 -0500] "GET /galeria/nivo-slider/demo/style.css HTTP/1.1" 200 2222
66.249.88.187 - - [23/Nov/2019:01:13:56 -0500] "GET /galeria/nivo-slider/demo/images/bannerclimabog.jpg HTTP/1.1" 200 170671
66.249.88.189 - - [23/Nov/2019:01:13:56 -0500] "GET /galeria/nivo-slider/jquery.nivo.slider.pack.js HTTP/1.1" 200 11561
66.249.88.191 - - [23/Nov/2019:01:13:56 -0500] "GET /galeria/nivo-slider/demo/scripts/jquery-1.7.1.min.js HTTP/1.1" 200 93868
66.249.88.191 - - [23/Nov/2019:01:13:56 -0500] "GET /galeria/nivo-slider/demo/images/bannerrendicion.jpg HTTP/1.1" 200 153938
66.249.88.189 - - [23/Nov/2019:01:13:57 -0500] "GET /galeria/nivo-slider/demo/images/bannerwebmusgo.jpg HTTP/1.1" 200 367364
66.249.88.187 - - [23/Nov/2019:01:13:57 -0500] "GET /galeria/nivo-slider/demo/images/Bannerpread.jpg HTTP/1.1" 200 256621
66.249.88.189 - - [23/Nov/2019:01:13:57 -0500] "GET /galeria/nivo-slider/demo/images/iniciativas-Ambientales.jpg HTTP/1.1" 200 201405
66.249.88.189 - - [23/Nov/2019:01:13:57 -0500] "GET /galeria/nivo-slider/demo/images/Bannerveterinaria.jpg HTTP/1.1" 200 254705
66.249.88.191 - - [23/Nov/2019:01:13:57 -0500] "GET /galeria/nivo-slider/demo/images/bannerincendios.jpg HTTP/1.1" 200 206070
66.249.88.191 - - [23/Nov/2019:01:13:57 -0500] "GET /galeria/nivo-slider/demo/images/4Simple_Slider.png HTTP/1.1" 200 11722
66.249.88.187 - - [23/Nov/2019:01:13:57 -0500] "GET /galeria/nivo-slider/themes/default/loading.gif HTTP/1.1" 200 1737
66.249.88.187 - - [23/Nov/2019:01:13:57 -0500] "GET /galeria/nivo-slider/demo/images/Banner%20tinguas.jpg HTTP/1.1" 200 214878
66.249.88.189 - - [23/Nov/2019:01:13:57 -0500] "GET /galeria/nivo-slider/demo/images/banneragendamiento.jpg HTTP/1.1" 200 116897
66.249.88.187 - - [23/Nov/2019:01:13:57 -0500] "GET /galeria/nivo-slider/demo/images/Noviembre.png HTTP/1.1" 200 519399
66.249.88.189 - - [23/Nov/2019:01:13:58 -0500] "GET /galeria/nivo-slider/demo/images/Bannerserpiente2019.jpg HTTP/1.1" 200 270374
66.249.88.187 - - [23/Nov/2019:01:13:58 -0500] "GET /galeria/nivo-slider/demo/images/puntos%20atencion%20BANNER.jpg HTTP/1.1" 200 244208
66.249.88.191 - - [23/Nov/2019:01:13:59 -0500] "GET /galeria/nivo-slider/demo/images/Banner%20Visor%20Geografico%20Ambiental.jpg HTTP/1.1" 200 204673
66.249.88.191 - - [23/Nov/2019:01:13:59 -0500] "GET /galeria/nivo-slider/demo/images/Banner%20consumo%20sostenible%20final.jpg HTTP/1.1" 200 364746
66.249.88.189 - - [23/Nov/2019:01:13:59 -0500] "GET /galeria/nivo-slider/demo/images/Banner%20Conpes.jpg HTTP/1.1" 200 55220
66.249.88.189 - - [23/Nov/2019:01:13:59 -0500] "GET /galeria/nivo-slider/demo/images/Banner%20POT.png HTTP/1.1" 200 418238
66.249.88.187 - - [23/Nov/2019:01:13:59 -0500] "GET /galeria/nivo-slider/demo/images/Banner%20practicas%20sostenibles.jpg HTTP/1.1" 200 142958
66.249.88.191 - - [23/Nov/2019:01:13:59 -0500] "GET /galeria/nivo-slider/demo/images/Banner%20RCD.jpg HTTP/1.1" 200 92197
66.249.88.189 - - [23/Nov/2019:01:13:59 -0500] "GET /galeria/nivo-slider/demo/images/Banneranonimos.png HTTP/1.1" 200 109388
66.249.88.189 - - [23/Nov/2019:01:14:03 -0500] "GET /galeria/nivo-slider/demo/images/Banner%20consumo%20sostenible%20final.jpg HTTP/1.1" 200 364746
66.249.88.191 - - [23/Nov/2019:01:14:03 -0500] "GET /galeria/nivo-slider/demo/images/Banner%20practicas%20sostenibles.jpg HTTP/1.1" 200 142958
66.249.88.189 - - [23/Nov/2019:01:14:03 -0500] "GET /galeria/nivo-slider/demo/images/Banner%20Conpes.jpg HTTP/1.1" 200 55220
