190.248.251.208 - - [24/Nov/2019:10:45:38 -0500] "GET /galeria/galeria/fotos/Humedal-Santa-Mar%C3%ADa-del-Lago1P.jpg HTTP/1.1" 200 26912
190.248.251.208 - - [24/Nov/2019:10:45:38 -0500] "GET /galeria/galeria/fotos/Humedal-Santa-Mar%C3%ADa-del-Lago2P.jpg HTTP/1.1" 200 37138
190.248.251.208 - - [24/Nov/2019:10:45:38 -0500] "GET /galeria/galeria/fotos/Humedal-Santa-Mar%C3%ADa-del-Lago3P.jpg HTTP/1.1" 200 30161
190.248.251.208 - - [24/Nov/2019:10:45:38 -0500] "GET /galeria/galeria/fotos/Humedal-Santa-Mar%C3%ADa-del-Lago4P.jpg HTTP/1.1" 200 33121
216.244.66.195 - - [24/Nov/2019:10:46:00 -0500] "GET /BLA/resoluciones/AUTOS%202012/1598.pdf HTTP/1.1" 200 245798
161.18.100.179 - - [24/Nov/2019:10:46:02 -0500] "-" 408 -
66.249.66.81 - - [24/Nov/2019:10:46:07 -0500] "GET /BLA/resoluciones/AUTOS%202017/5216.pdf HTTP/1.1" 200 316120
190.248.251.208 - - [24/Nov/2019:10:46:07 -0500] "GET /galeria/galeria/fotos/Jaboque1P.jpg HTTP/1.1" 200 29995
190.248.251.208 - - [24/Nov/2019:10:46:07 -0500] "GET /galeria/galeria/fotos/Jaboque2P.jpg HTTP/1.1" 200 31057
190.248.251.208 - - [24/Nov/2019:10:46:07 -0500] "GET /galeria/galeria/fotos/Jaboque4P.jpg HTTP/1.1" 200 27446
190.248.251.208 - - [24/Nov/2019:10:46:07 -0500] "GET /galeria/galeria/fotos/Jaboque3P.jpg HTTP/1.1" 200 35360
34.217.128.149 - - [24/Nov/2019:10:46:13 -0500] "GET /robots.txt HTTP/1.1" 404 1154
34.217.128.149 - - [24/Nov/2019:10:46:13 -0500] "GET / HTTP/1.1" 200 9990
34.217.128.149 - - [24/Nov/2019:10:46:14 -0500] "GET /www.ambientebogota.gov.co/ HTTP/1.1" 404 1154
66.249.66.83 - - [24/Nov/2019:10:46:14 -0500] "GET /BLA/resoluciones/RESOLUCIONES%202013/2765.pdf HTTP/1.1" 304 -
69.162.124.232 - - [24/Nov/2019:10:46:30 -0500] "HEAD / HTTP/1.1" 200 -
190.248.251.208 - - [24/Nov/2019:10:46:33 -0500] "GET /galeria/galeria/fotos/Capellania1P.jpg HTTP/1.1" 200 33952
190.248.251.208 - - [24/Nov/2019:10:46:33 -0500] "GET /galeria/galeria/fotos/Capellania2P.jpg HTTP/1.1" 200 35380
190.248.251.208 - - [24/Nov/2019:10:46:34 -0500] "GET /galeria/galeria/fotos/Capellania3P.jpg HTTP/1.1" 200 34835
190.248.251.208 - - [24/Nov/2019:10:46:34 -0500] "GET /galeria/galeria/fotos/Capellania4P.jpg HTTP/1.1" 200 37377
54.212.196.4 - - [24/Nov/2019:10:46:37 -0500] "GET /robots.txt HTTP/1.1" 404 1154
54.212.196.4 - - [24/Nov/2019:10:46:37 -0500] "GET / HTTP/1.1" 200 9990
54.212.196.4 - - [24/Nov/2019:10:46:38 -0500] "GET /www.ambientebogota.gov.co/ HTTP/1.1" 404 1154
54.245.144.47 - - [24/Nov/2019:10:46:40 -0500] "GET /galeria/nivo-slider/demo/inicio.html HTTP/1.1" 200 5154
66.249.88.187 - - [24/Nov/2019:10:46:50 -0500] "GET /BLA/boletinlegal/js/jquery.scrollShow.js HTTP/1.1" 200 4586
66.249.88.191 - - [24/Nov/2019:10:46:50 -0500] "GET /galeria/galeria/jquery.fancybox.js?v=2.1.5 HTTP/1.1" 200 48706
66.249.88.187 - - [24/Nov/2019:10:46:50 -0500] "GET /galeria/galeria/jquery.fancybox.css?v=2.1.5 HTTP/1.1" 200 4895
181.53.12.91 - - [24/Nov/2019:10:46:52 -0500] "GET /BLA/boletinlegal/js/jquery.scrollShow.js HTTP/1.1" 200 4586
181.53.12.91 - - [24/Nov/2019:10:46:52 -0500] "GET /galeria/galeria/jquery.fancybox.js?v=2.1.5 HTTP/1.1" 200 48706
181.53.12.91 - - [24/Nov/2019:10:46:52 -0500] "GET /galeria/carrusel/Carrusel/jquery.thumbnailScroller.css HTTP/1.1" 200 2066
181.53.12.91 - - [24/Nov/2019:10:46:52 -0500] "GET /galeria/galeria/jquery.fancybox.css?v=2.1.5 HTTP/1.1" 200 4895
181.53.12.91 - - [24/Nov/2019:10:46:52 -0500] "GET /galeria/carrusel/Carrusel/jquery-ui-1.8.13.custom.min.js HTTP/1.1" 200 10800
181.53.12.91 - - [24/Nov/2019:10:46:52 -0500] "GET /galeria/carrusel/Carrusel/jquery.thumbnailScroller.js HTTP/1.1" 200 8157
216.244.66.195 - - [24/Nov/2019:10:46:52 -0500] "GET /BLA/resoluciones/AUTOS%202012/1634.pdf HTTP/1.1" 200 316450
181.53.12.91 - - [24/Nov/2019:10:46:53 -0500] "GET /galeria/nivo-slider/demo/inicio.html HTTP/1.1" 200 5154
181.53.12.91 - - [24/Nov/2019:10:46:53 -0500] "GET /galeria/nivo-slider/themes/default/default.css HTTP/1.1" 200 1569
181.53.12.91 - - [24/Nov/2019:10:46:53 -0500] "GET /galeria/nivo-slider/themes/orman/orman.css HTTP/1.1" 200 2152
181.53.12.91 - - [24/Nov/2019:10:46:53 -0500] "GET /galeria/nivo-slider/themes/pascal/pascal.css HTTP/1.1" 200 2258
181.53.12.91 - - [24/Nov/2019:10:46:53 -0500] "GET /galeria/nivo-slider/nivo-slider.css HTTP/1.1" 200 1507
181.53.12.91 - - [24/Nov/2019:10:46:53 -0500] "GET /galeria/nivo-slider/demo/style.css HTTP/1.1" 200 2222
181.53.12.91 - - [24/Nov/2019:10:46:53 -0500] "GET /galeria/nivo-slider/demo/scripts/jquery-1.7.1.min.js HTTP/1.1" 200 93868
181.53.12.91 - - [24/Nov/2019:10:46:53 -0500] "GET /galeria/nivo-slider/jquery.nivo.slider.pack.js HTTP/1.1" 200 11561
181.53.12.91 - - [24/Nov/2019:10:46:53 -0500] "GET /galeria/nivo-slider/demo/images/bannerclimabog.jpg HTTP/1.1" 200 170671
181.53.12.91 - - [24/Nov/2019:10:46:53 -0500] "GET /galeria/nivo-slider/demo/images/bannerrendicion.jpg HTTP/1.1" 200 153938
181.53.12.91 - - [24/Nov/2019:10:46:53 -0500] "GET /galeria/nivo-slider/demo/images/bannerwebmusgo.jpg HTTP/1.1" 200 367364
181.53.12.91 - - [24/Nov/2019:10:46:53 -0500] "GET /galeria/nivo-slider/demo/images/Bannerpread.jpg HTTP/1.1" 200 256621
181.53.12.91 - - [24/Nov/2019:10:46:53 -0500] "GET /galeria/nivo-slider/demo/images/iniciativas-Ambientales.jpg HTTP/1.1" 200 201405
181.53.12.91 - - [24/Nov/2019:10:46:53 -0500] "GET /galeria/nivo-slider/demo/images/Bannerveterinaria.jpg HTTP/1.1" 200 254705
181.53.12.91 - - [24/Nov/2019:10:46:54 -0500] "GET /galeria/nivo-slider/demo/images/bannerincendios.jpg HTTP/1.1" 200 206070
181.53.12.91 - - [24/Nov/2019:10:46:54 -0500] "GET /galeria/nivo-slider/demo/images/banneragendamiento.jpg HTTP/1.1" 200 116897
181.53.12.91 - - [24/Nov/2019:10:46:54 -0500] "GET /galeria/nivo-slider/demo/images/Banner%20tinguas.jpg HTTP/1.1" 200 214878
181.53.12.91 - - [24/Nov/2019:10:46:54 -0500] "GET /galeria/nivo-slider/demo/images/Bannerserpiente2019.jpg HTTP/1.1" 200 270374
181.53.12.91 - - [24/Nov/2019:10:46:54 -0500] "GET /galeria/nivo-slider/demo/images/Noviembre.png HTTP/1.1" 200 519399
181.53.12.91 - - [24/Nov/2019:10:46:54 -0500] "GET /galeria/nivo-slider/demo/images/puntos%20atencion%20BANNER.jpg HTTP/1.1" 200 244208
181.53.12.91 - - [24/Nov/2019:10:46:54 -0500] "GET /galeria/nivo-slider/demo/images/Banner%20Visor%20Geografico%20Ambiental.jpg HTTP/1.1" 200 204673
181.53.12.91 - - [24/Nov/2019:10:46:55 -0500] "GET /galeria/nivo-slider/demo/images/Banner%20consumo%20sostenible%20final.jpg HTTP/1.1" 200 364746
181.53.12.91 - - [24/Nov/2019:10:46:55 -0500] "GET /galeria/nivo-slider/demo/images/Banner%20RCD.jpg HTTP/1.1" 200 92197
181.53.12.91 - - [24/Nov/2019:10:46:56 -0500] "GET /galeria/nivo-slider/demo/images/Banner%20Conpes.jpg HTTP/1.1" 200 55220
181.53.12.91 - - [24/Nov/2019:10:46:56 -0500] "GET /galeria/nivo-slider/demo/images/Banner%20practicas%20sostenibles.jpg HTTP/1.1" 200 142958
181.53.12.91 - - [24/Nov/2019:10:46:56 -0500] "GET /galeria/nivo-slider/demo/images/Banner%20POT.png HTTP/1.1" 200 418238
181.53.12.91 - - [24/Nov/2019:10:46:56 -0500] "GET /galeria/nivo-slider/demo/images/4Simple_Slider.png HTTP/1.1" 200 11722
181.53.12.91 - - [24/Nov/2019:10:46:56 -0500] "GET /galeria/nivo-slider/demo/images/Banneranonimos.png HTTP/1.1" 200 109388
181.53.12.91 - - [24/Nov/2019:10:46:57 -0500] "GET /galeria/nivo-slider/themes/default/loading.gif HTTP/1.1" 200 1737
181.53.12.91 - - [24/Nov/2019:10:46:57 -0500] "GET /galeria/nivo-slider/themes/default/arrows.png HTTP/1.1" 200 824
181.53.12.91 - - [24/Nov/2019:10:46:57 -0500] "GET /galeria/nivo-slider/themes/default/bullets.png HTTP/1.1" 200 1281
181.53.12.91 - - [24/Nov/2019:10:47:04 -0500] "GET /galeria/galeria/jquery.fancybox.js?v=2.1.5 HTTP/1.1" 200 48706
34.222.156.254 - - [24/Nov/2019:10:47:04 -0500] "GET /galeria/nivo-slider/demo/inicio.html HTTP/1.1" 200 5154
95.216.19.59 - - [24/Nov/2019:10:47:07 -0500] "GET /robots.txt HTTP/1.1" 404 1015
95.216.19.59 - - [24/Nov/2019:10:47:11 -0500] "GET /Anexos%20estudio%20Organizacional%20SDA/ANEXO%20No.%201-%20NORMAS%20LEGALES%20DE%20ESTRUCTURA%20Y%20PLANTA/Acuerdo%209%20de%201990%20Concejo%20de%20Bogot%C3%A1..htm/ HTTP/1.1" 404 1015
52.42.33.210 - - [24/Nov/2019:10:47:13 -0500] "GET /robots.txt HTTP/1.1" 404 1154
52.42.33.210 - - [24/Nov/2019:10:47:14 -0500] "GET / HTTP/1.1" 200 9990
52.42.33.210 - - [24/Nov/2019:10:47:15 -0500] "GET /www.ambientebogota.gov.co/ HTTP/1.1" 404 1154
190.248.251.208 - - [24/Nov/2019:10:47:15 -0500] "GET /galeria/galeria/fotos/MeandrodelSay1P.jpg HTTP/1.1" 200 27908
190.248.251.208 - - [24/Nov/2019:10:47:15 -0500] "GET /galeria/galeria/fotos/MeandrodelSay2P.jpg HTTP/1.1" 200 30394
190.248.251.208 - - [24/Nov/2019:10:47:15 -0500] "GET /galeria/galeria/fotos/MeandrodelSay3P.jpg HTTP/1.1" 200 32353
190.248.251.208 - - [24/Nov/2019:10:47:15 -0500] "GET /galeria/galeria/fotos/MeandrodelSay4P.jpg HTTP/1.1" 200 32545
95.216.19.59 - - [24/Nov/2019:10:47:15 -0500] "GET /Autoliquidacion/Grupo%20Forestal%20-%20Silvicultura/Formulario%20%C3%BAnico%20nacional%20de%20solicitud%20de%20aprovechamiento%20forestal%20arboles%20aislados.xlsx HTTP/1.1" 404 1015
95.216.19.59 - - [24/Nov/2019:10:47:18 -0500] "GET /Autoliquidacion/Grupo%20Forestal%20-%20Silvicultura/Solicitud%20y%20lista%20de%20chequeo%20Evaluaci%C3%B3n%20Silvicultural.xlsx HTTP/1.1" 404 1015
95.216.19.59 - - [24/Nov/2019:10:47:20 -0500] "GET /PruebasSTORM/StormSDA_pruebas/userFiles/user_files/91/?C=N;O=D/ HTTP/1.1" 200 1752
95.216.19.59 - - [24/Nov/2019:10:47:22 -0500] "GET /StormSDA/userFiles%20-%20Copy%2019-07-2012/user_files/89/?C=M;O=D/ HTTP/1.1" 200 873
95.216.19.59 - - [24/Nov/2019:10:47:25 -0500] "GET /StormSDA/userFiles%20-%20Copy%2019-07-2012/user_files/89/?C=S;O=D/ HTTP/1.1" 200 873
66.249.66.81 - - [24/Nov/2019:10:47:27 -0500] "GET /BLA/resoluciones/AUTOS%202015/6791.pdf HTTP/1.1" 304 -
95.216.19.59 - - [24/Nov/2019:10:47:28 -0500] "GET /portalsiaccapacitaciones/Soportes%20Capacitaciones%202017/Gestio%CC%81n%20Integral%20RCD.pptx HTTP/1.1" 404 1015
95.216.19.59 - - [24/Nov/2019:10:47:30 -0500] "GET /robots.txt HTTP/1.1" 404 1019
95.216.19.59 - - [24/Nov/2019:10:47:33 -0500] "GET /Anexos%20estudio%20Organizacional%20SDA/index.php?dir=ANEXO%20No.%201-%20NORMAS%20LEGALES%20DE%20ESTRUCTURA%20Y%20PLANTA/Decreto%20673%20de%201995%20Reestructura%20el%20DAMA_files/&sort=name&order=asc/ HTTP/1.1" 200 9346
95.216.19.59 - - [24/Nov/2019:10:47:37 -0500] "GET /Anexos%20estudio%20Organizacional%20SDA/index.php?dir=ANEXO%20No.%201-%20NORMAS%20LEGALES%20DE%20ESTRUCTURA%20Y%20PLANTA/Decreto%20673%20de%201995%20Reestructura%20el%20DAMA_files/&sort=size&order=asc/ HTTP/1.1" 200 9499
34.220.21.85 - - [24/Nov/2019:10:47:39 -0500] "GET /robots.txt HTTP/1.1" 404 1154
34.220.21.85 - - [24/Nov/2019:10:47:39 -0500] "GET / HTTP/1.1" 200 9990
95.216.19.59 - - [24/Nov/2019:10:47:40 -0500] "GET /Anexos%20estudio%20Organizacional%20SDA/index.php?dir=ANEXO%20No.%201-%20NORMAS%20LEGALES%20DE%20ESTRUCTURA%20Y%20PLANTA/Ley%2099%20de%201993%20-%20Crea%20MimAmbiente_files// HTTP/1.1" 200 9381
34.220.21.85 - - [24/Nov/2019:10:47:40 -0500] "GET /www.ambientebogota.gov.co/ HTTP/1.1" 404 1154
216.244.66.195 - - [24/Nov/2019:10:47:42 -0500] "GET /BLA/resoluciones/AUTOS%202012/1839.pdf HTTP/1.1" 200 275948
95.216.19.59 - - [24/Nov/2019:10:47:42 -0500] "GET /Anexos%20estudio%20Organizacional%20SDA/index.php?dir=ANEXO%20No.%201-%20NORMAS%20LEGALES%20DE%20ESTRUCTURA%20Y%20PLANTA/Ley%2099%20de%201993%20-%20Crea%20MimAmbiente_files/&sort=date&order=asc/ HTTP/1.1" 200 10156
95.216.19.59 - - [24/Nov/2019:10:47:45 -0500] "GET /Anexos%20estudio%20Organizacional%20SDA/index.php?dir=ANEXO%20No.%201-%20NORMAS%20LEGALES%20DE%20ESTRUCTURA%20Y%20PLANTA/Ley%2099%20de%201993%20-%20Crea%20MimAmbiente_files/&sort=name&order=asc/ HTTP/1.1" 200 9114
95.216.19.59 - - [24/Nov/2019:10:47:50 -0500] "GET /Anexos%20estudio%20Organizacional%20SDA/index.php?dir=ANEXO%20No.%201-%20NORMAS%20LEGALES%20DE%20ESTRUCTURA%20Y%20PLANTA/Ley%2099%20de%201993%20-%20Crea%20MimAmbiente_files/&sort=size&order=asc/ HTTP/1.1" 200 10010
34.220.112.103 - - [24/Nov/2019:10:47:53 -0500] "GET /galeria/nivo-slider/demo/inicio.html HTTP/1.1" 200 5154
95.216.19.59 - - [24/Nov/2019:10:47:54 -0500] "GET /Anexos%20estudio%20Organizacional%20SDA/index.php?dir=ANEXO%20No.%205%20-%20ESTUDIO%20Y%20PROPUESTA%20SERAMB%20IENTE/&sort=date&order=asc/ HTTP/1.1" 200 3622
18.236.219.3 - - [24/Nov/2019:10:47:56 -0500] "GET /robots.txt HTTP/1.1" 404 1154
18.236.219.3 - - [24/Nov/2019:10:47:57 -0500] "GET / HTTP/1.1" 200 9990
95.216.19.59 - - [24/Nov/2019:10:47:57 -0500] "GET /Anexos%20estudio%20Organizacional%20SDA/index.php?dir=ANEXO%20No.%205%20-%20ESTUDIO%20Y%20PROPUESTA%20SERAMB%20IENTE/&sort=name&order=asc/ HTTP/1.1" 200 3622
18.236.219.3 - - [24/Nov/2019:10:47:58 -0500] "GET /www.ambientebogota.gov.co/ HTTP/1.1" 404 1154
83.63.252.221 - - [24/Nov/2019:10:47:58 -0500] "GET /galeria/galeria/jquery.fancybox.css?v=2.1.5 HTTP/1.1" 200 4895
83.63.252.221 - - [24/Nov/2019:10:47:58 -0500] "GET /BLA/boletinlegal/js/jquery.scrollShow.js HTTP/1.1" 200 4586
83.63.252.221 - - [24/Nov/2019:10:47:58 -0500] "GET /galeria/galeria/jquery.fancybox.js?v=2.1.5 HTTP/1.1" 200 48706
95.216.19.59 - - [24/Nov/2019:10:48:02 -0500] "GET /Anexos%20estudio%20Organizacional%20SDA/index.php?dir=ANEXO%20No.%205%20-%20ESTUDIO%20Y%20PROPUESTA%20SERAMB%20IENTE/&sort=size&order=asc/ HTTP/1.1" 200 3622
95.216.19.59 - - [24/Nov/2019:10:48:04 -0500] "GET /Anexos%20estudio%20Organizacional%20SDA/index.php?dir=ANEXO%20No.%207%20-%20PROYECTO%20DE%20DECRETO%20MODIFICATORIO%20DE%20ESTRUCTURA%20DE%20LA%20SDA/&sort=date&order=asc/ HTTP/1.1" 200 2593
66.249.66.82 - - [24/Nov/2019:10:48:06 -0500] "GET /BLA/resoluciones/AUTOS%202015/0262.pdf HTTP/1.1" 200 439199
186.119.225.105 - - [24/Nov/2019:10:48:07 -0500] "GET /galeria/nivo-slider/demo/demo.html HTTP/1.1" 404 1552
95.216.19.59 - - [24/Nov/2019:10:48:07 -0500] "GET /Anexos%20estudio%20Organizacional%20SDA/index.php?dir=ANEXO%20No.%207%20-%20PROYECTO%20DE%20DECRETO%20MODIFICATORIO%20DE%20ESTRUCTURA%20DE%20LA%20SDA/&sort=name&order=asc/ HTTP/1.1" 200 2593
190.248.251.208 - - [24/Nov/2019:10:48:09 -0500] "GET /galeria/galeria/fotos/Humedal-techo1P.jpg HTTP/1.1" 200 33428
190.248.251.208 - - [24/Nov/2019:10:48:09 -0500] "GET /galeria/galeria/fotos/2Humedal-techo2P.jpg HTTP/1.1" 200 11998
190.248.251.208 - - [24/Nov/2019:10:48:09 -0500] "GET /galeria/galeria/fotos/Humedal-techo4P.jpg HTTP/1.1" 200 11324
190.248.251.208 - - [24/Nov/2019:10:48:09 -0500] "GET /galeria/galeria/fotos/Humedal-techo3P.jpg HTTP/1.1" 200 8516
95.216.19.59 - - [24/Nov/2019:10:48:10 -0500] "GET /Autoliquidacion/Grupo%20Forestal%20-%20Silvicultura/Formulario%20%C3%BAnico%20nacional%20de%20solicitud%20de%20aprovechamiento%20forestal%20arboles%20aislados.xlsx HTTP/1.1" 404 1019
95.216.19.59 - - [24/Nov/2019:10:48:12 -0500] "GET /Autoliquidacion/Grupo%20Forestal%20-%20Silvicultura/Solicitud%20y%20lista%20de%20chequeo%20Evaluaci%C3%B3n%20Silvicultural.xlsx HTTP/1.1" 404 1019
95.216.19.59 - - [24/Nov/2019:10:48:15 -0500] "GET /PruebasSTORM/StormSDA_pruebas/userFiles/user_files/91/?C=D;O=A/ HTTP/1.1" 200 1756
95.216.19.59 - - [24/Nov/2019:10:48:18 -0500] "GET /PruebasSTORM/StormSDA_pruebas/userFiles/user_files/91/?C=S;O=D/ HTTP/1.1" 200 1756
95.216.19.59 - - [24/Nov/2019:10:48:22 -0500] "GET /SIG/index.php/Control%20y%20mejora/126PE01-PR07.pdf/?dir=&sort=size&order=asc/ HTTP/1.1" 200 5232
95.216.19.59 - - [24/Nov/2019:10:48:24 -0500] "GET /SIG/index.php/Control%20y%20mejora/126PE01-PR07.pdf/?dir=Comunicaciones// HTTP/1.1" 200 3303
54.191.194.24 - - [24/Nov/2019:10:48:27 -0500] "GET /galeria/nivo-slider/demo/inicio.html HTTP/1.1" 200 5154
95.216.19.59 - - [24/Nov/2019:10:48:32 -0500] "GET /SIG/index.php/Control%20y%20mejora/126PE01-PR07.pdf/?dir=Control%20Disciplinario// HTTP/1.1" 200 3102
52.36.178.161 - - [24/Nov/2019:10:48:35 -0500] "GET /galeria/nivo-slider/demo/inicio.html HTTP/1.1" 200 5154
95.216.19.59 - - [24/Nov/2019:10:48:36 -0500] "GET /SIG/index.php/Control%20y%20mejora/126PE01-PR07.pdf/?dir=Control%20y%20mejora// HTTP/1.1" 200 3205
186.119.225.105 - - [24/Nov/2019:10:48:37 -0500] "GET /galeria/nivo-slider/demo/demo.html HTTP/1.1" 404 1552
186.119.225.105 - - [24/Nov/2019:10:48:37 -0500] "GET /galeria/nivo-slider/demo/:~:targetText=Torca-Guaymaral%20creci%C3%B3%20aproximadamente%2097,(de%2018%20a%2024). HTTP/1.1" 403 1088
95.216.19.59 - - [24/Nov/2019:10:48:40 -0500] "GET /SIG/index.php/Control%20y%20mejora/126PE01-PR07.pdf/?dir=ECS// HTTP/1.1" 200 17012
52.89.155.157 - - [24/Nov/2019:10:48:42 -0500] "GET /galeria/nivo-slider/demo/inicio.html HTTP/1.1" 200 5154
95.216.19.59 - - [24/Nov/2019:10:48:44 -0500] "GET /SIG/index.php/Control%20y%20mejora/126PE01-PR07.pdf/?dir=Gestion%20Documental// HTTP/1.1" 200 5968
190.255.40.74 - - [24/Nov/2019:10:48:44 -0500] "GET /BLA/resoluciones/RESOLUCIONES%202017/0307.pdf HTTP/1.1" 200 733336
54.201.35.24 - - [24/Nov/2019:10:48:45 -0500] "GET /galeria/nivo-slider/demo/inicio.html HTTP/1.1" 200 5154
190.255.40.74 - - [24/Nov/2019:10:48:45 -0500] "GET /favicon.ico HTTP/1.1" 200 7782
161.18.100.179 - - [24/Nov/2019:10:48:46 -0500] "-" 408 -
95.216.19.59 - - [24/Nov/2019:10:48:47 -0500] "GET /SIG/index.php/Control%20y%20mejora/126PE01-PR07.pdf/?dir=Gestion%20Recursos%20Financieros// HTTP/1.1" 200 9276
95.216.19.59 - - [24/Nov/2019:10:48:49 -0500] "GET /SIG/index.php/Control%20y%20mejora/126PE01-PR08.pdf/?dir=&sort=date&order=asc/ HTTP/1.1" 200 5232
186.119.225.105 - - [24/Nov/2019:10:48:49 -0500] "GET /inicio/ HTTP/1.1" 404 1335
95.216.19.59 - - [24/Nov/2019:10:48:52 -0500] "GET /SIG/index.php/Control%20y%20mejora/126PE01-PR08.pdf/?dir=&sort=name&order=desc/ HTTP/1.1" 200 5232
95.216.19.59 - - [24/Nov/2019:10:48:54 -0500] "GET /SIG/index.php/Control%20y%20mejora/126PE01-PR08.pdf/?dir=Comunicaciones// HTTP/1.1" 200 3303
186.119.225.105 - - [24/Nov/2019:10:48:57 -0500] "GET /inicio/ HTTP/1.1" 404 1311
95.216.19.59 - - [24/Nov/2019:10:48:57 -0500] "GET /SIG/index.php/Direccionamiento%20Estrategico/126PG01-PR02.pdf/?dir=&sort=size&order=asc/ HTTP/1.1" 200 5484
95.216.19.59 - - [24/Nov/2019:10:49:00 -0500] "GET /SIG/index.php/Direccionamiento%20Estrategico/126PG01-PR02.pdf/?dir=Comunicaciones// HTTP/1.1" 200 3411
95.216.19.59 - - [24/Nov/2019:10:49:02 -0500] "GET /SIG/index.php/Direccionamiento%20Estrategico/126PG01-PR07.pdf/?dir=&sort=date&order=asc/ HTTP/1.1" 200 5484
54.202.66.48 - - [24/Nov/2019:10:49:04 -0500] "GET /galeria/nivo-slider/demo/inicio.html HTTP/1.1" 200 5154
95.216.19.59 - - [24/Nov/2019:10:49:07 -0500] "GET /SIG/index.php/Direccionamiento%20Estrategico/126PG01-PR07.pdf/?dir=&sort=name&order=desc/ HTTP/1.1" 200 5484
95.216.19.59 - - [24/Nov/2019:10:49:11 -0500] "GET /SIG/index.php/Direccionamiento%20Estrategico/126PG01-PR07.pdf/?dir=&sort=size&order=asc/ HTTP/1.1" 200 5484
190.84.116.25 - - [24/Nov/2019:10:49:11 -0500] "GET /transparencia/directorioservidores/septiembre2015.xlsx HTTP/1.1" 200 37000
190.248.251.208 - - [24/Nov/2019:10:49:13 -0500] "GET /galeria/galeria/fotos/1humedal-Burro1P.jpg HTTP/1.1" 200 7921
190.248.251.208 - - [24/Nov/2019:10:49:13 -0500] "GET /galeria/galeria/fotos/2humedal-Burro2P.jpg HTTP/1.1" 200 8996
190.248.251.208 - - [24/Nov/2019:10:49:13 -0500] "GET /galeria/galeria/fotos/3humedal-Burro3P.jpg HTTP/1.1" 200 8564
190.248.251.208 - - [24/Nov/2019:10:49:13 -0500] "GET /galeria/galeria/fotos/4humedal-Burro4P.jpg HTTP/1.1" 200 7980
95.216.19.59 - - [24/Nov/2019:10:49:13 -0500] "GET /SIG/index.php/Direccionamiento%20Estrategico/126PG01-PR07.pdf/?dir=Comunicaciones// HTTP/1.1" 200 3411
190.84.116.25 - - [24/Nov/2019:10:49:14 -0500] "GET /transparencia/directorioservidores/julio2015.xlsx HTTP/1.1" 200 34261
95.216.19.59 - - [24/Nov/2019:10:49:17 -0500] "GET /SIG/index.php/Direccionamiento%20Estrategico/126PG01-PR07.pdf/?dir=Control%20Disciplinario// HTTP/1.1" 200 3210
95.216.19.59 - - [24/Nov/2019:10:49:20 -0500] "GET /SIG/index.php/Direccionamiento%20Estrategico/126PG01-PR07.pdf/?dir=Control%20y%20mejora// HTTP/1.1" 200 3325
66.249.66.81 - - [24/Nov/2019:10:49:24 -0500] "GET /BLA/resoluciones/AUTOS%202013/2000.pdf HTTP/1.1" 304 -
95.216.19.59 - - [24/Nov/2019:10:49:25 -0500] "GET /SIG/index.php/Direccionamiento%20Estrategico/126PG01-PR07.pdf/?dir=Direccionamiento%20Estrategico// HTTP/1.1" 200 4474
95.216.19.59 - - [24/Nov/2019:10:49:30 -0500] "GET /SIG/index.php/Direccionamiento%20Estrategico/126PG01-PR09.pdf/?dir=&sort=date&order=asc/ HTTP/1.1" 200 5484
181.61.217.146 - - [24/Nov/2019:10:49:30 -0500] "GET /galeria/galeria/jquery.fancybox.js?v=2.1.5 HTTP/1.1" 200 48706
181.61.217.146 - - [24/Nov/2019:10:49:30 -0500] "GET /BLA/boletinlegal/js/jquery.scrollShow.js HTTP/1.1" 200 4586
181.61.217.146 - - [24/Nov/2019:10:49:30 -0500] "GET /galeria/galeria/jquery.fancybox.css?v=2.1.5 HTTP/1.1" 200 4895
181.61.217.146 - - [24/Nov/2019:10:49:30 -0500] "GET /galeria/carrusel/Carrusel/jquery.thumbnailScroller.css HTTP/1.1" 200 2066
181.61.217.146 - - [24/Nov/2019:10:49:30 -0500] "GET /galeria/carrusel/Carrusel/jquery-ui-1.8.13.custom.min.js HTTP/1.1" 200 10800
181.61.217.146 - - [24/Nov/2019:10:49:30 -0500] "GET /galeria/carrusel/Carrusel/jquery.thumbnailScroller.js HTTP/1.1" 200 8157
181.61.217.146 - - [24/Nov/2019:10:49:31 -0500] "GET /galeria/nivo-slider/demo/inicio.html HTTP/1.1" 200 5154
192.168.175.104 - - [24/Nov/2019:10:49:32 -0500] "GET / HTTP/1.0" 200 9990
95.216.19.59 - - [24/Nov/2019:10:49:33 -0500] "GET /SIG/index.php/Direccionamiento%20Estrategico/126PG01-PR09.pdf/?dir=&sort=name&order=desc/ HTTP/1.1" 200 5484
95.216.19.59 - - [24/Nov/2019:10:49:35 -0500] "GET /SIG/index.php/Direccionamiento%20Estrategico/126PG01-PR09.pdf/?dir=&sort=size&order=asc/ HTTP/1.1" 200 5484
95.216.19.59 - - [24/Nov/2019:10:49:39 -0500] "GET /SIG/index.php/Direccionamiento%20Estrategico/126PG01-PR09.pdf/?dir=Comunicaciones// HTTP/1.1" 200 3411
95.216.19.59 - - [24/Nov/2019:10:49:42 -0500] "GET /SIG/index.php/Direccionamiento%20Estrategico/126PG01-PR09.pdf/?dir=Control%20Disciplinario// HTTP/1.1" 200 3210
192.168.175.104 - - [24/Nov/2019:10:49:44 -0500] "GET / HTTP/1.1" 200 9990
95.216.19.59 - - [24/Nov/2019:10:49:44 -0500] "GET /SIG/index.php/Direccionamiento%20Estrategico/126PG01-PR09.pdf/?dir=Control%20y%20mejora// HTTP/1.1" 200 3325
52.35.149.175 - - [24/Nov/2019:10:49:47 -0500] "GET /galeria/nivo-slider/demo/inicio.html HTTP/1.1" 200 5154
95.216.19.59 - - [24/Nov/2019:10:49:49 -0500] "GET /SIG/index.php/Direccionamiento%20Estrategico/126PG01-PR09.pdf/?dir=Gestion%20Documental// HTTP/1.1" 200 6076
95.216.19.59 - - [24/Nov/2019:10:49:52 -0500] "GET /SIG/index.php/Direccionamiento%20Estrategico/126PG01-PR09.pdf/?dir=Gestion%20Recursos%20Financieros// HTTP/1.1" 200 9384
95.216.19.59 - - [24/Nov/2019:10:49:57 -0500] "GET /SIG/index.php/Direccionamiento%20Estrategico/126PG01-PR13.pdf/?dir=&sort=date&order=asc/ HTTP/1.1" 200 5484
216.244.66.195 - - [24/Nov/2019:10:49:58 -0500] "GET /BLA/resoluciones/AUTOS%202012/2107.pdf HTTP/1.1" 200 468985
95.216.19.59 - - [24/Nov/2019:10:50:00 -0500] "GET /SIG/index.php/Direccionamiento%20Estrategico/126PG01-PR13.pdf/?dir=&sort=name&order=desc/ HTTP/1.1" 200 5484
66.249.66.82 - - [24/Nov/2019:10:50:03 -0500] "GET /BLA/resoluciones/AUTOS%202015/2863.pdf HTTP/1.1" 200 787391
95.216.19.59 - - [24/Nov/2019:10:50:05 -0500] "GET /SIG/index.php/Direccionamiento%20Estrategico/126PG01-PR13.pdf/?dir=&sort=size&order=asc/ HTTP/1.1" 200 5484
95.216.19.59 - - [24/Nov/2019:10:50:08 -0500] "GET /SIG/index.php/Direccionamiento%20Estrategico/126PG01-PR13.pdf/?dir=Comunicaciones// HTTP/1.1" 200 3411
34.222.241.212 - - [24/Nov/2019:10:50:08 -0500] "GET /robots.txt HTTP/1.1" 404 1154
34.222.241.212 - - [24/Nov/2019:10:50:08 -0500] "GET / HTTP/1.1" 200 9990
34.222.241.212 - - [24/Nov/2019:10:50:09 -0500] "GET /www.ambientebogota.gov.co/ HTTP/1.1" 404 1154
95.216.19.59 - - [24/Nov/2019:10:50:11 -0500] "GET /SIG/index.php/Direccionamiento%20Estrategico/126PG01-PR13.pdf/?dir=Control%20Disciplinario// HTTP/1.1" 200 3210
95.216.19.59 - - [24/Nov/2019:10:50:13 -0500] "GET /SIG/index.php/Direccionamiento%20Estrategico/126PG01-PR13.pdf/?dir=Control%20y%20mejora// HTTP/1.1" 200 3325
95.216.19.59 - - [24/Nov/2019:10:50:16 -0500] "GET /SIG/index.php/Direccionamiento%20Estrategico/126PG01-PR13.pdf/?dir=Direccionamiento%20Estrategico// HTTP/1.1" 200 4474
95.216.19.59 - - [24/Nov/2019:10:50:18 -0500] "GET /SIG/index.php/Direccionamiento%20Estrategico/126PG01-PR13.pdf/?dir=ECS// HTTP/1.1" 200 17120
95.216.19.59 - - [24/Nov/2019:10:50:22 -0500] "GET /SIG/index.php/Direccionamiento%20Estrategico/126PG01-PR13.pdf/?dir=Gestion%20Documental// HTTP/1.1" 200 6076
95.216.19.59 - - [24/Nov/2019:10:50:23 -0500] "GET /SIG/index.php/Direccionamiento%20Estrategico/126PG01-PR14.pdf/?dir=&sort=name&order=desc/ HTTP/1.1" 200 5484
95.216.19.59 - - [24/Nov/2019:10:50:26 -0500] "GET /SIG/index.php/Direccionamiento%20Estrategico/126PG01-PR14.pdf/?dir=&sort=size&order=asc/ HTTP/1.1" 200 5484
95.216.19.59 - - [24/Nov/2019:10:50:28 -0500] "GET /SIG/index.php/Direccionamiento%20Estrategico/126PG01-PR14.pdf/?dir=Comunicaciones// HTTP/1.1" 200 3411
95.216.19.59 - - [24/Nov/2019:10:50:30 -0500] "GET /SIG/index.php/Direccionamiento%20Estrategico/126PG01-PR14.pdf/?dir=Control%20Disciplinario// HTTP/1.1" 200 3210
190.248.251.208 - - [24/Nov/2019:10:50:32 -0500] "GET /galeria/galeria/fotos/Humedal-Vaca3P.jpg HTTP/1.1" 200 38460
190.248.251.208 - - [24/Nov/2019:10:50:32 -0500] "GET /galeria/galeria/fotos/Humedal-Vaca2P.jpg HTTP/1.1" 200 26921
190.248.251.208 - - [24/Nov/2019:10:50:32 -0500] "GET /galeria/galeria/fotos/Humedal-vaca6P.jpg HTTP/1.1" 200 11678
190.248.251.208 - - [24/Nov/2019:10:50:32 -0500] "GET /galeria/galeria/fotos/Humedal-vaca7P.jpg HTTP/1.1" 200 11116
95.216.19.59 - - [24/Nov/2019:10:50:34 -0500] "GET /SIG/index.php/Direccionamiento%20Estrategico/126PG01-PR14.pdf/?dir=Control%20y%20mejora// HTTP/1.1" 200 3325
191.95.25.6 - - [24/Nov/2019:10:50:36 -0500] "GET /galeria/galeria/jquery.fancybox.js?v=2.1.5 HTTP/1.1" 200 48706
191.95.25.6 - - [24/Nov/2019:10:50:36 -0500] "GET /BLA/boletinlegal/js/jquery.scrollShow.js HTTP/1.1" 200 4586
191.95.25.6 - - [24/Nov/2019:10:50:36 -0500] "GET /galeria/galeria/jquery.fancybox.css?v=2.1.5 HTTP/1.1" 200 4895
95.216.19.59 - - [24/Nov/2019:10:50:36 -0500] "GET /SIG/index.php/Direccionamiento%20Estrategico/126PG01-PR14.pdf/?dir=Direccionamiento%20Estrategico// HTTP/1.1" 200 4474
191.95.25.6 - - [24/Nov/2019:10:50:40 -0500] "GET /galeria/galeria/jquery.fancybox.js?v=2.1.5 HTTP/1.1" 304 -
191.95.25.6 - - [24/Nov/2019:10:50:40 -0500] "GET /BLA/boletinlegal/js/jquery.scrollShow.js HTTP/1.1" 304 -
191.95.25.6 - - [24/Nov/2019:10:50:40 -0500] "GET /galeria/galeria/jquery.fancybox.css?v=2.1.5 HTTP/1.1" 304 -
95.216.19.59 - - [24/Nov/2019:10:50:40 -0500] "GET /SIG/index.php/Direccionamiento%20Estrategico/126PG01-PR14.pdf/?dir=ECS// HTTP/1.1" 200 17120
95.216.19.59 - - [24/Nov/2019:10:50:43 -0500] "GET /SIG/index.php/Direccionamiento%20Estrategico/126PG01-PR14.pdf/?dir=Gestion%20Documental// HTTP/1.1" 200 6076
95.216.19.59 - - [24/Nov/2019:10:50:45 -0500] "GET /SIG/index.php/Direccionamiento%20Estrategico/126PG01-PR14.pdf/?dir=Gestion%20Recursos%20Financieros// HTTP/1.1" 200 9384
95.216.19.59 - - [24/Nov/2019:10:50:48 -0500] "GET /SIG/index.php/Direccionamiento%20Estrategico/126PG01-PR15.pdf/?dir=&sort=date&order=asc/ HTTP/1.1" 200 5484
216.244.66.195 - - [24/Nov/2019:10:50:49 -0500] "GET /BLA/resoluciones/AUTOS%202013/0004.pdf HTTP/1.1" 200 323816
95.216.19.59 - - [24/Nov/2019:10:50:50 -0500] "GET /SIG/index.php/Direccionamiento%20Estrategico/126PG01-PR15.pdf/?dir=&sort=name&order=desc/ HTTP/1.1" 200 5484
95.216.19.59 - - [24/Nov/2019:10:50:53 -0500] "GET /SIG/index.php/Direccionamiento%20Estrategico/126PG01-PR15.pdf/?dir=&sort=size&order=asc/ HTTP/1.1" 200 5484
95.216.19.59 - - [24/Nov/2019:10:50:56 -0500] "GET /SIG/index.php/Direccionamiento%20Estrategico/126PG01-PR15.pdf/?dir=Comunicaciones// HTTP/1.1" 200 3411
66.249.88.189 - - [24/Nov/2019:10:50:59 -0500] "GET /galeria/galeria/jquery.fancybox.css?v=2.1.5 HTTP/1.1" 200 4895
66.249.88.187 - - [24/Nov/2019:10:50:59 -0500] "GET /BLA/boletinlegal/js/jquery.scrollShow.js HTTP/1.1" 200 4586
66.249.88.189 - - [24/Nov/2019:10:50:59 -0500] "GET /galeria/galeria/jquery.fancybox.js?v=2.1.5 HTTP/1.1" 200 48706
95.216.19.59 - - [24/Nov/2019:10:51:00 -0500] "GET /SIG/index.php/Direccionamiento%20Estrategico/126PG01-PR15.pdf/?dir=Control%20Disciplinario// HTTP/1.1" 200 3210
95.216.19.59 - - [24/Nov/2019:10:51:04 -0500] "GET /SIG/index.php/Direccionamiento%20Estrategico/126PG01-PR15.pdf/?dir=Control%20y%20mejora// HTTP/1.1" 200 3325
95.216.19.59 - - [24/Nov/2019:10:51:08 -0500] "GET /SIG/index.php/Direccionamiento%20Estrategico/126PG01-PR15.pdf/?dir=Direccionamiento%20Estrategico// HTTP/1.1" 200 4474
95.216.19.59 - - [24/Nov/2019:10:51:11 -0500] "GET /SIG/index.php/Direccionamiento%20Estrategico/126PG01-PR15.pdf/?dir=ECS// HTTP/1.1" 200 17120
95.216.19.59 - - [24/Nov/2019:10:51:15 -0500] "GET /SIG/index.php/Direccionamiento%20Estrategico/126PG01-PR15.pdf/?dir=Gestion%20Documental// HTTP/1.1" 200 6076
40.77.167.117 - - [24/Nov/2019:10:51:15 -0500] "GET /pot-2013/memoria%20justificativa/anexo_1.pdf HTTP/1.1" 200 3808179
95.216.19.59 - - [24/Nov/2019:10:51:17 -0500] "GET /SIG/index.php/Direccionamiento%20Estrategico/126PG01-PR15.pdf/?dir=Gestion%20Recursos%20Financieros// HTTP/1.1" 200 9384
95.216.19.59 - - [24/Nov/2019:10:51:21 -0500] "GET /SIG/index.php/Direccionamiento%20Estrategico/126PG01-PR16.pdf/?dir=&sort=date&order=asc/ HTTP/1.1" 200 5484
95.216.19.59 - - [24/Nov/2019:10:51:23 -0500] "GET /SIG/index.php/Direccionamiento%20Estrategico/126PG01-PR16.pdf/?dir=&sort=name&order=desc/ HTTP/1.1" 200 5484
66.249.66.81 - - [24/Nov/2019:10:51:26 -0500] "GET /BLA/resoluciones/AUTOS%202014/2991.pdf HTTP/1.1" 200 454794
95.216.19.59 - - [24/Nov/2019:10:51:27 -0500] "GET /SIG/index.php/Direccionamiento%20Estrategico/126PG01-PR16.pdf/?dir=&sort=size&order=asc/ HTTP/1.1" 200 5484
52.24.179.183 - - [24/Nov/2019:10:51:28 -0500] "GET /galeria/nivo-slider/demo/inicio.html HTTP/1.1" 200 5154
95.216.19.59 - - [24/Nov/2019:10:51:29 -0500] "GET /SIG/index.php/Direccionamiento%20Estrategico/126PG01-PR16.pdf/?dir=Control%20Disciplinario// HTTP/1.1" 200 3210
69.162.124.232 - - [24/Nov/2019:10:51:30 -0500] "HEAD / HTTP/1.1" 200 -
95.216.19.59 - - [24/Nov/2019:10:51:32 -0500] "GET /SIG/index.php/Direccionamiento%20Estrategico/126PG01-PR16.pdf/?dir=Direccionamiento%20Estrategico// HTTP/1.1" 200 4474
54.188.169.205 - - [24/Nov/2019:10:51:32 -0500] "GET /galeria/nivo-slider/demo/inicio.html HTTP/1.1" 200 5154
95.216.19.59 - - [24/Nov/2019:10:51:34 -0500] "GET /SIG/index.php/Direccionamiento%20Estrategico/126PG01-PR16.pdf/?dir=ECS// HTTP/1.1" 200 17120
95.216.19.59 - - [24/Nov/2019:10:51:36 -0500] "GET /SIG/index.php/Direccionamiento%20Estrategico/126PG01-PR16.pdf/?dir=Gestion%20Documental// HTTP/1.1" 200 6076
95.216.19.59 - - [24/Nov/2019:10:51:39 -0500] "GET /SIG/index.php/Direccionamiento%20Estrategico/126PG01-PR16.pdf/?dir=Gestion%20Recursos%20Financieros// HTTP/1.1" 200 9384
95.216.19.59 - - [24/Nov/2019:10:51:42 -0500] "GET /SIG/index.php/Direccionamiento%20Estrategico/126PG01-PR17.pdf/?dir=&sort=date&order=asc/ HTTP/1.1" 200 5484
190.248.251.208 - - [24/Nov/2019:10:51:44 -0500] "GET /galeria/galeria/fotos/Humedal-la-Isla1P.jpg HTTP/1.1" 200 14011
190.248.251.208 - - [24/Nov/2019:10:51:44 -0500] "GET /galeria/galeria/fotos/Humedal-la-Isla2P.jpg HTTP/1.1" 200 13603
190.248.251.208 - - [24/Nov/2019:10:51:44 -0500] "GET /galeria/galeria/fotos/Humedal-la-Isla3P.jpg HTTP/1.1" 200 13889
190.248.251.208 - - [24/Nov/2019:10:51:44 -0500] "GET /galeria/galeria/fotos/Humedal-la-Isla4P.jpg HTTP/1.1" 200 13949
52.26.16.217 - - [24/Nov/2019:10:51:45 -0500] "GET /robots.txt HTTP/1.1" 404 1154
95.216.19.59 - - [24/Nov/2019:10:51:45 -0500] "GET /SIG/index.php/Direccionamiento%20Estrategico/126PG01-PR17.pdf/?dir=&sort=name&order=desc/ HTTP/1.1" 200 5484
52.26.16.217 - - [24/Nov/2019:10:51:45 -0500] "GET / HTTP/1.1" 200 9990
52.26.16.217 - - [24/Nov/2019:10:51:46 -0500] "GET /www.ambientebogota.gov.co/ HTTP/1.1" 404 1154
95.216.19.59 - - [24/Nov/2019:10:51:48 -0500] "GET /SIG/index.php/Direccionamiento%20Estrategico/126PG01-PR17.pdf/?dir=&sort=size&order=asc/ HTTP/1.1" 200 5484
95.216.19.59 - - [24/Nov/2019:10:51:53 -0500] "GET /SIG/index.php/Direccionamiento%20Estrategico/126PG01-PR17.pdf/?dir=Comunicaciones// HTTP/1.1" 200 3411
95.216.19.59 - - [24/Nov/2019:10:51:55 -0500] "GET /SIG/index.php/Direccionamiento%20Estrategico/126PG01-PR17.pdf/?dir=Control%20Disciplinario// HTTP/1.1" 200 3210
95.216.19.59 - - [24/Nov/2019:10:51:58 -0500] "GET /SIG/index.php/Direccionamiento%20Estrategico/126PG01-PR17.pdf/?dir=Control%20y%20mejora// HTTP/1.1" 200 3325
95.216.19.59 - - [24/Nov/2019:10:52:00 -0500] "GET /SIG/index.php/Direccionamiento%20Estrategico/126PG01-PR17.pdf/?dir=Direccionamiento%20Estrategico// HTTP/1.1" 200 4474
66.249.66.157 - - [24/Nov/2019:10:52:00 -0500] "GET / HTTP/1.1" 200 9990
95.216.19.59 - - [24/Nov/2019:10:52:02 -0500] "GET /SIG/index.php/Direccionamiento%20Estrategico/126PG01-PR17.pdf/?dir=ECS// HTTP/1.1" 200 17120
190.248.251.208 - - [24/Nov/2019:10:52:03 -0500] "GET /galeria/galeria/fotos/Humedal-Tibanica1P.jpg HTTP/1.1" 200 26376
190.248.251.208 - - [24/Nov/2019:10:52:03 -0500] "GET /galeria/galeria/fotos/Humedal-Tibanica2P.jpg HTTP/1.1" 200 29568
190.248.251.208 - - [24/Nov/2019:10:52:03 -0500] "GET /galeria/galeria/fotos/Humedal-Tibanica3P.jpg HTTP/1.1" 200 28016
190.248.251.208 - - [24/Nov/2019:10:52:03 -0500] "GET /galeria/galeria/fotos/Humedal-Tibanica4P.jpg HTTP/1.1" 200 26708
95.216.19.59 - - [24/Nov/2019:10:52:05 -0500] "GET /SIG/index.php/Direccionamiento%20Estrategico/126PG01-PR17.pdf/?dir=Gestion%20Documental// HTTP/1.1" 200 6076
95.216.19.59 - - [24/Nov/2019:10:52:06 -0500] "GET /SIG/index.php/Direccionamiento%20Estrategico/126PG01-PR17.pdf/?dir=Gestion%20Recursos%20Financieros// HTTP/1.1" 200 9384
52.37.172.173 - - [24/Nov/2019:10:52:07 -0500] "GET /galeria/nivo-slider/demo/inicio.html HTTP/1.1" 200 5154
95.216.19.59 - - [24/Nov/2019:10:52:10 -0500] "GET /SIG/index.php/Direccionamiento%20Estrategico/126PG01-PR18.pdf/?dir=&sort=date&order=asc/ HTTP/1.1" 200 5484
95.216.19.59 - - [24/Nov/2019:10:52:12 -0500] "GET /SIG/index.php/Direccionamiento%20Estrategico/126PG01-PR18.pdf/?dir=Control%20y%20mejora// HTTP/1.1" 200 3325
95.216.19.59 - - [24/Nov/2019:10:52:15 -0500] "GET /SIG/index.php/ECS/126PM04-PR04.pdf/?dir=&sort=date&order=asc/ HTTP/1.1" 200 4959
95.216.19.59 - - [24/Nov/2019:10:52:17 -0500] "GET /SIG/index.php/ECS/126PM04-PR04.pdf/?dir=&sort=name&order=desc/ HTTP/1.1" 200 4959
95.216.19.59 - - [24/Nov/2019:10:52:19 -0500] "GET /SIG/index.php/ECS/126PM04-PR04.pdf/?dir=&sort=size&order=asc/ HTTP/1.1" 200 4959
95.216.19.59 - - [24/Nov/2019:10:52:22 -0500] "GET /SIG/index.php/ECS/126PM04-PR04.pdf/?dir=Comunicaciones// HTTP/1.1" 200 3186
95.216.19.59 - - [24/Nov/2019:10:52:24 -0500] "GET /SIG/index.php/ECS/126PM04-PR04.pdf/?dir=Control%20Disciplinario// HTTP/1.1" 200 2985
95.216.19.59 - - [24/Nov/2019:10:52:26 -0500] "GET /SIG/index.php/ECS/126PM04-PR04.pdf/?dir=Control%20y%20mejora// HTTP/1.1" 200 3075
95.216.19.59 - - [24/Nov/2019:10:52:29 -0500] "GET /SIG/index.php/ECS/126PM04-PR04.pdf/?dir=Direccionamiento%20Estrategico// HTTP/1.1" 200 4249
95.216.19.59 - - [24/Nov/2019:10:52:31 -0500] "GET /SIG/index.php/ECS/126PM04-PR04.pdf/?dir=ECS// HTTP/1.1" 200 16895
95.216.19.59 - - [24/Nov/2019:10:52:34 -0500] "GET /SIG/index.php/ECS/126PM04-PR06.pdf/?dir=Direccionamiento%20Estrategico// HTTP/1.1" 200 4249
95.216.19.59 - - [24/Nov/2019:10:52:36 -0500] "GET /SIG/index.php/ECS/126PM04-PR06.pdf/?dir=Direccionamiento%20Estrategico//&sort=date&order=asc/ HTTP/1.1" 200 4248
95.216.19.59 - - [24/Nov/2019:10:52:38 -0500] "GET /SIG/index.php/ECS/126PM04-PR06.pdf/?dir=Direccionamiento%20Estrategico//&sort=name&order=desc/ HTTP/1.1" 200 4248
186.84.160.70 - - [24/Nov/2019:10:52:39 -0500] "GET /galeria/galeria/jquery.fancybox.css?v=2.1.5 HTTP/1.1" 200 4895
186.84.160.70 - - [24/Nov/2019:10:52:39 -0500] "GET /BLA/boletinlegal/js/jquery.scrollShow.js HTTP/1.1" 200 4586
186.84.160.70 - - [24/Nov/2019:10:52:39 -0500] "GET /galeria/galeria/jquery.fancybox.js?v=2.1.5 HTTP/1.1" 200 48706
95.216.19.59 - - [24/Nov/2019:10:52:40 -0500] "GET /SIG/index.php/ECS/126PM04-PR06.pdf/?dir=Direccionamiento%20Estrategico//&sort=size&order=asc/ HTTP/1.1" 200 4248
95.216.19.59 - - [24/Nov/2019:10:52:43 -0500] "GET /SIG/index.php/ECS/126PM04-PR08.pdf/?dir=&sort=size&order=asc/ HTTP/1.1" 200 4959
95.216.19.59 - - [24/Nov/2019:10:52:45 -0500] "GET /SIG/index.php/ECS/126PM04-PR08.pdf/?dir=Comunicaciones// HTTP/1.1" 200 3186
95.216.19.59 - - [24/Nov/2019:10:52:48 -0500] "GET /SIG/index.php/ECS/126PM04-PR08.pdf/?dir=Control%20Disciplinario// HTTP/1.1" 200 2985
216.244.66.195 - - [24/Nov/2019:10:52:48 -0500] "GET /BLA/resoluciones/AUTOS%202013/0016.pdf HTTP/1.1" 200 2587686
186.31.217.134 - - [24/Nov/2019:10:52:48 -0500] "GET /galeria/galeria/jquery.fancybox.css?v=2.1.5 HTTP/1.1" 200 4895
186.31.217.134 - - [24/Nov/2019:10:52:48 -0500] "GET /BLA/boletinlegal/js/jquery.scrollShow.js HTTP/1.1" 200 4586
186.31.217.134 - - [24/Nov/2019:10:52:48 -0500] "GET /galeria/galeria/jquery.fancybox.js?v=2.1.5 HTTP/1.1" 200 48706
186.31.217.134 - - [24/Nov/2019:10:52:48 -0500] "GET /galeria/carrusel/Carrusel/jquery.thumbnailScroller.css HTTP/1.1" 200 2066
186.31.217.134 - - [24/Nov/2019:10:52:49 -0500] "GET /galeria/carrusel/Carrusel/jquery-ui-1.8.13.custom.min.js HTTP/1.1" 200 10800
186.31.217.134 - - [24/Nov/2019:10:52:49 -0500] "GET /galeria/carrusel/Carrusel/jquery.thumbnailScroller.js HTTP/1.1" 200 8157
186.31.217.134 - - [24/Nov/2019:10:52:49 -0500] "GET /galeria/nivo-slider/demo/inicio.html HTTP/1.1" 200 5154
186.31.217.134 - - [24/Nov/2019:10:52:51 -0500] "GET /galeria/nivo-slider/themes/default/default.css HTTP/1.1" 200 1569
186.31.217.134 - - [24/Nov/2019:10:52:51 -0500] "GET /galeria/nivo-slider/themes/pascal/pascal.css HTTP/1.1" 200 2258
186.31.217.134 - - [24/Nov/2019:10:52:51 -0500] "GET /galeria/nivo-slider/themes/orman/orman.css HTTP/1.1" 200 2152
186.31.217.134 - - [24/Nov/2019:10:52:51 -0500] "GET /galeria/nivo-slider/demo/style.css HTTP/1.1" 200 2222
186.31.217.134 - - [24/Nov/2019:10:52:51 -0500] "GET /galeria/nivo-slider/nivo-slider.css HTTP/1.1" 200 1507
186.31.217.134 - - [24/Nov/2019:10:52:51 -0500] "GET /galeria/nivo-slider/demo/images/bannerclimabog.jpg HTTP/1.1" 200 170671
186.31.217.134 - - [24/Nov/2019:10:52:51 -0500] "GET /galeria/nivo-slider/demo/scripts/jquery-1.7.1.min.js HTTP/1.1" 200 93868
186.31.217.134 - - [24/Nov/2019:10:52:51 -0500] "GET /galeria/nivo-slider/jquery.nivo.slider.pack.js HTTP/1.1" 200 11561
186.31.217.134 - - [24/Nov/2019:10:52:51 -0500] "GET /galeria/nivo-slider/demo/images/bannerrendicion.jpg HTTP/1.1" 200 153938
186.31.217.134 - - [24/Nov/2019:10:52:51 -0500] "GET /galeria/nivo-slider/themes/default/loading.gif HTTP/1.1" 200 1737
186.31.217.134 - - [24/Nov/2019:10:52:51 -0500] "GET /galeria/nivo-slider/demo/images/bannerwebmusgo.jpg HTTP/1.1" 200 367364
186.31.217.134 - - [24/Nov/2019:10:52:51 -0500] "GET /galeria/nivo-slider/demo/images/Bannerpread.jpg HTTP/1.1" 200 256621
186.31.217.134 - - [24/Nov/2019:10:52:51 -0500] "GET /galeria/nivo-slider/demo/images/iniciativas-Ambientales.jpg HTTP/1.1" 200 201405
186.31.217.134 - - [24/Nov/2019:10:52:51 -0500] "GET /galeria/nivo-slider/demo/images/Bannerveterinaria.jpg HTTP/1.1" 200 254705
186.31.217.134 - - [24/Nov/2019:10:52:51 -0500] "GET /galeria/nivo-slider/demo/images/bannerincendios.jpg HTTP/1.1" 200 206070
186.31.217.134 - - [24/Nov/2019:10:52:51 -0500] "GET /galeria/nivo-slider/demo/images/banneragendamiento.jpg HTTP/1.1" 200 116897
54.218.94.254 - - [24/Nov/2019:10:52:52 -0500] "GET /robots.txt HTTP/1.1" 404 1154
186.31.217.134 - - [24/Nov/2019:10:52:52 -0500] "GET /galeria/nivo-slider/demo/images/4Simple_Slider.png HTTP/1.1" 200 11722
186.31.217.134 - - [24/Nov/2019:10:52:53 -0500] "GET /galeria/nivo-slider/demo/images/Banner%20tinguas.jpg HTTP/1.1" 200 214878
186.31.217.134 - - [24/Nov/2019:10:52:53 -0500] "GET /galeria/nivo-slider/demo/images/Bannerserpiente2019.jpg HTTP/1.1" 200 270374
186.31.217.134 - - [24/Nov/2019:10:52:53 -0500] "GET /galeria/nivo-slider/demo/images/Noviembre.png HTTP/1.1" 200 519399
186.31.217.134 - - [24/Nov/2019:10:52:53 -0500] "GET /galeria/nivo-slider/demo/images/puntos%20atencion%20BANNER.jpg HTTP/1.1" 200 244208
54.218.94.254 - - [24/Nov/2019:10:52:53 -0500] "GET / HTTP/1.1" 200 9990
95.216.19.59 - - [24/Nov/2019:10:52:53 -0500] "GET /SIG/index.php/ECS/126PM04-PR08.pdf/?dir=Control%20y%20mejora// HTTP/1.1" 200 3075
54.218.94.254 - - [24/Nov/2019:10:52:53 -0500] "GET /www.ambientebogota.gov.co/ HTTP/1.1" 404 1154
186.31.217.134 - - [24/Nov/2019:10:52:53 -0500] "GET /galeria/nivo-slider/demo/images/Banner%20Visor%20Geografico%20Ambiental.jpg HTTP/1.1" 200 204673
186.31.217.134 - - [24/Nov/2019:10:52:53 -0500] "GET /galeria/nivo-slider/demo/images/Banner%20consumo%20sostenible%20final.jpg HTTP/1.1" 200 364746
186.31.217.134 - - [24/Nov/2019:10:52:53 -0500] "GET /galeria/nivo-slider/demo/images/Banner%20RCD.jpg HTTP/1.1" 200 92197
186.31.217.134 - - [24/Nov/2019:10:52:53 -0500] "GET /galeria/nivo-slider/demo/images/Banner%20Conpes.jpg HTTP/1.1" 200 55220
190.248.251.208 - - [24/Nov/2019:10:52:53 -0500] "GET /galeria/galeria/fotos/Huemdal-el-Tunjo1P.jpg HTTP/1.1" 200 24430
190.248.251.208 - - [24/Nov/2019:10:52:54 -0500] "GET /galeria/galeria/fotos/Huemdal-el-Tunjo3P.jpg HTTP/1.1" 200 20644
190.248.251.208 - - [24/Nov/2019:10:52:54 -0500] "GET /galeria/galeria/fotos/Huemdal-el-Tunjo4P.jpg HTTP/1.1" 200 18710
186.31.217.134 - - [24/Nov/2019:10:52:54 -0500] "GET /galeria/nivo-slider/demo/images/Banner%20practicas%20sostenibles.jpg HTTP/1.1" 200 142958
186.31.217.134 - - [24/Nov/2019:10:52:54 -0500] "GET /galeria/nivo-slider/demo/images/Banner%20POT.png HTTP/1.1" 200 418238
186.31.217.134 - - [24/Nov/2019:10:52:54 -0500] "GET /galeria/nivo-slider/demo/images/Banneranonimos.png HTTP/1.1" 200 109388
95.216.19.59 - - [24/Nov/2019:10:52:56 -0500] "GET /SIG/index.php/ECS/126PM04-PR08.pdf/?dir=Direccionamiento%20Estrategico// HTTP/1.1" 200 4249
66.249.88.187 - - [24/Nov/2019:10:52:57 -0500] "GET /galeria/galeria/jquery.fancybox.css?v=2.1.5 HTTP/1.1" 200 4895
66.249.88.189 - - [24/Nov/2019:10:52:57 -0500] "GET /BLA/boletinlegal/js/jquery.scrollShow.js HTTP/1.1" 200 4586
66.249.88.191 - - [24/Nov/2019:10:52:57 -0500] "GET /galeria/galeria/jquery.fancybox.js?v=2.1.5 HTTP/1.1" 200 48706
186.31.217.134 - - [24/Nov/2019:10:52:58 -0500] "GET /galeria/nivo-slider/themes/default/arrows.png HTTP/1.1" 200 824
186.31.217.134 - - [24/Nov/2019:10:52:58 -0500] "GET /galeria/nivo-slider/themes/default/bullets.png HTTP/1.1" 200 1281
95.216.19.59 - - [24/Nov/2019:10:52:59 -0500] "GET /SIG/index.php/ECS/126PM04-PR08.pdf/?dir=ECS// HTTP/1.1" 200 16895
95.216.19.59 - - [24/Nov/2019:10:53:02 -0500] "GET /SIG/index.php/ECS/126PM04-PR08.pdf/?dir=Gestion%20Documental// HTTP/1.1" 200 5851
95.216.19.59 - - [24/Nov/2019:10:53:04 -0500] "GET /SIG/index.php/ECS/126PM04-PR08.pdf/?dir=Gestion%20Recursos%20Financieros// HTTP/1.1" 200 9159
95.216.19.59 - - [24/Nov/2019:10:53:07 -0500] "GET /SIG/index.php/ECS/126PM04-PR08.pdf/ECS/126PM04-PR103.pdf/?dir=&sort=date&order=asc/ HTTP/1.1" 200 5419
95.216.19.59 - - [24/Nov/2019:10:53:09 -0500] "GET /SIG/index.php/ECS/126PM04-PR08.pdf/ECS/126PM04-PR103.pdf/?dir=&sort=name&order=desc/ HTTP/1.1" 200 5419
190.248.251.208 - - [24/Nov/2019:10:53:11 -0500] "GET /galeria/galeria/fotos/Entrenube1P.jpg HTTP/1.1" 200 6959
190.248.251.208 - - [24/Nov/2019:10:53:11 -0500] "GET /galeria/galeria/fotos/Entrenube2P.jpg HTTP/1.1" 200 8416
190.248.251.208 - - [24/Nov/2019:10:53:11 -0500] "GET /galeria/galeria/fotos/Entrenube3P.jpg HTTP/1.1" 200 8487
190.248.251.208 - - [24/Nov/2019:10:53:11 -0500] "GET /galeria/galeria/fotos/Entrenube4P.jpg HTTP/1.1" 200 10881
95.216.19.59 - - [24/Nov/2019:10:53:13 -0500] "GET /SIG/index.php/ECS/126PM04-PR08.pdf/ECS/126PM04-PR103.pdf/?dir=&sort=size&order=asc/ HTTP/1.1" 200 5419
95.216.19.59 - - [24/Nov/2019:10:53:17 -0500] "GET /SIG/index.php/ECS/126PM04-PR08.pdf/ECS/126PM04-PR103.pdf/?dir=Comunicaciones// HTTP/1.1" 200 3382
95.216.19.59 - - [24/Nov/2019:10:53:20 -0500] "GET /SIG/index.php/ECS/126PM04-PR08.pdf/ECS/126PM04-PR103.pdf/?dir=Control%20Disciplinario// HTTP/1.1" 200 3181
95.216.19.59 - - [24/Nov/2019:10:53:22 -0500] "GET /SIG/index.php/ECS/126PM04-PR08.pdf/ECS/126PM04-PR103.pdf/?dir=Gestion%20Documental// HTTP/1.1" 200 6047
95.216.19.59 - - [24/Nov/2019:10:53:28 -0500] "GET /SIG/index.php/ECS/126PM04-PR08.pdf/ECS/126PM04-PR13.pdf/?dir=&sort=date&order=asc/ HTTP/1.1" 200 5400
95.216.19.59 - - [24/Nov/2019:10:53:32 -0500] "GET /SIG/index.php/ECS/126PM04-PR08.pdf/ECS/126PM04-PR13.pdf/?dir=&sort=name&order=desc/ HTTP/1.1" 200 5400
95.216.19.59 - - [24/Nov/2019:10:53:36 -0500] "GET /SIG/index.php/ECS/126PM04-PR08.pdf/ECS/126PM04-PR13.pdf/?dir=&sort=size&order=asc/ HTTP/1.1" 200 5400
216.244.66.195 - - [24/Nov/2019:10:53:38 -0500] "GET /BLA/resoluciones/AUTOS%202013/0065.pdf HTTP/1.1" 200 1041949
95.216.19.59 - - [24/Nov/2019:10:53:40 -0500] "GET /SIG/index.php/ECS/126PM04-PR08.pdf/ECS/126PM04-PR13.pdf/?dir=Comunicaciones// HTTP/1.1" 200 3375
35.161.30.183 - - [24/Nov/2019:10:53:42 -0500] "GET /robots.txt HTTP/1.1" 404 1154
35.161.30.183 - - [24/Nov/2019:10:53:42 -0500] "GET / HTTP/1.1" 200 9990
35.161.30.183 - - [24/Nov/2019:10:53:43 -0500] "GET /www.ambientebogota.gov.co/ HTTP/1.1" 404 1154
95.216.19.59 - - [24/Nov/2019:10:53:48 -0500] "GET /SIG/index.php/ECS/126PM04-PR08.pdf/ECS/126PM04-PR13.pdf/?dir=Control%20Disciplinario// HTTP/1.1" 200 3174
95.216.19.59 - - [24/Nov/2019:10:53:55 -0500] "GET /SIG/index.php/ECS/126PM04-PR08.pdf/ECS/126PM04-PR13.pdf/?dir=Control%20y%20mejora// HTTP/1.1" 200 3285
95.216.19.59 - - [24/Nov/2019:10:53:59 -0500] "GET /SIG/index.php/ECS/126PM04-PR08.pdf/ECS/126PM04-PR13.pdf/?dir=Direccionamiento%20Estrategico// HTTP/1.1" 200 4438
54.185.166.129 - - [24/Nov/2019:10:54:01 -0500] "GET /galeria/nivo-slider/demo/inicio.html HTTP/1.1" 200 5154
95.216.19.59 - - [24/Nov/2019:10:54:03 -0500] "GET /SIG/index.php/ECS/126PM04-PR08.pdf/ECS/126PM04-PR13.pdf/?dir=ECS// HTTP/1.1" 200 17084
95.216.19.59 - - [24/Nov/2019:10:54:06 -0500] "GET /SIG/index.php/ECS/126PM04-PR08.pdf/ECS/126PM04-PR13.pdf/?dir=Gestion%20Documental// HTTP/1.1" 200 6040
95.216.19.59 - - [24/Nov/2019:10:54:13 -0500] "GET /SIG/index.php/ECS/126PM04-PR08.pdf/ECS/126PM04-PR13.pdf/?dir=Gestion%20Recursos%20Financieros// HTTP/1.1" 200 9348
54.200.148.144 - - [24/Nov/2019:10:54:16 -0500] "GET /galeria/nivo-slider/demo/inicio.html HTTP/1.1" 200 5154
95.216.19.59 - - [24/Nov/2019:10:54:19 -0500] "GET /SIG/index.php/ECS/126PM04-PR08.pdf/ECS/126PM04-PR14.pdf/?dir=&sort=date&order=asc/ HTTP/1.1" 200 5400
95.216.19.59 - - [24/Nov/2019:10:54:24 -0500] "GET /SIG/index.php/ECS/126PM04-PR08.pdf/ECS/126PM04-PR14.pdf/?dir=&sort=name&order=desc/ HTTP/1.1" 200 5400
95.216.19.59 - - [24/Nov/2019:10:54:28 -0500] "GET /SIG/index.php/ECS/126PM04-PR08.pdf/ECS/126PM04-PR14.pdf/?dir=&sort=size&order=asc/ HTTP/1.1" 200 5400
192.168.175.104 - - [24/Nov/2019:10:54:30 -0500] "GET / HTTP/1.0" 200 9990
95.216.19.59 - - [24/Nov/2019:10:54:31 -0500] "GET /SIG/index.php/ECS/126PM04-PR08.pdf/ECS/126PM04-PR14.pdf/?dir=Comunicaciones// HTTP/1.1" 200 3375
95.216.19.59 - - [24/Nov/2019:10:54:36 -0500] "GET /SIG/index.php/ECS/126PM04-PR08.pdf/ECS/126PM04-PR14.pdf/?dir=Control%20Disciplinario// HTTP/1.1" 200 3174
95.216.19.59 - - [24/Nov/2019:10:54:38 -0500] "GET /SIG/index.php/ECS/126PM04-PR08.pdf/ECS/126PM04-PR14.pdf/?dir=Control%20y%20mejora// HTTP/1.1" 200 3285
192.168.175.104 - - [24/Nov/2019:10:54:42 -0500] "GET / HTTP/1.1" 200 9990
95.216.19.59 - - [24/Nov/2019:10:54:43 -0500] "GET /SIG/index.php/ECS/126PM04-PR08.pdf/ECS/126PM04-PR14.pdf/?dir=Direccionamiento%20Estrategico// HTTP/1.1" 200 4438
95.216.19.59 - - [24/Nov/2019:10:54:45 -0500] "GET /SIG/index.php/ECS/126PM04-PR08.pdf/ECS/126PM04-PR14.pdf/?dir=ECS// HTTP/1.1" 200 17084
95.216.19.59 - - [24/Nov/2019:10:54:49 -0500] "GET /SIG/index.php/ECS/126PM04-PR23.pdf/?dir=Gestion%20Documental// HTTP/1.1" 200 5851
95.216.19.59 - - [24/Nov/2019:10:54:52 -0500] "GET /SIG/index.php/ECS/126PM04-PR23.pdf/?dir=Gestion%20Documental//&sort=date&order=asc/ HTTP/1.1" 200 5850
95.216.19.59 - - [24/Nov/2019:10:54:55 -0500] "GET /SIG/index.php/ECS/126PM04-PR23.pdf/?dir=Gestion%20Documental//&sort=name&order=desc/ HTTP/1.1" 200 5850
95.216.19.59 - - [24/Nov/2019:10:54:57 -0500] "GET /SIG/index.php/ECS/126PM04-PR23.pdf/?dir=Gestion%20Documental//&sort=size&order=asc/ HTTP/1.1" 200 5850
95.216.19.59 - - [24/Nov/2019:10:55:00 -0500] "GET /SIG/index.php/ECS/126PM04-PR23.pdf/?dir=Gestion%20Recursos%20Financieros// HTTP/1.1" 200 9159
95.216.19.59 - - [24/Nov/2019:10:55:03 -0500] "GET /SIG/index.php/ECS/126PM04-PR25.pdf/?dir=&sort=date&order=asc/ HTTP/1.1" 200 4959
95.216.19.59 - - [24/Nov/2019:10:55:08 -0500] "GET /SIG/index.php/ECS/126PM04-PR25.pdf/?dir=&sort=name&order=desc/ HTTP/1.1" 200 4959
95.216.19.59 - - [24/Nov/2019:10:55:10 -0500] "GET /SIG/index.php/ECS/126PM04-PR25.pdf/?dir=&sort=size&order=asc/ HTTP/1.1" 200 4959
95.216.19.59 - - [24/Nov/2019:10:55:13 -0500] "GET /SIG/index.php/ECS/126PM04-PR25.pdf/?dir=Comunicaciones// HTTP/1.1" 200 3186
66.249.66.81 - - [24/Nov/2019:10:55:15 -0500] "GET /BLA/resoluciones/RESOLUCIONES%202007/RES%202007%202301%20AL%202400/RESOLUCION%202334%20DE%202007.pdf HTTP/1.1" 200 1598558
66.249.88.189 - - [24/Nov/2019:10:55:15 -0500] "GET /galeria/galeria/jquery.fancybox.css?v=2.1.5 HTTP/1.1" 200 4895
66.249.88.187 - - [24/Nov/2019:10:55:15 -0500] "GET /BLA/boletinlegal/js/jquery.scrollShow.js HTTP/1.1" 200 4586
66.249.88.189 - - [24/Nov/2019:10:55:16 -0500] "GET /galeria/galeria/jquery.fancybox.js?v=2.1.5 HTTP/1.1" 200 48706
95.216.19.59 - - [24/Nov/2019:10:55:16 -0500] "GET /SIG/index.php/ECS/126PM04-PR25.pdf/?dir=Control%20Disciplinario// HTTP/1.1" 200 2985
