40.77.167.0 - - [24/Nov/2019:03:43:47 -0500] "GET /SIG/Gesti%C3%B3n%20de%20Recursos%20F%C3%ADsicos/126PA04-PR07.pdf HTTP/1.1" 304 -
157.55.39.123 - - [24/Nov/2019:03:43:49 -0500] "GET /BLA/boletinlegal/Circulares/2012/Circular%20No.%207%20del%2008%20de%20Agosto%20de%202012.pdf HTTP/1.1" 200 972955
66.249.66.81 - - [24/Nov/2019:03:44:06 -0500] "GET /BLA/resoluciones/AUTOS%202016/2017.pdf HTTP/1.1" 200 366217
216.244.66.195 - - [24/Nov/2019:03:44:20 -0500] "GET /BLA/resoluciones/AUTOS%202011/3650.pdf HTTP/1.1" 200 418406
66.249.66.82 - - [24/Nov/2019:03:44:45 -0500] "GET /BLA/resoluciones/RESOLUCIONES%202017/3222.pdf HTTP/1.1" 200 825319
34.222.170.94 - - [24/Nov/2019:03:44:49 -0500] "GET /galeria/nivo-slider/demo/inicio.html HTTP/1.1" 200 5154
54.202.43.189 - - [24/Nov/2019:03:44:58 -0500] "GET /galeria/nivo-slider/demo/inicio.html HTTP/1.1" 200 5154
54.201.112.45 - - [24/Nov/2019:03:45:02 -0500] "GET /galeria/nivo-slider/demo/inicio.html HTTP/1.1" 200 5154
66.249.66.82 - - [24/Nov/2019:03:45:23 -0500] "GET /BLA/resoluciones/AUTOS%202017/5133.pdf HTTP/1.1" 200 1409380
18.236.122.2 - - [24/Nov/2019:03:45:39 -0500] "GET /galeria/nivo-slider/demo/inicio.html HTTP/1.1" 200 5154
34.219.12.144 - - [24/Nov/2019:03:45:48 -0500] "GET /robots.txt HTTP/1.1" 404 1154
34.219.12.144 - - [24/Nov/2019:03:45:48 -0500] "GET / HTTP/1.1" 200 9990
34.219.12.144 - - [24/Nov/2019:03:45:49 -0500] "GET /www.ambientebogota.gov.co/ HTTP/1.1" 404 1154
66.249.66.82 - - [24/Nov/2019:03:46:02 -0500] "GET /BLA/resoluciones/RESOLUCIONES%202009/5610.pdf HTTP/1.1" 200 130682
52.43.37.26 - - [24/Nov/2019:03:46:10 -0500] "GET /robots.txt HTTP/1.1" 404 1154
52.43.37.26 - - [24/Nov/2019:03:46:10 -0500] "GET / HTTP/1.1" 200 9990
52.43.37.26 - - [24/Nov/2019:03:46:11 -0500] "GET /www.ambientebogota.gov.co/ HTTP/1.1" 404 1154
69.162.124.232 - - [24/Nov/2019:03:46:32 -0500] "HEAD / HTTP/1.1" 200 -
34.222.83.19 - - [24/Nov/2019:03:46:35 -0500] "GET /galeria/nivo-slider/demo/inicio.html HTTP/1.1" 200 5154
216.244.66.195 - - [24/Nov/2019:03:46:40 -0500] "GET /BLA/resoluciones/AUTOS%202011/3660.pdf HTTP/1.1" 200 230775
34.219.254.53 - - [24/Nov/2019:03:46:49 -0500] "GET /galeria/nivo-slider/demo/inicio.html HTTP/1.1" 200 5154
40.77.167.0 - - [24/Nov/2019:03:45:22 -0500] "GET /BLA/boletinlegal/ HTTP/1.1" 200 68272
192.168.175.104 - - [24/Nov/2019:03:47:02 -0500] "GET / HTTP/1.0" 200 9990
190.24.20.76 - - [24/Nov/2019:03:47:07 -0500] "GET /galeria/galeria/jquery.fancybox.js?v=2.1.5 HTTP/1.1" 200 48706
190.24.20.76 - - [24/Nov/2019:03:47:07 -0500] "GET /galeria/galeria/jquery.fancybox.css?v=2.1.5 HTTP/1.1" 200 4895
190.24.20.76 - - [24/Nov/2019:03:47:07 -0500] "GET /BLA/boletinlegal/js/jquery.scrollShow.js HTTP/1.1" 200 4586
192.168.175.104 - - [24/Nov/2019:03:47:18 -0500] "GET / HTTP/1.1" 200 9990
54.214.208.162 - - [24/Nov/2019:03:47:18 -0500] "GET /robots.txt HTTP/1.1" 404 1154
54.214.208.162 - - [24/Nov/2019:03:47:19 -0500] "GET / HTTP/1.1" 200 9990
54.214.208.162 - - [24/Nov/2019:03:47:19 -0500] "GET /www.ambientebogota.gov.co/ HTTP/1.1" 404 1154
66.249.66.81 - - [24/Nov/2019:03:47:20 -0500] "GET /BLA/resoluciones/RESOLUCIONES%202011/1129.pdf HTTP/1.1" 200 295274
18.237.168.16 - - [24/Nov/2019:03:47:37 -0500] "GET /galeria/nivo-slider/demo/inicio.html HTTP/1.1" 200 5154
35.162.66.142 - - [24/Nov/2019:03:47:46 -0500] "GET /galeria/nivo-slider/demo/inicio.html HTTP/1.1" 200 5154
40.77.167.0 - - [24/Nov/2019:03:47:54 -0500] "GET /ecodirectorio/files/res/downloads/download_0098.pdf HTTP/1.1" 404 1019
157.55.39.157 - - [24/Nov/2019:03:47:55 -0500] "GET /SIG/Participaci%C3%83%C2%B3n/126PM01-PR07.pdf HTTP/1.1" 404 1019
66.249.66.81 - - [24/Nov/2019:03:47:59 -0500] "GET /BLA/resoluciones/RESOLUCIONES%202018/0992.pdf HTTP/1.1" 200 321257
190.24.20.76 - - [24/Nov/2019:03:48:12 -0500] "GET /BLA/boletinlegal/js/jquery.scrollShow.js HTTP/1.1" 304 -
190.24.20.76 - - [24/Nov/2019:03:48:12 -0500] "GET /galeria/galeria/jquery.fancybox.js?v=2.1.5 HTTP/1.1" 304 -
190.24.20.76 - - [24/Nov/2019:03:48:12 -0500] "GET /galeria/galeria/jquery.fancybox.css?v=2.1.5 HTTP/1.1" 304 -
34.215.64.145 - - [24/Nov/2019:03:48:36 -0500] "GET /galeria/nivo-slider/demo/inicio.html HTTP/1.1" 200 5154
66.249.66.81 - - [24/Nov/2019:03:48:38 -0500] "GET /BLA/resoluciones/RESOLUCIONES%202011/0811.pdf HTTP/1.1" 200 443918
91.103.66.203 - - [24/Nov/2019:03:48:39 -0500] "GET /galeria/carrusel/Carrusel/jquery.thumbnailScroller.css HTTP/1.1" 200 2066
91.103.66.203 - - [24/Nov/2019:03:48:39 -0500] "GET /galeria/galeria/jquery.fancybox.css?v=2.1.5 HTTP/1.1" 200 4895
91.103.66.203 - - [24/Nov/2019:03:48:41 -0500] "GET /galeria/nivo-slider/demo/inicio.html HTTP/1.1" 200 5154
91.103.66.203 - - [24/Nov/2019:03:48:41 -0500] "GET /galeria/nivo-slider/themes/default/default.css HTTP/1.1" 200 1569
91.103.66.203 - - [24/Nov/2019:03:48:41 -0500] "GET /galeria/nivo-slider/themes/pascal/pascal.css HTTP/1.1" 200 2258
35.160.12.57 - - [24/Nov/2019:03:48:41 -0500] "GET /galeria/nivo-slider/demo/inicio.html HTTP/1.1" 200 5154
91.103.66.203 - - [24/Nov/2019:03:48:41 -0500] "GET /galeria/nivo-slider/nivo-slider.css HTTP/1.1" 200 1507
91.103.66.203 - - [24/Nov/2019:03:48:41 -0500] "GET /galeria/nivo-slider/themes/orman/orman.css HTTP/1.1" 200 2152
91.103.66.203 - - [24/Nov/2019:03:48:41 -0500] "GET /galeria/nivo-slider/demo/style.css HTTP/1.1" 200 2222
216.244.66.195 - - [24/Nov/2019:03:48:59 -0500] "GET /BLA/resoluciones/AUTOS%202011/3777.pdf HTTP/1.1" 200 264349
34.220.115.91 - - [24/Nov/2019:03:49:03 -0500] "GET /galeria/nivo-slider/demo/inicio.html HTTP/1.1" 200 5154
66.249.66.81 - - [24/Nov/2019:03:49:17 -0500] "GET /BLA/resoluciones/RESOLUCIONES%202015/0545.pdf HTTP/1.1" 200 1608362
34.222.227.171 - - [24/Nov/2019:03:49:39 -0500] "GET /galeria/nivo-slider/demo/inicio.html HTTP/1.1" 200 5154
66.249.66.81 - - [24/Nov/2019:03:49:56 -0500] "GET /BLA/resoluciones/RESOLUCIONES%202010/1464.pdf HTTP/1.1" 200 434481
54.214.225.222 - - [24/Nov/2019:03:50:01 -0500] "GET /galeria/nivo-slider/demo/inicio.html HTTP/1.1" 200 5154
18.237.44.124 - - [24/Nov/2019:03:50:16 -0500] "GET /galeria/nivo-slider/demo/inicio.html HTTP/1.1" 200 5154
66.249.66.81 - - [24/Nov/2019:03:50:35 -0500] "GET /BLA/resoluciones/RESOLUCIONES%202009/6453.pdf HTTP/1.1" 200 437367
54.36.150.81 - - [24/Nov/2019:03:50:51 -0500] "GET /BLA/resoluciones/RESOLUCIONES%202003/RES%202003%20351-400/383.tif HTTP/1.1" 200 106012
216.244.66.195 - - [24/Nov/2019:03:51:03 -0500] "GET /BLA/resoluciones/AUTOS%202011/3799.pdf HTTP/1.1" 200 222633
54.36.150.140 - - [24/Nov/2019:03:51:11 -0500] "GET /BLA/resoluciones/index.php?dir=RESOLUCIONES+2003%2FRES+2003+551-600%2F HTTP/1.1" 200 11305
66.249.66.82 - - [24/Nov/2019:03:51:14 -0500] "GET /BLA/resoluciones/RESOLUCIONES%202010/0828.pdf HTTP/1.1" 200 102908
54.186.15.189 - - [24/Nov/2019:03:51:17 -0500] "GET /galeria/nivo-slider/demo/inicio.html HTTP/1.1" 200 5154
66.249.66.81 - - [24/Nov/2019:03:51:25 -0500] "GET /BLA/resoluciones/RESOLUCIONES%202008/5238.pdf HTTP/1.1" 200 342281
69.162.124.232 - - [24/Nov/2019:03:51:32 -0500] "HEAD / HTTP/1.1" 200 -
34.223.252.190 - - [24/Nov/2019:03:51:52 -0500] "GET /robots.txt HTTP/1.1" 404 1145
34.223.252.190 - - [24/Nov/2019:03:51:52 -0500] "GET /robots.txt HTTP/1.1" 404 1157
34.223.252.190 - - [24/Nov/2019:03:51:53 -0500] "GET / HTTP/1.1" 200 9990
34.223.252.190 - - [24/Nov/2019:03:51:53 -0500] "GET /www.ambientebogota.gov.co/ HTTP/1.1" 404 1157
66.249.66.81 - - [24/Nov/2019:03:51:53 -0500] "GET /BLA/resoluciones/AUTOS%202016/2762.pdf HTTP/1.1" 200 407965
192.168.175.104 - - [24/Nov/2019:03:52:00 -0500] "GET / HTTP/1.0" 200 9990
192.168.175.104 - - [24/Nov/2019:03:52:16 -0500] "GET / HTTP/1.1" 200 9990
66.249.66.82 - - [24/Nov/2019:03:52:32 -0500] "GET /BLA/resoluciones/RESOLUCIONES%202008/5089.pdf HTTP/1.1" 200 281730
34.214.242.233 - - [24/Nov/2019:03:53:00 -0500] "GET /galeria/nivo-slider/demo/inicio.html HTTP/1.1" 200 5154
54.245.61.251 - - [24/Nov/2019:03:53:06 -0500] "GET /robots.txt HTTP/1.1" 404 1154
54.245.61.251 - - [24/Nov/2019:03:53:06 -0500] "GET / HTTP/1.1" 200 9990
54.245.61.251 - - [24/Nov/2019:03:53:07 -0500] "GET /www.ambientebogota.gov.co/ HTTP/1.1" 404 1154
66.249.66.81 - - [24/Nov/2019:03:53:11 -0500] "GET /BLA/resoluciones/AUTOS%202007/1887.pdf HTTP/1.1" 200 74422
216.244.66.195 - - [24/Nov/2019:03:53:22 -0500] "GET /BLA/resoluciones/AUTOS%202011/3806.pdf HTTP/1.1" 200 235775
181.56.63.88 - - [24/Nov/2019:03:53:35 -0500] "GET /galeria/galeria/jquery.fancybox.js?v=2.1.5 HTTP/1.1" 200 48706
181.56.63.88 - - [24/Nov/2019:03:53:35 -0500] "GET /BLA/boletinlegal/js/jquery.scrollShow.js HTTP/1.1" 200 4586
181.56.63.88 - - [24/Nov/2019:03:53:35 -0500] "GET /galeria/galeria/jquery.fancybox.css?v=2.1.5 HTTP/1.1" 200 4895
181.56.63.88 - - [24/Nov/2019:03:53:35 -0500] "GET /galeria/carrusel/Carrusel/jquery.thumbnailScroller.css HTTP/1.1" 200 2066
181.56.63.88 - - [24/Nov/2019:03:53:35 -0500] "GET /galeria/carrusel/Carrusel/jquery-ui-1.8.13.custom.min.js HTTP/1.1" 200 10800
181.56.63.88 - - [24/Nov/2019:03:53:35 -0500] "GET /galeria/carrusel/Carrusel/jquery.thumbnailScroller.js HTTP/1.1" 200 8157
181.56.63.88 - - [24/Nov/2019:03:53:36 -0500] "GET /galeria/nivo-slider/demo/inicio.html HTTP/1.1" 200 5154
181.56.63.88 - - [24/Nov/2019:03:53:36 -0500] "GET /galeria/nivo-slider/themes/default/default.css HTTP/1.1" 200 1569
181.56.63.88 - - [24/Nov/2019:03:53:36 -0500] "GET /galeria/nivo-slider/themes/pascal/pascal.css HTTP/1.1" 200 2258
181.56.63.88 - - [24/Nov/2019:03:53:36 -0500] "GET /galeria/nivo-slider/themes/orman/orman.css HTTP/1.1" 200 2152
181.56.63.88 - - [24/Nov/2019:03:53:36 -0500] "GET /galeria/nivo-slider/nivo-slider.css HTTP/1.1" 200 1507
181.56.63.88 - - [24/Nov/2019:03:53:36 -0500] "GET /galeria/nivo-slider/demo/style.css HTTP/1.1" 200 2222
181.56.63.88 - - [24/Nov/2019:03:53:36 -0500] "GET /galeria/nivo-slider/jquery.nivo.slider.pack.js HTTP/1.1" 200 11561
181.56.63.88 - - [24/Nov/2019:03:53:36 -0500] "GET /galeria/nivo-slider/demo/scripts/jquery-1.7.1.min.js HTTP/1.1" 200 93868
181.56.63.88 - - [24/Nov/2019:03:53:36 -0500] "GET /galeria/nivo-slider/demo/images/bannerclimabog.jpg HTTP/1.1" 200 170671
181.56.63.88 - - [24/Nov/2019:03:53:36 -0500] "GET /galeria/nivo-slider/demo/images/bannerrendicion.jpg HTTP/1.1" 200 153938
181.56.63.88 - - [24/Nov/2019:03:53:36 -0500] "GET /galeria/nivo-slider/demo/images/bannerwebmusgo.jpg HTTP/1.1" 200 367364
181.56.63.88 - - [24/Nov/2019:03:53:36 -0500] "GET /galeria/nivo-slider/demo/images/Bannerpread.jpg HTTP/1.1" 200 256621
181.56.63.88 - - [24/Nov/2019:03:53:36 -0500] "GET /galeria/nivo-slider/demo/images/iniciativas-Ambientales.jpg HTTP/1.1" 200 201405
181.56.63.88 - - [24/Nov/2019:03:53:37 -0500] "GET /galeria/nivo-slider/demo/images/Bannerveterinaria.jpg HTTP/1.1" 200 254705
181.56.63.88 - - [24/Nov/2019:03:53:37 -0500] "GET /galeria/nivo-slider/demo/images/bannerincendios.jpg HTTP/1.1" 200 206070
181.56.63.88 - - [24/Nov/2019:03:53:37 -0500] "GET /galeria/nivo-slider/demo/images/banneragendamiento.jpg HTTP/1.1" 200 116897
181.56.63.88 - - [24/Nov/2019:03:53:37 -0500] "GET /galeria/nivo-slider/demo/images/Banner%20tinguas.jpg HTTP/1.1" 200 214878
181.56.63.88 - - [24/Nov/2019:03:53:37 -0500] "GET /galeria/nivo-slider/demo/images/Bannerserpiente2019.jpg HTTP/1.1" 200 270374
181.56.63.88 - - [24/Nov/2019:03:53:37 -0500] "GET /galeria/nivo-slider/demo/images/Noviembre.png HTTP/1.1" 200 519399
181.56.63.88 - - [24/Nov/2019:03:53:38 -0500] "GET /galeria/nivo-slider/demo/images/puntos%20atencion%20BANNER.jpg HTTP/1.1" 200 244208
181.56.63.88 - - [24/Nov/2019:03:53:38 -0500] "GET /galeria/nivo-slider/demo/images/Banner%20Visor%20Geografico%20Ambiental.jpg HTTP/1.1" 200 204673
181.56.63.88 - - [24/Nov/2019:03:53:38 -0500] "GET /galeria/nivo-slider/demo/images/Banner%20consumo%20sostenible%20final.jpg HTTP/1.1" 200 364746
181.56.63.88 - - [24/Nov/2019:03:53:38 -0500] "GET /galeria/nivo-slider/demo/images/Banner%20RCD.jpg HTTP/1.1" 200 92197
181.56.63.88 - - [24/Nov/2019:03:53:39 -0500] "GET /galeria/nivo-slider/demo/images/Banner%20Conpes.jpg HTTP/1.1" 200 55220
181.56.63.88 - - [24/Nov/2019:03:53:39 -0500] "GET /galeria/nivo-slider/demo/images/Banner%20practicas%20sostenibles.jpg HTTP/1.1" 200 142958
181.56.63.88 - - [24/Nov/2019:03:53:39 -0500] "GET /galeria/nivo-slider/demo/images/Banner%20POT.png HTTP/1.1" 200 418238
181.56.63.88 - - [24/Nov/2019:03:53:39 -0500] "GET /galeria/nivo-slider/demo/images/Banneranonimos.png HTTP/1.1" 200 109388
181.56.63.88 - - [24/Nov/2019:03:53:39 -0500] "GET /galeria/nivo-slider/demo/images/4Simple_Slider.png HTTP/1.1" 200 11722
181.56.63.88 - - [24/Nov/2019:03:53:39 -0500] "GET /galeria/nivo-slider/themes/default/loading.gif HTTP/1.1" 200 1737
181.56.63.88 - - [24/Nov/2019:03:53:40 -0500] "GET /galeria/nivo-slider/themes/default/arrows.png HTTP/1.1" 200 824
181.56.63.88 - - [24/Nov/2019:03:53:40 -0500] "GET /galeria/nivo-slider/themes/default/bullets.png HTTP/1.1" 200 1281
66.249.66.81 - - [24/Nov/2019:03:53:50 -0500] "GET /BLA/resoluciones/RESOLUCIONES%202015/1026.pdf HTTP/1.1" 200 1263799
181.56.63.88 - - [24/Nov/2019:03:54:16 -0500] "GET /BLA/boletinlegal/js/jquery.scrollShow.js HTTP/1.1" 200 4586
181.56.63.88 - - [24/Nov/2019:03:54:16 -0500] "GET /galeria/galeria/jquery.fancybox.js?v=2.1.5 HTTP/1.1" 200 48706
181.56.63.88 - - [24/Nov/2019:03:54:16 -0500] "GET /galeria/galeria/jquery.fancybox.css?v=2.1.5 HTTP/1.1" 200 4895
181.56.63.88 - - [24/Nov/2019:03:54:18 -0500] "GET /BLA/boletinlegal/js/jquery.scrollShow.js HTTP/1.1" 304 -
181.56.63.88 - - [24/Nov/2019:03:54:18 -0500] "GET /galeria/galeria/jquery.fancybox.js?v=2.1.5 HTTP/1.1" 304 -
181.56.63.88 - - [24/Nov/2019:03:54:18 -0500] "GET /galeria/galeria/jquery.fancybox.css?v=2.1.5 HTTP/1.1" 304 -
66.249.66.82 - - [24/Nov/2019:03:54:29 -0500] "GET /BLA/resoluciones/AUTOS%202016/1352.pdf HTTP/1.1" 200 310487
52.43.198.145 - - [24/Nov/2019:03:54:38 -0500] "GET /galeria/nivo-slider/demo/inicio.html HTTP/1.1" 200 5154
66.249.66.82 - - [24/Nov/2019:03:55:08 -0500] "GET /BLA/resoluciones/Notificaciones/AUTOS%202018/03214.pdf HTTP/1.1" 200 296712
34.212.159.132 - - [24/Nov/2019:03:55:27 -0500] "GET /galeria/nivo-slider/demo/inicio.html HTTP/1.1" 200 5154
216.244.66.195 - - [24/Nov/2019:03:55:39 -0500] "GET /BLA/resoluciones/AUTOS%202011/3891.pdf HTTP/1.1" 200 251412
18.237.198.74 - - [24/Nov/2019:03:56:05 -0500] "GET /galeria/nivo-slider/demo/inicio.html HTTP/1.1" 200 5154
46.229.168.148 - - [24/Nov/2019:03:56:10 -0500] "GET /robots.txt HTTP/1.1" 404 1019
46.229.168.141 - - [24/Nov/2019:03:56:10 -0500] "GET /Autoliquidacion/index.php?dir=TR%C3%83%C2%83%C3%82%C2%83%C3%83%C2%82%C3%82%C2%83%C3%83%C2%83%C3%82%C2%82%C3%83%C2%82%C3%82%C2%83%C3%83%C2%83%C3%82%C2%83%C3%83%C2%82%C3%82%C2%82%C3%83%C2%83%C3%82%C2%82%C3%83%C2%82%C3%82%C2%81MITES%2BACEITES-RESIDUOS-ESTACIONES%2F&order=desc&sort=date HTTP/1.1" 200 6828
54.148.171.4 - - [24/Nov/2019:03:56:12 -0500] "GET /galeria/nivo-slider/demo/inicio.html HTTP/1.1" 200 5154
66.249.66.80 - - [24/Nov/2019:03:56:26 -0500] "GET /POT-2013/Cartografia/07_Incendios_V1_2013.pdf HTTP/1.1" 200 4039665
54.189.118.12 - - [24/Nov/2019:03:56:32 -0500] "GET /galeria/nivo-slider/demo/inicio.html HTTP/1.1" 200 5154
69.162.124.232 - - [24/Nov/2019:03:56:32 -0500] "HEAD / HTTP/1.1" 200 -
66.249.66.81 - - [24/Nov/2019:03:56:44 -0500] "GET /BLA/resoluciones/AUTOS%202014/5778.pdf HTTP/1.1" 200 464045
192.168.175.104 - - [24/Nov/2019:03:56:58 -0500] "GET / HTTP/1.0" 200 9990
66.249.66.84 - - [24/Nov/2019:03:57:05 -0500] "GET /BLA/resoluciones/AUTOS%202011/6327.pdf HTTP/1.1" 304 -
52.39.160.198 - - [24/Nov/2019:03:57:08 -0500] "GET /galeria/nivo-slider/demo/inicio.html HTTP/1.1" 200 5154
216.244.66.195 - - [24/Nov/2019:03:57:11 -0500] "GET /BLA/resoluciones/AUTOS%202011/3992.pdf HTTP/1.1" 200 284101
192.168.175.104 - - [24/Nov/2019:03:57:14 -0500] "GET / HTTP/1.1" 200 9990
66.249.66.82 - - [24/Nov/2019:03:57:44 -0500] "GET /BLA/resoluciones/RESOLUCIONES%202010/7076.pdf HTTP/1.1" 200 524214
216.244.66.195 - - [24/Nov/2019:03:58:04 -0500] "GET /BLA/resoluciones/AUTOS%202012/0227.pdf HTTP/1.1" 200 165931
54.201.185.214 - - [24/Nov/2019:03:58:17 -0500] "GET /galeria/nivo-slider/demo/inicio.html HTTP/1.1" 200 5154
54.202.192.133 - - [24/Nov/2019:03:58:22 -0500] "GET /galeria/nivo-slider/demo/inicio.html HTTP/1.1" 200 5154
66.249.66.81 - - [24/Nov/2019:03:58:23 -0500] "GET /BLA/resoluciones/AUTOS%202015/4192.pdf HTTP/1.1" 200 316769
152.61.192.232 - - [24/Nov/2019:03:59:07 -0500] "GET / HTTP/1.1" 200 9990
52.43.66.85 - - [24/Nov/2019:03:59:07 -0500] "GET /robots.txt HTTP/1.1" 404 1154
52.43.66.85 - - [24/Nov/2019:03:59:07 -0500] "GET / HTTP/1.1" 200 9990
52.43.66.85 - - [24/Nov/2019:03:59:08 -0500] "GET /www.ambientebogota.gov.co/ HTTP/1.1" 404 1154
18.237.158.14 - - [24/Nov/2019:03:59:09 -0500] "GET /galeria/nivo-slider/demo/inicio.html HTTP/1.1" 200 5154
52.13.65.1 - - [24/Nov/2019:03:59:25 -0500] "GET /robots.txt HTTP/1.1" 404 1154
52.13.65.1 - - [24/Nov/2019:03:59:26 -0500] "GET / HTTP/1.1" 200 9990
52.13.65.1 - - [24/Nov/2019:03:59:26 -0500] "GET /www.ambientebogota.gov.co/ HTTP/1.1" 404 1154
52.13.65.1 - - [24/Nov/2019:03:59:27 -0500] "GET /galeria/nivo-slider/demo/inicio.html HTTP/1.1" 200 5154
152.61.192.232 - - [24/Nov/2019:03:59:07 -0500] "GET /arcgis/services/Calidad_del_Agua_WQI/MapServer/WMSServer?request=GetCapabilities&service=WMS HTTP/1.1" 503 1020
152.61.192.232 - - [24/Nov/2019:03:59:29 -0500] "GET /arcgis/services/Calidad_del_Agua_WQI/MapServer/WMSServer?SERVICE=WMS&REQUEST=GetCapabilities HTTP/1.1" 503 1020
152.61.192.232 - - [24/Nov/2019:03:59:29 -0500] "GET /arcgis/services/Calidad_del_Agua_WQI/MapServer/WMSServer?WMTVER=1.0.0&REQUEST=capabilities HTTP/1.1" 503 1020
173.212.241.58 - - [24/Nov/2019:03:59:31 -0500] "GET /robots.txt HTTP/1.1" 404 1015
173.212.241.58 - - [24/Nov/2019:03:59:41 -0500] "GET /PruebasSTORM/StormSDA_pruebas/userFiles/user_files/formatos/?C=N;O=D/ HTTP/1.1" 200 12852
173.212.241.58 - - [24/Nov/2019:03:59:49 -0500] "GET /StormSDA/userFiles%20-%20Copy%2019-07-2012/user_files/92/?C=N;O=D/ HTTP/1.1" 200 873
173.212.241.58 - - [24/Nov/2019:04:00:10 -0500] "GET /StormSDA/userFiles%20-%20Copy%2019-07-2012/user_files/98/?C=N;O=D/ HTTP/1.1" 200 873
216.244.66.195 - - [24/Nov/2019:04:00:17 -0500] "GET /BLA/resoluciones/AUTOS%202012/0243.pdf HTTP/1.1" 200 295494
34.214.63.71 - - [24/Nov/2019:04:00:18 -0500] "GET /galeria/nivo-slider/demo/inicio.html HTTP/1.1" 200 5154
66.249.66.81 - - [24/Nov/2019:04:00:20 -0500] "GET /BLA/resoluciones/RESOLUCIONES%202010/6426.pdf HTTP/1.1" 304 -
173.212.241.58 - - [24/Nov/2019:04:00:28 -0500] "GET /StormSDA/userFiles%20-%20Copy%2019-07-2012/user_files/formulas/4/?C=D;O=D/ HTTP/1.1" 200 898
65.154.226.220 - - [24/Nov/2019:04:00:29 -0500] "GET /BLA/boletinlegal/js/jquery.scrollShow.js HTTP/1.1" 200 4586
65.154.226.220 - - [24/Nov/2019:04:00:29 -0500] "GET /galeria/galeria/jquery.fancybox.js?v=2.1.5 HTTP/1.1" 200 48706
173.212.241.58 - - [24/Nov/2019:04:00:35 -0500] "GET /StormSDA/userFiles%20-%20Copy%2019-07-2012/user_files/formulas/4/?C=S;O=D/ HTTP/1.1" 200 898
173.212.241.58 - - [24/Nov/2019:04:00:52 -0500] "GET /StormSDA/userFiles/?C=N;O=D/ HTTP/1.1" 200 6083
173.212.241.58 - - [24/Nov/2019:04:00:58 -0500] "GET /StormSDA/userFiles/user_files/91/?C=D;O=A/ HTTP/1.1" 200 813
216.244.66.195 - - [24/Nov/2019:04:01:08 -0500] "GET /BLA/resoluciones/AUTOS%202012/0295.pdf HTTP/1.1" 200 219992
173.212.241.58 - - [24/Nov/2019:04:01:12 -0500] "GET /StormSDA/userFiles/user_files/91/?C=M;O=A/ HTTP/1.1" 200 813
173.212.241.58 - - [24/Nov/2019:04:01:24 -0500] "GET /StormSDA/userFiles/user_files/91/?C=N;O=D/ HTTP/1.1" 200 813
173.212.241.58 - - [24/Nov/2019:04:01:30 -0500] "GET /StormSDA/userFiles/user_files/91/?C=S;O=A/ HTTP/1.1" 200 813
54.149.235.40 - - [24/Nov/2019:04:01:31 -0500] "GET /galeria/nivo-slider/demo/inicio.html HTTP/1.1" 200 5154
69.162.124.232 - - [24/Nov/2019:04:01:32 -0500] "HEAD / HTTP/1.1" 200 -
66.249.66.81 - - [24/Nov/2019:04:01:38 -0500] "GET /BLA/resoluciones/AUTOS%202015/0549.pdf HTTP/1.1" 200 521940
173.212.241.58 - - [24/Nov/2019:04:01:44 -0500] "GET /StormSDA/userFiles/user_files/94/?C=D;O=A/ HTTP/1.1" 200 813
173.212.241.58 - - [24/Nov/2019:04:01:49 -0500] "GET /StormSDA/userFiles/user_files/94/?C=M;O=A/ HTTP/1.1" 200 813
192.168.175.104 - - [24/Nov/2019:04:01:56 -0500] "GET / HTTP/1.0" 200 9990
173.212.241.58 - - [24/Nov/2019:04:02:02 -0500] "GET /StormSDA/userFiles/user_files/95/?C=N;O=D/ HTTP/1.1" 200 813
66.249.66.82 - - [24/Nov/2019:04:02:03 -0500] "GET /BLA/resoluciones/AUTOS%202017/2955.pdf HTTP/1.1" 200 220584
54.186.242.113 - - [24/Nov/2019:04:02:08 -0500] "GET /robots.txt HTTP/1.1" 404 1154
54.186.242.113 - - [24/Nov/2019:04:02:08 -0500] "GET / HTTP/1.1" 200 9990
54.186.242.113 - - [24/Nov/2019:04:02:09 -0500] "GET /www.ambientebogota.gov.co/ HTTP/1.1" 404 1154
173.212.241.58 - - [24/Nov/2019:04:02:10 -0500] "GET /StormSDA/userFiles/user_files/97/?C=N;O=D/ HTTP/1.1" 200 813
192.168.175.104 - - [24/Nov/2019:04:02:12 -0500] "GET / HTTP/1.1" 200 9990
52.40.177.47 - - [24/Nov/2019:04:02:12 -0500] "GET /galeria/nivo-slider/demo/inicio.html HTTP/1.1" 200 5154
66.249.66.83 - - [24/Nov/2019:04:02:17 -0500] "GET /BLA/resoluciones/RESOLUCIONES%202009/0485.pdf HTTP/1.1" 304 -
173.212.241.58 - - [24/Nov/2019:04:02:20 -0500] "GET /StormSDA/userFiles/user_files/98/?C=N;O=D/ HTTP/1.1" 200 813
173.212.241.58 - - [24/Nov/2019:04:02:30 -0500] "GET /robots.txt HTTP/1.1" 404 1015
173.212.241.58 - - [24/Nov/2019:04:02:45 -0500] "GET /StormSDA/userFiles/user_files/formulas/2/?C=M;O=D/ HTTP/1.1" 200 839
173.212.241.58 - - [24/Nov/2019:04:02:51 -0500] "GET /galeria/Carrusel2/?C=N;O=D/ HTTP/1.1" 200 2143
173.212.241.58 - - [24/Nov/2019:04:02:59 -0500] "GET /galeria/Carrusel2/?C=S;O=A/ HTTP/1.1" 200 2143
173.212.241.58 - - [24/Nov/2019:04:03:08 -0500] "GET /galeria/carrusel/?C=M;O=D/ HTTP/1.1" 200 971
173.212.241.58 - - [24/Nov/2019:04:03:22 -0500] "GET /robots.txt HTTP/1.1" 404 1019
54.189.105.220 - - [24/Nov/2019:04:03:27 -0500] "GET /robots.txt HTTP/1.1" 404 1154
54.189.105.220 - - [24/Nov/2019:04:03:28 -0500] "GET / HTTP/1.1" 200 9990
54.189.105.220 - - [24/Nov/2019:04:03:28 -0500] "GET /www.ambientebogota.gov.co/ HTTP/1.1" 404 1154
216.244.66.195 - - [24/Nov/2019:04:03:28 -0500] "GET /BLA/resoluciones/AUTOS%202012/0481.pdf HTTP/1.1" 200 323769
173.212.241.58 - - [24/Nov/2019:04:03:29 -0500] "GET /Anexos%20estudio%20Organizacional%20SDA/index.php?dir=ANEXO%20No.%2010%20-%20COSTO%20DETALLADO%20PLANTA%20DE%20CARGOS%20ACTUAL// HTTP/1.1" 200 2614
173.212.241.58 - - [24/Nov/2019:04:03:35 -0500] "GET /Autoliquidacion/index.php?dir=Cobro%20Clasificacion%20Uso%20De%20Vivenda%20En%20Suelo%20Restringido// HTTP/1.1" 200 2683
66.249.66.82 - - [24/Nov/2019:04:03:35 -0500] "GET /BLA/resoluciones/RESOLUCIONES%202014/3851.pdf HTTP/1.1" 304 -
18.236.241.158 - - [24/Nov/2019:04:03:45 -0500] "GET /galeria/nivo-slider/demo/inicio.html HTTP/1.1" 200 5154
54.184.115.239 - - [24/Nov/2019:04:03:45 -0500] "GET /galeria/nivo-slider/demo/inicio.html HTTP/1.1" 200 5154
173.212.241.58 - - [24/Nov/2019:04:03:47 -0500] "GET /Autoliquidacion/index.php?dir=Grupo%20Forestal%20-%20Industria%20de%20la%20Madera// HTTP/1.1" 200 4963
54.68.244.146 - - [24/Nov/2019:04:03:47 -0500] "GET /galeria/nivo-slider/demo/inicio.html HTTP/1.1" 200 5154
173.212.241.58 - - [24/Nov/2019:04:03:53 -0500] "GET /Autoliquidacion/index.php?dir=Grupo%20Forestal%20-%20Silvicultura// HTTP/1.1" 200 4850
173.212.241.58 - - [24/Nov/2019:04:03:59 -0500] "GET /SIG/index.php?dir=/ HTTP/1.1" 200 4517
173.212.241.58 - - [24/Nov/2019:04:04:08 -0500] "GET /SIG/index.php?dir=Control%20y%20mejora// HTTP/1.1" 200 2871
173.212.241.58 - - [24/Nov/2019:04:04:14 -0500] "GET /StormSDA/userFiles/user_files/1/?C=N;O=D/ HTTP/1.1" 200 1691
173.212.241.58 - - [24/Nov/2019:04:04:27 -0500] "GET /StormSDA/userFiles/user_files/89/?C=D;O=A/ HTTP/1.1" 200 817
173.212.241.58 - - [24/Nov/2019:04:04:39 -0500] "GET /StormSDA/userFiles/user_files/89/?C=M;O=A/ HTTP/1.1" 200 817
173.212.241.58 - - [24/Nov/2019:04:04:45 -0500] "GET /StormSDA/userFiles/user_files/89/?C=N;O=D/ HTTP/1.1" 200 817
34.211.50.10 - - [24/Nov/2019:04:05:00 -0500] "GET /galeria/nivo-slider/demo/inicio.html HTTP/1.1" 200 5154
173.212.241.58 - - [24/Nov/2019:04:05:05 -0500] "GET /StormSDA/userFiles/user_files/98/?C=D;O=A/ HTTP/1.1" 200 817
216.244.66.195 - - [24/Nov/2019:04:05:10 -0500] "GET /BLA/resoluciones/AUTOS%202012/0707.pdf HTTP/1.1" 200 209819
34.208.200.232 - - [24/Nov/2019:04:05:11 -0500] "GET /galeria/nivo-slider/demo/inicio.html HTTP/1.1" 200 5154
66.249.66.81 - - [24/Nov/2019:04:05:32 -0500] "GET /BLA/resoluciones/RESOLUCIONES%202017/0812.pdf HTTP/1.1" 200 643664
52.13.6.235 - - [24/Nov/2019:04:06:13 -0500] "GET /galeria/nivo-slider/demo/inicio.html HTTP/1.1" 200 5154
69.162.124.232 - - [24/Nov/2019:04:06:32 -0500] "HEAD / HTTP/1.1" 200 -
216.244.66.195 - - [24/Nov/2019:04:06:36 -0500] "GET /BLA/resoluciones/AUTOS%202012/0938.pdf HTTP/1.1" 200 171751
54.214.119.5 - - [24/Nov/2019:04:06:47 -0500] "GET /robots.txt HTTP/1.1" 404 1154
54.214.119.5 - - [24/Nov/2019:04:06:47 -0500] "GET / HTTP/1.1" 200 9990
54.214.119.5 - - [24/Nov/2019:04:06:48 -0500] "GET /www.ambientebogota.gov.co/ HTTP/1.1" 404 1154
192.168.175.104 - - [24/Nov/2019:04:06:54 -0500] "GET / HTTP/1.0" 200 9990
34.222.247.210 - - [24/Nov/2019:04:06:55 -0500] "GET /robots.txt HTTP/1.1" 404 1154
34.222.247.210 - - [24/Nov/2019:04:06:55 -0500] "GET / HTTP/1.1" 200 9990
34.222.247.210 - - [24/Nov/2019:04:06:56 -0500] "GET /www.ambientebogota.gov.co/ HTTP/1.1" 404 1154
192.168.175.104 - - [24/Nov/2019:04:07:10 -0500] "GET / HTTP/1.1" 200 9990
54.213.160.245 - - [24/Nov/2019:04:07:13 -0500] "GET /robots.txt HTTP/1.1" 404 1154
54.213.160.245 - - [24/Nov/2019:04:07:13 -0500] "GET / HTTP/1.1" 200 9990
54.213.160.245 - - [24/Nov/2019:04:07:14 -0500] "GET /www.ambientebogota.gov.co/ HTTP/1.1" 404 1154
54.36.148.189 - - [24/Nov/2019:04:07:43 -0500] "GET /BLA/resoluciones/RESOLUCIONES%202003/RES%202003%201951-2000/00001985.tif HTTP/1.1" 200 115262
54.214.171.108 - - [24/Nov/2019:04:07:46 -0500] "GET /galeria/nivo-slider/demo/inicio.html HTTP/1.1" 200 5154
54.202.56.11 - - [24/Nov/2019:04:08:31 -0500] "GET /robots.txt HTTP/1.1" 404 1154
54.202.56.11 - - [24/Nov/2019:04:08:32 -0500] "GET / HTTP/1.1" 200 9990
34.213.139.43 - - [24/Nov/2019:04:08:32 -0500] "GET /robots.txt HTTP/1.1" 404 1154
34.213.139.43 - - [24/Nov/2019:04:08:32 -0500] "GET / HTTP/1.1" 200 9990
54.202.56.11 - - [24/Nov/2019:04:08:32 -0500] "GET /www.ambientebogota.gov.co/ HTTP/1.1" 404 1154
34.213.139.43 - - [24/Nov/2019:04:08:33 -0500] "GET /www.ambientebogota.gov.co/ HTTP/1.1" 404 1154
34.216.178.89 - - [24/Nov/2019:04:08:44 -0500] "GET /galeria/nivo-slider/demo/inicio.html HTTP/1.1" 200 5154
54.244.185.196 - - [24/Nov/2019:04:08:54 -0500] "GET /galeria/nivo-slider/demo/inicio.html HTTP/1.1" 200 5154
34.211.215.249 - - [24/Nov/2019:04:09:20 -0500] "GET /galeria/nivo-slider/demo/inicio.html HTTP/1.1" 200 5154
152.61.128.50 - - [24/Nov/2019:04:09:37 -0500] "GET / HTTP/1.1" 200 9990
46.229.168.138 - - [24/Nov/2019:04:09:52 -0500] "GET /Anexos%20estudio%20Organizacional%20SDA/index.php?dir=ANEXO%2BNo.%2B8%2B-%2BMATRICES%2BDE%2BREGISTRO%2BY%2BDE%2BSALIDA%2BMEDICI%C3%83%C2%83%C3%82%C2%83%C3%83%C2%82%C3%82%C2%83%C3%83%C2%83%C3%82%C2%82%C3%83%C2%82%C3%82%C2%83%C3%83%C2%83%C3%82%C2%83%C3%83%C2%82%C3%82%C2%82%C3%83%C2%83%C3%82%C2%82%C3%83%C2%82%C3%82%C2%83%C3%83%C2%83%C3%82%C2%83%C3%83%C2%82%C3%82%C2%83%C3%83%C2%83%C3%82%C2%82%C3%83%C2%82%C3%82%C2%82%C3%83%C2%83%C3%82%C2%83%C3%83%C2%82%C3%82%C2%82%C3%83%C2%83%C3%82%C2%82%C3%83%C2%82%C3%82%C2%83%C3%83%C2%83%C3%82%C2%83%C3%83%C2%82%C3%82%C2%83%C3%83%C2%83%C3%82%C2%82%C3%83%C2%82%C3%82%C2%83%C3%83%C2%83%C3%82%C2%83%C3%83%C2%82%C3%82%C2%82%C3%83%C2%83%C3%82%C2%82%C3%83%C2%82%C3%82%C2%82%C3%83%C2%83%C3%82%C2%83%C3%83%C2%82%C3%82%C2%83%C3%83%C2%83%C3%82%C2%82%C3%83%C2%82%C3%82%C2%82%C3%83%C2%83%C3%82%C2%83%C3%83%C2%82%C3%82%C2%82%C3%83%C2%83%C3%82%C2%82%C3%83%C2%82%C3%82%C2%83%C3%83%C2%83%C3%82%C2%83%C3%83%C2%82%C3%82%C2%83%C3%83%C2%83%C3%82%C2%82%C3%83%C2%82%C3%82%C2%83%C3%83%C2%83%C3%82%C2%83%C3%83%C2%82%C3%82%C2%82%C3%83%C2%83%C3%82%C2%82%C3%83%C2%82%C3%82%C2%83%C3%83%C2%83%C3%82%C2%83%C3%83%C2%82%C3%82%C2%83%C3%83%C2%83%C3%82%C2%82%C3%83%C2%82%C3%82%C2%82%C3%83%C2%83%C3%82%C2%83%C3%83%C2%82%C3%82%C2%82%C3%83%C2%83%C3%82%C2%82%C3%83%C2%82%C3%82%C2%82%C3%83%C2%83%C3%82%C2%83%C3%83%C2%82%C3%82%C2%83%C3%83%C2%83%C3%82%C2%82%C3%83%C2%82%C3%82%C2%83%C3%83%C2%83%C3%82%C2%83%C3%83%C2%82%C3%82%C2%82%C3%83%C2%83%C3%82%C2%82%C3%83%C2%82%C3%82%C2%82%C3%83%C2%83%C3%82%C2%83%C3%83%C2%82%C3%82%C2%83%C3%83%C2%83%C3%82%C2%82%C3%83%C2%82%C3%82%C2%82%C3%83%C2%83%C3%82%C2%83%C3%83%C2%82%C3%82%C2%82%C3%83%C2%83%C3%82%C2%82%C3%83%C2%82%C3%82%C2%83%C3%83%C2%83%C3%82%C2%83%C3%83%C2%82%C3%82%C2%83%C3%83%C2%83%C3%82%C2%82%C3%83%C2%82%C3%82%C2%83%C3%83%C2%83%C3%82%C2%83%C3%83%C2%82%C3%82%C2%82%C3%83%C2%83%C3%82%C2%82%C3%83%C2%82%C3%82%C2%83%C3%83%C2%83%C3%82%C2%83%C3%83%C2%82%C3%82%C2%83%C3%83%C2%83%C3%82%C2%82%C3%83%C2%82%C3%82%C2%82%C3%83%C2%83%C3%82%C2%83%C3%83%C2%82%C3%82%C2%82%C3%83%C2%83%C3%82%C2%82%C3%83%C2%82%C3%82%C2%83%C3%83%C2%83%C3%82%C2%83%C3%83%C2%82%C3%82%C2%83%C3%83%C2%83%C3%82%C2%82%C3%83%C2%82%C3%82%C2%83%C3%83%C2%83%C3%82%C2%83%C3%83%C2%82%C3%82%C2%82%C3%83%C2%83%C3%82%C2%82%C3%83%C2%82%C3%82%C2%82%C3%83%C2%83%C3%82%C2%83%C3%83%C2%82%C3%82%C2%83%C3%83%C2%83%C3%82%C2%82%C3%83%C2%82%C3%82%C2%82%C3%83%C2%83%C3%82%C2%83%C3%83%C2%82%C3%82%C2%82%C3%83%C2%83%C3%82%C2%82%C3%83%C2%82%C3%82%C2%82%C3%83%C2%83%C3%82%C2%83%C3%83%C2%82%C3%82%C2%83%C3%83%C2%83%C3%82%C2%82%C3%83%C2%82%C3%82%C2%83%C3%83%C2%83%C3%82%C2%83%C3%83%C2%82%C3%82%C2%82%C3%83%C2%83%C3%82%C2%82%C3%83%C2%82%C3%82%C2%83%C3%83%C2%83%C3%82%C2%83%C3%83%C2%82%C3%82%C2%83%C3%83%C2%83%C3%82%C2%82%C3%83%C2%82%C3%82%C2%82%C3%83%C2%83%C3%82%C2%83%C3%83%C2%82%C3%82%C2%82%C3%83%C2%83%C3%82%C2%82%C3%83%C2%82%C3%82%C2%82%C3%83%C2%83%C3%82%C2%83%C3%83%C2%82%C3%82%C2%83%C3%83%C2%83%C3%82%C2%82%C3%83%C2%82%C3%82%C2%83%C3%83%C2%83%C3%82%C2%83%C3%83%C2%82%C3%82%C2%82%C3%83%C2%83%C3%82%C2%82%C3%83%C2%82%C3%82%C2%82%C3%83%C2%83%C3%82%C2%83%C3%83%C2%82%C3%82%C2%83%C3%83%C2%83%C3%82%C2%82%C3%83%C2%82%C3%82%C2%82%C3%83%C2%83%C3%82%C2%83%C3%83%C2%82%C3%82%C2%82%C3%83%C2%83%C3%82%C2%82%C3%83%C2%82%C3%82%C2%93N%2BCARGAS%2BLABORALES%2BSDA%2F&order=desc&sort=size HTTP/1.1" 200 9309
152.61.128.50 - - [24/Nov/2019:04:09:37 -0500] "GET /arcgis/services/Calidad_del_Agua_WQI/MapServer/WMSServer?request=GetCapabilities&service=WMS HTTP/1.1" 503 1020
152.61.128.50 - - [24/Nov/2019:04:09:59 -0500] "GET /arcgis/services/Calidad_del_Agua_WQI/MapServer/WMSServer?SERVICE=WMS&REQUEST=GetCapabilities HTTP/1.1" 503 1020
152.61.128.50 - - [24/Nov/2019:04:09:59 -0500] "GET /arcgis/services/Calidad_del_Agua_WQI/MapServer/WMSServer?WMTVER=1.0.0&REQUEST=capabilities HTTP/1.1" 503 1020
18.237.173.24 - - [24/Nov/2019:04:10:04 -0500] "GET /galeria/nivo-slider/demo/inicio.html HTTP/1.1" 200 5154
52.88.176.208 - - [24/Nov/2019:04:10:18 -0500] "GET /robots.txt HTTP/1.1" 404 1154
52.88.176.208 - - [24/Nov/2019:04:10:18 -0500] "GET / HTTP/1.1" 200 9990
52.88.176.208 - - [24/Nov/2019:04:10:19 -0500] "GET /www.ambientebogota.gov.co/ HTTP/1.1" 404 1154
35.166.132.57 - - [24/Nov/2019:04:10:36 -0500] "GET /robots.txt HTTP/1.1" 404 1154
35.166.132.57 - - [24/Nov/2019:04:10:36 -0500] "GET / HTTP/1.1" 200 9990
35.166.132.57 - - [24/Nov/2019:04:10:37 -0500] "GET /www.ambientebogota.gov.co/ HTTP/1.1" 404 1154
54.202.187.91 - - [24/Nov/2019:04:10:45 -0500] "GET /galeria/nivo-slider/demo/inicio.html HTTP/1.1" 200 5154
54.201.15.92 - - [24/Nov/2019:04:11:17 -0500] "GET /robots.txt HTTP/1.1" 404 1154
54.201.15.92 - - [24/Nov/2019:04:11:17 -0500] "GET / HTTP/1.1" 200 9990
54.201.15.92 - - [24/Nov/2019:04:11:18 -0500] "GET /www.ambientebogota.gov.co/ HTTP/1.1" 404 1154
69.162.124.232 - - [24/Nov/2019:04:11:32 -0500] "HEAD / HTTP/1.1" 200 -
192.168.175.104 - - [24/Nov/2019:04:11:52 -0500] "GET / HTTP/1.0" 200 9990
34.216.159.44 - - [24/Nov/2019:04:11:56 -0500] "GET /galeria/nivo-slider/demo/inicio.html HTTP/1.1" 200 5154
192.168.175.104 - - [24/Nov/2019:04:12:08 -0500] "GET / HTTP/1.1" 200 9990
66.249.66.81 - - [24/Nov/2019:04:12:41 -0500] "GET /BLA/resoluciones/RESOLUCIONES%202014/1448.pdf HTTP/1.1" 200 437347
66.249.66.83 - - [24/Nov/2019:04:12:48 -0500] "GET /BLA/resoluciones/RESOLUCIONES%202007/RES%202007%201801%20AL%201900/RESOLUCION%201883%20DE%202007.pdf HTTP/1.1" 200 543497
66.249.66.81 - - [24/Nov/2019:04:13:20 -0500] "GET /BLA/resoluciones/RESOLUCIONES%202017/0616.pdf HTTP/1.1" 200 339191
54.212.237.44 - - [24/Nov/2019:04:13:25 -0500] "GET /robots.txt HTTP/1.1" 404 1154
54.212.237.44 - - [24/Nov/2019:04:13:25 -0500] "GET / HTTP/1.1" 200 9990
54.212.237.44 - - [24/Nov/2019:04:13:26 -0500] "GET /www.ambientebogota.gov.co/ HTTP/1.1" 404 1154
207.46.13.106 - - [24/Nov/2019:04:13:26 -0500] "GET /POT-2013/Cartografia/04_Inundacion_V1_2013.pdf HTTP/1.1" 200 4942126
70.42.242.100 - - [24/Nov/2019:04:13:45 -0500] "GET /galeria/galeria/jquery.fancybox.css?v=2.1.5 HTTP/1.1" 200 4895
70.42.242.100 - - [24/Nov/2019:04:13:45 -0500] "GET /galeria/carrusel/Carrusel/jquery.thumbnailScroller.css HTTP/1.1" 200 2066
70.42.242.100 - - [24/Nov/2019:04:13:45 -0500] "GET /BLA/boletinlegal/js/jquery.scrollShow.js HTTP/1.1" 200 4586
70.42.242.100 - - [24/Nov/2019:04:13:45 -0500] "GET /galeria/galeria/jquery.fancybox.js?v=2.1.5 HTTP/1.1" 200 48706
70.42.242.100 - - [24/Nov/2019:04:13:47 -0500] "GET /galeria/carrusel/Carrusel/jquery-ui-1.8.13.custom.min.js HTTP/1.1" 200 10800
70.42.242.100 - - [24/Nov/2019:04:13:47 -0500] "GET /galeria/carrusel/Carrusel/jquery.thumbnailScroller.js HTTP/1.1" 200 8157
70.42.242.100 - - [24/Nov/2019:04:13:49 -0500] "GET /galeria/nivo-slider/demo/inicio.html HTTP/1.1" 200 5154
70.42.242.100 - - [24/Nov/2019:04:14:02 -0500] "GET /galeria/nivo-slider/themes/default/default.css HTTP/1.1" 200 1569
70.42.242.100 - - [24/Nov/2019:04:14:02 -0500] "GET /galeria/nivo-slider/themes/pascal/pascal.css HTTP/1.1" 200 2258
70.42.242.100 - - [24/Nov/2019:04:14:02 -0500] "GET /galeria/nivo-slider/themes/orman/orman.css HTTP/1.1" 200 2152
70.42.242.100 - - [24/Nov/2019:04:14:02 -0500] "GET /galeria/nivo-slider/nivo-slider.css HTTP/1.1" 200 1507
70.42.242.100 - - [24/Nov/2019:04:14:02 -0500] "GET /galeria/nivo-slider/demo/style.css HTTP/1.1" 200 2222
70.42.242.100 - - [24/Nov/2019:04:14:02 -0500] "GET /galeria/nivo-slider/demo/scripts/jquery-1.7.1.min.js HTTP/1.1" 200 93868
70.42.242.100 - - [24/Nov/2019:04:14:02 -0500] "GET /galeria/nivo-slider/demo/images/bannerclimabog.jpg HTTP/1.1" 200 170671
70.42.242.100 - - [24/Nov/2019:04:14:02 -0500] "GET /galeria/nivo-slider/jquery.nivo.slider.pack.js HTTP/1.1" 200 11561
70.42.242.100 - - [24/Nov/2019:04:14:02 -0500] "GET /galeria/nivo-slider/demo/images/bannerrendicion.jpg HTTP/1.1" 200 153938
70.42.242.100 - - [24/Nov/2019:04:14:02 -0500] "GET /galeria/nivo-slider/demo/images/bannerwebmusgo.jpg HTTP/1.1" 200 367364
70.42.242.100 - - [24/Nov/2019:04:14:03 -0500] "GET /galeria/nivo-slider/demo/images/Bannerpread.jpg HTTP/1.1" 200 256621
70.42.242.100 - - [24/Nov/2019:04:14:03 -0500] "GET /galeria/nivo-slider/demo/images/iniciativas-Ambientales.jpg HTTP/1.1" 200 201405
70.42.242.100 - - [24/Nov/2019:04:14:03 -0500] "GET /galeria/nivo-slider/demo/images/Bannerveterinaria.jpg HTTP/1.1" 200 254705
70.42.242.100 - - [24/Nov/2019:04:14:04 -0500] "GET /galeria/nivo-slider/demo/images/bannerincendios.jpg HTTP/1.1" 200 206070
70.42.242.100 - - [24/Nov/2019:04:14:04 -0500] "GET /galeria/nivo-slider/demo/images/banneragendamiento.jpg HTTP/1.1" 200 116897
70.42.242.100 - - [24/Nov/2019:04:14:04 -0500] "GET /galeria/nivo-slider/demo/images/Banner%20tinguas.jpg HTTP/1.1" 200 214878
70.42.242.100 - - [24/Nov/2019:04:14:10 -0500] "GET /galeria/nivo-slider/demo/images/Bannerserpiente2019.jpg HTTP/1.1" 200 270374
70.42.242.100 - - [24/Nov/2019:04:14:10 -0500] "GET /galeria/nivo-slider/demo/images/Noviembre.png HTTP/1.1" 200 519399
70.42.242.100 - - [24/Nov/2019:04:14:10 -0500] "GET /galeria/nivo-slider/demo/images/puntos%20atencion%20BANNER.jpg HTTP/1.1" 200 244208
70.42.242.100 - - [24/Nov/2019:04:14:12 -0500] "GET /galeria/nivo-slider/demo/images/4Simple_Slider.png HTTP/1.1" 200 11722
70.42.242.100 - - [24/Nov/2019:04:14:12 -0500] "GET /galeria/nivo-slider/themes/default/loading.gif HTTP/1.1" 200 1737
70.42.242.100 - - [24/Nov/2019:04:14:12 -0500] "GET /galeria/nivo-slider/demo/images/Banner%20Visor%20Geografico%20Ambiental.jpg HTTP/1.1" 200 204673
70.42.242.100 - - [24/Nov/2019:04:14:12 -0500] "GET /galeria/nivo-slider/demo/images/Banner%20consumo%20sostenible%20final.jpg HTTP/1.1" 200 364746
70.42.242.100 - - [24/Nov/2019:04:14:12 -0500] "GET /galeria/nivo-slider/demo/images/Banner%20RCD.jpg HTTP/1.1" 200 92197
70.42.242.100 - - [24/Nov/2019:04:14:12 -0500] "GET /galeria/nivo-slider/demo/images/Banner%20Conpes.jpg HTTP/1.1" 200 55220
70.42.242.100 - - [24/Nov/2019:04:14:14 -0500] "GET /galeria/nivo-slider/demo/images/Banner%20practicas%20sostenibles.jpg HTTP/1.1" 200 142958
70.42.242.100 - - [24/Nov/2019:04:14:14 -0500] "GET /galeria/nivo-slider/demo/images/Banner%20POT.png HTTP/1.1" 200 418238
70.42.242.100 - - [24/Nov/2019:04:14:18 -0500] "GET /galeria/nivo-slider/demo/images/Banneranonimos.png HTTP/1.1" 200 109388
70.42.242.100 - - [24/Nov/2019:04:14:25 -0500] "GET /galeria/nivo-slider/themes/default/arrows.png HTTP/1.1" 200 824
70.42.242.100 - - [24/Nov/2019:04:14:25 -0500] "GET /galeria/nivo-slider/themes/default/bullets.png HTTP/1.1" 200 1281
70.42.242.100 - - [24/Nov/2019:04:14:35 -0500] "GET /galeria/nivo-slider/demo/images/bannerrendicion.jpg HTTP/1.1" 200 153938
66.249.66.82 - - [24/Nov/2019:04:14:38 -0500] "GET /BLA/resoluciones/RESOLUCIONES%202017/0616.pdf HTTP/1.1" 200 339191
54.149.194.227 - - [24/Nov/2019:04:15:11 -0500] "GET /robots.txt HTTP/1.1" 404 1154
54.149.194.227 - - [24/Nov/2019:04:15:11 -0500] "GET / HTTP/1.1" 200 9990
54.149.194.227 - - [24/Nov/2019:04:15:12 -0500] "GET /www.ambientebogota.gov.co/ HTTP/1.1" 404 1154
66.249.66.82 - - [24/Nov/2019:04:15:17 -0500] "GET /BLA/resoluciones/RESOLUCIONES%202018/0982.pdf HTTP/1.1" 200 8658561
52.24.35.91 - - [24/Nov/2019:04:15:30 -0500] "GET /robots.txt HTTP/1.1" 404 1154
52.24.35.91 - - [24/Nov/2019:04:15:30 -0500] "GET / HTTP/1.1" 200 9990
52.24.35.91 - - [24/Nov/2019:04:15:31 -0500] "GET /www.ambientebogota.gov.co/ HTTP/1.1" 404 1154
34.216.177.82 - - [24/Nov/2019:04:15:39 -0500] "GET /galeria/nivo-slider/demo/inicio.html HTTP/1.1" 200 5154
34.219.212.170 - - [24/Nov/2019:04:15:50 -0500] "GET /robots.txt HTTP/1.1" 404 1154
34.219.212.170 - - [24/Nov/2019:04:15:50 -0500] "GET / HTTP/1.1" 200 9990
34.219.212.170 - - [24/Nov/2019:04:15:51 -0500] "GET /www.ambientebogota.gov.co/ HTTP/1.1" 404 1154
66.249.66.82 - - [24/Nov/2019:04:15:56 -0500] "GET /BLA/resoluciones/RESOLUCIONES%202007/RES%202007%20201%20AL%20300/RESOLUCION%200226%20DE%202007.pdf HTTP/1.1" 200 304258
54.244.60.209 - - [24/Nov/2019:04:16:11 -0500] "GET /galeria/nivo-slider/demo/inicio.html HTTP/1.1" 200 5154
34.221.116.218 - - [24/Nov/2019:04:16:18 -0500] "GET /galeria/nivo-slider/demo/inicio.html HTTP/1.1" 200 5154
69.162.124.232 - - [24/Nov/2019:04:16:32 -0500] "HEAD / HTTP/1.1" 200 -
66.249.66.85 - - [24/Nov/2019:04:16:35 -0500] "GET /BLA/resoluciones/Notificaciones/AUTOS%202014/5562.doc HTTP/1.1" 200 160256
66.249.66.84 - - [24/Nov/2019:04:16:39 -0500] "GET /galeria/galeria/fotos/Entrenube4G.jpg HTTP/1.1" 304 -
192.168.175.104 - - [24/Nov/2019:04:16:51 -0500] "GET / HTTP/1.0" 200 9990
192.168.175.104 - - [24/Nov/2019:04:17:06 -0500] "GET / HTTP/1.1" 200 9990
54.70.158.135 - - [24/Nov/2019:04:17:12 -0500] "GET /galeria/nivo-slider/demo/inicio.html HTTP/1.1" 200 5154
66.249.66.83 - - [24/Nov/2019:04:17:14 -0500] "GET /BLA/resoluciones/RESOLUCIONES%202010/5889.pdf HTTP/1.1" 200 100980
54.36.148.133 - - [24/Nov/2019:04:17:17 -0500] "GET /BLA/resoluciones/index.php?dir=AUTOS+2019%2F HTTP/1.1" 200 104082
201.245.192.253 - - [24/Nov/2019:04:17:07 -0500] "POST /kwsrmcab/Wsrmcab HTTP/1.1" 200 27237
201.245.192.253 - - [24/Nov/2019:04:17:07 -0500] "POST /kwsrmcab/Wsrmcab HTTP/1.1" 200 27237
18.236.228.223 - - [24/Nov/2019:04:17:51 -0500] "GET /galeria/nivo-slider/demo/inicio.html HTTP/1.1" 200 5154
66.249.66.82 - - [24/Nov/2019:04:18:01 -0500] "GET /BLA/resoluciones/AUTOS%202007/0700.pdf HTTP/1.1" 200 94955
201.245.192.253 - - [24/Nov/2019:04:17:43 -0500] "POST /kwsrmcab/Wsrmcab HTTP/1.1" 200 27237
66.249.66.82 - - [24/Nov/2019:04:18:32 -0500] "GET /BLA/resoluciones/AUTOS%202011/6749.pdf HTTP/1.1" 200 147282
34.216.65.75 - - [24/Nov/2019:04:18:51 -0500] "GET /galeria/nivo-slider/demo/inicio.html HTTP/1.1" 200 5154
66.249.66.82 - - [24/Nov/2019:04:19:13 -0500] "GET /BLA/resoluciones/RESOLUCIONES%202010/2584.pdf HTTP/1.1" 200 759964
157.55.39.31 - - [24/Nov/2019:04:19:26 -0500] "GET /robots.txt HTTP/1.1" 404 1019
207.46.13.106 - - [24/Nov/2019:04:19:31 -0500] "GET /SIG/Participaci%C3%83%C2%B3n/126PM01-PR09.pdf HTTP/1.1" 404 1019
34.217.103.184 - - [24/Nov/2019:04:19:45 -0500] "GET /robots.txt HTTP/1.1" 404 1154
34.217.103.184 - - [24/Nov/2019:04:19:45 -0500] "GET / HTTP/1.1" 200 9990
34.217.103.184 - - [24/Nov/2019:04:19:46 -0500] "GET /www.ambientebogota.gov.co/ HTTP/1.1" 404 1154
66.249.66.81 - - [24/Nov/2019:04:19:50 -0500] "GET /BLA/resoluciones/RESOLUCIONES%202018/3129.pdf HTTP/1.1" 200 229276
190.24.20.76 - - [24/Nov/2019:04:20:02 -0500] "GET /galeria/galeria/jquery.fancybox.js?v=2.1.5 HTTP/1.1" 200 48706
190.24.20.76 - - [24/Nov/2019:04:20:02 -0500] "GET /galeria/galeria/jquery.fancybox.css?v=2.1.5 HTTP/1.1" 200 4895
190.24.20.76 - - [24/Nov/2019:04:20:02 -0500] "GET /BLA/boletinlegal/js/jquery.scrollShow.js HTTP/1.1" 200 4586
34.219.136.40 - - [24/Nov/2019:04:20:08 -0500] "GET /galeria/nivo-slider/demo/inicio.html HTTP/1.1" 200 5154
34.220.219.22 - - [24/Nov/2019:04:20:10 -0500] "GET /galeria/nivo-slider/demo/inicio.html HTTP/1.1" 200 5154
52.36.5.227 - - [24/Nov/2019:04:20:16 -0500] "GET /galeria/nivo-slider/demo/inicio.html HTTP/1.1" 200 5154
66.249.66.81 - - [24/Nov/2019:04:20:29 -0500] "GET /BLA/resoluciones/AUTOS%202013/2536.pdf HTTP/1.1" 200 893492
54.184.234.155 - - [24/Nov/2019:04:20:48 -0500] "GET /galeria/nivo-slider/demo/inicio.html HTTP/1.1" 200 5154
18.237.238.21 - - [24/Nov/2019:04:20:57 -0500] "GET /galeria/nivo-slider/demo/inicio.html HTTP/1.1" 200 5154
18.236.245.24 - - [24/Nov/2019:04:21:04 -0500] "GET /galeria/nivo-slider/demo/inicio.html HTTP/1.1" 200 5154
66.249.66.82 - - [24/Nov/2019:04:21:08 -0500] "GET /BLA/resoluciones/RESOLUCIONES%202008/0908.pdf HTTP/1.1" 200 270344
34.214.244.146 - - [24/Nov/2019:04:21:10 -0500] "GET /galeria/nivo-slider/demo/inicio.html HTTP/1.1" 200 5154
54.36.149.71 - - [24/Nov/2019:04:21:14 -0500] "GET /BLA/resoluciones/RESOLUCIONES%202005/00001068.tif HTTP/1.1" 200 140632
182.105.200.123 - - [24/Nov/2019:04:21:16 -0500] "GET /galeria/aulaSantaM.jpg HTTP/1.1" 404 1015
69.162.124.232 - - [24/Nov/2019:04:21:32 -0500] "HEAD / HTTP/1.1" 200 -
36.63.29.112 - - [24/Nov/2019:04:21:41 -0500] "GET /BLA/conceptos.php HTTP/1.1" 404 1019
218.63.39.164 - - [24/Nov/2019:04:21:42 -0500] "GET /BLA/boletinlegal/jurisprudencia/analisis/AnalisisT-095-16.docx HTTP/1.1" 200 20284
66.249.66.81 - - [24/Nov/2019:04:21:47 -0500] "GET /BLA/resoluciones/RESOLUCIONES%202009/5891.pdf HTTP/1.1" 200 477167
54.36.149.95 - - [24/Nov/2019:04:21:50 -0500] "GET /BLA/resoluciones/RESOLUCIONES%202005/RES%202005%201-50/RES%202005%20101-150/00000149.tif HTTP/1.1" 200 122108
192.168.175.104 - - [24/Nov/2019:04:21:50 -0500] "GET / HTTP/1.0" 200 9990
35.163.3.13 - - [24/Nov/2019:04:21:54 -0500] "GET /galeria/nivo-slider/demo/inicio.html HTTP/1.1" 200 5154
192.168.175.104 - - [24/Nov/2019:04:22:04 -0500] "GET / HTTP/1.1" 200 9990
66.249.66.83 - - [24/Nov/2019:04:22:26 -0500] "GET /BLA/resoluciones/AUTOS%202015/5248.pdf HTTP/1.1" 200 570171
54.202.89.100 - - [24/Nov/2019:04:22:30 -0500] "GET /robots.txt HTTP/1.1" 404 1154
54.202.89.100 - - [24/Nov/2019:04:22:31 -0500] "GET / HTTP/1.1" 200 9990
54.202.89.100 - - [24/Nov/2019:04:22:31 -0500] "GET /www.ambientebogota.gov.co/ HTTP/1.1" 404 1154
190.29.121.180 - - [24/Nov/2019:04:22:47 -0500] "GET /galeria/galeria/jquery.fancybox.css?v=2.1.5 HTTP/1.1" 200 4895
190.29.121.180 - - [24/Nov/2019:04:22:47 -0500] "GET /BLA/boletinlegal/js/jquery.scrollShow.js HTTP/1.1" 200 4586
190.29.121.180 - - [24/Nov/2019:04:22:47 -0500] "GET /galeria/galeria/jquery.fancybox.js?v=2.1.5 HTTP/1.1" 200 48706
34.215.181.248 - - [24/Nov/2019:04:22:48 -0500] "GET /galeria/nivo-slider/demo/inicio.html HTTP/1.1" 200 5154
35.167.153.203 - - [24/Nov/2019:04:23:12 -0500] "GET /robots.txt HTTP/1.1" 404 1154
35.167.153.203 - - [24/Nov/2019:04:23:13 -0500] "GET / HTTP/1.1" 200 9990
35.167.153.203 - - [24/Nov/2019:04:23:13 -0500] "GET /www.ambientebogota.gov.co/ HTTP/1.1" 404 1154
66.249.66.81 - - [24/Nov/2019:04:23:19 -0500] "GET /BLA/resoluciones/AUTOS%202017/2725.pdf HTTP/1.1" 200 237363
54.36.150.144 - - [24/Nov/2019:04:23:56 -0500] "GET /BLA/resoluciones/RESOLUCIONES%202002/RES%202002%201851-1900/20021853.tif HTTP/1.1" 200 71956
34.221.237.192 - - [24/Nov/2019:04:23:58 -0500] "GET /galeria/nivo-slider/demo/inicio.html HTTP/1.1" 200 5154
52.13.90.116 - - [24/Nov/2019:04:24:01 -0500] "GET /robots.txt HTTP/1.1" 404 1154
52.13.90.116 - - [24/Nov/2019:04:24:01 -0500] "GET / HTTP/1.1" 200 9990
52.13.90.116 - - [24/Nov/2019:04:24:02 -0500] "GET /www.ambientebogota.gov.co/ HTTP/1.1" 404 1154
54.190.16.204 - - [24/Nov/2019:04:24:19 -0500] "GET /robots.txt HTTP/1.1" 404 1154
54.190.16.204 - - [24/Nov/2019:04:24:19 -0500] "GET / HTTP/1.1" 200 9990
54.190.16.204 - - [24/Nov/2019:04:24:20 -0500] "GET /www.ambientebogota.gov.co/ HTTP/1.1" 404 1154
34.220.16.42 - - [24/Nov/2019:04:24:54 -0500] "GET /galeria/nivo-slider/demo/inicio.html HTTP/1.1" 200 5154
157.55.39.250 - - [24/Nov/2019:04:24:54 -0500] "GET /BLA/boletinlegal/Directivas/2012/Directiva%20No.%201%20del%2030%20de%20octubre%20de%202012.pdf HTTP/1.1" 200 1522771
66.249.66.81 - - [24/Nov/2019:04:25:02 -0500] "GET /BLA/resoluciones/RESOLUCIONES%202009/0992.pdf HTTP/1.1" 200 248025
54.190.82.87 - - [24/Nov/2019:04:25:02 -0500] "GET /galeria/nivo-slider/demo/inicio.html HTTP/1.1" 200 5154
52.24.180.222 - - [24/Nov/2019:04:25:14 -0500] "GET /galeria/nivo-slider/demo/inicio.html HTTP/1.1" 200 5154
34.212.10.153 - - [24/Nov/2019:04:25:21 -0500] "GET /galeria/nivo-slider/demo/inicio.html HTTP/1.1" 200 5154
66.249.66.81 - - [24/Nov/2019:04:25:41 -0500] "GET /BLA/resoluciones/AUTOS%202015/2479.pdf HTTP/1.1" 200 632834
35.166.166.243 - - [24/Nov/2019:04:26:00 -0500] "GET /galeria/nivo-slider/demo/inicio.html HTTP/1.1" 200 5154
54.188.202.118 - - [24/Nov/2019:04:26:16 -0500] "GET /galeria/nivo-slider/demo/inicio.html HTTP/1.1" 200 5154
66.249.66.81 - - [24/Nov/2019:04:26:20 -0500] "GET /BLA/resoluciones/RESOLUCIONES%202010/5832.pdf HTTP/1.1" 200 491881
35.167.198.169 - - [24/Nov/2019:04:26:28 -0500] "GET /galeria/nivo-slider/demo/inicio.html HTTP/1.1" 200 5154
69.162.124.232 - - [24/Nov/2019:04:26:32 -0500] "HEAD / HTTP/1.1" 200 -
216.244.66.195 - - [24/Nov/2019:04:26:45 -0500] "GET /BLA/resoluciones/AUTOS%202009/2751.pdf HTTP/1.1" 200 92807
192.168.175.104 - - [24/Nov/2019:04:26:48 -0500] "GET / HTTP/1.0" 200 9990
216.244.66.195 - - [24/Nov/2019:04:26:50 -0500] "GET /BLA/resoluciones/AUTOS%202010/0195.pdf HTTP/1.1" 200 260543
54.185.107.131 - - [24/Nov/2019:04:26:58 -0500] "GET /galeria/nivo-slider/demo/inicio.html HTTP/1.1" 200 5154
66.249.66.81 - - [24/Nov/2019:04:26:59 -0500] "GET /BLA/resoluciones/RESOLUCIONES%202007/RES%202007%201901%20AL%202000/RESOLUCION%201953%20DE%202007.pdf HTTP/1.1" 304 -
192.168.175.104 - - [24/Nov/2019:04:27:03 -0500] "GET / HTTP/1.1" 200 9990
157.55.39.123 - - [24/Nov/2019:04:27:30 -0500] "GET /BLA/boletinlegal/Circulares/2014/Circular%20No.%203%20del%2014%20de%20Noviembre%20de%202014.pdf HTTP/1.1" 200 104132
66.249.66.81 - - [24/Nov/2019:04:27:38 -0500] "GET /BLA/resoluciones/RESOLUCIONES%202018/0672.pdf HTTP/1.1" 304 -
18.236.197.227 - - [24/Nov/2019:04:27:42 -0500] "GET /galeria/nivo-slider/demo/inicio.html HTTP/1.1" 200 5154
201.245.192.253 - - [24/Nov/2019:04:27:08 -0500] "POST /kwsrmcab/Wsrmcab HTTP/1.1" 200 27237
18.237.203.42 - - [24/Nov/2019:04:27:52 -0500] "GET /galeria/nivo-slider/demo/inicio.html HTTP/1.1" 200 5154
52.33.205.164 - - [24/Nov/2019:04:28:08 -0500] "GET /robots.txt HTTP/1.1" 404 1154
52.33.205.164 - - [24/Nov/2019:04:28:09 -0500] "GET / HTTP/1.1" 200 9990
52.33.205.164 - - [24/Nov/2019:04:28:09 -0500] "GET /www.ambientebogota.gov.co/ HTTP/1.1" 404 1154
54.149.143.17 - - [24/Nov/2019:04:28:41 -0500] "GET /galeria/nivo-slider/demo/inicio.html HTTP/1.1" 200 5154
66.249.66.81 - - [24/Nov/2019:04:28:56 -0500] "GET /BLA/resoluciones/RESOLUCIONES%202016/2241.pdf HTTP/1.1" 304 -
34.220.52.135 - - [24/Nov/2019:04:28:59 -0500] "GET /galeria/nivo-slider/demo/inicio.html HTTP/1.1" 200 5154
216.244.66.195 - - [24/Nov/2019:04:29:06 -0500] "GET /BLA/resoluciones/AUTOS%202010/0811.pdf HTTP/1.1" 200 179093
66.249.66.81 - - [24/Nov/2019:04:29:35 -0500] "GET /BLA/resoluciones/RESOLUCIONES%202007/RES%202007%201801%20AL%201900/RESOLUCION%201883%20DE%202007.pdf HTTP/1.1" 304 -
54.191.246.191 - - [24/Nov/2019:04:30:17 -0500] "GET /robots.txt HTTP/1.1" 404 1154
54.191.246.191 - - [24/Nov/2019:04:30:18 -0500] "GET / HTTP/1.1" 200 9990
54.191.246.191 - - [24/Nov/2019:04:30:18 -0500] "GET /www.ambientebogota.gov.co/ HTTP/1.1" 404 1154
54.190.28.5 - - [24/Nov/2019:04:30:20 -0500] "GET /galeria/nivo-slider/demo/inicio.html HTTP/1.1" 200 5154
54.201.108.184 - - [24/Nov/2019:04:30:36 -0500] "GET /galeria/nivo-slider/demo/inicio.html HTTP/1.1" 200 5154
66.249.66.81 - - [24/Nov/2019:04:30:53 -0500] "GET /BLA/resoluciones/AUTOS%202018/0504.pdf HTTP/1.1" 200 309721
216.244.66.195 - - [24/Nov/2019:04:30:58 -0500] "GET /BLA/resoluciones/AUTOS%202010/0812.pdf HTTP/1.1" 200 177307
