34.220.81.129 - - [24/Nov/2019:04:31:07 -0500] "GET /galeria/nivo-slider/demo/inicio.html HTTP/1.1" 200 5154
34.216.123.227 - - [24/Nov/2019:04:31:11 -0500] "GET /robots.txt HTTP/1.1" 404 1154
34.216.123.227 - - [24/Nov/2019:04:31:11 -0500] "GET / HTTP/1.1" 200 9990
34.216.123.227 - - [24/Nov/2019:04:31:12 -0500] "GET /www.ambientebogota.gov.co/ HTTP/1.1" 404 1154
173.212.229.76 - - [24/Nov/2019:04:31:22 -0500] "GET /robots.txt HTTP/1.1" 404 1015
128.14.134.134 - - [24/Nov/2019:04:31:22 -0500] "GET / HTTP/1.1" 200 9990
173.212.229.76 - - [24/Nov/2019:04:31:26 -0500] "GET /PruebasSTORM/StormSDA_pruebas/userFiles/user_files/91/?C=M;O=D/ HTTP/1.1" 200 1752
54.202.161.87 - - [24/Nov/2019:04:31:27 -0500] "GET /galeria/nivo-slider/demo/inicio.html HTTP/1.1" 200 5154
173.212.229.76 - - [24/Nov/2019:04:31:30 -0500] "GET /PruebasSTORM/StormSDA_pruebas/userFiles/user_files/formulas/2/?C=N;O=D/ HTTP/1.1" 200 11396
69.162.124.232 - - [24/Nov/2019:04:31:32 -0500] "HEAD / HTTP/1.1" 200 -
173.212.229.76 - - [24/Nov/2019:04:31:37 -0500] "GET /StormSDA/userFiles%20-%20Copy%2019-07-2012/user_files/92/?C=D;O=D/ HTTP/1.1" 200 873
173.212.229.76 - - [24/Nov/2019:04:31:46 -0500] "GET /StormSDA/userFiles%20-%20Copy%2019-07-2012/user_files/97/?C=D;O=D/ HTTP/1.1" 200 873
192.168.175.104 - - [24/Nov/2019:04:31:47 -0500] "GET / HTTP/1.0" 200 9990
173.212.229.76 - - [24/Nov/2019:04:31:51 -0500] "GET /StormSDA/userFiles%20-%20Copy%2019-07-2012/user_files/98/?C=M;O=D/ HTTP/1.1" 200 873
173.212.229.76 - - [24/Nov/2019:04:31:57 -0500] "GET /StormSDA/userFiles%20-%20Copy%2019-07-2012/user_files/formulas/3/?C=D;O=D/ HTTP/1.1" 200 898
192.168.175.104 - - [24/Nov/2019:04:32:01 -0500] "GET / HTTP/1.1" 200 9990
173.212.229.76 - - [24/Nov/2019:04:32:04 -0500] "GET /StormSDA/userFiles%20-%20Copy%2019-07-2012/user_files/formulas/3/?C=N;O=D/ HTTP/1.1" 200 898
173.212.229.76 - - [24/Nov/2019:04:32:15 -0500] "GET /StormSDA/userFiles%20-%20Copy%2019-07-2012/user_files/formulas/4/?C=N;O=D/ HTTP/1.1" 200 898
190.156.150.132 - - [24/Nov/2019:04:32:28 -0500] "GET /galeria/galeria/jquery.fancybox.js?v=2.1.5 HTTP/1.1" 200 48706
190.156.150.132 - - [24/Nov/2019:04:32:28 -0500] "GET /BLA/boletinlegal/js/jquery.scrollShow.js HTTP/1.1" 200 4586
190.156.150.132 - - [24/Nov/2019:04:32:28 -0500] "GET /galeria/galeria/jquery.fancybox.css?v=2.1.5 HTTP/1.1" 200 4895
35.166.165.226 - - [24/Nov/2019:04:32:32 -0500] "GET /galeria/nivo-slider/demo/inicio.html HTTP/1.1" 200 5154
173.212.229.76 - - [24/Nov/2019:04:32:35 -0500] "GET /StormSDA/userFiles%20-%20Copy%2019-07-2012/user_files/formulas/?C=D;O=A/ HTTP/1.1" 200 1500
34.222.8.153 - - [24/Nov/2019:04:32:47 -0500] "GET /galeria/nivo-slider/demo/inicio.html HTTP/1.1" 200 5154
66.249.66.81 - - [24/Nov/2019:04:32:50 -0500] "GET /BLA/resoluciones/AUTOS%202015/1733.pdf HTTP/1.1" 200 856829
173.212.229.76 - - [24/Nov/2019:04:32:54 -0500] "GET /StormSDA/userFiles%20-%20Copy%2019-07-2012/user_files/formulas/?C=D;O=D/ HTTP/1.1" 200 1500
216.244.66.195 - - [24/Nov/2019:04:33:03 -0500] "GET /BLA/resoluciones/AUTOS%202010/0867.pdf HTTP/1.1" 200 293578
5.255.250.154 - - [24/Nov/2019:04:33:07 -0500] "GET /robots.txt HTTP/1.1" 404 1019
5.255.250.154 - - [24/Nov/2019:04:33:11 -0500] "GET /videos/galeria-cronicas/videos-opel/?C=S;O=A HTTP/1.1" 200 2355
173.212.229.76 - - [24/Nov/2019:04:33:21 -0500] "GET /StormSDA/userFiles%20-%20Copy%2019-07-2012/user_files/formulas/?C=N;O=D/ HTTP/1.1" 200 1500
54.187.53.71 - - [24/Nov/2019:04:33:25 -0500] "GET /galeria/nivo-slider/demo/inicio.html HTTP/1.1" 200 5154
173.212.229.76 - - [24/Nov/2019:04:33:31 -0500] "GET /StormSDA/userFiles%20-%20Copy%2019-07-2012/user_files/formulas/?C=S;O=A/ HTTP/1.1" 200 1500
173.212.229.76 - - [24/Nov/2019:04:33:42 -0500] "GET /StormSDA/userFiles%20-%20Copy%2019-07-2012/user_files/formulas/?C=S;O=D/ HTTP/1.1" 200 1500
173.212.229.76 - - [24/Nov/2019:04:33:55 -0500] "GET /StormSDA/userFiles/user_files/89/?C=N;O=D/ HTTP/1.1" 200 813
173.212.229.76 - - [24/Nov/2019:04:34:07 -0500] "GET /StormSDA/userFiles/user_files/formulas/?C=D;O=A/ HTTP/1.1" 200 1440
54.218.186.154 - - [24/Nov/2019:04:34:08 -0500] "GET /galeria/nivo-slider/demo/inicio.html HTTP/1.1" 200 5154
173.212.229.76 - - [24/Nov/2019:04:34:14 -0500] "GET /StormSDA/userFiles/user_files/formulas/?C=M;O=A/ HTTP/1.1" 200 1440
173.212.229.76 - - [24/Nov/2019:04:34:28 -0500] "GET /StormSDA/userFiles/user_files/formulas/?C=N;O=D/ HTTP/1.1" 200 1440
173.212.229.76 - - [24/Nov/2019:04:34:39 -0500] "GET /StormSDA/userFiles/user_files/formulas/?C=S;O=A/ HTTP/1.1" 200 1440
173.212.229.76 - - [24/Nov/2019:04:34:52 -0500] "GET /galeria/mapa/?C=D;O=A/ HTTP/1.1" 200 6432
216.244.66.195 - - [24/Nov/2019:04:35:00 -0500] "GET /BLA/resoluciones/AUTOS%202010/1113.pdf HTTP/1.1" 200 174493
173.212.229.76 - - [24/Nov/2019:04:35:11 -0500] "GET /galeria/mapa/?C=M;O=A/ HTTP/1.1" 200 6432
54.37.67.60 - - [24/Nov/2019:04:35:18 -0500] "HEAD /BLA/resoluciones/AUTOS%202012/1121.pdf HTTP/1.1" 200 -
34.215.70.91 - - [24/Nov/2019:04:35:19 -0500] "GET /galeria/nivo-slider/demo/inicio.html HTTP/1.1" 200 5154
52.34.218.249 - - [24/Nov/2019:04:35:19 -0500] "GET /robots.txt HTTP/1.1" 404 1154
52.34.218.249 - - [24/Nov/2019:04:35:20 -0500] "GET / HTTP/1.1" 200 9990
52.34.218.249 - - [24/Nov/2019:04:35:20 -0500] "GET /www.ambientebogota.gov.co/ HTTP/1.1" 404 1154
173.212.229.76 - - [24/Nov/2019:04:35:32 -0500] "GET /galeria/mapa/?C=N;O=D/ HTTP/1.1" 200 6432
34.209.41.110 - - [24/Nov/2019:04:35:36 -0500] "GET /galeria/nivo-slider/demo/inicio.html HTTP/1.1" 200 5154
54.36.149.22 - - [24/Nov/2019:04:35:36 -0500] "GET /BLA/resoluciones/RESOLUCIONES%202004/RES%202004%201751-1800/00001764.tif HTTP/1.1" 200 145810
66.249.66.153 - - [24/Nov/2019:04:34:08 -0500] "GET /BLA/boletinlegal/ HTTP/1.1" 200 68272
66.249.66.82 - - [24/Nov/2019:04:35:44 -0500] "GET /BLA/resoluciones/AUTOS%202007/1654.pdf HTTP/1.1" 200 201493
34.213.220.2 - - [24/Nov/2019:04:35:57 -0500] "GET /galeria/nivo-slider/demo/inicio.html HTTP/1.1" 200 5154
173.212.229.76 - - [24/Nov/2019:04:36:07 -0500] "GET /galeria/mapa2/?C=D;O=A/ HTTP/1.1" 200 5104
66.249.66.82 - - [24/Nov/2019:04:36:11 -0500] "GET /BLA/resoluciones/AUTOS%202015/0979.pdf HTTP/1.1" 304 -
66.249.66.81 - - [24/Nov/2019:04:36:11 -0500] "GET /BLA/resoluciones/RESOLUCIONES%202008/3738.pdf HTTP/1.1" 200 281427
216.244.66.195 - - [24/Nov/2019:04:36:12 -0500] "GET /BLA/resoluciones/AUTOS%202010/1134.pdf HTTP/1.1" 200 153192
173.212.229.76 - - [24/Nov/2019:04:36:30 -0500] "GET /galeria/mapa2/?C=M;O=A/ HTTP/1.1" 200 5104
69.162.124.232 - - [24/Nov/2019:04:36:32 -0500] "HEAD / HTTP/1.1" 200 -
66.249.66.81 - - [24/Nov/2019:04:36:44 -0500] "GET /BLA/resoluciones/AUTOS%202015/1686.pdf HTTP/1.1" 200 844805
192.168.175.104 - - [24/Nov/2019:04:36:45 -0500] "GET / HTTP/1.0" 200 9990
173.212.229.76 - - [24/Nov/2019:04:36:50 -0500] "GET /galeria/mapa2/?C=N;O=D/ HTTP/1.1" 200 5104
34.219.228.38 - - [24/Nov/2019:04:36:53 -0500] "GET /galeria/nivo-slider/demo/inicio.html HTTP/1.1" 200 5154
54.149.33.46 - - [24/Nov/2019:04:36:55 -0500] "GET /robots.txt HTTP/1.1" 404 1154
54.149.33.46 - - [24/Nov/2019:04:36:55 -0500] "GET / HTTP/1.1" 200 9990
54.149.33.46 - - [24/Nov/2019:04:36:56 -0500] "GET /www.ambientebogota.gov.co/ HTTP/1.1" 404 1154
192.168.175.104 - - [24/Nov/2019:04:36:59 -0500] "GET / HTTP/1.1" 200 9990
173.212.229.76 - - [24/Nov/2019:04:37:03 -0500] "GET /galeria/mapa2/?C=S;O=A/ HTTP/1.1" 200 5104
54.212.170.230 - - [24/Nov/2019:04:37:10 -0500] "GET /galeria/nivo-slider/demo/inicio.html HTTP/1.1" 200 5154
34.211.150.14 - - [24/Nov/2019:04:37:20 -0500] "GET /galeria/nivo-slider/demo/inicio.html HTTP/1.1" 200 5154
54.189.194.96 - - [24/Nov/2019:04:37:22 -0500] "GET /robots.txt HTTP/1.1" 404 1154
54.189.194.96 - - [24/Nov/2019:04:37:22 -0500] "GET / HTTP/1.1" 200 9990
66.249.66.82 - - [24/Nov/2019:04:37:23 -0500] "GET /BLA/resoluciones/RESOLUCIONES%202016/1556.pdf HTTP/1.1" 200 514461
54.189.194.96 - - [24/Nov/2019:04:37:23 -0500] "GET /www.ambientebogota.gov.co/ HTTP/1.1" 404 1154
173.212.229.76 - - [24/Nov/2019:04:37:23 -0500] "GET /galeria/nivo-slider/themes/default/?C=D;O=A/ HTTP/1.1" 200 1667
173.212.229.76 - - [24/Nov/2019:04:37:32 -0500] "GET /robots.txt HTTP/1.1" 404 1019
5.255.250.75 - - [24/Nov/2019:04:37:42 -0500] "GET /StormSDA/userFiles/user_files/93/?C=S;O=D HTTP/1.1" 200 817
201.245.192.253 - - [24/Nov/2019:04:37:07 -0500] "POST /kwsrmcab/Wsrmcab HTTP/1.1" 200 27237
173.212.229.76 - - [24/Nov/2019:04:37:52 -0500] "GET /PruebasSTORM/StormSDA_pruebas/userFiles/user_files/91/?C=D;O=D/ HTTP/1.1" 200 1756
54.191.219.216 - - [24/Nov/2019:04:37:57 -0500] "GET /robots.txt HTTP/1.1" 404 1154
54.191.219.216 - - [24/Nov/2019:04:37:58 -0500] "GET / HTTP/1.1" 200 9990
54.191.219.216 - - [24/Nov/2019:04:37:58 -0500] "GET /www.ambientebogota.gov.co/ HTTP/1.1" 404 1154
66.249.66.82 - - [24/Nov/2019:04:38:02 -0500] "GET /BLA/resoluciones/RESOLUCIONES%202010/6408.pdf HTTP/1.1" 200 516711
18.237.231.61 - - [24/Nov/2019:04:38:02 -0500] "GET /galeria/nivo-slider/demo/inicio.html HTTP/1.1" 200 5154
52.39.8.43 - - [24/Nov/2019:04:38:04 -0500] "GET /galeria/nivo-slider/demo/inicio.html HTTP/1.1" 200 5154
34.222.69.14 - - [24/Nov/2019:04:38:06 -0500] "GET /robots.txt HTTP/1.1" 404 1154
34.222.69.14 - - [24/Nov/2019:04:38:06 -0500] "GET / HTTP/1.1" 200 9990
34.222.69.14 - - [24/Nov/2019:04:38:07 -0500] "GET /www.ambientebogota.gov.co/ HTTP/1.1" 404 1154
173.212.229.76 - - [24/Nov/2019:04:38:12 -0500] "GET /PruebasSTORM/StormSDA_pruebas/userFiles/user_files/91/?C=M;O=D/ HTTP/1.1" 200 1756
216.244.66.195 - - [24/Nov/2019:04:38:25 -0500] "GET /BLA/resoluciones/AUTOS%202010/1369.pdf HTTP/1.1" 200 244112
173.212.229.76 - - [24/Nov/2019:04:38:33 -0500] "GET /PruebasSTORM/StormSDA_pruebas/userFiles/user_files/91/?C=N;O=D/ HTTP/1.1" 200 1756
173.212.229.76 - - [24/Nov/2019:04:38:43 -0500] "GET /PruebasSTORM/StormSDA_pruebas/userFiles/user_files/91/?C=S;O=A/ HTTP/1.1" 200 1756
173.212.229.76 - - [24/Nov/2019:04:38:56 -0500] "GET /SIG/index.php/ECS/126PM04-PR08.pdf/ECS/126PM04-PR83.pdf/Control%20Disciplinario//plantilla%20para%20Procedimientos%20-%20disciplinario%20verbal%20version%20070.pdf/ HTTP/1.1" 200 7208
66.249.66.81 - - [24/Nov/2019:04:39:17 -0500] "GET /BLA/resoluciones/RESOLUCIONES%202008/3265.pdf HTTP/1.1" 200 399639
66.249.66.82 - - [24/Nov/2019:04:39:24 -0500] "GET /BLA/resoluciones/RESOLUCIONES%202011/4370.pdf HTTP/1.1" 200 622106
173.212.229.76 - - [24/Nov/2019:04:39:27 -0500] "GET /SIG/index.php/ECS/126PM04-PR08.pdf/ECS/126PM04-PR83.pdf/Control%20y%20mejora//126PE01-PR03.pdf/ HTTP/1.1" 200 6115
173.212.229.76 - - [24/Nov/2019:04:39:41 -0500] "GET /SIG/index.php/ECS/126PM04-PR08.pdf/ECS/126PM04-PR83.pdf/Control%20y%20mejora//126PE01-PR04.pdf/ HTTP/1.1" 200 6115
66.249.66.81 - - [24/Nov/2019:04:39:58 -0500] "GET /BLA/resoluciones/AUTOS%202016/1135.pdf HTTP/1.1" 304 -
173.212.229.76 - - [24/Nov/2019:04:40:04 -0500] "GET /SIG/index.php/ECS/126PM04-PR08.pdf/ECS/126PM04-PR83.pdf/Control%20y%20mejora//126PE01-PR05.pdf/ HTTP/1.1" 200 6115
169.197.108.6 - - [24/Nov/2019:04:40:08 -0500] "GET / HTTP/1.1" 200 9990
173.212.229.76 - - [24/Nov/2019:04:40:19 -0500] "GET /SIG/index.php/ECS/126PM04-PR23.pdf/Control%20y%20mejora//126PE01-PR07.pdf/ HTTP/1.1" 200 5674
173.212.229.76 - - [24/Nov/2019:04:40:39 -0500] "GET /SIG/index.php/ECS/126PM04-PR23.pdf/Direccionamiento%20Estrategico//126PG01-PR02.pdf/ HTTP/1.1" 200 5926
216.244.66.195 - - [24/Nov/2019:04:40:42 -0500] "GET /BLA/resoluciones/AUTOS%202010/1440.pdf HTTP/1.1" 200 165456
173.212.229.76 - - [24/Nov/2019:04:41:01 -0500] "GET /SIG/index.php/ECS/126PM04-PR23.pdf/Direccionamiento%20Estrategico//126PG01-PR07.pdf/ HTTP/1.1" 200 5926
18.236.196.148 - - [24/Nov/2019:04:41:10 -0500] "GET /galeria/nivo-slider/demo/inicio.html HTTP/1.1" 200 5154
18.237.65.14 - - [24/Nov/2019:04:41:12 -0500] "GET /robots.txt HTTP/1.1" 404 1154
18.237.65.14 - - [24/Nov/2019:04:41:12 -0500] "GET / HTTP/1.1" 200 9990
18.237.65.14 - - [24/Nov/2019:04:41:13 -0500] "GET /www.ambientebogota.gov.co/ HTTP/1.1" 404 1154
173.212.229.76 - - [24/Nov/2019:04:41:13 -0500] "GET /SIG/index.php/ECS/126PM04-PR23.pdf/Direccionamiento%20Estrategico//126PG01-PR08.pdf/ HTTP/1.1" 200 5926
54.201.189.128 - - [24/Nov/2019:04:41:31 -0500] "GET /galeria/nivo-slider/demo/inicio.html HTTP/1.1" 200 5154
69.162.124.232 - - [24/Nov/2019:04:41:32 -0500] "HEAD / HTTP/1.1" 200 -
173.212.229.76 - - [24/Nov/2019:04:41:33 -0500] "GET /SIG/index.php/ECS/126PM04-PR23.pdf/Direccionamiento%20Estrategico//126PG01-PR09.pdf/ HTTP/1.1" 200 5926
34.212.56.122 - - [24/Nov/2019:04:41:42 -0500] "GET /galeria/nivo-slider/demo/inicio.html HTTP/1.1" 200 5154
192.168.175.104 - - [24/Nov/2019:04:41:43 -0500] "GET / HTTP/1.0" 200 9990
173.212.229.76 - - [24/Nov/2019:04:41:45 -0500] "GET /SIG/index.php/ECS/126PM04-PR23.pdf/Direccionamiento%20Estrategico//126PG01-PR13.pdf/ HTTP/1.1" 200 5926
54.202.123.234 - - [24/Nov/2019:04:41:51 -0500] "GET /galeria/nivo-slider/demo/inicio.html HTTP/1.1" 200 5154
192.168.175.104 - - [24/Nov/2019:04:41:57 -0500] "GET / HTTP/1.1" 200 9990
111.206.198.123 - - [24/Nov/2019:04:42:00 -0500] "GET /BLA/boletinlegal/js/jquery.scrollShow.js HTTP/1.1" 200 4586
111.206.221.86 - - [24/Nov/2019:04:42:00 -0500] "GET /galeria/carrusel/Carrusel/jquery.thumbnailScroller.css HTTP/1.1" 200 2066
173.212.229.76 - - [24/Nov/2019:04:42:09 -0500] "GET /SIG/index.php/ECS/126PM04-PR23.pdf/ECS//126PM04-PR104.pdf/ HTTP/1.1" 200 5420
216.244.66.195 - - [24/Nov/2019:04:42:27 -0500] "GET /BLA/resoluciones/AUTOS%202010/1622.pdf HTTP/1.1" 200 191632
173.212.229.76 - - [24/Nov/2019:04:42:29 -0500] "GET /SIG/index.php/ECS/126PM04-PR23.pdf/ECS//126PM04-PR106.pdf/ HTTP/1.1" 200 5420
35.165.149.73 - - [24/Nov/2019:04:42:42 -0500] "GET /robots.txt HTTP/1.1" 404 1154
35.165.149.73 - - [24/Nov/2019:04:42:43 -0500] "GET / HTTP/1.1" 200 9990
35.165.149.73 - - [24/Nov/2019:04:42:43 -0500] "GET /www.ambientebogota.gov.co/ HTTP/1.1" 404 1154
54.202.109.60 - - [24/Nov/2019:04:42:46 -0500] "GET /robots.txt HTTP/1.1" 404 1154
54.202.109.60 - - [24/Nov/2019:04:42:46 -0500] "GET / HTTP/1.1" 200 9990
54.202.109.60 - - [24/Nov/2019:04:42:47 -0500] "GET /www.ambientebogota.gov.co/ HTTP/1.1" 404 1154
173.212.229.76 - - [24/Nov/2019:04:42:53 -0500] "GET /SIG/index.php/ECS/126PM04-PR23.pdf/ECS//126PM04-PR114.pdf/ HTTP/1.1" 200 5420
35.165.131.102 - - [24/Nov/2019:04:42:54 -0500] "GET /galeria/nivo-slider/demo/inicio.html HTTP/1.1" 200 5154
173.212.229.76 - - [24/Nov/2019:04:43:08 -0500] "GET /SIG/index.php/ECS/126PM04-PR23.pdf/Gestion%20Recursos%20Financieros//126PA02-PR06%20MODIFICACIONES%20PRESUPUESTALES.pdf/ HTTP/1.1" 200 6496
173.212.229.76 - - [24/Nov/2019:04:43:17 -0500] "GET /SIG/index.php/ECS/126PM04-PR23.pdf/Gestion%20Recursos%20Financieros//126PA02-PR07%20TRAMITE%20Y%20PAGO%20PASIVOS%20EXIGIBLES.pdf/ HTTP/1.1" 200 6553
54.203.5.108 - - [24/Nov/2019:04:43:22 -0500] "GET /galeria/nivo-slider/demo/inicio.html HTTP/1.1" 200 5154
34.220.49.207 - - [24/Nov/2019:04:43:24 -0500] "GET /galeria/nivo-slider/demo/inicio.html HTTP/1.1" 200 5154
173.212.229.76 - - [24/Nov/2019:04:43:31 -0500] "GET /SIG/index.php/Gestion%20Documental/126PA06-PR05%20ORGANIZACION%20Y%20TRANFERENCIA%20DOCUMENTAL.pdf/Comunicaciones//126PG02-PR01.pdf/ HTTP/1.1" 200 6766
173.212.229.76 - - [24/Nov/2019:04:43:36 -0500] "GET /SIG/index.php/Gestion%20Documental/126PA06-PR05%20ORGANIZACION%20Y%20TRANFERENCIA%20DOCUMENTAL.pdf/Comunicaciones//126PG02-PR02.pdf/ HTTP/1.1" 200 6766
54.189.198.19 - - [24/Nov/2019:04:43:48 -0500] "GET /galeria/nivo-slider/demo/inicio.html HTTP/1.1" 200 5154
173.212.229.76 - - [24/Nov/2019:04:43:51 -0500] "GET /SIG/index.php/Gestion%20Documental/126PA06-PR05%20ORGANIZACION%20Y%20TRANFERENCIA%20DOCUMENTAL.pdf/Comunicaciones//126PG02-PR03.pdf/ HTTP/1.1" 200 6766
65.155.30.101 - - [24/Nov/2019:04:44:00 -0500] "GET /galeria/carrusel/Carrusel/jquery.thumbnailScroller.css HTTP/1.1" 200 2066
65.155.30.101 - - [24/Nov/2019:04:44:00 -0500] "GET /BLA/boletinlegal/js/jquery.scrollShow.js HTTP/1.1" 200 4586
65.155.30.101 - - [24/Nov/2019:04:44:00 -0500] "GET /galeria/galeria/jquery.fancybox.css?v=2.1.5 HTTP/1.1" 200 4895
65.155.30.101 - - [24/Nov/2019:04:44:00 -0500] "GET /galeria/galeria/jquery.fancybox.js?v=2.1.5 HTTP/1.1" 200 48706
65.155.30.101 - - [24/Nov/2019:04:44:01 -0500] "GET /galeria/carrusel/Carrusel/jquery-ui-1.8.13.custom.min.js HTTP/1.1" 200 10800
65.155.30.101 - - [24/Nov/2019:04:44:01 -0500] "GET /galeria/carrusel/Carrusel/jquery.thumbnailScroller.js HTTP/1.1" 200 8157
54.36.150.29 - - [24/Nov/2019:04:44:02 -0500] "GET /BLA/resoluciones/RESOLUCIONES%202005/RES%202005%201301-1350/00001339.tif HTTP/1.1" 200 38708
65.155.30.101 - - [24/Nov/2019:04:44:03 -0500] "GET /galeria/nivo-slider/demo/inicio.html HTTP/1.1" 200 5154
65.155.30.101 - - [24/Nov/2019:04:44:05 -0500] "GET /galeria/nivo-slider/themes/default/default.css HTTP/1.1" 200 1569
65.155.30.101 - - [24/Nov/2019:04:44:05 -0500] "GET /galeria/nivo-slider/nivo-slider.css HTTP/1.1" 200 1507
65.155.30.101 - - [24/Nov/2019:04:44:05 -0500] "GET /galeria/nivo-slider/themes/orman/orman.css HTTP/1.1" 200 2152
65.155.30.101 - - [24/Nov/2019:04:44:05 -0500] "GET /galeria/nivo-slider/themes/pascal/pascal.css HTTP/1.1" 200 2258
65.155.30.101 - - [24/Nov/2019:04:44:05 -0500] "GET /galeria/nivo-slider/demo/style.css HTTP/1.1" 200 2222
65.155.30.101 - - [24/Nov/2019:04:44:05 -0500] "GET /galeria/nivo-slider/demo/images/bannerclimabog.jpg HTTP/1.1" 200 170671
65.155.30.101 - - [24/Nov/2019:04:44:06 -0500] "GET /galeria/nivo-slider/demo/scripts/jquery-1.7.1.min.js HTTP/1.1" 200 93868
65.155.30.101 - - [24/Nov/2019:04:44:06 -0500] "GET /galeria/nivo-slider/jquery.nivo.slider.pack.js HTTP/1.1" 200 11561
65.155.30.101 - - [24/Nov/2019:04:44:06 -0500] "GET /galeria/nivo-slider/demo/images/bannerrendicion.jpg HTTP/1.1" 200 153938
65.155.30.101 - - [24/Nov/2019:04:44:06 -0500] "GET /galeria/nivo-slider/demo/images/bannerwebmusgo.jpg HTTP/1.1" 200 367364
65.155.30.101 - - [24/Nov/2019:04:44:09 -0500] "GET /galeria/nivo-slider/demo/images/Bannerpread.jpg HTTP/1.1" 200 256621
65.155.30.101 - - [24/Nov/2019:04:44:09 -0500] "GET /galeria/nivo-slider/demo/images/iniciativas-Ambientales.jpg HTTP/1.1" 200 201405
65.155.30.101 - - [24/Nov/2019:04:44:09 -0500] "GET /galeria/nivo-slider/demo/images/banneragendamiento.jpg HTTP/1.1" 200 116897
65.155.30.101 - - [24/Nov/2019:04:44:09 -0500] "GET /galeria/nivo-slider/demo/images/Bannerveterinaria.jpg HTTP/1.1" 200 254705
65.155.30.101 - - [24/Nov/2019:04:44:09 -0500] "GET /galeria/nivo-slider/demo/images/bannerincendios.jpg HTTP/1.1" 200 206070
65.155.30.101 - - [24/Nov/2019:04:44:10 -0500] "GET /galeria/nivo-slider/demo/images/Banner%20tinguas.jpg HTTP/1.1" 200 214878
173.212.229.76 - - [24/Nov/2019:04:44:14 -0500] "GET /SIG/index.php/Gestion%20Documental/126PA06-PR05%20ORGANIZACION%20Y%20TRANFERENCIA%20DOCUMENTAL.pdf/Comunicaciones//126PG02-PR04.pdf/ HTTP/1.1" 200 6766
65.155.30.101 - - [24/Nov/2019:04:44:15 -0500] "GET /galeria/nivo-slider/demo/images/Bannerserpiente2019.jpg HTTP/1.1" 200 270374
65.155.30.101 - - [24/Nov/2019:04:44:15 -0500] "GET /galeria/nivo-slider/demo/images/Noviembre.png HTTP/1.1" 200 519399
65.155.30.101 - - [24/Nov/2019:04:44:15 -0500] "GET /galeria/nivo-slider/demo/images/puntos%20atencion%20BANNER.jpg HTTP/1.1" 200 244208
65.155.30.101 - - [24/Nov/2019:04:44:15 -0500] "GET /galeria/nivo-slider/demo/images/Banner%20consumo%20sostenible%20final.jpg HTTP/1.1" 200 364746
65.155.30.101 - - [24/Nov/2019:04:44:15 -0500] "GET /galeria/nivo-slider/demo/images/Banner%20Visor%20Geografico%20Ambiental.jpg HTTP/1.1" 200 204673
65.155.30.101 - - [24/Nov/2019:04:44:15 -0500] "GET /galeria/nivo-slider/demo/images/Banner%20RCD.jpg HTTP/1.1" 200 92197
65.155.30.101 - - [24/Nov/2019:04:44:17 -0500] "GET /galeria/nivo-slider/demo/images/4Simple_Slider.png HTTP/1.1" 200 11722
65.155.30.101 - - [24/Nov/2019:04:44:17 -0500] "GET /galeria/nivo-slider/themes/default/loading.gif HTTP/1.1" 200 1737
65.155.30.101 - - [24/Nov/2019:04:44:17 -0500] "GET /galeria/nivo-slider/demo/images/Banner%20Conpes.jpg HTTP/1.1" 200 55220
65.155.30.101 - - [24/Nov/2019:04:44:17 -0500] "GET /galeria/nivo-slider/demo/images/Banner%20practicas%20sostenibles.jpg HTTP/1.1" 200 142958
65.155.30.101 - - [24/Nov/2019:04:44:17 -0500] "GET /galeria/nivo-slider/demo/images/Banner%20POT.png HTTP/1.1" 200 418238
65.155.30.101 - - [24/Nov/2019:04:44:17 -0500] "GET /galeria/nivo-slider/demo/images/Banneranonimos.png HTTP/1.1" 200 109388
216.244.66.195 - - [24/Nov/2019:04:44:22 -0500] "GET /BLA/resoluciones/AUTOS%202010/1693.pdf HTTP/1.1" 200 119963
186.84.89.120 - - [24/Nov/2019:04:44:24 -0500] "GET /galeria/galeria/jquery.fancybox.css?v=2.1.5 HTTP/1.1" 200 4895
186.84.89.120 - - [24/Nov/2019:04:44:25 -0500] "GET /BLA/boletinlegal/js/jquery.scrollShow.js HTTP/1.1" 200 4586
186.84.89.120 - - [24/Nov/2019:04:44:25 -0500] "GET /galeria/galeria/jquery.fancybox.js?v=2.1.5 HTTP/1.1" 200 48706
173.212.229.76 - - [24/Nov/2019:04:44:25 -0500] "GET /SIG/index.php/Gestion%20Documental/126PA06-PR05%20ORGANIZACION%20Y%20TRANFERENCIA%20DOCUMENTAL.pdf/Comunicaciones//126PG02-PR06.pdf/ HTTP/1.1" 200 6766
186.84.89.120 - - [24/Nov/2019:04:44:25 -0500] "GET /galeria/carrusel/Carrusel/jquery.thumbnailScroller.css HTTP/1.1" 200 2066
186.84.89.120 - - [24/Nov/2019:04:44:25 -0500] "GET /galeria/carrusel/Carrusel/jquery-ui-1.8.13.custom.min.js HTTP/1.1" 200 10800
186.84.89.120 - - [24/Nov/2019:04:44:25 -0500] "GET /galeria/carrusel/Carrusel/jquery.thumbnailScroller.js HTTP/1.1" 200 8157
186.84.89.120 - - [24/Nov/2019:04:44:25 -0500] "GET /galeria/nivo-slider/demo/inicio.html HTTP/1.1" 200 5154
186.84.89.120 - - [24/Nov/2019:04:44:26 -0500] "GET /galeria/nivo-slider/themes/default/default.css HTTP/1.1" 200 1569
186.84.89.120 - - [24/Nov/2019:04:44:26 -0500] "GET /galeria/nivo-slider/themes/pascal/pascal.css HTTP/1.1" 200 2258
186.84.89.120 - - [24/Nov/2019:04:44:26 -0500] "GET /galeria/nivo-slider/themes/orman/orman.css HTTP/1.1" 200 2152
186.84.89.120 - - [24/Nov/2019:04:44:26 -0500] "GET /galeria/nivo-slider/nivo-slider.css HTTP/1.1" 200 1507
186.84.89.120 - - [24/Nov/2019:04:44:26 -0500] "GET /galeria/nivo-slider/demo/style.css HTTP/1.1" 200 2222
186.84.89.120 - - [24/Nov/2019:04:44:26 -0500] "GET /galeria/nivo-slider/demo/scripts/jquery-1.7.1.min.js HTTP/1.1" 200 93868
186.84.89.120 - - [24/Nov/2019:04:44:26 -0500] "GET /galeria/nivo-slider/jquery.nivo.slider.pack.js HTTP/1.1" 200 11561
186.84.89.120 - - [24/Nov/2019:04:44:26 -0500] "GET /galeria/nivo-slider/demo/images/bannerclimabog.jpg HTTP/1.1" 200 170671
65.155.30.101 - - [24/Nov/2019:04:44:26 -0500] "GET /galeria/nivo-slider/themes/default/arrows.png HTTP/1.1" 200 824
65.155.30.101 - - [24/Nov/2019:04:44:26 -0500] "GET /galeria/nivo-slider/themes/default/bullets.png HTTP/1.1" 200 1281
186.84.89.120 - - [24/Nov/2019:04:44:26 -0500] "GET /galeria/nivo-slider/demo/images/bannerrendicion.jpg HTTP/1.1" 200 153938
186.84.89.120 - - [24/Nov/2019:04:44:27 -0500] "GET /galeria/nivo-slider/demo/images/4Simple_Slider.png HTTP/1.1" 200 11722
186.84.89.120 - - [24/Nov/2019:04:44:27 -0500] "GET /galeria/nivo-slider/themes/default/loading.gif HTTP/1.1" 200 1737
186.84.89.120 - - [24/Nov/2019:04:44:27 -0500] "GET /galeria/nivo-slider/demo/images/bannerwebmusgo.jpg HTTP/1.1" 200 367364
186.84.89.120 - - [24/Nov/2019:04:44:27 -0500] "GET /galeria/nivo-slider/demo/images/Bannerpread.jpg HTTP/1.1" 200 256621
186.84.89.120 - - [24/Nov/2019:04:44:28 -0500] "GET /galeria/nivo-slider/demo/images/iniciativas-Ambientales.jpg HTTP/1.1" 200 201405
186.84.89.120 - - [24/Nov/2019:04:44:28 -0500] "GET /galeria/nivo-slider/demo/images/Bannerveterinaria.jpg HTTP/1.1" 200 254705
186.84.89.120 - - [24/Nov/2019:04:44:30 -0500] "GET /galeria/nivo-slider/demo/images/bannerincendios.jpg HTTP/1.1" 200 206070
186.84.89.120 - - [24/Nov/2019:04:44:31 -0500] "GET /galeria/nivo-slider/demo/images/banneragendamiento.jpg HTTP/1.1" 200 116897
186.84.89.120 - - [24/Nov/2019:04:44:31 -0500] "GET /galeria/nivo-slider/demo/images/Banner%20tinguas.jpg HTTP/1.1" 200 214878
186.84.89.120 - - [24/Nov/2019:04:44:31 -0500] "GET /galeria/nivo-slider/demo/images/Bannerserpiente2019.jpg HTTP/1.1" 200 270374
186.84.89.120 - - [24/Nov/2019:04:44:32 -0500] "GET /galeria/nivo-slider/demo/images/Noviembre.png HTTP/1.1" 200 519399
186.84.89.120 - - [24/Nov/2019:04:44:32 -0500] "GET /galeria/nivo-slider/demo/images/puntos%20atencion%20BANNER.jpg HTTP/1.1" 200 244208
186.84.89.120 - - [24/Nov/2019:04:44:32 -0500] "GET /galeria/nivo-slider/demo/images/Banner%20Visor%20Geografico%20Ambiental.jpg HTTP/1.1" 200 204673
186.84.89.120 - - [24/Nov/2019:04:44:33 -0500] "GET /galeria/nivo-slider/demo/images/Banner%20consumo%20sostenible%20final.jpg HTTP/1.1" 200 364746
186.84.89.120 - - [24/Nov/2019:04:44:33 -0500] "GET /galeria/nivo-slider/demo/images/Banner%20RCD.jpg HTTP/1.1" 200 92197
186.84.89.120 - - [24/Nov/2019:04:44:33 -0500] "GET /galeria/nivo-slider/demo/images/Banner%20Conpes.jpg HTTP/1.1" 200 55220
186.84.89.120 - - [24/Nov/2019:04:44:33 -0500] "GET /galeria/nivo-slider/demo/images/Banner%20practicas%20sostenibles.jpg HTTP/1.1" 200 142958
186.84.89.120 - - [24/Nov/2019:04:44:33 -0500] "GET /galeria/nivo-slider/demo/images/Banner%20POT.png HTTP/1.1" 200 418238
186.84.89.120 - - [24/Nov/2019:04:44:34 -0500] "GET /galeria/nivo-slider/demo/images/Banneranonimos.png HTTP/1.1" 200 109388
54.200.43.255 - - [24/Nov/2019:04:44:34 -0500] "GET /galeria/nivo-slider/demo/inicio.html HTTP/1.1" 200 5154
186.84.89.120 - - [24/Nov/2019:04:44:34 -0500] "GET /galeria/nivo-slider/themes/default/arrows.png HTTP/1.1" 200 824
186.84.89.120 - - [24/Nov/2019:04:44:34 -0500] "GET /galeria/nivo-slider/themes/default/bullets.png HTTP/1.1" 200 1281
66.249.66.81 - - [24/Nov/2019:04:44:36 -0500] "GET /BLA/resoluciones/AUTOS%202014/4711.pdf HTTP/1.1" 200 565377
173.212.229.76 - - [24/Nov/2019:04:44:44 -0500] "GET /SIG/index.php/Gestion%20Documental/126PA06-PR05%20ORGANIZACION%20Y%20TRANFERENCIA%20DOCUMENTAL.pdf/Comunicaciones//126PG02-PR09.pdf/ HTTP/1.1" 200 6766
173.212.229.76 - - [24/Nov/2019:04:44:59 -0500] "GET /SIG/index.php/Gestion%20Documental/126PA06-PR05%20ORGANIZACION%20Y%20TRANFERENCIA%20DOCUMENTAL.pdf/Comunicaciones//126PG02-PR10.pdf/ HTTP/1.1" 200 6766
54.201.195.58 - - [24/Nov/2019:04:45:07 -0500] "GET /galeria/nivo-slider/demo/inicio.html HTTP/1.1" 200 5154
52.25.54.126 - - [24/Nov/2019:04:45:08 -0500] "GET /galeria/nivo-slider/demo/inicio.html HTTP/1.1" 200 5154
54.200.121.239 - - [24/Nov/2019:04:45:14 -0500] "GET /robots.txt HTTP/1.1" 404 1154
54.200.121.239 - - [24/Nov/2019:04:45:14 -0500] "GET / HTTP/1.1" 200 9990
54.200.121.239 - - [24/Nov/2019:04:45:15 -0500] "GET /www.ambientebogota.gov.co/ HTTP/1.1" 404 1154
173.212.229.76 - - [24/Nov/2019:04:45:17 -0500] "GET /SIG/index.php/Gestion%20Documental/126PA06-PR05%20ORGANIZACION%20Y%20TRANFERENCIA%20DOCUMENTAL.pdf/Control%20Disciplinario//plantilla%20para%20Procedimientos%20-%20disciplinario%20ordinario%20version%20080.pdf/ HTTP/1.1" 200 7958
34.219.216.154 - - [24/Nov/2019:04:45:22 -0500] "GET /galeria/nivo-slider/demo/inicio.html HTTP/1.1" 200 5154
52.33.101.158 - - [24/Nov/2019:04:45:34 -0500] "GET /galeria/nivo-slider/demo/inicio.html HTTP/1.1" 200 5154
18.236.125.244 - - [24/Nov/2019:04:45:34 -0500] "GET /galeria/nivo-slider/demo/inicio.html HTTP/1.1" 200 5154
173.212.229.76 - - [24/Nov/2019:04:45:38 -0500] "GET /SIG/index.php/Gestion%20Documental/126PA06-PR05%20ORGANIZACION%20Y%20TRANFERENCIA%20DOCUMENTAL.pdf/Control%20Disciplinario//plantilla%20para%20Procedimientos%20-%20disciplinario%20verbal%20version%20070.pdf/ HTTP/1.1" 200 7901
216.244.66.195 - - [24/Nov/2019:04:45:48 -0500] "GET /BLA/resoluciones/AUTOS%202010/2641.pdf HTTP/1.1" 200 23360
173.212.229.76 - - [24/Nov/2019:04:45:55 -0500] "GET /SIG/index.php/Gestion%20Documental/126PA06-PR05%20ORGANIZACION%20Y%20TRANFERENCIA%20DOCUMENTAL.pdf/Control%20Disciplinario//plantilla%20para%20Procedimientos%20-%20segunda%20instancia%20version%20050.pdf/ HTTP/1.1" 200 7844
173.212.229.76 - - [24/Nov/2019:04:46:04 -0500] "GET /SIG/index.php/Gestion%20Documental/126PA06-PR05%20ORGANIZACION%20Y%20TRANFERENCIA%20DOCUMENTAL.pdf/Control%20y%20mejora//126PE01-PR03.pdf/ HTTP/1.1" 200 6808
190.156.150.132 - - [24/Nov/2019:04:46:16 -0500] "GET /galeria/galeria/jquery.fancybox.css?v=2.1.5 HTTP/1.1" 200 4895
54.36.150.141 - - [24/Nov/2019:04:46:21 -0500] "GET /BLA/resoluciones/RESOLUCIONES%202005/RES%202005%202751-2800/00002792.tif HTTP/1.1" 200 382910
173.212.229.76 - - [24/Nov/2019:04:46:25 -0500] "GET /SIG/index.php/Gestion%20Documental/126PA06-PR05%20ORGANIZACION%20Y%20TRANFERENCIA%20DOCUMENTAL.pdf/Control%20y%20mejora//126PE01-PR04.pdf/ HTTP/1.1" 200 6808
216.244.66.195 - - [24/Nov/2019:04:46:32 -0500] "GET /BLA/resoluciones/AUTOS%202010/3195.pdf HTTP/1.1" 200 813790
69.162.124.232 - - [24/Nov/2019:04:46:32 -0500] "HEAD / HTTP/1.1" 200 -
192.168.175.104 - - [24/Nov/2019:04:46:41 -0500] "GET / HTTP/1.0" 200 9990
173.212.229.76 - - [24/Nov/2019:04:46:42 -0500] "GET /SIG/index.php/Gestion%20Documental/126PA06-PR05%20ORGANIZACION%20Y%20TRANFERENCIA%20DOCUMENTAL.pdf/Control%20y%20mejora//126PE01-PR05.pdf/ HTTP/1.1" 200 6808
173.212.229.76 - - [24/Nov/2019:04:46:49 -0500] "GET /SIG/index.php/Gestion%20Documental/126PA06-PR05%20ORGANIZACION%20Y%20TRANFERENCIA%20DOCUMENTAL.pdf/Control%20y%20mejora//126PE01-PR07.pdf/ HTTP/1.1" 200 6808
113.75.1.141 - - [24/Nov/2019:04:46:52 -0500] "GET /POT-2013/Cartografia/26_Espacio_Publico_2013_V1.pdf HTTP/1.1" 200 3519741
192.168.175.104 - - [24/Nov/2019:04:46:56 -0500] "GET / HTTP/1.1" 200 9990
173.212.229.76 - - [24/Nov/2019:04:47:05 -0500] "GET /SIG/index.php/Gestion%20Documental/126PA06-PR05%20ORGANIZACION%20Y%20TRANFERENCIA%20DOCUMENTAL.pdf/Control%20y%20mejora//126PE01-PR08.pdf/ HTTP/1.1" 200 6808
34.219.1.118 - - [24/Nov/2019:04:47:08 -0500] "GET /galeria/nivo-slider/demo/inicio.html HTTP/1.1" 200 5154
216.244.66.195 - - [24/Nov/2019:04:47:22 -0500] "GET /BLA/resoluciones/AUTOS%202010/3527.pdf HTTP/1.1" 200 148264
173.212.229.76 - - [24/Nov/2019:04:47:28 -0500] "GET /SIG/index.php/Gestion%20Documental/126PA06-PR05%20ORGANIZACION%20Y%20TRANFERENCIA%20DOCUMENTAL.pdf/Direccionamiento%20Estrategico//126PG01-PR02.pdf/ HTTP/1.1" 200 7060
52.43.15.25 - - [24/Nov/2019:04:47:33 -0500] "GET /galeria/nivo-slider/demo/inicio.html HTTP/1.1" 200 5154
173.212.229.76 - - [24/Nov/2019:04:47:43 -0500] "GET /SIG/index.php/Gestion%20Documental/126PA06-PR05%20ORGANIZACION%20Y%20TRANFERENCIA%20DOCUMENTAL.pdf/Direccionamiento%20Estrategico//126PG01-PR09.pdf/ HTTP/1.1" 200 7060
173.212.229.76 - - [24/Nov/2019:04:47:58 -0500] "GET /SIG/index.php/Gestion%20Documental/126PA06-PR05%20ORGANIZACION%20Y%20TRANFERENCIA%20DOCUMENTAL.pdf/Direccionamiento%20Estrategico//126PG01-PR13.pdf/ HTTP/1.1" 200 7060
216.244.66.195 - - [24/Nov/2019:04:48:00 -0500] "GET /BLA/resoluciones/AUTOS%202010/5035.pdf HTTP/1.1" 200 686012
173.212.229.76 - - [24/Nov/2019:04:48:11 -0500] "GET /SIG/index.php/Gestion%20Documental/126PA06-PR05%20ORGANIZACION%20Y%20TRANFERENCIA%20DOCUMENTAL.pdf/Direccionamiento%20Estrategico//126PG01-PR14.pdf/ HTTP/1.1" 200 7060
173.212.229.76 - - [24/Nov/2019:04:48:29 -0500] "GET /SIG/index.php/Gestion%20Documental/126PA06-PR05%20ORGANIZACION%20Y%20TRANFERENCIA%20DOCUMENTAL.pdf/Direccionamiento%20Estrategico//126PG01-PR15.pdf/ HTTP/1.1" 200 7060
54.191.62.220 - - [24/Nov/2019:04:48:39 -0500] "GET /galeria/nivo-slider/demo/inicio.html HTTP/1.1" 200 5154
173.212.229.76 - - [24/Nov/2019:04:48:51 -0500] "GET /SIG/index.php/Gestion%20Documental/126PA06-PR05%20ORGANIZACION%20Y%20TRANFERENCIA%20DOCUMENTAL.pdf/Direccionamiento%20Estrategico//126PG01-PR16.pdf/ HTTP/1.1" 200 7060
173.212.229.76 - - [24/Nov/2019:04:49:16 -0500] "GET /SIG/index.php/Gestion%20Documental/126PA06-PR05%20ORGANIZACION%20Y%20TRANFERENCIA%20DOCUMENTAL.pdf/Direccionamiento%20Estrategico//126PG01-PR17.pdf/ HTTP/1.1" 200 7060
190.240.35.193 - - [24/Nov/2019:04:49:17 -0500] "GET /residuos/curtiembres/files/guia_curtiembres.pdf HTTP/1.1" 200 13618642
216.244.66.195 - - [24/Nov/2019:04:49:31 -0500] "GET /BLA/resoluciones/AUTOS%202010/5107.pdf HTTP/1.1" 200 265192
173.212.229.76 - - [24/Nov/2019:04:49:31 -0500] "GET /SIG/index.php/Gestion%20Documental/126PA06-PR05%20ORGANIZACION%20Y%20TRANFERENCIA%20DOCUMENTAL.pdf/Direccionamiento%20Estrategico//126PG01-PR18.pdf/ HTTP/1.1" 200 7060
157.55.39.123 - - [24/Nov/2019:04:49:38 -0500] "GET /BLA/boletinlegal/Directivas/2013/Directiva%20No.%202%20del%2004%20de%20Abril%20de%202013.pdf HTTP/1.1" 200 1182671
181.129.151.114 - - [24/Nov/2019:04:49:43 -0500] "GET /galeria/galeria/jquery.fancybox.css?v=2.1.5 HTTP/1.1" 200 4895
181.129.151.114 - - [24/Nov/2019:04:49:43 -0500] "GET /BLA/boletinlegal/js/jquery.scrollShow.js HTTP/1.1" 200 4586
181.129.151.114 - - [24/Nov/2019:04:49:43 -0500] "GET /galeria/galeria/jquery.fancybox.js?v=2.1.5 HTTP/1.1" 200 48706
173.212.229.76 - - [24/Nov/2019:04:49:47 -0500] "GET /SIG/index.php?dir=Control%20y%20mejora/&sort=date&order=asc/ HTTP/1.1" 200 2776
34.208.34.71 - - [24/Nov/2019:04:49:47 -0500] "GET /galeria/nivo-slider/demo/inicio.html HTTP/1.1" 200 5154
180.95.186.242 - - [24/Nov/2019:04:49:57 -0500] "GET /SIG/ECS/126PM04-PR100.pdf HTTP/1.1" 200 4266976
66.249.66.81 - - [24/Nov/2019:04:49:57 -0500] "GET /BLA/resoluciones/AUTOS%202014/5464.pdf HTTP/1.1" 200 507578
173.212.229.76 - - [24/Nov/2019:04:50:07 -0500] "GET /SIG/index.php?dir=Control%20y%20mejora/&sort=name&order=asc/ HTTP/1.1" 200 2776
216.244.66.195 - - [24/Nov/2019:04:50:08 -0500] "GET /BLA/resoluciones/AUTOS%202010/5284.pdf HTTP/1.1" 200 186357
173.212.229.76 - - [24/Nov/2019:04:50:22 -0500] "GET /SIG/index.php?dir=Control%20y%20mejora/&sort=name&order=desc/ HTTP/1.1" 200 2776
34.209.217.169 - - [24/Nov/2019:04:50:38 -0500] "GET /galeria/nivo-slider/demo/inicio.html HTTP/1.1" 200 5154
173.212.229.76 - - [24/Nov/2019:04:50:39 -0500] "GET /SIG/index.php?dir=Control%20y%20mejora/&sort=size&order=asc/ HTTP/1.1" 200 2776
179.32.100.181 - - [24/Nov/2019:04:50:44 -0500] "GET /galeria/galeria/jquery.fancybox.js?v=2.1.5 HTTP/1.1" 200 48706
179.32.100.181 - - [24/Nov/2019:04:50:44 -0500] "GET /galeria/galeria/jquery.fancybox.css?v=2.1.5 HTTP/1.1" 200 4895
179.32.100.181 - - [24/Nov/2019:04:50:44 -0500] "GET /galeria/galeria/fotos/1GuaymaralTorcaP1.jpg HTTP/1.1" 200 9512
179.32.100.181 - - [24/Nov/2019:04:50:44 -0500] "GET /galeria/galeria/fotos/2GuaymaralTorcaP2.jpg HTTP/1.1" 200 7622
179.32.100.181 - - [24/Nov/2019:04:50:44 -0500] "GET /galeria/galeria/fotos/3GuaymaralTorcaP3.jpg HTTP/1.1" 200 8521
179.32.100.181 - - [24/Nov/2019:04:50:45 -0500] "GET /galeria/galeria/fotos/GuaymaralTorca4P.jpg HTTP/1.1" 200 33981
216.244.66.195 - - [24/Nov/2019:04:50:45 -0500] "GET /BLA/resoluciones/AUTOS%202010/5341.pdf HTTP/1.1" 200 1967369
54.200.176.230 - - [24/Nov/2019:04:50:46 -0500] "GET /galeria/nivo-slider/demo/inicio.html HTTP/1.1" 200 5154
173.212.229.76 - - [24/Nov/2019:04:50:56 -0500] "GET /SIG/index.php?dir=Control%20y%20mejora/Control%20y%20mejora// HTTP/1.1" 200 2953
34.221.128.107 - - [24/Nov/2019:04:50:57 -0500] "GET /galeria/nivo-slider/demo/inicio.html HTTP/1.1" 200 5154
66.249.66.81 - - [24/Nov/2019:04:51:00 -0500] "GET /BLA/resoluciones/AUTOS%202007/0313.pdf HTTP/1.1" 200 120278
34.211.135.6 - - [24/Nov/2019:04:51:09 -0500] "GET /galeria/nivo-slider/demo/inicio.html HTTP/1.1" 200 5154
54.213.2.35 - - [24/Nov/2019:04:51:10 -0500] "GET /robots.txt HTTP/1.1" 404 1154
173.212.229.76 - - [24/Nov/2019:04:51:10 -0500] "GET /StormSDA/forms/?C=D;O=D/ HTTP/1.1" 200 3475
54.213.2.35 - - [24/Nov/2019:04:51:11 -0500] "GET / HTTP/1.1" 200 9990
54.186.11.190 - - [24/Nov/2019:04:51:11 -0500] "GET /galeria/nivo-slider/demo/inicio.html HTTP/1.1" 200 5154
54.213.2.35 - - [24/Nov/2019:04:51:11 -0500] "GET /www.ambientebogota.gov.co/ HTTP/1.1" 404 1154
34.221.87.203 - - [24/Nov/2019:04:51:18 -0500] "GET /galeria/nivo-slider/demo/inicio.html HTTP/1.1" 200 5154
66.249.66.82 - - [24/Nov/2019:04:51:21 -0500] "GET /BLA/resoluciones/AUTOS%202010/0180.pdf HTTP/1.1" 200 352266
173.212.229.76 - - [24/Nov/2019:04:51:21 -0500] "GET /StormSDA/forms/?C=M;O=D/ HTTP/1.1" 200 3475
69.162.124.232 - - [24/Nov/2019:04:51:32 -0500] "HEAD / HTTP/1.1" 200 -
91.103.66.203 - - [24/Nov/2019:04:51:33 -0500] "GET /galeria/galeria/jquery.fancybox.css?v=2.1.5 HTTP/1.1" 200 4895
91.103.66.203 - - [24/Nov/2019:04:51:33 -0500] "GET /galeria/carrusel/Carrusel/jquery.thumbnailScroller.css HTTP/1.1" 200 2066
173.212.229.76 - - [24/Nov/2019:04:51:33 -0500] "GET /StormSDA/forms/?C=N;O=A/ HTTP/1.1" 200 3475
91.103.66.203 - - [24/Nov/2019:04:51:34 -0500] "GET /galeria/nivo-slider/demo/inicio.html HTTP/1.1" 200 5154
91.103.66.203 - - [24/Nov/2019:04:51:35 -0500] "GET /galeria/nivo-slider/themes/default/default.css HTTP/1.1" 200 1569
91.103.66.203 - - [24/Nov/2019:04:51:35 -0500] "GET /galeria/nivo-slider/themes/pascal/pascal.css HTTP/1.1" 200 2258
91.103.66.203 - - [24/Nov/2019:04:51:35 -0500] "GET /galeria/nivo-slider/themes/orman/orman.css HTTP/1.1" 200 2152
91.103.66.203 - - [24/Nov/2019:04:51:35 -0500] "GET /galeria/nivo-slider/demo/style.css HTTP/1.1" 200 2222
91.103.66.203 - - [24/Nov/2019:04:51:35 -0500] "GET /galeria/nivo-slider/nivo-slider.css HTTP/1.1" 200 1507
13.66.139.0 - - [24/Nov/2019:04:51:36 -0500] "GET /videos/?C=D;O=A HTTP/1.1" 200 51095
192.168.175.104 - - [24/Nov/2019:04:51:39 -0500] "GET / HTTP/1.0" 200 9990
66.249.66.82 - - [24/Nov/2019:04:51:41 -0500] "GET /BLA/resoluciones/RESOLUCIONES%202011/2388.pdf HTTP/1.1" 200 437048
173.212.229.76 - - [24/Nov/2019:04:51:42 -0500] "GET /StormSDA/forms/?C=S;O=D/ HTTP/1.1" 200 3475
34.221.64.240 - - [24/Nov/2019:04:51:43 -0500] "GET /robots.txt HTTP/1.1" 404 1154
34.221.64.240 - - [24/Nov/2019:04:51:43 -0500] "GET / HTTP/1.1" 200 9990
34.221.64.240 - - [24/Nov/2019:04:51:44 -0500] "GET /www.ambientebogota.gov.co/ HTTP/1.1" 404 1154
173.212.229.76 - - [24/Nov/2019:04:51:51 -0500] "GET /StormSDA/lib/?C=D;O=D/ HTTP/1.1" 200 6379
93.158.161.142 - - [24/Nov/2019:04:51:52 -0500] "GET /StormSDA/userFiles/user_files/88/ HTTP/1.1" 200 817
192.168.175.104 - - [24/Nov/2019:04:51:53 -0500] "GET / HTTP/1.1" 200 9990
66.249.66.81 - - [24/Nov/2019:04:52:01 -0500] "GET /BLA/resoluciones/RESOLUCIONES%202009/4696.pdf HTTP/1.1" 200 64626
173.212.229.76 - - [24/Nov/2019:04:52:05 -0500] "GET /StormSDA/lib/?C=M;O=D/ HTTP/1.1" 200 6379
173.212.229.76 - - [24/Nov/2019:04:52:20 -0500] "GET /StormSDA/lib/?C=N;O=A/ HTTP/1.1" 200 6379
66.249.66.81 - - [24/Nov/2019:04:52:22 -0500] "GET /BLA/resoluciones/RESOLUCIONES%202011/0218.pdf HTTP/1.1" 200 268552
173.212.229.76 - - [24/Nov/2019:04:52:42 -0500] "GET /StormSDA/lib/?C=S;O=D/ HTTP/1.1" 200 6379
173.212.229.76 - - [24/Nov/2019:04:52:59 -0500] "GET /StormSDA/lib/win32/?C=D;O=D/ HTTP/1.1" 200 1203
66.249.66.81 - - [24/Nov/2019:04:53:01 -0500] "GET /BLA/resoluciones/RESOLUCIONES%202011/2024.pdf HTTP/1.1" 200 319633
52.12.106.11 - - [24/Nov/2019:04:53:07 -0500] "GET /galeria/nivo-slider/demo/inicio.html HTTP/1.1" 200 5154
173.212.229.76 - - [24/Nov/2019:04:53:16 -0500] "GET /StormSDA/lib/win32/?C=M;O=D/ HTTP/1.1" 200 1203
54.190.14.162 - - [24/Nov/2019:04:53:26 -0500] "GET /robots.txt HTTP/1.1" 404 1154
54.190.14.162 - - [24/Nov/2019:04:53:27 -0500] "GET / HTTP/1.1" 200 9990
54.190.14.162 - - [24/Nov/2019:04:53:27 -0500] "GET /www.ambientebogota.gov.co/ HTTP/1.1" 404 1154
66.249.66.81 - - [24/Nov/2019:04:53:30 -0500] "GET /BLA/resoluciones/RESOLUCIONES%202008/5132.pdf HTTP/1.1" 200 477601
173.212.229.76 - - [24/Nov/2019:04:53:31 -0500] "GET /StormSDA/lib/win32/?C=N;O=A/ HTTP/1.1" 200 1203
34.222.166.51 - - [24/Nov/2019:04:53:36 -0500] "GET /robots.txt HTTP/1.1" 404 1154
34.222.166.51 - - [24/Nov/2019:04:53:37 -0500] "GET / HTTP/1.1" 200 9990
52.41.158.69 - - [24/Nov/2019:04:53:37 -0500] "GET /galeria/nivo-slider/demo/inicio.html HTTP/1.1" 200 5154
34.222.166.51 - - [24/Nov/2019:04:53:37 -0500] "GET /www.ambientebogota.gov.co/ HTTP/1.1" 404 1154
34.222.35.137 - - [24/Nov/2019:04:53:43 -0500] "GET /galeria/nivo-slider/demo/inicio.html HTTP/1.1" 200 5154
173.212.229.76 - - [24/Nov/2019:04:53:45 -0500] "GET /StormSDA/lib/win32/?C=S;O=D/ HTTP/1.1" 200 1203
54.186.27.127 - - [24/Nov/2019:04:53:50 -0500] "GET /galeria/nivo-slider/demo/inicio.html HTTP/1.1" 200 5154
173.212.229.76 - - [24/Nov/2019:04:54:08 -0500] "GET /StormSDA/nsjars/?C=D;O=A/ HTTP/1.1" 200 5602
18.237.126.151 - - [24/Nov/2019:04:54:08 -0500] "GET /galeria/nivo-slider/demo/inicio.html HTTP/1.1" 200 5154
66.249.66.82 - - [24/Nov/2019:04:54:09 -0500] "GET /BLA/resoluciones/RESOLUCIONES%202009/0213.pdf HTTP/1.1" 200 140892
34.222.137.83 - - [24/Nov/2019:04:54:32 -0500] "GET /galeria/nivo-slider/demo/inicio.html HTTP/1.1" 200 5154
18.236.129.130 - - [24/Nov/2019:04:54:33 -0500] "GET /galeria/nivo-slider/demo/inicio.html HTTP/1.1" 200 5154
173.212.229.76 - - [24/Nov/2019:04:54:34 -0500] "GET /StormSDA/nsjars/?C=M;O=A/ HTTP/1.1" 200 5602
54.245.128.219 - - [24/Nov/2019:04:54:37 -0500] "GET /galeria/nivo-slider/demo/inicio.html HTTP/1.1" 200 5154
173.212.229.76 - - [24/Nov/2019:04:54:45 -0500] "GET /StormSDA/nsjars/?C=S;O=A/ HTTP/1.1" 200 5602
54.187.23.12 - - [24/Nov/2019:04:54:48 -0500] "GET /galeria/nivo-slider/demo/inicio.html HTTP/1.1" 200 5154
54.214.66.232 - - [24/Nov/2019:04:54:57 -0500] "GET /galeria/nivo-slider/demo/inicio.html HTTP/1.1" 200 5154
173.212.229.76 - - [24/Nov/2019:04:54:59 -0500] "GET /StormSDA/storm/?C=D;O=D/ HTTP/1.1" 200 5557
173.212.229.76 - - [24/Nov/2019:04:55:12 -0500] "GET /StormSDA/storm/?C=M;O=D/ HTTP/1.1" 200 5557
66.249.66.81 - - [24/Nov/2019:04:55:14 -0500] "GET /BLA/resoluciones/AUTOS%202014/0825.pdf HTTP/1.1" 200 602964
66.249.66.81 - - [24/Nov/2019:04:55:27 -0500] "GET /BLA/resoluciones/RESOLUCIONES%202009/4942.pdf HTTP/1.1" 200 356588
173.212.229.76 - - [24/Nov/2019:04:55:29 -0500] "GET /StormSDA/storm/?C=N;O=A/ HTTP/1.1" 200 5557
173.212.229.76 - - [24/Nov/2019:04:55:43 -0500] "GET /StormSDA/storm/?C=S;O=D/ HTTP/1.1" 200 5557
54.149.32.139 - - [24/Nov/2019:04:55:50 -0500] "GET /galeria/nivo-slider/demo/inicio.html HTTP/1.1" 200 5154
66.249.66.78 - - [24/Nov/2019:04:56:06 -0500] "GET /Anexos%20estudio%20Organizacional%20SDA/ANEXO%20No.%203-%20CONTRATACI%C3%93N%20%20OPS%C2%B4s%202008-2012/CONTRATOS%20SDA%202010%20POR%20DEPENDENCIA%20(1).xls HTTP/1.1" 200 549888
173.212.229.76 - - [24/Nov/2019:04:56:14 -0500] "GET /StormSDA/stormWeb/?C=D;O=D/ HTTP/1.1" 200 1191
69.162.124.232 - - [24/Nov/2019:04:56:32 -0500] "HEAD / HTTP/1.1" 200 -
192.168.175.104 - - [24/Nov/2019:04:56:37 -0500] "GET / HTTP/1.0" 200 9990
66.249.66.211 - - [24/Nov/2019:04:56:45 -0500] "GET /robots.txt HTTP/1.1" 404 1015
66.249.66.211 - - [24/Nov/2019:04:56:45 -0500] "GET /Anexos%20estudio%20Organizacional%20SDA/ANEXO%20No.%203-%20CONTRATACI%C3%93N%20%20OPS%C2%B4s%202008-2012/CONTRATOS%20SDA%202010%20POR%20DEPENDENCIA%20(1).xls HTTP/1.1" 200 549888
139.199.73.221 - - [24/Nov/2019:04:56:47 -0500] "GET /TP/public/index.php HTTP/1.1" 404 1018
139.199.73.221 - - [24/Nov/2019:04:56:50 -0500] "GET /TP/index.php HTTP/1.1" 404 1018
192.168.175.104 - - [24/Nov/2019:04:56:52 -0500] "GET / HTTP/1.1" 200 9990
54.213.249.102 - - [24/Nov/2019:04:56:52 -0500] "GET /galeria/nivo-slider/demo/inicio.html HTTP/1.1" 200 5154
139.199.73.221 - - [24/Nov/2019:04:56:54 -0500] "GET /thinkphp/html/public/index.php HTTP/1.1" 404 1018
139.199.73.221 - - [24/Nov/2019:04:56:55 -0500] "GET /html/public/index.php HTTP/1.1" 404 1018
139.199.73.221 - - [24/Nov/2019:04:56:56 -0500] "GET /public/index.php HTTP/1.1" 404 1018
139.199.73.221 - - [24/Nov/2019:04:56:56 -0500] "GET /TP/html/public/index.php HTTP/1.1" 404 1018
139.199.73.221 - - [24/Nov/2019:04:56:57 -0500] "GET /elrekt.php HTTP/1.1" 404 1018
139.199.73.221 - - [24/Nov/2019:04:56:58 -0500] "GET /index.php HTTP/1.1" 404 1018
173.212.229.76 - - [24/Nov/2019:04:57:01 -0500] "GET /StormSDA/stormWeb/?C=N;O=A/ HTTP/1.1" 200 1191
139.199.73.221 - - [24/Nov/2019:04:57:02 -0500] "GET / HTTP/1.1" 200 9990
52.12.144.118 - - [24/Nov/2019:04:57:17 -0500] "GET /robots.txt HTTP/1.1" 404 1154
52.12.144.118 - - [24/Nov/2019:04:57:17 -0500] "GET / HTTP/1.1" 200 9990
52.12.144.118 - - [24/Nov/2019:04:57:18 -0500] "GET /www.ambientebogota.gov.co/ HTTP/1.1" 404 1154
66.249.66.81 - - [24/Nov/2019:04:57:24 -0500] "GET /BLA/resoluciones/RESOLUCIONES%202014/2297.pdf HTTP/1.1" 304 -
54.36.148.244 - - [24/Nov/2019:04:57:29 -0500] "GET /BLA/resoluciones/RESOLUCIONES%202003/RES%202003%201951-2000/00001971.tif HTTP/1.1" 200 76852
173.212.229.76 - - [24/Nov/2019:04:57:33 -0500] "GET /StormSDA/storm_silv/?C=S;O=D/ HTTP/1.1" 200 5788
54.201.10.230 - - [24/Nov/2019:04:57:35 -0500] "GET /galeria/nivo-slider/demo/inicio.html HTTP/1.1" 200 5154
54.36.150.173 - - [24/Nov/2019:04:57:45 -0500] "GET /BLA/resoluciones/index.php?dir=Notificaciones%2FAUTOS+2018%2F HTTP/1.1" 200 72220
54.184.11.72 - - [24/Nov/2019:04:57:52 -0500] "GET /galeria/nivo-slider/demo/inicio.html HTTP/1.1" 200 5154
173.212.229.76 - - [24/Nov/2019:04:57:54 -0500] "GET /StormSDA/userFiles%20-%20Copy%2019-07-2012/user_files/89/?C=D;O=D/ HTTP/1.1" 200 877
66.249.66.81 - - [24/Nov/2019:04:58:03 -0500] "GET /BLA/resoluciones/RESOLUCIONES%202007/RES%202007%201301%20AL%201400/RESOLUCION%201362%20DE%202007.pdf HTTP/1.1" 304 -
34.211.12.170 - - [24/Nov/2019:04:58:07 -0500] "GET /galeria/nivo-slider/demo/inicio.html HTTP/1.1" 200 5154
52.36.125.244 - - [24/Nov/2019:04:58:08 -0500] "GET /galeria/nivo-slider/demo/inicio.html HTTP/1.1" 200 5154
173.212.229.76 - - [24/Nov/2019:04:58:15 -0500] "GET /StormSDA/userFiles%20-%20Copy%2019-07-2012/user_files/89/?C=M;O=A/ HTTP/1.1" 200 877
52.36.221.111 - - [24/Nov/2019:04:58:30 -0500] "GET /robots.txt HTTP/1.1" 404 1154
52.36.221.111 - - [24/Nov/2019:04:58:31 -0500] "GET / HTTP/1.1" 200 9990
52.36.221.111 - - [24/Nov/2019:04:58:31 -0500] "GET /www.ambientebogota.gov.co/ HTTP/1.1" 404 1154
54.212.127.47 - - [24/Nov/2019:04:58:32 -0500] "GET /galeria/nivo-slider/demo/inicio.html HTTP/1.1" 200 5154
52.26.120.11 - - [24/Nov/2019:04:58:41 -0500] "GET /robots.txt HTTP/1.1" 404 1154
52.26.120.11 - - [24/Nov/2019:04:58:41 -0500] "GET / HTTP/1.1" 200 9990
54.201.150.189 - - [24/Nov/2019:04:58:41 -0500] "GET /galeria/nivo-slider/demo/inicio.html HTTP/1.1" 200 5154
52.26.120.11 - - [24/Nov/2019:04:58:42 -0500] "GET /www.ambientebogota.gov.co/ HTTP/1.1" 404 1154
66.249.66.83 - - [24/Nov/2019:04:58:42 -0500] "GET /BLA/resoluciones/AUTOS%202014/6625.pdf HTTP/1.1" 304 -
34.216.178.176 - - [24/Nov/2019:04:58:46 -0500] "GET /galeria/nivo-slider/demo/inicio.html HTTP/1.1" 200 5154
173.212.229.76 - - [24/Nov/2019:04:58:47 -0500] "GET /StormSDA/userFiles%20-%20Copy%2019-07-2012/user_files/formulas/?C=D;O=D/ HTTP/1.1" 200 1504
181.51.32.65 - - [24/Nov/2019:04:58:49 -0500] "GET /BLA/boletinlegal/js/jquery.scrollShow.js HTTP/1.1" 200 4586
181.51.32.65 - - [24/Nov/2019:04:58:49 -0500] "GET /galeria/galeria/jquery.fancybox.css?v=2.1.5 HTTP/1.1" 200 4895
181.51.32.65 - - [24/Nov/2019:04:58:49 -0500] "GET /galeria/galeria/jquery.fancybox.js?v=2.1.5 HTTP/1.1" 200 48706
181.51.32.65 - - [24/Nov/2019:04:58:57 -0500] "GET /BLA/boletinlegal/js/jquery.scrollShow.js HTTP/1.1" 304 -
181.51.32.65 - - [24/Nov/2019:04:58:57 -0500] "GET /galeria/galeria/jquery.fancybox.css?v=2.1.5 HTTP/1.1" 304 -
181.51.32.65 - - [24/Nov/2019:04:58:57 -0500] "GET /galeria/galeria/jquery.fancybox.js?v=2.1.5 HTTP/1.1" 304 -
18.236.205.38 - - [24/Nov/2019:04:59:03 -0500] "GET /galeria/nivo-slider/demo/inicio.html HTTP/1.1" 200 5154
173.212.229.76 - - [24/Nov/2019:04:59:05 -0500] "GET /StormSDA/userFiles/user_files/86/?C=D;O=D/ HTTP/1.1" 200 817
54.36.150.11 - - [24/Nov/2019:04:59:22 -0500] "GET /Residuos/quimicos/quimicos.html HTTP/1.1" 200 1959
157.55.39.157 - - [24/Nov/2019:04:59:25 -0500] "GET /pot-2013/cartografia/14_sistema%20de%20movilidad_subsistema%20vial_feb.pdf HTTP/1.1" 200 4617200
34.218.204.54 - - [24/Nov/2019:04:59:25 -0500] "GET /robots.txt HTTP/1.1" 404 1154
34.218.204.54 - - [24/Nov/2019:04:59:26 -0500] "GET / HTTP/1.1" 200 9990
34.218.204.54 - - [24/Nov/2019:04:59:26 -0500] "GET /www.ambientebogota.gov.co/ HTTP/1.1" 404 1154
173.212.229.76 - - [24/Nov/2019:04:59:29 -0500] "GET /StormSDA/userFiles/user_files/86/?C=M;O=D/ HTTP/1.1" 200 817
181.49.187.134 - - [24/Nov/2019:04:59:30 -0500] "GET /galeria/carrusel/Carrusel/jquery.thumbnailScroller.js HTTP/1.1" 200 8157
181.49.187.134 - - [24/Nov/2019:04:59:30 -0500] "GET /galeria/carrusel/Carrusel/jquery-ui-1.8.13.custom.min.js HTTP/1.1" 200 10800
181.49.187.134 - - [24/Nov/2019:04:59:30 -0500] "GET /BLA/boletinlegal/js/jquery.scrollShow.js HTTP/1.1" 200 4586
181.49.187.134 - - [24/Nov/2019:04:59:30 -0500] "GET /galeria/carrusel/Carrusel/jquery.thumbnailScroller.css HTTP/1.1" 200 2066
181.49.187.134 - - [24/Nov/2019:04:59:30 -0500] "GET /galeria/galeria/jquery.fancybox.css?v=2.1.5 HTTP/1.1" 200 4895
181.49.187.134 - - [24/Nov/2019:04:59:30 -0500] "GET /galeria/galeria/jquery.fancybox.js?v=2.1.5 HTTP/1.1" 200 48706
181.48.255.7 - - [24/Nov/2019:04:59:32 -0500] "GET /galeria/carrusel/Carrusel/jquery.thumbnailScroller.css HTTP/1.1" 200 2066
181.48.255.7 - - [24/Nov/2019:04:59:32 -0500] "GET /galeria/galeria/jquery.fancybox.js?v=2.1.5 HTTP/1.1" 200 48706
181.48.255.7 - - [24/Nov/2019:04:59:32 -0500] "GET /galeria/carrusel/Carrusel/jquery-ui-1.8.13.custom.min.js HTTP/1.1" 200 10800
181.48.255.7 - - [24/Nov/2019:04:59:32 -0500] "GET /galeria/carrusel/Carrusel/jquery.thumbnailScroller.js HTTP/1.1" 200 8157
181.48.255.7 - - [24/Nov/2019:04:59:32 -0500] "GET /galeria/galeria/jquery.fancybox.css?v=2.1.5 HTTP/1.1" 200 4895
181.48.255.7 - - [24/Nov/2019:04:59:32 -0500] "GET /BLA/boletinlegal/js/jquery.scrollShow.js HTTP/1.1" 200 4586
181.49.187.134 - - [24/Nov/2019:04:59:34 -0500] "GET /galeria/nivo-slider/demo/inicio.html HTTP/1.1" 200 5154
181.49.187.134 - - [24/Nov/2019:04:59:35 -0500] "GET /galeria/nivo-slider/demo/images/bannerwebmusgo.jpg HTTP/1.1" 200 367364
