89.163.242.62 - - [24/Nov/2019:15:56:56 -0500] "GET /Anexos%20estudio%20Organizacional%20SDA/index.php?dir=ANEXO%20No.%202%20-%20EJECUCIONES%20PRESUPUESTALES%202008-2011%20Y%20PRESUPUESTO%202012/&sort=size&order=desc/ HTTP/1.1" 200 3707
186.81.206.82 - - [24/Nov/2019:15:56:57 -0500] "GET /galeria/galeria/jquery.fancybox.css?v=2.1.5 HTTP/1.1" 200 4895
186.81.206.82 - - [24/Nov/2019:15:56:57 -0500] "GET /galeria/galeria/jquery.fancybox.js?v=2.1.5 HTTP/1.1" 200 48706
186.81.206.82 - - [24/Nov/2019:15:56:57 -0500] "GET /BLA/boletinlegal/js/jquery.scrollShow.js HTTP/1.1" 200 4586
89.163.242.62 - - [24/Nov/2019:15:56:59 -0500] "GET /Anexos%20estudio%20Organizacional%20SDA/index.php?dir=ANEXO%20No.%205%20-%20ESTUDIO%20Y%20PROPUESTA%20SERAMB%20IENTE/&sort=date&order=desc/ HTTP/1.1" 200 3622
186.81.206.82 - - [24/Nov/2019:15:57:01 -0500] "GET /galeria/galeria/jquery.fancybox.js?v=2.1.5 HTTP/1.1" 304 -
186.81.206.82 - - [24/Nov/2019:15:57:01 -0500] "GET /galeria/galeria/jquery.fancybox.css?v=2.1.5 HTTP/1.1" 304 -
186.81.206.82 - - [24/Nov/2019:15:57:01 -0500] "GET /BLA/boletinlegal/js/jquery.scrollShow.js HTTP/1.1" 304 -
89.163.242.62 - - [24/Nov/2019:15:57:02 -0500] "GET /Anexos%20estudio%20Organizacional%20SDA/index.php?dir=ANEXO%20No.%207%20-%20PROYECTO%20DE%20DECRETO%20MODIFICATORIO%20DE%20ESTRUCTURA%20DE%20LA%20SDA/&sort=size&order=desc/ HTTP/1.1" 200 2593
89.163.242.62 - - [24/Nov/2019:15:57:05 -0500] "GET /Anexos%20estudio%20Organizacional%20SDA/index.php?dir=ANEXO%20No.11-PROYECTO%20DE%20DECRETO%20MODIFICATORIO%20PLANTA%20DE%20CARGOS%20SDA/&sort=date&order=desc/ HTTP/1.1" 200 2568
89.163.242.62 - - [24/Nov/2019:15:57:08 -0500] "GET /Anexos%20estudio%20Organizacional%20SDA/index.php?dir=ANEXO%20No.11-PROYECTO%20DE%20DECRETO%20MODIFICATORIO%20PLANTA%20DE%20CARGOS%20SDA/&sort=size&order=desc/ HTTP/1.1" 200 2568
89.163.242.62 - - [24/Nov/2019:15:57:11 -0500] "GET /Anexos%20estudio%20Organizacional%20SDA/index.php?dir=ANEXO%20No.12-PROYECTO%20ACTUALIZACION%20MANUAL%20DE%20FUNCIONES%20SDA/&sort=date&order=desc/ HTTP/1.1" 200 2514
89.163.242.62 - - [24/Nov/2019:15:57:17 -0500] "GET /Anexos%20estudio%20Organizacional%20SDA/index.php?dir=ANEXO%20No.12-PROYECTO%20ACTUALIZACION%20MANUAL%20DE%20FUNCIONES%20SDA/&sort=name&order=desc/ HTTP/1.1" 200 2514
89.163.242.62 - - [24/Nov/2019:15:57:19 -0500] "GET /Anexos%20estudio%20Organizacional%20SDA/index.php?dir=ANEXO%20No.12-PROYECTO%20ACTUALIZACION%20MANUAL%20DE%20FUNCIONES%20SDA/&sort=size&order=desc/ HTTP/1.1" 200 2514
172.115.130.166 - - [24/Nov/2019:15:57:19 -0500] "GET /galeria/carrusel/Carrusel/jquery.thumbnailScroller.css HTTP/1.1" 200 2066
172.115.130.166 - - [24/Nov/2019:15:57:19 -0500] "GET /galeria/galeria/jquery.fancybox.css?v=2.1.5 HTTP/1.1" 200 4895
172.115.130.166 - - [24/Nov/2019:15:57:19 -0500] "GET /galeria/carrusel/Carrusel/jquery.thumbnailScroller.js HTTP/1.1" 200 8157
172.115.130.166 - - [24/Nov/2019:15:57:19 -0500] "GET /BLA/boletinlegal/js/jquery.scrollShow.js HTTP/1.1" 200 4586
172.115.130.166 - - [24/Nov/2019:15:57:19 -0500] "GET /galeria/carrusel/Carrusel/jquery-ui-1.8.13.custom.min.js HTTP/1.1" 200 10800
172.115.130.166 - - [24/Nov/2019:15:57:19 -0500] "GET /galeria/galeria/jquery.fancybox.js?v=2.1.5 HTTP/1.1" 200 48706
66.249.66.153 - - [24/Nov/2019:15:57:21 -0500] "GET /BLA/boletinlegal/Directivas/2014/Directiva%20No.%202%20del%205%20de%20Mayo%20de%202014.pdf HTTP/1.1" 200 591315
89.163.242.62 - - [24/Nov/2019:15:57:24 -0500] "GET /Autoliquidacion/index.php?dir=&sort=date&order=asc/ HTTP/1.1" 200 6376
89.163.242.62 - - [24/Nov/2019:15:57:27 -0500] "GET /Autoliquidacion/index.php?dir=&sort=date&order=desc/ HTTP/1.1" 200 6376
89.163.242.62 - - [24/Nov/2019:15:57:30 -0500] "GET /Autoliquidacion/index.php?dir=&sort=name&order=asc/ HTTP/1.1" 200 6376
186.145.0.76 - - [24/Nov/2019:15:57:32 -0500] "-" 408 -
186.145.0.76 - - [24/Nov/2019:15:57:32 -0500] "-" 408 -
89.163.242.62 - - [24/Nov/2019:15:57:34 -0500] "GET /Autoliquidacion/index.php?dir=&sort=name&order=desc/ HTTP/1.1" 200 6376
172.115.130.166 - - [24/Nov/2019:15:57:35 -0500] "GET /galeria/nivo-slider/demo/inicio.html HTTP/1.1" 200 5154
89.163.242.62 - - [24/Nov/2019:15:57:38 -0500] "GET /Autoliquidacion/index.php?dir=&sort=size&order=asc/ HTTP/1.1" 200 6376
89.163.242.62 - - [24/Nov/2019:15:57:43 -0500] "GET /Autoliquidacion/index.php?dir=&sort=size&order=desc/ HTTP/1.1" 200 6376
89.163.242.62 - - [24/Nov/2019:15:57:47 -0500] "GET /Autoliquidacion/index.php?dir=Cobro%20Clasificacion%20Uso%20De%20Vivenda%20En%20Suelo%20Restringido/&sort=date&order=asc/ HTTP/1.1" 200 2502
192.168.175.104 - - [24/Nov/2019:15:57:50 -0500] "GET / HTTP/1.0" 200 9990
89.163.242.62 - - [24/Nov/2019:15:57:51 -0500] "GET /Autoliquidacion/index.php?dir=Cobro%20Clasificacion%20Uso%20De%20Vivenda%20En%20Suelo%20Restringido/&sort=date&order=desc/ HTTP/1.1" 200 2502
34.220.91.116 - - [24/Nov/2019:15:57:51 -0500] "GET /galeria/nivo-slider/demo/inicio.html HTTP/1.1" 200 5154
201.190.124.200 - - [24/Nov/2019:15:57:52 -0500] "GET /BLA/boletinlegal/js/jquery.scrollShow.js HTTP/1.1" 200 4586
201.190.124.200 - - [24/Nov/2019:15:57:52 -0500] "GET /galeria/galeria/jquery.fancybox.css?v=2.1.5 HTTP/1.1" 200 4895
201.190.124.200 - - [24/Nov/2019:15:57:52 -0500] "GET /galeria/galeria/jquery.fancybox.js?v=2.1.5 HTTP/1.1" 200 48706
89.163.242.62 - - [24/Nov/2019:15:57:53 -0500] "GET /Autoliquidacion/index.php?dir=Cobro%20Clasificacion%20Uso%20De%20Vivenda%20En%20Suelo%20Restringido/&sort=name&order=asc/ HTTP/1.1" 200 2502
201.190.124.200 - - [24/Nov/2019:15:57:56 -0500] "GET /galeria/galeria/jquery.fancybox.js?v=2.1.5 HTTP/1.1" 200 48706
201.190.124.200 - - [24/Nov/2019:15:57:56 -0500] "GET /BLA/boletinlegal/js/jquery.scrollShow.js HTTP/1.1" 200 4586
201.190.124.200 - - [24/Nov/2019:15:57:56 -0500] "GET /galeria/galeria/jquery.fancybox.css?v=2.1.5 HTTP/1.1" 200 4895
89.163.242.62 - - [24/Nov/2019:15:57:57 -0500] "GET /Autoliquidacion/index.php?dir=Cobro%20Clasificacion%20Uso%20De%20Vivenda%20En%20Suelo%20Restringido/&sort=name&order=desc/ HTTP/1.1" 200 2502
192.168.175.104 - - [24/Nov/2019:15:57:58 -0500] "GET / HTTP/1.1" 200 9990
66.249.66.81 - - [24/Nov/2019:15:58:00 -0500] "GET /BLA/resoluciones/RESOLUCIONES%202009/8589.pdf HTTP/1.1" 200 441145
89.163.242.62 - - [24/Nov/2019:15:58:01 -0500] "GET /Autoliquidacion/index.php?dir=Cobro%20Clasificacion%20Uso%20De%20Vivenda%20En%20Suelo%20Restringido/&sort=size&order=asc/ HTTP/1.1" 200 2502
89.163.242.62 - - [24/Nov/2019:15:58:04 -0500] "GET /Autoliquidacion/index.php?dir=Cobro%20Clasificacion%20Uso%20De%20Vivenda%20En%20Suelo%20Restringido/&sort=size&order=desc/ HTTP/1.1" 200 2502
89.163.242.62 - - [24/Nov/2019:15:58:08 -0500] "GET /Autoliquidacion/index.php?dir=Cobro%20Clasificacion%20Uso%20De%20Vivenda%20En%20Suelo%20Restringido/COMPATIBILIDAD%20USO%20DE%20VIVIENDA// HTTP/1.1" 200 2890
89.163.242.62 - - [24/Nov/2019:15:58:10 -0500] "GET /Autoliquidacion/index.php?dir=Cobro%20Clasificacion%20Uso%20De%20Vivenda%20En%20Suelo%20Restringido/COMPATIBILIDAD%20USO%20DE%20VIVIENDA/&sort=date&order=asc/ HTTP/1.1" 200 2704
89.163.242.62 - - [24/Nov/2019:15:58:15 -0500] "GET /Autoliquidacion/index.php?dir=Cobro%20Clasificacion%20Uso%20De%20Vivenda%20En%20Suelo%20Restringido/COMPATIBILIDAD%20USO%20DE%20VIVIENDA/&sort=date&order=desc/ HTTP/1.1" 200 2704
186.154.95.91 - - [24/Nov/2019:15:58:17 -0500] "GET /BLA/boletinlegal/js/jquery.scrollShow.js HTTP/1.1" 200 4586
186.154.95.91 - - [24/Nov/2019:15:58:17 -0500] "GET /galeria/galeria/jquery.fancybox.css?v=2.1.5 HTTP/1.1" 200 4895
186.154.95.91 - - [24/Nov/2019:15:58:17 -0500] "GET /galeria/galeria/jquery.fancybox.js?v=2.1.5 HTTP/1.1" 200 48706
216.244.66.195 - - [24/Nov/2019:15:58:19 -0500] "GET /BLA/resoluciones/AUTOS%202012/0855.pdf HTTP/1.1" 200 457195
89.163.242.62 - - [24/Nov/2019:15:58:19 -0500] "GET /Autoliquidacion/index.php?dir=Cobro%20Clasificacion%20Uso%20De%20Vivenda%20En%20Suelo%20Restringido/COMPATIBILIDAD%20USO%20DE%20VIVIENDA/&sort=name&order=asc/ HTTP/1.1" 200 2704
186.154.95.91 - - [24/Nov/2019:15:58:20 -0500] "GET /galeria/galeria/jquery.fancybox.js?v=2.1.5 HTTP/1.1" 200 48706
186.154.95.91 - - [24/Nov/2019:15:58:20 -0500] "GET /BLA/boletinlegal/js/jquery.scrollShow.js HTTP/1.1" 200 4586
186.154.95.91 - - [24/Nov/2019:15:58:20 -0500] "GET /galeria/galeria/jquery.fancybox.css?v=2.1.5 HTTP/1.1" 200 4895
89.163.242.62 - - [24/Nov/2019:15:58:22 -0500] "GET /Autoliquidacion/index.php?dir=Cobro%20Clasificacion%20Uso%20De%20Vivenda%20En%20Suelo%20Restringido/COMPATIBILIDAD%20USO%20DE%20VIVIENDA/&sort=name&order=desc/ HTTP/1.1" 200 2704
89.163.242.62 - - [24/Nov/2019:15:58:25 -0500] "GET /Autoliquidacion/index.php?dir=Cobro%20Clasificacion%20Uso%20De%20Vivenda%20En%20Suelo%20Restringido/COMPATIBILIDAD%20USO%20DE%20VIVIENDA/&sort=size&order=asc/ HTTP/1.1" 200 2704
190.217.113.52 - - [24/Nov/2019:15:58:25 -0500] "GET /siipev/Diseno%20de%20Elementos%20de%20Mobiliario%20Urbano/Otros%20Elementos/PARTE%20B/Dise%C3%B1o%20de%20Elementos%20M21.pdf HTTP/1.1" 200 285709
89.163.242.62 - - [24/Nov/2019:15:58:29 -0500] "GET /Autoliquidacion/index.php?dir=Cobro%20Clasificacion%20Uso%20De%20Vivenda%20En%20Suelo%20Restringido/COMPATIBILIDAD%20USO%20DE%20VIVIENDA/&sort=size&order=desc/ HTTP/1.1" 200 2704
89.163.242.62 - - [24/Nov/2019:15:58:32 -0500] "GET /Autoliquidacion/index.php?dir=Fauna%20Silvestre/&sort=date&order=asc/ HTTP/1.1" 200 2960
89.163.242.62 - - [24/Nov/2019:15:58:35 -0500] "GET /Autoliquidacion/index.php?dir=Fauna%20Silvestre/&sort=date&order=desc/ HTTP/1.1" 200 2960
89.163.242.62 - - [24/Nov/2019:15:58:38 -0500] "GET /Autoliquidacion/index.php?dir=Fauna%20Silvestre/&sort=name&order=asc/ HTTP/1.1" 200 2960
89.163.242.62 - - [24/Nov/2019:15:58:41 -0500] "GET /Autoliquidacion/index.php?dir=Fauna%20Silvestre/&sort=name&order=desc/ HTTP/1.1" 200 2960
89.163.242.62 - - [24/Nov/2019:15:58:43 -0500] "GET /Autoliquidacion/index.php?dir=Fauna%20Silvestre/&sort=size&order=asc/ HTTP/1.1" 200 2960
89.163.242.62 - - [24/Nov/2019:15:58:46 -0500] "GET /Autoliquidacion/index.php?dir=Fauna%20Silvestre/&sort=size&order=desc/ HTTP/1.1" 200 2960
34.212.178.42 - - [24/Nov/2019:15:58:47 -0500] "GET /galeria/nivo-slider/demo/inicio.html HTTP/1.1" 200 5154
40.77.190.75 - - [24/Nov/2019:15:58:47 -0500] "GET /galeria/galeria/jquery.fancybox.css?v=2.1.5 HTTP/1.1" 200 4895
89.163.242.62 - - [24/Nov/2019:15:58:50 -0500] "GET /Autoliquidacion/index.php?dir=Fauna%20Silvestre/Manual%20tramite%20en%20linea// HTTP/1.1" 200 2652
89.163.242.62 - - [24/Nov/2019:15:58:53 -0500] "GET /Autoliquidacion/index.php?dir=Fauna%20Silvestre/Manual%20tramite%20en%20linea/&sort=date&order=asc/ HTTP/1.1" 200 2519
89.163.242.62 - - [24/Nov/2019:15:58:58 -0500] "GET /Autoliquidacion/index.php?dir=Fauna%20Silvestre/Manual%20tramite%20en%20linea/&sort=name&order=asc/ HTTP/1.1" 200 2519
54.212.100.8 - - [24/Nov/2019:15:59:00 -0500] "GET /robots.txt HTTP/1.1" 404 1154
54.212.100.8 - - [24/Nov/2019:15:59:00 -0500] "GET / HTTP/1.1" 200 9990
54.212.100.8 - - [24/Nov/2019:15:59:01 -0500] "GET /www.ambientebogota.gov.co/ HTTP/1.1" 404 1154
89.163.242.62 - - [24/Nov/2019:15:59:02 -0500] "GET /Autoliquidacion/index.php?dir=Fauna%20Silvestre/Manual%20tramite%20en%20linea/&sort=name&order=desc/ HTTP/1.1" 200 2519
89.163.242.62 - - [24/Nov/2019:15:59:05 -0500] "GET /Autoliquidacion/index.php?dir=Fauna%20Silvestre/Manual%20tramite%20en%20linea/&sort=size&order=asc/ HTTP/1.1" 200 2519
89.163.242.62 - - [24/Nov/2019:15:59:09 -0500] "GET /Autoliquidacion/index.php?dir=Grupo%20Forestal%20-%20Industria%20de%20la%20Madera/&sort=date&order=asc/ HTTP/1.1" 200 4809
89.163.242.62 - - [24/Nov/2019:15:59:11 -0500] "GET /Autoliquidacion/index.php?dir=Grupo%20Forestal%20-%20Industria%20de%20la%20Madera/&sort=date&order=desc/ HTTP/1.1" 200 4809
89.163.242.62 - - [24/Nov/2019:15:59:14 -0500] "GET /Autoliquidacion/index.php?dir=Grupo%20Forestal%20-%20Industria%20de%20la%20Madera/&sort=name&order=asc/ HTTP/1.1" 200 4809
34.221.128.188 - - [24/Nov/2019:15:59:16 -0500] "GET /galeria/nivo-slider/demo/inicio.html HTTP/1.1" 200 5154
66.249.66.81 - - [24/Nov/2019:15:59:18 -0500] "GET /BLA/resoluciones/AUTOS%202014/2480.pdf HTTP/1.1" 200 609161
190.217.113.52 - - [24/Nov/2019:15:59:18 -0500] "GET /siipev/Diseno%20de%20Elementos%20de%20Mobiliario%20Urbano/Diseno%20pertenecientes%20al%20mobiliario%20urbano%20M10-M160/PARTE%20A/Dise%C3%B1o%20de%20Elementos%20M-30.pdf HTTP/1.1" 200 1094887
89.163.242.62 - - [24/Nov/2019:15:59:21 -0500] "GET /Autoliquidacion/index.php?dir=Grupo%20Forestal%20-%20Industria%20de%20la%20Madera/&sort=name&order=desc/ HTTP/1.1" 200 4809
54.245.201.65 - - [24/Nov/2019:15:59:23 -0500] "GET /galeria/nivo-slider/demo/inicio.html HTTP/1.1" 200 5154
89.163.242.62 - - [24/Nov/2019:15:59:24 -0500] "GET /Autoliquidacion/index.php?dir=Grupo%20Forestal%20-%20Industria%20de%20la%20Madera/&sort=size&order=asc/ HTTP/1.1" 200 4809
89.163.242.62 - - [24/Nov/2019:15:59:26 -0500] "GET /Autoliquidacion/index.php?dir=Grupo%20Forestal%20-%20Industria%20de%20la%20Madera/&sort=size&order=desc/ HTTP/1.1" 200 4809
89.163.242.62 - - [24/Nov/2019:15:59:31 -0500] "GET /Autoliquidacion/index.php?dir=Grupo%20Forestal%20-%20Silvicultura/&sort=date&order=asc/ HTTP/1.1" 200 4716
89.163.242.62 - - [24/Nov/2019:15:59:33 -0500] "GET /Autoliquidacion/index.php?dir=Grupo%20Forestal%20-%20Silvicultura/&sort=date&order=desc/ HTTP/1.1" 200 4716
89.163.242.62 - - [24/Nov/2019:15:59:36 -0500] "GET /Autoliquidacion/index.php?dir=Grupo%20Forestal%20-%20Silvicultura/&sort=name&order=asc/ HTTP/1.1" 200 4716
89.163.242.62 - - [24/Nov/2019:15:59:39 -0500] "GET /Autoliquidacion/index.php?dir=Grupo%20Forestal%20-%20Silvicultura/&sort=name&order=desc/ HTTP/1.1" 200 4716
216.244.66.195 - - [24/Nov/2019:15:59:41 -0500] "GET /BLA/resoluciones/AUTOS%202012/1053.pdf HTTP/1.1" 200 195187
89.163.242.62 - - [24/Nov/2019:15:59:42 -0500] "GET /Autoliquidacion/index.php?dir=Grupo%20Forestal%20-%20Silvicultura/&sort=size&order=asc/ HTTP/1.1" 200 4716
89.163.242.62 - - [24/Nov/2019:15:59:44 -0500] "GET /Autoliquidacion/index.php?dir=Grupo%20Forestal%20-%20Silvicultura/&sort=size&order=desc/ HTTP/1.1" 200 4716
89.163.242.62 - - [24/Nov/2019:15:59:48 -0500] "GET /Autoliquidacion/index.php?dir=PERMISO%20DE%20OCUPACION%20DE%20SUELO// HTTP/1.1" 200 6654
45.173.69.37 - - [24/Nov/2019:15:59:50 -0500] "GET /galeria/galeria/jquery.fancybox.css?v=2.1.5 HTTP/1.1" 200 4895
45.173.69.37 - - [24/Nov/2019:15:59:50 -0500] "GET /BLA/boletinlegal/js/jquery.scrollShow.js HTTP/1.1" 200 4586
45.173.69.37 - - [24/Nov/2019:15:59:50 -0500] "GET /galeria/galeria/jquery.fancybox.js?v=2.1.5 HTTP/1.1" 200 48706
89.163.242.62 - - [24/Nov/2019:15:59:52 -0500] "GET /Autoliquidacion/index.php?dir=PERMISO%20DE%20OCUPACION%20DE%20SUELO/&sort=date&order=asc/ HTTP/1.1" 200 6618
54.187.114.157 - - [24/Nov/2019:15:59:53 -0500] "GET /robots.txt HTTP/1.1" 404 1154
54.187.114.157 - - [24/Nov/2019:15:59:54 -0500] "GET / HTTP/1.1" 200 9990
54.187.114.157 - - [24/Nov/2019:15:59:54 -0500] "GET /www.ambientebogota.gov.co/ HTTP/1.1" 404 1154
89.163.242.62 - - [24/Nov/2019:15:59:55 -0500] "GET /Autoliquidacion/index.php?dir=PERMISO%20DE%20OCUPACION%20DE%20SUELO/&sort=date&order=desc/ HTTP/1.1" 200 6618
34.220.25.197 - - [24/Nov/2019:15:59:59 -0500] "GET /galeria/nivo-slider/demo/inicio.html HTTP/1.1" 200 5154
89.163.242.62 - - [24/Nov/2019:16:00:00 -0500] "GET /Autoliquidacion/index.php?dir=PERMISO%20DE%20OCUPACION%20DE%20SUELO/&sort=name&order=asc/ HTTP/1.1" 200 6618
89.163.242.62 - - [24/Nov/2019:16:00:03 -0500] "GET /Autoliquidacion/index.php?dir=PERMISO%20DE%20OCUPACION%20DE%20SUELO/&sort=name&order=desc/ HTTP/1.1" 200 6618
181.141.214.163 - - [24/Nov/2019:16:00:03 -0500] "GET /galeria/galeria/jquery.fancybox.css?v=2.1.5 HTTP/1.1" 200 4895
181.141.214.163 - - [24/Nov/2019:16:00:03 -0500] "GET /BLA/boletinlegal/js/jquery.scrollShow.js HTTP/1.1" 200 4586
89.163.242.62 - - [24/Nov/2019:16:00:05 -0500] "GET /Autoliquidacion/index.php?dir=PERMISO%20DE%20OCUPACION%20DE%20SUELO/&sort=size&order=asc/ HTTP/1.1" 200 6618
181.141.214.163 - - [24/Nov/2019:16:00:07 -0500] "GET /galeria/galeria/jquery.fancybox.js?v=2.1.5 HTTP/1.1" 200 48706
89.163.242.62 - - [24/Nov/2019:16:00:10 -0500] "GET /Autoliquidacion/index.php?dir=PERMISO%20DE%20OCUPACION%20DE%20SUELO/&sort=size&order=desc/ HTTP/1.1" 200 6618
89.163.242.62 - - [24/Nov/2019:16:00:15 -0500] "GET /Autoliquidacion/index.php?dir=Plan%20de%20manejo%20ambiental%20para%20sitios%20de%20aprovechamiento%20y%20o%20disposicion%20final%20de%20escombros/&sort=date&order=desc/ HTTP/1.1" 200 2471
216.244.66.195 - - [24/Nov/2019:16:00:18 -0500] "GET /BLA/resoluciones/AUTOS%202012/1394.pdf HTTP/1.1" 200 280561
89.163.242.62 - - [24/Nov/2019:16:00:20 -0500] "GET /Autoliquidacion/index.php?dir=Plan%20de%20manejo%20ambiental%20para%20sitios%20de%20aprovechamiento%20y%20o%20disposicion%20final%20de%20escombros/&sort=size&order=desc/ HTTP/1.1" 200 2471
89.163.242.62 - - [24/Nov/2019:16:00:25 -0500] "GET /Autoliquidacion/index.php?dir=Solicitud%20de%20Licencia%20Ambiental/&sort=name&order=desc/ HTTP/1.1" 200 2552
89.163.242.62 - - [24/Nov/2019:16:00:28 -0500] "GET /Autoliquidacion/index.php?dir=Solicitud%20de%20Licencia%20Ambiental/&sort=size&order=desc/ HTTP/1.1" 200 2552
89.163.242.62 - - [24/Nov/2019:16:00:31 -0500] "GET /Autoliquidacion/index.php?dir=Solicitudes%20relacionadas%20con%20calidad%20del%20aire%20auditiva%20y%20visual/&sort=date&order=asc/ HTTP/1.1" 200 5747
89.163.242.62 - - [24/Nov/2019:16:00:34 -0500] "GET /Autoliquidacion/index.php?dir=Solicitudes%20relacionadas%20con%20calidad%20del%20aire%20auditiva%20y%20visual/&sort=date&order=desc/ HTTP/1.1" 200 5747
89.163.242.62 - - [24/Nov/2019:16:00:37 -0500] "GET /Autoliquidacion/index.php?dir=Solicitudes%20relacionadas%20con%20calidad%20del%20aire%20auditiva%20y%20visual/&sort=name&order=asc/ HTTP/1.1" 200 5747
89.163.242.62 - - [24/Nov/2019:16:00:41 -0500] "GET /Autoliquidacion/index.php?dir=Solicitudes%20relacionadas%20con%20calidad%20del%20aire%20auditiva%20y%20visual/&sort=name&order=desc/ HTTP/1.1" 200 5747
89.163.242.62 - - [24/Nov/2019:16:00:43 -0500] "GET /Autoliquidacion/index.php?dir=Solicitudes%20relacionadas%20con%20calidad%20del%20aire%20auditiva%20y%20visual/&sort=size&order=asc/ HTTP/1.1" 200 5747
89.163.242.62 - - [24/Nov/2019:16:00:46 -0500] "GET /Autoliquidacion/index.php?dir=Solicitudes%20relacionadas%20con%20calidad%20del%20aire%20auditiva%20y%20visual/&sort=size&order=desc/ HTTP/1.1" 200 5747
89.163.242.62 - - [24/Nov/2019:16:00:48 -0500] "GET /Autoliquidacion/index.php?dir=Solicitudes%20relacionadas%20con%20calidad%20del%20aire%20auditiva%20y%20visual/Registro%20de%20Elementos%20de%20publicidad%20Exterior%20Visual/&sort=date&order=desc/ HTTP/1.1" 200 4344
89.163.242.62 - - [24/Nov/2019:16:00:51 -0500] "GET /Autoliquidacion/index.php?dir=Solicitudes%20relacionadas%20con%20calidad%20del%20aire%20auditiva%20y%20visual/Registro%20de%20Elementos%20de%20publicidad%20Exterior%20Visual/&sort=name&order=desc/ HTTP/1.1" 200 4344
89.163.242.62 - - [24/Nov/2019:16:00:52 -0500] "GET /Autoliquidacion/index.php?dir=Solicitudes%20relacionadas%20con%20calidad%20del%20aire%20auditiva%20y%20visual/Registro%20de%20Elementos%20de%20publicidad%20Exterior%20Visual/&sort=size&order=desc/ HTTP/1.1" 200 4344
89.163.242.62 - - [24/Nov/2019:16:00:54 -0500] "GET /PruebasSTORM/StormSDA_pruebas/stormWeb/img/?C=D;O=A/ HTTP/1.1" 200 2988
34.221.12.232 - - [24/Nov/2019:16:00:58 -0500] "GET /robots.txt HTTP/1.1" 404 1154
34.221.12.232 - - [24/Nov/2019:16:00:58 -0500] "GET / HTTP/1.1" 200 9990
34.221.12.232 - - [24/Nov/2019:16:00:59 -0500] "GET /www.ambientebogota.gov.co/ HTTP/1.1" 404 1154
89.163.242.62 - - [24/Nov/2019:16:01:00 -0500] "GET /PruebasSTORM/StormSDA_pruebas/stormWeb/img/?C=M;O=A/ HTTP/1.1" 200 2988
52.39.24.175 - - [24/Nov/2019:16:01:03 -0500] "GET /galeria/nivo-slider/demo/inicio.html HTTP/1.1" 200 5154
89.163.242.62 - - [24/Nov/2019:16:01:04 -0500] "GET /PruebasSTORM/StormSDA_pruebas/stormWeb/img/?C=N;O=D/ HTTP/1.1" 200 2988
52.12.232.95 - - [24/Nov/2019:16:01:07 -0500] "GET /galeria/nivo-slider/demo/inicio.html HTTP/1.1" 200 5154
52.33.199.178 - - [24/Nov/2019:16:01:07 -0500] "GET /galeria/nivo-slider/demo/inicio.html HTTP/1.1" 200 5154
89.163.242.62 - - [24/Nov/2019:16:01:07 -0500] "GET /PruebasSTORM/StormSDA_pruebas/stormWeb/img/?C=S;O=A/ HTTP/1.1" 200 2988
34.215.224.99 - - [24/Nov/2019:16:01:07 -0500] "GET /galeria/nivo-slider/demo/inicio.html HTTP/1.1" 200 5154
89.163.242.62 - - [24/Nov/2019:16:01:09 -0500] "GET /SIG/index.php/ECS/126PM04-PR22.pdf/?dir=&sort=date&order=asc/ HTTP/1.1" 200 4959
66.249.66.82 - - [24/Nov/2019:16:01:15 -0500] "GET /BLA/resoluciones/RESOLUCIONES%202010/6299.pdf HTTP/1.1" 200 307067
89.163.242.62 - - [24/Nov/2019:16:01:17 -0500] "GET /SIG/index.php/ECS/126PM04-PR22.pdf/?dir=&sort=name&order=desc/ HTTP/1.1" 200 4959
89.163.242.62 - - [24/Nov/2019:16:01:20 -0500] "GET /SIG/index.php/ECS/126PM04-PR22.pdf/?dir=Comunicaciones// HTTP/1.1" 200 3186
89.163.242.62 - - [24/Nov/2019:16:01:22 -0500] "GET /SIG/index.php/ECS/126PM04-PR22.pdf/?dir=Control%20Disciplinario// HTTP/1.1" 200 2985
69.162.124.232 - - [24/Nov/2019:16:01:25 -0500] "HEAD / HTTP/1.1" 200 -
89.163.242.62 - - [24/Nov/2019:16:01:25 -0500] "GET /SIG/index.php/ECS/126PM04-PR22.pdf/?dir=Control%20y%20mejora// HTTP/1.1" 200 3075
89.163.242.62 - - [24/Nov/2019:16:01:30 -0500] "GET /SIG/index.php/ECS/126PM04-PR22.pdf/?dir=Direccionamiento%20Estrategico// HTTP/1.1" 200 4249
89.163.242.62 - - [24/Nov/2019:16:01:33 -0500] "GET /SIG/index.php/ECS/126PM04-PR22.pdf/?dir=ECS// HTTP/1.1" 200 16895
89.163.242.62 - - [24/Nov/2019:16:01:38 -0500] "GET /SIG/index.php/ECS/126PM04-PR23.pdf/?dir=&sort=name&order=asc/ HTTP/1.1" 200 4959
89.163.242.62 - - [24/Nov/2019:16:01:41 -0500] "GET /SIG/index.php/ECS/126PM04-PR23.pdf/?dir=&sort=name&order=desc/ HTTP/1.1" 200 4959
89.163.242.62 - - [24/Nov/2019:16:01:46 -0500] "GET /SIG/index.php/ECS/126PM04-PR23.pdf/?dir=&sort=size&order=asc/ HTTP/1.1" 200 4959
54.202.65.162 - - [24/Nov/2019:16:01:48 -0500] "GET /robots.txt HTTP/1.1" 404 1154
54.202.65.162 - - [24/Nov/2019:16:01:48 -0500] "GET / HTTP/1.1" 200 9990
54.202.65.162 - - [24/Nov/2019:16:01:48 -0500] "GET /www.ambientebogota.gov.co/ HTTP/1.1" 404 1154
89.163.242.62 - - [24/Nov/2019:16:01:50 -0500] "GET /SIG/index.php/ECS/126PM04-PR23.pdf/?dir=Control%20y%20mejora// HTTP/1.1" 200 3075
89.163.242.62 - - [24/Nov/2019:16:01:53 -0500] "GET /SIG/index.php/ECS/126PM04-PR23.pdf/?dir=Control%20y%20mejora//&sort=date&order=asc/ HTTP/1.1" 200 3074
66.249.66.81 - - [24/Nov/2019:16:01:54 -0500] "GET /BLA/resoluciones/RESOLUCIONES%202007/RES%202007%202001%20AL%202100/RESOLUCION%202049%20DE%202007.pdf HTTP/1.1" 200 523444
89.163.242.62 - - [24/Nov/2019:16:01:56 -0500] "GET /SIG/index.php/ECS/126PM04-PR23.pdf/?dir=Control%20y%20mejora//&sort=name&order=desc/ HTTP/1.1" 200 3074
54.37.67.60 - - [24/Nov/2019:16:01:56 -0500] "HEAD /BLA/resoluciones/RESOLUCIONES%202013/0807.pdf HTTP/1.1" 200 -
89.163.242.62 - - [24/Nov/2019:16:02:01 -0500] "GET /SIG/index.php/ECS/126PM04-PR23.pdf/?dir=Control%20y%20mejora//&sort=size&order=asc/ HTTP/1.1" 200 3074
89.163.242.62 - - [24/Nov/2019:16:02:02 -0500] "GET /SIG/index.php/ECS/126PM04-PR23.pdf/?dir=Direccionamiento%20Estrategico// HTTP/1.1" 200 4249
89.163.242.62 - - [24/Nov/2019:16:02:07 -0500] "GET /SIG/index.php/ECS/126PM04-PR23.pdf/?dir=Direccionamiento%20Estrategico//&sort=name&order=desc/ HTTP/1.1" 200 4248
89.163.242.62 - - [24/Nov/2019:16:02:11 -0500] "GET /SIG/index.php/ECS/126PM04-PR23.pdf/?dir=Direccionamiento%20Estrategico//&sort=size&order=asc/ HTTP/1.1" 200 4248
18.236.84.56 - - [24/Nov/2019:16:02:12 -0500] "GET /robots.txt HTTP/1.1" 404 1154
18.236.84.56 - - [24/Nov/2019:16:02:12 -0500] "GET / HTTP/1.1" 200 9990
18.236.84.56 - - [24/Nov/2019:16:02:13 -0500] "GET /www.ambientebogota.gov.co/ HTTP/1.1" 404 1154
89.163.242.62 - - [24/Nov/2019:16:02:15 -0500] "GET /SIG/index.php/ECS/126PM04-PR23.pdf/?dir=ECS// HTTP/1.1" 200 16895
89.163.242.62 - - [24/Nov/2019:16:02:23 -0500] "GET /SIG/index.php/ECS/126PM04-PR26.pdf/?dir=Gestion%20Documental// HTTP/1.1" 200 5851
89.163.242.62 - - [24/Nov/2019:16:02:31 -0500] "GET /SIG/index.php/ECS/126PM04-PR26.pdf/?dir=Gestion%20Recursos%20Financieros// HTTP/1.1" 200 9159
18.237.220.68 - - [24/Nov/2019:16:02:32 -0500] "GET /galeria/nivo-slider/demo/inicio.html HTTP/1.1" 200 5154
89.163.242.62 - - [24/Nov/2019:16:02:36 -0500] "GET /StormSDA/nsjars/?C=N;O=D/ HTTP/1.1" 200 5602
89.163.242.62 - - [24/Nov/2019:16:02:40 -0500] "GET /StormSDA/storm_silv/?C=N;O=D/ HTTP/1.1" 200 5788
34.213.5.189 - - [24/Nov/2019:16:02:41 -0500] "GET /galeria/nivo-slider/demo/inicio.html HTTP/1.1" 200 5154
89.163.242.62 - - [24/Nov/2019:16:02:42 -0500] "GET /StormSDA/userFiles%20-%20Copy%2019-07-2012/user_files/94/?C=D;O=A/ HTTP/1.1" 200 877
89.163.242.62 - - [24/Nov/2019:16:02:47 -0500] "GET /StormSDA/userFiles%20-%20Copy%2019-07-2012/user_files/94/?C=M;O=A/ HTTP/1.1" 200 877
66.249.66.81 - - [24/Nov/2019:16:02:48 -0500] "GET /BLA/resoluciones/AUTOS%202010/0190.pdf HTTP/1.1" 200 406968
89.163.242.62 - - [24/Nov/2019:16:02:48 -0500] "GET /StormSDA/userFiles%20-%20Copy%2019-07-2012/user_files/94/?C=N;O=D/ HTTP/1.1" 200 877
192.168.175.104 - - [24/Nov/2019:16:02:49 -0500] "GET / HTTP/1.0" 200 9990
89.163.242.62 - - [24/Nov/2019:16:02:51 -0500] "GET /StormSDA/userFiles%20-%20Copy%2019-07-2012/user_files/94/?C=S;O=A/ HTTP/1.1" 200 877
89.163.242.62 - - [24/Nov/2019:16:02:53 -0500] "GET /StormSDA/userFiles%20-%20Copy%2019-07-2012/user_files/?C=D;O=A/ HTTP/1.1" 200 5684
192.168.175.104 - - [24/Nov/2019:16:02:57 -0500] "GET / HTTP/1.1" 200 9990
89.163.242.62 - - [24/Nov/2019:16:02:57 -0500] "GET /StormSDA/userFiles%20-%20Copy%2019-07-2012/user_files/?C=D;O=D/ HTTP/1.1" 200 5684
89.163.242.62 - - [24/Nov/2019:16:03:00 -0500] "GET /StormSDA/userFiles%20-%20Copy%2019-07-2012/user_files/?C=M;O=A/ HTTP/1.1" 200 5684
89.163.242.62 - - [24/Nov/2019:16:03:03 -0500] "GET /StormSDA/userFiles%20-%20Copy%2019-07-2012/user_files/?C=M;O=D/ HTTP/1.1" 200 5684
89.163.242.62 - - [24/Nov/2019:16:03:04 -0500] "GET /StormSDA/userFiles%20-%20Copy%2019-07-2012/user_files/?C=N;O=A/ HTTP/1.1" 200 5684
89.163.242.62 - - [24/Nov/2019:16:03:08 -0500] "GET /StormSDA/userFiles%20-%20Copy%2019-07-2012/user_files/?C=N;O=D/ HTTP/1.1" 200 5684
66.249.66.81 - - [24/Nov/2019:16:03:12 -0500] "GET /BLA/resoluciones/AUTOS%202013/3658.pdf HTTP/1.1" 200 507566
89.163.242.62 - - [24/Nov/2019:16:03:12 -0500] "GET /StormSDA/userFiles%20-%20Copy%2019-07-2012/user_files/?C=S;O=A/ HTTP/1.1" 200 5684
89.163.242.62 - - [24/Nov/2019:16:03:16 -0500] "GET /StormSDA/userFiles%20-%20Copy%2019-07-2012/user_files/?C=S;O=D/ HTTP/1.1" 200 5684
54.185.91.179 - - [24/Nov/2019:16:03:18 -0500] "GET /galeria/nivo-slider/demo/inicio.html HTTP/1.1" 200 5154
89.163.242.62 - - [24/Nov/2019:16:03:19 -0500] "GET /StormSDA/userFiles%20-%20Copy%2019-07-2012/user_files/formulas/?C=D;O=A/ HTTP/1.1" 200 1504
89.163.242.62 - - [24/Nov/2019:16:03:22 -0500] "GET /StormSDA/userFiles/backup%2027-09-2012/?C=D;O=A/ HTTP/1.1" 200 5696
89.163.242.62 - - [24/Nov/2019:16:03:25 -0500] "GET /StormSDA/userFiles/backup%2027-09-2012/?C=M;O=A/ HTTP/1.1" 200 5696
89.163.242.62 - - [24/Nov/2019:16:03:29 -0500] "GET /StormSDA/userFiles/backup%2027-09-2012/?C=M;O=D/ HTTP/1.1" 200 5696
89.163.242.62 - - [24/Nov/2019:16:03:30 -0500] "GET /StormSDA/userFiles/backup%2027-09-2012/?C=N;O=A/ HTTP/1.1" 200 5696
89.163.242.62 - - [24/Nov/2019:16:03:34 -0500] "GET /StormSDA/userFiles/backup%2027-09-2012/?C=N;O=D/ HTTP/1.1" 200 5696
89.163.242.62 - - [24/Nov/2019:16:03:37 -0500] "GET /StormSDA/userFiles/backup%2027-09-2012/?C=S;O=A/ HTTP/1.1" 200 5696
89.163.242.62 - - [24/Nov/2019:16:03:40 -0500] "GET /StormSDA/userFiles/backup%2027-09-2012/?C=S;O=D/ HTTP/1.1" 200 5696
89.163.242.62 - - [24/Nov/2019:16:03:45 -0500] "GET /StormSDA/userFiles/user_files/1/?C=N;O=A/ HTTP/1.1" 200 1691
89.163.242.62 - - [24/Nov/2019:16:03:49 -0500] "GET /StormSDA/userFiles/user_files/90/?C=D;O=A/ HTTP/1.1" 200 817
181.58.38.54 - - [24/Nov/2019:16:03:50 -0500] "GET /galeria/galeria/jquery.fancybox.css?v=2.1.5 HTTP/1.1" 200 4895
181.58.38.54 - - [24/Nov/2019:16:03:50 -0500] "GET /galeria/galeria/jquery.fancybox.js?v=2.1.5 HTTP/1.1" 200 48706
181.58.38.54 - - [24/Nov/2019:16:03:50 -0500] "GET /BLA/boletinlegal/js/jquery.scrollShow.js HTTP/1.1" 200 4586
66.249.66.81 - - [24/Nov/2019:16:03:51 -0500] "GET /BLA/resoluciones/AUTOS%202012/2186.pdf HTTP/1.1" 200 492591
89.163.242.62 - - [24/Nov/2019:16:03:52 -0500] "GET /StormSDA/userFiles/user_files/93/?C=D;O=A/ HTTP/1.1" 200 817
89.163.242.62 - - [24/Nov/2019:16:03:55 -0500] "GET /StormSDA/userFiles/user_files/93/?C=M;O=A/ HTTP/1.1" 200 817
186.148.182.153 - - [24/Nov/2019:16:03:55 -0500] "GET /galeria/galeria/jquery.fancybox.css?v=2.1.5 HTTP/1.1" 200 4895
89.163.242.62 - - [24/Nov/2019:16:03:57 -0500] "GET /StormSDA/userFiles/user_files/93/?C=N;O=A/ HTTP/1.1" 200 817
190.28.117.209 - - [24/Nov/2019:16:04:00 -0500] "GET /galeria/galeria/jquery.fancybox.css?v=2.1.5 HTTP/1.1" 200 4895
190.28.117.209 - - [24/Nov/2019:16:04:00 -0500] "GET /BLA/boletinlegal/js/jquery.scrollShow.js HTTP/1.1" 200 4586
190.28.117.209 - - [24/Nov/2019:16:04:00 -0500] "GET /galeria/galeria/jquery.fancybox.js?v=2.1.5 HTTP/1.1" 200 48706
89.163.242.62 - - [24/Nov/2019:16:04:03 -0500] "GET /StormSDA/userFiles/user_files/94/?C=D;O=A/ HTTP/1.1" 200 817
181.132.41.236 - - [24/Nov/2019:16:04:06 -0500] "GET /BLA/boletinlegal/js/jquery.scrollShow.js HTTP/1.1" 200 4586
181.132.41.236 - - [24/Nov/2019:16:04:06 -0500] "GET /galeria/galeria/jquery.fancybox.js?v=2.1.5 HTTP/1.1" 200 48706
181.132.41.236 - - [24/Nov/2019:16:04:07 -0500] "GET /galeria/galeria/jquery.fancybox.css?v=2.1.5 HTTP/1.1" 200 4895
54.185.179.7 - - [24/Nov/2019:16:04:08 -0500] "GET /robots.txt HTTP/1.1" 404 1154
54.185.179.7 - - [24/Nov/2019:16:04:08 -0500] "GET / HTTP/1.1" 200 9990
54.185.179.7 - - [24/Nov/2019:16:04:08 -0500] "GET /www.ambientebogota.gov.co/ HTTP/1.1" 404 1154
201.231.251.131 - - [24/Nov/2019:16:04:26 -0500] "GET /galeria/galeria/jquery.fancybox.css?v=2.1.5 HTTP/1.1" 200 4895
201.231.251.131 - - [24/Nov/2019:16:04:26 -0500] "GET /galeria/galeria/jquery.fancybox.js?v=2.1.5 HTTP/1.1" 200 48706
66.249.66.82 - - [24/Nov/2019:16:04:30 -0500] "GET /BLA/resoluciones/AUTOS%202015/6124.pdf HTTP/1.1" 200 516950
34.220.54.118 - - [24/Nov/2019:16:04:57 -0500] "GET /galeria/nivo-slider/demo/inicio.html HTTP/1.1" 200 5154
181.120.101.3 - - [24/Nov/2019:16:04:58 -0500] "GET /galeria/galeria/jquery.fancybox.js?v=2.1.5 HTTP/1.1" 200 48706
181.120.101.3 - - [24/Nov/2019:16:04:58 -0500] "GET /galeria/galeria/jquery.fancybox.css?v=2.1.5 HTTP/1.1" 200 4895
181.120.101.3 - - [24/Nov/2019:16:04:58 -0500] "GET /BLA/boletinlegal/js/jquery.scrollShow.js HTTP/1.1" 200 4586
186.29.125.14 - - [24/Nov/2019:16:05:04 -0500] "GET /BLA/resoluciones/RESOLUCIONES%202014/2883.pdf HTTP/1.1" 200 4264416
186.29.125.14 - - [24/Nov/2019:16:05:05 -0500] "GET /favicon.ico HTTP/1.1" 200 7782
186.29.125.14 - - [24/Nov/2019:16:05:05 -0500] "GET /BLA/resoluciones/RESOLUCIONES%202014/2883.pdf HTTP/1.1" 206 4576
186.29.125.14 - - [24/Nov/2019:16:05:05 -0500] "GET /BLA/resoluciones/RESOLUCIONES%202014/2883.pdf HTTP/1.1" 206 65536
186.29.125.14 - - [24/Nov/2019:16:05:06 -0500] "GET /BLA/resoluciones/RESOLUCIONES%202014/2883.pdf HTTP/1.1" 206 65536
186.29.125.14 - - [24/Nov/2019:16:05:07 -0500] "GET /BLA/resoluciones/RESOLUCIONES%202014/2883.pdf HTTP/1.1" 206 65536
181.120.101.3 - - [24/Nov/2019:16:05:07 -0500] "GET /galeria/galeria/jquery.fancybox.js?v=2.1.5 HTTP/1.1" 304 -
181.120.101.3 - - [24/Nov/2019:16:05:07 -0500] "GET /BLA/boletinlegal/js/jquery.scrollShow.js HTTP/1.1" 304 -
181.120.101.3 - - [24/Nov/2019:16:05:07 -0500] "GET /galeria/galeria/jquery.fancybox.css?v=2.1.5 HTTP/1.1" 304 -
186.29.125.14 - - [24/Nov/2019:16:05:07 -0500] "GET /BLA/resoluciones/RESOLUCIONES%202014/2883.pdf HTTP/1.1" 206 65536
186.29.125.14 - - [24/Nov/2019:16:05:07 -0500] "GET /BLA/resoluciones/RESOLUCIONES%202014/2883.pdf HTTP/1.1" 206 65536
186.29.125.14 - - [24/Nov/2019:16:05:08 -0500] "GET /BLA/resoluciones/RESOLUCIONES%202014/2883.pdf HTTP/1.1" 206 65536
186.29.125.14 - - [24/Nov/2019:16:05:08 -0500] "GET /BLA/resoluciones/RESOLUCIONES%202014/2883.pdf HTTP/1.1" 206 65536
66.249.66.82 - - [24/Nov/2019:16:05:09 -0500] "GET /BLA/resoluciones/RESOLUCIONES%202013/1810.pdf HTTP/1.1" 200 833786
186.29.125.14 - - [24/Nov/2019:16:05:09 -0500] "GET /BLA/resoluciones/RESOLUCIONES%202014/2883.pdf HTTP/1.1" 206 65536
181.132.41.236 - - [24/Nov/2019:16:05:25 -0500] "GET /BLA/boletinlegal/js/jquery.scrollShow.js HTTP/1.1" 200 4586
181.132.41.236 - - [24/Nov/2019:16:05:25 -0500] "GET /galeria/galeria/jquery.fancybox.js?v=2.1.5 HTTP/1.1" 200 48706
181.132.41.236 - - [24/Nov/2019:16:05:25 -0500] "GET /galeria/galeria/jquery.fancybox.css?v=2.1.5 HTTP/1.1" 200 4895
54.212.211.94 - - [24/Nov/2019:16:05:37 -0500] "GET /robots.txt HTTP/1.1" 404 1154
54.212.211.94 - - [24/Nov/2019:16:05:37 -0500] "GET / HTTP/1.1" 200 9990
54.212.211.94 - - [24/Nov/2019:16:05:38 -0500] "GET /www.ambientebogota.gov.co/ HTTP/1.1" 404 1154
54.190.95.173 - - [24/Nov/2019:16:05:59 -0500] "GET /robots.txt HTTP/1.1" 404 1154
54.190.95.173 - - [24/Nov/2019:16:05:59 -0500] "GET / HTTP/1.1" 200 9990
54.190.95.173 - - [24/Nov/2019:16:06:00 -0500] "GET /www.ambientebogota.gov.co/ HTTP/1.1" 404 1154
54.214.227.17 - - [24/Nov/2019:16:06:25 -0500] "GET /galeria/nivo-slider/demo/inicio.html HTTP/1.1" 200 5154
69.162.124.232 - - [24/Nov/2019:16:06:25 -0500] "HEAD / HTTP/1.1" 200 -
186.146.102.223 - - [24/Nov/2019:16:06:32 -0500] "GET /BLA/boletinlegal/js/jquery.scrollShow.js HTTP/1.1" 200 4586
186.146.102.223 - - [24/Nov/2019:16:06:32 -0500] "GET /galeria/galeria/jquery.fancybox.js?v=2.1.5 HTTP/1.1" 200 48706
186.146.102.223 - - [24/Nov/2019:16:06:32 -0500] "GET /galeria/galeria/jquery.fancybox.css?v=2.1.5 HTTP/1.1" 200 4895
186.146.102.223 - - [24/Nov/2019:16:06:32 -0500] "GET /galeria/carrusel/Carrusel/jquery.thumbnailScroller.css HTTP/1.1" 200 2066
186.146.102.223 - - [24/Nov/2019:16:06:32 -0500] "GET /galeria/carrusel/Carrusel/jquery.thumbnailScroller.js HTTP/1.1" 200 8157
186.146.102.223 - - [24/Nov/2019:16:06:32 -0500] "GET /galeria/carrusel/Carrusel/jquery-ui-1.8.13.custom.min.js HTTP/1.1" 200 10800
54.189.80.163 - - [24/Nov/2019:16:06:36 -0500] "GET /robots.txt HTTP/1.1" 404 1154
54.189.80.163 - - [24/Nov/2019:16:06:37 -0500] "GET / HTTP/1.1" 200 9990
54.189.80.163 - - [24/Nov/2019:16:06:37 -0500] "GET /www.ambientebogota.gov.co/ HTTP/1.1" 404 1154
18.237.175.90 - - [24/Nov/2019:16:06:43 -0500] "GET /galeria/nivo-slider/demo/inicio.html HTTP/1.1" 200 5154
186.86.33.242 - - [24/Nov/2019:16:06:56 -0500] "GET /galeria/galeria/jquery.fancybox.css?v=2.1.5 HTTP/1.1" 200 4895
186.86.33.242 - - [24/Nov/2019:16:06:56 -0500] "GET /galeria/galeria/jquery.fancybox.js?v=2.1.5 HTTP/1.1" 200 48706
186.86.33.242 - - [24/Nov/2019:16:06:56 -0500] "GET /BLA/boletinlegal/js/jquery.scrollShow.js HTTP/1.1" 200 4586
186.144.15.43 - - [24/Nov/2019:16:07:05 -0500] "GET /galeria/galeria/jquery.fancybox.css?v=2.1.5 HTTP/1.1" 200 4895
186.144.15.43 - - [24/Nov/2019:16:07:05 -0500] "GET /galeria/galeria/jquery.fancybox.js?v=2.1.5 HTTP/1.1" 200 48706
34.216.82.23 - - [24/Nov/2019:16:07:08 -0500] "GET /galeria/nivo-slider/demo/inicio.html HTTP/1.1" 200 5154
66.249.66.83 - - [24/Nov/2019:16:07:15 -0500] "GET /BLA/resoluciones/AUTOS%202014/6483.pdf HTTP/1.1" 304 -
52.88.161.140 - - [24/Nov/2019:16:07:18 -0500] "GET /galeria/nivo-slider/demo/inicio.html HTTP/1.1" 200 5154
18.237.192.114 - - [24/Nov/2019:16:07:21 -0500] "GET /galeria/nivo-slider/demo/inicio.html HTTP/1.1" 200 5154
18.237.55.199 - - [24/Nov/2019:16:07:23 -0500] "GET /galeria/nivo-slider/demo/inicio.html HTTP/1.1" 200 5154
18.237.145.101 - - [24/Nov/2019:16:07:31 -0500] "GET /galeria/nivo-slider/demo/inicio.html HTTP/1.1" 200 5154
46.229.168.150 - - [24/Nov/2019:16:07:33 -0500] "GET /Autoliquidacion/index.php?dir=TR%C3%83%C2%83%C3%82%C2%83%C3%83%C2%82%C3%82%C2%83%C3%83%C2%83%C3%82%C2%82%C3%83%C2%82%C3%82%C2%83%C3%83%C2%83%C3%82%C2%83%C3%83%C2%82%C3%82%C2%82%C3%83%C2%83%C3%82%C2%82%C3%83%C2%82%C3%82%C2%83%C3%83%C2%83%C3%82%C2%83%C3%83%C2%82%C3%82%C2%83%C3%83%C2%83%C3%82%C2%82%C3%83%C2%82%C3%82%C2%82%C3%83%C2%83%C3%82%C2%83%C3%83%C2%82%C3%82%C2%82%C3%83%C2%83%C3%82%C2%82%C3%83%C2%82%C3%82%C2%83%C3%83%C2%83%C3%82%C2%83%C3%83%C2%82%C3%82%C2%83%C3%83%C2%83%C3%82%C2%82%C3%83%C2%82%C3%82%C2%83%C3%83%C2%83%C3%82%C2%83%C3%83%C2%82%C3%82%C2%82%C3%83%C2%83%C3%82%C2%82%C3%83%C2%82%C3%82%C2%82%C3%83%C2%83%C3%82%C2%83%C3%83%C2%82%C3%82%C2%83%C3%83%C2%83%C3%82%C2%82%C3%83%C2%82%C3%82%C2%82%C3%83%C2%83%C3%82%C2%83%C3%83%C2%82%C3%82%C2%82%C3%83%C2%83%C3%82%C2%82%C3%83%C2%82%C3%82%C2%83%C3%83%C2%83%C3%82%C2%83%C3%83%C2%82%C3%82%C2%83%C3%83%C2%83%C3%82%C2%82%C3%83%C2%82%C3%82%C2%83%C3%83%C2%83%C3%82%C2%83%C3%83%C2%82%C3%82%C2%82%C3%83%C2%83%C3%82%C2%82%C3%83%C2%82%C3%82%C2%83%C3%83%C2%83%C3%82%C2%83%C3%83%C2%82%C3%82%C2%83%C3%83%C2%83%C3%82%C2%82%C3%83%C2%82%C3%82%C2%82%C3%83%C2%83%C3%82%C2%83%C3%83%C2%82%C3%82%C2%82%C3%83%C2%83%C3%82%C2%82%C3%83%C2%82%C3%82%C2%82%C3%83%C2%83%C3%82%C2%83%C3%83%C2%82%C3%82%C2%83%C3%83%C2%83%C3%82%C2%82%C3%83%C2%82%C3%82%C2%83%C3%83%C2%83%C3%82%C2%83%C3%83%C2%82%C3%82%C2%82%C3%83%C2%83%C3%82%C2%82%C3%83%C2%82%C3%82%C2%82%C3%83%C2%83%C3%82%C2%83%C3%83%C2%82%C3%82%C2%83%C3%83%C2%83%C3%82%C2%82%C3%83%C2%82%C3%82%C2%82%C3%83%C2%83%C3%82%C2%83%C3%83%C2%82%C3%82%C2%82%C3%83%C2%83%C3%82%C2%82%C3%83%C2%82%C3%82%C2%81MITES%2BAGUAS%2BSUBTERR%C3%83%C2%83%C3%82%C2%83%C3%83%C2%82%C3%82%C2%83%C3%83%C2%83%C3%82%C2%82%C3%83%C2%82%C3%82%C2%83%C3%83%C2%83%C3%82%C2%83%C3%83%C2%82%C3%82%C2%82%C3%83%C2%83%C3%82%C2%82%C3%83%C2%82%C3%82%C2%83%C3%83%C2%83%C3%82%C2%83%C3%83%C2%82%C3%82%C2%83%C3%83%C2%83%C3%82%C2%82%C3%83%C2%82%C3%82%C2%82%C3%83%C2%83%C3%82%C2%83%C3%83%C2%82%C3%82%C2%82%C3%83%C2%83%C3%82%C2%82%C3%83%C2%82%C3%82%C2%83%C3%83%C2%83%C3%82%C2%83%C3%83%C2%82%C3%82%C2%83%C3%83%C2%83%C3%82%C2%82%C3%83%C2%82%C3%82%C2%83%C3%83%C2%83%C3%82%C2%83%C3%83%C2%82%C3%82%C2%82%C3%83%C2%83%C3%82%C2%82%C3%83%C2%82%C3%82%C2%82%C3%83%C2%83%C3%82%C2%83%C3%83%C2%82%C3%82%C2%83%C3%83%C2%83%C3%82%C2%82%C3%83%C2%82%C3%82%C2%82%C3%83%C2%83%C3%82%C2%83%C3%83%C2%82%C3%82%C2%82%C3%83%C2%83%C3%82%C2%82%C3%83%C2%82%C3%82%C2%83%C3%83%C2%83%C3%82%C2%83%C3%83%C2%82%C3%82%C2%83%C3%83%C2%83%C3%82%C2%82%C3%83%C2%82%C3%82%C2%83%C3%83%C2%83%C3%82%C2%83%C3%83%C2%82%C3%82%C2%82%C3%83%C2%83%C3%82%C2%82%C3%83%C2%82%C3%82%C2%83%C3%83%C2%83%C3%82%C2%83%C3%83%C2%82%C3%82%C2%83%C3%83%C2%83%C3%82%C2%82%C3%83%C2%82%C3%82%C2%82%C3%83%C2%83%C3%82%C2%83%C3%83%C2%82%C3%82%C2%82%C3%83%C2%83%C3%82%C2%82%C3%83%C2%82%C3%82%C2%82%C3%83%C2%83%C3%82%C2%83%C3%83%C2%82%C3%82%C2%83%C3%83%C2%83%C3%82%C2%82%C3%83%C2%82%C3%82%C2%83%C3%83%C2%83%C3%82%C2%83%C3%83%C2%82%C3%82%C2%82%C3%83%C2%83%C3%82%C2%82%C3%83%C2%82%C3%82%C2%82%C3%83%C2%83%C3%82%C2%83%C3%83%C2%82%C3%82%C2%83%C3%83%C2%83%C3%82%C2%82%C3%83%C2%82%C3%82%C2%82%C3%83%C2%83%C3%82%C2%83%C3%83%C2%82%C3%82%C2%82%C3%83%C2%83%C3%82%C2%82%C3%83%C2%82%C3%82%C2%81NEAS%2F&order=asc&sort=size HTTP/1.1" 200 9679
66.249.66.82 - - [24/Nov/2019:16:07:45 -0500] "GET /BLA/resoluciones/AUTOS%202012/0829.pdf HTTP/1.1" 200 242664
190.240.169.10 - - [24/Nov/2019:16:07:48 -0500] "GET /BLA/boletinlegal/js/jquery.scrollShow.js HTTP/1.1" 200 4586
190.240.169.10 - - [24/Nov/2019:16:07:48 -0500] "GET /galeria/galeria/jquery.fancybox.css?v=2.1.5 HTTP/1.1" 200 4895
190.240.169.10 - - [24/Nov/2019:16:07:48 -0500] "GET /galeria/galeria/jquery.fancybox.js?v=2.1.5 HTTP/1.1" 200 48706
192.168.175.104 - - [24/Nov/2019:16:07:48 -0500] "GET / HTTP/1.0" 200 9990
192.168.175.104 - - [24/Nov/2019:16:07:55 -0500] "GET / HTTP/1.1" 200 9990
54.36.148.215 - - [24/Nov/2019:16:08:14 -0500] "GET /BLA/resoluciones/RESOLUCIONES%202002/RES%202002%201701-1750/20021711.tif HTTP/1.1" 200 108802
54.36.150.40 - - [24/Nov/2019:16:08:14 -0500] "GET /BLA/resoluciones/RESOLUCIONES%202003/RES%202003%201901-1950/00001927.tif HTTP/1.1" 200 78642
186.112.235.8 - - [24/Nov/2019:16:08:16 -0500] "GET /galeria/galeria/jquery.fancybox.css?v=2.1.5 HTTP/1.1" 200 4895
186.112.235.8 - - [24/Nov/2019:16:08:16 -0500] "GET /BLA/boletinlegal/js/jquery.scrollShow.js HTTP/1.1" 200 4586
186.112.235.8 - - [24/Nov/2019:16:08:16 -0500] "GET /galeria/galeria/jquery.fancybox.js?v=2.1.5 HTTP/1.1" 200 48706
54.148.62.253 - - [24/Nov/2019:16:08:40 -0500] "GET /robots.txt HTTP/1.1" 404 1154
54.148.62.253 - - [24/Nov/2019:16:08:41 -0500] "GET / HTTP/1.1" 200 9990
34.213.79.53 - - [24/Nov/2019:16:08:41 -0500] "GET /robots.txt HTTP/1.1" 404 1154
54.148.62.253 - - [24/Nov/2019:16:08:41 -0500] "GET /www.ambientebogota.gov.co/ HTTP/1.1" 404 1154
34.213.79.53 - - [24/Nov/2019:16:08:41 -0500] "GET / HTTP/1.1" 200 9990
34.213.79.53 - - [24/Nov/2019:16:08:42 -0500] "GET /www.ambientebogota.gov.co/ HTTP/1.1" 404 1154
181.60.170.188 - - [24/Nov/2019:16:08:42 -0500] "GET /galeria/galeria/jquery.fancybox.css?v=2.1.5 HTTP/1.1" 200 4895
181.60.170.188 - - [24/Nov/2019:16:08:42 -0500] "GET /galeria/carrusel/Carrusel/jquery.thumbnailScroller.css HTTP/1.1" 200 2066
181.60.170.188 - - [24/Nov/2019:16:08:44 -0500] "GET /BLA/boletinlegal/js/jquery.scrollShow.js HTTP/1.1" 200 4586
181.60.170.188 - - [24/Nov/2019:16:08:44 -0500] "GET /galeria/galeria/jquery.fancybox.js?v=2.1.5 HTTP/1.1" 200 48706
181.60.170.188 - - [24/Nov/2019:16:08:45 -0500] "GET /galeria/carrusel/Carrusel/jquery-ui-1.8.13.custom.min.js HTTP/1.1" 200 10800
181.60.170.188 - - [24/Nov/2019:16:08:45 -0500] "GET /galeria/carrusel/Carrusel/jquery.thumbnailScroller.js HTTP/1.1" 200 8157
181.60.170.188 - - [24/Nov/2019:16:08:45 -0500] "GET /galeria/nivo-slider/demo/inicio.html HTTP/1.1" 200 5154
181.60.170.188 - - [24/Nov/2019:16:08:45 -0500] "GET /galeria/nivo-slider/themes/default/default.css HTTP/1.1" 200 1569
181.60.170.188 - - [24/Nov/2019:16:08:45 -0500] "GET /galeria/nivo-slider/themes/pascal/pascal.css HTTP/1.1" 200 2258
181.60.170.188 - - [24/Nov/2019:16:08:45 -0500] "GET /galeria/nivo-slider/themes/orman/orman.css HTTP/1.1" 200 2152
181.60.170.188 - - [24/Nov/2019:16:08:45 -0500] "GET /galeria/nivo-slider/nivo-slider.css HTTP/1.1" 200 1507
181.60.170.188 - - [24/Nov/2019:16:08:46 -0500] "GET /galeria/nivo-slider/demo/style.css HTTP/1.1" 200 2222
181.60.170.188 - - [24/Nov/2019:16:08:46 -0500] "GET /galeria/nivo-slider/demo/scripts/jquery-1.7.1.min.js HTTP/1.1" 200 93868
181.60.170.188 - - [24/Nov/2019:16:08:46 -0500] "GET /galeria/nivo-slider/jquery.nivo.slider.pack.js HTTP/1.1" 200 11561
181.60.170.188 - - [24/Nov/2019:16:08:46 -0500] "GET /galeria/nivo-slider/demo/images/bannerclimabog.jpg HTTP/1.1" 200 170671
181.60.170.188 - - [24/Nov/2019:16:08:47 -0500] "GET /galeria/nivo-slider/demo/images/4Simple_Slider.png HTTP/1.1" 200 11722
181.60.170.188 - - [24/Nov/2019:16:08:47 -0500] "GET /galeria/nivo-slider/themes/default/loading.gif HTTP/1.1" 200 1737
54.245.144.156 - - [24/Nov/2019:16:08:47 -0500] "GET /robots.txt HTTP/1.1" 404 1154
181.60.170.188 - - [24/Nov/2019:16:08:47 -0500] "GET /galeria/nivo-slider/demo/images/bannerrendicion.jpg HTTP/1.1" 200 153938
54.245.144.156 - - [24/Nov/2019:16:08:47 -0500] "GET / HTTP/1.1" 200 9990
54.245.144.156 - - [24/Nov/2019:16:08:48 -0500] "GET /www.ambientebogota.gov.co/ HTTP/1.1" 404 1154
181.60.170.188 - - [24/Nov/2019:16:08:50 -0500] "GET /galeria/nivo-slider/demo/images/bannerwebmusgo.jpg HTTP/1.1" 200 367364
181.60.170.188 - - [24/Nov/2019:16:08:50 -0500] "GET /galeria/nivo-slider/demo/images/Bannerpread.jpg HTTP/1.1" 200 256621
181.60.170.188 - - [24/Nov/2019:16:08:53 -0500] "GET /galeria/nivo-slider/demo/images/iniciativas-Ambientales.jpg HTTP/1.1" 200 201405
181.60.170.188 - - [24/Nov/2019:16:08:53 -0500] "GET /galeria/nivo-slider/demo/images/Bannerveterinaria.jpg HTTP/1.1" 200 254705
181.60.170.188 - - [24/Nov/2019:16:08:55 -0500] "GET /galeria/nivo-slider/demo/images/bannerincendios.jpg HTTP/1.1" 200 206070
181.60.170.188 - - [24/Nov/2019:16:08:56 -0500] "GET /galeria/nivo-slider/demo/images/banneragendamiento.jpg HTTP/1.1" 200 116897
66.102.6.189 - - [24/Nov/2019:16:08:57 -0500] "GET /galeria/galeria/jquery.fancybox.css?v=2.1.5 HTTP/1.1" 200 4895
66.102.6.189 - - [24/Nov/2019:16:08:57 -0500] "GET /galeria/galeria/jquery.fancybox.js?v=2.1.5 HTTP/1.1" 200 48706
181.60.170.188 - - [24/Nov/2019:16:08:57 -0500] "GET /galeria/nivo-slider/demo/images/Banner%20tinguas.jpg HTTP/1.1" 200 214878
181.60.170.188 - - [24/Nov/2019:16:08:58 -0500] "GET /galeria/nivo-slider/demo/images/Bannerserpiente2019.jpg HTTP/1.1" 200 270374
181.60.170.188 - - [24/Nov/2019:16:08:59 -0500] "GET /galeria/nivo-slider/demo/images/Noviembre.png HTTP/1.1" 200 519399
181.60.170.188 - - [24/Nov/2019:16:09:01 -0500] "GET /galeria/nivo-slider/demo/images/puntos%20atencion%20BANNER.jpg HTTP/1.1" 200 244208
181.60.170.188 - - [24/Nov/2019:16:09:02 -0500] "GET /galeria/nivo-slider/demo/images/Banner%20Visor%20Geografico%20Ambiental.jpg HTTP/1.1" 200 204673
181.60.170.188 - - [24/Nov/2019:16:09:02 -0500] "GET /galeria/nivo-slider/demo/images/Banner%20consumo%20sostenible%20final.jpg HTTP/1.1" 200 364746
66.249.66.81 - - [24/Nov/2019:16:09:03 -0500] "GET /BLA/resoluciones/Notificaciones/AUTOS%202015/1587.doc HTTP/1.1" 200 173568
181.60.170.188 - - [24/Nov/2019:16:09:04 -0500] "GET /galeria/nivo-slider/demo/images/Banner%20RCD.jpg HTTP/1.1" 200 92197
181.60.170.188 - - [24/Nov/2019:16:09:04 -0500] "GET /galeria/nivo-slider/demo/images/Banner%20Conpes.jpg HTTP/1.1" 200 55220
181.60.170.188 - - [24/Nov/2019:16:09:04 -0500] "GET /galeria/nivo-slider/demo/images/Banner%20practicas%20sostenibles.jpg HTTP/1.1" 200 142958
181.60.170.188 - - [24/Nov/2019:16:09:04 -0500] "GET /galeria/nivo-slider/demo/images/Banner%20POT.png HTTP/1.1" 200 418238
181.60.170.188 - - [24/Nov/2019:16:09:05 -0500] "GET /galeria/nivo-slider/demo/images/Banneranonimos.png HTTP/1.1" 200 109388
54.36.149.25 - - [24/Nov/2019:16:09:08 -0500] "GET /BLA/resoluciones/RESOLUCIONES%202003/RES%202003%20901-950/901.tif HTTP/1.1" 200 299148
54.244.150.28 - - [24/Nov/2019:16:09:13 -0500] "GET /galeria/nivo-slider/demo/inicio.html HTTP/1.1" 200 5154
181.60.170.188 - - [24/Nov/2019:16:09:14 -0500] "GET /galeria/nivo-slider/themes/default/arrows.png HTTP/1.1" 200 824
181.60.170.188 - - [24/Nov/2019:16:09:14 -0500] "GET /galeria/nivo-slider/themes/default/bullets.png HTTP/1.1" 200 1281
35.163.244.64 - - [24/Nov/2019:16:09:26 -0500] "GET /galeria/nivo-slider/demo/inicio.html HTTP/1.1" 200 5154
54.187.58.134 - - [24/Nov/2019:16:09:29 -0500] "GET /galeria/nivo-slider/demo/inicio.html HTTP/1.1" 200 5154
34.209.86.201 - - [24/Nov/2019:16:09:34 -0500] "GET /galeria/nivo-slider/demo/inicio.html HTTP/1.1" 200 5154
34.212.125.22 - - [24/Nov/2019:16:09:35 -0500] "GET /galeria/nivo-slider/demo/inicio.html HTTP/1.1" 200 5154
18.237.213.208 - - [24/Nov/2019:16:09:42 -0500] "GET /robots.txt HTTP/1.1" 404 1154
66.249.66.82 - - [24/Nov/2019:16:09:42 -0500] "GET /BLA/resoluciones/RESOLUCIONES%202007/RES%202007%203201%20AL%203300/RESOLUCION%203258%20DE%202007.pdf HTTP/1.1" 304 -
18.237.213.208 - - [24/Nov/2019:16:09:42 -0500] "GET / HTTP/1.1" 200 9990
18.237.213.208 - - [24/Nov/2019:16:09:43 -0500] "GET /www.ambientebogota.gov.co/ HTTP/1.1" 404 1154
54.188.68.43 - - [24/Nov/2019:16:09:45 -0500] "GET /robots.txt HTTP/1.1" 404 1154
54.188.68.43 - - [24/Nov/2019:16:09:45 -0500] "GET / HTTP/1.1" 200 9990
54.188.68.43 - - [24/Nov/2019:16:09:46 -0500] "GET /www.ambientebogota.gov.co/ HTTP/1.1" 404 1154
52.33.127.225 - - [24/Nov/2019:16:09:49 -0500] "GET /galeria/nivo-slider/demo/inicio.html HTTP/1.1" 200 5154
34.215.181.222 - - [24/Nov/2019:16:10:11 -0500] "GET /robots.txt HTTP/1.1" 404 1154
34.215.181.222 - - [24/Nov/2019:16:10:11 -0500] "GET / HTTP/1.1" 200 9990
34.215.181.222 - - [24/Nov/2019:16:10:13 -0500] "GET /www.ambientebogota.gov.co/ HTTP/1.1" 404 1154
177.228.43.8 - - [24/Nov/2019:16:10:19 -0500] "GET /galeria/galeria/jquery.fancybox.css?v=2.1.5 HTTP/1.1" 200 4895
177.228.43.8 - - [24/Nov/2019:16:10:19 -0500] "GET /BLA/boletinlegal/js/jquery.scrollShow.js HTTP/1.1" 200 4586
177.228.43.8 - - [24/Nov/2019:16:10:19 -0500] "GET /galeria/galeria/jquery.fancybox.js?v=2.1.5 HTTP/1.1" 200 48706
52.38.184.247 - - [24/Nov/2019:16:10:20 -0500] "GET /robots.txt HTTP/1.1" 404 1154
52.38.184.247 - - [24/Nov/2019:16:10:20 -0500] "GET / HTTP/1.1" 200 9990
52.38.184.247 - - [24/Nov/2019:16:10:21 -0500] "GET /www.ambientebogota.gov.co/ HTTP/1.1" 404 1154
66.249.66.81 - - [24/Nov/2019:16:10:21 -0500] "GET /BLA/resoluciones/AUTOS%202014/3881.pdf HTTP/1.1" 304 -
52.38.184.247 - - [24/Nov/2019:16:10:21 -0500] "GET /galeria/nivo-slider/demo/inicio.html HTTP/1.1" 200 5154
54.187.71.160 - - [24/Nov/2019:16:10:24 -0500] "GET /robots.txt HTTP/1.1" 404 1154
54.187.71.160 - - [24/Nov/2019:16:10:24 -0500] "GET / HTTP/1.1" 200 9990
54.187.71.160 - - [24/Nov/2019:16:10:25 -0500] "GET /www.ambientebogota.gov.co/ HTTP/1.1" 404 1154
18.236.70.94 - - [24/Nov/2019:16:10:39 -0500] "GET /galeria/nivo-slider/demo/inicio.html HTTP/1.1" 200 5154
52.25.145.74 - - [24/Nov/2019:16:10:56 -0500] "GET /galeria/nivo-slider/demo/inicio.html HTTP/1.1" 200 5154
186.146.102.223 - - [24/Nov/2019:16:10:57 -0500] "GET /galeria/nivo-slider/demo/inicio.html HTTP/1.1" 200 5154
186.146.102.223 - - [24/Nov/2019:16:10:57 -0500] "GET /galeria/nivo-slider/themes/default/default.css HTTP/1.1" 200 1569
186.146.102.223 - - [24/Nov/2019:16:10:57 -0500] "GET /galeria/nivo-slider/themes/pascal/pascal.css HTTP/1.1" 200 2258
186.146.102.223 - - [24/Nov/2019:16:10:57 -0500] "GET /galeria/nivo-slider/themes/orman/orman.css HTTP/1.1" 200 2152
186.146.102.223 - - [24/Nov/2019:16:10:58 -0500] "GET /galeria/nivo-slider/demo/style.css HTTP/1.1" 200 2222
186.146.102.223 - - [24/Nov/2019:16:10:58 -0500] "GET /galeria/nivo-slider/nivo-slider.css HTTP/1.1" 200 1507
186.146.102.223 - - [24/Nov/2019:16:10:58 -0500] "GET /galeria/nivo-slider/demo/scripts/jquery-1.7.1.min.js HTTP/1.1" 200 93868
