66.249.88.187 - - [24/Nov/2019:13:57:14 -0500] "GET /galeria/nivo-slider/themes/default/loading.gif HTTP/1.1" 200 1737
66.249.88.191 - - [24/Nov/2019:13:57:15 -0500] "GET /galeria/nivo-slider/demo/images/iniciativas-Ambientales.jpg HTTP/1.1" 200 201405
66.249.88.189 - - [24/Nov/2019:13:57:15 -0500] "GET /galeria/nivo-slider/demo/images/Bannerveterinaria.jpg HTTP/1.1" 200 254705
66.249.88.187 - - [24/Nov/2019:13:57:15 -0500] "GET /galeria/nivo-slider/demo/images/banneragendamiento.jpg HTTP/1.1" 200 116897
66.249.88.189 - - [24/Nov/2019:13:57:15 -0500] "GET /galeria/nivo-slider/demo/images/Banner%20tinguas.jpg HTTP/1.1" 200 214878
66.249.88.191 - - [24/Nov/2019:13:57:16 -0500] "GET /galeria/nivo-slider/demo/images/bannerincendios.jpg HTTP/1.1" 200 206070
66.249.88.191 - - [24/Nov/2019:13:57:18 -0500] "GET /galeria/nivo-slider/demo/images/bannerincendios.jpg HTTP/1.1" 200 206070
186.155.12.95 - - [24/Nov/2019:13:57:20 -0500] "GET /BLA/boletinlegal/consulta_normativa.php?tipo=Ley&sector=Aire&ano=2005&resuelve= HTTP/1.1" 200 454
66.249.66.82 - - [24/Nov/2019:13:57:22 -0500] "GET /BLA/resoluciones/AUTOS%202018/4490.pdf HTTP/1.1" 304 -
186.155.12.95 - - [24/Nov/2019:13:57:24 -0500] "GET /BLA/boletinlegal/consulta_normativa.php?tipo=Ley&sector=Aire&ano=2005&resuelve= HTTP/1.1" 200 454
186.155.12.95 - - [24/Nov/2019:13:57:30 -0500] "GET /BLA/boletinlegal/consulta_normativa.php?tipo=Decreto&sector=Aire&ano=2005&resuelve= HTTP/1.1" 200 454
186.86.33.88 - - [24/Nov/2019:13:57:33 -0500] "GET /BLA/boletinlegal/js/jquery.scrollShow.js HTTP/1.1" 200 4586
186.86.33.88 - - [24/Nov/2019:13:57:33 -0500] "GET /galeria/galeria/jquery.fancybox.js?v=2.1.5 HTTP/1.1" 200 48706
186.86.33.88 - - [24/Nov/2019:13:57:33 -0500] "GET /galeria/galeria/jquery.fancybox.css?v=2.1.5 HTTP/1.1" 200 4895
186.155.12.95 - - [24/Nov/2019:13:57:40 -0500] "GET /BLA/boletinlegal/consulta_normativa.php?tipo=Decreto&sector=Aire&ano=2005&resuelve= HTTP/1.1" 200 454
186.155.12.95 - - [24/Nov/2019:13:57:46 -0500] "GET /BLA/boletinlegal/consulta_normativa.php?tipo=Resolucion&sector=Aire&ano=2005&resuelve= HTTP/1.1" 200 454
181.54.52.161 - - [24/Nov/2019:13:57:47 -0500] "GET /BLA/boletinlegal/js/jquery.scrollShow.js HTTP/1.1" 200 4586
181.54.52.161 - - [24/Nov/2019:13:57:47 -0500] "GET /galeria/galeria/jquery.fancybox.js?v=2.1.5 HTTP/1.1" 200 48706
181.54.52.161 - - [24/Nov/2019:13:57:47 -0500] "GET /galeria/galeria/jquery.fancybox.css?v=2.1.5 HTTP/1.1" 200 4895
178.63.87.197 - - [24/Nov/2019:13:58:01 -0500] "GET /robots.txt HTTP/1.1" 404 1019
178.63.87.197 - - [24/Nov/2019:13:58:02 -0500] "GET /SIG/index.php/Gestion%20Documental/126PA06-PR01%20CONTROL%20DOCUMENTOS%20SIG.pdf/?dir=Direccionamiento%20Estrategico//&sort=size&order=asc/ HTTP/1.1" 200 4544
178.63.87.197 - - [24/Nov/2019:13:58:04 -0500] "GET /SIG/index.php/Gestion%20Documental/126PA06-PR02%20CONTROL%20REGISTROS.pdf/?dir=&sort=name&order=desc/ HTTP/1.1" 200 5616
178.63.87.197 - - [24/Nov/2019:13:58:06 -0500] "GET /SIG/index.php/Gestion%20Documental/126PA06-PR02%20CONTROL%20REGISTROS.pdf/?dir=Control%20y%20mejora// HTTP/1.1" 200 3369
178.63.87.197 - - [24/Nov/2019:13:58:07 -0500] "GET /SIG/index.php/Gestion%20Documental/126PA06-PR02%20CONTROL%20REGISTROS.pdf/?dir=Direccionamiento%20Estrategico//&sort=name&order=desc/ HTTP/1.1" 200 4509
178.63.87.197 - - [24/Nov/2019:13:58:09 -0500] "GET /SIG/index.php/Gestion%20Documental/126PA06-PR02%20CONTROL%20REGISTROS.pdf/?dir=Direccionamiento%20Estrategico//&sort=size&order=asc/ HTTP/1.1" 200 4509
34.220.166.216 - - [24/Nov/2019:13:58:10 -0500] "GET /galeria/nivo-slider/demo/inicio.html HTTP/1.1" 200 5154
178.63.87.197 - - [24/Nov/2019:13:58:11 -0500] "GET /SIG/index.php/Gestion%20Documental/126PA06-PR02%20CONTROL%20REGISTROS.pdf/?dir=ECS// HTTP/1.1" 200 17156
186.28.3.229 - - [24/Nov/2019:13:58:13 -0500] "GET /galeria/galeria/jquery.fancybox.css?v=2.1.5 HTTP/1.1" 200 4895
186.28.3.229 - - [24/Nov/2019:13:58:13 -0500] "GET /galeria/galeria/jquery.fancybox.js?v=2.1.5 HTTP/1.1" 200 48706
186.28.3.229 - - [24/Nov/2019:13:58:13 -0500] "GET /BLA/boletinlegal/js/jquery.scrollShow.js HTTP/1.1" 200 4586
178.63.87.197 - - [24/Nov/2019:13:58:12 -0500] "GET /SIG/index.php/Gestion%20Documental/126PA06-PR02%20CONTROL%20REGISTROS.pdf/?dir=ECS//&sort=date&order=asc/ HTTP/1.1" 200 17155
178.63.87.197 - - [24/Nov/2019:13:58:14 -0500] "GET /SIG/index.php/Gestion%20Documental/126PA06-PR04%20INGRESO%20Y%20ORGANIZ.%20DOCUMENTACION%20ARCHIVO%20CENTRAL.pdf/?dir=Control%20y%20mejora// HTTP/1.1" 200 3617
178.63.87.197 - - [24/Nov/2019:13:58:16 -0500] "GET /SIG/index.php/Gestion%20Documental/126PA06-PR04%20INGRESO%20Y%20ORGANIZ.%20DOCUMENTACION%20ARCHIVO%20CENTRAL.pdf/?dir=Direccionamiento%20Estrategico// HTTP/1.1" 200 4727
54.184.216.99 - - [24/Nov/2019:13:58:16 -0500] "GET /robots.txt HTTP/1.1" 404 1154
54.184.216.99 - - [24/Nov/2019:13:58:17 -0500] "GET / HTTP/1.1" 200 9990
54.184.216.99 - - [24/Nov/2019:13:58:17 -0500] "GET /www.ambientebogota.gov.co/ HTTP/1.1" 404 1154
178.63.87.197 - - [24/Nov/2019:13:58:18 -0500] "GET /SIG/index.php/Gestion%20Documental/126PA06-PR04%20INGRESO%20Y%20ORGANIZ.%20DOCUMENTACION%20ARCHIVO%20CENTRAL.pdf/?dir=ECS// HTTP/1.1" 200 17373
178.63.87.197 - - [24/Nov/2019:13:58:19 -0500] "GET /SIG/index.php/Gestion%20Documental/126PA06-PR04%20INGRESO%20Y%20ORGANIZ.%20DOCUMENTACION%20ARCHIVO%20CENTRAL.pdf/?dir=Gestion%20Documental// HTTP/1.1" 200 6329
178.63.87.197 - - [24/Nov/2019:13:58:21 -0500] "GET /SIG/index.php/Gestion%20Documental/126PA06-PR04%20INGRESO%20Y%20ORGANIZ.%20DOCUMENTACION%20ARCHIVO%20CENTRAL.pdf/?dir=Gestion%20Recursos%20Financieros// HTTP/1.1" 200 9637
178.63.87.197 - - [24/Nov/2019:13:58:23 -0500] "GET /SIG/index.php/Gestion%20Documental/126PA06-PR05%20ORGANIZACION%20Y%20TRANFERENCIA%20DOCUMENTAL.pdf/?dir=&sort=date&order=asc/ HTTP/1.1" 200 6015
178.63.87.197 - - [24/Nov/2019:13:58:25 -0500] "GET /SIG/index.php/Gestion%20Documental/126PA06-PR05%20ORGANIZACION%20Y%20TRANFERENCIA%20DOCUMENTAL.pdf/?dir=&sort=name&order=desc/ HTTP/1.1" 200 6015
178.63.87.197 - - [24/Nov/2019:13:58:27 -0500] "GET /SIG/index.php/Gestion%20Documental/126PA06-PR05%20ORGANIZACION%20Y%20TRANFERENCIA%20DOCUMENTAL.pdf/?dir=&sort=size&order=asc/ HTTP/1.1" 200 6015
178.63.87.197 - - [24/Nov/2019:13:58:28 -0500] "GET /SIG/index.php/Gestion%20Documental/126PA06-PR05%20ORGANIZACION%20Y%20TRANFERENCIA%20DOCUMENTAL.pdf/?dir=Comunicaciones// HTTP/1.1" 200 3594
192.168.175.104 - - [24/Nov/2019:13:58:29 -0500] "GET / HTTP/1.0" 200 9990
178.63.87.197 - - [24/Nov/2019:13:58:30 -0500] "GET /SIG/index.php/Gestion%20Documental/126PA06-PR05%20ORGANIZACION%20Y%20TRANFERENCIA%20DOCUMENTAL.pdf/?dir=Comunicaciones//&sort=name&order=desc/ HTTP/1.1" 200 3593
178.63.87.197 - - [24/Nov/2019:13:58:32 -0500] "GET /SIG/index.php/Gestion%20Documental/126PA06-PR05%20ORGANIZACION%20Y%20TRANFERENCIA%20DOCUMENTAL.pdf/?dir=Comunicaciones//&sort=size&order=asc/ HTTP/1.1" 200 3593
168.149.241.137 - - [24/Nov/2019:13:58:33 -0500] "GET /BLA/boletinlegal/js/jquery.scrollShow.js HTTP/1.1" 200 4586
168.149.241.137 - - [24/Nov/2019:13:58:33 -0500] "GET /galeria/galeria/jquery.fancybox.js?v=2.1.5 HTTP/1.1" 200 48706
168.149.241.137 - - [24/Nov/2019:13:58:33 -0500] "GET /galeria/galeria/jquery.fancybox.css?v=2.1.5 HTTP/1.1" 200 4895
178.63.87.197 - - [24/Nov/2019:13:58:33 -0500] "GET /SIG/index.php/Gestion%20Documental/126PA06-PR05%20ORGANIZACION%20Y%20TRANFERENCIA%20DOCUMENTAL.pdf/?dir=Control%20Disciplinario// HTTP/1.1" 200 3393
178.63.87.197 - - [24/Nov/2019:13:58:35 -0500] "GET /SIG/index.php/Gestion%20Documental/126PA06-PR05%20ORGANIZACION%20Y%20TRANFERENCIA%20DOCUMENTAL.pdf/?dir=Control%20y%20mejora// HTTP/1.1" 200 3537
66.249.66.82 - - [24/Nov/2019:13:58:37 -0500] "GET /BLA/resoluciones/RESOLUCIONES%202008/3401.pdf HTTP/1.1" 200 233131
178.63.87.197 - - [24/Nov/2019:13:58:37 -0500] "GET /SIG/index.php/Gestion%20Documental/126PA06-PR05%20ORGANIZACION%20Y%20TRANFERENCIA%20DOCUMENTAL.pdf/?dir=Direccionamiento%20Estrategico// HTTP/1.1" 200 4657
192.168.175.104 - - [24/Nov/2019:13:58:38 -0500] "GET / HTTP/1.1" 200 9990
178.63.87.197 - - [24/Nov/2019:13:58:38 -0500] "GET /SIG/index.php/Gestion%20Documental/126PA06-PR05%20ORGANIZACION%20Y%20TRANFERENCIA%20DOCUMENTAL.pdf/?dir=ECS// HTTP/1.1" 200 17303
178.63.87.197 - - [24/Nov/2019:13:58:40 -0500] "GET /SIG/index.php/Gestion%20Documental/126PA06-PR05%20ORGANIZACION%20Y%20TRANFERENCIA%20DOCUMENTAL.pdf/?dir=Gestion%20Documental// HTTP/1.1" 200 6259
178.63.87.197 - - [24/Nov/2019:13:58:42 -0500] "GET /SIG/index.php/Gestion%20Documental/126PA06-PR05%20ORGANIZACION%20Y%20TRANFERENCIA%20DOCUMENTAL.pdf/?dir=Gestion%20Recursos%20Financieros// HTTP/1.1" 200 9567
66.249.66.81 - - [24/Nov/2019:13:58:43 -0500] "GET /BLA/resoluciones/RESOLUCIONES%202017/2256.pdf HTTP/1.1" 200 418019
186.155.12.95 - - [24/Nov/2019:13:58:44 -0500] "GET /BLA/boletinlegal/consulta_normativa.php?tipo=Resolucion&sector=Aire&ano=2015&resuelve= HTTP/1.1" 200 454
178.63.87.197 - - [24/Nov/2019:13:58:44 -0500] "GET /SIG/index.php/Gestion%20Documental/126PA06-PR06%20SELECCION%20DOCUMENTACION%20ARCHIVO%20CENTRAL%20PARA%20ELIMINAC%20O%20TRANSFER.pdf/?dir=&sort=date&order=asc/ HTTP/1.1" 200 6509
186.28.3.229 - - [24/Nov/2019:13:58:45 -0500] "GET /siipev/Diseno%20de%20Elementos%20de%20Mobiliario%20Urbano/Parte1.html? HTTP/1.1" 200 3594
186.28.3.229 - - [24/Nov/2019:13:58:45 -0500] "GET /siipev/Diseno%20de%20Elementos%20de%20Mobiliario%20Urbano/Diseno%20pertenecientes%20al%20mobiliario%20urbano%20M10-M160/Infografia/Parte1/M-10.png HTTP/1.1" 200 11175
186.28.3.229 - - [24/Nov/2019:13:58:45 -0500] "GET /siipev/Diseno%20de%20Elementos%20de%20Mobiliario%20Urbano/Diseno%20pertenecientes%20al%20mobiliario%20urbano%20M10-M160/Infografia/Parte1/M-160.png HTTP/1.1" 200 7332
178.63.87.197 - - [24/Nov/2019:13:58:45 -0500] "GET /SIG/index.php/Gestion%20Documental/126PA06-PR06%20SELECCION%20DOCUMENTACION%20ARCHIVO%20CENTRAL%20PARA%20ELIMINAC%20O%20TRANSFER.pdf/?dir=&sort=name&order=desc/ HTTP/1.1" 200 6509
186.155.12.95 - - [24/Nov/2019:13:58:46 -0500] "GET /BLA/boletinlegal/consulta_normativa.php?tipo=Resolucion&sector=Aire&ano=2015&resuelve= HTTP/1.1" 200 454
178.63.87.197 - - [24/Nov/2019:13:58:47 -0500] "GET /SIG/index.php/Gestion%20Documental/126PA06-PR06%20SELECCION%20DOCUMENTACION%20ARCHIVO%20CENTRAL%20PARA%20ELIMINAC%20O%20TRANSFER.pdf/?dir=&sort=size&order=asc/ HTTP/1.1" 200 6509
178.63.87.197 - - [24/Nov/2019:13:58:49 -0500] "GET /SIG/index.php/Gestion%20Documental/126PA06-PR06%20SELECCION%20DOCUMENTACION%20ARCHIVO%20CENTRAL%20PARA%20ELIMINAC%20O%20TRANSFER.pdf/?dir=Comunicaciones// HTTP/1.1" 200 3776
178.63.87.197 - - [24/Nov/2019:13:58:50 -0500] "GET /SIG/index.php/Gestion%20Documental/126PA06-PR06%20SELECCION%20DOCUMENTACION%20ARCHIVO%20CENTRAL%20PARA%20ELIMINAC%20O%20TRANSFER.pdf/?dir=Control%20Disciplinario// HTTP/1.1" 200 3575
186.147.19.79 - - [24/Nov/2019:13:58:51 -0500] "GET /galeria/galeria/jquery.fancybox.css?v=2.1.5 HTTP/1.1" 200 4895
186.147.19.79 - - [24/Nov/2019:13:58:51 -0500] "GET /galeria/galeria/jquery.fancybox.js?v=2.1.5 HTTP/1.1" 200 48706
186.147.19.79 - - [24/Nov/2019:13:58:51 -0500] "GET /BLA/boletinlegal/js/jquery.scrollShow.js HTTP/1.1" 200 4586
178.63.87.197 - - [24/Nov/2019:13:58:52 -0500] "GET /SIG/index.php/Gestion%20Documental/126PA06-PR06%20SELECCION%20DOCUMENTACION%20ARCHIVO%20CENTRAL%20PARA%20ELIMINAC%20O%20TRANSFER.pdf/?dir=Control%20y%20mejora// HTTP/1.1" 200 3745
178.63.87.197 - - [24/Nov/2019:13:58:53 -0500] "GET /SIG/index.php/Gestion%20Documental/126PA06-PR06%20SELECCION%20DOCUMENTACION%20ARCHIVO%20CENTRAL%20PARA%20ELIMINAC%20O%20TRANSFER.pdf/?dir=Direccionamiento%20Estrategico// HTTP/1.1" 200 4839
186.28.3.229 - - [24/Nov/2019:13:58:54 -0500] "GET /siipev/Diseno%20de%20Elementos%20de%20Mobiliario%20Urbano/Diseno%20pertenecientes%20al%20mobiliario%20urbano%20M10-M160/PARTE%20A/Dise%C3%B1o%20de%20Elementos%20M-160.pdf HTTP/1.1" 200 1047174
178.63.87.197 - - [24/Nov/2019:13:58:55 -0500] "GET /SIG/index.php/Gestion%20Documental/126PA06-PR06%20SELECCION%20DOCUMENTACION%20ARCHIVO%20CENTRAL%20PARA%20ELIMINAC%20O%20TRANSFER.pdf/?dir=ECS// HTTP/1.1" 200 17485
35.166.189.119 - - [24/Nov/2019:13:58:57 -0500] "GET /galeria/nivo-slider/demo/inicio.html HTTP/1.1" 200 5154
178.63.87.197 - - [24/Nov/2019:13:58:57 -0500] "GET /SIG/index.php/Gestion%20Documental/126PA06-PR06%20SELECCION%20DOCUMENTACION%20ARCHIVO%20CENTRAL%20PARA%20ELIMINAC%20O%20TRANSFER.pdf/?dir=Gestion%20Documental// HTTP/1.1" 200 6441
186.155.12.95 - - [24/Nov/2019:13:58:57 -0500] "GET /BLA/boletinlegal/normativa.php HTTP/1.1" 200 8156
186.155.12.95 - - [24/Nov/2019:13:58:58 -0500] "GET /favicon.ico HTTP/1.1" 200 7782
201.185.138.82 - - [24/Nov/2019:13:58:59 -0500] "GET /BLA/boletinlegal/js/jquery.scrollShow.js HTTP/1.1" 200 4586
201.185.138.82 - - [24/Nov/2019:13:58:59 -0500] "GET /galeria/galeria/jquery.fancybox.css?v=2.1.5 HTTP/1.1" 200 4895
201.185.138.82 - - [24/Nov/2019:13:58:59 -0500] "GET /galeria/galeria/jquery.fancybox.js?v=2.1.5 HTTP/1.1" 200 48706
178.63.87.197 - - [24/Nov/2019:13:58:59 -0500] "GET /SIG/index.php/Gestion%20Documental/126PA06-PR06%20SELECCION%20DOCUMENTACION%20ARCHIVO%20CENTRAL%20PARA%20ELIMINAC%20O%20TRANSFER.pdf/?dir=Gestion%20Recursos%20Financieros// HTTP/1.1" 200 9749
178.63.87.197 - - [24/Nov/2019:13:59:00 -0500] "GET /SIG/index.php/Gestion%20Documental/126PA06-PR07%20CONTROL%20Y%20TRAMITE%20CORRESPONDENCIA%20EXT%20RECIBIDA.pdf/?dir=&sort=date&order=asc/ HTTP/1.1" 200 6167
178.63.87.197 - - [24/Nov/2019:13:59:02 -0500] "GET /SIG/index.php/Gestion%20Documental/126PA06-PR07%20CONTROL%20Y%20TRAMITE%20CORRESPONDENCIA%20EXT%20RECIBIDA.pdf/?dir=&sort=name&order=asc/ HTTP/1.1" 200 6167
178.63.87.197 - - [24/Nov/2019:13:59:04 -0500] "GET /SIG/index.php/Gestion%20Documental/126PA06-PR07%20CONTROL%20Y%20TRAMITE%20CORRESPONDENCIA%20EXT%20RECIBIDA.pdf/?dir=&sort=name&order=desc/ HTTP/1.1" 200 6167
178.63.87.197 - - [24/Nov/2019:13:59:05 -0500] "GET /SIG/index.php/Gestion%20Documental/126PA06-PR07%20CONTROL%20Y%20TRAMITE%20CORRESPONDENCIA%20EXT%20RECIBIDA.pdf/?dir=&sort=size&order=asc/ HTTP/1.1" 200 6167
186.155.12.95 - - [24/Nov/2019:13:59:06 -0500] "GET /BLA/boletinlegal/consulta_normativa.php?tipo=Decreto&sector=Aire&ano=2010&resuelve= HTTP/1.1" 200 454
178.63.87.197 - - [24/Nov/2019:13:59:07 -0500] "GET /SIG/index.php/Gestion%20Documental/126PA06-PR07%20CONTROL%20Y%20TRAMITE%20CORRESPONDENCIA%20EXT%20RECIBIDA.pdf/?dir=Comunicaciones// HTTP/1.1" 200 3650
178.63.87.197 - - [24/Nov/2019:13:59:09 -0500] "GET /SIG/index.php/Gestion%20Documental/126PA06-PR07%20CONTROL%20Y%20TRAMITE%20CORRESPONDENCIA%20EXT%20RECIBIDA.pdf/?dir=Control%20Disciplinario// HTTP/1.1" 200 3449
178.63.87.197 - - [24/Nov/2019:13:59:10 -0500] "GET /SIG/index.php/Gestion%20Documental/126PA06-PR07%20CONTROL%20Y%20TRAMITE%20CORRESPONDENCIA%20EXT%20RECIBIDA.pdf/?dir=Control%20Disciplinario//&sort=date&order=asc/ HTTP/1.1" 200 3448
186.155.12.95 - - [24/Nov/2019:13:59:11 -0500] "GET /BLA/boletinlegal/consulta_normativa.php?tipo=Ley&sector=Aire&ano=2010&resuelve= HTTP/1.1" 200 454
178.63.87.197 - - [24/Nov/2019:13:59:12 -0500] "GET /SIG/index.php/Gestion%20Documental/126PA06-PR07%20CONTROL%20Y%20TRAMITE%20CORRESPONDENCIA%20EXT%20RECIBIDA.pdf/?dir=Control%20Disciplinario//&sort=name&order=desc/ HTTP/1.1" 200 3448
178.63.87.197 - - [24/Nov/2019:13:59:14 -0500] "GET /SIG/index.php/Gestion%20Documental/126PA06-PR07%20CONTROL%20Y%20TRAMITE%20CORRESPONDENCIA%20EXT%20RECIBIDA.pdf/?dir=Control%20y%20mejora// HTTP/1.1" 200 3601
178.63.87.197 - - [24/Nov/2019:13:59:15 -0500] "GET /SIG/index.php/Gestion%20Documental/126PA06-PR07%20CONTROL%20Y%20TRAMITE%20CORRESPONDENCIA%20EXT%20RECIBIDA.pdf/?dir=ECS// HTTP/1.1" 200 17359
186.155.12.95 - - [24/Nov/2019:13:59:17 -0500] "GET /BLA/boletinlegal/consulta_normativa.php?tipo=Resolucion&sector=Aire&ano=2010&resuelve= HTTP/1.1" 200 454
178.63.87.197 - - [24/Nov/2019:13:59:17 -0500] "GET /SIG/index.php/Gestion%20Documental/126PA06-PR07%20CONTROL%20Y%20TRAMITE%20CORRESPONDENCIA%20EXT%20RECIBIDA.pdf/?dir=Gestion%20Documental// HTTP/1.1" 200 6315
186.155.12.95 - - [24/Nov/2019:13:59:18 -0500] "GET /BLA/boletinlegal/consulta_normativa.php?tipo=Resolucion&sector=Aire&ano=2010&resuelve= HTTP/1.1" 200 454
178.63.87.197 - - [24/Nov/2019:13:59:19 -0500] "GET /SIG/index.php/Gestion%20Documental/126PA06-PR07%20CONTROL%20Y%20TRAMITE%20CORRESPONDENCIA%20EXT%20RECIBIDA.pdf/?dir=Gestion%20Recursos%20Financieros// HTTP/1.1" 200 9623
186.155.12.95 - - [24/Nov/2019:13:59:20 -0500] "GET /BLA/boletinlegal/consulta_normativa.php?tipo=Resolucion&sector=Aire&ano=2010&resuelve= HTTP/1.1" 200 454
178.63.87.197 - - [24/Nov/2019:13:59:20 -0500] "GET /SIG/index.php/Gestion%20Documental/126PA06-PR08%20CONTROL%20Y%20TRAITE%20CORRESPONDENCIA%20EXTERNA%20RECIBIDA.pdf/?dir=&sort=date&order=asc/ HTTP/1.1" 200 6224
178.63.87.197 - - [24/Nov/2019:13:59:22 -0500] "GET /SIG/index.php/Gestion%20Documental/126PA06-PR08%20CONTROL%20Y%20TRAITE%20CORRESPONDENCIA%20EXTERNA%20RECIBIDA.pdf/?dir=&sort=name&order=desc/ HTTP/1.1" 200 6224
178.63.87.197 - - [24/Nov/2019:13:59:24 -0500] "GET /SIG/index.php/Gestion%20Documental/126PA06-PR08%20CONTROL%20Y%20TRAITE%20CORRESPONDENCIA%20EXTERNA%20RECIBIDA.pdf/?dir=&sort=size&order=asc/ HTTP/1.1" 200 6224
186.155.12.95 - - [24/Nov/2019:13:59:24 -0500] "GET /BLA/boletinlegal/consulta_normativa.php?tipo=Resolucion&sector=Aire&ano=2015&resuelve= HTTP/1.1" 200 454
178.63.87.197 - - [24/Nov/2019:13:59:26 -0500] "GET /SIG/index.php/Gestion%20Documental/126PA06-PR08%20CONTROL%20Y%20TRAITE%20CORRESPONDENCIA%20EXTERNA%20RECIBIDA.pdf/?dir=Comunicaciones// HTTP/1.1" 200 3671
186.155.12.95 - - [24/Nov/2019:13:59:26 -0500] "GET /BLA/boletinlegal/consulta_normativa.php?tipo=Resolucion&sector=Aire&ano=2015&resuelve= HTTP/1.1" 200 454
178.63.87.197 - - [24/Nov/2019:13:59:27 -0500] "GET /SIG/index.php/Gestion%20Documental/126PA06-PR08%20CONTROL%20Y%20TRAITE%20CORRESPONDENCIA%20EXTERNA%20RECIBIDA.pdf/?dir=Control%20Disciplinario// HTTP/1.1" 200 3470
178.63.87.197 - - [24/Nov/2019:13:59:29 -0500] "GET /SIG/index.php/Gestion%20Documental/126PA06-PR08%20CONTROL%20Y%20TRAITE%20CORRESPONDENCIA%20EXTERNA%20RECIBIDA.pdf/?dir=Control%20y%20mejora// HTTP/1.1" 200 3625
52.43.4.250 - - [24/Nov/2019:13:59:30 -0500] "GET /galeria/nivo-slider/demo/inicio.html HTTP/1.1" 200 5154
178.63.87.197 - - [24/Nov/2019:13:59:31 -0500] "GET /SIG/index.php/Gestion%20Documental/126PA06-PR08%20CONTROL%20Y%20TRAITE%20CORRESPONDENCIA%20EXTERNA%20RECIBIDA.pdf/?dir=Direccionamiento%20Estrategico// HTTP/1.1" 200 4734
178.63.87.197 - - [24/Nov/2019:13:59:32 -0500] "GET /SIG/index.php/Gestion%20Documental/126PA06-PR08%20CONTROL%20Y%20TRAITE%20CORRESPONDENCIA%20EXTERNA%20RECIBIDA.pdf/?dir=ECS// HTTP/1.1" 200 17380
178.63.87.197 - - [24/Nov/2019:13:59:34 -0500] "GET /SIG/index.php/Gestion%20Documental/126PA06-PR08%20CONTROL%20Y%20TRAITE%20CORRESPONDENCIA%20EXTERNA%20RECIBIDA.pdf/?dir=Gestion%20Documental// HTTP/1.1" 200 6336
178.63.87.197 - - [24/Nov/2019:13:59:36 -0500] "GET /SIG/index.php/Gestion%20Documental/126PA06-PR08%20CONTROL%20Y%20TRAITE%20CORRESPONDENCIA%20EXTERNA%20RECIBIDA.pdf/?dir=Gestion%20Recursos%20Financieros// HTTP/1.1" 200 9644
178.63.87.197 - - [24/Nov/2019:13:59:37 -0500] "GET /SIG/index.php/Gestion%20Documental/126PA06-PR09%20CIRCULARIZACION%20Y%20PRETAMO%20MATERIAL%20CENTRO%20DOCUMENTACION.pdf/?dir=&sort=date&order=asc/ HTTP/1.1" 200 6338
178.63.87.197 - - [24/Nov/2019:13:59:39 -0500] "GET /SIG/index.php/Gestion%20Documental/126PA06-PR09%20CIRCULARIZACION%20Y%20PRETAMO%20MATERIAL%20CENTRO%20DOCUMENTACION.pdf/?dir=&sort=name&order=desc/ HTTP/1.1" 200 6338
186.155.12.95 - - [24/Nov/2019:13:59:40 -0500] "GET /BLA/boletinlegal/consulta_normativa.php?tipo=Resolucion&sector=emisiones&ano=2015&resuelve= HTTP/1.1" 200 1747
186.155.12.95 - - [24/Nov/2019:13:59:41 -0500] "GET /BLA/boletinlegal/images/docs.png HTTP/1.1" 200 10288
186.155.12.95 - - [24/Nov/2019:13:59:41 -0500] "GET /BLA/boletinlegal/images/background.gif HTTP/1.1" 200 -
178.63.87.197 - - [24/Nov/2019:13:59:41 -0500] "GET /SIG/index.php/Gestion%20Documental/126PA06-PR09%20CIRCULARIZACION%20Y%20PRETAMO%20MATERIAL%20CENTRO%20DOCUMENTACION.pdf/?dir=&sort=size&order=asc/ HTTP/1.1" 200 6338
178.63.87.197 - - [24/Nov/2019:13:59:43 -0500] "GET /SIG/index.php/Gestion%20Documental/126PA06-PR09%20CIRCULARIZACION%20Y%20PRETAMO%20MATERIAL%20CENTRO%20DOCUMENTACION.pdf/?dir=Comunicaciones// HTTP/1.1" 200 3713
66.249.88.187 - - [24/Nov/2019:13:59:43 -0500] "GET /BLA/resoluciones/AUTOS%202014/0512.pdf HTTP/1.1" 200 1051929
178.63.87.197 - - [24/Nov/2019:13:59:44 -0500] "GET /SIG/index.php/Gestion%20Documental/126PA06-PR09%20CIRCULARIZACION%20Y%20PRETAMO%20MATERIAL%20CENTRO%20DOCUMENTACION.pdf/?dir=Control%20Disciplinario// HTTP/1.1" 200 3512
178.63.87.197 - - [24/Nov/2019:13:59:46 -0500] "GET /SIG/index.php/Gestion%20Documental/126PA06-PR09%20CIRCULARIZACION%20Y%20PRETAMO%20MATERIAL%20CENTRO%20DOCUMENTACION.pdf/?dir=Control%20y%20mejora// HTTP/1.1" 200 3673
178.63.87.197 - - [24/Nov/2019:13:59:48 -0500] "GET /SIG/index.php/Gestion%20Documental/126PA06-PR09%20CIRCULARIZACION%20Y%20PRETAMO%20MATERIAL%20CENTRO%20DOCUMENTACION.pdf/?dir=Direccionamiento%20Estrategico// HTTP/1.1" 200 4776
34.211.247.72 - - [24/Nov/2019:13:59:48 -0500] "GET /robots.txt HTTP/1.1" 404 1154
34.211.247.72 - - [24/Nov/2019:13:59:49 -0500] "GET / HTTP/1.1" 200 9990
34.211.247.72 - - [24/Nov/2019:13:59:49 -0500] "GET /www.ambientebogota.gov.co/ HTTP/1.1" 404 1154
178.63.87.197 - - [24/Nov/2019:13:59:49 -0500] "GET /SIG/index.php/Gestion%20Documental/126PA06-PR09%20CIRCULARIZACION%20Y%20PRETAMO%20MATERIAL%20CENTRO%20DOCUMENTACION.pdf/?dir=ECS// HTTP/1.1" 200 17422
178.63.87.197 - - [24/Nov/2019:13:59:51 -0500] "GET /SIG/index.php/Gestion%20Documental/126PA06-PR09%20CIRCULARIZACION%20Y%20PRETAMO%20MATERIAL%20CENTRO%20DOCUMENTACION.pdf/?dir=Gestion%20Documental// HTTP/1.1" 200 6378
178.63.87.197 - - [24/Nov/2019:13:59:53 -0500] "GET /SIG/index.php/Gestion%20Documental/126PA06-PR09%20CIRCULARIZACION%20Y%20PRETAMO%20MATERIAL%20CENTRO%20DOCUMENTACION.pdf/?dir=Gestion%20Recursos%20Financieros// HTTP/1.1" 200 9686
201.245.227.230 - - [24/Nov/2019:13:59:53 -0500] "GET /galeria/mapa/humedal2017.jpg HTTP/1.1" 200 644667
178.63.87.197 - - [24/Nov/2019:13:59:54 -0500] "GET /SIG/index.php/Gestion%20Documental/126PA06-PR10%20INGRESO%20Y%20CATALOGACION%20MATERIAL%20BILIOG.CENTRO%20DOCUMENTACION.pdf/?dir=&sort=date&order=asc/ HTTP/1.1" 200 6414
186.155.12.95 - - [24/Nov/2019:13:59:56 -0500] "GET /BLA/boletinlegal/consulta_normativa.php?tipo=Ley&sector=emisiones&ano=2010&resuelve= HTTP/1.1" 200 869
178.63.87.197 - - [24/Nov/2019:13:59:56 -0500] "GET /SIG/index.php/Gestion%20Documental/126PA06-PR10%20INGRESO%20Y%20CATALOGACION%20MATERIAL%20BILIOG.CENTRO%20DOCUMENTACION.pdf/?dir=&sort=name&order=desc/ HTTP/1.1" 200 6414
190.157.177.66 - - [24/Nov/2019:13:59:56 -0500] "GET /BLA/boletinlegal/js/jquery.scrollShow.js HTTP/1.1" 200 4586
190.157.177.66 - - [24/Nov/2019:13:59:56 -0500] "GET /galeria/galeria/jquery.fancybox.js?v=2.1.5 HTTP/1.1" 200 48706
190.157.177.66 - - [24/Nov/2019:13:59:56 -0500] "GET /galeria/galeria/jquery.fancybox.css?v=2.1.5 HTTP/1.1" 200 4895
178.63.87.197 - - [24/Nov/2019:13:59:58 -0500] "GET /SIG/index.php/Gestion%20Documental/126PA06-PR10%20INGRESO%20Y%20CATALOGACION%20MATERIAL%20BILIOG.CENTRO%20DOCUMENTACION.pdf/?dir=&sort=size&order=asc/ HTTP/1.1" 200 6414
66.249.66.82 - - [24/Nov/2019:13:59:58 -0500] "GET /BLA/resoluciones/RESOLUCIONES%202019/0383.pdf HTTP/1.1" 304 -
178.63.87.197 - - [24/Nov/2019:14:00:00 -0500] "GET /SIG/index.php/Gestion%20Documental/126PA06-PR10%20INGRESO%20Y%20CATALOGACION%20MATERIAL%20BILIOG.CENTRO%20DOCUMENTACION.pdf/?dir=Comunicaciones// HTTP/1.1" 200 3741
178.63.87.197 - - [24/Nov/2019:14:00:01 -0500] "GET /SIG/index.php/Gestion%20Documental/126PA06-PR10%20INGRESO%20Y%20CATALOGACION%20MATERIAL%20BILIOG.CENTRO%20DOCUMENTACION.pdf/?dir=Control%20Disciplinario// HTTP/1.1" 200 3540
190.157.177.66 - - [24/Nov/2019:14:00:01 -0500] "GET /galeria/galeria/jquery.fancybox.css?v=2.1.5 HTTP/1.1" 200 4895
190.157.177.66 - - [24/Nov/2019:14:00:01 -0500] "GET /BLA/boletinlegal/js/jquery.scrollShow.js HTTP/1.1" 200 4586
190.157.177.66 - - [24/Nov/2019:14:00:01 -0500] "GET /galeria/galeria/jquery.fancybox.js?v=2.1.5 HTTP/1.1" 200 48706
54.245.212.84 - - [24/Nov/2019:14:00:02 -0500] "GET /robots.txt HTTP/1.1" 404 1154
54.245.212.84 - - [24/Nov/2019:14:00:02 -0500] "GET / HTTP/1.1" 200 9990
178.63.87.197 - - [24/Nov/2019:14:00:03 -0500] "GET /SIG/index.php/Gestion%20Documental/126PA06-PR10%20INGRESO%20Y%20CATALOGACION%20MATERIAL%20BILIOG.CENTRO%20DOCUMENTACION.pdf/?dir=Control%20y%20mejora// HTTP/1.1" 200 3705
54.245.212.84 - - [24/Nov/2019:14:00:03 -0500] "GET /www.ambientebogota.gov.co/ HTTP/1.1" 404 1154
178.63.87.197 - - [24/Nov/2019:14:00:05 -0500] "GET /SIG/index.php/Gestion%20Documental/126PA06-PR10%20INGRESO%20Y%20CATALOGACION%20MATERIAL%20BILIOG.CENTRO%20DOCUMENTACION.pdf/?dir=Direccionamiento%20Estrategico// HTTP/1.1" 200 4804
178.63.87.197 - - [24/Nov/2019:14:00:06 -0500] "GET /SIG/index.php/Gestion%20Documental/126PA06-PR10%20INGRESO%20Y%20CATALOGACION%20MATERIAL%20BILIOG.CENTRO%20DOCUMENTACION.pdf/?dir=ECS// HTTP/1.1" 200 17450
178.63.87.197 - - [24/Nov/2019:14:00:08 -0500] "GET /SIG/index.php/Gestion%20Documental/126PA06-PR10%20INGRESO%20Y%20CATALOGACION%20MATERIAL%20BILIOG.CENTRO%20DOCUMENTACION.pdf/?dir=Gestion%20Documental// HTTP/1.1" 200 6406
178.63.87.197 - - [24/Nov/2019:14:00:10 -0500] "GET /SIG/index.php/Gestion%20Documental/126PA06-PR10%20INGRESO%20Y%20CATALOGACION%20MATERIAL%20BILIOG.CENTRO%20DOCUMENTACION.pdf/?dir=Gestion%20Recursos%20Financieros// HTTP/1.1" 200 9714
34.212.172.72 - - [24/Nov/2019:14:00:10 -0500] "GET /galeria/nivo-slider/demo/inicio.html HTTP/1.1" 200 5154
178.63.87.197 - - [24/Nov/2019:14:00:11 -0500] "GET /SIG/index.php/Gestion%20Documental/126PA06-PR12%20SELECCION%20Y%20DEPURACION%20MATERIAL%20BILBIOG.CENTRO%20DOCUMENTACION.pdf/?dir=&sort=date&order=asc/ HTTP/1.1" 200 6433
178.63.87.197 - - [24/Nov/2019:14:00:13 -0500] "GET /SIG/index.php/Gestion%20Documental/126PA06-PR12%20SELECCION%20Y%20DEPURACION%20MATERIAL%20BILBIOG.CENTRO%20DOCUMENTACION.pdf/?dir=&sort=name&order=desc/ HTTP/1.1" 200 6433
178.63.87.197 - - [24/Nov/2019:14:00:15 -0500] "GET /SIG/index.php/Gestion%20Documental/126PA06-PR12%20SELECCION%20Y%20DEPURACION%20MATERIAL%20BILBIOG.CENTRO%20DOCUMENTACION.pdf/?dir=&sort=size&order=asc/ HTTP/1.1" 200 6433
178.63.87.197 - - [24/Nov/2019:14:00:17 -0500] "GET /SIG/index.php/Gestion%20Documental/126PA06-PR12%20SELECCION%20Y%20DEPURACION%20MATERIAL%20BILBIOG.CENTRO%20DOCUMENTACION.pdf/?dir=Comunicaciones// HTTP/1.1" 200 3748
178.63.87.197 - - [24/Nov/2019:14:00:18 -0500] "GET /SIG/index.php/Gestion%20Documental/126PA06-PR12%20SELECCION%20Y%20DEPURACION%20MATERIAL%20BILBIOG.CENTRO%20DOCUMENTACION.pdf/?dir=Control%20Disciplinario// HTTP/1.1" 200 3547
54.148.16.240 - - [24/Nov/2019:14:00:20 -0500] "GET /galeria/nivo-slider/demo/inicio.html HTTP/1.1" 200 5154
178.63.87.197 - - [24/Nov/2019:14:00:20 -0500] "GET /SIG/index.php/Gestion%20Documental/126PA06-PR12%20SELECCION%20Y%20DEPURACION%20MATERIAL%20BILBIOG.CENTRO%20DOCUMENTACION.pdf/?dir=Control%20y%20mejora// HTTP/1.1" 200 3713
178.63.87.197 - - [24/Nov/2019:14:00:22 -0500] "GET /SIG/index.php/Gestion%20Documental/126PA06-PR12%20SELECCION%20Y%20DEPURACION%20MATERIAL%20BILBIOG.CENTRO%20DOCUMENTACION.pdf/?dir=Direccionamiento%20Estrategico// HTTP/1.1" 200 4811
178.63.87.197 - - [24/Nov/2019:14:00:23 -0500] "GET /SIG/index.php/Gestion%20Documental/126PA06-PR12%20SELECCION%20Y%20DEPURACION%20MATERIAL%20BILBIOG.CENTRO%20DOCUMENTACION.pdf/?dir=ECS// HTTP/1.1" 200 17457
178.63.87.197 - - [24/Nov/2019:14:00:25 -0500] "GET /SIG/index.php/Gestion%20Documental/126PA06-PR13%20CONTROL%20DOCUMENTOS%20EXTERNOS-NORMOGRAMA.pdf/?dir=Comunicaciones// HTTP/1.1" 200 3594
178.63.87.197 - - [24/Nov/2019:14:00:27 -0500] "GET /SIG/index.php/Gestion%20Documental/126PA06-PR13%20CONTROL%20DOCUMENTOS%20EXTERNOS-NORMOGRAMA.pdf/?dir=Control%20Disciplinario// HTTP/1.1" 200 3393
178.63.87.197 - - [24/Nov/2019:14:00:29 -0500] "GET /SIG/index.php/Gestion%20Documental/126PA06-PR13%20CONTROL%20DOCUMENTOS%20EXTERNOS-NORMOGRAMA.pdf/?dir=Control%20y%20mejora// HTTP/1.1" 200 3537
178.63.87.197 - - [24/Nov/2019:14:00:30 -0500] "GET /SIG/index.php/Gestion%20Documental/126PA06-PR13%20CONTROL%20DOCUMENTOS%20EXTERNOS-NORMOGRAMA.pdf/?dir=ECS// HTTP/1.1" 200 17303
52.25.128.69 - - [24/Nov/2019:14:00:32 -0500] "GET /galeria/nivo-slider/demo/inicio.html HTTP/1.1" 200 5154
178.63.87.197 - - [24/Nov/2019:14:00:32 -0500] "GET /SIG/index.php/Gestion%20Recursos%20Financieros/126PA02-PR01%20ACTAS%20ANULACION-PRESUPUESTO.pdf/?dir=&sort=name&order=desc/ HTTP/1.1" 200 6016
178.63.87.197 - - [24/Nov/2019:14:00:34 -0500] "GET /SIG/index.php/Gestion%20Recursos%20Financieros/126PA02-PR01%20ACTAS%20ANULACION-PRESUPUESTO.pdf/?dir=&sort=size&order=asc/ HTTP/1.1" 200 6016
178.63.87.197 - - [24/Nov/2019:14:00:35 -0500] "GET /SIG/index.php/Gestion%20Recursos%20Financieros/126PA02-PR01%20ACTAS%20ANULACION-PRESUPUESTO.pdf/?dir=Control%20Disciplinario// HTTP/1.1" 200 3406
178.63.87.197 - - [24/Nov/2019:14:00:37 -0500] "GET /SIG/index.php/Gestion%20Recursos%20Financieros/126PA02-PR01%20ACTAS%20ANULACION-PRESUPUESTO.pdf/?dir=Control%20y%20mejora// HTTP/1.1" 200 3549
66.249.66.83 - - [24/Nov/2019:14:00:37 -0500] "GET /BLA/resoluciones/RESOLUCIONES%202016/0065.pdf HTTP/1.1" 304 -
178.63.87.197 - - [24/Nov/2019:14:00:39 -0500] "GET /SIG/index.php/Gestion%20Recursos%20Financieros/126PA02-PR01%20ACTAS%20ANULACION-PRESUPUESTO.pdf/?dir=Direccionamiento%20Estrategico// HTTP/1.1" 200 4670
178.63.87.197 - - [24/Nov/2019:14:00:40 -0500] "GET /SIG/index.php/Gestion%20Recursos%20Financieros/126PA02-PR01%20ACTAS%20ANULACION-PRESUPUESTO.pdf/?dir=ECS// HTTP/1.1" 200 17316
178.63.87.197 - - [24/Nov/2019:14:00:42 -0500] "GET /SIG/index.php/Gestion%20Recursos%20Financieros/126PA02-PR01%20ACTAS%20ANULACION-PRESUPUESTO.pdf/?dir=Gestion%20Documental// HTTP/1.1" 200 6272
178.63.87.197 - - [24/Nov/2019:14:00:44 -0500] "GET /StormSDA/userFiles%20-%20Copy%2019-07-2012/user_files/formulas/3/?C=D;O=D/ HTTP/1.1" 200 902
178.63.87.197 - - [24/Nov/2019:14:00:45 -0500] "GET /StormSDA/userFiles%20-%20Copy%2019-07-2012/user_files/formulas/3/?C=M;O=D/ HTTP/1.1" 200 902
54.244.58.192 - - [24/Nov/2019:14:00:46 -0500] "GET /galeria/nivo-slider/demo/inicio.html HTTP/1.1" 200 5154
178.63.87.197 - - [24/Nov/2019:14:00:47 -0500] "GET /StormSDA/userFiles/user_files/1/?C=S;O=D/ HTTP/1.1" 200 1691
186.155.12.95 - - [24/Nov/2019:14:00:47 -0500] "GET /BLA/boletinlegal/consulta_normativa.php?tipo=Ley&sector=emisiones&ano=1993&resuelve= HTTP/1.1" 200 454
52.42.227.27 - - [24/Nov/2019:14:00:48 -0500] "GET /galeria/nivo-slider/demo/inicio.html HTTP/1.1" 200 5154
178.63.87.197 - - [24/Nov/2019:14:00:49 -0500] "GET /StormSDA/userFiles/user_files/90/?C=M;O=D/ HTTP/1.1" 200 817
178.63.87.197 - - [24/Nov/2019:14:00:50 -0500] "GET /StormSDA/userFiles/user_files/93/?C=S;O=D/ HTTP/1.1" 200 817
186.155.12.95 - - [24/Nov/2019:14:01:00 -0500] "GET /BLA/boletinlegal/consulta_normativa.php?tipo=Ley&sector=emisiones&ano=2010&resuelve= HTTP/1.1" 200 869
52.40.165.127 - - [24/Nov/2019:14:01:01 -0500] "GET /galeria/nivo-slider/demo/inicio.html HTTP/1.1" 200 5154
186.155.12.95 - - [24/Nov/2019:14:01:07 -0500] "GET /BLA/boletinlegal/consulta_normativa.php?tipo=Ley&sector=emisiones&ano=2000&resuelve= HTTP/1.1" 200 454
66.249.66.82 - - [24/Nov/2019:14:01:16 -0500] "GET /BLA/resoluciones/RESOLUCIONES%202010/5987.pdf HTTP/1.1" 304 -
54.218.43.185 - - [24/Nov/2019:14:01:17 -0500] "GET /galeria/nivo-slider/demo/inicio.html HTTP/1.1" 200 5154
69.162.124.232 - - [24/Nov/2019:14:01:25 -0500] "HEAD / HTTP/1.1" 200 -
54.218.120.9 - - [24/Nov/2019:14:01:33 -0500] "GET /galeria/nivo-slider/demo/inicio.html HTTP/1.1" 200 5154
191.95.57.111 - - [24/Nov/2019:14:01:33 -0500] "GET /galeria/galeria/fotos/Entrenube2G.jpg HTTP/1.1" 200 111422
191.95.63.219 - - [24/Nov/2019:14:01:48 -0500] "GET /galeria/galeria/jquery.fancybox.css?v=2.1.5 HTTP/1.1" 200 4895
191.95.63.219 - - [24/Nov/2019:14:01:51 -0500] "GET /BLA/boletinlegal/js/jquery.scrollShow.js HTTP/1.1" 200 4586
191.95.63.219 - - [24/Nov/2019:14:01:51 -0500] "GET /galeria/galeria/jquery.fancybox.js?v=2.1.5 HTTP/1.1" 200 48706
66.249.66.81 - - [24/Nov/2019:14:01:55 -0500] "GET /BLA/resoluciones/RESOLUCIONES%202017/0459.pdf HTTP/1.1" 200 791241
34.219.170.162 - - [24/Nov/2019:14:02:17 -0500] "GET /galeria/nivo-slider/demo/inicio.html HTTP/1.1" 200 5154
181.137.164.224 - - [24/Nov/2019:14:02:26 -0500] "GET /BLA/boletinlegal/js/jquery.scrollShow.js HTTP/1.1" 200 4586
181.137.164.224 - - [24/Nov/2019:14:02:26 -0500] "GET /galeria/galeria/jquery.fancybox.css?v=2.1.5 HTTP/1.1" 200 4895
181.137.164.224 - - [24/Nov/2019:14:02:26 -0500] "GET /galeria/galeria/jquery.fancybox.js?v=2.1.5 HTTP/1.1" 200 48706
181.137.164.224 - - [24/Nov/2019:14:02:27 -0500] "GET /galeria/carrusel/Carrusel/jquery.thumbnailScroller.css HTTP/1.1" 200 2066
181.137.164.224 - - [24/Nov/2019:14:02:27 -0500] "GET /galeria/carrusel/Carrusel/jquery-ui-1.8.13.custom.min.js HTTP/1.1" 200 10800
181.137.164.224 - - [24/Nov/2019:14:02:28 -0500] "GET /galeria/carrusel/Carrusel/jquery.thumbnailScroller.js HTTP/1.1" 200 8157
181.137.164.224 - - [24/Nov/2019:14:02:29 -0500] "GET /galeria/nivo-slider/demo/inicio.html HTTP/1.1" 200 5154
181.137.164.224 - - [24/Nov/2019:14:02:29 -0500] "GET /galeria/nivo-slider/themes/default/default.css HTTP/1.1" 200 1569
181.137.164.224 - - [24/Nov/2019:14:02:29 -0500] "GET /galeria/nivo-slider/themes/pascal/pascal.css HTTP/1.1" 200 2258
181.137.164.224 - - [24/Nov/2019:14:02:29 -0500] "GET /galeria/nivo-slider/themes/orman/orman.css HTTP/1.1" 200 2152
181.137.164.224 - - [24/Nov/2019:14:02:30 -0500] "GET /galeria/nivo-slider/demo/style.css HTTP/1.1" 200 2222
181.137.164.224 - - [24/Nov/2019:14:02:30 -0500] "GET /galeria/nivo-slider/nivo-slider.css HTTP/1.1" 200 1507
181.137.164.224 - - [24/Nov/2019:14:02:30 -0500] "GET /galeria/nivo-slider/demo/scripts/jquery-1.7.1.min.js HTTP/1.1" 200 93868
181.137.164.224 - - [24/Nov/2019:14:02:30 -0500] "GET /galeria/nivo-slider/demo/images/bannerclimabog.jpg HTTP/1.1" 200 170671
181.137.164.224 - - [24/Nov/2019:14:02:30 -0500] "GET /galeria/nivo-slider/jquery.nivo.slider.pack.js HTTP/1.1" 200 11561
181.137.164.224 - - [24/Nov/2019:14:02:30 -0500] "GET /galeria/nivo-slider/demo/images/bannerrendicion.jpg HTTP/1.1" 200 153938
181.137.164.224 - - [24/Nov/2019:14:02:32 -0500] "GET /galeria/nivo-slider/demo/images/bannerwebmusgo.jpg HTTP/1.1" 200 367364
181.137.164.224 - - [24/Nov/2019:14:02:32 -0500] "GET /galeria/nivo-slider/demo/images/Bannerpread.jpg HTTP/1.1" 200 256621
186.154.159.133 - - [24/Nov/2019:14:02:34 -0500] "GET /galeria/mapa/humedal2017.jpg HTTP/1.1" 200 644667
66.249.66.82 - - [24/Nov/2019:14:02:34 -0500] "GET /BLA/resoluciones/AUTOS%202015/1795.pdf HTTP/1.1" 304 -
181.137.164.224 - - [24/Nov/2019:14:02:37 -0500] "GET /galeria/nivo-slider/themes/default/loading.gif HTTP/1.1" 200 1737
181.137.164.224 - - [24/Nov/2019:14:02:39 -0500] "GET /galeria/nivo-slider/demo/images/4Simple_Slider.png HTTP/1.1" 200 11722
66.249.88.191 - - [24/Nov/2019:14:02:43 -0500] "GET /BLA/boletinlegal/js/jquery.scrollShow.js HTTP/1.1" 200 4586
66.249.88.187 - - [24/Nov/2019:14:02:43 -0500] "GET /galeria/galeria/jquery.fancybox.css?v=2.1.5 HTTP/1.1" 200 4895
66.249.88.191 - - [24/Nov/2019:14:02:43 -0500] "GET /galeria/galeria/jquery.fancybox.js?v=2.1.5 HTTP/1.1" 200 48706
181.137.164.224 - - [24/Nov/2019:14:02:44 -0500] "GET /galeria/nivo-slider/demo/scripts/jquery-1.7.1.min.js HTTP/1.1" 206 1
181.137.164.224 - - [24/Nov/2019:14:02:45 -0500] "GET /galeria/nivo-slider/demo/images/bannerclimabog.jpg HTTP/1.1" 206 1
181.137.164.224 - - [24/Nov/2019:14:02:45 -0500] "GET /galeria/nivo-slider/demo/images/bannerrendicion.jpg HTTP/1.1" 206 1
181.137.164.224 - - [24/Nov/2019:14:02:45 -0500] "GET /galeria/nivo-slider/demo/images/bannerwebmusgo.jpg HTTP/1.1" 206 1
181.137.164.224 - - [24/Nov/2019:14:02:45 -0500] "GET /galeria/nivo-slider/demo/images/Bannerpread.jpg HTTP/1.1" 206 1
181.137.164.224 - - [24/Nov/2019:14:02:45 -0500] "GET /galeria/nivo-slider/demo/images/iniciativas-Ambientales.jpg HTTP/1.1" 200 201405
181.137.164.224 - - [24/Nov/2019:14:02:45 -0500] "GET /galeria/nivo-slider/demo/images/bannerclimabog.jpg HTTP/1.1" 206 160718
181.137.164.224 - - [24/Nov/2019:14:02:45 -0500] "GET /galeria/nivo-slider/demo/scripts/jquery-1.7.1.min.js HTTP/1.1" 206 88306
181.137.164.224 - - [24/Nov/2019:14:02:45 -0500] "GET /galeria/nivo-slider/demo/images/bannerwebmusgo.jpg HTTP/1.1" 206 351571
181.137.164.224 - - [24/Nov/2019:14:02:45 -0500] "GET /galeria/nivo-slider/demo/images/bannerrendicion.jpg HTTP/1.1" 206 148365
181.137.164.224 - - [24/Nov/2019:14:02:49 -0500] "GET /galeria/nivo-slider/demo/images/4Simple_Slider.png HTTP/1.1" 206 1
181.137.164.224 - - [24/Nov/2019:14:02:50 -0500] "GET /galeria/nivo-slider/demo/images/Bannerpread.jpg HTTP/1.1" 206 255428
181.137.164.224 - - [24/Nov/2019:14:02:52 -0500] "GET /galeria/nivo-slider/demo/images/4Simple_Slider.png HTTP/1.1" 206 6146
181.137.164.224 - - [24/Nov/2019:14:02:52 -0500] "GET /galeria/nivo-slider/demo/images/Bannerveterinaria.jpg HTTP/1.1" 200 254705
181.137.164.224 - - [24/Nov/2019:14:02:53 -0500] "GET /galeria/nivo-slider/demo/images/bannerincendios.jpg HTTP/1.1" 200 206070
181.137.164.224 - - [24/Nov/2019:14:03:00 -0500] "GET /galeria/nivo-slider/demo/images/banneragendamiento.jpg HTTP/1.1" 200 116897
181.137.164.224 - - [24/Nov/2019:14:03:01 -0500] "GET /galeria/nivo-slider/demo/images/Banner%20tinguas.jpg HTTP/1.1" 200 214878
181.137.164.224 - - [24/Nov/2019:14:03:07 -0500] "GET /galeria/nivo-slider/demo/images/Bannerserpiente2019.jpg HTTP/1.1" 200 270374
66.249.66.81 - - [24/Nov/2019:14:03:13 -0500] "GET /BLA/resoluciones/AUTOS%202007/2904.pdf HTTP/1.1" 200 200454
54.36.148.96 - - [24/Nov/2019:14:03:17 -0500] "GET /BLA/resoluciones/index.php?dir=RESOLUCIONES+2003%2FRES+2003+451-500%2F HTTP/1.1" 200 11311
181.137.164.224 - - [24/Nov/2019:14:03:18 -0500] "GET /galeria/nivo-slider/demo/images/Noviembre.png HTTP/1.1" 200 519399
181.137.164.224 - - [24/Nov/2019:14:03:18 -0500] "GET /galeria/nivo-slider/demo/images/puntos%20atencion%20BANNER.jpg HTTP/1.1" 200 244208
181.137.164.224 - - [24/Nov/2019:14:03:23 -0500] "GET /galeria/nivo-slider/demo/images/Banner%20Visor%20Geografico%20Ambiental.jpg HTTP/1.1" 200 204673
192.168.175.104 - - [24/Nov/2019:14:03:27 -0500] "GET / HTTP/1.0" 200 9990
181.137.164.224 - - [24/Nov/2019:14:03:31 -0500] "GET /galeria/nivo-slider/demo/images/Banner%20consumo%20sostenible%20final.jpg HTTP/1.1" 200 364746
192.168.175.104 - - [24/Nov/2019:14:03:36 -0500] "GET / HTTP/1.1" 200 9990
181.137.164.224 - - [24/Nov/2019:14:03:36 -0500] "GET /galeria/nivo-slider/demo/images/Banner%20RCD.jpg HTTP/1.1" 200 92197
181.137.164.224 - - [24/Nov/2019:14:03:38 -0500] "GET /galeria/nivo-slider/demo/images/Banner%20Conpes.jpg HTTP/1.1" 200 55220
181.137.164.224 - - [24/Nov/2019:14:03:38 -0500] "GET /galeria/nivo-slider/demo/images/Banner%20practicas%20sostenibles.jpg HTTP/1.1" 200 142958
35.167.127.160 - - [24/Nov/2019:14:03:38 -0500] "GET /galeria/nivo-slider/demo/inicio.html HTTP/1.1" 200 5154
181.137.164.224 - - [24/Nov/2019:14:03:40 -0500] "GET /galeria/nivo-slider/demo/images/Banner%20POT.png HTTP/1.1" 200 418238
181.49.68.190 - - [24/Nov/2019:14:03:42 -0500] "GET /BLA/boletinlegal/js/jquery.scrollShow.js HTTP/1.1" 200 4586
181.49.68.190 - - [24/Nov/2019:14:03:42 -0500] "GET /galeria/galeria/jquery.fancybox.js?v=2.1.5 HTTP/1.1" 200 48706
181.49.68.190 - - [24/Nov/2019:14:03:42 -0500] "GET /galeria/galeria/jquery.fancybox.css?v=2.1.5 HTTP/1.1" 200 4895
181.49.68.190 - - [24/Nov/2019:14:03:42 -0500] "GET /galeria/carrusel/Carrusel/jquery.thumbnailScroller.css HTTP/1.1" 200 2066
181.49.68.190 - - [24/Nov/2019:14:03:42 -0500] "GET /galeria/carrusel/Carrusel/jquery-ui-1.8.13.custom.min.js HTTP/1.1" 200 10800
181.49.68.190 - - [24/Nov/2019:14:03:42 -0500] "GET /galeria/carrusel/Carrusel/jquery.thumbnailScroller.js HTTP/1.1" 200 8157
181.137.164.224 - - [24/Nov/2019:14:03:43 -0500] "GET /galeria/nivo-slider/demo/images/Banneranonimos.png HTTP/1.1" 200 109388
181.49.68.190 - - [24/Nov/2019:14:03:54 -0500] "GET /galeria/nivo-slider/demo/inicio.html HTTP/1.1" 200 5154
181.49.68.190 - - [24/Nov/2019:14:03:55 -0500] "GET /galeria/nivo-slider/themes/default/default.css HTTP/1.1" 200 1569
181.49.68.190 - - [24/Nov/2019:14:03:55 -0500] "GET /galeria/nivo-slider/themes/pascal/pascal.css HTTP/1.1" 200 2258
181.49.68.190 - - [24/Nov/2019:14:03:55 -0500] "GET /galeria/nivo-slider/nivo-slider.css HTTP/1.1" 200 1507
181.49.68.190 - - [24/Nov/2019:14:03:55 -0500] "GET /galeria/nivo-slider/themes/orman/orman.css HTTP/1.1" 200 2152
181.49.68.190 - - [24/Nov/2019:14:03:55 -0500] "GET /galeria/nivo-slider/demo/style.css HTTP/1.1" 200 2222
181.49.68.190 - - [24/Nov/2019:14:03:55 -0500] "GET /galeria/nivo-slider/demo/scripts/jquery-1.7.1.min.js HTTP/1.1" 200 93868
181.49.68.190 - - [24/Nov/2019:14:03:56 -0500] "GET /galeria/nivo-slider/jquery.nivo.slider.pack.js HTTP/1.1" 200 11561
181.49.68.190 - - [24/Nov/2019:14:03:56 -0500] "GET /galeria/nivo-slider/demo/images/bannerclimabog.jpg HTTP/1.1" 200 170671
181.49.68.190 - - [24/Nov/2019:14:03:56 -0500] "GET /galeria/nivo-slider/demo/images/bannerrendicion.jpg HTTP/1.1" 200 153938
181.49.68.190 - - [24/Nov/2019:14:03:56 -0500] "GET /galeria/nivo-slider/demo/images/bannerwebmusgo.jpg HTTP/1.1" 200 367364
181.49.68.190 - - [24/Nov/2019:14:03:56 -0500] "GET /galeria/nivo-slider/demo/images/Bannerpread.jpg HTTP/1.1" 200 256621
181.49.68.190 - - [24/Nov/2019:14:03:56 -0500] "GET /galeria/nivo-slider/demo/images/iniciativas-Ambientales.jpg HTTP/1.1" 200 201405
181.49.68.190 - - [24/Nov/2019:14:03:56 -0500] "GET /galeria/nivo-slider/demo/images/Bannerveterinaria.jpg HTTP/1.1" 200 254705
181.49.68.190 - - [24/Nov/2019:14:03:57 -0500] "GET /galeria/nivo-slider/demo/images/bannerincendios.jpg HTTP/1.1" 200 206070
181.49.68.190 - - [24/Nov/2019:14:03:57 -0500] "GET /galeria/nivo-slider/demo/images/banneragendamiento.jpg HTTP/1.1" 200 116897
181.49.68.190 - - [24/Nov/2019:14:03:58 -0500] "GET /galeria/nivo-slider/demo/images/Banner%20tinguas.jpg HTTP/1.1" 200 214878
181.49.68.190 - - [24/Nov/2019:14:03:58 -0500] "GET /galeria/nivo-slider/demo/images/Bannerserpiente2019.jpg HTTP/1.1" 200 270374
181.49.68.190 - - [24/Nov/2019:14:03:58 -0500] "GET /galeria/nivo-slider/demo/images/Noviembre.png HTTP/1.1" 200 519399
181.49.68.190 - - [24/Nov/2019:14:03:58 -0500] "GET /galeria/nivo-slider/demo/images/puntos%20atencion%20BANNER.jpg HTTP/1.1" 200 244208
181.49.68.190 - - [24/Nov/2019:14:03:58 -0500] "GET /galeria/nivo-slider/demo/images/Banner%20Visor%20Geografico%20Ambiental.jpg HTTP/1.1" 200 204673
181.49.68.190 - - [24/Nov/2019:14:03:59 -0500] "GET /galeria/nivo-slider/demo/images/Banner%20consumo%20sostenible%20final.jpg HTTP/1.1" 200 364746
181.49.68.190 - - [24/Nov/2019:14:03:59 -0500] "GET /galeria/nivo-slider/demo/images/Banner%20RCD.jpg HTTP/1.1" 200 92197
181.49.68.190 - - [24/Nov/2019:14:04:00 -0500] "GET /galeria/nivo-slider/demo/images/Banner%20Conpes.jpg HTTP/1.1" 200 55220
181.49.68.190 - - [24/Nov/2019:14:04:00 -0500] "GET /galeria/nivo-slider/demo/images/Banner%20practicas%20sostenibles.jpg HTTP/1.1" 200 142958
181.49.68.190 - - [24/Nov/2019:14:04:00 -0500] "GET /galeria/nivo-slider/demo/images/Banner%20POT.png HTTP/1.1" 200 418238
181.49.68.190 - - [24/Nov/2019:14:04:01 -0500] "GET /galeria/nivo-slider/demo/images/Banneranonimos.png HTTP/1.1" 200 109388
181.49.68.190 - - [24/Nov/2019:14:04:02 -0500] "GET /galeria/nivo-slider/demo/images/4Simple_Slider.png HTTP/1.1" 200 11722
181.49.68.190 - - [24/Nov/2019:14:04:02 -0500] "GET /galeria/nivo-slider/themes/default/loading.gif HTTP/1.1" 200 1737
181.49.68.190 - - [24/Nov/2019:14:04:09 -0500] "GET /galeria/nivo-slider/themes/default/arrows.png HTTP/1.1" 200 824
181.49.68.190 - - [24/Nov/2019:14:04:09 -0500] "GET /galeria/nivo-slider/themes/default/bullets.png HTTP/1.1" 200 1281
46.229.168.152 - - [24/Nov/2019:14:04:10 -0500] "GET /robots.txt HTTP/1.1" 404 1019
46.229.168.150 - - [24/Nov/2019:14:04:11 -0500] "GET /Anexos%20estudio%20Organizacional%20SDA/index.php?dir=ANEXO%2BNo.%2B8%2B-%2BMATRICES%2BDE%2BREGISTRO%2BY%2BDE%2BSALIDA%2BMEDICI%C3%83%C2%83%C3%82%C2%83%C3%83%C2%82%C3%82%C2%83%C3%83%C2%83%C3%82%C2%82%C3%83%C2%82%C3%82%C2%83%C3%83%C2%83%C3%82%C2%83%C3%83%C2%82%C3%82%C2%82%C3%83%C2%83%C3%82%C2%82%C3%83%C2%82%C3%82%C2%93N%2BCARGAS%2BLABORALES%2BSDA%2F&order=desc&sort=size HTTP/1.1" 200 6429
181.137.164.224 - - [24/Nov/2019:14:04:29 -0500] "GET /galeria/nivo-slider/themes/default/bullets.png HTTP/1.1" 200 1281
181.137.164.224 - - [24/Nov/2019:14:04:29 -0500] "GET /galeria/nivo-slider/themes/default/arrows.png HTTP/1.1" 200 824
181.61.208.200 - - [24/Nov/2019:14:04:31 -0500] "GET /BLA/boletinlegal/js/jquery.scrollShow.js HTTP/1.1" 200 4586
181.61.208.200 - - [24/Nov/2019:14:04:31 -0500] "GET /galeria/galeria/jquery.fancybox.css?v=2.1.5 HTTP/1.1" 200 4895
181.61.208.200 - - [24/Nov/2019:14:04:31 -0500] "GET /galeria/galeria/jquery.fancybox.js?v=2.1.5 HTTP/1.1" 200 48706
181.55.47.43 - - [24/Nov/2019:14:04:49 -0500] "GET /galeria/galeria/fotos/mirador3G.jpg HTTP/1.1" 200 131992
181.61.208.200 - - [24/Nov/2019:14:04:51 -0500] "GET /BLA/boletinlegal/js/jquery.scrollShow.js HTTP/1.1" 304 -
181.61.208.200 - - [24/Nov/2019:14:04:51 -0500] "GET /galeria/galeria/jquery.fancybox.css?v=2.1.5 HTTP/1.1" 304 -
181.61.208.200 - - [24/Nov/2019:14:04:51 -0500] "GET /galeria/galeria/jquery.fancybox.js?v=2.1.5 HTTP/1.1" 304 -
170.78.42.2 - - [24/Nov/2019:14:04:55 -0500] "GET /galeria/galeria/jquery.fancybox.css?v=2.1.5 HTTP/1.1" 200 4895
170.78.42.2 - - [24/Nov/2019:14:04:55 -0500] "GET /BLA/boletinlegal/js/jquery.scrollShow.js HTTP/1.1" 200 4586
170.78.42.2 - - [24/Nov/2019:14:04:55 -0500] "GET /galeria/galeria/jquery.fancybox.js?v=2.1.5 HTTP/1.1" 200 48706
170.78.42.2 - - [24/Nov/2019:14:04:56 -0500] "GET /galeria/carrusel/Carrusel/jquery.thumbnailScroller.css HTTP/1.1" 200 2066
170.78.42.2 - - [24/Nov/2019:14:04:56 -0500] "GET /galeria/carrusel/Carrusel/jquery-ui-1.8.13.custom.min.js HTTP/1.1" 200 10800
170.78.42.2 - - [24/Nov/2019:14:04:56 -0500] "GET /galeria/carrusel/Carrusel/jquery.thumbnailScroller.js HTTP/1.1" 200 8157
170.78.42.2 - - [24/Nov/2019:14:04:57 -0500] "GET /galeria/nivo-slider/demo/inicio.html HTTP/1.1" 200 5154
170.78.42.2 - - [24/Nov/2019:14:04:58 -0500] "GET /galeria/nivo-slider/themes/default/default.css HTTP/1.1" 200 1569
170.78.42.2 - - [24/Nov/2019:14:04:58 -0500] "GET /galeria/nivo-slider/themes/pascal/pascal.css HTTP/1.1" 200 2258
170.78.42.2 - - [24/Nov/2019:14:04:58 -0500] "GET /galeria/nivo-slider/themes/orman/orman.css HTTP/1.1" 200 2152
170.78.42.2 - - [24/Nov/2019:14:04:58 -0500] "GET /galeria/nivo-slider/nivo-slider.css HTTP/1.1" 200 1507
170.78.42.2 - - [24/Nov/2019:14:04:58 -0500] "GET /galeria/nivo-slider/demo/style.css HTTP/1.1" 200 2222
170.78.42.2 - - [24/Nov/2019:14:04:58 -0500] "GET /galeria/nivo-slider/demo/images/bannerclimabog.jpg HTTP/1.1" 200 170671
170.78.42.2 - - [24/Nov/2019:14:04:58 -0500] "GET /galeria/nivo-slider/demo/scripts/jquery-1.7.1.min.js HTTP/1.1" 200 93868
170.78.42.2 - - [24/Nov/2019:14:04:58 -0500] "GET /galeria/nivo-slider/jquery.nivo.slider.pack.js HTTP/1.1" 200 11561
170.78.42.2 - - [24/Nov/2019:14:04:58 -0500] "GET /galeria/nivo-slider/demo/images/bannerrendicion.jpg HTTP/1.1" 200 153938
170.78.42.2 - - [24/Nov/2019:14:04:58 -0500] "GET /galeria/nivo-slider/demo/images/bannerwebmusgo.jpg HTTP/1.1" 200 367364
170.78.42.2 - - [24/Nov/2019:14:04:58 -0500] "GET /galeria/nivo-slider/demo/images/Bannerpread.jpg HTTP/1.1" 200 256621
170.78.42.2 - - [24/Nov/2019:14:04:59 -0500] "GET /galeria/nivo-slider/demo/images/iniciativas-Ambientales.jpg HTTP/1.1" 200 201405
170.78.42.2 - - [24/Nov/2019:14:04:59 -0500] "GET /galeria/nivo-slider/demo/images/4Simple_Slider.png HTTP/1.1" 200 11722
170.78.42.2 - - [24/Nov/2019:14:05:00 -0500] "GET /galeria/nivo-slider/themes/default/loading.gif HTTP/1.1" 200 1737
170.78.42.2 - - [24/Nov/2019:14:05:00 -0500] "GET /galeria/nivo-slider/demo/images/Bannerveterinaria.jpg HTTP/1.1" 200 254705
170.78.42.2 - - [24/Nov/2019:14:05:00 -0500] "GET /galeria/nivo-slider/demo/images/bannerincendios.jpg HTTP/1.1" 200 206070
170.78.42.2 - - [24/Nov/2019:14:05:00 -0500] "GET /galeria/nivo-slider/demo/images/banneragendamiento.jpg HTTP/1.1" 200 116897
170.78.42.2 - - [24/Nov/2019:14:05:01 -0500] "GET /galeria/nivo-slider/demo/images/Banner%20tinguas.jpg HTTP/1.1" 200 214878
170.78.42.2 - - [24/Nov/2019:14:05:03 -0500] "GET /galeria/nivo-slider/demo/images/Bannerserpiente2019.jpg HTTP/1.1" 200 270374
170.78.42.2 - - [24/Nov/2019:14:05:03 -0500] "GET /galeria/nivo-slider/demo/images/Noviembre.png HTTP/1.1" 200 519399
170.78.42.2 - - [24/Nov/2019:14:05:04 -0500] "GET /galeria/nivo-slider/demo/images/Banner%20Visor%20Geografico%20Ambiental.jpg HTTP/1.1" 200 204673
185.172.110.221 - - [24/Nov/2019:14:05:08 -0500] "GET / HTTP/1.1" 200 9990
201.190.104.104 - - [24/Nov/2019:14:05:59 -0500] "GET /galeria/galeria/jquery.fancybox.css?v=2.1.5 HTTP/1.1" 200 4895
201.190.104.104 - - [24/Nov/2019:14:05:59 -0500] "GET /BLA/boletinlegal/js/jquery.scrollShow.js HTTP/1.1" 200 4586
201.190.104.104 - - [24/Nov/2019:14:05:59 -0500] "GET /galeria/galeria/jquery.fancybox.js?v=2.1.5 HTTP/1.1" 200 48706
201.190.104.104 - - [24/Nov/2019:14:06:04 -0500] "GET /galeria/carrusel/Carrusel/jquery.thumbnailScroller.css HTTP/1.1" 200 2066
201.190.104.104 - - [24/Nov/2019:14:06:04 -0500] "GET /galeria/carrusel/Carrusel/jquery-ui-1.8.13.custom.min.js HTTP/1.1" 200 10800
201.190.104.104 - - [24/Nov/2019:14:06:04 -0500] "GET /galeria/carrusel/Carrusel/jquery.thumbnailScroller.js HTTP/1.1" 200 8157
