186.84.88.117 - - [24/Nov/2019:13:02:16 -0500] "GET /galeria/carrusel/Carrusel/jquery-ui-1.8.13.custom.min.js HTTP/1.1" 200 10800
186.84.88.117 - - [24/Nov/2019:13:02:16 -0500] "GET /galeria/carrusel/Carrusel/jquery.thumbnailScroller.css HTTP/1.1" 200 2066
186.84.88.117 - - [24/Nov/2019:13:02:16 -0500] "GET /galeria/carrusel/Carrusel/jquery.thumbnailScroller.js HTTP/1.1" 200 8157
66.249.66.81 - - [24/Nov/2019:13:02:36 -0500] "GET /BLA/resoluciones/AUTOS%202014/6762.pdf HTTP/1.1" 200 545905
186.84.89.53 - - [24/Nov/2019:13:02:50 -0500] "GET /galeria/galeria/jquery.fancybox.css?v=2.1.5 HTTP/1.1" 200 4895
186.84.89.53 - - [24/Nov/2019:13:02:50 -0500] "GET /BLA/boletinlegal/js/jquery.scrollShow.js HTTP/1.1" 200 4586
186.84.89.53 - - [24/Nov/2019:13:02:50 -0500] "GET /galeria/galeria/jquery.fancybox.js?v=2.1.5 HTTP/1.1" 200 48706
186.84.191.184 - - [24/Nov/2019:13:03:04 -0500] "GET /inicio/ HTTP/1.1" 404 1335
18.236.214.172 - - [24/Nov/2019:13:03:13 -0500] "GET /robots.txt HTTP/1.1" 404 1154
18.236.214.172 - - [24/Nov/2019:13:03:13 -0500] "GET / HTTP/1.1" 200 9990
18.236.214.172 - - [24/Nov/2019:13:03:14 -0500] "GET /www.ambientebogota.gov.co/ HTTP/1.1" 404 1154
181.54.134.208 - - [24/Nov/2019:13:03:25 -0500] "GET /BLA/boletinlegal/js/jquery.scrollShow.js HTTP/1.1" 200 4586
181.54.134.208 - - [24/Nov/2019:13:03:25 -0500] "GET /galeria/galeria/jquery.fancybox.js?v=2.1.5 HTTP/1.1" 200 48706
181.54.134.208 - - [24/Nov/2019:13:03:25 -0500] "GET /galeria/galeria/jquery.fancybox.css?v=2.1.5 HTTP/1.1" 200 4895
181.54.134.208 - - [24/Nov/2019:13:03:25 -0500] "GET /galeria/carrusel/Carrusel/jquery.thumbnailScroller.css HTTP/1.1" 200 2066
181.54.134.208 - - [24/Nov/2019:13:03:25 -0500] "GET /galeria/carrusel/Carrusel/jquery-ui-1.8.13.custom.min.js HTTP/1.1" 200 10800
181.54.134.208 - - [24/Nov/2019:13:03:25 -0500] "GET /galeria/carrusel/Carrusel/jquery.thumbnailScroller.js HTTP/1.1" 200 8157
186.84.90.92 - - [24/Nov/2019:13:03:29 -0500] "GET /autoliquidacion HTTP/1.1" 301 310
186.84.90.92 - - [24/Nov/2019:13:03:29 -0500] "GET /autoliquidacion/ HTTP/1.1" 200 6377
186.84.90.92 - - [24/Nov/2019:13:03:30 -0500] "GET /autoliquidacion/dlf/folder.png HTTP/1.1" 200 410
186.84.90.92 - - [24/Nov/2019:13:03:35 -0500] "GET /autoliquidacion/index.php?dir=Grupo+Forestal+-+Silvicultura%2F HTTP/1.1" 200 4717
192.168.175.104 - - [24/Nov/2019:13:03:48 -0500] "GET / HTTP/1.0" 200 9990
186.84.90.92 - - [24/Nov/2019:13:03:50 -0500] "GET /autoliquidacion/Grupo%20Forestal%20-%20Silvicultura/Formulario%20de%20solicitud%20de%20manejo%20o%20aprovechamiento%20forestal.xlsx HTTP/1.1" 200 60405
35.166.165.226 - - [24/Nov/2019:13:03:51 -0500] "GET /robots.txt HTTP/1.1" 404 1154
35.166.165.226 - - [24/Nov/2019:13:03:51 -0500] "GET / HTTP/1.1" 200 9990
35.166.165.226 - - [24/Nov/2019:13:03:51 -0500] "GET /www.ambientebogota.gov.co/ HTTP/1.1" 404 1154
66.249.66.82 - - [24/Nov/2019:13:03:54 -0500] "GET /BLA/resoluciones/RESOLUCIONES%202007/RES%202007%202701%20AL%202800/RESOLUCION%202774%20DE%202007.pdf HTTP/1.1" 200 722512
192.168.175.104 - - [24/Nov/2019:13:03:56 -0500] "GET / HTTP/1.1" 200 9990
54.36.150.142 - - [24/Nov/2019:13:04:02 -0500] "GET /BLA/resoluciones/RESOLUCIONES%202003/RES%202003%202151-2189/20032187.tif HTTP/1.1" 200 278762
34.217.92.203 - - [24/Nov/2019:13:04:07 -0500] "GET /robots.txt HTTP/1.1" 404 1154
34.217.92.203 - - [24/Nov/2019:13:04:08 -0500] "GET / HTTP/1.1" 200 9990
34.217.92.203 - - [24/Nov/2019:13:04:08 -0500] "GET /www.ambientebogota.gov.co/ HTTP/1.1" 404 1154
18.237.219.42 - - [24/Nov/2019:13:04:13 -0500] "GET /galeria/nivo-slider/demo/inicio.html HTTP/1.1" 200 5154
66.249.66.81 - - [24/Nov/2019:13:04:21 -0500] "GET /BLA/resoluciones/AUTOS%202011/3974.pdf HTTP/1.1" 200 1065087
190.68.199.162 - - [24/Nov/2019:13:04:23 -0500] "GET /BLA/resoluciones/RESOLUCIONES%202007/RES%202007%203001%20AL%203100/RESOLUCION%203049%20DE%202007.pdf HTTP/1.1" 200 48126
52.12.6.105 - - [24/Nov/2019:13:04:26 -0500] "GET /robots.txt HTTP/1.1" 404 1154
52.12.6.105 - - [24/Nov/2019:13:04:27 -0500] "GET / HTTP/1.1" 200 9990
52.12.6.105 - - [24/Nov/2019:13:04:27 -0500] "GET /www.ambientebogota.gov.co/ HTTP/1.1" 404 1154
186.80.203.73 - - [24/Nov/2019:13:04:32 -0500] "GET /siipev/Diseno%20de%20Elementos%20de%20Mobiliario%20Urbano/Diseno%20pertenecientes%20al%20mobiliario%20urbano%20M10-M160/PARTE%20A/Dise%C3%B1o%20de%20Elementos%20M-10.pdf HTTP/1.1" 200 2286537
186.148.182.95 - - [24/Nov/2019:13:04:33 -0500] "GET /galeria/galeria/jquery.fancybox.css?v=2.1.5 HTTP/1.1" 200 4895
186.148.182.95 - - [24/Nov/2019:13:04:34 -0500] "GET /BLA/boletinlegal/js/jquery.scrollShow.js HTTP/1.1" 200 4586
186.148.182.95 - - [24/Nov/2019:13:04:34 -0500] "GET /galeria/galeria/jquery.fancybox.js?v=2.1.5 HTTP/1.1" 200 48706
190.84.192.174 - - [24/Nov/2019:13:04:52 -0500] "GET /BLA/resoluciones/RESOLUCIONES%202013/0752.pdf HTTP/1.1" 200 1558947
190.84.192.174 - - [24/Nov/2019:13:04:54 -0500] "GET /favicon.ico HTTP/1.1" 200 7782
34.222.67.76 - - [24/Nov/2019:13:05:01 -0500] "GET /galeria/nivo-slider/demo/inicio.html HTTP/1.1" 200 5154
54.36.150.148 - - [24/Nov/2019:13:05:34 -0500] "GET /BLA/resoluciones/RESOLUCIONES%202005/RES%202005%202951-3000/00002966.tif HTTP/1.1" 200 42944
144.76.91.79 - - [24/Nov/2019:13:05:36 -0500] "GET /robots.txt HTTP/1.1" 404 1015
144.76.91.79 - - [24/Nov/2019:13:05:38 -0500] "GET /Anexos%20estudio%20Organizacional%20SDA/index.php?dir=ANEXO%20No.%201-%20NORMAS%20LEGALES%20DE%20ESTRUCTURA%20Y%20PLANTA/Decreto%20673%20de%201995%20Reestructura%20el%20DAMA_files/&sort=date&order=desc/ HTTP/1.1" 200 9506
144.76.91.79 - - [24/Nov/2019:13:05:40 -0500] "GET /Anexos%20estudio%20Organizacional%20SDA/index.php?dir=ANEXO%20No.%201-%20NORMAS%20LEGALES%20DE%20ESTRUCTURA%20Y%20PLANTA/Decreto%20distrital%20110%20de%202009%20-%20modifica%20planta%20de%20empleos%20SDA.jsp_files/&sort=size&order=desc/ HTTP/1.1" 200 10993
144.76.91.79 - - [24/Nov/2019:13:05:41 -0500] "GET /Autoliquidacion/index.php?dir=Fauna%20Silvestre/&sort=size&order=desc/ HTTP/1.1" 200 2960
144.76.91.79 - - [24/Nov/2019:13:05:42 -0500] "GET /robots.txt HTTP/1.1" 404 1019
144.76.91.79 - - [24/Nov/2019:13:05:44 -0500] "GET /Anexos%20estudio%20Organizacional%20SDA/ANEXO%20No.%201-%20NORMAS%20LEGALES%20DE%20ESTRUCTURA%20Y%20PLANTA/Acuerdo%209%20de%201990%20Concejo%20de%20Bogot%C3%A1..htm/ HTTP/1.1" 404 1019
144.76.91.79 - - [24/Nov/2019:13:05:46 -0500] "GET /Anexos%20estudio%20Organizacional%20SDA/index.php?dir=ANEXO%20No.%205%20-%20ESTUDIO%20Y%20PROPUESTA%20SERAMB%20IENTE/&sort=name&order=desc/ HTTP/1.1" 200 3622
144.76.91.79 - - [24/Nov/2019:13:05:47 -0500] "GET /Anexos%20estudio%20Organizacional%20SDA/index.php?dir=ANEXO%20No.%205%20-%20ESTUDIO%20Y%20PROPUESTA%20SERAMB%20IENTE/&sort=size&order=desc/ HTTP/1.1" 200 3622
144.76.91.79 - - [24/Nov/2019:13:05:49 -0500] "GET /Anexos%20estudio%20Organizacional%20SDA/index.php?dir=ANEXO%20No.%207%20-%20PROYECTO%20DE%20DECRETO%20MODIFICATORIO%20DE%20ESTRUCTURA%20DE%20LA%20SDA/&sort=date&order=desc/ HTTP/1.1" 200 2593
144.76.91.79 - - [24/Nov/2019:13:05:51 -0500] "GET /Anexos%20estudio%20Organizacional%20SDA/index.php?dir=ANEXO%20No.%207%20-%20PROYECTO%20DE%20DECRETO%20MODIFICATORIO%20DE%20ESTRUCTURA%20DE%20LA%20SDA/&sort=name&order=desc/ HTTP/1.1" 200 2593
144.76.91.79 - - [24/Nov/2019:13:05:52 -0500] "GET /Anexos%20estudio%20Organizacional%20SDA/index.php?dir=ANEXO%20No.11-PROYECTO%20DE%20DECRETO%20MODIFICATORIO%20PLANTA%20DE%20CARGOS%20SDA/&sort=name&order=desc/ HTTP/1.1" 200 2568
144.76.91.79 - - [24/Nov/2019:13:05:54 -0500] "GET /Autoliquidacion/Grupo%20Forestal%20-%20Industria%20de%20la%20Madera/Instructivo-solicitud-Verificaci%C3%B3n-para-expedici%C3%B3n-SUNL.pdf/ HTTP/1.1" 404 1019
144.76.91.79 - - [24/Nov/2019:13:05:55 -0500] "GET /Autoliquidacion/Grupo%20Forestal%20-%20Silvicultura/FICHA%20T%C3%89CNICA%20DE%20REGISTRO%20-%20FICHA%202-.docx/ HTTP/1.1" 404 1019
144.76.91.79 - - [24/Nov/2019:13:05:57 -0500] "GET /Autoliquidacion/Grupo%20Forestal%20-%20Silvicultura/Ficha%20de%20actualizaci%C3%B3n%20del%20catastro%20de%20%C3%A1rboles.xls/ HTTP/1.1" 404 1019
144.76.91.79 - - [24/Nov/2019:13:05:59 -0500] "GET /Autoliquidacion/Grupo%20Forestal%20-%20Silvicultura/Ficha%20t%C3%A9cnica%20de%20registro%20de%20poda.xlsm/ HTTP/1.1" 404 1019
144.76.91.79 - - [24/Nov/2019:13:06:01 -0500] "GET /Autoliquidacion/Grupo%20Forestal%20-%20Silvicultura/Formato%20de%20ejecuci%C3%B3n%20de%20actividades%20silviculturales.xlsx/ HTTP/1.1" 404 1019
144.76.91.79 - - [24/Nov/2019:13:06:02 -0500] "GET /Autoliquidacion/Grupo%20Forestal%20-%20Silvicultura/Instructivo-solicitud-Verificaci%C3%B3n-para-expedici%C3%B3n-SUNL.pdf/ HTTP/1.1" 404 1019
144.76.91.79 - - [24/Nov/2019:13:06:04 -0500] "GET /Autoliquidacion/index.php?dir=Plan%20de%20manejo%20ambiental%20para%20sitios%20de%20aprovechamiento%20y%20o%20disposicion%20final%20de%20escombros/&sort=name&order=desc/ HTTP/1.1" 200 2471
144.76.91.79 - - [24/Nov/2019:13:06:05 -0500] "GET /Autoliquidacion/index.php?dir=Solicitud%20de%20Licencia%20Ambiental/&sort=date&order=desc/ HTTP/1.1" 200 2552
144.76.91.79 - - [24/Nov/2019:13:06:07 -0500] "GET /SIG/index.php/Control%20y%20mejora/126PE01-PR05.pdf/?dir=&sort=date&order=asc/ HTTP/1.1" 200 5232
144.76.91.79 - - [24/Nov/2019:13:06:08 -0500] "GET /SIG/index.php/Control%20y%20mejora/126PE01-PR05.pdf/?dir=&sort=name&order=desc/ HTTP/1.1" 200 5232
144.76.91.79 - - [24/Nov/2019:13:06:10 -0500] "GET /SIG/index.php/Control%20y%20mejora/126PE01-PR05.pdf/?dir=&sort=size&order=asc/ HTTP/1.1" 200 5232
144.76.91.79 - - [24/Nov/2019:13:06:12 -0500] "GET /SIG/index.php/Control%20y%20mejora/126PE01-PR05.pdf/?dir=Comunicaciones// HTTP/1.1" 200 3303
52.88.239.14 - - [24/Nov/2019:13:06:12 -0500] "GET /galeria/nivo-slider/demo/inicio.html HTTP/1.1" 200 5154
144.76.91.79 - - [24/Nov/2019:13:06:13 -0500] "GET /SIG/index.php/Control%20y%20mejora/126PE01-PR05.pdf/?dir=Control%20Disciplinario// HTTP/1.1" 200 3102
144.76.91.79 - - [24/Nov/2019:13:06:15 -0500] "GET /SIG/index.php/Control%20y%20mejora/126PE01-PR05.pdf/?dir=Control%20y%20mejora// HTTP/1.1" 200 3205
144.76.91.79 - - [24/Nov/2019:13:06:17 -0500] "GET /SIG/index.php/Control%20y%20mejora/126PE01-PR05.pdf/?dir=Direccionamiento%20Estrategico// HTTP/1.1" 200 4366
186.154.33.86 - - [24/Nov/2019:13:06:17 -0500] "GET /BLA/boletinlegal/js/jquery.scrollShow.js HTTP/1.1" 200 4586
186.154.33.86 - - [24/Nov/2019:13:06:17 -0500] "GET /galeria/galeria/jquery.fancybox.js?v=2.1.5 HTTP/1.1" 200 48706
186.154.33.86 - - [24/Nov/2019:13:06:17 -0500] "GET /galeria/galeria/jquery.fancybox.css?v=2.1.5 HTTP/1.1" 200 4895
186.154.33.86 - - [24/Nov/2019:13:06:17 -0500] "GET /galeria/carrusel/Carrusel/jquery.thumbnailScroller.css HTTP/1.1" 200 2066
186.154.33.86 - - [24/Nov/2019:13:06:17 -0500] "GET /galeria/carrusel/Carrusel/jquery-ui-1.8.13.custom.min.js HTTP/1.1" 200 10800
186.154.33.86 - - [24/Nov/2019:13:06:17 -0500] "GET /galeria/carrusel/Carrusel/jquery.thumbnailScroller.js HTTP/1.1" 200 8157
144.76.91.79 - - [24/Nov/2019:13:06:18 -0500] "GET /SIG/index.php/ECS/126PM04-PR08.pdf/ECS/126PM04-PR83.pdf/?dir=&sort=date&order=asc/ HTTP/1.1" 200 5400
144.76.91.79 - - [24/Nov/2019:13:06:20 -0500] "GET /SIG/index.php/ECS/126PM04-PR08.pdf/ECS/126PM04-PR83.pdf/?dir=&sort=name&order=desc/ HTTP/1.1" 200 5400
144.76.91.79 - - [24/Nov/2019:13:06:22 -0500] "GET /SIG/index.php/ECS/126PM04-PR08.pdf/ECS/126PM04-PR83.pdf/?dir=&sort=size&order=asc/ HTTP/1.1" 200 5400
144.76.91.79 - - [24/Nov/2019:13:06:23 -0500] "GET /SIG/index.php/ECS/126PM04-PR08.pdf/ECS/126PM04-PR83.pdf/?dir=Comunicaciones// HTTP/1.1" 200 3375
144.76.91.79 - - [24/Nov/2019:13:06:25 -0500] "GET /SIG/index.php/ECS/126PM04-PR08.pdf/ECS/126PM04-PR83.pdf/?dir=Control%20Disciplinario// HTTP/1.1" 200 3174
69.162.124.232 - - [24/Nov/2019:13:06:26 -0500] "HEAD / HTTP/1.1" 200 -
144.76.91.79 - - [24/Nov/2019:13:06:27 -0500] "GET /SIG/index.php/ECS/126PM04-PR08.pdf/ECS/126PM04-PR83.pdf/?dir=Control%20y%20mejora// HTTP/1.1" 200 3285
144.76.91.79 - - [24/Nov/2019:13:06:28 -0500] "GET /SIG/index.php/ECS/126PM04-PR08.pdf/ECS/126PM04-PR83.pdf/?dir=Direccionamiento%20Estrategico// HTTP/1.1" 200 4438
66.249.66.81 - - [24/Nov/2019:13:06:30 -0500] "GET /BLA/resoluciones/AUTOS%202014/6025.pdf HTTP/1.1" 200 522838
144.76.91.79 - - [24/Nov/2019:13:06:30 -0500] "GET /SIG/index.php/ECS/126PM04-PR08.pdf/ECS/126PM04-PR83.pdf/?dir=ECS// HTTP/1.1" 200 17084
144.76.91.79 - - [24/Nov/2019:13:06:32 -0500] "GET /SIG/index.php/ECS/126PM04-PR09.pdf/?dir=&sort=date&order=asc/ HTTP/1.1" 200 4959
144.76.91.79 - - [24/Nov/2019:13:06:34 -0500] "GET /SIG/index.php/ECS/126PM04-PR09.pdf/?dir=&sort=name&order=asc/ HTTP/1.1" 200 4959
144.76.91.79 - - [24/Nov/2019:13:06:35 -0500] "GET /SIG/index.php/ECS/126PM04-PR09.pdf/?dir=&sort=name&order=desc/ HTTP/1.1" 200 4959
144.76.91.79 - - [24/Nov/2019:13:06:37 -0500] "GET /SIG/index.php/ECS/126PM04-PR09.pdf/?dir=&sort=size&order=asc/ HTTP/1.1" 200 4959
144.76.91.79 - - [24/Nov/2019:13:06:38 -0500] "GET /SIG/index.php/ECS/126PM04-PR09.pdf/?dir=Comunicaciones// HTTP/1.1" 200 3186
144.76.91.79 - - [24/Nov/2019:13:06:40 -0500] "GET /SIG/index.php/ECS/126PM04-PR09.pdf/?dir=Comunicaciones//&sort=date&order=asc/ HTTP/1.1" 200 3185
144.76.91.79 - - [24/Nov/2019:13:06:42 -0500] "GET /SIG/index.php/ECS/126PM04-PR100.pdf/?dir=Gestion%20Documental// HTTP/1.1" 200 5858
181.49.48.141 - - [24/Nov/2019:13:06:43 -0500] "GET /galeria/galeria/jquery.fancybox.css?v=2.1.5 HTTP/1.1" 200 4895
181.49.48.141 - - [24/Nov/2019:13:06:43 -0500] "GET /BLA/boletinlegal/js/jquery.scrollShow.js HTTP/1.1" 200 4586
181.49.48.141 - - [24/Nov/2019:13:06:43 -0500] "GET /galeria/galeria/jquery.fancybox.js?v=2.1.5 HTTP/1.1" 200 48706
144.76.91.79 - - [24/Nov/2019:13:06:43 -0500] "GET /SIG/index.php/ECS/126PM04-PR101.pdf/?dir=&sort=date&order=asc/ HTTP/1.1" 200 4978
54.149.25.5 - - [24/Nov/2019:13:06:43 -0500] "GET /robots.txt HTTP/1.1" 404 1154
54.149.25.5 - - [24/Nov/2019:13:06:44 -0500] "GET / HTTP/1.1" 200 9990
54.149.25.5 - - [24/Nov/2019:13:06:44 -0500] "GET /www.ambientebogota.gov.co/ HTTP/1.1" 404 1154
144.76.91.79 - - [24/Nov/2019:13:06:45 -0500] "GET /SIG/index.php/ECS/126PM04-PR101.pdf/?dir=&sort=name&order=desc/ HTTP/1.1" 200 4978
144.76.91.79 - - [24/Nov/2019:13:06:47 -0500] "GET /SIG/index.php/ECS/126PM04-PR101.pdf/?dir=&sort=size&order=asc/ HTTP/1.1" 200 4978
144.76.91.79 - - [24/Nov/2019:13:06:48 -0500] "GET /SIG/index.php/ECS/126PM04-PR23.pdf/?dir=Gestion%20Recursos%20Financieros//&sort=date&order=asc/ HTTP/1.1" 200 9158
54.212.219.199 - - [24/Nov/2019:13:06:49 -0500] "GET /galeria/nivo-slider/demo/inicio.html HTTP/1.1" 200 5154
144.76.91.79 - - [24/Nov/2019:13:06:50 -0500] "GET /SIG/index.php/ECS/126PM04-PR23.pdf/?dir=Gestion%20Recursos%20Financieros//&sort=size&order=asc/ HTTP/1.1" 200 9158
144.76.91.79 - - [24/Nov/2019:13:06:52 -0500] "GET /SIG/index.php/ECS/126PM04-PR26.pdf/?dir=Control%20Disciplinario// HTTP/1.1" 200 2985
144.76.91.79 - - [24/Nov/2019:13:06:54 -0500] "GET /SIG/index.php/ECS/126PM04-PR26.pdf/?dir=Control%20y%20mejora// HTTP/1.1" 200 3075
144.76.91.79 - - [24/Nov/2019:13:06:55 -0500] "GET /SIG/index.php/ECS/126PM04-PR26.pdf/?dir=Direccionamiento%20Estrategico// HTTP/1.1" 200 4249
144.76.91.79 - - [24/Nov/2019:13:06:57 -0500] "GET /SIG/index.php/ECS/126PM04-PR26.pdf/?dir=ECS// HTTP/1.1" 200 16895
144.76.91.79 - - [24/Nov/2019:13:06:59 -0500] "GET /SIG/index.php/ECS/126PM04-PR87.pdf/?dir=&sort=name&order=desc/ HTTP/1.1" 200 4959
144.76.91.79 - - [24/Nov/2019:13:07:00 -0500] "GET /SIG/index.php/ECS/126PM04-PR87.pdf/?dir=&sort=size&order=asc/ HTTP/1.1" 200 4959
144.76.91.79 - - [24/Nov/2019:13:07:02 -0500] "GET /SIG/index.php/ECS/126PM04-PR87.pdf/?dir=Comunicaciones// HTTP/1.1" 200 3186
144.76.91.79 - - [24/Nov/2019:13:07:04 -0500] "GET /SIG/index.php/ECS/126PM04-PR87.pdf/?dir=Control%20Disciplinario// HTTP/1.1" 200 2985
144.76.91.79 - - [24/Nov/2019:13:07:05 -0500] "GET /SIG/index.php/ECS/126PM04-PR87.pdf/?dir=Control%20y%20mejora// HTTP/1.1" 200 3075
144.76.91.79 - - [24/Nov/2019:13:07:07 -0500] "GET /SIG/index.php/ECS/126PM04-PR87.pdf/?dir=Control%20y%20mejora//&sort=date&order=asc/ HTTP/1.1" 200 3074
34.220.231.32 - - [24/Nov/2019:13:07:07 -0500] "GET /galeria/nivo-slider/demo/inicio.html HTTP/1.1" 200 5154
144.76.91.79 - - [24/Nov/2019:13:07:09 -0500] "GET /SIG/index.php/ECS/126PM04-PR87.pdf/?dir=Control%20y%20mejora//&sort=name&order=desc/ HTTP/1.1" 200 3074
66.249.66.82 - - [24/Nov/2019:13:07:09 -0500] "GET /BLA/resoluciones/RESOLUCIONES%202010/2526.pdf HTTP/1.1" 200 476401
144.76.91.79 - - [24/Nov/2019:13:07:11 -0500] "GET /SIG/index.php/ECS/126PM04-PR87.pdf/?dir=Control%20y%20mejora//&sort=size&order=asc/ HTTP/1.1" 200 3074
186.86.32.189 - - [24/Nov/2019:13:07:11 -0500] "GET /galeria/galeria/jquery.fancybox.css?v=2.1.5 HTTP/1.1" 200 4895
186.86.32.189 - - [24/Nov/2019:13:07:11 -0500] "GET /BLA/boletinlegal/js/jquery.scrollShow.js HTTP/1.1" 200 4586
186.86.32.189 - - [24/Nov/2019:13:07:11 -0500] "GET /galeria/galeria/jquery.fancybox.js?v=2.1.5 HTTP/1.1" 200 48706
35.164.29.238 - - [24/Nov/2019:13:07:12 -0500] "GET /galeria/nivo-slider/demo/inicio.html HTTP/1.1" 200 5154
144.76.91.79 - - [24/Nov/2019:13:07:12 -0500] "GET /SIG/index.php/ECS/126PM04-PR87.pdf/?dir=Direccionamiento%20Estrategico// HTTP/1.1" 200 4249
144.76.91.79 - - [24/Nov/2019:13:07:14 -0500] "GET /SIG/index.php/ECS/126PM04-PR87.pdf/?dir=ECS// HTTP/1.1" 200 16895
144.76.91.79 - - [24/Nov/2019:13:07:16 -0500] "GET /SIG/index.php/ECS/126PM04-PR87.pdf/?dir=Gestion%20Documental// HTTP/1.1" 200 5851
144.76.91.79 - - [24/Nov/2019:13:07:18 -0500] "GET /SIG/index.php/ECS/126PM04-PR87.pdf/?dir=Gestion%20Recursos%20Financieros// HTTP/1.1" 200 9159
144.76.91.79 - - [24/Nov/2019:13:07:19 -0500] "GET /SIG/index.php/ECS/126PM04-PR88.pdf/?dir=&sort=date&order=asc/ HTTP/1.1" 200 4959
144.76.91.79 - - [24/Nov/2019:13:07:21 -0500] "GET /SIG/index.php/ECS/126PM04-PR88.pdf/?dir=&sort=name&order=asc/ HTTP/1.1" 200 4959
144.76.91.79 - - [24/Nov/2019:13:07:23 -0500] "GET /SIG/index.php/ECS/126PM04-PR88.pdf/?dir=&sort=name&order=desc/ HTTP/1.1" 200 4959
144.76.91.79 - - [24/Nov/2019:13:07:24 -0500] "GET /SIG/index.php/ECS/126PM04-PR88.pdf/?dir=&sort=size&order=asc/ HTTP/1.1" 200 4959
144.76.91.79 - - [24/Nov/2019:13:07:26 -0500] "GET /SIG/index.php/ECS/126PM04-PR88.pdf/?dir=Control%20Disciplinario// HTTP/1.1" 200 2985
144.76.91.79 - - [24/Nov/2019:13:07:28 -0500] "GET /SIG/index.php/ECS/126PM04-PR88.pdf/?dir=Control%20y%20mejora// HTTP/1.1" 200 3075
52.88.194.80 - - [24/Nov/2019:13:07:29 -0500] "GET /robots.txt HTTP/1.1" 404 1154
144.76.91.79 - - [24/Nov/2019:13:07:29 -0500] "GET /SIG/index.php/ECS/126PM04-PR88.pdf/?dir=Direccionamiento%20Estrategico// HTTP/1.1" 200 4249
52.88.194.80 - - [24/Nov/2019:13:07:29 -0500] "GET / HTTP/1.1" 200 9990
52.88.194.80 - - [24/Nov/2019:13:07:30 -0500] "GET /www.ambientebogota.gov.co/ HTTP/1.1" 404 1154
144.76.91.79 - - [24/Nov/2019:13:07:31 -0500] "GET /SIG/index.php/ECS/126PM04-PR88.pdf/?dir=ECS// HTTP/1.1" 200 16895
144.76.91.79 - - [24/Nov/2019:13:07:33 -0500] "GET /SIG/index.php/ECS/126PM04-PR88.pdf/?dir=Gestion%20Documental// HTTP/1.1" 200 5851
144.76.91.79 - - [24/Nov/2019:13:07:34 -0500] "GET /SIG/index.php/ECS/126PM04-PR88.pdf/?dir=Gestion%20Recursos%20Financieros// HTTP/1.1" 200 9159
144.76.91.79 - - [24/Nov/2019:13:07:36 -0500] "GET /SIG/index.php/ECS/126PM04-PR91.pdf/?dir=&sort=date&order=asc/ HTTP/1.1" 200 4959
144.76.91.79 - - [24/Nov/2019:13:07:38 -0500] "GET /SIG/index.php/ECS/126PM04-PR91.pdf/?dir=&sort=name&order=desc/ HTTP/1.1" 200 4959
144.76.91.79 - - [24/Nov/2019:13:07:39 -0500] "GET /SIG/index.php/ECS/126PM04-PR91.pdf/?dir=&sort=size&order=asc/ HTTP/1.1" 200 4959
144.76.91.79 - - [24/Nov/2019:13:07:41 -0500] "GET /SIG/index.php/ECS/126PM04-PR91.pdf/?dir=Comunicaciones// HTTP/1.1" 200 3186
144.76.91.79 - - [24/Nov/2019:13:07:43 -0500] "GET /SIG/index.php/ECS/126PM04-PR91.pdf/?dir=Control%20Disciplinario// HTTP/1.1" 200 2985
144.76.91.79 - - [24/Nov/2019:13:07:44 -0500] "GET /SIG/index.php/ECS/126PM04-PR91.pdf/?dir=Control%20y%20mejora// HTTP/1.1" 200 3075
144.76.91.79 - - [24/Nov/2019:13:07:46 -0500] "GET /SIG/index.php/ECS/126PM04-PR91.pdf/?dir=Direccionamiento%20Estrategico// HTTP/1.1" 200 4249
66.249.66.81 - - [24/Nov/2019:13:07:48 -0500] "GET /BLA/resoluciones/AUTOS%202015/2353.pdf HTTP/1.1" 304 -
144.76.91.79 - - [24/Nov/2019:13:07:48 -0500] "GET /SIG/index.php/ECS/126PM04-PR91.pdf/?dir=ECS// HTTP/1.1" 200 16895
144.76.91.79 - - [24/Nov/2019:13:07:50 -0500] "GET /SIG/index.php/ECS/126PM04-PR91.pdf/?dir=Gestion%20Documental// HTTP/1.1" 200 5851
144.76.91.79 - - [24/Nov/2019:13:07:51 -0500] "GET /SIG/index.php/ECS/126PM04-PR91.pdf/?dir=Gestion%20Recursos%20Financieros// HTTP/1.1" 200 9159
144.76.91.79 - - [24/Nov/2019:13:07:53 -0500] "GET /SIG/index.php/ECS/126PM04-PR92.pdf/?dir=&sort=date&order=asc/ HTTP/1.1" 200 4959
144.76.91.79 - - [24/Nov/2019:13:07:55 -0500] "GET /SIG/index.php/ECS/126PM04-PR92.pdf/?dir=&sort=name&order=desc/ HTTP/1.1" 200 4959
144.76.91.79 - - [24/Nov/2019:13:07:56 -0500] "GET /SIG/index.php/ECS/126PM04-PR92.pdf/?dir=&sort=size&order=asc/ HTTP/1.1" 200 4959
144.76.91.79 - - [24/Nov/2019:13:07:58 -0500] "GET /SIG/index.php/ECS/126PM04-PR92.pdf/?dir=Comunicaciones// HTTP/1.1" 200 3186
144.76.91.79 - - [24/Nov/2019:13:08:00 -0500] "GET /SIG/index.php/ECS/126PM04-PR92.pdf/?dir=Control%20Disciplinario// HTTP/1.1" 200 2985
144.76.91.79 - - [24/Nov/2019:13:08:01 -0500] "GET /SIG/index.php/ECS/126PM04-PR92.pdf/?dir=Control%20y%20mejora// HTTP/1.1" 200 3075
34.212.231.79 - - [24/Nov/2019:13:08:02 -0500] "GET /galeria/nivo-slider/demo/inicio.html HTTP/1.1" 200 5154
144.76.91.79 - - [24/Nov/2019:13:08:03 -0500] "GET /SIG/index.php/ECS/126PM04-PR92.pdf/?dir=Direccionamiento%20Estrategico// HTTP/1.1" 200 4249
144.76.91.79 - - [24/Nov/2019:13:08:05 -0500] "GET /SIG/index.php/ECS/126PM04-PR92.pdf/?dir=ECS// HTTP/1.1" 200 16895
144.76.91.79 - - [24/Nov/2019:13:08:07 -0500] "GET /SIG/index.php/ECS/126PM04-PR92.pdf/?dir=Gestion%20Documental// HTTP/1.1" 200 5851
144.76.91.79 - - [24/Nov/2019:13:08:08 -0500] "GET /SIG/index.php/ECS/126PM04-PR92.pdf/?dir=Gestion%20Recursos%20Financieros// HTTP/1.1" 200 9159
144.76.91.79 - - [24/Nov/2019:13:08:10 -0500] "GET /SIG/index.php/ECS/126PM04-PR93.pdf/?dir=&sort=date&order=asc/ HTTP/1.1" 200 4959
144.76.91.79 - - [24/Nov/2019:13:08:12 -0500] "GET /SIG/index.php/ECS/126PM04-PR93.pdf/?dir=&sort=name&order=desc/ HTTP/1.1" 200 4959
144.76.91.79 - - [24/Nov/2019:13:08:13 -0500] "GET /SIG/index.php/ECS/126PM04-PR93.pdf/?dir=&sort=size&order=asc/ HTTP/1.1" 200 4959
144.76.91.79 - - [24/Nov/2019:13:08:15 -0500] "GET /SIG/index.php/ECS/126PM04-PR93.pdf/?dir=Comunicaciones// HTTP/1.1" 200 3186
144.76.91.79 - - [24/Nov/2019:13:08:17 -0500] "GET /SIG/index.php/ECS/126PM04-PR93.pdf/?dir=Control%20Disciplinario// HTTP/1.1" 200 2985
144.76.91.79 - - [24/Nov/2019:13:08:18 -0500] "GET /SIG/index.php/ECS/126PM04-PR93.pdf/?dir=Control%20y%20mejora// HTTP/1.1" 200 3075
144.76.91.79 - - [24/Nov/2019:13:08:20 -0500] "GET /SIG/index.php/ECS/126PM04-PR93.pdf/?dir=Direccionamiento%20Estrategico// HTTP/1.1" 200 4249
144.76.91.79 - - [24/Nov/2019:13:08:22 -0500] "GET /SIG/index.php/ECS/126PM04-PR93.pdf/?dir=ECS// HTTP/1.1" 200 16895
144.76.91.79 - - [24/Nov/2019:13:08:23 -0500] "GET /SIG/index.php/ECS/126PM04-PR93.pdf/?dir=Gestion%20Documental// HTTP/1.1" 200 5851
144.76.91.79 - - [24/Nov/2019:13:08:25 -0500] "GET /SIG/index.php/ECS/126PM04-PR93.pdf/?dir=Gestion%20Recursos%20Financieros// HTTP/1.1" 200 9159
66.249.66.83 - - [24/Nov/2019:13:08:26 -0500] "GET /galeria/galeria/fotos/MeandrodelSay2P.jpg HTTP/1.1" 304 -
144.76.91.79 - - [24/Nov/2019:13:08:27 -0500] "GET /SIG/index.php/ECS/126PM04-PR94.pdf/?dir=&sort=date&order=asc/ HTTP/1.1" 200 4959
66.249.66.83 - - [24/Nov/2019:13:08:29 -0500] "GET /BLA/resoluciones/AUTOS%202017/2969.pdf HTTP/1.1" 200 306139
144.76.91.79 - - [24/Nov/2019:13:08:29 -0500] "GET /SIG/index.php/ECS/126PM04-PR94.pdf/?dir=&sort=name&order=desc/ HTTP/1.1" 200 4959
144.76.91.79 - - [24/Nov/2019:13:08:30 -0500] "GET /SIG/index.php/ECS/126PM04-PR94.pdf/?dir=Comunicaciones// HTTP/1.1" 200 3186
144.76.91.79 - - [24/Nov/2019:13:08:32 -0500] "GET /SIG/index.php/ECS/126PM04-PR94.pdf/?dir=Control%20Disciplinario// HTTP/1.1" 200 2985
144.76.91.79 - - [24/Nov/2019:13:08:34 -0500] "GET /SIG/index.php/ECS/126PM04-PR94.pdf/?dir=Control%20y%20mejora// HTTP/1.1" 200 3075
144.76.91.79 - - [24/Nov/2019:13:08:35 -0500] "GET /SIG/index.php/ECS/126PM04-PR94.pdf/?dir=Direccionamiento%20Estrategico// HTTP/1.1" 200 4249
144.76.91.79 - - [24/Nov/2019:13:08:37 -0500] "GET /SIG/index.php/ECS/126PM04-PR94.pdf/?dir=ECS// HTTP/1.1" 200 16895
144.76.91.79 - - [24/Nov/2019:13:08:39 -0500] "GET /SIG/index.php/ECS/126PM04-PR94.pdf/?dir=Gestion%20Documental// HTTP/1.1" 200 5851
144.76.91.79 - - [24/Nov/2019:13:08:41 -0500] "GET /SIG/index.php/ECS/126PM04-PR94.pdf/?dir=Gestion%20Recursos%20Financieros// HTTP/1.1" 200 9159
144.76.91.79 - - [24/Nov/2019:13:08:42 -0500] "GET /SIG/index.php/ECS/126PM04-PR95.pdf/?dir=&sort=date&order=asc/ HTTP/1.1" 200 4959
144.76.91.79 - - [24/Nov/2019:13:08:44 -0500] "GET /SIG/index.php/ECS/126PM04-PR95.pdf/?dir=&sort=name&order=desc/ HTTP/1.1" 200 4959
144.76.91.79 - - [24/Nov/2019:13:08:46 -0500] "GET /SIG/index.php/ECS/126PM04-PR95.pdf/?dir=&sort=size&order=asc/ HTTP/1.1" 200 4959
192.168.175.104 - - [24/Nov/2019:13:08:46 -0500] "GET / HTTP/1.0" 200 9990
34.219.148.177 - - [24/Nov/2019:13:08:47 -0500] "GET /galeria/nivo-slider/demo/inicio.html HTTP/1.1" 200 5154
144.76.91.79 - - [24/Nov/2019:13:08:47 -0500] "GET /SIG/index.php/ECS/126PM04-PR95.pdf/?dir=Comunicaciones// HTTP/1.1" 200 3186
186.86.32.200 - - [24/Nov/2019:13:08:48 -0500] "GET /galeria/nivo-slider/demo/inicio.html HTTP/1.1" 200 5154
144.76.91.79 - - [24/Nov/2019:13:08:49 -0500] "GET /SIG/index.php/ECS/126PM04-PR95.pdf/?dir=Control%20Disciplinario// HTTP/1.1" 200 2985
186.86.32.200 - - [24/Nov/2019:13:08:49 -0500] "GET /galeria/nivo-slider/themes/default/default.css HTTP/1.1" 200 1569
186.86.32.200 - - [24/Nov/2019:13:08:49 -0500] "GET /galeria/nivo-slider/themes/pascal/pascal.css HTTP/1.1" 200 2258
186.86.32.200 - - [24/Nov/2019:13:08:49 -0500] "GET /galeria/nivo-slider/nivo-slider.css HTTP/1.1" 200 1507
186.86.32.200 - - [24/Nov/2019:13:08:49 -0500] "GET /galeria/nivo-slider/themes/orman/orman.css HTTP/1.1" 200 2152
186.86.32.200 - - [24/Nov/2019:13:08:49 -0500] "GET /galeria/nivo-slider/demo/style.css HTTP/1.1" 200 2222
186.86.32.200 - - [24/Nov/2019:13:08:49 -0500] "GET /galeria/nivo-slider/demo/scripts/jquery-1.7.1.min.js HTTP/1.1" 200 93868
186.86.32.200 - - [24/Nov/2019:13:08:49 -0500] "GET /galeria/nivo-slider/demo/images/bannerclimabog.jpg HTTP/1.1" 200 170671
186.86.32.200 - - [24/Nov/2019:13:08:50 -0500] "GET /galeria/nivo-slider/demo/images/Banner%20Conpes.jpg HTTP/1.1" 200 55220
186.86.32.200 - - [24/Nov/2019:13:08:50 -0500] "GET /galeria/nivo-slider/demo/images/bannerincendios.jpg HTTP/1.1" 200 206070
186.86.32.200 - - [24/Nov/2019:13:08:50 -0500] "GET /galeria/nivo-slider/demo/images/Banner%20RCD.jpg HTTP/1.1" 200 92197
186.86.32.200 - - [24/Nov/2019:13:08:50 -0500] "GET /galeria/nivo-slider/demo/images/Banner%20Visor%20Geografico%20Ambiental.jpg HTTP/1.1" 200 204673
186.86.32.200 - - [24/Nov/2019:13:08:50 -0500] "GET /galeria/nivo-slider/demo/images/Bannerveterinaria.jpg HTTP/1.1" 200 254705
186.86.32.200 - - [24/Nov/2019:13:08:50 -0500] "GET /galeria/nivo-slider/demo/images/bannerwebmusgo.jpg HTTP/1.1" 200 367364
144.76.91.79 - - [24/Nov/2019:13:08:50 -0500] "GET /SIG/index.php/ECS/126PM04-PR95.pdf/?dir=Control%20y%20mejora// HTTP/1.1" 200 3075
186.86.32.200 - - [24/Nov/2019:13:08:51 -0500] "GET /galeria/nivo-slider/demo/images/Banner%20consumo%20sostenible%20final.jpg HTTP/1.1" 200 364746
186.86.32.200 - - [24/Nov/2019:13:08:51 -0500] "GET /galeria/nivo-slider/demo/images/Noviembre.png HTTP/1.1" 200 519399
186.86.32.200 - - [24/Nov/2019:13:08:51 -0500] "GET /galeria/nivo-slider/demo/images/Banner%20tinguas.jpg HTTP/1.1" 200 214878
186.86.32.200 - - [24/Nov/2019:13:08:52 -0500] "GET /galeria/nivo-slider/demo/images/Banner%20POT.png HTTP/1.1" 200 418238
144.76.91.79 - - [24/Nov/2019:13:08:52 -0500] "GET /SIG/index.php/ECS/126PM04-PR95.pdf/?dir=Direccionamiento%20Estrategico// HTTP/1.1" 200 4249
186.86.32.200 - - [24/Nov/2019:13:08:53 -0500] "GET /galeria/nivo-slider/demo/images/banneragendamiento.jpg HTTP/1.1" 200 116897
186.86.32.200 - - [24/Nov/2019:13:08:53 -0500] "GET /galeria/nivo-slider/demo/images/Bannerserpiente2019.jpg HTTP/1.1" 200 270374
186.86.32.200 - - [24/Nov/2019:13:08:53 -0500] "GET /galeria/nivo-slider/demo/images/bannerrendicion.jpg HTTP/1.1" 200 153938
186.86.32.200 - - [24/Nov/2019:13:08:53 -0500] "GET /galeria/nivo-slider/demo/images/Bannerpread.jpg HTTP/1.1" 200 256621
144.76.91.79 - - [24/Nov/2019:13:08:54 -0500] "GET /SIG/index.php/ECS/126PM04-PR95.pdf/?dir=ECS// HTTP/1.1" 200 16895
186.86.32.200 - - [24/Nov/2019:13:08:54 -0500] "GET /galeria/nivo-slider/demo/images/puntos%20atencion%20BANNER.jpg HTTP/1.1" 200 244208
186.86.32.200 - - [24/Nov/2019:13:08:54 -0500] "GET /galeria/nivo-slider/demo/images/iniciativas-Ambientales.jpg HTTP/1.1" 200 201405
192.168.175.104 - - [24/Nov/2019:13:08:55 -0500] "GET / HTTP/1.1" 200 9990
186.86.32.200 - - [24/Nov/2019:13:08:55 -0500] "GET /galeria/nivo-slider/demo/images/Banneranonimos.png HTTP/1.1" 200 109388
186.86.32.200 - - [24/Nov/2019:13:08:55 -0500] "GET /galeria/nivo-slider/demo/images/Banner%20practicas%20sostenibles.jpg HTTP/1.1" 200 142958
144.76.91.79 - - [24/Nov/2019:13:08:56 -0500] "GET /SIG/index.php/ECS/126PM04-PR96.pdf/?dir=&sort=date&order=asc/ HTTP/1.1" 200 4959
186.86.32.200 - - [24/Nov/2019:13:08:56 -0500] "GET /galeria/nivo-slider/themes/default/loading.gif HTTP/1.1" 200 1737
186.86.32.200 - - [24/Nov/2019:13:08:56 -0500] "GET /galeria/nivo-slider/demo/images/4Simple_Slider.png HTTP/1.1" 200 11722
186.86.32.200 - - [24/Nov/2019:13:08:56 -0500] "GET /galeria/nivo-slider/jquery.nivo.slider.pack.js HTTP/1.1" 200 11561
144.76.91.79 - - [24/Nov/2019:13:08:57 -0500] "GET /SIG/index.php/ECS/126PM04-PR96.pdf/?dir=&sort=name&order=desc/ HTTP/1.1" 200 4959
186.86.32.200 - - [24/Nov/2019:13:08:58 -0500] "GET /galeria/nivo-slider/themes/default/arrows.png HTTP/1.1" 200 824
186.86.32.200 - - [24/Nov/2019:13:08:58 -0500] "GET /galeria/nivo-slider/themes/default/bullets.png HTTP/1.1" 200 1281
144.76.91.79 - - [24/Nov/2019:13:08:59 -0500] "GET /SIG/index.php/ECS/126PM04-PR96.pdf/?dir=&sort=size&order=asc/ HTTP/1.1" 200 4959
144.76.91.79 - - [24/Nov/2019:13:09:00 -0500] "GET /SIG/index.php/ECS/126PM04-PR96.pdf/?dir=Comunicaciones// HTTP/1.1" 200 3186
144.76.91.79 - - [24/Nov/2019:13:09:02 -0500] "GET /SIG/index.php/ECS/126PM04-PR96.pdf/?dir=Control%20Disciplinario// HTTP/1.1" 200 2985
144.76.91.79 - - [24/Nov/2019:13:09:04 -0500] "GET /SIG/index.php/ECS/126PM04-PR96.pdf/?dir=Control%20y%20mejora// HTTP/1.1" 200 3075
144.76.91.79 - - [24/Nov/2019:13:09:06 -0500] "GET /SIG/index.php/ECS/126PM04-PR96.pdf/?dir=Direccionamiento%20Estrategico// HTTP/1.1" 200 4249
144.76.91.79 - - [24/Nov/2019:13:09:07 -0500] "GET /SIG/index.php/ECS/126PM04-PR96.pdf/?dir=Direccionamiento%20Estrategico//&sort=date&order=asc/ HTTP/1.1" 200 4248
144.76.91.79 - - [24/Nov/2019:13:09:09 -0500] "GET /SIG/index.php/ECS/126PM04-PR96.pdf/?dir=Direccionamiento%20Estrategico//&sort=name&order=desc/ HTTP/1.1" 200 4248
144.76.91.79 - - [24/Nov/2019:13:09:11 -0500] "GET /SIG/index.php/ECS/126PM04-PR96.pdf/?dir=Direccionamiento%20Estrategico//&sort=size&order=asc/ HTTP/1.1" 200 4248
144.76.91.79 - - [24/Nov/2019:13:09:12 -0500] "GET /SIG/index.php/ECS/126PM04-PR96.pdf/?dir=ECS// HTTP/1.1" 200 16895
191.102.220.20 - - [24/Nov/2019:13:09:13 -0500] "GET /galeria/galeria/jquery.fancybox.css?v=2.1.5 HTTP/1.1" 200 4895
191.102.220.20 - - [24/Nov/2019:13:09:13 -0500] "GET /BLA/boletinlegal/js/jquery.scrollShow.js HTTP/1.1" 200 4586
191.102.220.20 - - [24/Nov/2019:13:09:13 -0500] "GET /galeria/galeria/jquery.fancybox.js?v=2.1.5 HTTP/1.1" 200 48706
144.76.91.79 - - [24/Nov/2019:13:09:14 -0500] "GET /SIG/index.php/ECS/126PM04-PR96.pdf/?dir=ECS//&sort=date&order=asc/ HTTP/1.1" 200 16894
144.76.91.79 - - [24/Nov/2019:13:09:16 -0500] "GET /SIG/index.php/ECS/126PM04-PR96.pdf/?dir=ECS//&sort=name&order=desc/ HTTP/1.1" 200 16894
18.237.231.60 - - [24/Nov/2019:13:09:16 -0500] "GET /robots.txt HTTP/1.1" 404 1154
18.237.231.60 - - [24/Nov/2019:13:09:17 -0500] "GET / HTTP/1.1" 200 9990
18.237.231.60 - - [24/Nov/2019:13:09:18 -0500] "GET /www.ambientebogota.gov.co/ HTTP/1.1" 404 1154
144.76.91.79 - - [24/Nov/2019:13:09:18 -0500] "GET /SIG/index.php/ECS/126PM04-PR96.pdf/?dir=ECS//&sort=size&order=asc/ HTTP/1.1" 200 16894
144.76.91.79 - - [24/Nov/2019:13:09:20 -0500] "GET /SIG/index.php/ECS/126PM04-PR98.pdf/?dir=Direccionamiento%20Estrategico// HTTP/1.1" 200 4249
144.76.91.79 - - [24/Nov/2019:13:09:21 -0500] "GET /SIG/index.php/ECS/126PM04-PR98.pdf/?dir=ECS// HTTP/1.1" 200 16895
34.220.50.144 - - [24/Nov/2019:13:09:22 -0500] "GET /galeria/nivo-slider/demo/inicio.html HTTP/1.1" 200 5154
144.76.91.79 - - [24/Nov/2019:13:09:23 -0500] "GET /SIG/index.php/ECS/126PM04-PR98.pdf/?dir=Gestion%20Documental// HTTP/1.1" 200 5851
46.229.168.152 - - [24/Nov/2019:13:09:23 -0500] "GET /Autoliquidacion/index.php?dir=Permiso%2Bde%2Bocupaci%C3%B3n%2Bde%2Bcauce%2F&order=desc&sort=name HTTP/1.1" 200 6621
186.84.20.16 - - [24/Nov/2019:13:09:24 -0500] "GET /BLA/resoluciones/RESOLUCIONES%202008/5178.pdf HTTP/1.1" 200 419951
144.76.91.79 - - [24/Nov/2019:13:09:25 -0500] "GET /SIG/index.php/ECS/126PM04-PR98.pdf/?dir=Gestion%20Recursos%20Financieros// HTTP/1.1" 200 9159
66.249.88.187 - - [24/Nov/2019:13:09:26 -0500] "GET /BLA/boletinlegal/js/jquery.scrollShow.js HTTP/1.1" 200 4586
66.249.88.191 - - [24/Nov/2019:13:09:26 -0500] "GET /galeria/galeria/jquery.fancybox.css?v=2.1.5 HTTP/1.1" 200 4895
66.249.88.191 - - [24/Nov/2019:13:09:26 -0500] "GET /galeria/galeria/jquery.fancybox.js?v=2.1.5 HTTP/1.1" 200 48706
144.76.91.79 - - [24/Nov/2019:13:09:27 -0500] "GET /SIG/index.php/ECS/126PM04-PR99.pdf/?dir=&sort=date&order=asc/ HTTP/1.1" 200 4959
144.76.91.79 - - [24/Nov/2019:13:09:28 -0500] "GET /SIG/index.php/ECS/126PM04-PR99.pdf/?dir=&sort=name&order=desc/ HTTP/1.1" 200 4959
144.76.91.79 - - [24/Nov/2019:13:09:30 -0500] "GET /SIG/index.php/ECS/126PM04-PR99.pdf/?dir=&sort=size&order=asc/ HTTP/1.1" 200 4959
144.76.91.79 - - [24/Nov/2019:13:09:32 -0500] "GET /SIG/index.php/ECS/126PM04-PR99.pdf/?dir=Comunicaciones// HTTP/1.1" 200 3186
144.76.91.79 - - [24/Nov/2019:13:09:33 -0500] "GET /SIG/index.php/ECS/126PM04-PR99.pdf/?dir=Control%20Disciplinario// HTTP/1.1" 200 2985
144.76.91.79 - - [24/Nov/2019:13:09:35 -0500] "GET /SIG/index.php/ECS/126PM04-PR99.pdf/?dir=Control%20Disciplinario//&sort=date&order=asc/ HTTP/1.1" 200 2984
144.76.91.79 - - [24/Nov/2019:13:09:37 -0500] "GET /SIG/index.php/ECS/126PM04-PR99.pdf/?dir=Control%20Disciplinario//&sort=name&order=desc/ HTTP/1.1" 200 2984
34.210.69.37 - - [24/Nov/2019:13:09:38 -0500] "GET /galeria/nivo-slider/demo/inicio.html HTTP/1.1" 200 5154
144.76.91.79 - - [24/Nov/2019:13:09:38 -0500] "GET /SIG/index.php/ECS/126PM04-PR99.pdf/?dir=Control%20Disciplinario//&sort=size&order=asc/ HTTP/1.1" 200 2984
66.249.66.82 - - [24/Nov/2019:13:09:40 -0500] "GET /BLA/resoluciones/RESOLUCIONES%202010/4196.pdf HTTP/1.1" 200 381611
144.76.91.79 - - [24/Nov/2019:13:09:40 -0500] "GET /SIG/index.php/ECS/126PM04-PR99.pdf/?dir=Control%20y%20mejora// HTTP/1.1" 200 3075
54.36.148.211 - - [24/Nov/2019:13:09:41 -0500] "GET /BLA/resoluciones/RESOLUCIONES%202005/RES%202005%20151-200/00000186.tif HTTP/1.1" 200 166032
144.76.91.79 - - [24/Nov/2019:13:09:42 -0500] "GET /SIG/index.php/ECS/126PM04-PR99.pdf/?dir=Control%20y%20mejora//&sort=date&order=asc/ HTTP/1.1" 200 3074
144.76.91.79 - - [24/Nov/2019:13:09:43 -0500] "GET /SIG/index.php/ECS/126PM04-PR99.pdf/?dir=Control%20y%20mejora//&sort=name&order=desc/ HTTP/1.1" 200 3074
144.76.91.79 - - [24/Nov/2019:13:09:45 -0500] "GET /SIG/index.php/ECS/126PM04-PR99.pdf/?dir=Control%20y%20mejora//&sort=size&order=asc/ HTTP/1.1" 200 3074
66.249.66.81 - - [24/Nov/2019:13:09:46 -0500] "GET /BLA/resoluciones/AUTOS%202015/2771.pdf HTTP/1.1" 200 643032
144.76.91.79 - - [24/Nov/2019:13:09:46 -0500] "GET /SIG/index.php/ECS/126PM04-PR99.pdf/?dir=Control%20y%20mejora//Control%20y%20mejora// HTTP/1.1" 200 3260
144.76.91.79 - - [24/Nov/2019:13:09:48 -0500] "GET /SIG/index.php/ECS/126PM04-PR99.pdf/?dir=Direccionamiento%20Estrategico// HTTP/1.1" 200 4249
144.76.91.79 - - [24/Nov/2019:13:09:50 -0500] "GET /SIG/index.php/ECS/126PM04-PR99.pdf/?dir=Direccionamiento%20Estrategico//&sort=date&order=asc/ HTTP/1.1" 200 4248
144.76.91.79 - - [24/Nov/2019:13:09:51 -0500] "GET /SIG/index.php/ECS/126PM04-PR99.pdf/?dir=Direccionamiento%20Estrategico//&sort=name&order=desc/ HTTP/1.1" 200 4248
144.76.91.79 - - [24/Nov/2019:13:09:53 -0500] "GET /SIG/index.php/ECS/126PM04-PR99.pdf/?dir=Direccionamiento%20Estrategico//&sort=size&order=asc/ HTTP/1.1" 200 4248
144.76.91.79 - - [24/Nov/2019:13:09:55 -0500] "GET /SIG/index.php/ECS/126PM04-PR99.pdf/?dir=ECS// HTTP/1.1" 200 16895
144.76.91.79 - - [24/Nov/2019:13:09:56 -0500] "GET /SIG/index.php/ECS/126PM04-PR99.pdf/?dir=ECS//&sort=date&order=asc/ HTTP/1.1" 200 16894
144.76.91.79 - - [24/Nov/2019:13:09:58 -0500] "GET /SIG/index.php/ECS/126PM04-PR99.pdf/?dir=ECS//&sort=name&order=desc/ HTTP/1.1" 200 16894
144.76.91.79 - - [24/Nov/2019:13:10:00 -0500] "GET /SIG/index.php/ECS/126PM04-PR99.pdf/?dir=ECS//&sort=size&order=asc/ HTTP/1.1" 200 16894
144.76.91.79 - - [24/Nov/2019:13:10:02 -0500] "GET /SIG/index.php/ECS/126PM04-PR99.pdf/?dir=Gestion%20Documental// HTTP/1.1" 200 5851
144.76.91.79 - - [24/Nov/2019:13:10:04 -0500] "GET /SIG/index.php/ECS/126PM04-PR99.pdf/?dir=Gestion%20Documental//&sort=date&order=asc/ HTTP/1.1" 200 5850
144.76.91.79 - - [24/Nov/2019:13:10:05 -0500] "GET /SIG/index.php/ECS/126PM04-PR99.pdf/?dir=Gestion%20Documental//&sort=name&order=desc/ HTTP/1.1" 200 5850
144.76.91.79 - - [24/Nov/2019:13:10:07 -0500] "GET /SIG/index.php/ECS/126PM04-PR99.pdf/?dir=Gestion%20Documental//&sort=size&order=asc/ HTTP/1.1" 200 5850
144.76.91.79 - - [24/Nov/2019:13:10:09 -0500] "GET /SIG/index.php/ECS/126PM04-PR99.pdf/?dir=Gestion%20Recursos%20Financieros// HTTP/1.1" 200 9159
144.76.91.79 - - [24/Nov/2019:13:10:11 -0500] "GET /SIG/index.php/ECS/126PM04-PR99.pdf/?dir=Gestion%20Recursos%20Financieros//&sort=date&order=asc/ HTTP/1.1" 200 9158
35.164.24.167 - - [24/Nov/2019:13:10:12 -0500] "GET /robots.txt HTTP/1.1" 404 1154
35.164.24.167 - - [24/Nov/2019:13:10:12 -0500] "GET / HTTP/1.1" 200 9990
144.76.91.79 - - [24/Nov/2019:13:10:12 -0500] "GET /SIG/index.php/ECS/126PM04-PR99.pdf/?dir=Gestion%20Recursos%20Financieros//&sort=name&order=desc/ HTTP/1.1" 200 9158
35.164.24.167 - - [24/Nov/2019:13:10:13 -0500] "GET /www.ambientebogota.gov.co/ HTTP/1.1" 404 1154
144.76.91.79 - - [24/Nov/2019:13:10:14 -0500] "GET /SIG/index.php/ECS/126PM04-PR99.pdf/?dir=Gestion%20Recursos%20Financieros//&sort=size&order=asc/ HTTP/1.1" 200 9158
144.76.91.79 - - [24/Nov/2019:13:10:16 -0500] "GET /SIG/index.php/Gestion%20Documental/126PA06-PR01%20CONTROL%20DOCUMENTOS%20SIG.pdf/?dir=&sort=date&order=asc/ HTTP/1.1" 200 5711
144.76.91.79 - - [24/Nov/2019:13:10:18 -0500] "GET /SIG/index.php/Gestion%20Documental/126PA06-PR01%20CONTROL%20DOCUMENTOS%20SIG.pdf/?dir=&sort=name&order=desc/ HTTP/1.1" 200 5711
144.76.91.79 - - [24/Nov/2019:13:10:19 -0500] "GET /SIG/index.php/Gestion%20Documental/126PA06-PR01%20CONTROL%20DOCUMENTOS%20SIG.pdf/?dir=&sort=size&order=asc/ HTTP/1.1" 200 5711
144.76.91.79 - - [24/Nov/2019:13:10:21 -0500] "GET /SIG/index.php/Gestion%20Documental/126PA06-PR01%20CONTROL%20DOCUMENTOS%20SIG.pdf/?dir=Comunicaciones// HTTP/1.1" 200 3482
144.76.91.79 - - [24/Nov/2019:13:10:23 -0500] "GET /SIG/index.php/Gestion%20Documental/126PA06-PR01%20CONTROL%20DOCUMENTOS%20SIG.pdf/?dir=Control%20Disciplinario// HTTP/1.1" 200 3281
66.249.66.83 - - [24/Nov/2019:13:10:24 -0500] "GET /BLA/resoluciones/RESOLUCIONES%202009/0761.pdf HTTP/1.1" 304 -
144.76.91.79 - - [24/Nov/2019:13:10:24 -0500] "GET /SIG/index.php/Gestion%20Documental/126PA06-PR01%20CONTROL%20DOCUMENTOS%20SIG.pdf/?dir=Control%20Disciplinario//&sort=size&order=asc/ HTTP/1.1" 200 3280
144.76.91.79 - - [24/Nov/2019:13:10:26 -0500] "GET /SIG/index.php/Gestion%20Documental/126PA06-PR01%20CONTROL%20DOCUMENTOS%20SIG.pdf/?dir=Control%20y%20mejora// HTTP/1.1" 200 3409
144.76.91.79 - - [24/Nov/2019:13:10:28 -0500] "GET /SIG/index.php/Gestion%20Documental/126PA06-PR01%20CONTROL%20DOCUMENTOS%20SIG.pdf/?dir=Control%20y%20mejora//&sort=name&order=desc/ HTTP/1.1" 200 3408
144.76.91.79 - - [24/Nov/2019:13:10:29 -0500] "GET /SIG/index.php/Gestion%20Documental/126PA06-PR01%20CONTROL%20DOCUMENTOS%20SIG.pdf/?dir=Control%20y%20mejora//&sort=size&order=asc/ HTTP/1.1" 200 3408
144.76.91.79 - - [24/Nov/2019:13:10:31 -0500] "GET /SIG/index.php/Gestion%20Documental/126PA06-PR01%20CONTROL%20DOCUMENTOS%20SIG.pdf/?dir=Direccionamiento%20Estrategico// HTTP/1.1" 200 4545
144.76.91.79 - - [24/Nov/2019:13:10:33 -0500] "GET /SIG/index.php/Gestion%20Documental/126PA06-PR01%20CONTROL%20DOCUMENTOS%20SIG.pdf/?dir=Direccionamiento%20Estrategico//&sort=date&order=asc/ HTTP/1.1" 200 4544
144.76.91.79 - - [24/Nov/2019:13:10:34 -0500] "GET /SIG/index.php/Gestion%20Documental/126PA06-PR01%20CONTROL%20DOCUMENTOS%20SIG.pdf/?dir=Direccionamiento%20Estrategico//&sort=name&order=desc/ HTTP/1.1" 200 4544
66.249.66.82 - - [24/Nov/2019:13:11:03 -0500] "GET /BLA/resoluciones/RESOLUCIONES%202008/2176.pdf HTTP/1.1" 200 276047
54.202.114.181 - - [24/Nov/2019:13:11:07 -0500] "GET /galeria/nivo-slider/demo/inicio.html HTTP/1.1" 200 5154
18.236.110.139 - - [24/Nov/2019:13:11:10 -0500] "GET /galeria/nivo-slider/demo/inicio.html HTTP/1.1" 200 5154
54.244.157.66 - - [24/Nov/2019:13:11:22 -0500] "GET /galeria/nivo-slider/demo/inicio.html HTTP/1.1" 200 5154
69.162.124.232 - - [24/Nov/2019:13:11:26 -0500] "HEAD / HTTP/1.1" 200 -
54.202.225.128 - - [24/Nov/2019:13:11:31 -0500] "GET /robots.txt HTTP/1.1" 404 1154
54.202.225.128 - - [24/Nov/2019:13:11:31 -0500] "GET / HTTP/1.1" 200 9990
54.202.225.128 - - [24/Nov/2019:13:11:32 -0500] "GET /www.ambientebogota.gov.co/ HTTP/1.1" 404 1154
34.216.178.89 - - [24/Nov/2019:13:12:44 -0500] "GET /galeria/nivo-slider/demo/inicio.html HTTP/1.1" 200 5154
66.249.66.81 - - [24/Nov/2019:13:13:00 -0500] "GET /BLA/resoluciones/AUTOS%202014/5253.pdf HTTP/1.1" 200 568999
181.115.129.176 - - [24/Nov/2019:13:13:10 -0500] "GET /galeria/galeria/jquery.fancybox.css?v=2.1.5 HTTP/1.1" 200 4895
181.115.129.176 - - [24/Nov/2019:13:13:10 -0500] "GET /BLA/boletinlegal/js/jquery.scrollShow.js HTTP/1.1" 200 4586
181.115.129.176 - - [24/Nov/2019:13:13:11 -0500] "GET /galeria/galeria/jquery.fancybox.js?v=2.1.5 HTTP/1.1" 200 48706
35.162.246.207 - - [24/Nov/2019:13:13:14 -0500] "GET /galeria/nivo-slider/demo/inicio.html HTTP/1.1" 200 5154
54.218.86.74 - - [24/Nov/2019:13:13:30 -0500] "GET /robots.txt HTTP/1.1" 404 1154
54.218.86.74 - - [24/Nov/2019:13:13:30 -0500] "GET / HTTP/1.1" 200 9990
54.218.86.74 - - [24/Nov/2019:13:13:31 -0500] "GET /www.ambientebogota.gov.co/ HTTP/1.1" 404 1154
66.249.66.82 - - [24/Nov/2019:13:13:39 -0500] "GET /BLA/resoluciones/AUTOS%202018/4490.pdf HTTP/1.1" 304 -
66.249.88.187 - - [24/Nov/2019:13:13:39 -0500] "GET /galeria/galeria/jquery.fancybox.css?v=2.1.5 HTTP/1.1" 200 4895
66.249.88.191 - - [24/Nov/2019:13:13:39 -0500] "GET /BLA/boletinlegal/js/jquery.scrollShow.js HTTP/1.1" 200 4586
66.249.88.187 - - [24/Nov/2019:13:13:39 -0500] "GET /galeria/galeria/jquery.fancybox.js?v=2.1.5 HTTP/1.1" 200 48706
192.168.175.104 - - [24/Nov/2019:13:13:45 -0500] "GET / HTTP/1.0" 200 9990
192.168.175.104 - - [24/Nov/2019:13:13:53 -0500] "GET / HTTP/1.1" 200 9990
34.220.240.192 - - [24/Nov/2019:13:13:57 -0500] "GET /galeria/nivo-slider/demo/inicio.html HTTP/1.1" 200 5154
186.84.88.159 - - [24/Nov/2019:13:13:57 -0500] "-" 408 -
115.225.194.1 - - [24/Nov/2019:13:14:14 -0500] "GET /galeria/TECHO12.jpg HTTP/1.1" 404 1015
52.37.28.130 - - [24/Nov/2019:13:14:16 -0500] "GET /galeria/nivo-slider/demo/inicio.html HTTP/1.1" 200 5154
66.249.66.81 - - [24/Nov/2019:13:14:18 -0500] "GET /BLA/resoluciones/AUTOS%202018/4490.pdf HTTP/1.1" 304 -
54.202.233.59 - - [24/Nov/2019:13:14:45 -0500] "GET /robots.txt HTTP/1.1" 404 1154
54.202.233.59 - - [24/Nov/2019:13:14:45 -0500] "GET / HTTP/1.1" 200 9990
54.202.233.59 - - [24/Nov/2019:13:14:46 -0500] "GET /www.ambientebogota.gov.co/ HTTP/1.1" 404 1154
190.163.126.61 - - [24/Nov/2019:13:14:50 -0500] "GET /galeria/galeria/fotos/Humedal-la-Isla1G.jpg HTTP/1.1" 200 216243
66.249.66.81 - - [24/Nov/2019:13:14:59 -0500] "GET /BLA/resoluciones/AUTOS%202014/7037.pdf HTTP/1.1" 200 74905
66.249.66.81 - - [24/Nov/2019:13:15:36 -0500] "GET /BLA/resoluciones/AUTOS%202018/2452.pdf HTTP/1.1" 304 -
191.95.30.159 - - [24/Nov/2019:13:15:36 -0500] "GET /BLA/boletinlegal/jurisprudencia/analisis/CUADRO%20ANALISIS%20SENTENCIA%20T-411%20DE%201992.doc HTTP/1.1" 200 41984
186.154.33.233 - - [24/Nov/2019:13:15:39 -0500] "GET /galeria/galeria/jquery.fancybox.css?v=2.1.5 HTTP/1.1" 200 4895
186.154.33.233 - - [24/Nov/2019:13:15:39 -0500] "GET /BLA/boletinlegal/js/jquery.scrollShow.js HTTP/1.1" 200 4586
186.154.33.233 - - [24/Nov/2019:13:15:39 -0500] "GET /galeria/galeria/jquery.fancybox.js?v=2.1.5 HTTP/1.1" 200 48706
35.166.219.102 - - [24/Nov/2019:13:15:59 -0500] "GET /galeria/nivo-slider/demo/inicio.html HTTP/1.1" 200 5154
40.77.167.134 - - [24/Nov/2019:13:16:03 -0500] "GET /Autoliquidacion/TR%C3%83%C2%81MITES%20MINER%C3%83%C2%8DA/Terminos%20de%20Referencia%20para%20evaluaci%C3%83%C2%B3n%20de%20PMRRA.doc HTTP/1.1" 404 1019
34.221.124.163 - - [24/Nov/2019:13:16:05 -0500] "GET /robots.txt HTTP/1.1" 404 1154
187.138.175.134 - - [24/Nov/2019:13:16:05 -0500] "GET /galeria/galeria/jquery.fancybox.css?v=2.1.5 HTTP/1.1" 200 4895
187.138.175.134 - - [24/Nov/2019:13:16:05 -0500] "GET /BLA/boletinlegal/js/jquery.scrollShow.js HTTP/1.1" 200 4586
34.221.124.163 - - [24/Nov/2019:13:16:05 -0500] "GET / HTTP/1.1" 200 9990
187.138.175.134 - - [24/Nov/2019:13:16:05 -0500] "GET /galeria/galeria/jquery.fancybox.js?v=2.1.5 HTTP/1.1" 200 48706
34.221.124.163 - - [24/Nov/2019:13:16:06 -0500] "GET /www.ambientebogota.gov.co/ HTTP/1.1" 404 1154
200.118.144.35 - - [24/Nov/2019:13:16:07 -0500] "GET /BLA/boletinlegal/js/jquery.scrollShow.js HTTP/1.1" 200 4586
200.118.144.35 - - [24/Nov/2019:13:16:07 -0500] "GET /galeria/galeria/jquery.fancybox.css?v=2.1.5 HTTP/1.1" 200 4895
200.118.144.35 - - [24/Nov/2019:13:16:07 -0500] "GET /galeria/galeria/jquery.fancybox.js?v=2.1.5 HTTP/1.1" 200 48706
54.36.150.44 - - [24/Nov/2019:13:16:11 -0500] "GET /BLA/resoluciones/RESOLUCIONES%202005/RES%202005%201101-1150/00001108.tif HTTP/1.1" 200 83420
66.249.66.82 - - [24/Nov/2019:13:16:15 -0500] "GET /BLA/resoluciones/AUTOS%202010/3624.pdf HTTP/1.1" 200 1606925
66.249.88.189 - - [24/Nov/2019:13:16:17 -0500] "GET /BLA/boletinlegal/js/jquery.scrollShow.js HTTP/1.1" 200 4586
66.249.88.187 - - [24/Nov/2019:13:16:17 -0500] "GET /galeria/galeria/jquery.fancybox.js?v=2.1.5 HTTP/1.1" 200 48706
66.249.88.191 - - [24/Nov/2019:13:16:17 -0500] "GET /galeria/galeria/jquery.fancybox.css?v=2.1.5 HTTP/1.1" 200 4895
66.249.88.187 - - [24/Nov/2019:13:16:17 -0500] "GET /galeria/carrusel/Carrusel/jquery.thumbnailScroller.css HTTP/1.1" 200 2066
66.249.88.189 - - [24/Nov/2019:13:16:17 -0500] "GET /galeria/carrusel/Carrusel/jquery-ui-1.8.13.custom.min.js HTTP/1.1" 200 10800
66.249.88.187 - - [24/Nov/2019:13:16:17 -0500] "GET /galeria/carrusel/Carrusel/jquery.thumbnailScroller.js HTTP/1.1" 200 8157
66.249.88.187 - - [24/Nov/2019:13:16:18 -0500] "GET /galeria/nivo-slider/demo/inicio.html HTTP/1.1" 200 5154
66.249.88.189 - - [24/Nov/2019:13:16:19 -0500] "GET /galeria/nivo-slider/themes/default/default.css HTTP/1.1" 200 1569
66.249.88.187 - - [24/Nov/2019:13:16:19 -0500] "GET /galeria/nivo-slider/themes/pascal/pascal.css HTTP/1.1" 200 2258
66.249.88.189 - - [24/Nov/2019:13:16:19 -0500] "GET /galeria/nivo-slider/demo/images/bannerclimabog.jpg HTTP/1.1" 200 170671
66.249.88.191 - - [24/Nov/2019:13:16:19 -0500] "GET /galeria/nivo-slider/themes/orman/orman.css HTTP/1.1" 200 2152
66.249.88.189 - - [24/Nov/2019:13:16:19 -0500] "GET /galeria/nivo-slider/nivo-slider.css HTTP/1.1" 200 1507
66.249.88.191 - - [24/Nov/2019:13:16:19 -0500] "GET /galeria/nivo-slider/demo/style.css HTTP/1.1" 200 2222
66.249.88.187 - - [24/Nov/2019:13:16:19 -0500] "GET /galeria/nivo-slider/demo/scripts/jquery-1.7.1.min.js HTTP/1.1" 200 93868
66.249.88.189 - - [24/Nov/2019:13:16:19 -0500] "GET /galeria/nivo-slider/jquery.nivo.slider.pack.js HTTP/1.1" 200 11561
66.249.88.189 - - [24/Nov/2019:13:16:19 -0500] "GET /galeria/nivo-slider/demo/images/bannerrendicion.jpg HTTP/1.1" 200 153938
66.249.88.187 - - [24/Nov/2019:13:16:19 -0500] "GET /galeria/nivo-slider/demo/images/Bannerpread.jpg HTTP/1.1" 200 256621
66.249.88.191 - - [24/Nov/2019:13:16:19 -0500] "GET /galeria/nivo-slider/demo/images/bannerwebmusgo.jpg HTTP/1.1" 200 367364
66.249.88.189 - - [24/Nov/2019:13:16:19 -0500] "GET /galeria/nivo-slider/demo/images/iniciativas-Ambientales.jpg HTTP/1.1" 200 201405
66.249.88.187 - - [24/Nov/2019:13:16:19 -0500] "GET /galeria/nivo-slider/demo/images/4Simple_Slider.png HTTP/1.1" 200 11722
66.249.88.189 - - [24/Nov/2019:13:16:19 -0500] "GET /galeria/nivo-slider/themes/default/loading.gif HTTP/1.1" 200 1737
66.249.88.187 - - [24/Nov/2019:13:16:19 -0500] "GET /galeria/nivo-slider/demo/images/Bannerveterinaria.jpg HTTP/1.1" 200 254705
66.249.88.187 - - [24/Nov/2019:13:16:19 -0500] "GET /galeria/nivo-slider/demo/images/bannerincendios.jpg HTTP/1.1" 200 206070
66.249.88.191 - - [24/Nov/2019:13:16:19 -0500] "GET /galeria/nivo-slider/demo/images/banneragendamiento.jpg HTTP/1.1" 200 116897
66.249.88.187 - - [24/Nov/2019:13:16:20 -0500] "GET /galeria/nivo-slider/demo/images/Banner%20tinguas.jpg HTTP/1.1" 200 214878
66.249.88.189 - - [24/Nov/2019:13:16:20 -0500] "GET /galeria/nivo-slider/demo/images/Bannerserpiente2019.jpg HTTP/1.1" 200 270374
