200.69.87.158 - - [28/Nov/2019:01:39:20 -0500] "GET /galeria/nivo-slider/demo/images/Banneranonimos.png HTTP/1.1" 200 109388
200.69.87.158 - - [28/Nov/2019:01:39:21 -0500] "GET /galeria/nivo-slider/themes/default/loading.gif HTTP/1.1" 200 1737
200.69.87.158 - - [28/Nov/2019:01:39:21 -0500] "GET /galeria/nivo-slider/themes/default/arrows.png HTTP/1.1" 200 824
200.69.87.158 - - [28/Nov/2019:01:39:21 -0500] "GET /galeria/nivo-slider/themes/default/bullets.png HTTP/1.1" 200 1281
66.249.65.250 - - [28/Nov/2019:01:39:34 -0500] "GET /BLA/resoluciones/RESOLUCIONES%202016/1668.pdf HTTP/1.1" 200 593272
66.249.65.250 - - [28/Nov/2019:01:40:03 -0500] "GET /BLA/resoluciones/AUTOS%202014/6633.pdf HTTP/1.1" 200 454534
66.249.65.250 - - [28/Nov/2019:01:40:10 -0500] "GET /BLA/resoluciones/AUTOS%202018/3005.pdf HTTP/1.1" 200 275317
66.249.65.250 - - [28/Nov/2019:01:40:18 -0500] "GET /BLA/resoluciones/AUTOS%202017/1148.pdf HTTP/1.1" 200 467752
66.249.65.250 - - [28/Nov/2019:01:40:27 -0500] "GET /BLA/resoluciones/RESOLUCIONES%202013/1041.pdf HTTP/1.1" 200 3093114
66.249.65.250 - - [28/Nov/2019:01:40:57 -0500] "GET /BLA/resoluciones/AUTOS%202017/5042.pdf HTTP/1.1" 200 258700
186.154.59.95 - - [28/Nov/2019:01:41:00 -0500] "GET /galeria/galeria/jquery.fancybox.css?v=2.1.5 HTTP/1.1" 200 4895
186.154.59.95 - - [28/Nov/2019:01:41:00 -0500] "GET /BLA/boletinlegal/js/jquery.scrollShow.js HTTP/1.1" 200 4586
186.154.59.95 - - [28/Nov/2019:01:41:00 -0500] "GET /galeria/galeria/jquery.fancybox.js?v=2.1.5 HTTP/1.1" 200 48706
1.31.96.239 - - [28/Nov/2019:01:41:03 -0500] "GET /BLA/resoluciones/index.php?dir=RESOLUCIONES%2B1997/&sort=name&order=asc HTTP/1.1" 200 12073
66.249.65.254 - - [28/Nov/2019:01:41:08 -0500] "GET /BLA/resoluciones/AUTOS%202016/0835.pdf HTTP/1.1" 200 481112
54.36.148.180 - - [28/Nov/2019:01:41:31 -0500] "GET /galeria/galeria/fotos/Entrenube4G.jpg HTTP/1.1" 200 171047
66.249.65.199 - - [28/Nov/2019:01:41:48 -0500] "GET /SIG/Gesti%C3%83%C2%B3n%20Ambiental/126PM03-PR02.pdf HTTP/1.1" 404 1019
66.249.65.252 - - [28/Nov/2019:01:41:56 -0500] "GET /BLA/resoluciones/AUTOS%202017/2469.pdf HTTP/1.1" 200 511566
66.249.65.250 - - [28/Nov/2019:01:42:20 -0500] "GET /BLA/resoluciones/AUTOS%202016/1744.pdf HTTP/1.1" 200 478254
54.36.148.71 - - [28/Nov/2019:01:42:45 -0500] "GET /BLA/resoluciones/RESOLUCIONES%202004/RES%202004%20351-400/00000357.tif HTTP/1.1" 200 117536
66.249.65.250 - - [28/Nov/2019:01:42:58 -0500] "GET /BLA/resoluciones/AUTOS%202007/3425.pdf HTTP/1.1" 200 164243
192.168.175.104 - - [28/Nov/2019:01:43:17 -0500] "GET / HTTP/1.1" 200 9990
200.125.228.170 - - [28/Nov/2019:01:43:28 -0500] "GET /galeria/galeria/jquery.fancybox.css?v=2.1.5 HTTP/1.1" 200 4895
200.125.228.170 - - [28/Nov/2019:01:43:28 -0500] "GET /BLA/boletinlegal/js/jquery.scrollShow.js HTTP/1.1" 200 4586
200.125.228.170 - - [28/Nov/2019:01:43:28 -0500] "GET /galeria/galeria/jquery.fancybox.js?v=2.1.5 HTTP/1.1" 200 48706
192.168.175.104 - - [28/Nov/2019:01:43:31 -0500] "GET / HTTP/1.0" 200 9990
69.162.124.232 - - [28/Nov/2019:01:44:03 -0500] "HEAD / HTTP/1.1" 200 -
66.249.65.250 - - [28/Nov/2019:01:44:37 -0500] "GET /BLA/resoluciones/AUTOS%202017/2830.pdf HTTP/1.1" 200 378770
66.249.65.252 - - [28/Nov/2019:01:44:54 -0500] "GET /BLA/resoluciones/AUTOS%202014/4519.pdf HTTP/1.1" 200 428667
157.55.39.35 - - [28/Nov/2019:01:44:58 -0500] "GET /SIG/Gesti%C3%B3n%20Ambiental/126PM03-PR06.pdf HTTP/1.1" 200 572888
66.249.65.250 - - [28/Nov/2019:01:45:01 -0500] "GET /BLA/resoluciones/RESOLUCIONES%202008/0701.pdf HTTP/1.1" 200 65589
66.249.65.250 - - [28/Nov/2019:01:45:12 -0500] "GET /BLA/resoluciones/RESOLUCIONES%202009/0555.pdf HTTP/1.1" 200 711875
66.249.65.250 - - [28/Nov/2019:01:45:26 -0500] "GET /BLA/resoluciones/AUTOS%202018/4559.pdf HTTP/1.1" 200 220696
189.202.49.91 - - [28/Nov/2019:01:46:13 -0500] "GET /Residuos/cosmeticos/files/guia_cosmeticos-aseo.pdf HTTP/1.1" 200 13926317
181.59.220.122 - - [28/Nov/2019:01:46:48 -0500] "GET /BLA/boletinlegal/js/jquery.scrollShow.js HTTP/1.1" 200 4586
181.59.220.122 - - [28/Nov/2019:01:46:48 -0500] "GET /galeria/galeria/jquery.fancybox.js?v=2.1.5 HTTP/1.1" 200 48706
181.59.220.122 - - [28/Nov/2019:01:46:48 -0500] "GET /galeria/galeria/jquery.fancybox.css?v=2.1.5 HTTP/1.1" 200 4895
181.59.220.122 - - [28/Nov/2019:01:46:48 -0500] "GET /galeria/carrusel/Carrusel/jquery.thumbnailScroller.css HTTP/1.1" 200 2066
181.59.220.122 - - [28/Nov/2019:01:46:48 -0500] "GET /galeria/carrusel/Carrusel/jquery-ui-1.8.13.custom.min.js HTTP/1.1" 200 10800
181.59.220.122 - - [28/Nov/2019:01:46:48 -0500] "GET /galeria/carrusel/Carrusel/jquery.thumbnailScroller.js HTTP/1.1" 200 8157
66.249.65.250 - - [28/Nov/2019:01:47:01 -0500] "GET /BLA/resoluciones/RESOLUCIONES%202009/0925.pdf HTTP/1.1" 200 602631
54.36.150.70 - - [28/Nov/2019:01:47:52 -0500] "GET /BLA/resoluciones/RESOLUCIONES%202003/RES%202003%20901-950/919.tif HTTP/1.1" 200 1511868
192.168.175.104 - - [28/Nov/2019:01:48:15 -0500] "GET / HTTP/1.1" 200 9990
192.168.175.104 - - [28/Nov/2019:01:48:29 -0500] "GET / HTTP/1.0" 200 9990
179.6.47.103 - - [28/Nov/2019:01:48:38 -0500] "GET /galeria/galeria/jquery.fancybox.css?v=2.1.5 HTTP/1.1" 200 4895
179.6.47.103 - - [28/Nov/2019:01:48:38 -0500] "GET /BLA/boletinlegal/js/jquery.scrollShow.js HTTP/1.1" 200 4586
179.6.47.103 - - [28/Nov/2019:01:48:38 -0500] "GET /galeria/galeria/jquery.fancybox.js?v=2.1.5 HTTP/1.1" 200 48706
216.194.126.119 - - [28/Nov/2019:01:48:39 -0500] "GET /galeria/galeria/jquery.fancybox.js?v=2.1.5 HTTP/1.1" 200 48706
216.194.126.119 - - [28/Nov/2019:01:48:39 -0500] "GET /BLA/boletinlegal/js/jquery.scrollShow.js HTTP/1.1" 200 4586
216.194.126.119 - - [28/Nov/2019:01:48:39 -0500] "GET /galeria/galeria/jquery.fancybox.css?v=2.1.5 HTTP/1.1" 200 4895
66.249.65.250 - - [28/Nov/2019:01:48:41 -0500] "GET /BLA/resoluciones/RESOLUCIONES%202008/3740.pdf HTTP/1.1" 200 242537
181.234.15.57 - - [28/Nov/2019:01:48:51 -0500] "GET /galeria/galeria/jquery.fancybox.css?v=2.1.5 HTTP/1.1" 200 4895
181.234.15.57 - - [28/Nov/2019:01:48:51 -0500] "GET /galeria/galeria/jquery.fancybox.js?v=2.1.5 HTTP/1.1" 200 48706
216.194.126.119 - - [28/Nov/2019:01:48:52 -0500] "GET /BLA/boletinlegal/js/jquery.scrollShow.js HTTP/1.1" 200 4586
216.194.126.119 - - [28/Nov/2019:01:48:52 -0500] "GET /galeria/galeria/jquery.fancybox.js?v=2.1.5 HTTP/1.1" 200 48706
216.194.126.119 - - [28/Nov/2019:01:48:52 -0500] "GET /galeria/galeria/jquery.fancybox.css?v=2.1.5 HTTP/1.1" 200 4895
69.162.124.232 - - [28/Nov/2019:01:49:03 -0500] "HEAD / HTTP/1.1" 200 -
66.249.65.252 - - [28/Nov/2019:01:49:17 -0500] "GET /BLA/resoluciones/AUTOS%202015/5647.pdf HTTP/1.1" 200 577181
181.188.161.29 - - [28/Nov/2019:01:49:17 -0500] "GET /BLA/boletinlegal/js/jquery.scrollShow.js HTTP/1.1" 200 4586
181.188.161.29 - - [28/Nov/2019:01:49:17 -0500] "GET /galeria/galeria/jquery.fancybox.js?v=2.1.5 HTTP/1.1" 200 48706
181.188.161.29 - - [28/Nov/2019:01:49:17 -0500] "GET /galeria/galeria/jquery.fancybox.css?v=2.1.5 HTTP/1.1" 200 4895
181.188.161.29 - - [28/Nov/2019:01:49:27 -0500] "GET /galeria/galeria/jquery.fancybox.js?v=2.1.5 HTTP/1.1" 200 48706
181.188.161.29 - - [28/Nov/2019:01:49:27 -0500] "GET /BLA/boletinlegal/js/jquery.scrollShow.js HTTP/1.1" 200 4586
181.188.161.29 - - [28/Nov/2019:01:49:27 -0500] "GET /galeria/galeria/jquery.fancybox.css?v=2.1.5 HTTP/1.1" 200 4895
40.77.167.151 - - [28/Nov/2019:01:49:34 -0500] "GET /SIG/Gestion%20Documental/126PA06-PR07%20CONTROL%20Y%20TRAMITE%20CORRESPONDENCIA%20EXT%20RECIBIDA.pdf HTTP/1.1" 200 369841
66.249.65.250 - - [28/Nov/2019:01:49:47 -0500] "GET /BLA/resoluciones/AUTOS%202016/2701.pdf HTTP/1.1" 200 696175
66.249.65.250 - - [28/Nov/2019:01:49:58 -0500] "GET /BLA/resoluciones/AUTOS%202015/0201.pdf HTTP/1.1" 200 565894
66.249.65.201 - - [28/Nov/2019:01:50:15 -0500] "GET /SIG/Gesti%C3%83%C2%B3n%20Ambiental/126PM03-PR29.pdf HTTP/1.1" 404 1019
66.249.65.250 - - [28/Nov/2019:01:50:24 -0500] "GET /BLA/resoluciones/AUTOS%202015/3737.pdf HTTP/1.1" 200 530338
66.249.65.250 - - [28/Nov/2019:01:50:49 -0500] "GET /BLA/resoluciones/RESOLUCIONES%202010/1224.pdf HTTP/1.1" 200 127700
66.249.65.250 - - [28/Nov/2019:01:51:05 -0500] "GET /BLA/resoluciones/RESOLUCIONES%202009/4056.pdf HTTP/1.1" 200 190092
66.249.65.250 - - [28/Nov/2019:01:51:18 -0500] "GET /BLA/resoluciones/RESOLUCIONES%202008/2828.pdf HTTP/1.1" 200 257539
216.244.66.197 - - [28/Nov/2019:01:51:44 -0500] "GET /re/Talleres/papel/imagenes%20papel/barra%20papel/?C=S;O=D HTTP/1.1" 404 1019
66.249.65.250 - - [28/Nov/2019:01:51:45 -0500] "GET /BLA/resoluciones/AUTOS%202015/1408.pdf HTTP/1.1" 200 664385
207.46.13.52 - - [28/Nov/2019:01:51:52 -0500] "GET /catalogoisis/ HTTP/1.1" 200 8575
66.249.68.27 - - [28/Nov/2019:01:51:56 -0500] "GET /Publicaciones/2019EE218447.pdf HTTP/1.1" 404 228
66.249.65.250 - - [28/Nov/2019:01:51:59 -0500] "GET /BLA/resoluciones/RESOLUCIONES%202011/0329.pdf HTTP/1.1" 200 66927
66.249.65.250 - - [28/Nov/2019:01:52:06 -0500] "GET /BLA/resoluciones/RESOLUCIONES%202018/1098.pdf HTTP/1.1" 200 389113
66.249.65.250 - - [28/Nov/2019:01:52:21 -0500] "GET /BLA/resoluciones/RESOLUCIONES%202016/2425.pdf HTTP/1.1" 200 487890
157.55.39.194 - - [28/Nov/2019:01:52:22 -0500] "GET /galeria/galeria/fotos/diaSC14.jpg HTTP/1.1" 200 136685
66.249.65.250 - - [28/Nov/2019:01:52:35 -0500] "GET /BLA/resoluciones/AUTOS%202015/2607.pdf HTTP/1.1" 200 537711
190.24.25.175 - - [28/Nov/2019:01:52:43 -0500] "GET /galeria/galeria/jquery.fancybox.css?v=2.1.5 HTTP/1.1" 200 4895
190.24.25.175 - - [28/Nov/2019:01:52:44 -0500] "GET /BLA/boletinlegal/js/jquery.scrollShow.js HTTP/1.1" 200 4586
190.24.25.175 - - [28/Nov/2019:01:52:44 -0500] "GET /galeria/galeria/jquery.fancybox.js?v=2.1.5 HTTP/1.1" 200 48706
192.168.175.104 - - [28/Nov/2019:01:53:13 -0500] "GET / HTTP/1.1" 200 9990
66.249.65.252 - - [28/Nov/2019:01:53:20 -0500] "GET /BLA/resoluciones/AUTOS%202015/6442.pdf HTTP/1.1" 200 283599
192.168.175.104 - - [28/Nov/2019:01:53:27 -0500] "GET / HTTP/1.0" 200 9990
66.249.65.252 - - [28/Nov/2019:01:53:36 -0500] "GET /BLA/resoluciones/RESOLUCIONES%202010/6746.pdf HTTP/1.1" 200 340713
69.162.124.232 - - [28/Nov/2019:01:54:03 -0500] "HEAD / HTTP/1.1" 200 -
66.249.65.254 - - [28/Nov/2019:01:54:27 -0500] "GET /BLA/resoluciones/AUTOS%202017/3521.pdf HTTP/1.1" 200 5039850
66.249.88.191 - - [28/Nov/2019:01:55:04 -0500] "GET /BLA/boletinlegal/js/jquery.scrollShow.js HTTP/1.1" 200 4586
66.249.88.189 - - [28/Nov/2019:01:55:04 -0500] "GET /galeria/galeria/jquery.fancybox.js?v=2.1.5 HTTP/1.1" 200 48706
66.249.88.189 - - [28/Nov/2019:01:55:04 -0500] "GET /galeria/galeria/jquery.fancybox.css?v=2.1.5 HTTP/1.1" 200 4895
216.244.66.195 - - [28/Nov/2019:01:56:44 -0500] "GET /BLA/resoluciones/AUTOS%202014/1445.pdf HTTP/1.1" 200 713865
216.244.66.195 - - [28/Nov/2019:01:56:49 -0500] "GET /BLA/resoluciones/AUTOS%202014/1540.pdf HTTP/1.1" 200 430120
216.244.66.195 - - [28/Nov/2019:01:56:54 -0500] "GET /BLA/resoluciones/AUTOS%202014/1638.pdf HTTP/1.1" 200 657115
66.249.65.254 - - [28/Nov/2019:01:57:35 -0500] "GET /BLA/resoluciones/AUTOS%202011/6492.pdf HTTP/1.1" 200 163771
192.168.175.104 - - [28/Nov/2019:01:58:11 -0500] "GET / HTTP/1.1" 200 9990
192.168.175.104 - - [28/Nov/2019:01:58:26 -0500] "GET / HTTP/1.0" 200 9990
69.162.124.232 - - [28/Nov/2019:01:59:03 -0500] "HEAD / HTTP/1.1" 200 -
216.244.66.195 - - [28/Nov/2019:01:59:15 -0500] "GET /BLA/resoluciones/AUTOS%202014/1720.pdf HTTP/1.1" 200 621494
66.249.65.201 - - [28/Nov/2019:01:59:24 -0500] "GET /silvicultura/13.pdf HTTP/1.1" 200 222445
54.36.149.103 - - [28/Nov/2019:01:59:54 -0500] "GET /BLA/resoluciones/index.php?dir=RESOLUCIONES+2005%2FRES+2005+2051-2100%2F HTTP/1.1" 200 12352
216.244.66.195 - - [28/Nov/2019:02:00:05 -0500] "GET /BLA/resoluciones/AUTOS%202014/1920.pdf HTTP/1.1" 200 222388
66.249.65.250 - - [28/Nov/2019:02:00:43 -0500] "GET /BLA/resoluciones/AUTOS%202014/5381.pdf HTTP/1.1" 200 631416
179.32.220.10 - - [28/Nov/2019:02:00:57 -0500] "GET /galeria/galeria/jquery.fancybox.css?v=2.1.5 HTTP/1.1" 200 4895
179.32.220.10 - - [28/Nov/2019:02:00:57 -0500] "GET /BLA/boletinlegal/js/jquery.scrollShow.js HTTP/1.1" 200 4586
179.32.220.10 - - [28/Nov/2019:02:00:57 -0500] "GET /galeria/galeria/jquery.fancybox.js?v=2.1.5 HTTP/1.1" 200 48706
66.249.65.250 - - [28/Nov/2019:02:02:04 -0500] "GET /BLA/resoluciones/AUTOS%202018/3359.pdf HTTP/1.1" 200 368634
216.244.66.195 - - [28/Nov/2019:02:02:25 -0500] "GET /BLA/resoluciones/AUTOS%202014/2309.pdf HTTP/1.1" 200 504138
192.168.175.104 - - [28/Nov/2019:02:03:09 -0500] "GET / HTTP/1.1" 200 9990
216.244.66.195 - - [28/Nov/2019:02:03:15 -0500] "GET /BLA/resoluciones/AUTOS%202014/2414.pdf HTTP/1.1" 200 755752
192.168.175.104 - - [28/Nov/2019:02:03:24 -0500] "GET / HTTP/1.0" 200 9990
66.249.65.250 - - [28/Nov/2019:02:03:51 -0500] "GET /BLA/resoluciones/RESOLUCIONES%202010/7821.pdf HTTP/1.1" 200 422394
54.36.150.124 - - [28/Nov/2019:02:03:52 -0500] "GET /BLA/resoluciones/RESOLUCIONES%202003/RES%202003%201651-1700/20031677.tif HTTP/1.1" 200 80112
69.162.124.232 - - [28/Nov/2019:02:04:03 -0500] "HEAD / HTTP/1.1" 200 -
66.249.65.250 - - [28/Nov/2019:02:04:11 -0500] "GET /BLA/resoluciones/AUTOS%202014/2166.pdf HTTP/1.1" 200 740080
66.249.65.250 - - [28/Nov/2019:02:04:23 -0500] "GET /BLA/resoluciones/AUTOS%202015/3293.pdf HTTP/1.1" 200 577469
66.249.65.252 - - [28/Nov/2019:02:04:34 -0500] "GET /BLA/resoluciones/AUTOS%202013/1765.pdf HTTP/1.1" 200 362800
66.249.83.83 - - [28/Nov/2019:02:04:43 -0500] "GET /galeria/galeria/jquery.fancybox.css?v=2.1.5 HTTP/1.1" 200 4895
66.249.83.83 - - [28/Nov/2019:02:04:43 -0500] "GET /galeria/galeria/jquery.fancybox.css?v=2.1.5 HTTP/1.1" 200 4895
66.249.83.83 - - [28/Nov/2019:02:04:43 -0500] "GET /galeria/galeria/jquery.fancybox.js?v=2.1.5 HTTP/1.1" 200 48706
66.249.83.81 - - [28/Nov/2019:02:04:43 -0500] "GET /BLA/boletinlegal/js/jquery.scrollShow.js HTTP/1.1" 200 4586
66.249.83.82 - - [28/Nov/2019:02:04:43 -0500] "GET /galeria/galeria/jquery.fancybox.js?v=2.1.5 HTTP/1.1" 200 48706
66.249.83.82 - - [28/Nov/2019:02:04:44 -0500] "GET /galeria/galeria/jquery.fancybox.css?v=2.1.5 HTTP/1.1" 304 -
66.249.83.83 - - [28/Nov/2019:02:04:44 -0500] "GET /galeria/galeria/jquery.fancybox.js?v=2.1.5 HTTP/1.1" 304 -
66.249.83.83 - - [28/Nov/2019:02:04:44 -0500] "GET /galeria/galeria/jquery.fancybox.css?v=2.1.5 HTTP/1.1" 304 -
66.249.65.201 - - [28/Nov/2019:02:04:56 -0500] "GET /SIG/Gesti%C3%83%C2%B3n%20Ambiental/126PM03-PR28.pdf HTTP/1.1" 404 1019
66.249.65.250 - - [28/Nov/2019:02:05:11 -0500] "GET /BLA/resoluciones/AUTOS%202014/3195.pdf HTTP/1.1" 200 458834
66.249.65.252 - - [28/Nov/2019:02:05:19 -0500] "GET /BLA/resoluciones/Autos%202008/2080.pdf HTTP/1.1" 200 98515
66.249.65.250 - - [28/Nov/2019:02:05:25 -0500] "GET /BLA/resoluciones/AUTOS%202018/1763.pdf HTTP/1.1" 200 310729
216.244.66.195 - - [28/Nov/2019:02:05:35 -0500] "GET /BLA/resoluciones/AUTOS%202014/2827.pdf HTTP/1.1" 200 121108
66.249.65.250 - - [28/Nov/2019:02:05:38 -0500] "GET /BLA/resoluciones/AUTOS%202015/0107.pdf HTTP/1.1" 200 562411
66.249.65.250 - - [28/Nov/2019:02:06:26 -0500] "GET /BLA/resoluciones/RESOLUCIONES%202017/1888.pdf HTTP/1.1" 200 764804
54.36.150.101 - - [28/Nov/2019:02:06:48 -0500] "GET /BLA/resoluciones/RESOLUCIONES%202003/RES%202003%201601-1650/20031622.tif HTTP/1.1" 200 120182
66.249.65.250 - - [28/Nov/2019:02:06:55 -0500] "GET /BLA/resoluciones/RESOLUCIONES%202016/0642.pdf HTTP/1.1" 200 480547
66.249.65.250 - - [28/Nov/2019:02:07:02 -0500] "GET /BLA/resoluciones/AUTOS%202014/0259.pdf HTTP/1.1" 200 716825
181.140.209.168 - - [28/Nov/2019:02:07:19 -0500] "GET /galeria/galeria/jquery.fancybox.css?v=2.1.5 HTTP/1.1" 200 4895
181.140.209.168 - - [28/Nov/2019:02:07:19 -0500] "GET /BLA/boletinlegal/js/jquery.scrollShow.js HTTP/1.1" 200 4586
181.140.209.168 - - [28/Nov/2019:02:07:19 -0500] "GET /galeria/galeria/jquery.fancybox.js?v=2.1.5 HTTP/1.1" 200 48706
66.249.65.250 - - [28/Nov/2019:02:07:26 -0500] "GET /BLA/resoluciones/AUTOS%202008/2154.pdf HTTP/1.1" 200 288606
66.249.73.83 - - [28/Nov/2019:02:07:33 -0500] "GET /portel_dama/libreria/pdf/ecosistemas/areas_prot/sitio/xtras/2.pdf HTTP/1.1" 404 1015
66.249.65.252 - - [28/Nov/2019:02:07:36 -0500] "GET /BLA/resoluciones/RESOLUCIONES%202008/3741.pdf HTTP/1.1" 200 222718
216.244.66.195 - - [28/Nov/2019:02:07:39 -0500] "GET /BLA/resoluciones/AUTOS%202014/2832.pdf HTTP/1.1" 200 292203
66.249.65.252 - - [28/Nov/2019:02:07:46 -0500] "GET /BLA/resoluciones/RESOLUCIONES%202009/5142.pdf HTTP/1.1" 200 769579
66.249.65.199 - - [28/Nov/2019:02:07:56 -0500] "GET /SIG/Gesti%C3%83%C2%B3n%20Ambiental/126PM03-PR14.pdf HTTP/1.1" 404 1019
66.249.65.250 - - [28/Nov/2019:02:08:00 -0500] "GET /BLA/resoluciones/RESOLUCIONES%202010/5564.pdf HTTP/1.1" 200 506010
23.100.232.233 - - [28/Nov/2019:02:08:06 -0500] "GET /BLA/resoluciones/RESOLUCIONES%202017/2767.pdf HTTP/1.1" 200 2357434
66.249.65.252 - - [28/Nov/2019:02:08:06 -0500] "GET /BLA/resoluciones/AUTOS%202018/2345.pdf HTTP/1.1" 200 219489
192.168.175.104 - - [28/Nov/2019:02:08:08 -0500] "GET / HTTP/1.1" 200 9990
192.168.175.104 - - [28/Nov/2019:02:08:22 -0500] "GET / HTTP/1.0" 200 9990
69.162.124.232 - - [28/Nov/2019:02:09:03 -0500] "HEAD / HTTP/1.1" 200 -
66.249.65.254 - - [28/Nov/2019:02:09:08 -0500] "GET /BLA/resoluciones/AUTOS%202017/1256.pdf HTTP/1.1" 200 322751
66.249.65.254 - - [28/Nov/2019:02:09:15 -0500] "GET /BLA/resoluciones/RESOLUCIONES%202010/4501.pdf HTTP/1.1" 200 4070663
181.234.15.57 - - [28/Nov/2019:02:09:40 -0500] "GET /BLA/boletinlegal/js/jquery.scrollShow.js HTTP/1.1" 200 4586
216.244.66.195 - - [28/Nov/2019:02:09:43 -0500] "GET /BLA/resoluciones/AUTOS%202015/0189.pdf HTTP/1.1" 200 459748
66.249.65.225 - - [28/Nov/2019:02:09:59 -0500] "GET /BLA/resoluciones/AUTOS%202014/4351.pdf HTTP/1.1" 200 497637
66.249.65.252 - - [28/Nov/2019:02:10:07 -0500] "GET /BLA/resoluciones/AUTOS%202017/0076.pdf HTTP/1.1" 200 517172
216.244.66.195 - - [28/Nov/2019:02:10:33 -0500] "GET /BLA/resoluciones/AUTOS%202015/0519.pdf HTTP/1.1" 200 566395
54.36.148.107 - - [28/Nov/2019:02:10:34 -0500] "GET /BLA/resoluciones/RESOLUCIONES%202003/RES%202003%20051-100/2003RES79.tif HTTP/1.1" 200 462972
216.244.66.195 - - [28/Nov/2019:02:12:53 -0500] "GET /BLA/resoluciones/AUTOS%202015/0543.pdf HTTP/1.1" 200 543943
192.168.175.104 - - [28/Nov/2019:02:13:07 -0500] "GET / HTTP/1.1" 200 9990
46.229.168.149 - - [28/Nov/2019:02:13:13 -0500] "GET /robots.txt HTTP/1.1" 404 1019
46.229.168.138 - - [28/Nov/2019:02:13:13 -0500] "GET /Anexos%20estudio%20Organizacional%20SDA/index.php?dir=ANEXO%2BNo.%2B3-%2BCONTRATACI%C3%83%C2%83%C3%82%C2%83%C3%83%C2%82%C3%82%C2%83%C3%83%C2%83%C3%82%C2%82%C3%83%C2%82%C3%82%C2%83%C3%83%C2%83%C3%82%C2%83%C3%83%C2%82%C3%82%C2%82%C3%83%C2%83%C3%82%C2%82%C3%83%C2%82%C3%82%C2%83%C3%83%C2%83%C3%82%C2%83%C3%83%C2%82%C3%82%C2%83%C3%83%C2%83%C3%82%C2%82%C3%83%C2%82%C3%82%C2%82%C3%83%C2%83%C3%82%C2%83%C3%83%C2%82%C3%82%C2%82%C3%83%C2%83%C3%82%C2%82%C3%83%C2%82%C3%82%C2%83%C3%83%C2%83%C3%82%C2%83%C3%83%C2%82%C3%82%C2%83%C3%83%C2%83%C3%82%C2%82%C3%83%C2%82%C3%82%C2%83%C3%83%C2%83%C3%82%C2%83%C3%83%C2%82%C3%82%C2%82%C3%83%C2%83%C3%82%C2%82%C3%83%C2%82%C3%82%C2%82%C3%83%C2%83%C3%82%C2%83%C3%83%C2%82%C3%82%C2%83%C3%83%C2%83%C3%82%C2%82%C3%83%C2%82%C3%82%C2%82%C3%83%C2%83%C3%82%C2%83%C3%83%C2%82%C3%82%C2%82%C3%83%C2%83%C3%82%C2%82%C3%83%C2%82%C3%82%C2%83%C3%83%C2%83%C3%82%C2%83%C3%83%C2%82%C3%82%C2%83%C3%83%C2%83%C3%82%C2%82%C3%83%C2%82%C3%82%C2%83%C3%83%C2%83%C3%82%C2%83%C3%83%C2%82%C3%82%C2%82%C3%83%C2%83%C3%82%C2%82%C3%83%C2%82%C3%82%C2%83%C3%83%C2%83%C3%82%C2%83%C3%83%C2%82%C3%82%C2%83%C3%83%C2%83%C3%82%C2%82%C3%83%C2%82%C3%82%C2%82%C3%83%C2%83%C3%82%C2%83%C3%83%C2%82%C3%82%C2%82%C3%83%C2%83%C3%82%C2%82%C3%83%C2%82%C3%82%C2%82%C3%83%C2%83%C3%82%C2%83%C3%83%C2%82%C3%82%C2%83%C3%83%C2%83%C3%82%C2%82%C3%83%C2%82%C3%82%C2%83%C3%83%C2%83%C3%82%C2%83%C3%83%C2%82%C3%82%C2%82%C3%83%C2%83%C3%82%C2%82%C3%83%C2%82%C3%82%C2%82%C3%83%C2%83%C3%82%C2%83%C3%83%C2%82%C3%82%C2%83%C3%83%C2%83%C3%82%C2%82%C3%83%C2%82%C3%82%C2%82%C3%83%C2%83%C3%82%C2%83%C3%83%C2%82%C3%82%C2%82%C3%83%C2%83%C3%82%C2%82%C3%83%C2%82%C3%82%C2%93N%2B%2BOPS%C3%83%C2%83%C3%82%C2%83%C3%83%C2%82%C3%82%C2%83%C3%83%C2%83%C3%82%C2%82%C3%83%C2%82%C3%82%C2%83%C3%83%C2%83%C3%82%C2%83%C3%83%C2%82%C3%82%C2%82%C3%83%C2%83%C3%82%C2%82%C3%83%C2%82%C3%82%C2%83%C3%83%C2%83%C3%82%C2%83%C3%83%C2%82%C3%82%C2%83%C3%83%C2%83%C3%82%C2%82%C3%83%C2%82%C3%82%C2%82%C3%83%C2%83%C3%82%C2%83%C3%83%C2%82%C3%82%C2%82%C3%83%C2%83%C3%82%C2%82%C3%83%C2%82%C3%82%C2%83%C3%83%C2%83%C3%82%C2%83%C3%83%C2%82%C3%82%C2%83%C3%83%C2%83%C3%82%C2%82%C3%83%C2%82%C3%82%C2%83%C3%83%C2%83%C3%82%C2%83%C3%83%C2%82%C3%82%C2%82%C3%83%C2%83%C3%82%C2%82%C3%83%C2%82%C3%82%C2%82%C3%83%C2%83%C3%82%C2%83%C3%83%C2%82%C3%82%C2%83%C3%83%C2%83%C3%82%C2%82%C3%83%C2%82%C3%82%C2%82%C3%83%C2%83%C3%82%C2%83%C3%83%C2%82%C3%82%C2%82%C3%83%C2%83%C3%82%C2%82%C3%83%C2%82%C3%82%C2%82%C3%83%C2%83%C3%82%C2%83%C3%83%C2%82%C3%82%C2%83%C3%83%C2%83%C3%82%C2%82%C3%83%C2%82%C3%82%C2%83%C3%83%C2%83%C3%82%C2%83%C3%83%C2%82%C3%82%C2%82%C3%83%C2%83%C3%82%C2%82%C3%83%C2%82%C3%82%C2%83%C3%83%C2%83%C3%82%C2%83%C3%83%C2%82%C3%82%C2%83%C3%83%C2%83%C3%82%C2%82%C3%83%C2%82%C3%82%C2%82%C3%83%C2%83%C3%82%C2%83%C3%83%C2%82%C3%82%C2%82%C3%83%C2%83%C3%82%C2%82%C3%83%C2%82%C3%82%C2%82%C3%83%C2%83%C3%82%C2%83%C3%83%C2%82%C3%82%C2%83%C3%83%C2%83%C3%82%C2%82%C3%83%C2%82%C3%82%C2%83%C3%83%C2%83%C3%82%C2%83%C3%83%C2%82%C3%82%C2%82%C3%83%C2%83%C3%82%C2%82%C3%83%C2%82%C3%82%C2%82%C3%83%C2%83%C3%82%C2%83%C3%83%C2%82%C3%82%C2%83%C3%83%C2%83%C3%82%C2%82%C3%83%C2%82%C3%82%C2%82%C3%83%C2%83%C3%82%C2%83%C3%83%C2%82%C3%82%C2%82%C3%83%C2%83%C3%82%C2%82%C3%83%C2%82%C3%82%C2%B4s%2B2008-2012%2F&order=desc&sort=size HTTP/1.1" 200 9204
66.249.65.250 - - [28/Nov/2019:02:13:13 -0500] "GET /BLA/resoluciones/RESOLUCIONES%202008/3702.pdf HTTP/1.1" 200 155722
66.249.65.250 - - [28/Nov/2019:02:13:20 -0500] "GET /BLA/resoluciones/RESOLUCIONES%202007/RES%202007%20901%20AL%201000/RESOLUCION%200929%20DE%202007.pdf HTTP/1.1" 200 188741
192.168.175.104 - - [28/Nov/2019:02:13:21 -0500] "GET / HTTP/1.0" 200 9990
66.249.65.250 - - [28/Nov/2019:02:13:35 -0500] "GET /BLA/resoluciones/RESOLUCIONES%202011/5118.pdf HTTP/1.1" 200 447963
66.249.65.250 - - [28/Nov/2019:02:13:47 -0500] "GET /ial/presentaciones/pte1/1.pdf HTTP/1.1" 404 1018
69.162.124.232 - - [28/Nov/2019:02:14:03 -0500] "HEAD / HTTP/1.1" 200 -
66.249.65.250 - - [28/Nov/2019:02:14:03 -0500] "GET /BLA/resoluciones/RESOLUCIONES%202009/4153.pdf HTTP/1.1" 200 780888
66.249.65.252 - - [28/Nov/2019:02:14:38 -0500] "GET /BLA/resoluciones/RESOLUCIONES%202010/5942.pdf HTTP/1.1" 200 341684
66.249.65.250 - - [28/Nov/2019:02:14:45 -0500] "GET /BLA/resoluciones/RESOLUCIONES%202011/3285.pdf HTTP/1.1" 200 283898
66.249.65.250 - - [28/Nov/2019:02:14:52 -0500] "GET /BLA/resoluciones/RESOLUCIONES%202013/0589.pdf HTTP/1.1" 304 -
66.249.65.250 - - [28/Nov/2019:02:14:52 -0500] "GET /BLA/resoluciones/RESOLUCIONES%202007/RES%202007%203201%20AL%203300/RESOLUCION%203290%20DE%202007.pdf HTTP/1.1" 200 93731
66.249.65.203 - - [28/Nov/2019:02:15:00 -0500] "GET /SIG/Gesti%C3%83%C2%B3n%20Ambiental/126PM03-PR12.pdf HTTP/1.1" 404 1019
66.249.65.254 - - [28/Nov/2019:02:15:02 -0500] "GET /BLA/resoluciones/Autos%202008/1748.pdf HTTP/1.1" 200 186219
66.249.65.252 - - [28/Nov/2019:02:15:09 -0500] "GET /BLA/resoluciones/RESOLUCIONES%202008/1802.pdf HTTP/1.1" 200 391835
216.244.66.195 - - [28/Nov/2019:02:15:13 -0500] "GET /BLA/resoluciones/AUTOS%202015/0693.pdf HTTP/1.1" 200 587361
54.36.148.27 - - [28/Nov/2019:02:15:18 -0500] "GET /BLA/resoluciones/RESOLUCIONES%202003/RES%202003%202101-2150/20032101.tif HTTP/1.1" 200 75396
66.249.65.252 - - [28/Nov/2019:02:15:19 -0500] "GET /BLA/resoluciones/AUTOS%202013/1163.pdf HTTP/1.1" 200 758428
54.36.150.33 - - [28/Nov/2019:02:15:34 -0500] "GET /galeria/galeria/fotos/Encuentro-de-Movimientos-sociales4G.jpg HTTP/1.1" 200 112421
69.65.79.99 - - [28/Nov/2019:02:15:51 -0500] "POST /editBlackAndWhiteList HTTP/1.1" 404 1015
66.249.65.201 - - [28/Nov/2019:02:16:09 -0500] "GET /SIG/Gesti%C3%83%C2%B3n%20Ambiental/126PM03-PR26.pdf HTTP/1.1" 404 1019
66.249.65.250 - - [28/Nov/2019:02:16:22 -0500] "GET /BLA/resoluciones/RESOLUCIONES%202008/5717.pdf HTTP/1.1" 200 250039
66.249.65.250 - - [28/Nov/2019:02:16:29 -0500] "GET /BLA/resoluciones/AUTOS%202007/2995.pdf HTTP/1.1" 200 84263
66.249.65.197 - - [28/Nov/2019:02:16:42 -0500] "GET /portel_dama/libreria/php/2006/restauracion/55_artic/xtras/10.pdf HTTP/1.1" 404 1019
66.249.65.199 - - [28/Nov/2019:02:17:04 -0500] "GET /portel_dama/libreria/php/2006/ECOSISTEMAS%20FINAL%20web_mz27/humedales/sitio/22_pol/xtras/1.pdf HTTP/1.1" 404 1019
216.244.66.195 - - [28/Nov/2019:02:17:33 -0500] "GET /BLA/resoluciones/AUTOS%202015/0728.pdf HTTP/1.1" 200 464878
186.155.146.252 - - [28/Nov/2019:02:17:35 -0500] "GET /galeria/galeria/jquery.fancybox.css?v=2.1.5 HTTP/1.1" 200 4895
186.155.146.252 - - [28/Nov/2019:02:17:35 -0500] "GET /BLA/boletinlegal/js/jquery.scrollShow.js HTTP/1.1" 200 4586
186.155.146.252 - - [28/Nov/2019:02:17:35 -0500] "GET /galeria/galeria/jquery.fancybox.js?v=2.1.5 HTTP/1.1" 200 48706
201.245.192.253 - - [28/Nov/2019:02:16:50 -0500] "POST /kwsrmcab/Wsrmcab HTTP/1.1" 200 29808
201.245.192.253 - - [28/Nov/2019:02:16:50 -0500] "POST /kwsrmcab/Wsrmcab HTTP/1.1" 200 29795
192.168.175.104 - - [28/Nov/2019:02:18:05 -0500] "GET / HTTP/1.1" 200 9990
192.168.175.104 - - [28/Nov/2019:02:18:18 -0500] "GET / HTTP/1.0" 200 9990
201.245.192.253 - - [28/Nov/2019:02:17:50 -0500] "POST /kwsrmcab/Wsrmcab HTTP/1.1" 200 29808
69.162.124.232 - - [28/Nov/2019:02:19:03 -0500] "HEAD / HTTP/1.1" 200 -
66.249.65.252 - - [28/Nov/2019:02:19:17 -0500] "GET /BLA/resoluciones/RESOLUCIONES%202011/6302.pdf HTTP/1.1" 200 800796
66.249.65.203 - - [28/Nov/2019:02:19:27 -0500] "GET /SIG/Gesti%C3%83%C2%B3n%20Ambiental/126PM03-PR27.pdf HTTP/1.1" 404 1019
66.249.65.250 - - [28/Nov/2019:02:19:42 -0500] "GET /BLA/resoluciones/RESOLUCIONES%202008/2523.pdf HTTP/1.1" 200 424388
216.244.66.195 - - [28/Nov/2019:02:19:53 -0500] "GET /BLA/resoluciones/AUTOS%202015/1004.pdf HTTP/1.1" 200 233839
216.244.66.195 - - [28/Nov/2019:02:20:54 -0500] "GET /BLA/resoluciones/AUTOS%202015/1162.pdf HTTP/1.1" 200 204661
66.249.65.250 - - [28/Nov/2019:02:21:02 -0500] "GET /BLA/resoluciones/RESOLUCIONES%202010/2554.pdf HTTP/1.1" 200 539503
66.249.65.252 - - [28/Nov/2019:02:21:18 -0500] "GET /BLA/resoluciones/AUTOS%202017/4628.pdf HTTP/1.1" 200 1114677
66.249.65.250 - - [28/Nov/2019:02:21:33 -0500] "GET /portel_dama/libreria/php/2006/ECOSISTEMAS%20FINAL%20web_mz27/x%20restauracion/sitio/22_proye/xtras_in/3a.pdf HTTP/1.1" 404 1018
66.249.65.252 - - [28/Nov/2019:02:21:58 -0500] "GET /resoluciones/RESOLUCIONES%202007/RES%202007%20701%20AL%20800/RESOLUCION%200717%20DE%202007.pdf HTTP/1.1" 404 1018
216.244.66.195 - - [28/Nov/2019:02:22:05 -0500] "GET /BLA/resoluciones/AUTOS%202015/1281.pdf HTTP/1.1" 200 598727
66.249.65.250 - - [28/Nov/2019:02:22:40 -0500] "GET /BLA/resoluciones/RESOLUCIONES%202008/4368.pdf HTTP/1.1" 200 851863
192.168.175.104 - - [28/Nov/2019:02:23:03 -0500] "GET / HTTP/1.1" 200 9990
5.255.250.154 - - [28/Nov/2019:02:23:15 -0500] "GET /robots.txt HTTP/1.1" 404 1019
192.168.175.104 - - [28/Nov/2019:02:23:16 -0500] "GET / HTTP/1.0" 200 9990
5.255.250.154 - - [28/Nov/2019:02:23:19 -0500] "GET /PruebasSTORM/StormSDA_pruebas/userFiles/user_files/formulas/3/551.xml HTTP/1.1" 200 993
66.249.65.201 - - [28/Nov/2019:02:23:39 -0500] "GET /portel_dama/libreria/php/2006/ECOSISTEMAS%20FINAL%20web_mz27/x%20restauracion/sitio/55_artic/xtras/2.pdf HTTP/1.1" 404 1019
69.162.124.232 - - [28/Nov/2019:02:24:03 -0500] "HEAD / HTTP/1.1" 200 -
66.249.65.250 - - [28/Nov/2019:02:25:05 -0500] "GET /BLA/resoluciones/RESOLUCIONES%202017/3352.pdf HTTP/1.1" 200 428622
66.249.65.250 - - [28/Nov/2019:02:25:20 -0500] "GET /BLA/resoluciones/RESOLUCIONES%202017/0186.pdf HTTP/1.1" 200 392231
66.249.65.250 - - [28/Nov/2019:02:25:30 -0500] "GET /BLA/resoluciones/AUTOS%202007/0505.pdf HTTP/1.1" 200 18133
66.249.65.250 - - [28/Nov/2019:02:25:40 -0500] "GET /BLA/resoluciones/AUTOS%202011/4864.pdf HTTP/1.1" 200 1226765
66.249.65.252 - - [28/Nov/2019:02:25:49 -0500] "GET /BLA/resoluciones/AUTOS%202017/2478.pdf HTTP/1.1" 200 273692
66.249.65.254 - - [28/Nov/2019:02:26:05 -0500] "GET /BLA/resoluciones/AUTOS%202016/0492.pdf HTTP/1.1" 200 624933
216.244.66.197 - - [28/Nov/2019:02:26:43 -0500] "GET /Anexos%20estudio%20Organizacional%20SDA/ANEXO%20No.%208%20-%20MATRICES%20DE%20REGISTRO%20Y%20DE%20SALIDA%20MEDICI%EF%BF%BDN%20CARGAS%20LABORALES%20SDA/3.%20Direccion%20de%20Planeacion/Planeacion.xls HTTP/1.1" 404 1019
66.249.65.250 - - [28/Nov/2019:02:26:46 -0500] "GET /BLA/resoluciones/RESOLUCIONES%202011/0329.pdf HTTP/1.1" 200 66927
5.255.250.75 - - [28/Nov/2019:02:27:15 -0500] "GET /PruebasSTORM/StormSDA_pruebas/userFiles/user_files/listas/157.xml HTTP/1.1" 200 196
201.245.192.253 - - [28/Nov/2019:02:26:50 -0500] "POST /kwsrmcab/Wsrmcab HTTP/1.1" 200 29808
201.245.192.253 - - [28/Nov/2019:02:26:50 -0500] "POST /kwsrmcab/Wsrmcab HTTP/1.1" 200 29795
190.131.153.45 - - [28/Nov/2019:02:27:25 -0500] "GET /BLA/boletinlegal/js/jquery.scrollShow.js HTTP/1.1" 200 4586
190.131.153.45 - - [28/Nov/2019:02:27:25 -0500] "GET /galeria/galeria/jquery.fancybox.js?v=2.1.5 HTTP/1.1" 200 48706
190.131.153.45 - - [28/Nov/2019:02:27:26 -0500] "GET /galeria/galeria/jquery.fancybox.css?v=2.1.5 HTTP/1.1" 200 4895
27.17.177.85 - - [28/Nov/2019:02:27:29 -0500] "GET /BLA/boletinlegal/Circulares/2014/Circular%20No.%203%20del%2014%20de%20Noviembre%20de%202014.pdf HTTP/1.1" 200 104132
190.131.153.45 - - [28/Nov/2019:02:27:53 -0500] "GET /BLA/boletinlegal/js/jquery.scrollShow.js HTTP/1.1" 200 4586
190.131.153.45 - - [28/Nov/2019:02:27:53 -0500] "GET /galeria/galeria/jquery.fancybox.js?v=2.1.5 HTTP/1.1" 200 48706
190.131.153.45 - - [28/Nov/2019:02:27:53 -0500] "GET /galeria/galeria/jquery.fancybox.css?v=2.1.5 HTTP/1.1" 200 4895
192.168.175.104 - - [28/Nov/2019:02:28:00 -0500] "GET / HTTP/1.1" 200 9990
192.168.175.104 - - [28/Nov/2019:02:28:14 -0500] "GET / HTTP/1.0" 200 9990
54.36.150.96 - - [28/Nov/2019:02:28:16 -0500] "GET /BLA/resoluciones/RESOLUCIONES%202002/RES%202002%201401-1450/20021419.tif HTTP/1.1" 200 111774
66.249.65.252 - - [28/Nov/2019:02:28:57 -0500] "GET /BLA/resoluciones/AUTOS%202017/2429.pdf HTTP/1.1" 200 1924542
69.162.124.232 - - [28/Nov/2019:02:29:03 -0500] "HEAD / HTTP/1.1" 200 -
190.131.153.45 - - [28/Nov/2019:02:29:41 -0500] "GET /BLA/boletinlegal/js/jquery.scrollShow.js HTTP/1.1" 200 4586
190.131.153.45 - - [28/Nov/2019:02:29:41 -0500] "GET /galeria/galeria/jquery.fancybox.js?v=2.1.5 HTTP/1.1" 200 48706
190.131.153.45 - - [28/Nov/2019:02:29:41 -0500] "GET /galeria/galeria/jquery.fancybox.css?v=2.1.5 HTTP/1.1" 200 4895
66.249.65.252 - - [28/Nov/2019:02:30:22 -0500] "GET /resoluciones/RESOLUCIONES%202009/0584.pdf HTTP/1.1" 404 1018
66.249.65.250 - - [28/Nov/2019:02:30:25 -0500] "GET /portel_dama/libreria/pdf/ecosistemas/restauracion/sitio/22_proye/xtras_in/3a.pdf HTTP/1.1" 404 1018
66.249.65.201 - - [28/Nov/2019:02:30:28 -0500] "GET /dama/libreria/pdf/pigas/PIGA_JB/ANEXO8.pdf HTTP/1.1" 404 1019
66.249.65.250 - - [28/Nov/2019:02:30:30 -0500] "GET /BLA/resoluciones/RESOLUCIONES%202008/0392.pdf HTTP/1.1" 200 273552
40.77.167.151 - - [28/Nov/2019:02:30:34 -0500] "GET /BLA/boletinlegal/Circulares/2012/Circular%20No.%208%20del%2021%20de%20Agosto%20de%202012.pdf HTTP/1.1" 200 963197
20.36.244.102 - - [28/Nov/2019:02:30:52 -0500] "GET /noticias/rssambiente.php HTTP/1.1" 200 10578
54.36.150.67 - - [28/Nov/2019:02:32:25 -0500] "GET /BLA/resoluciones/RESOLUCIONES%202003/RES%202003%20001-050/2003RES29.tif HTTP/1.1" 200 164656
216.244.66.197 - - [28/Nov/2019:02:32:26 -0500] "GET /re/Talleres/papel/imagenes%20papel/fotos%20papel/?C=D;O=A HTTP/1.1" 404 1019
192.168.175.104 - - [28/Nov/2019:02:33:00 -0500] "GET / HTTP/1.1" 200 9990
192.168.175.104 - - [28/Nov/2019:02:33:13 -0500] "GET / HTTP/1.0" 200 9990
66.249.65.197 - - [28/Nov/2019:02:33:30 -0500] "GET /portel_dama/libreria/php/2006/ECOSISTEMAS%20FINAL%20web_mz27/x%20restauracion/sitio/22_proye/xtras_in/4.pdf HTTP/1.1" 404 1019
66.249.65.250 - - [28/Nov/2019:02:33:31 -0500] "GET /BLA/resoluciones/RESOLUCIONES%202011/0256.pdf HTTP/1.1" 200 306093
69.162.124.232 - - [28/Nov/2019:02:34:03 -0500] "HEAD / HTTP/1.1" 200 -
66.249.65.252 - - [28/Nov/2019:02:34:14 -0500] "GET /BLA/resoluciones/AUTOS%202013/2701.pdf HTTP/1.1" 200 394736
201.245.192.253 - - [28/Nov/2019:02:36:50 -0500] "POST /kwsrmcab/Wsrmcab HTTP/1.1" 200 29795
192.168.175.104 - - [28/Nov/2019:02:37:58 -0500] "GET / HTTP/1.1" 200 9990
192.168.175.104 - - [28/Nov/2019:02:38:11 -0500] "GET / HTTP/1.0" 200 9990
66.249.65.252 - - [28/Nov/2019:02:38:21 -0500] "GET /BLA/resoluciones/RESOLUCIONES%202009/4847.pdf HTTP/1.1" 200 566781
40.77.167.151 - - [28/Nov/2019:02:38:43 -0500] "GET /portalsiaccapacitaciones/Listas%20de%20Asistencia%202017/Lista%20de%20Asistencia%20Buenas%20Practicas%20Ambientales.pdf HTTP/1.1" 200 4777090
216.244.66.195 - - [28/Nov/2019:02:38:58 -0500] "GET /BLA/resoluciones/AUTOS%202014/0167.pdf HTTP/1.1" 200 571519
69.162.124.232 - - [28/Nov/2019:02:39:03 -0500] "HEAD / HTTP/1.1" 200 -
216.244.66.195 - - [28/Nov/2019:02:39:03 -0500] "GET /BLA/resoluciones/AUTOS%202014/0553.pdf HTTP/1.1" 200 374733
216.244.66.195 - - [28/Nov/2019:02:39:08 -0500] "GET /BLA/resoluciones/AUTOS%202014/0648.pdf HTTP/1.1" 200 494374
186.81.96.250 - - [28/Nov/2019:02:39:18 -0500] "GET /galeria/galeria/jquery.fancybox.css?v=2.1.5 HTTP/1.1" 200 4895
186.81.96.250 - - [28/Nov/2019:02:39:18 -0500] "GET /BLA/boletinlegal/js/jquery.scrollShow.js HTTP/1.1" 200 4586
186.81.96.250 - - [28/Nov/2019:02:39:18 -0500] "GET /galeria/galeria/jquery.fancybox.js?v=2.1.5 HTTP/1.1" 200 48706
54.36.150.76 - - [28/Nov/2019:02:40:02 -0500] "GET /BLA/resoluciones/index.php?dir=RESOLUCIONES%202004/RES%202004%201351-1400/&sort=date&order=asc HTTP/1.1" 200 12359
216.244.66.195 - - [28/Nov/2019:02:41:28 -0500] "GET /BLA/resoluciones/AUTOS%202014/0790.pdf HTTP/1.1" 200 554599
66.249.65.254 - - [28/Nov/2019:02:41:29 -0500] "GET /BLA/resoluciones/AUTOS%202017/3493.pdf HTTP/1.1" 200 1470634
66.249.65.250 - - [28/Nov/2019:02:41:47 -0500] "GET /BLA/resoluciones/AUTOS%202008/1955.pdf HTTP/1.1" 200 94747
46.229.168.154 - - [28/Nov/2019:02:42:09 -0500] "GET /robots.txt HTTP/1.1" 404 1019
46.229.168.149 - - [28/Nov/2019:02:42:09 -0500] "GET /BLA/boletinlegal/jurisprudencia.php HTTP/1.1" 200 17573
201.233.234.204 - - [28/Nov/2019:02:42:17 -0500] "GET /inicio/ HTTP/1.1" 404 1341
201.233.234.204 - - [28/Nov/2019:02:42:18 -0500] "GET /inicio/ HTTP/1.1" 404 1341
54.36.148.206 - - [28/Nov/2019:02:42:31 -0500] "GET /BLA/resoluciones/RESOLUCIONES%202002/RES%202002%201451-1500/20021486.tif HTTP/1.1" 200 44446
66.249.65.197 - - [28/Nov/2019:02:42:39 -0500] "GET /galeria/galeria/fotos/Daisy.jpg HTTP/1.1" 200 2133736
66.249.65.197 - - [28/Nov/2019:02:42:44 -0500] "GET /galeria/galeria/fotos/lupita.jpg HTTP/1.1" 200 2180639
192.168.175.104 - - [28/Nov/2019:02:42:57 -0500] "GET / HTTP/1.1" 200 9990
192.168.175.104 - - [28/Nov/2019:02:43:10 -0500] "GET / HTTP/1.0" 200 9990
216.244.66.195 - - [28/Nov/2019:02:43:46 -0500] "GET /BLA/resoluciones/AUTOS%202014/0854.pdf HTTP/1.1" 200 598474
69.162.124.232 - - [28/Nov/2019:02:44:03 -0500] "HEAD / HTTP/1.1" 200 -
157.55.39.210 - - [28/Nov/2019:02:44:10 -0500] "GET /robots.txt HTTP/1.1" 404 1049
216.244.66.195 - - [28/Nov/2019:02:44:36 -0500] "GET /BLA/resoluciones/AUTOS%202014/1389.pdf HTTP/1.1" 200 342143
66.249.65.252 - - [28/Nov/2019:02:44:37 -0500] "GET /BLA/resoluciones/RESOLUCIONES%202008/4711.pdf HTTP/1.1" 200 338408
66.249.65.197 - - [28/Nov/2019:02:44:46 -0500] "GET /portel_dama/libreria/php/2006/restauracion/22_proye/xtras_in/4.pdf HTTP/1.1" 404 1019
186.113.10.19 - - [28/Nov/2019:02:44:55 -0500] "GET /galeria/nivo-slider/demo/images/bannerclimabog.jpg HTTP/1.1" 304 -
66.249.65.197 - - [28/Nov/2019:02:44:57 -0500] "GET /galeria/galeria/fotos/juan-amarillo3G.jpg HTTP/1.1" 200 328975
157.55.39.194 - - [28/Nov/2019:02:45:34 -0500] "GET /BLA/resoluciones/ HTTP/1.1" 200 11866
186.119.69.15 - - [28/Nov/2019:02:46:18 -0500] "GET /BLA/boletinlegal/js/jquery.scrollShow.js HTTP/1.1" 200 4586
186.119.69.15 - - [28/Nov/2019:02:46:18 -0500] "GET /galeria/galeria/jquery.fancybox.js?v=2.1.5 HTTP/1.1" 200 48706
186.119.69.15 - - [28/Nov/2019:02:46:18 -0500] "GET /galeria/galeria/jquery.fancybox.css?v=2.1.5 HTTP/1.1" 200 4895
186.119.69.15 - - [28/Nov/2019:02:46:18 -0500] "GET /galeria/carrusel/Carrusel/jquery.thumbnailScroller.css HTTP/1.1" 200 2066
186.119.69.15 - - [28/Nov/2019:02:46:18 -0500] "GET /galeria/carrusel/Carrusel/jquery-ui-1.8.13.custom.min.js HTTP/1.1" 200 10800
186.119.69.15 - - [28/Nov/2019:02:46:18 -0500] "GET /galeria/carrusel/Carrusel/jquery.thumbnailScroller.js HTTP/1.1" 200 8157
186.119.69.15 - - [28/Nov/2019:02:46:23 -0500] "GET /galeria/nivo-slider/demo/inicio.html HTTP/1.1" 200 4213
186.119.69.15 - - [28/Nov/2019:02:46:23 -0500] "GET /galeria/nivo-slider/themes/default/default.css HTTP/1.1" 200 1569
186.119.69.15 - - [28/Nov/2019:02:46:23 -0500] "GET /galeria/nivo-slider/themes/pascal/pascal.css HTTP/1.1" 200 2258
186.119.69.15 - - [28/Nov/2019:02:46:23 -0500] "GET /galeria/nivo-slider/themes/orman/orman.css HTTP/1.1" 200 2152
186.119.69.15 - - [28/Nov/2019:02:46:23 -0500] "GET /galeria/nivo-slider/demo/style.css HTTP/1.1" 200 2222
186.119.69.15 - - [28/Nov/2019:02:46:23 -0500] "GET /galeria/nivo-slider/demo/images/Banner%20practicas%20sostenibles.jpg HTTP/1.1" 200 142958
186.119.69.15 - - [28/Nov/2019:02:46:23 -0500] "GET /galeria/nivo-slider/demo/images/Banner%20Visor%20Geografico%20Ambiental.jpg HTTP/1.1" 200 204673
186.119.69.15 - - [28/Nov/2019:02:46:23 -0500] "GET /galeria/nivo-slider/nivo-slider.css HTTP/1.1" 200 1507
186.119.69.15 - - [28/Nov/2019:02:46:23 -0500] "GET /galeria/nivo-slider/demo/scripts/jquery-1.7.1.min.js HTTP/1.1" 200 93868
186.119.69.15 - - [28/Nov/2019:02:46:23 -0500] "GET /galeria/nivo-slider/demo/images/Banner%20consumo%20sostenible%20final.jpg HTTP/1.1" 200 364746
186.119.69.15 - - [28/Nov/2019:02:46:24 -0500] "GET /galeria/nivo-slider/demo/images/Bannerpread2019.jpg HTTP/1.1" 200 281106
186.119.69.15 - - [28/Nov/2019:02:46:24 -0500] "GET /galeria/nivo-slider/demo/images/Bannerserpiente2019.jpg HTTP/1.1" 200 270374
186.119.69.15 - - [28/Nov/2019:02:46:25 -0500] "GET /galeria/nivo-slider/demo/images/Banner%20tinguas.jpg HTTP/1.1" 200 214878
186.119.69.15 - - [28/Nov/2019:02:46:25 -0500] "GET /galeria/nivo-slider/demo/images/Banner%20POT.png HTTP/1.1" 200 418238
186.119.69.15 - - [28/Nov/2019:02:46:25 -0500] "GET /galeria/nivo-slider/demo/images/puntos%20atencion%20BANNER.jpg HTTP/1.1" 200 244208
186.119.69.15 - - [28/Nov/2019:02:46:26 -0500] "GET /galeria/nivo-slider/demo/images/banneragendamiento.jpg HTTP/1.1" 200 116897
186.119.69.15 - - [28/Nov/2019:02:46:26 -0500] "GET /galeria/nivo-slider/demo/images/Banneranonimos.png HTTP/1.1" 200 109388
186.119.69.15 - - [28/Nov/2019:02:46:27 -0500] "GET /galeria/nivo-slider/demo/images/Banner%20Conpes.jpg HTTP/1.1" 200 55220
186.119.69.15 - - [28/Nov/2019:02:46:27 -0500] "GET /galeria/nivo-slider/demo/images/Noviembre.png HTTP/1.1" 200 519399
186.119.69.15 - - [28/Nov/2019:02:46:28 -0500] "GET /galeria/nivo-slider/demo/images/bannerwebmusgo.jpg HTTP/1.1" 200 367364
186.119.69.15 - - [28/Nov/2019:02:46:28 -0500] "GET /galeria/nivo-slider/demo/images/Banner%20RCD.jpg HTTP/1.1" 200 92197
186.119.69.15 - - [28/Nov/2019:02:46:28 -0500] "GET /galeria/nivo-slider/themes/default/loading.gif HTTP/1.1" 200 1737
186.119.69.15 - - [28/Nov/2019:02:46:28 -0500] "GET /galeria/nivo-slider/demo/images/4Simple_Slider.png HTTP/1.1" 200 11722
186.119.69.15 - - [28/Nov/2019:02:46:28 -0500] "GET /galeria/nivo-slider/jquery.nivo.slider.pack.js HTTP/1.1" 200 11561
186.119.69.15 - - [28/Nov/2019:02:46:28 -0500] "GET /galeria/nivo-slider/demo/images/bannercapaclimasostenible.jpg HTTP/1.1" 200 103893
186.119.69.15 - - [28/Nov/2019:02:46:32 -0500] "GET /galeria/nivo-slider/themes/default/arrows.png HTTP/1.1" 200 824
186.119.69.15 - - [28/Nov/2019:02:46:32 -0500] "GET /galeria/nivo-slider/themes/default/bullets.png HTTP/1.1" 200 1281
216.244.66.195 - - [28/Nov/2019:02:46:53 -0500] "GET /BLA/resoluciones/AUTOS%202014/1444.pdf HTTP/1.1" 200 810343
66.249.65.199 - - [28/Nov/2019:02:47:02 -0500] "GET /galeria/galeria/fotos/BORONAS3gra.jpg HTTP/1.1" 200 2156906
66.249.65.250 - - [28/Nov/2019:02:47:06 -0500] "GET /BLA/resoluciones/RESOLUCIONES%202008/2514.pdf HTTP/1.1" 200 251855
216.244.66.195 - - [28/Nov/2019:02:47:47 -0500] "GET /BLA/resoluciones/AUTOS%202014/1468.pdf HTTP/1.1" 200 657197
192.168.175.104 - - [28/Nov/2019:02:47:55 -0500] "GET / HTTP/1.1" 200 9990
192.168.175.104 - - [28/Nov/2019:02:48:08 -0500] "GET / HTTP/1.0" 200 9990
66.249.65.250 - - [28/Nov/2019:02:48:28 -0500] "GET /BLA/resoluciones/RESOLUCIONES%202009/5432.pdf HTTP/1.1" 200 589455
207.46.13.151 - - [28/Nov/2019:02:48:50 -0500] "GET /galeria/bibloteca/contentflow.js HTTP/1.1" 200 42804
69.162.124.232 - - [28/Nov/2019:02:49:03 -0500] "HEAD / HTTP/1.1" 200 -
158.69.243.138 - - [28/Nov/2019:02:49:54 -0500] "GET /robots.txt HTTP/1.1" 404 1015
158.69.243.138 - - [28/Nov/2019:02:49:55 -0500] "GET /POT-2013/index.php?dir=Cartografia/&sort=date&order=asc/ HTTP/1.1" 200 11464
158.69.243.138 - - [28/Nov/2019:02:49:57 -0500] "GET /PruebasSTORM/StormSDA_pruebas/?C=N;O=A/ HTTP/1.1" 200 3555
66.249.65.254 - - [28/Nov/2019:02:49:58 -0500] "GET /resoluciones/RESOLUCIONES%202008/1859.pdf HTTP/1.1" 404 1018
158.69.243.138 - - [28/Nov/2019:02:49:59 -0500] "GET /PruebasSTORM/StormSDA_pruebas/userFiles/?C=D;O=D/ HTTP/1.1" 200 5496
54.36.150.180 - - [28/Nov/2019:02:49:59 -0500] "GET /BLA/resoluciones/RESOLUCIONES%202003/RES%202003%20251-300/271.tif HTTP/1.1" 200 848120
158.69.243.138 - - [28/Nov/2019:02:50:00 -0500] "GET /PruebasSTORM/StormSDA_pruebas/userFiles/?C=M;O=D/ HTTP/1.1" 200 5496
158.69.243.138 - - [28/Nov/2019:02:50:02 -0500] "GET /PruebasSTORM/StormSDA_pruebas/userFiles/?C=N;O=A/ HTTP/1.1" 200 5496
158.69.243.138 - - [28/Nov/2019:02:50:03 -0500] "GET /PruebasSTORM/StormSDA_pruebas/userFiles/?C=S;O=D/ HTTP/1.1" 200 5496
158.69.243.138 - - [28/Nov/2019:02:50:05 -0500] "GET /PruebasSTORM/StormSDA_pruebas/userFiles/user_files/94/?C=N;O=A/ HTTP/1.1" 200 1752
158.69.243.138 - - [28/Nov/2019:02:50:07 -0500] "GET /robots.txt HTTP/1.1" 404 1015
216.244.66.195 - - [28/Nov/2019:02:50:07 -0500] "GET /BLA/resoluciones/AUTOS%202014/1509.pdf HTTP/1.1" 200 762386
158.69.243.138 - - [28/Nov/2019:02:50:08 -0500] "GET /StormSDA/userFiles%20-%20Copy%2019-07-2012/user_files/98/?C=M;O=A/ HTTP/1.1" 200 874
158.69.243.138 - - [28/Nov/2019:02:50:10 -0500] "GET /StormSDA/userFiles/backup%2027-09-2012/?C=N;O=D/ HTTP/1.1" 200 5692
158.69.243.138 - - [28/Nov/2019:02:50:11 -0500] "GET /StormSDA/userFiles/backup%2027-09-2012/?C=S;O=A/ HTTP/1.1" 200 5692
158.69.243.138 - - [28/Nov/2019:02:50:12 -0500] "GET /StormSDA/userFiles/user_files/formatos/eventos/?C=S;O=A/ HTTP/1.1" 200 851
158.69.243.138 - - [28/Nov/2019:02:50:14 -0500] "GET /StormSDA/userFiles/user_files/formulas/2/?C=M;O=A/ HTTP/1.1" 200 839
66.249.65.250 - - [28/Nov/2019:02:50:15 -0500] "GET /BLA/resoluciones/RESOLUCIONES%202016/1330.pdf HTTP/1.1" 200 598596
158.69.243.138 - - [28/Nov/2019:02:50:16 -0500] "GET /robots.txt HTTP/1.1" 404 1019
158.69.243.138 - - [28/Nov/2019:02:50:18 -0500] "GET /PruebasSTORM/StormSDA_pruebas/lib/win32/?C=M;O=A/ HTTP/1.1" 200 1266
158.69.243.138 - - [28/Nov/2019:02:50:19 -0500] "GET /PruebasSTORM/StormSDA_pruebas/lib/win32/?C=S;O=A/ HTTP/1.1" 200 1266
158.69.243.138 - - [28/Nov/2019:02:50:21 -0500] "GET /PruebasSTORM/StormSDA_pruebas/nsjars/?C=D;O=A/ HTTP/1.1" 200 4116
158.69.243.138 - - [28/Nov/2019:02:50:23 -0500] "GET /PruebasSTORM/StormSDA_pruebas/nsjars/?C=M;O=A/ HTTP/1.1" 200 4116
54.36.149.52 - - [28/Nov/2019:02:50:24 -0500] "GET /BLA/resoluciones/RESOLUCIONES%202003/RES%202003%20451-500/498.tif HTTP/1.1" 200 137268
158.69.243.138 - - [28/Nov/2019:02:50:24 -0500] "GET /PruebasSTORM/StormSDA_pruebas/nsjars/?C=S;O=A/ HTTP/1.1" 200 4116
158.69.243.138 - - [28/Nov/2019:02:50:26 -0500] "GET /PruebasSTORM/StormSDA_pruebas/storm/?C=D;O=A/ HTTP/1.1" 200 5623
158.69.243.138 - - [28/Nov/2019:02:50:27 -0500] "GET /PruebasSTORM/StormSDA_pruebas/storm/?C=M;O=A/ HTTP/1.1" 200 5623
158.69.243.138 - - [28/Nov/2019:02:50:29 -0500] "GET /PruebasSTORM/StormSDA_pruebas/storm/?C=S;O=A/ HTTP/1.1" 200 5623
158.69.243.138 - - [28/Nov/2019:02:50:30 -0500] "GET /PruebasSTORM/StormSDA_pruebas/stormWeb/?C=M;O=A/ HTTP/1.1" 200 1475
158.69.243.138 - - [28/Nov/2019:02:50:32 -0500] "GET /PruebasSTORM/StormSDA_pruebas/userFiles/user_files/1/?C=D;O=A/ HTTP/1.1" 200 1754
158.69.243.138 - - [28/Nov/2019:02:50:33 -0500] "GET /PruebasSTORM/StormSDA_pruebas/userFiles/user_files/88/?C=M;O=A/ HTTP/1.1" 200 1756
158.69.243.138 - - [28/Nov/2019:02:50:35 -0500] "GET /PruebasSTORM/StormSDA_pruebas/userFiles/user_files/89/?C=D;O=A/ HTTP/1.1" 200 1756
158.69.243.138 - - [28/Nov/2019:02:50:36 -0500] "GET /PruebasSTORM/StormSDA_pruebas/userFiles/user_files/89/?C=M;O=A/ HTTP/1.1" 200 1756
158.69.243.138 - - [28/Nov/2019:02:50:38 -0500] "GET /PruebasSTORM/StormSDA_pruebas/userFiles/user_files/89/?C=S;O=A/ HTTP/1.1" 200 1756
158.69.243.138 - - [28/Nov/2019:02:50:39 -0500] "GET /PruebasSTORM/StormSDA_pruebas/userFiles/user_files/90/?C=M;O=A/ HTTP/1.1" 200 1756
158.69.243.138 - - [28/Nov/2019:02:50:41 -0500] "GET /PruebasSTORM/silvicultura2Pruebas/?C=D;O=A/ HTTP/1.1" 200 1235
158.69.243.138 - - [28/Nov/2019:02:50:42 -0500] "GET /PruebasSTORM/silvicultura2Pruebas/?C=M;O=A/ HTTP/1.1" 200 1235
158.69.243.138 - - [28/Nov/2019:02:50:43 -0500] "GET /StormSDA/userFiles/user_files/85/?C=N;O=D/ HTTP/1.1" 200 817
158.69.243.138 - - [28/Nov/2019:02:50:45 -0500] "GET /StormSDA/userFiles/user_files/91/?C=D;O=A/ HTTP/1.1" 200 817
158.69.243.138 - - [28/Nov/2019:02:50:46 -0500] "GET /StormSDA/userFiles/user_files/91/?C=M;O=A/ HTTP/1.1" 200 817
158.69.243.138 - - [28/Nov/2019:02:50:48 -0500] "GET /StormSDA/userFiles/user_files/91/?C=N;O=D/ HTTP/1.1" 200 817
158.69.243.138 - - [28/Nov/2019:02:50:49 -0500] "GET /StormSDA/userFiles/user_files/91/?C=S;O=A/ HTTP/1.1" 200 817
158.69.243.138 - - [28/Nov/2019:02:50:51 -0500] "GET /StormSDA/userFiles/user_files/92/?C=N;O=D/ HTTP/1.1" 200 817
158.69.243.138 - - [28/Nov/2019:02:50:52 -0500] "GET /StormSDA/userFiles/user_files/96/?C=N;O=D/ HTTP/1.1" 200 817
66.249.65.250 - - [28/Nov/2019:02:50:54 -0500] "GET /BLA/resoluciones/AUTOS%202007/2521.pdf HTTP/1.1" 200 364045
157.55.39.35 - - [28/Nov/2019:02:51:00 -0500] "GET /BLA/boletinlegal/documentos-importantes.php HTTP/1.1" 200 4822
66.249.65.197 - - [28/Nov/2019:02:51:53 -0500] "GET /portel_dama/libreria/php/2006/ECOSISTEMAS%20FINAL%20web_mz27/restauracion/sitio/22_proye/xtras_in/cni_3.pdf HTTP/1.1" 404 1019
157.55.39.90 - - [28/Nov/2019:02:52:00 -0500] "GET /www.ambientebogota.gov.co/web/web-ninos/inicio HTTP/1.1" 404 1019
66.249.65.252 - - [28/Nov/2019:02:52:21 -0500] "GET /BLA/resoluciones/RESOLUCIONES%202008/1547.pdf HTTP/1.1" 200 240912
216.244.66.195 - - [28/Nov/2019:02:52:27 -0500] "GET /BLA/resoluciones/AUTOS%202014/1570.pdf HTTP/1.1" 200 828895
40.77.167.163 - - [28/Nov/2019:02:52:34 -0500] "GET / HTTP/1.1" 200 9990
66.249.65.250 - - [28/Nov/2019:02:52:35 -0500] "GET /BLA/resoluciones/RESOLUCIONES%202007/RES%202007%201801%20AL%201900/RESOLUCION%201884%20DE%202007.pdf HTTP/1.1" 200 399948
66.249.65.201 - - [28/Nov/2019:02:52:42 -0500] "GET /galeria/galeria/fotos/Luna.jpg HTTP/1.1" 200 2196934
192.168.175.104 - - [28/Nov/2019:02:52:53 -0500] "GET / HTTP/1.1" 200 9990
192.168.175.104 - - [28/Nov/2019:02:53:06 -0500] "GET / HTTP/1.0" 200 9990
66.249.65.250 - - [28/Nov/2019:02:53:28 -0500] "GET /BLA/resoluciones/RESOLUCIONES%202008/1038.pdf HTTP/1.1" 200 588497
66.249.65.203 - - [28/Nov/2019:02:53:54 -0500] "GET /dama/libreria/pdf/reportesredaire/anuales/2000.pdf HTTP/1.1" 404 1019
66.249.65.250 - - [28/Nov/2019:02:54:02 -0500] "GET /BLA/resoluciones/AUTOS%202014/6552.pdf HTTP/1.1" 200 523868
69.162.124.232 - - [28/Nov/2019:02:54:03 -0500] "HEAD / HTTP/1.1" 200 -
181.54.35.3 - - [28/Nov/2019:02:54:42 -0500] "GET /BLA/boletinlegal/js/jquery.scrollShow.js HTTP/1.1" 200 4586
181.54.35.3 - - [28/Nov/2019:02:54:42 -0500] "GET /galeria/galeria/jquery.fancybox.js?v=2.1.5 HTTP/1.1" 200 48706
181.54.35.3 - - [28/Nov/2019:02:54:42 -0500] "GET /galeria/galeria/jquery.fancybox.css?v=2.1.5 HTTP/1.1" 200 4895
216.244.66.195 - - [28/Nov/2019:02:54:47 -0500] "GET /BLA/resoluciones/AUTOS%202014/1663.pdf HTTP/1.1" 200 630137
40.77.167.156 - - [28/Nov/2019:02:54:53 -0500] "GET /BLA/boletinlegal/actas/463597.pdf HTTP/1.1" 200 250044
159.138.152.107 - - [28/Nov/2019:02:55:18 -0500] "GET /images/INTERNET.jpg HTTP/1.1" 200 34880
54.36.148.138 - - [28/Nov/2019:02:56:42 -0500] "GET /robots.txt HTTP/1.1" 404 1049
216.244.66.195 - - [28/Nov/2019:02:57:07 -0500] "GET /BLA/resoluciones/AUTOS%202014/1683.pdf HTTP/1.1" 200 631182
66.249.65.254 - - [28/Nov/2019:02:57:10 -0500] "GET /BLA/resoluciones/RESOLUCIONES%202010/1115.pdf HTTP/1.1" 200 111932
66.249.65.250 - - [28/Nov/2019:02:57:40 -0500] "GET /BLA/resoluciones/AUTOS%202007/3659.pdf HTTP/1.1" 200 142523
192.168.175.104 - - [28/Nov/2019:02:57:51 -0500] "GET / HTTP/1.1" 200 9990
54.36.150.1 - - [28/Nov/2019:02:57:55 -0500] "GET /BLA/resoluciones/RESOLUCIONES%202005/RES%202005%203101-3150/00003145.tif HTTP/1.1" 200 39312
192.168.175.104 - - [28/Nov/2019:02:58:05 -0500] "GET / HTTP/1.0" 200 9990
14.208.20.143 - - [28/Nov/2019:02:58:27 -0500] "GET /BLA/resoluciones/index.php?dir=AUTOS%2B1997/&sort=date&order=asc HTTP/1.1" 200 12052
46.229.168.162 - - [28/Nov/2019:02:58:51 -0500] "GET /Autoliquidacion/index.php?dir=Solicitudes%2Brelacionadas%2Bcon%2Bocupaci%C3%83%C2%83%C3%82%C2%83%C3%83%C2%82%C3%82%C2%B3n%2Bde%2Bcauce%2F&order=asc&sort=name HTTP/1.1" 200 6718
