201.245.192.253 - - [03/Dec/2019:04:36:27 -0500] "POST /kwsrmcab/Wsrmcab HTTP/1.1" 200 26584
66.249.64.61 - - [03/Dec/2019:04:37:43 -0500] "GET /BLA/resoluciones/AUTOS%202012/2305.pdf HTTP/1.1" 200 346305
54.36.150.92 - - [03/Dec/2019:04:38:22 -0500] "GET /autoliquidacion/Solicitudes%20relacionadas%20con%20calidad%20del%20aire%20auditiva%20y%20visual/Solicitudes%20relacionadas%20a%20Programa%20de%20Autorregulaci%C3%B3n%20Ambiental/Aplicativo.html HTTP/1.1" 200 359
66.249.64.61 - - [03/Dec/2019:04:38:33 -0500] "GET /BLA/resoluciones/RESOLUCIONES%202007/RES%202007%203501%20AL%203600/RESOLUCION%203517%20DE%202007.pdf HTTP/1.1" 200 53512
190.252.32.243 - - [03/Dec/2019:04:39:02 -0500] "GET /galeria/nivo-slider/demo/images/Banner%20consumo%20sostenible%20final.jpg HTTP/1.1" 200 364746
190.252.32.243 - - [03/Dec/2019:04:39:03 -0500] "GET /galeria/nivo-slider/demo/images/Banner%20consumo%20sostenible%20final.jpg HTTP/1.1" 206 1
190.252.32.243 - - [03/Dec/2019:04:39:03 -0500] "GET /galeria/nivo-slider/demo/images/Banner%20consumo%20sostenible%20final.jpg HTTP/1.1" 206 315033
5.255.250.75 - - [03/Dec/2019:04:39:10 -0500] "GET /PruebasSTORM/StormSDA_pruebas/userFiles/user_files/formulas/3/178.xml HTTP/1.1" 200 1022
66.249.64.63 - - [03/Dec/2019:04:39:23 -0500] "GET /BLA/resoluciones/RESOLUCIONES%202009/8738.pdf HTTP/1.1" 200 112493
152.61.192.232 - - [03/Dec/2019:04:40:03 -0500] "GET / HTTP/1.1" 200 9990
200.69.68.244 - - [03/Dec/2019:04:40:07 -0500] "GET /BLA/boletinlegal/js/jquery.scrollShow.js HTTP/1.1" 200 4586
200.69.68.244 - - [03/Dec/2019:04:40:07 -0500] "GET /galeria/galeria/jquery.fancybox.js?v=2.1.5 HTTP/1.1" 200 48706
200.69.68.244 - - [03/Dec/2019:04:40:07 -0500] "GET /galeria/galeria/jquery.fancybox.css?v=2.1.5 HTTP/1.1" 200 4895
66.249.64.59 - - [03/Dec/2019:04:40:13 -0500] "GET /BLA/resoluciones/RESOLUCIONES%202009/0134.pdf HTTP/1.1" 200 452605
69.162.124.232 - - [03/Dec/2019:04:40:20 -0500] "HEAD / HTTP/1.1" 200 -
152.61.192.232 - - [03/Dec/2019:04:40:04 -0500] "GET /arcgis/services/Calidad_del_Agua_WQI/MapServer/WMSServer?request=GetCapabilities&service=WMS HTTP/1.1" 503 1020
152.61.192.232 - - [03/Dec/2019:04:40:25 -0500] "GET /arcgis/services/Calidad_del_Agua_WQI/MapServer/WMSServer?SERVICE=WMS&REQUEST=GetCapabilities HTTP/1.1" 503 1020
152.61.192.232 - - [03/Dec/2019:04:40:25 -0500] "GET /arcgis/services/Calidad_del_Agua_WQI/MapServer/WMSServer?WMTVER=1.0.0&REQUEST=capabilities HTTP/1.1" 503 1020
66.249.64.63 - - [03/Dec/2019:04:41:03 -0500] "GET /BLA/resoluciones/RESOLUCIONES%202007/RES%202007%202501%20AL%202600/RESOLUCION%202563%20DE%202007.pdf HTTP/1.1" 200 733367
66.249.64.59 - - [03/Dec/2019:04:41:10 -0500] "GET /BLA/resoluciones/RESOLUCIONES%202010/4564.pdf HTTP/1.1" 200 895041
66.249.64.59 - - [03/Dec/2019:04:41:54 -0500] "GET /BLA/resoluciones/AUTOS%202007/1748.pdf HTTP/1.1" 200 41450
66.249.64.59 - - [03/Dec/2019:04:42:44 -0500] "GET /BLA/resoluciones/RESOLUCIONES%202007/RES%202007%20901%20AL%201000/RESOLUCION%200957%20DE%202007.pdf HTTP/1.1" 200 221305
54.36.148.147 - - [03/Dec/2019:04:43:06 -0500] "GET /BLA/resoluciones/RESOLUCIONES%202003/RES%202003%201001-1050/1021.tif HTTP/1.1" 200 74920
66.249.64.59 - - [03/Dec/2019:04:43:34 -0500] "GET /BLA/resoluciones/AUTOS%202016/0335.pdf HTTP/1.1" 200 612360
207.46.13.200 - - [03/Dec/2019:04:44:15 -0500] "GET /BLA/boletinlegal/sugerencias.php HTTP/1.1" 200 8615
66.249.64.63 - - [03/Dec/2019:04:44:24 -0500] "GET /BLA/resoluciones/RESOLUCIONES%202007/RES%202007%20201%20AL%20300/RESOLUCION%200237%20DE%202007.pdf HTTP/1.1" 200 368809
54.36.150.47 - - [03/Dec/2019:04:44:50 -0500] "GET /BLA/resoluciones/RESOLUCIONES%202005/RES%202005%201-50/RES%202005%20101-150/00000139.tif HTTP/1.1" 200 128092
66.249.64.59 - - [03/Dec/2019:04:45:15 -0500] "GET /BLA/resoluciones/RESOLUCIONES%202011/1580.pdf HTTP/1.1" 200 61755
69.162.124.232 - - [03/Dec/2019:04:45:20 -0500] "HEAD / HTTP/1.1" 200 -
66.249.64.59 - - [03/Dec/2019:04:46:05 -0500] "GET /BLA/resoluciones/AUTOS%202017/2731.pdf HTTP/1.1" 200 435226
54.36.149.80 - - [03/Dec/2019:04:46:41 -0500] "GET /BLA/resoluciones/RESOLUCIONES%202006/RES%202006%20801-850/00000839.tif HTTP/1.1" 200 304614
66.249.64.61 - - [03/Dec/2019:04:47:45 -0500] "GET /BLA/resoluciones/RESOLUCIONES%202017/2755.pdf HTTP/1.1" 200 337247
54.36.150.184 - - [03/Dec/2019:04:47:55 -0500] "GET /BLA/resoluciones/RESOLUCIONES%202003/RES%202003%20951-1000/995.tif HTTP/1.1" 200 196136
66.249.64.61 - - [03/Dec/2019:04:48:23 -0500] "GET /BLA/resoluciones/RESOLUCIONES%202010/3931.pdf HTTP/1.1" 200 491065
66.249.64.59 - - [03/Dec/2019:04:48:35 -0500] "GET /BLA/resoluciones/RESOLUCIONES%202007/RES%202007%202701%20AL%202800/RESOLUCION%202709%20DE%202007.pdf HTTP/1.1" 200 795697
159.138.155.95 - - [03/Dec/2019:04:49:00 -0500] "GET /robots.txt HTTP/1.1" 404 1034
216.244.66.195 - - [03/Dec/2019:04:49:08 -0500] "GET /BLA/resoluciones/RESOLUCIONES%202017/0130.pdf HTTP/1.1" 200 823895
216.244.66.195 - - [03/Dec/2019:04:49:13 -0500] "GET /BLA/resoluciones/RESOLUCIONES%202017/0282.pdf HTTP/1.1" 200 448445
216.244.66.195 - - [03/Dec/2019:04:49:18 -0500] "GET /BLA/resoluciones/RESOLUCIONES%202017/0959.pdf HTTP/1.1" 200 857367
207.46.13.95 - - [03/Dec/2019:04:49:23 -0500] "GET / HTTP/1.1" 200 9990
66.249.64.61 - - [03/Dec/2019:04:49:26 -0500] "GET /BLA/resoluciones/AUTOS%202013/2104.pdf HTTP/1.1" 200 1060195
66.249.64.59 - - [03/Dec/2019:04:49:30 -0500] "GET /Autoliquidacion/dlf/styles.css HTTP/1.1" 200 3045
69.162.124.232 - - [03/Dec/2019:04:50:20 -0500] "HEAD / HTTP/1.1" 200 -
216.244.66.195 - - [03/Dec/2019:04:51:38 -0500] "GET /BLA/resoluciones/RESOLUCIONES%202017/1248.pdf HTTP/1.1" 200 481670
37.56.75.116 - - [03/Dec/2019:04:51:40 -0500] "GET /BLA/resoluciones/RESOLUCIONES%25202009/4361.pdf HTTP/1.1" 404 1018
37.56.75.116 - - [03/Dec/2019:04:51:40 -0500] "GET /favicon.ico HTTP/1.1" 200 7782
40.77.167.46 - - [03/Dec/2019:04:52:18 -0500] "GET /ecodirectorio/files/res/downloads/download_0191.pdf HTTP/1.1" 404 1019
40.77.167.46 - - [03/Dec/2019:04:52:29 -0500] "GET /BLA/boletinlegal/normativa.php HTTP/1.1" 200 8156
207.46.13.53 - - [03/Dec/2019:04:52:39 -0500] "GET /BLA/boletinlegal/styles2.css HTTP/1.1" 200 1838
207.46.13.200 - - [03/Dec/2019:04:52:48 -0500] "GET /BLA/boletinlegal/style.css HTTP/1.1" 200 9406
216.244.66.195 - - [03/Dec/2019:04:53:14 -0500] "GET /BLA/resoluciones/RESOLUCIONES%202017/2265.pdf HTTP/1.1" 200 303126
216.244.66.195 - - [03/Dec/2019:04:54:23 -0500] "GET /BLA/resoluciones/RESOLUCIONES%202017/2557.pdf HTTP/1.1" 200 240402
216.244.66.195 - - [03/Dec/2019:04:54:32 -0500] "GET /BLA/resoluciones/RESOLUCIONES%202017/3120.pdf HTTP/1.1" 200 302961
216.244.66.195 - - [03/Dec/2019:04:54:38 -0500] "GET /BLA/resoluciones/RESOLUCIONES%202017/3210.pdf HTTP/1.1" 200 132087
216.244.66.195 - - [03/Dec/2019:04:54:43 -0500] "GET /BLA/resoluciones/RESOLUCIONES%202017/3313.pdf HTTP/1.1" 200 291192
40.77.167.46 - - [03/Dec/2019:04:55:12 -0500] "GET /BLA/boletinlegal/js/ajax_normativa.js HTTP/1.1" 200 1154
40.77.167.46 - - [03/Dec/2019:04:55:12 -0500] "GET /BLA/boletinlegal/niceforms-default.css HTTP/1.1" 200 6694
40.77.167.46 - - [03/Dec/2019:04:55:12 -0500] "GET /BLA/boletinlegal/niceforms.js HTTP/1.1" 200 22876
207.46.13.0 - - [03/Dec/2019:04:55:17 -0500] "GET / HTTP/1.1" 200 9990
69.162.124.232 - - [03/Dec/2019:04:55:20 -0500] "HEAD / HTTP/1.1" 200 -
190.84.176.14 - - [03/Dec/2019:04:55:33 -0500] "GET /BLA/boletinlegal/js/jquery.scrollShow.js HTTP/1.1" 200 4586
190.84.176.14 - - [03/Dec/2019:04:55:33 -0500] "GET /galeria/galeria/jquery.fancybox.js?v=2.1.5 HTTP/1.1" 200 48706
190.84.176.14 - - [03/Dec/2019:04:55:33 -0500] "GET /galeria/galeria/jquery.fancybox.css?v=2.1.5 HTTP/1.1" 200 4895
194.214.167.211 - - [03/Dec/2019:04:55:34 -0500] "GET /galeria/galeria/jquery.fancybox.js?v=2.1.5 HTTP/1.1" 200 48706
194.214.167.211 - - [03/Dec/2019:04:55:34 -0500] "GET /galeria/galeria/jquery.fancybox.css?v=2.1.5 HTTP/1.1" 200 4895
37.56.75.116 - - [03/Dec/2019:04:55:46 -0500] "GET /BLA/resoluciones/RESOLUCIONES%25202009/4361.pdf HTTP/1.1" 404 1018
66.249.64.59 - - [03/Dec/2019:04:56:08 -0500] "GET /BLA/resoluciones/AUTOS%202014/3098.pdf HTTP/1.1" 304 -
216.244.66.195 - - [03/Dec/2019:04:56:36 -0500] "GET /BLA/resoluciones/AUTOS%202014/2202.pdf HTTP/1.1" 200 263622
37.56.75.116 - - [03/Dec/2019:04:56:39 -0500] "GET /BLA/resoluciones/RESOLUCIONES%25202009/4361.pdf HTTP/1.1" 404 1018
66.249.64.63 - - [03/Dec/2019:04:56:58 -0500] "GET /BLA/resoluciones/AUTOS%202017/2249.pdf HTTP/1.1" 304 -
216.244.66.195 - - [03/Dec/2019:04:57:15 -0500] "GET /BLA/resoluciones/AUTOS%202014/2412.pdf HTTP/1.1" 200 760175
66.249.64.61 - - [03/Dec/2019:04:57:48 -0500] "GET /BLA/resoluciones/RESOLUCIONES%202007/RES%202007%203901%20AL%204000/RESOLUCION%203904%20DE%202007.pdf HTTP/1.1" 200 225786
216.244.66.195 - - [03/Dec/2019:04:58:05 -0500] "GET /BLA/resoluciones/AUTOS%202014/2526.pdf HTTP/1.1" 200 770708
46.229.168.147 - - [03/Dec/2019:04:58:28 -0500] "GET /robots.txt HTTP/1.1" 404 1019
46.229.168.136 - - [03/Dec/2019:04:58:29 -0500] "GET /Autoliquidacion/index.php?dir=Solicitudes%2Brelacionadas%2Bcon%2Bocupaci%C3%83%C2%83%C3%82%C2%83%C3%83%C2%82%C3%82%C2%83%C3%83%C2%83%C3%82%C2%82%C3%83%C2%82%C3%82%C2%83%C3%83%C2%83%C3%82%C2%83%C3%83%C2%82%C3%82%C2%82%C3%83%C2%83%C3%82%C2%82%C3%83%C2%82%C3%82%C2%83%C3%83%C2%83%C3%82%C2%83%C3%83%C2%82%C3%82%C2%83%C3%83%C2%83%C3%82%C2%82%C3%83%C2%82%C3%82%C2%82%C3%83%C2%83%C3%82%C2%83%C3%83%C2%82%C3%82%C2%82%C3%83%C2%83%C3%82%C2%82%C3%83%C2%82%C3%82%C2%B3n%2Bde%2Bcauce%2F&order=asc&sort=date HTTP/1.1" 200 7054
181.61.68.17 - - [03/Dec/2019:04:58:29 -0500] "GET /BLA/boletinlegal/js/jquery.scrollShow.js HTTP/1.1" 200 4586
181.61.68.17 - - [03/Dec/2019:04:58:29 -0500] "GET /galeria/galeria/jquery.fancybox.css?v=2.1.5 HTTP/1.1" 200 4895
181.61.68.17 - - [03/Dec/2019:04:58:29 -0500] "GET /galeria/galeria/jquery.fancybox.js?v=2.1.5 HTTP/1.1" 200 48706
201.185.149.172 - - [03/Dec/2019:04:58:40 -0500] "GET /galeria/galeria/jquery.fancybox.css?v=2.1.5 HTTP/1.1" 200 4895
201.185.149.172 - - [03/Dec/2019:04:58:40 -0500] "GET /BLA/boletinlegal/js/jquery.scrollShow.js HTTP/1.1" 200 4586
201.185.149.172 - - [03/Dec/2019:04:58:40 -0500] "GET /galeria/galeria/jquery.fancybox.js?v=2.1.5 HTTP/1.1" 200 48706
66.249.64.59 - - [03/Dec/2019:04:59:28 -0500] "GET /BLA/resoluciones/AUTOS%202017/3592.pdf HTTP/1.1" 200 304325
181.48.255.196 - - [03/Dec/2019:04:59:51 -0500] "GET /galeria/galeria/jquery.fancybox.css?v=2.1.5 HTTP/1.1" 200 4895
181.48.255.196 - - [03/Dec/2019:04:59:51 -0500] "GET /galeria/carrusel/Carrusel/jquery.thumbnailScroller.css HTTP/1.1" 200 2066
181.48.255.196 - - [03/Dec/2019:04:59:51 -0500] "GET /galeria/carrusel/Carrusel/jquery.thumbnailScroller.js HTTP/1.1" 200 8157
181.48.255.196 - - [03/Dec/2019:04:59:51 -0500] "GET /galeria/galeria/jquery.fancybox.js?v=2.1.5 HTTP/1.1" 200 48706
181.48.255.196 - - [03/Dec/2019:04:59:51 -0500] "GET /BLA/boletinlegal/js/jquery.scrollShow.js HTTP/1.1" 200 4586
181.48.255.196 - - [03/Dec/2019:04:59:51 -0500] "GET /galeria/carrusel/Carrusel/jquery-ui-1.8.13.custom.min.js HTTP/1.1" 200 10800
181.48.255.196 - - [03/Dec/2019:04:59:54 -0500] "GET /galeria/nivo-slider/demo/inicio.html HTTP/1.1" 200 4413
181.48.255.196 - - [03/Dec/2019:04:59:55 -0500] "GET /galeria/nivo-slider/nivo-slider.css HTTP/1.1" 200 1507
181.48.255.196 - - [03/Dec/2019:04:59:55 -0500] "GET /galeria/nivo-slider/demo/images/bannerwebmusgo.jpg HTTP/1.1" 200 367364
181.48.255.196 - - [03/Dec/2019:04:59:55 -0500] "GET /galeria/nivo-slider/demo/scripts/jquery-1.7.1.min.js HTTP/1.1" 200 93868
181.48.255.196 - - [03/Dec/2019:04:59:55 -0500] "GET /galeria/nivo-slider/demo/images/Banner%20POT.png HTTP/1.1" 200 418238
181.48.255.196 - - [03/Dec/2019:04:59:55 -0500] "GET /galeria/nivo-slider/demo/images/Banneranonimos.png HTTP/1.1" 200 109388
181.48.255.196 - - [03/Dec/2019:04:59:55 -0500] "GET /galeria/nivo-slider/demo/images/puntos%20atencion%20BANNER.jpg HTTP/1.1" 200 244208
181.48.255.196 - - [03/Dec/2019:04:59:55 -0500] "GET /galeria/nivo-slider/demo/images/banneragendamiento.jpg HTTP/1.1" 200 116897
181.48.255.196 - - [03/Dec/2019:04:59:55 -0500] "GET /galeria/nivo-slider/jquery.nivo.slider.pack.js HTTP/1.1" 200 11561
181.48.255.196 - - [03/Dec/2019:04:59:55 -0500] "GET /galeria/nivo-slider/demo/images/Banner%20consumo%20sostenible%20final.jpg HTTP/1.1" 200 364746
181.48.255.196 - - [03/Dec/2019:04:59:55 -0500] "GET /galeria/nivo-slider/themes/default/default.css HTTP/1.1" 200 1569
181.48.255.196 - - [03/Dec/2019:04:59:55 -0500] "GET /galeria/nivo-slider/demo/images/Banner%20Conpes.jpg HTTP/1.1" 200 55220
181.48.255.196 - - [03/Dec/2019:04:59:55 -0500] "GET /galeria/nivo-slider/demo/images/bannercapaclimasostenible.jpg HTTP/1.1" 200 103893
181.48.255.196 - - [03/Dec/2019:04:59:55 -0500] "GET /galeria/nivo-slider/demo/images/Banner%20tinguas.jpg HTTP/1.1" 200 214878
181.48.255.196 - - [03/Dec/2019:04:59:55 -0500] "GET /galeria/nivo-slider/demo/images/Bannerpread2019.jpg HTTP/1.1" 200 281106
181.48.255.196 - - [03/Dec/2019:04:59:55 -0500] "GET /galeria/nivo-slider/demo/style.css HTTP/1.1" 200 2222
181.48.255.196 - - [03/Dec/2019:04:59:55 -0500] "GET /galeria/nivo-slider/demo/images/Noviembre.png HTTP/1.1" 200 519399
181.48.255.196 - - [03/Dec/2019:04:59:55 -0500] "GET /galeria/nivo-slider/demo/images/Banner%20Visor%20Geografico%20Ambiental.jpg HTTP/1.1" 200 204673
181.48.255.196 - - [03/Dec/2019:04:59:55 -0500] "GET /galeria/nivo-slider/themes/orman/orman.css HTTP/1.1" 200 2152
181.48.255.196 - - [03/Dec/2019:04:59:55 -0500] "GET /galeria/nivo-slider/demo/images/Banner%20practicas%20sostenibles.jpg HTTP/1.1" 200 142958
181.48.255.196 - - [03/Dec/2019:04:59:55 -0500] "GET /galeria/nivo-slider/demo/images/Banner%20RCD.jpg HTTP/1.1" 200 92197
181.48.255.196 - - [03/Dec/2019:04:59:55 -0500] "GET /galeria/nivo-slider/demo/images/banneriniciativa.jpg HTTP/1.1" 200 200385
181.48.255.196 - - [03/Dec/2019:04:59:55 -0500] "GET /galeria/nivo-slider/demo/images/Bannerserpiente2019.jpg HTTP/1.1" 200 270374
181.48.255.196 - - [03/Dec/2019:04:59:55 -0500] "GET /galeria/nivo-slider/themes/pascal/pascal.css HTTP/1.1" 200 2258
181.48.255.196 - - [03/Dec/2019:04:59:57 -0500] "GET /galeria/nivo-slider/demo/images/4Simple_Slider.png HTTP/1.1" 200 11722
181.48.255.196 - - [03/Dec/2019:04:59:57 -0500] "GET /galeria/nivo-slider/themes/default/loading.gif HTTP/1.1" 200 1737
181.48.255.196 - - [03/Dec/2019:04:59:57 -0500] "GET /galeria/nivo-slider/themes/default/arrows.png HTTP/1.1" 200 824
181.48.255.196 - - [03/Dec/2019:04:59:57 -0500] "GET /galeria/nivo-slider/themes/default/bullets.png HTTP/1.1" 200 1281
186.155.16.48 - - [03/Dec/2019:05:00:17 -0500] "GET /galeria/galeria/jquery.fancybox.css?v=2.1.5 HTTP/1.1" 200 4895
200.29.113.36 - - [03/Dec/2019:05:00:19 -0500] "GET /galeria/carrusel/Carrusel/jquery.thumbnailScroller.css HTTP/1.1" 200 2066
200.29.113.36 - - [03/Dec/2019:05:00:19 -0500] "GET /galeria/galeria/jquery.fancybox.css?v=2.1.5 HTTP/1.1" 200 4895
200.29.113.36 - - [03/Dec/2019:05:00:19 -0500] "GET /galeria/galeria/jquery.fancybox.js?v=2.1.5 HTTP/1.1" 200 48706
200.29.113.36 - - [03/Dec/2019:05:00:19 -0500] "GET /galeria/carrusel/Carrusel/jquery.thumbnailScroller.js HTTP/1.1" 200 8157
200.29.113.36 - - [03/Dec/2019:05:00:19 -0500] "GET /BLA/boletinlegal/js/jquery.scrollShow.js HTTP/1.1" 200 4586
200.29.113.36 - - [03/Dec/2019:05:00:19 -0500] "GET /galeria/carrusel/Carrusel/jquery-ui-1.8.13.custom.min.js HTTP/1.1" 200 10800
186.155.16.48 - - [03/Dec/2019:05:00:19 -0500] "GET /BLA/boletinlegal/js/jquery.scrollShow.js HTTP/1.1" 200 4586
69.162.124.232 - - [03/Dec/2019:05:00:20 -0500] "HEAD / HTTP/1.1" 200 -
186.155.16.48 - - [03/Dec/2019:05:00:20 -0500] "GET /galeria/galeria/jquery.fancybox.js?v=2.1.5 HTTP/1.1" 200 48706
200.29.113.36 - - [03/Dec/2019:05:00:23 -0500] "GET /galeria/nivo-slider/demo/inicio.html HTTP/1.1" 200 4413
200.29.113.36 - - [03/Dec/2019:05:00:24 -0500] "GET /galeria/nivo-slider/demo/images/bannerwebmusgo.jpg HTTP/1.1" 200 367364
200.29.113.36 - - [03/Dec/2019:05:00:24 -0500] "GET /galeria/nivo-slider/jquery.nivo.slider.pack.js HTTP/1.1" 200 11561
200.29.113.36 - - [03/Dec/2019:05:00:24 -0500] "GET /galeria/nivo-slider/demo/images/Bannerserpiente2019.jpg HTTP/1.1" 200 270374
200.29.113.36 - - [03/Dec/2019:05:00:24 -0500] "GET /galeria/nivo-slider/demo/style.css HTTP/1.1" 200 2222
200.29.113.36 - - [03/Dec/2019:05:00:24 -0500] "GET /galeria/nivo-slider/demo/images/bannercapaclimasostenible.jpg HTTP/1.1" 200 103893
200.29.113.36 - - [03/Dec/2019:05:00:24 -0500] "GET /galeria/nivo-slider/demo/images/Banner%20Visor%20Geografico%20Ambiental.jpg HTTP/1.1" 200 204673
200.29.113.36 - - [03/Dec/2019:05:00:24 -0500] "GET /galeria/nivo-slider/demo/images/Banner%20POT.png HTTP/1.1" 200 418238
200.29.113.36 - - [03/Dec/2019:05:00:24 -0500] "GET /galeria/nivo-slider/themes/default/default.css HTTP/1.1" 200 1569
200.29.113.36 - - [03/Dec/2019:05:00:24 -0500] "GET /galeria/nivo-slider/demo/images/Banner%20consumo%20sostenible%20final.jpg HTTP/1.1" 200 364746
200.29.113.36 - - [03/Dec/2019:05:00:24 -0500] "GET /galeria/nivo-slider/themes/orman/orman.css HTTP/1.1" 200 2152
200.29.113.36 - - [03/Dec/2019:05:00:24 -0500] "GET /galeria/nivo-slider/demo/images/Banner%20practicas%20sostenibles.jpg HTTP/1.1" 200 142958
200.29.113.36 - - [03/Dec/2019:05:00:24 -0500] "GET /galeria/nivo-slider/demo/images/Noviembre.png HTTP/1.1" 200 519399
200.29.113.36 - - [03/Dec/2019:05:00:24 -0500] "GET /galeria/nivo-slider/demo/images/Banner%20tinguas.jpg HTTP/1.1" 200 214878
200.29.113.36 - - [03/Dec/2019:05:00:24 -0500] "GET /galeria/nivo-slider/demo/images/banneriniciativa.jpg HTTP/1.1" 200 200385
200.29.113.36 - - [03/Dec/2019:05:00:24 -0500] "GET /galeria/nivo-slider/demo/images/Banneranonimos.png HTTP/1.1" 200 109388
200.29.113.36 - - [03/Dec/2019:05:00:24 -0500] "GET /galeria/nivo-slider/themes/pascal/pascal.css HTTP/1.1" 200 2258
200.29.113.36 - - [03/Dec/2019:05:00:24 -0500] "GET /galeria/nivo-slider/demo/images/puntos%20atencion%20BANNER.jpg HTTP/1.1" 200 244208
200.29.113.36 - - [03/Dec/2019:05:00:24 -0500] "GET /galeria/nivo-slider/demo/images/Banner%20RCD.jpg HTTP/1.1" 200 92197
200.29.113.36 - - [03/Dec/2019:05:00:24 -0500] "GET /galeria/nivo-slider/demo/images/Banner%20Conpes.jpg HTTP/1.1" 200 55220
200.29.113.36 - - [03/Dec/2019:05:00:24 -0500] "GET /galeria/nivo-slider/demo/scripts/jquery-1.7.1.min.js HTTP/1.1" 200 93868
200.29.113.36 - - [03/Dec/2019:05:00:24 -0500] "GET /galeria/nivo-slider/demo/images/banneragendamiento.jpg HTTP/1.1" 200 116897
200.29.113.36 - - [03/Dec/2019:05:00:24 -0500] "GET /galeria/nivo-slider/demo/images/Bannerpread2019.jpg HTTP/1.1" 200 281106
200.29.113.36 - - [03/Dec/2019:05:00:25 -0500] "GET /galeria/nivo-slider/nivo-slider.css HTTP/1.1" 200 1507
200.29.113.36 - - [03/Dec/2019:05:00:26 -0500] "GET /galeria/nivo-slider/themes/default/loading.gif HTTP/1.1" 200 1737
200.29.113.36 - - [03/Dec/2019:05:00:26 -0500] "GET /galeria/nivo-slider/demo/images/4Simple_Slider.png HTTP/1.1" 200 11722
200.29.113.36 - - [03/Dec/2019:05:00:27 -0500] "GET /galeria/nivo-slider/themes/default/arrows.png HTTP/1.1" 200 824
200.29.113.36 - - [03/Dec/2019:05:00:27 -0500] "GET /galeria/nivo-slider/themes/default/bullets.png HTTP/1.1" 200 1281
216.244.66.195 - - [03/Dec/2019:05:00:29 -0500] "GET /BLA/resoluciones/AUTOS%202014/2779.pdf HTTP/1.1" 200 1572710
190.156.142.226 - - [03/Dec/2019:05:00:59 -0500] "GET /BLA/resoluciones/AUTOS%202017/1220.pdf HTTP/1.1" 200 331602
190.156.142.226 - - [03/Dec/2019:05:01:01 -0500] "GET /favicon.ico HTTP/1.1" 200 7782
66.249.64.59 - - [03/Dec/2019:05:01:09 -0500] "GET /BLA/resoluciones/AUTOS%202013/3705.pdf HTTP/1.1" 200 666061
181.51.32.75 - - [03/Dec/2019:05:01:21 -0500] "GET /galeria/galeria/jquery.fancybox.css?v=2.1.5 HTTP/1.1" 200 4895
181.51.32.75 - - [03/Dec/2019:05:01:21 -0500] "GET /galeria/galeria/jquery.fancybox.js?v=2.1.5 HTTP/1.1" 200 48706
181.51.32.75 - - [03/Dec/2019:05:01:21 -0500] "GET /BLA/boletinlegal/js/jquery.scrollShow.js HTTP/1.1" 200 4586
190.122.165.171 - - [03/Dec/2019:05:01:49 -0500] "GET /galeria/galeria/fotos/Soratama3P.jpg HTTP/1.1" 200 11298
190.122.165.171 - - [03/Dec/2019:05:01:49 -0500] "GET /galeria/galeria/fotos/Soratama4P.jpg HTTP/1.1" 200 10482
207.46.13.34 - - [03/Dec/2019:05:02:15 -0500] "GET /POT-2013/Cartografia/33_UPZ_2013_V1.pdf HTTP/1.1" 200 4878906
66.249.64.59 - - [03/Dec/2019:05:02:49 -0500] "GET /BLA/resoluciones/RESOLUCIONES%202009/1988.pdf HTTP/1.1" 200 510287
216.244.66.195 - - [03/Dec/2019:05:02:49 -0500] "GET /BLA/resoluciones/AUTOS%202015/0143.pdf HTTP/1.1" 200 760928
66.249.64.61 - - [03/Dec/2019:05:02:50 -0500] "GET /BLA/resoluciones/AUTOS%202007/0519.pdf HTTP/1.1" 200 394490
66.249.64.63 - - [03/Dec/2019:05:04:30 -0500] "GET /BLA/resoluciones/AUTOS%202016/0992.pdf HTTP/1.1" 200 1234054
54.36.150.63 - - [03/Dec/2019:05:04:35 -0500] "GET /autoliquidacion/index.php?dir=TR%C1MITES+AGUAS+SUBTERR%C1NEAS%2F126PM04-PR91-CONCESI%D2N+DE+AGUAS+SUBTERRANEAS%2F HTTP/1.1" 200 2930
216.244.66.195 - - [03/Dec/2019:05:05:09 -0500] "GET /BLA/resoluciones/AUTOS%202015/0253.pdf HTTP/1.1" 200 434115
69.162.124.232 - - [03/Dec/2019:05:05:20 -0500] "HEAD / HTTP/1.1" 200 -
181.48.255.11 - - [03/Dec/2019:05:05:41 -0500] "GET /galeria/galeria/jquery.fancybox.css?v=2.1.5 HTTP/1.1" 200 4895
181.48.255.11 - - [03/Dec/2019:05:05:41 -0500] "GET /galeria/carrusel/Carrusel/jquery.thumbnailScroller.js HTTP/1.1" 200 8157
181.48.255.11 - - [03/Dec/2019:05:05:41 -0500] "GET /galeria/carrusel/Carrusel/jquery.thumbnailScroller.css HTTP/1.1" 200 2066
181.48.255.11 - - [03/Dec/2019:05:05:41 -0500] "GET /galeria/carrusel/Carrusel/jquery-ui-1.8.13.custom.min.js HTTP/1.1" 200 10800
181.48.255.11 - - [03/Dec/2019:05:05:41 -0500] "GET /galeria/galeria/jquery.fancybox.js?v=2.1.5 HTTP/1.1" 200 48706
181.48.255.11 - - [03/Dec/2019:05:05:41 -0500] "GET /BLA/boletinlegal/js/jquery.scrollShow.js HTTP/1.1" 200 4586
181.48.255.11 - - [03/Dec/2019:05:05:44 -0500] "GET /galeria/nivo-slider/demo/inicio.html HTTP/1.1" 200 4413
181.48.255.11 - - [03/Dec/2019:05:05:45 -0500] "GET /galeria/nivo-slider/demo/style.css HTTP/1.1" 200 2222
181.48.255.11 - - [03/Dec/2019:05:05:45 -0500] "GET /galeria/nivo-slider/demo/images/Banneranonimos.png HTTP/1.1" 200 109388
181.48.255.11 - - [03/Dec/2019:05:05:45 -0500] "GET /galeria/nivo-slider/demo/images/bannercapaclimasostenible.jpg HTTP/1.1" 200 103893
181.48.255.11 - - [03/Dec/2019:05:05:45 -0500] "GET /galeria/nivo-slider/demo/images/bannerwebmusgo.jpg HTTP/1.1" 200 367364
181.48.255.11 - - [03/Dec/2019:05:05:45 -0500] "GET /galeria/nivo-slider/demo/images/Banner%20RCD.jpg HTTP/1.1" 200 92197
181.48.255.11 - - [03/Dec/2019:05:05:45 -0500] "GET /galeria/nivo-slider/demo/images/Bannerserpiente2019.jpg HTTP/1.1" 200 270374
181.48.255.11 - - [03/Dec/2019:05:05:45 -0500] "GET /galeria/nivo-slider/demo/images/banneragendamiento.jpg HTTP/1.1" 200 116897
181.48.255.11 - - [03/Dec/2019:05:05:45 -0500] "GET /galeria/nivo-slider/demo/images/Banner%20tinguas.jpg HTTP/1.1" 200 214878
181.48.255.11 - - [03/Dec/2019:05:05:45 -0500] "GET /galeria/nivo-slider/demo/images/banneriniciativa.jpg HTTP/1.1" 200 200385
181.48.255.11 - - [03/Dec/2019:05:05:45 -0500] "GET /galeria/nivo-slider/demo/images/puntos%20atencion%20BANNER.jpg HTTP/1.1" 200 244208
181.48.255.11 - - [03/Dec/2019:05:05:45 -0500] "GET /galeria/nivo-slider/demo/scripts/jquery-1.7.1.min.js HTTP/1.1" 200 93868
181.48.255.11 - - [03/Dec/2019:05:05:45 -0500] "GET /galeria/nivo-slider/nivo-slider.css HTTP/1.1" 200 1507
181.48.255.11 - - [03/Dec/2019:05:05:45 -0500] "GET /galeria/nivo-slider/themes/default/default.css HTTP/1.1" 200 1569
181.48.255.11 - - [03/Dec/2019:05:05:45 -0500] "GET /galeria/nivo-slider/jquery.nivo.slider.pack.js HTTP/1.1" 200 11561
181.48.255.11 - - [03/Dec/2019:05:05:45 -0500] "GET /galeria/nivo-slider/demo/images/Bannerpread2019.jpg HTTP/1.1" 200 281106
181.48.255.11 - - [03/Dec/2019:05:05:45 -0500] "GET /galeria/nivo-slider/demo/images/Banner%20consumo%20sostenible%20final.jpg HTTP/1.1" 200 364746
181.48.255.11 - - [03/Dec/2019:05:05:45 -0500] "GET /galeria/nivo-slider/demo/images/Banner%20Visor%20Geografico%20Ambiental.jpg HTTP/1.1" 200 204673
181.48.255.11 - - [03/Dec/2019:05:05:45 -0500] "GET /galeria/nivo-slider/themes/orman/orman.css HTTP/1.1" 200 2152
181.48.255.11 - - [03/Dec/2019:05:05:45 -0500] "GET /galeria/nivo-slider/demo/images/Noviembre.png HTTP/1.1" 200 519399
181.48.255.11 - - [03/Dec/2019:05:05:45 -0500] "GET /galeria/nivo-slider/demo/images/Banner%20POT.png HTTP/1.1" 200 418238
181.48.255.11 - - [03/Dec/2019:05:05:45 -0500] "GET /galeria/nivo-slider/demo/images/Banner%20Conpes.jpg HTTP/1.1" 200 55220
181.48.255.11 - - [03/Dec/2019:05:05:45 -0500] "GET /galeria/nivo-slider/demo/images/Banner%20practicas%20sostenibles.jpg HTTP/1.1" 200 142958
181.48.255.11 - - [03/Dec/2019:05:05:45 -0500] "GET /galeria/nivo-slider/themes/pascal/pascal.css HTTP/1.1" 200 2258
37.56.75.116 - - [03/Dec/2019:05:05:46 -0500] "GET /BLA/resoluciones/RESOLUCIONES%202008/0778.pdf HTTP/1.1" 200 491879
181.48.255.11 - - [03/Dec/2019:05:05:48 -0500] "GET /galeria/nivo-slider/demo/images/4Simple_Slider.png HTTP/1.1" 200 11722
181.48.255.11 - - [03/Dec/2019:05:05:48 -0500] "GET /galeria/nivo-slider/themes/default/loading.gif HTTP/1.1" 200 1737
181.48.255.11 - - [03/Dec/2019:05:05:49 -0500] "GET /galeria/nivo-slider/themes/default/arrows.png HTTP/1.1" 200 824
181.48.255.11 - - [03/Dec/2019:05:05:49 -0500] "GET /galeria/nivo-slider/themes/default/bullets.png HTTP/1.1" 200 1281
190.182.24.6 - - [03/Dec/2019:05:06:18 -0500] "GET /galeria/carrusel/Carrusel/jquery-ui-1.8.13.custom.min.js HTTP/1.1" 200 10800
190.182.24.6 - - [03/Dec/2019:05:06:18 -0500] "GET /galeria/galeria/jquery.fancybox.js?v=2.1.5 HTTP/1.1" 200 48706
190.182.24.6 - - [03/Dec/2019:05:06:18 -0500] "GET /galeria/carrusel/Carrusel/jquery.thumbnailScroller.js HTTP/1.1" 200 8157
190.182.24.6 - - [03/Dec/2019:05:06:18 -0500] "GET /BLA/boletinlegal/js/jquery.scrollShow.js HTTP/1.1" 200 4586
190.182.24.6 - - [03/Dec/2019:05:06:18 -0500] "GET /galeria/galeria/jquery.fancybox.css?v=2.1.5 HTTP/1.1" 200 4895
190.182.24.6 - - [03/Dec/2019:05:06:20 -0500] "GET /galeria/carrusel/Carrusel/jquery.thumbnailScroller.css HTTP/1.1" 200 2066
190.182.24.6 - - [03/Dec/2019:05:06:24 -0500] "GET /galeria/nivo-slider/demo/inicio.html HTTP/1.1" 200 4413
190.182.24.6 - - [03/Dec/2019:05:06:25 -0500] "GET /galeria/nivo-slider/themes/orman/orman.css HTTP/1.1" 200 2152
190.182.24.6 - - [03/Dec/2019:05:06:25 -0500] "GET /galeria/nivo-slider/demo/style.css HTTP/1.1" 200 2222
190.182.24.6 - - [03/Dec/2019:05:06:25 -0500] "GET /galeria/nivo-slider/demo/images/Noviembre.png HTTP/1.1" 200 519399
190.182.24.6 - - [03/Dec/2019:05:06:25 -0500] "GET /galeria/nivo-slider/demo/scripts/jquery-1.7.1.min.js HTTP/1.1" 200 93868
190.182.24.6 - - [03/Dec/2019:05:06:25 -0500] "GET /galeria/nivo-slider/demo/images/Banner%20practicas%20sostenibles.jpg HTTP/1.1" 200 142958
190.182.24.6 - - [03/Dec/2019:05:06:25 -0500] "GET /galeria/nivo-slider/demo/images/puntos%20atencion%20BANNER.jpg HTTP/1.1" 200 244208
190.182.24.6 - - [03/Dec/2019:05:06:25 -0500] "GET /galeria/nivo-slider/demo/images/Banner%20consumo%20sostenible%20final.jpg HTTP/1.1" 200 364746
190.182.24.6 - - [03/Dec/2019:05:06:25 -0500] "GET /galeria/nivo-slider/demo/images/banneriniciativa.jpg HTTP/1.1" 200 200385
190.182.24.6 - - [03/Dec/2019:05:06:25 -0500] "GET /galeria/nivo-slider/demo/images/Banner%20tinguas.jpg HTTP/1.1" 200 214878
190.182.24.6 - - [03/Dec/2019:05:06:25 -0500] "GET /galeria/nivo-slider/jquery.nivo.slider.pack.js HTTP/1.1" 200 11561
190.182.24.6 - - [03/Dec/2019:05:06:25 -0500] "GET /galeria/nivo-slider/demo/images/Banner%20RCD.jpg HTTP/1.1" 200 92197
190.182.24.6 - - [03/Dec/2019:05:06:25 -0500] "GET /galeria/nivo-slider/nivo-slider.css HTTP/1.1" 200 1507
190.182.24.6 - - [03/Dec/2019:05:06:25 -0500] "GET /galeria/nivo-slider/demo/images/Banner%20POT.png HTTP/1.1" 200 418238
190.182.24.6 - - [03/Dec/2019:05:06:25 -0500] "GET /galeria/nivo-slider/demo/images/Banner%20Visor%20Geografico%20Ambiental.jpg HTTP/1.1" 200 204673
190.182.24.6 - - [03/Dec/2019:05:06:25 -0500] "GET /galeria/nivo-slider/demo/images/Bannerpread2019.jpg HTTP/1.1" 200 281106
190.182.24.6 - - [03/Dec/2019:05:06:25 -0500] "GET /galeria/nivo-slider/demo/images/banneragendamiento.jpg HTTP/1.1" 200 116897
190.182.24.6 - - [03/Dec/2019:05:06:25 -0500] "GET /galeria/nivo-slider/demo/images/bannercapaclimasostenible.jpg HTTP/1.1" 200 103893
190.182.24.6 - - [03/Dec/2019:05:06:25 -0500] "GET /galeria/nivo-slider/demo/images/Banner%20Conpes.jpg HTTP/1.1" 200 55220
190.182.24.6 - - [03/Dec/2019:05:06:25 -0500] "GET /galeria/nivo-slider/themes/pascal/pascal.css HTTP/1.1" 200 2258
190.182.24.6 - - [03/Dec/2019:05:06:25 -0500] "GET /galeria/nivo-slider/demo/images/bannerwebmusgo.jpg HTTP/1.1" 200 367364
190.182.24.6 - - [03/Dec/2019:05:06:27 -0500] "GET /galeria/nivo-slider/themes/default/default.css HTTP/1.1" 200 1569
190.182.24.6 - - [03/Dec/2019:05:06:27 -0500] "GET /galeria/nivo-slider/demo/images/Banneranonimos.png HTTP/1.1" 200 109388
190.182.24.6 - - [03/Dec/2019:05:06:27 -0500] "GET /galeria/nivo-slider/demo/images/Bannerserpiente2019.jpg HTTP/1.1" 200 270374
190.182.24.6 - - [03/Dec/2019:05:06:28 -0500] "GET /galeria/nivo-slider/demo/images/4Simple_Slider.png HTTP/1.1" 200 11722
190.182.24.6 - - [03/Dec/2019:05:06:28 -0500] "GET /galeria/nivo-slider/themes/default/loading.gif HTTP/1.1" 200 1737
190.182.24.6 - - [03/Dec/2019:05:06:30 -0500] "GET /galeria/nivo-slider/themes/default/bullets.png HTTP/1.1" 200 1281
190.182.24.6 - - [03/Dec/2019:05:06:30 -0500] "GET /galeria/nivo-slider/themes/default/arrows.png HTTP/1.1" 200 824
216.244.66.195 - - [03/Dec/2019:05:06:34 -0500] "GET /BLA/resoluciones/AUTOS%202015/0609.pdf HTTP/1.1" 200 624714
66.249.64.59 - - [03/Dec/2019:05:07:01 -0500] "GET /BLA/resoluciones/RESOLUCIONES%202008/0504.pdf HTTP/1.1" 200 809257
66.249.64.59 - - [03/Dec/2019:05:07:51 -0500] "GET /BLA/resoluciones/AUTOS%202008/2002.pdf HTTP/1.1" 200 180049
66.249.64.61 - - [03/Dec/2019:05:08:41 -0500] "GET /BLA/resoluciones/RESOLUCIONES%202009/2978.pdf HTTP/1.1" 200 473371
216.244.66.195 - - [03/Dec/2019:05:08:52 -0500] "GET /BLA/resoluciones/AUTOS%202015/0629.pdf HTTP/1.1" 200 1674488
66.249.64.63 - - [03/Dec/2019:05:09:31 -0500] "GET /BLA/resoluciones/RESOLUCIONES%202008/0771.pdf HTTP/1.1" 200 47308
216.244.66.195 - - [03/Dec/2019:05:09:42 -0500] "GET /BLA/resoluciones/AUTOS%202015/0661.pdf HTTP/1.1" 200 506303
66.249.64.59 - - [03/Dec/2019:05:10:02 -0500] "GET /BLA/resoluciones/RESOLUCIONES%202010/3739.pdf HTTP/1.1" 200 354033
69.162.124.232 - - [03/Dec/2019:05:10:20 -0500] "HEAD / HTTP/1.1" 200 -
66.249.64.59 - - [03/Dec/2019:05:10:21 -0500] "GET /BLA/resoluciones/RESOLUCIONES%202018/1516.pdf HTTP/1.1" 200 366992
40.77.167.46 - - [03/Dec/2019:05:10:30 -0500] "GET /POT-2013/index.php?dir=Cartografia/&sort=date&order=desc HTTP/1.1" 200 11464
66.249.64.61 - - [03/Dec/2019:05:11:12 -0500] "GET /BLA/resoluciones/RESOLUCIONES%202017/1142.pdf HTTP/1.1" 200 1007915
40.94.227.38 - - [03/Dec/2019:05:11:37 -0500] "GET /galeria/galeria/jquery.fancybox.js?v=2.1.5 HTTP/1.1" 200 48706
40.94.227.62 - - [03/Dec/2019:05:11:37 -0500] "GET /BLA/boletinlegal/js/jquery.scrollShow.js HTTP/1.1" 200 4586
40.94.227.69 - - [03/Dec/2019:05:11:37 -0500] "GET /galeria/galeria/jquery.fancybox.css?v=2.1.5 HTTP/1.1" 200 4895
66.249.88.187 - - [03/Dec/2019:05:11:37 -0500] "GET /galeria/galeria/jquery.fancybox.css?v=2.1.5 HTTP/1.1" 200 4895
66.249.88.189 - - [03/Dec/2019:05:11:37 -0500] "GET /galeria/galeria/jquery.fancybox.js?v=2.1.5 HTTP/1.1" 200 48706
40.94.227.25 - - [03/Dec/2019:05:11:45 -0500] "GET /galeria/galeria/jquery.fancybox.css?v=2.1.5 HTTP/1.1" 304 -
40.94.227.73 - - [03/Dec/2019:05:11:45 -0500] "GET /BLA/boletinlegal/js/jquery.scrollShow.js HTTP/1.1" 304 -
40.94.227.55 - - [03/Dec/2019:05:11:45 -0500] "GET /galeria/galeria/jquery.fancybox.js?v=2.1.5 HTTP/1.1" 304 -
216.244.66.195 - - [03/Dec/2019:05:12:01 -0500] "GET /BLA/resoluciones/AUTOS%202015/0692.pdf HTTP/1.1" 200 785901
66.249.64.59 - - [03/Dec/2019:05:12:02 -0500] "GET /BLA/resoluciones/RESOLUCIONES%202017/0947.pdf HTTP/1.1" 200 746305
46.229.168.134 - - [03/Dec/2019:05:12:12 -0500] "GET /Anexos%20estudio%20Organizacional%20SDA/index.php?dir=ANEXO%2BNo.%2B3-%2BCONTRATACI%C3%83%C2%83%C3%82%C2%83%C3%83%C2%82%C3%82%C2%93N%2B%2BOPS%C3%83%C2%83%C3%82%C2%82%C3%83%C2%82%C3%82%C2%B4s%2B2008-2012%2F&order=asc&sort=size HTTP/1.1" 200 6229
216.244.66.195 - - [03/Dec/2019:05:12:51 -0500] "GET /BLA/resoluciones/AUTOS%202015/0790.pdf HTTP/1.1" 200 622987
207.46.13.0 - - [03/Dec/2019:05:12:53 -0500] "GET /appsia/controlador HTTP/1.1" 200 4393
157.55.39.91 - - [03/Dec/2019:05:14:48 -0500] "GET /BLA/boletinlegal/Directivas/2013/Directiva%20No.%202%20del%2004%20de%20Abril%20de%202013.pdf HTTP/1.1" 304 -
40.77.167.131 - - [03/Dec/2019:05:14:55 -0500] "GET /galeria/galeria/fotos/Humedal-la-conejera3G.jpg HTTP/1.1" 200 373974
216.244.66.195 - - [03/Dec/2019:05:15:11 -0500] "GET /BLA/resoluciones/AUTOS%202015/0886.pdf HTTP/1.1" 200 598706
69.162.124.232 - - [03/Dec/2019:05:15:20 -0500] "HEAD / HTTP/1.1" 200 -
216.244.66.195 - - [03/Dec/2019:05:15:38 -0500] "GET /BLA/resoluciones/AUTOS%202015/0922.pdf HTTP/1.1" 200 501971
216.244.66.195 - - [03/Dec/2019:05:15:42 -0500] "GET /BLA/resoluciones/AUTOS%202015/0949.pdf HTTP/1.1" 200 593517
216.244.66.195 - - [03/Dec/2019:05:15:45 -0500] "GET /BLA/resoluciones/AUTOS%202015/1000.pdf HTTP/1.1" 200 667249
216.244.66.195 - - [03/Dec/2019:05:15:48 -0500] "GET /BLA/resoluciones/AUTOS%202015/1365.pdf HTTP/1.1" 200 800395
216.244.66.195 - - [03/Dec/2019:05:15:50 -0500] "GET /BLA/resoluciones/AUTOS%202015/1992.pdf HTTP/1.1" 200 864646
216.244.66.195 - - [03/Dec/2019:05:15:54 -0500] "GET /BLA/resoluciones/AUTOS%202015/2013.pdf HTTP/1.1" 200 552102
216.244.66.195 - - [03/Dec/2019:05:15:57 -0500] "GET /BLA/resoluciones/AUTOS%202015/2259.pdf HTTP/1.1" 200 705061
66.249.64.63 - - [03/Dec/2019:05:16:13 -0500] "GET /BLA/resoluciones/RESOLUCIONES%202012/0868.pdf HTTP/1.1" 304 -
216.244.66.195 - - [03/Dec/2019:05:16:20 -0500] "GET /BLA/resoluciones/AUTOS%202015/2559.pdf HTTP/1.1" 200 800433
216.244.66.195 - - [03/Dec/2019:05:16:24 -0500] "GET /BLA/resoluciones/AUTOS%202015/3063.pdf HTTP/1.1" 200 574473
216.244.66.195 - - [03/Dec/2019:05:16:28 -0500] "GET /BLA/resoluciones/AUTOS%202015/3615.pdf HTTP/1.1" 200 508835
216.244.66.195 - - [03/Dec/2019:05:16:31 -0500] "GET /BLA/resoluciones/AUTOS%202015/3621.pdf HTTP/1.1" 200 625144
216.244.66.195 - - [03/Dec/2019:05:16:32 -0500] "GET /BLA/resoluciones/AUTOS%202015/3668.pdf HTTP/1.1" 200 660593
216.244.66.195 - - [03/Dec/2019:05:16:36 -0500] "GET /BLA/resoluciones/AUTOS%202015/3721.pdf HTTP/1.1" 200 572902
216.244.66.195 - - [03/Dec/2019:05:16:39 -0500] "GET /BLA/resoluciones/AUTOS%202016/0435.pdf HTTP/1.1" 200 469135
216.244.66.195 - - [03/Dec/2019:05:16:43 -0500] "GET /BLA/resoluciones/AUTOS%202016/0836.pdf HTTP/1.1" 200 481227
216.244.66.195 - - [03/Dec/2019:05:16:46 -0500] "GET /BLA/resoluciones/AUTOS%202016/0884.pdf HTTP/1.1" 200 627120
216.244.66.195 - - [03/Dec/2019:05:16:50 -0500] "GET /BLA/resoluciones/AUTOS%202016/0981.pdf HTTP/1.1" 200 535631
216.244.66.195 - - [03/Dec/2019:05:16:55 -0500] "GET /BLA/resoluciones/AUTOS%202016/1018.pdf HTTP/1.1" 200 233076
216.244.66.195 - - [03/Dec/2019:05:16:57 -0500] "GET /BLA/resoluciones/AUTOS%202016/1055.pdf HTTP/1.1" 200 228174
216.244.66.195 - - [03/Dec/2019:05:16:59 -0500] "GET /BLA/resoluciones/AUTOS%202016/1456.pdf HTTP/1.1" 200 474151
201.245.192.253 - - [03/Dec/2019:05:16:26 -0500] "POST /kwsrmcab/Wsrmcab HTTP/1.1" 200 26454
216.244.66.195 - - [03/Dec/2019:05:17:00 -0500] "GET /BLA/resoluciones/AUTOS%202016/1873.pdf HTTP/1.1" 200 609033
201.245.192.253 - - [03/Dec/2019:05:16:26 -0500] "POST /kwsrmcab/Wsrmcab HTTP/1.1" 200 27072
66.249.64.61 - - [03/Dec/2019:05:17:03 -0500] "GET /BLA/resoluciones/RESOLUCIONES%202017/0489.pdf HTTP/1.1" 304 -
216.244.66.195 - - [03/Dec/2019:05:17:04 -0500] "GET /BLA/resoluciones/AUTOS%202016/1951.pdf HTTP/1.1" 200 502441
216.244.66.195 - - [03/Dec/2019:05:17:07 -0500] "GET /BLA/resoluciones/AUTOS%202016/2324.pdf HTTP/1.1" 200 373135
216.244.66.195 - - [03/Dec/2019:05:17:10 -0500] "GET /BLA/resoluciones/AUTOS%202016/2388.pdf HTTP/1.1" 200 384964
216.244.66.195 - - [03/Dec/2019:05:17:11 -0500] "GET /BLA/resoluciones/AUTOS%202016/2406.pdf HTTP/1.1" 200 622318
54.36.150.154 - - [03/Dec/2019:05:17:13 -0500] "GET /BLA/resoluciones/RESOLUCIONES%202006/RES%202006%20201-250/00000225.tif HTTP/1.1" 200 190940
216.244.66.195 - - [03/Dec/2019:05:17:13 -0500] "GET /BLA/resoluciones/AUTOS%202016/2519.pdf HTTP/1.1" 200 528739
66.249.64.61 - - [03/Dec/2019:05:17:15 -0500] "GET /BLA/resoluciones/RESOLUCIONES%202010/4813.pdf HTTP/1.1" 200 398805
216.244.66.195 - - [03/Dec/2019:05:17:17 -0500] "GET /BLA/resoluciones/AUTOS%202016/2814.pdf HTTP/1.1" 200 534983
216.244.66.195 - - [03/Dec/2019:05:17:20 -0500] "GET /BLA/resoluciones/AUTOS%202016/2840.pdf HTTP/1.1" 200 523200
216.244.66.195 - - [03/Dec/2019:05:17:22 -0500] "GET /BLA/resoluciones/AUTOS%202016/2938.pdf HTTP/1.1" 200 1347337
196.52.43.55 - - [03/Dec/2019:05:17:24 -0500] "GET / HTTP/1.0" 200 9990
216.244.66.195 - - [03/Dec/2019:05:17:28 -0500] "GET /BLA/resoluciones/AUTOS%202016/3696.pdf HTTP/1.1" 200 278112
216.244.66.195 - - [03/Dec/2019:05:17:30 -0500] "GET /BLA/resoluciones/AUTOS%202017/0176.pdf HTTP/1.1" 200 556134
216.244.66.195 - - [03/Dec/2019:05:17:32 -0500] "GET /BLA/resoluciones/AUTOS%202017/0315.pdf HTTP/1.1" 200 779354
216.244.66.195 - - [03/Dec/2019:05:17:33 -0500] "GET /BLA/resoluciones/AUTOS%202017/0385.pdf HTTP/1.1" 200 352585
201.245.192.253 - - [03/Dec/2019:05:17:01 -0500] "POST /kwsrmcab/Wsrmcab HTTP/1.1" 200 27072
216.244.66.195 - - [03/Dec/2019:05:17:37 -0500] "GET /BLA/resoluciones/AUTOS%202017/0491.pdf HTTP/1.1" 200 329544
216.244.66.195 - - [03/Dec/2019:05:17:39 -0500] "GET /BLA/resoluciones/AUTOS%202017/0605.pdf HTTP/1.1" 200 511175
216.244.66.195 - - [03/Dec/2019:05:17:41 -0500] "GET /BLA/resoluciones/AUTOS%202017/0653.pdf HTTP/1.1" 200 421535
216.244.66.195 - - [03/Dec/2019:05:17:44 -0500] "GET /BLA/resoluciones/AUTOS%202017/0991.pdf HTTP/1.1" 200 1507239
216.244.66.195 - - [03/Dec/2019:05:17:51 -0500] "GET /BLA/resoluciones/AUTOS%202017/1255.pdf HTTP/1.1" 200 322739
216.244.66.195 - - [03/Dec/2019:05:17:53 -0500] "GET /BLA/resoluciones/AUTOS%202017/1265.pdf HTTP/1.1" 200 319862
216.244.66.195 - - [03/Dec/2019:05:17:56 -0500] "GET /BLA/resoluciones/AUTOS%202017/1283.pdf HTTP/1.1" 200 321736
216.244.66.195 - - [03/Dec/2019:05:17:59 -0500] "GET /BLA/resoluciones/AUTOS%202017/1432.pdf HTTP/1.1" 200 347249
216.244.66.195 - - [03/Dec/2019:05:18:02 -0500] "GET /BLA/resoluciones/AUTOS%202017/2168.pdf HTTP/1.1" 200 507702
216.244.66.195 - - [03/Dec/2019:05:18:03 -0500] "GET /BLA/resoluciones/AUTOS%202017/2663.pdf HTTP/1.1" 200 2130302
216.244.66.195 - - [03/Dec/2019:05:18:05 -0500] "GET /BLA/resoluciones/AUTOS%202017/2822.pdf HTTP/1.1" 200 430812
216.244.66.195 - - [03/Dec/2019:05:18:08 -0500] "GET /BLA/resoluciones/AUTOS%202017/2874.pdf HTTP/1.1" 200 534564
216.244.66.195 - - [03/Dec/2019:05:18:10 -0500] "GET /BLA/resoluciones/AUTOS%202017/2877.pdf HTTP/1.1" 200 267362
216.244.66.195 - - [03/Dec/2019:05:18:12 -0500] "GET /BLA/resoluciones/AUTOS%202017/2951.pdf HTTP/1.1" 200 290248
216.244.66.195 - - [03/Dec/2019:05:18:13 -0500] "GET /BLA/resoluciones/AUTOS%202017/2970.pdf HTTP/1.1" 200 365672
216.244.66.195 - - [03/Dec/2019:05:18:15 -0500] "GET /BLA/resoluciones/AUTOS%202017/3248.pdf HTTP/1.1" 200 308107
216.244.66.195 - - [03/Dec/2019:05:18:20 -0500] "GET /BLA/resoluciones/AUTOS%202017/3258.pdf HTTP/1.1" 200 1650901
66.249.64.59 - - [03/Dec/2019:05:18:44 -0500] "GET /BLA/resoluciones/RESOLUCIONES%202014/2113.pdf HTTP/1.1" 304 -
66.249.64.59 - - [03/Dec/2019:05:19:34 -0500] "GET /BLA/resoluciones/AUTOS%202014/5481.pdf HTTP/1.1" 304 -
40.77.190.134 - - [03/Dec/2019:05:19:49 -0500] "GET /siipev/Diseno%20de%20Elementos%20de%20Mobiliario%20Urbano/Acciones%20Populares/AccionesPopulares.html? HTTP/1.1" 200 18301
40.77.191.39 - - [03/Dec/2019:05:19:50 -0500] "GET /siipev/Diseno%20de%20Elementos%20de%20Mobiliario%20Urbano/Acciones%20Populares/css/bootstrap.min.css HTTP/1.1" 200 113504
40.77.188.106 - - [03/Dec/2019:05:19:51 -0500] "GET /siipev/Diseno%20de%20Elementos%20de%20Mobiliario%20Urbano/Acciones%20Populares/css/dataTables.bootstrap.css HTTP/1.1" 200 7679
40.77.191.39 - - [03/Dec/2019:05:19:51 -0500] "GET /siipev/Diseno%20de%20Elementos%20de%20Mobiliario%20Urbano/Acciones%20Populares/js/jquery.min.js HTTP/1.1" 200 95786
40.77.190.4 - - [03/Dec/2019:05:19:51 -0500] "GET /siipev/Diseno%20de%20Elementos%20de%20Mobiliario%20Urbano/Acciones%20Populares/js/bootstrap.min.js HTTP/1.1" 200 35601
40.77.190.132 - - [03/Dec/2019:05:19:52 -0500] "GET /siipev/Diseno%20de%20Elementos%20de%20Mobiliario%20Urbano/Acciones%20Populares/js/jquery.dataTables.min.js HTTP/1.1" 200 78766
40.77.190.132 - - [03/Dec/2019:05:19:53 -0500] "GET /siipev/Diseno%20de%20Elementos%20de%20Mobiliario%20Urbano/Acciones%20Populares/js/dataTables.bootstrap.js HTTP/1.1" 200 4287
40.77.191.39 - - [03/Dec/2019:05:19:53 -0500] "GET /siipev/Diseno%20de%20Elementos%20de%20Mobiliario%20Urbano/Acciones%20Populares/images/sort_both.html HTTP/1.1" 404 1018
40.77.190.132 - - [03/Dec/2019:05:19:54 -0500] "GET /siipev/Diseno%20de%20Elementos%20de%20Mobiliario%20Urbano/Acciones%20Populares/images/sort_asc.html HTTP/1.1" 404 1018
69.162.124.232 - - [03/Dec/2019:05:20:20 -0500] "HEAD / HTTP/1.1" 200 -
180.163.220.68 - - [03/Dec/2019:05:20:42 -0500] "GET /galeria/galeria/jquery.fancybox.css?v=2.1.5 HTTP/1.1" 200 4895
180.163.220.68 - - [03/Dec/2019:05:20:42 -0500] "GET /galeria/carrusel/Carrusel/jquery.thumbnailScroller.css HTTP/1.1" 200 2066
180.163.220.4 - - [03/Dec/2019:05:20:42 -0500] "GET /BLA/boletinlegal/js/jquery.scrollShow.js HTTP/1.1" 200 4586
180.163.220.5 - - [03/Dec/2019:05:20:42 -0500] "GET /galeria/galeria/jquery.fancybox.js?v=2.1.5 HTTP/1.1" 200 48706
180.163.220.3 - - [03/Dec/2019:05:20:58 -0500] "GET /galeria/carrusel/Carrusel/jquery-ui-1.8.13.custom.min.js HTTP/1.1" 200 10800
180.163.220.66 - - [03/Dec/2019:05:21:01 -0500] "GET /galeria/carrusel/Carrusel/jquery.thumbnailScroller.js HTTP/1.1" 200 8157
66.249.64.61 - - [03/Dec/2019:05:21:14 -0500] "GET /BLA/resoluciones/RESOLUCIONES%202015/0899.pdf HTTP/1.1" 200 491201
66.249.64.29 - - [03/Dec/2019:05:22:05 -0500] "GET /BLA/boletinlegal/jurisprudencia.php HTTP/1.1" 200 17573
186.155.154.112 - - [03/Dec/2019:05:24:56 -0500] "GET /BLA/resoluciones/Notificaciones/AUTOS%202015/1957.doc HTTP/1.1" 200 179712
146.50.219.199 - - [03/Dec/2019:05:25:00 -0500] "GET /galeria/galeria/jquery.fancybox.css?v=2.1.5 HTTP/1.1" 200 4895
146.50.219.199 - - [03/Dec/2019:05:25:00 -0500] "GET /galeria/galeria/jquery.fancybox.js?v=2.1.5 HTTP/1.1" 200 48706
146.50.219.199 - - [03/Dec/2019:05:25:00 -0500] "GET /BLA/boletinlegal/js/jquery.scrollShow.js HTTP/1.1" 200 4586
69.162.124.232 - - [03/Dec/2019:05:25:20 -0500] "HEAD / HTTP/1.1" 200 -
66.249.64.61 - - [03/Dec/2019:05:25:26 -0500] "GET /BLA/resoluciones/RESOLUCIONES%202015/0238.pdf HTTP/1.1" 304 -
66.249.64.59 - - [03/Dec/2019:05:26:16 -0500] "GET /BLA/resoluciones/RESOLUCIONES%202016/0438.pdf HTTP/1.1" 304 -
201.245.192.253 - - [03/Dec/2019:05:26:27 -0500] "POST /kwsrmcab/Wsrmcab HTTP/1.1" 200 26454
54.36.149.3 - - [03/Dec/2019:05:27:44 -0500] "GET /BLA/resoluciones/index.php?dir=RESOLUCIONES+2007%2FRES+2007+4001+AL+4100%2F HTTP/1.1" 200 26864
66.249.64.59 - - [03/Dec/2019:05:27:56 -0500] "GET /BLA/resoluciones/RESOLUCIONES%202007/RES%202007%204101%20AL%204200/RESOLUCION%204118%20DE%202007.pdf HTTP/1.1" 200 849086
66.249.64.29 - - [03/Dec/2019:05:29:37 -0500] "GET /BLA/boletinlegal/jurisprudencia.php HTTP/1.1" 200 17573
186.29.180.238 - - [03/Dec/2019:05:30:08 -0500] "GET /BLA/boletinlegal/js/jquery.scrollShow.js HTTP/1.1" 200 4586
186.29.180.238 - - [03/Dec/2019:05:30:08 -0500] "GET /galeria/galeria/jquery.fancybox.js?v=2.1.5 HTTP/1.1" 200 48706
186.29.180.238 - - [03/Dec/2019:05:30:09 -0500] "GET /galeria/carrusel/Carrusel/jquery.thumbnailScroller.css HTTP/1.1" 200 2066
186.29.180.238 - - [03/Dec/2019:05:30:09 -0500] "GET /galeria/carrusel/Carrusel/jquery-ui-1.8.13.custom.min.js HTTP/1.1" 200 10800
186.29.180.238 - - [03/Dec/2019:05:30:09 -0500] "GET /galeria/carrusel/Carrusel/jquery.thumbnailScroller.js HTTP/1.1" 200 8157
186.29.180.238 - - [03/Dec/2019:05:30:10 -0500] "GET /galeria/nivo-slider/demo/inicio.html HTTP/1.1" 200 4413
186.29.183.89 - - [03/Dec/2019:05:30:14 -0500] "GET /galeria/galeria/jquery.fancybox.css?v=2.1.5 HTTP/1.1" 200 4895
186.29.183.89 - - [03/Dec/2019:05:30:14 -0500] "GET /BLA/boletinlegal/js/jquery.scrollShow.js HTTP/1.1" 200 4586
186.29.183.89 - - [03/Dec/2019:05:30:14 -0500] "GET /galeria/galeria/jquery.fancybox.js?v=2.1.5 HTTP/1.1" 200 48706
186.29.180.238 - - [03/Dec/2019:05:30:16 -0500] "GET /galeria/nivo-slider/themes/default/default.css HTTP/1.1" 200 1569
186.29.180.238 - - [03/Dec/2019:05:30:16 -0500] "GET /galeria/nivo-slider/themes/pascal/pascal.css HTTP/1.1" 200 2258
186.29.180.238 - - [03/Dec/2019:05:30:16 -0500] "GET /galeria/nivo-slider/themes/orman/orman.css HTTP/1.1" 200 2152
186.29.180.238 - - [03/Dec/2019:05:30:16 -0500] "GET /galeria/nivo-slider/nivo-slider.css HTTP/1.1" 200 1507
186.29.180.238 - - [03/Dec/2019:05:30:16 -0500] "GET /galeria/nivo-slider/demo/style.css HTTP/1.1" 200 2222
186.29.180.238 - - [03/Dec/2019:05:30:16 -0500] "GET /galeria/nivo-slider/demo/images/bannercapaclimasostenible.jpg HTTP/1.1" 200 103893
186.29.180.238 - - [03/Dec/2019:05:30:16 -0500] "GET /galeria/nivo-slider/demo/images/banneragendamiento.jpg HTTP/1.1" 200 116897
186.29.180.238 - - [03/Dec/2019:05:30:16 -0500] "GET /galeria/nivo-slider/demo/images/Bannerpread2019.jpg HTTP/1.1" 200 281106
186.29.180.238 - - [03/Dec/2019:05:30:17 -0500] "GET /galeria/nivo-slider/demo/images/bannerwebmusgo.jpg HTTP/1.1" 200 367364
186.29.180.238 - - [03/Dec/2019:05:30:17 -0500] "GET /galeria/nivo-slider/demo/scripts/jquery-1.7.1.min.js HTTP/1.1" 200 93868
186.29.180.238 - - [03/Dec/2019:05:30:17 -0500] "GET /galeria/nivo-slider/jquery.nivo.slider.pack.js HTTP/1.1" 200 11561
186.29.180.238 - - [03/Dec/2019:05:30:18 -0500] "GET /galeria/nivo-slider/demo/images/banneriniciativa.jpg HTTP/1.1" 200 200385
186.29.180.238 - - [03/Dec/2019:05:30:19 -0500] "GET /galeria/nivo-slider/demo/images/Banner%20tinguas.jpg HTTP/1.1" 200 214878
186.29.180.238 - - [03/Dec/2019:05:30:19 -0500] "GET /galeria/nivo-slider/demo/images/Bannerserpiente2019.jpg HTTP/1.1" 200 270374
69.162.124.232 - - [03/Dec/2019:05:30:20 -0500] "HEAD / HTTP/1.1" 200 -
186.29.180.238 - - [03/Dec/2019:05:30:23 -0500] "GET /galeria/nivo-slider/demo/images/Noviembre.png HTTP/1.1" 200 519399
186.29.180.238 - - [03/Dec/2019:05:30:23 -0500] "GET /galeria/nivo-slider/demo/images/puntos%20atencion%20BANNER.jpg HTTP/1.1" 200 244208
186.29.180.238 - - [03/Dec/2019:05:30:23 -0500] "GET /galeria/nivo-slider/demo/images/Banner%20Visor%20Geografico%20Ambiental.jpg HTTP/1.1" 200 204673
186.29.180.238 - - [03/Dec/2019:05:30:25 -0500] "GET /galeria/nivo-slider/demo/images/Banner%20consumo%20sostenible%20final.jpg HTTP/1.1" 200 364746
186.29.180.238 - - [03/Dec/2019:05:30:25 -0500] "GET /galeria/nivo-slider/demo/images/Banner%20RCD.jpg HTTP/1.1" 200 92197
186.29.180.238 - - [03/Dec/2019:05:30:28 -0500] "GET /galeria/nivo-slider/demo/images/Banner%20Conpes.jpg HTTP/1.1" 200 55220
186.29.180.238 - - [03/Dec/2019:05:30:29 -0500] "GET /galeria/nivo-slider/demo/images/Banner%20practicas%20sostenibles.jpg HTTP/1.1" 200 142958
186.29.180.238 - - [03/Dec/2019:05:30:30 -0500] "GET /galeria/nivo-slider/demo/images/Banner%20POT.png HTTP/1.1" 200 418238
186.29.180.238 - - [03/Dec/2019:05:30:30 -0500] "GET /galeria/nivo-slider/demo/images/Banneranonimos.png HTTP/1.1" 200 109388
186.29.180.238 - - [03/Dec/2019:05:30:30 -0500] "GET /galeria/nivo-slider/demo/images/4Simple_Slider.png HTTP/1.1" 200 11722
186.29.180.238 - - [03/Dec/2019:05:30:30 -0500] "GET /galeria/nivo-slider/themes/default/loading.gif HTTP/1.1" 200 1737
66.249.88.187 - - [03/Dec/2019:05:31:26 -0500] "GET /galeria/galeria/jquery.fancybox.css?v=2.1.5 HTTP/1.1" 200 4895
66.249.88.191 - - [03/Dec/2019:05:31:26 -0500] "GET /galeria/carrusel/Carrusel/jquery.thumbnailScroller.css HTTP/1.1" 200 2066
66.249.88.189 - - [03/Dec/2019:05:31:26 -0500] "GET /galeria/galeria/jquery.fancybox.js?v=2.1.5 HTTP/1.1" 200 48706
66.249.88.189 - - [03/Dec/2019:05:31:26 -0500] "GET /BLA/boletinlegal/js/jquery.scrollShow.js HTTP/1.1" 200 4586
66.249.88.191 - - [03/Dec/2019:05:31:26 -0500] "GET /galeria/carrusel/Carrusel/jquery.thumbnailScroller.js HTTP/1.1" 200 8157
66.249.88.191 - - [03/Dec/2019:05:31:26 -0500] "GET /galeria/carrusel/Carrusel/jquery-ui-1.8.13.custom.min.js HTTP/1.1" 200 10800
66.249.88.187 - - [03/Dec/2019:05:31:27 -0500] "GET /galeria/nivo-slider/demo/inicio.html HTTP/1.1" 200 4413
66.249.88.187 - - [03/Dec/2019:05:31:27 -0500] "GET /galeria/nivo-slider/demo/style.css HTTP/1.1" 200 2222
66.249.88.189 - - [03/Dec/2019:05:31:27 -0500] "GET /galeria/nivo-slider/nivo-slider.css HTTP/1.1" 200 1507
66.249.88.191 - - [03/Dec/2019:05:31:27 -0500] "GET /galeria/nivo-slider/themes/orman/orman.css HTTP/1.1" 200 2152
66.249.88.191 - - [03/Dec/2019:05:31:27 -0500] "GET /galeria/nivo-slider/themes/pascal/pascal.css HTTP/1.1" 200 2258
66.249.88.187 - - [03/Dec/2019:05:31:27 -0500] "GET /galeria/nivo-slider/themes/default/default.css HTTP/1.1" 200 1569
66.249.88.191 - - [03/Dec/2019:05:31:27 -0500] "GET /galeria/nivo-slider/demo/images/bannercapaclimasostenible.jpg HTTP/1.1" 200 103893
66.249.88.191 - - [03/Dec/2019:05:31:27 -0500] "GET /galeria/nivo-slider/demo/scripts/jquery-1.7.1.min.js HTTP/1.1" 200 93868
66.249.88.191 - - [03/Dec/2019:05:31:27 -0500] "GET /galeria/nivo-slider/jquery.nivo.slider.pack.js HTTP/1.1" 200 11561
