66.249.64.59 - - [08/Dec/2019:01:04:24 -0500] "GET /BLA/resoluciones/RESOLUCIONES%202007/RES%202007%202001%20AL%202100/RESOLUCION%202030%20%20DE%202007.pdf HTTP/1.1" 304 -
207.46.13.210 - - [08/Dec/2019:01:04:41 -0500] "GET /BLA/boletinlegal/Circulares/2013/Circular%20No.%201%20del%2014%20de%20enero%20de%202013.pdf HTTP/1.1" 304 -
192.168.175.104 - - [08/Dec/2019:01:04:52 -0500] "GET / HTTP/1.0" 200 9990
52.87.217.173 - - [08/Dec/2019:01:04:55 -0500] "GET /BLA/boletinlegal/index.php HTTP/1.1" 200 16331
66.249.64.59 - - [08/Dec/2019:01:05:24 -0500] "GET /sig/Gesti%C3%83%C2%B3n%20de%20Recursos%20F%C3%83%C2%ADsicos/126PA04-PR23.pdf HTTP/1.1" 404 1018
66.249.64.61 - - [08/Dec/2019:01:05:30 -0500] "GET /BLA/resoluciones/AUTOS%202015/3642.pdf HTTP/1.1" 200 731337
46.229.168.129 - - [08/Dec/2019:01:05:31 -0500] "GET /Anexos%20estudio%20Organizacional%20SDA/index.php?dir=ANEXO%2BNo.%2B1-%2BNORMAS%2BLEGALES%2BDE%2BESTRUCTURA%2BY%2BPLANTA%2F HTTP/1.1" 200 6163
69.162.124.232 - - [08/Dec/2019:01:05:43 -0500] "HEAD / HTTP/1.1" 200 -
66.249.64.63 - - [08/Dec/2019:01:06:33 -0500] "GET /BLA/resoluciones/RESOLUCIONES%202010/0877.pdf HTTP/1.1" 200 101698
66.249.64.63 - - [08/Dec/2019:01:06:40 -0500] "GET /BLA/resoluciones/AUTOS%202017/3741.pdf HTTP/1.1" 200 302887
66.249.64.61 - - [08/Dec/2019:01:06:51 -0500] "GET /BLA/resoluciones/RESOLUCIONES%202013/1844.pdf HTTP/1.1" 200 716839
66.249.64.59 - - [08/Dec/2019:01:07:16 -0500] "GET /BLA/resoluciones/AUTOS%202014/1898.pdf HTTP/1.1" 304 -
66.249.64.59 - - [08/Dec/2019:01:07:21 -0500] "GET /BLA/resoluciones/AUTOS%202017/3275.pdf HTTP/1.1" 200 494883
66.249.64.59 - - [08/Dec/2019:01:07:38 -0500] "GET /BLA/resoluciones/Notificaciones/AUTOS%202017/4565.pdf HTTP/1.1" 200 261023
66.249.64.59 - - [08/Dec/2019:01:08:10 -0500] "GET /BLA/resoluciones/RESOLUCIONES%202011/3519.pdf HTTP/1.1" 200 666836
192.168.175.104 - - [08/Dec/2019:01:08:20 -0500] "GET / HTTP/1.1" 200 9990
66.249.64.59 - - [08/Dec/2019:01:08:24 -0500] "GET /BLA/resoluciones/Notificaciones/AUTOS%202017/3329.pdf HTTP/1.1" 200 263678
207.46.13.52 - - [08/Dec/2019:01:08:28 -0500] "GET /BLA/boletinlegal/Circulares/2010/Circular%2004%20de%2021%20de%20abril%20de%202010.pdf HTTP/1.1" 200 682373
40.77.167.38 - - [08/Dec/2019:01:08:41 -0500] "GET / HTTP/1.1" 200 9990
66.249.64.59 - - [08/Dec/2019:01:08:44 -0500] "GET /BLA/resoluciones/Notificaciones/AUTOS%202019/3672.pdf HTTP/1.1" 200 312708
66.249.64.63 - - [08/Dec/2019:01:09:25 -0500] "GET /BLA/resoluciones/AUTOS%202009/2400.pdf HTTP/1.1" 200 101551
216.244.66.195 - - [08/Dec/2019:01:09:26 -0500] "GET /BLA/resoluciones/RESOLUCIONES%202011/2968.pdf HTTP/1.1" 200 504352
192.168.175.104 - - [08/Dec/2019:01:09:50 -0500] "GET / HTTP/1.0" 200 9990
66.249.64.59 - - [08/Dec/2019:01:10:08 -0500] "GET /BLA/resoluciones/RESOLUCIONES%202009/5170.pdf HTTP/1.1" 200 645842
216.244.66.195 - - [08/Dec/2019:01:10:16 -0500] "GET /BLA/resoluciones/RESOLUCIONES%202011/4325.pdf HTTP/1.1" 200 417643
66.249.88.25 - - [08/Dec/2019:01:10:38 -0500] "GET /BLA/boletinlegal/js/jquery.scrollShow.js HTTP/1.1" 200 4586
66.249.88.23 - - [08/Dec/2019:01:10:38 -0500] "GET /galeria/galeria/jquery.fancybox.js?v=2.1.5 HTTP/1.1" 200 48706
66.249.88.19 - - [08/Dec/2019:01:10:38 -0500] "GET /galeria/carrusel/Carrusel/jquery.thumbnailScroller.css HTTP/1.1" 200 2066
66.249.88.23 - - [08/Dec/2019:01:10:38 -0500] "GET /galeria/carrusel/Carrusel/jquery-ui-1.8.13.custom.min.js HTTP/1.1" 200 10800
66.249.88.19 - - [08/Dec/2019:01:10:38 -0500] "GET /galeria/galeria/jquery.fancybox.css?v=2.1.5 HTTP/1.1" 200 4895
66.249.88.19 - - [08/Dec/2019:01:10:38 -0500] "GET /galeria/carrusel/Carrusel/jquery.thumbnailScroller.js HTTP/1.1" 200 8157
66.249.88.23 - - [08/Dec/2019:01:10:39 -0500] "GET /galeria/nivo-slider/demo/inicio.html HTTP/1.1" 200 4350
66.249.88.19 - - [08/Dec/2019:01:10:40 -0500] "GET /galeria/nivo-slider/themes/pascal/pascal.css HTTP/1.1" 200 2258
66.249.88.23 - - [08/Dec/2019:01:10:40 -0500] "GET /galeria/nivo-slider/themes/default/default.css HTTP/1.1" 200 1569
66.249.88.25 - - [08/Dec/2019:01:10:40 -0500] "GET /galeria/nivo-slider/themes/orman/orman.css HTTP/1.1" 200 2152
66.249.88.23 - - [08/Dec/2019:01:10:40 -0500] "GET /galeria/nivo-slider/demo/images/Bannercalculadora.jpg HTTP/1.1" 200 313099
66.249.88.25 - - [08/Dec/2019:01:10:40 -0500] "GET /galeria/nivo-slider/nivo-slider.css HTTP/1.1" 200 1507
66.249.88.23 - - [08/Dec/2019:01:10:40 -0500] "GET /galeria/nivo-slider/demo/style.css HTTP/1.1" 200 2222
66.249.88.25 - - [08/Dec/2019:01:10:40 -0500] "GET /galeria/nivo-slider/demo/scripts/jquery-1.7.1.min.js HTTP/1.1" 200 93868
66.249.88.25 - - [08/Dec/2019:01:10:40 -0500] "GET /galeria/nivo-slider/jquery.nivo.slider.pack.js HTTP/1.1" 200 11561
66.249.88.23 - - [08/Dec/2019:01:10:41 -0500] "GET /galeria/nivo-slider/demo/images/banneragendamiento.jpg HTTP/1.1" 200 116897
66.249.88.19 - - [08/Dec/2019:01:10:41 -0500] "GET /galeria/nivo-slider/demo/images/banneriniciativa.jpg HTTP/1.1" 200 200385
66.249.88.25 - - [08/Dec/2019:01:10:41 -0500] "GET /galeria/nivo-slider/demo/images/bannerwebmusgo.jpg HTTP/1.1" 200 367364
66.249.88.25 - - [08/Dec/2019:01:10:41 -0500] "GET /galeria/nivo-slider/demo/images/diciembrecaminatas.png HTTP/1.1" 200 510724
66.249.88.25 - - [08/Dec/2019:01:10:41 -0500] "GET /galeria/nivo-slider/demo/images/4Simple_Slider.png HTTP/1.1" 200 11722
66.249.88.19 - - [08/Dec/2019:01:10:41 -0500] "GET /galeria/nivo-slider/themes/default/loading.gif HTTP/1.1" 200 1737
66.249.88.23 - - [08/Dec/2019:01:10:41 -0500] "GET /galeria/nivo-slider/demo/images/Banner%20tinguas.jpg HTTP/1.1" 200 214878
66.249.88.19 - - [08/Dec/2019:01:10:41 -0500] "GET /galeria/nivo-slider/demo/images/Bannerserpiente2019.jpg HTTP/1.1" 200 270374
66.249.88.25 - - [08/Dec/2019:01:10:41 -0500] "GET /galeria/nivo-slider/demo/images/puntos%20atencion%20BANNER.jpg HTTP/1.1" 200 244208
66.249.88.23 - - [08/Dec/2019:01:10:41 -0500] "GET /galeria/nivo-slider/demo/images/Banner%20Visor%20Geografico%20Ambiental.jpg HTTP/1.1" 200 204673
66.249.88.25 - - [08/Dec/2019:01:10:41 -0500] "GET /galeria/nivo-slider/demo/images/Banner%20consumo%20sostenible%20final.jpg HTTP/1.1" 200 364746
66.249.88.19 - - [08/Dec/2019:01:10:42 -0500] "GET /galeria/nivo-slider/demo/images/Banner%20RCD.jpg HTTP/1.1" 200 92197
66.249.88.25 - - [08/Dec/2019:01:10:42 -0500] "GET /galeria/nivo-slider/demo/images/Banner%20Conpes.jpg HTTP/1.1" 200 55220
66.249.88.25 - - [08/Dec/2019:01:10:42 -0500] "GET /galeria/nivo-slider/demo/images/Banner%20practicas%20sostenibles.jpg HTTP/1.1" 200 142958
66.249.88.23 - - [08/Dec/2019:01:10:42 -0500] "GET /galeria/nivo-slider/demo/images/Banner%20POT.png HTTP/1.1" 200 418238
66.249.88.25 - - [08/Dec/2019:01:10:42 -0500] "GET /galeria/nivo-slider/demo/images/Banneranonimos.png HTTP/1.1" 200 109388
69.162.124.232 - - [08/Dec/2019:01:10:43 -0500] "HEAD / HTTP/1.1" 200 -
66.249.88.25 - - [08/Dec/2019:01:10:44 -0500] "GET /galeria/nivo-slider/themes/default/arrows.png HTTP/1.1" 200 824
66.249.88.23 - - [08/Dec/2019:01:10:44 -0500] "GET /galeria/nivo-slider/themes/default/bullets.png HTTP/1.1" 200 1281
66.249.64.61 - - [08/Dec/2019:01:11:34 -0500] "GET /BLA/resoluciones/AUTOS%202017/3251.pdf HTTP/1.1" 200 387114
66.249.64.59 - - [08/Dec/2019:01:12:17 -0500] "GET /BLA/resoluciones/RESOLUCIONES%202017/0028.pdf HTTP/1.1" 200 669687
216.244.66.195 - - [08/Dec/2019:01:12:34 -0500] "GET /BLA/resoluciones/RESOLUCIONES%202011/4662.pdf HTTP/1.1" 200 392163
66.249.64.59 - - [08/Dec/2019:01:13:00 -0500] "GET /BLA/resoluciones/AUTOS%202015/6538.pdf HTTP/1.1" 200 283858
192.168.175.104 - - [08/Dec/2019:01:13:17 -0500] "GET / HTTP/1.1" 200 9990
66.249.88.19 - - [08/Dec/2019:01:13:21 -0500] "GET /BLA/boletinlegal/js/jquery.scrollShow.js HTTP/1.1" 200 4586
66.249.88.23 - - [08/Dec/2019:01:13:21 -0500] "GET /galeria/galeria/jquery.fancybox.css?v=2.1.5 HTTP/1.1" 200 4895
66.249.88.25 - - [08/Dec/2019:01:13:21 -0500] "GET /galeria/galeria/jquery.fancybox.js?v=2.1.5 HTTP/1.1" 200 48706
216.244.66.195 - - [08/Dec/2019:01:13:24 -0500] "GET /BLA/resoluciones/RESOLUCIONES%202011/5745.pdf HTTP/1.1" 200 399597
66.249.64.63 - - [08/Dec/2019:01:13:43 -0500] "GET /BLA/resoluciones/AUTOS%202013/0203.pdf HTTP/1.1" 200 1225409
192.168.175.104 - - [08/Dec/2019:01:14:48 -0500] "GET / HTTP/1.0" 200 9990
66.249.64.59 - - [08/Dec/2019:01:15:05 -0500] "GET /BLA/resoluciones/RESOLUCIONES%202014/2328.pdf HTTP/1.1" 200 1129174
66.249.64.59 - - [08/Dec/2019:01:15:08 -0500] "GET /BLA/resoluciones/RESOLUCIONES%202008/3682.pdf HTTP/1.1" 200 1371904
216.244.66.195 - - [08/Dec/2019:01:15:43 -0500] "GET /BLA/resoluciones/RESOLUCIONES%202011/5774.pdf HTTP/1.1" 200 433400
69.162.124.232 - - [08/Dec/2019:01:15:43 -0500] "HEAD / HTTP/1.1" 200 -
37.202.150.90 - - [08/Dec/2019:01:15:45 -0500] "GET / HTTP/1.1" 200 9990
186.29.44.71 - - [08/Dec/2019:01:16:29 -0500] "GET /galeria/galeria/jquery.fancybox.css?v=2.1.5 HTTP/1.1" 200 4895
186.29.44.71 - - [08/Dec/2019:01:16:29 -0500] "GET /BLA/boletinlegal/js/jquery.scrollShow.js HTTP/1.1" 200 4586
186.29.44.71 - - [08/Dec/2019:01:16:29 -0500] "GET /galeria/galeria/jquery.fancybox.js?v=2.1.5 HTTP/1.1" 200 48706
216.244.66.195 - - [08/Dec/2019:01:16:36 -0500] "GET /BLA/resoluciones/RESOLUCIONES%202011/5818.pdf HTTP/1.1" 200 343641
201.245.192.253 - - [08/Dec/2019:01:16:05 -0500] "POST /kwsrmcab/Wsrmcab HTTP/1.1" 200 29334
201.245.192.253 - - [08/Dec/2019:01:16:04 -0500] "POST /kwsrmcab/Wsrmcab HTTP/1.1" 200 29351
66.249.88.23 - - [08/Dec/2019:01:17:12 -0500] "GET /galeria/galeria/jquery.fancybox.css?v=2.1.5 HTTP/1.1" 200 4895
66.249.88.19 - - [08/Dec/2019:01:17:12 -0500] "GET /galeria/galeria/jquery.fancybox.js?v=2.1.5 HTTP/1.1" 200 48706
66.249.88.19 - - [08/Dec/2019:01:17:12 -0500] "GET /BLA/boletinlegal/js/jquery.scrollShow.js HTTP/1.1" 200 4586
201.245.192.253 - - [08/Dec/2019:01:16:39 -0500] "POST /kwsrmcab/Wsrmcab HTTP/1.1" 200 29351
66.249.64.59 - - [08/Dec/2019:01:17:25 -0500] "GET /BLA/resoluciones/AUTOS%202017/0879.pdf HTTP/1.1" 200 1842020
181.64.223.187 - - [08/Dec/2019:01:17:45 -0500] "GET /galeria/galeria/jquery.fancybox.css?v=2.1.5 HTTP/1.1" 200 4895
181.64.223.187 - - [08/Dec/2019:01:17:46 -0500] "GET /BLA/boletinlegal/js/jquery.scrollShow.js HTTP/1.1" 200 4586
181.64.223.187 - - [08/Dec/2019:01:17:46 -0500] "GET /galeria/galeria/jquery.fancybox.js?v=2.1.5 HTTP/1.1" 200 48706
66.249.64.59 - - [08/Dec/2019:01:17:57 -0500] "GET /BLA/resoluciones/RESOLUCIONES%202009/2000.pdf HTTP/1.1" 200 623555
66.249.88.19 - - [08/Dec/2019:01:17:59 -0500] "GET /galeria/galeria/jquery.fancybox.css?v=2.1.5 HTTP/1.1" 200 4895
66.249.88.25 - - [08/Dec/2019:01:17:59 -0500] "GET /BLA/boletinlegal/js/jquery.scrollShow.js HTTP/1.1" 200 4586
66.249.88.25 - - [08/Dec/2019:01:17:59 -0500] "GET /galeria/galeria/jquery.fancybox.js?v=2.1.5 HTTP/1.1" 200 48706
66.249.64.59 - - [08/Dec/2019:01:18:08 -0500] "GET /BLA/resoluciones/AUTOS%202019/0319.pdf HTTP/1.1" 200 286114
192.168.175.104 - - [08/Dec/2019:01:18:14 -0500] "GET / HTTP/1.1" 200 9990
66.249.64.63 - - [08/Dec/2019:01:18:43 -0500] "GET /BLA/resoluciones/RESOLUCIONES%202015/0574.pdf HTTP/1.1" 200 2666400
181.61.208.105 - - [08/Dec/2019:01:18:48 -0500] "GET /BLA/boletinlegal/js/jquery.scrollShow.js HTTP/1.1" 200 4586
181.61.208.105 - - [08/Dec/2019:01:18:48 -0500] "GET /galeria/galeria/jquery.fancybox.js?v=2.1.5 HTTP/1.1" 200 48706
181.61.208.105 - - [08/Dec/2019:01:18:48 -0500] "GET /galeria/galeria/jquery.fancybox.css?v=2.1.5 HTTP/1.1" 200 4895
216.244.66.195 - - [08/Dec/2019:01:18:52 -0500] "GET /BLA/resoluciones/RESOLUCIONES%202011/5923.pdf HTTP/1.1" 200 191848
66.249.64.59 - - [08/Dec/2019:01:19:11 -0500] "GET /BLA/resoluciones/Notificaciones/AUTOS%202019/2148.pdf HTTP/1.1" 200 312011
66.249.64.59 - - [08/Dec/2019:01:19:26 -0500] "GET /BLA/resoluciones/RESOLUCIONES%202008/1139.pdf HTTP/1.1" 200 326669
66.249.64.61 - - [08/Dec/2019:01:19:34 -0500] "GET /BLA/resoluciones/Notificaciones/AUTOS%202018/4107.pdf HTTP/1.1" 200 222108
216.244.66.195 - - [08/Dec/2019:01:19:42 -0500] "GET /BLA/resoluciones/RESOLUCIONES%202011/6738.pdf HTTP/1.1" 200 365175
192.168.175.104 - - [08/Dec/2019:01:19:46 -0500] "GET / HTTP/1.0" 200 9990
66.249.64.59 - - [08/Dec/2019:01:20:09 -0500] "GET /BLA/resoluciones/RESOLUCIONES%202009/4703.pdf HTTP/1.1" 200 251103
66.249.64.61 - - [08/Dec/2019:01:20:35 -0500] "GET /BLA/resoluciones/Notificaciones/AUTOS%202017/5022.pdf HTTP/1.1" 200 284066
69.162.124.232 - - [08/Dec/2019:01:20:43 -0500] "HEAD / HTTP/1.1" 200 -
207.46.13.242 - - [08/Dec/2019:01:20:51 -0500] "GET /POT-2013/Cartografia/Anexo01_Sistema_Hidrico.pdf HTTP/1.1" 200 5860035
66.249.64.61 - - [08/Dec/2019:01:20:52 -0500] "GET /BLA/resoluciones/AUTOS%202017/2899.pdf HTTP/1.1" 200 741391
66.249.64.61 - - [08/Dec/2019:01:21:35 -0500] "GET /BLA/resoluciones/AUTOS%202015/6792.pdf HTTP/1.1" 304 -
216.244.66.195 - - [08/Dec/2019:01:22:02 -0500] "GET /BLA/resoluciones/RESOLUCIONES%202011/6916.pdf HTTP/1.1" 200 387382
144.76.71.176 - - [08/Dec/2019:01:22:04 -0500] "GET /robots.txt HTTP/1.1" 404 1015
144.76.71.176 - - [08/Dec/2019:01:22:06 -0500] "GET /Anexos%20estudio%20Organizacional%20SDA/index.php?dir=ANEXO%20No.%201-%20NORMAS%20LEGALES%20DE%20ESTRUCTURA%20Y%20PLANTA/Decreto%20308%20de%202001%20-%20Modifica%20estructura%20del%20DAMA.jsp_files// HTTP/1.1" 200 11115
144.76.71.176 - - [08/Dec/2019:01:22:08 -0500] "GET /PORTAL_SIAC/swf/?C=D;O=A/ HTTP/1.1" 200 6169
144.76.71.176 - - [08/Dec/2019:01:22:10 -0500] "GET /PruebasSTORM/StormSDA_pruebas/userFiles/user_files/85/?C=D;O=D/ HTTP/1.1" 200 1752
144.76.71.176 - - [08/Dec/2019:01:22:12 -0500] "GET /PruebasSTORM/StormSDA_pruebas/userFiles/user_files/formulas/?C=D;O=D/ HTTP/1.1" 200 1503
144.76.71.176 - - [08/Dec/2019:01:22:14 -0500] "GET /PruebasSTORM/StormSDA_pruebas/userFiles/user_files/formulas/?C=M;O=D/ HTTP/1.1" 200 1503
144.76.71.176 - - [08/Dec/2019:01:22:16 -0500] "GET /PruebasSTORM/StormSDA_pruebas/userFiles/user_files/formulas/?C=N;O=A/ HTTP/1.1" 200 1503
144.76.71.176 - - [08/Dec/2019:01:22:18 -0500] "GET /PruebasSTORM/StormSDA_pruebas/userFiles/user_files/formulas/?C=S;O=D/ HTTP/1.1" 200 1503
144.76.71.176 - - [08/Dec/2019:01:22:20 -0500] "GET /PruebasSTORM/silvicultura2Pruebas/?C=M;O=D/ HTTP/1.1" 200 1231
144.76.71.176 - - [08/Dec/2019:01:22:22 -0500] "GET /StormSDA/stormWeb/?C=M;O=D/ HTTP/1.1" 200 1187
144.76.71.176 - - [08/Dec/2019:01:22:24 -0500] "GET /StormSDA/stormWeb/?C=N;O=A/ HTTP/1.1" 200 1187
144.76.71.176 - - [08/Dec/2019:01:22:26 -0500] "GET /StormSDA/stormWeb/?C=S;O=D/ HTTP/1.1" 200 1187
144.76.71.176 - - [08/Dec/2019:01:22:27 -0500] "GET /StormSDA/userFiles%20-%20Copy%2019-07-2012/user_files/88/?C=D;O=A/ HTTP/1.1" 200 873
144.76.71.176 - - [08/Dec/2019:01:22:29 -0500] "GET /StormSDA/userFiles%20-%20Copy%2019-07-2012/user_files/88/?C=N;O=D/ HTTP/1.1" 200 873
144.76.71.176 - - [08/Dec/2019:01:22:31 -0500] "GET /StormSDA/userFiles%20-%20Copy%2019-07-2012/user_files/88/?C=S;O=A/ HTTP/1.1" 200 873
144.76.71.176 - - [08/Dec/2019:01:22:33 -0500] "GET /robots.txt HTTP/1.1" 404 1015
144.76.71.176 - - [08/Dec/2019:01:22:34 -0500] "GET /StormSDA/userFiles%20-%20Copy%2019-07-2012/user_files/98/?C=M;O=A/ HTTP/1.1" 200 874
157.55.39.121 - - [08/Dec/2019:01:22:36 -0500] "GET /sig/comunicaciones/126pg02-pr09.pdf HTTP/1.1" 200 95162
144.76.71.176 - - [08/Dec/2019:01:22:36 -0500] "GET /StormSDA/userFiles%20-%20Copy%2019-07-2012/user_files/formulas/2/?C=S;O=A/ HTTP/1.1" 200 899
144.76.71.176 - - [08/Dec/2019:01:22:38 -0500] "GET /StormSDA/userFiles/user_files/formatos/eventos/?C=S;O=A/ HTTP/1.1" 200 851
144.76.71.176 - - [08/Dec/2019:01:22:40 -0500] "GET /StormSDA/userFiles/user_files/formulas/2/?C=M;O=A/ HTTP/1.1" 200 839
144.76.71.176 - - [08/Dec/2019:01:22:42 -0500] "GET /galeria/carrusel/?C=N;O=D/ HTTP/1.1" 200 971
66.249.64.63 - - [08/Dec/2019:01:22:51 -0500] "GET /sig/Gesti%C3%83%C2%B3n%20de%20Recursos%20F%C3%83%C2%ADsicos/126PA04-PR37.pdf HTTP/1.1" 404 1018
66.249.64.61 - - [08/Dec/2019:01:22:55 -0500] "GET /BLA/resoluciones/AUTOS%202015/0728.pdf HTTP/1.1" 200 464878
66.249.64.61 - - [08/Dec/2019:01:23:11 -0500] "GET /BLA/resoluciones/RESOLUCIONES%202017/2124.pdf HTTP/1.1" 200 295239
192.168.175.104 - - [08/Dec/2019:01:23:12 -0500] "GET / HTTP/1.1" 200 9990
66.249.64.59 - - [08/Dec/2019:01:23:23 -0500] "GET /BLA/resoluciones/RESOLUCIONES%202008/3813.pdf HTTP/1.1" 200 244375
216.244.66.195 - - [08/Dec/2019:01:24:23 -0500] "GET /BLA/resoluciones/RESOLUCIONES%202019/0428.pdf HTTP/1.1" 200 290723
66.249.64.59 - - [08/Dec/2019:01:24:36 -0500] "GET /BLA/resoluciones/RESOLUCIONES%202017/2259.pdf HTTP/1.1" 200 304046
192.168.175.104 - - [08/Dec/2019:01:24:44 -0500] "GET / HTTP/1.0" 200 9990
66.249.64.59 - - [08/Dec/2019:01:24:49 -0500] "GET /bla/resolucion...02011/2394.pdf HTTP/1.1" 404 1018
66.249.64.59 - - [08/Dec/2019:01:25:10 -0500] "GET /BLA/resoluciones/AUTOS%202016/2978.pdf HTTP/1.1" 200 439077
216.244.66.195 - - [08/Dec/2019:01:25:13 -0500] "GET /BLA/resoluciones/RESOLUCIONES%202019/2152.pdf HTTP/1.1" 200 317767
69.162.124.232 - - [08/Dec/2019:01:25:43 -0500] "HEAD / HTTP/1.1" 200 -
54.36.149.37 - - [08/Dec/2019:01:26:04 -0500] "GET /BLA/resoluciones/RESOLUCIONES%202003/RES%202003%20001-050/2003RES49.tif HTTP/1.1" 200 90840
201.245.192.253 - - [08/Dec/2019:01:26:05 -0500] "POST /kwsrmcab/Wsrmcab HTTP/1.1" 200 29334
66.249.64.59 - - [08/Dec/2019:01:27:19 -0500] "GET /BLA/resoluciones/RESOLUCIONES%202008/5370.pdf HTTP/1.1" 200 226476
216.244.66.195 - - [08/Dec/2019:01:27:31 -0500] "GET /BLA/resoluciones/index.php?dir=Notificaciones%2FAUTOS+2016%2F HTTP/1.1" 200 71667
192.168.175.104 - - [08/Dec/2019:01:28:11 -0500] "GET / HTTP/1.1" 200 9990
66.249.64.59 - - [08/Dec/2019:01:28:13 -0500] "GET /sig/Gesti%C3%83%C2%B3n%20de%20Recursos%20F%C3%83%C2%ADsicos/126PA04-PR06.pdf HTTP/1.1" 404 1018
66.249.64.59 - - [08/Dec/2019:01:28:16 -0500] "GET /BLA/resoluciones/AUTOS%202014/3173.pdf HTTP/1.1" 200 700598
66.249.64.59 - - [08/Dec/2019:01:28:19 -0500] "GET /BLA/resoluciones/Notificaciones/AUTOS%202019/3202.pdf HTTP/1.1" 200 319963
66.249.64.59 - - [08/Dec/2019:01:28:44 -0500] "GET /BLA/resoluciones/AUTOS%202014/1705.pdf HTTP/1.1" 200 1083247
66.249.64.63 - - [08/Dec/2019:01:29:27 -0500] "GET /BLA/resoluciones/RESOLUCIONES%202017/2991.pdf HTTP/1.1" 200 6995812
192.168.175.104 - - [08/Dec/2019:01:29:42 -0500] "GET / HTTP/1.0" 200 9990
66.249.64.36 - - [08/Dec/2019:01:30:02 -0500] "GET /BLA/resoluciones/Notificaciones/RESOLUCIONES%202019/2097.pdf HTTP/1.1" 200 484168
69.162.124.232 - - [08/Dec/2019:01:30:43 -0500] "HEAD / HTTP/1.1" 200 -
66.249.64.63 - - [08/Dec/2019:01:31:03 -0500] "GET /sig/Gesti%C3%83%C2%B3n%20de%20Recursos%20F%C3%83%C2%ADsicos/126PA04-PR07.pdf HTTP/1.1" 404 1018
66.249.64.61 - - [08/Dec/2019:01:31:08 -0500] "GET /BLA/resoluciones/AUTOS%202015/7257.pdf HTTP/1.1" 200 437418
66.249.64.61 - - [08/Dec/2019:01:31:14 -0500] "GET /BLA/resoluciones/AUTOS%202014/4795.pdf HTTP/1.1" 200 566695
66.249.64.59 - - [08/Dec/2019:01:31:23 -0500] "GET /BLA/resoluciones/RESOLUCIONES%202008/1691.pdf HTTP/1.1" 200 226215
66.249.64.63 - - [08/Dec/2019:01:31:29 -0500] "GET /BLA/resoluciones/RESOLUCIONES%202010/4653.pdf HTTP/1.1" 200 258591
66.249.64.61 - - [08/Dec/2019:01:31:36 -0500] "GET /BLA/resoluciones/Notificaciones/AUTOS%202019/4291.pdf HTTP/1.1" 200 281493
66.249.64.59 - - [08/Dec/2019:01:31:47 -0500] "GET /sig/Gesti%C3%83%C2%B3n%20de%20Recursos%20F%C3%83%C2%ADsicos/126PA04-PR29.pdf HTTP/1.1" 404 1018
66.249.64.59 - - [08/Dec/2019:01:31:51 -0500] "GET /BLA/resoluciones/AUTOS%202018/2558.pdf HTTP/1.1" 200 285099
66.249.64.59 - - [08/Dec/2019:01:31:54 -0500] "GET /BLA/resoluciones/AUTOS%202018/1154.pdf HTTP/1.1" 200 313028
66.249.64.59 - - [08/Dec/2019:01:31:57 -0500] "GET /BLA/resoluciones/AUTOS%202014/4618.pdf HTTP/1.1" 200 575112
66.249.64.61 - - [08/Dec/2019:01:32:00 -0500] "GET /BLA/resoluciones/AUTOS%202014/2527.pdf HTTP/1.1" 200 522304
66.249.64.61 - - [08/Dec/2019:01:32:10 -0500] "GET /BLA/resoluciones/RESOLUCIONES%202014/2461.pdf HTTP/1.1" 200 676575
66.249.64.61 - - [08/Dec/2019:01:32:54 -0500] "GET /BLA/resoluciones/AUTOS%202017/0553.pdf HTTP/1.1" 200 852931
66.249.64.59 - - [08/Dec/2019:01:33:06 -0500] "GET /BLA/resoluciones/RESOLUCIONES%202015/0989.pdf HTTP/1.1" 304 -
66.249.64.59 - - [08/Dec/2019:01:33:10 -0500] "GET /sig/Gesti%C3%83%C2%B3n%20de%20Recursos%20F%C3%83%C2%ADsicos/126PA04-PR18.pdf HTTP/1.1" 404 1018
192.168.175.104 - - [08/Dec/2019:01:33:10 -0500] "GET / HTTP/1.1" 200 9990
54.36.150.161 - - [08/Dec/2019:01:33:10 -0500] "GET /BLA/resoluciones/RESOLUCIONES%202002/RES%202002%201851-1900/20021900.tif HTTP/1.1" 200 87650
66.249.64.59 - - [08/Dec/2019:01:33:14 -0500] "GET /BLA/resoluciones/Notificaciones/AUTOS%202019/641.pdf HTTP/1.1" 200 236779
181.53.12.181 - - [08/Dec/2019:01:33:21 -0500] "GET /galeria/galeria/jquery.fancybox.js?v=2.1.5 HTTP/1.1" 200 48706
181.53.12.181 - - [08/Dec/2019:01:33:21 -0500] "GET /BLA/boletinlegal/js/jquery.scrollShow.js HTTP/1.1" 200 4586
181.53.12.181 - - [08/Dec/2019:01:33:21 -0500] "GET /galeria/galeria/jquery.fancybox.css?v=2.1.5 HTTP/1.1" 200 4895
66.249.64.59 - - [08/Dec/2019:01:33:35 -0500] "GET /autoliquidacion/TR%C3%83%20MITES%20AGUAS%20SUPERFICIALES/FORMULARIO%20NACIONAL%20SOLICITUD%20-Concesion%20Aguas%20Superficiales.pdf HTTP/1.1" 404 1018
66.249.64.59 - - [08/Dec/2019:01:33:50 -0500] "GET /BLA/resoluciones/RESOLUCIONES%202014/1704.pdf HTTP/1.1" 200 877096
66.249.64.59 - - [08/Dec/2019:01:34:03 -0500] "GET /BLA/resoluciones/Notificaciones/AUTOS%202019/4369.pdf HTTP/1.1" 200 289543
46.229.168.154 - - [08/Dec/2019:01:34:09 -0500] "GET /robots.txt HTTP/1.1" 404 1019
46.229.168.161 - - [08/Dec/2019:01:34:09 -0500] "GET /Autoliquidacion/index.php?dir=TR%C3%83%C2%83%C3%82%C2%83%C3%83%C2%82%C3%82%C2%83%C3%83%C2%83%C3%82%C2%82%C3%83%C2%82%C3%82%C2%83%C3%83%C2%83%C3%82%C2%83%C3%83%C2%82%C3%82%C2%82%C3%83%C2%83%C3%82%C2%82%C3%83%C2%82%C3%82%C2%83%C3%83%C2%83%C3%82%C2%83%C3%83%C2%82%C3%82%C2%83%C3%83%C2%83%C3%82%C2%82%C3%83%C2%82%C3%82%C2%82%C3%83%C2%83%C3%82%C2%83%C3%83%C2%82%C3%82%C2%82%C3%83%C2%83%C3%82%C2%82%C3%83%C2%82%C3%82%C2%83%C3%83%C2%83%C3%82%C2%83%C3%83%C2%82%C3%82%C2%83%C3%83%C2%83%C3%82%C2%82%C3%83%C2%82%C3%82%C2%83%C3%83%C2%83%C3%82%C2%83%C3%83%C2%82%C3%82%C2%82%C3%83%C2%83%C3%82%C2%82%C3%83%C2%82%C3%82%C2%82%C3%83%C2%83%C3%82%C2%83%C3%83%C2%82%C3%82%C2%83%C3%83%C2%83%C3%82%C2%82%C3%83%C2%82%C3%82%C2%82%C3%83%C2%83%C3%82%C2%83%C3%83%C2%82%C3%82%C2%82%C3%83%C2%83%C3%82%C2%82%C3%83%C2%82%C3%82%C2%81MITES%2BAGUAS%2BSUPERFICIALES%2F&order=asc&sort=name HTTP/1.1" 200 7381
66.249.64.59 - - [08/Dec/2019:01:34:09 -0500] "GET /BLA/resoluciones/RESOLUCIONES%202017/3389.pdf HTTP/1.1" 200 468511
66.249.64.61 - - [08/Dec/2019:01:34:22 -0500] "GET /sig/Gesti%C3%83%C2%B3n%20de%20Recursos%20F%C3%83%C2%ADsicos/126PA04-PR25.pdf HTTP/1.1" 404 1018
66.249.64.59 - - [08/Dec/2019:01:34:28 -0500] "GET /BLA/resoluciones/RESOLUCIONES%202007/RES%202007%201801%20AL%201900/RESOLUCION%201804%20DE%202007.pdf HTTP/1.1" 304 -
192.168.175.104 - - [08/Dec/2019:01:34:41 -0500] "GET / HTTP/1.0" 200 9990
66.249.64.59 - - [08/Dec/2019:01:35:11 -0500] "GET /BLA/resoluciones/AUTOS%202013/0733.pdf HTTP/1.1" 304 -
66.249.64.59 - - [08/Dec/2019:01:35:19 -0500] "GET /BLA/resoluciones/Notificaciones/AUTOS%202019/2721.pdf HTTP/1.1" 200 254749
66.249.88.23 - - [08/Dec/2019:01:35:23 -0500] "GET /BLA/boletinlegal/js/jquery.scrollShow.js HTTP/1.1" 200 4586
66.249.88.25 - - [08/Dec/2019:01:35:23 -0500] "GET /galeria/galeria/jquery.fancybox.css?v=2.1.5 HTTP/1.1" 200 4895
66.249.88.23 - - [08/Dec/2019:01:35:23 -0500] "GET /galeria/galeria/jquery.fancybox.js?v=2.1.5 HTTP/1.1" 200 48706
66.249.64.59 - - [08/Dec/2019:01:35:40 -0500] "GET /sig/Gesti%C3%83%C2%B3n%20de%20Recursos%20F%C3%83%C2%ADsicos/126PA04-PR33.pdf HTTP/1.1" 404 1018
69.162.124.232 - - [08/Dec/2019:01:35:43 -0500] "HEAD / HTTP/1.1" 200 -
66.249.64.28 - - [08/Dec/2019:01:35:57 -0500] "GET /SIG/Gesti%C3%83%C2%B3n%20de%20Recursos%20F%C3%83%C2%ADsicos/126PA04-PR03.pdf HTTP/1.1" 404 1019
201.245.192.253 - - [08/Dec/2019:01:36:05 -0500] "GET /kwsrmcab/Wsrmcab?wsdl HTTP/1.1" 503 1020
54.36.148.148 - - [08/Dec/2019:01:36:07 -0500] "GET /BLA/resoluciones/RESOLUCIONES%202003/RES%202003%20601-650/643.tif HTTP/1.1" 200 111808
66.249.64.59 - - [08/Dec/2019:01:36:31 -0500] "GET /sig/Gesti%C3%83%C2%B3n%20de%20Recursos%20F%C3%83%C2%ADsicos/126PA04-PR34.pdf HTTP/1.1" 404 1018
66.249.64.63 - - [08/Dec/2019:01:36:37 -0500] "GET /BLA/resoluciones/RESOLUCIONES%202017/2105.pdf HTTP/1.1" 304 -
66.249.64.59 - - [08/Dec/2019:01:36:48 -0500] "GET /BLA/resoluciones/AUTOS%202018/2513.pdf HTTP/1.1" 200 272615
66.249.64.59 - - [08/Dec/2019:01:36:53 -0500] "GET /BLA/resoluciones/AUTOS%202015/4417.pdf HTTP/1.1" 200 654757
66.249.64.63 - - [08/Dec/2019:01:37:00 -0500] "GET /BLA/resoluciones/RESOLUCIONES%202009/7223.pdf HTTP/1.1" 200 200627
66.249.64.63 - - [08/Dec/2019:01:37:04 -0500] "GET /BLA/resoluciones/Notificaciones/AUTOS%202017/02085.pdf HTTP/1.1" 200 318337
66.249.64.59 - - [08/Dec/2019:01:37:17 -0500] "GET /BLA/resoluciones/AUTOS%202011/5123.pdf HTTP/1.1" 200 550708
66.249.64.61 - - [08/Dec/2019:01:37:20 -0500] "GET /BLA/resoluciones/AUTOS%202013/0552.pdf HTTP/1.1" 200 1678912
66.249.64.59 - - [08/Dec/2019:01:37:27 -0500] "GET /sig/Gesti%C3%83%C2%B3n%20de%20Recursos%20F%C3%83%C2%ADsicos/126PA04-PR20.pdf HTTP/1.1" 404 1018
66.249.64.61 - - [08/Dec/2019:01:37:42 -0500] "GET /BLA/resoluciones/AUTOS%202015/1958.pdf HTTP/1.1" 200 604581
66.249.64.59 - - [08/Dec/2019:01:37:53 -0500] "GET /BLA/resoluciones/Notificaciones/AUTOS%202019/4495.pdf HTTP/1.1" 200 299476
66.249.64.59 - - [08/Dec/2019:01:38:03 -0500] "GET /BLA/resoluciones/AUTOS%202014/5152.pdf HTTP/1.1" 304 -
66.249.64.59 - - [08/Dec/2019:01:38:07 -0500] "GET /BLA/resoluciones/Notificaciones/AUTOS%202019/2159.pdf HTTP/1.1" 200 254767
192.168.175.104 - - [08/Dec/2019:01:38:08 -0500] "GET / HTTP/1.1" 200 9990
66.249.64.59 - - [08/Dec/2019:01:38:33 -0500] "GET /BLA/resoluciones/AUTOS%202015/2360.pdf HTTP/1.1" 200 516345
66.249.64.59 - - [08/Dec/2019:01:38:47 -0500] "GET /BLA/resoluciones/AUTOS%202011/0135.pdf HTTP/1.1" 304 -
66.249.64.59 - - [08/Dec/2019:01:39:20 -0500] "GET /sig/Gesti%C3%83%C2%B3n%20de%20Recursos%20F%C3%83%C2%ADsicos/126PA04-PR24.pdf HTTP/1.1" 404 1018
66.249.64.61 - - [08/Dec/2019:01:39:29 -0500] "GET /BLA/resoluciones/RESOLUCIONES%202017/1726.pdf HTTP/1.1" 304 -
192.168.175.104 - - [08/Dec/2019:01:39:39 -0500] "GET / HTTP/1.0" 200 9990
66.249.64.61 - - [08/Dec/2019:01:40:11 -0500] "GET /BLA/resoluciones/RESOLUCIONES%202017/1705.pdf HTTP/1.1" 304 -
66.249.64.61 - - [08/Dec/2019:01:40:38 -0500] "GET /BLA/resoluciones/AUTOS%202014/5405.pdf HTTP/1.1" 200 591007
69.162.124.232 - - [08/Dec/2019:01:40:43 -0500] "HEAD / HTTP/1.1" 200 -
66.249.64.59 - - [08/Dec/2019:01:40:54 -0500] "GET /BLA/resoluciones/AUTOS%202017/3323.pdf HTTP/1.1" 200 313859
46.229.168.136 - - [08/Dec/2019:01:40:56 -0500] "GET /Autoliquidacion/index.php?dir=Solicitudes%2Brelacionadas%2Bcon%2Bcalidad%2Bdel%2Baire%2Bauditiva%2By%2Bvisual%2F&order=asc&sort=name HTTP/1.1" 200 6721
66.249.64.59 - - [08/Dec/2019:01:41:00 -0500] "GET /BLA/resoluciones/RESOLUCIONES%202017/0635.pdf HTTP/1.1" 304 -
66.249.64.59 - - [08/Dec/2019:01:41:09 -0500] "GET /BLA/resoluciones/RESOLUCIONES%202017/0959.pdf HTTP/1.1" 200 857367
207.46.13.22 - - [08/Dec/2019:01:41:21 -0500] "GET /transparencia/directorioservidores/2017/enero.xlsx HTTP/1.1" 200 88152
66.249.64.59 - - [08/Dec/2019:01:41:23 -0500] "GET /sig/Gesti%C3%83%C2%B3n%20de%20Recursos%20F%C3%83%C2%ADsicos/126PA04-PR28.pdf HTTP/1.1" 404 1018
157.55.39.20 - - [08/Dec/2019:01:41:24 -0500] "GET /robots.txt HTTP/1.1" 404 1019
66.249.64.63 - - [08/Dec/2019:01:41:37 -0500] "GET /BLA/resoluciones/AUTOS%202016/0048.pdf HTTP/1.1" 200 822626
46.229.168.129 - - [08/Dec/2019:01:41:39 -0500] "GET /Autoliquidacion/index.php?dir=Solicitud%2Bde%2Bexpedici%C3%83%C2%83%C3%82%C2%83%C3%83%C2%82%C3%82%C2%83%C3%83%C2%83%C3%82%C2%82%C3%83%C2%82%C3%82%C2%83%C3%83%C2%83%C3%82%C2%83%C3%83%C2%82%C3%82%C2%82%C3%83%C2%83%C3%82%C2%82%C3%83%C2%82%C3%82%C2%B3n%2Bde%2Bcertificados%2Bde%2Bestado%2Bde%2Bconservaci%C3%83%C2%83%C3%82%C2%83%C3%83%C2%82%C3%82%C2%83%C3%83%C2%83%C3%82%C2%82%C3%83%C2%82%C3%82%C2%83%C3%83%C2%83%C3%82%C2%83%C3%83%C2%82%C3%82%C2%82%C3%83%C2%83%C3%82%C2%82%C3%83%C2%82%C3%82%C2%B3n%2Bambiental%2B%28CECA%29%2F&order=desc&sort=name HTTP/1.1" 200 7155
54.36.150.122 - - [08/Dec/2019:01:41:58 -0500] "GET /BLA/resoluciones/index.php?dir=AUTOS+2006%2FAUTOS+2006+501-600%2F HTTP/1.1" 200 21780
66.249.64.59 - - [08/Dec/2019:01:42:17 -0500] "GET /BLA/resoluciones/RESOLUCIONES%202018/1372.pdf HTTP/1.1" 200 534491
157.55.39.149 - - [08/Dec/2019:01:42:21 -0500] "GET /ecodirectorio/files/res/downloads/download_0154.pdf HTTP/1.1" 404 1019
66.249.64.59 - - [08/Dec/2019:01:42:27 -0500] "GET /BLA/resoluciones/RESOLUCIONES%202015/2774.pdf HTTP/1.1" 304 -
195.154.123.75 - - [08/Dec/2019:01:42:32 -0500] "GET /galeria/galeria/jquery.fancybox.css?v=2.1.5 HTTP/1.1" 200 4895
195.154.123.75 - - [08/Dec/2019:01:42:32 -0500] "GET /BLA/boletinlegal/js/jquery.scrollShow.js HTTP/1.1" 200 4586
195.154.123.75 - - [08/Dec/2019:01:42:32 -0500] "GET /galeria/galeria/jquery.fancybox.js?v=2.1.5 HTTP/1.1" 200 48706
192.168.175.104 - - [08/Dec/2019:01:43:06 -0500] "GET / HTTP/1.1" 200 9990
66.249.64.59 - - [08/Dec/2019:01:43:17 -0500] "GET /galeria/nivo-slider/themes/orman/orman.css HTTP/1.1" 200 2152
66.249.64.59 - - [08/Dec/2019:01:43:18 -0500] "GET /galeria/nivo-slider/themes/default/default.css HTTP/1.1" 200 1569
66.249.64.59 - - [08/Dec/2019:01:43:21 -0500] "GET /galeria/nivo-slider/demo/scripts/jquery-1.7.1.min.js HTTP/1.1" 200 93868
66.249.64.59 - - [08/Dec/2019:01:43:25 -0500] "GET /galeria/nivo-slider/nivo-slider.css HTTP/1.1" 200 1507
66.249.64.59 - - [08/Dec/2019:01:43:28 -0500] "GET /galeria/nivo-slider/themes/pascal/pascal.css HTTP/1.1" 200 2258
66.249.64.59 - - [08/Dec/2019:01:43:46 -0500] "GET /siipev/Diseno%20de%20Elementos%20de%20Mobiliario%20Urbano/Otros%20Elementos/PARTE%20B/Dise%C3%B1o%20de%20Elementos%20M100-M101.pdf HTTP/1.1" 200 282657
54.36.148.251 - - [08/Dec/2019:01:44:10 -0500] "GET /BLA/resoluciones/RESOLUCIONES%202005/RES%202005%201551-1600/00001566.tif HTTP/1.1" 200 322700
66.249.64.59 - - [08/Dec/2019:01:44:21 -0500] "GET /BLA/boletinlegal/Circulares/2019/Circular%2000018%20del%2020%20de%20noviembre%20de%202019.pdf HTTP/1.1" 200 158030
66.249.64.28 - - [08/Dec/2019:01:44:22 -0500] "GET /SIG/Gesti%C3%83%C2%B3n%20Talento%20Humano/Gesti%C3%83%C2%B3n%20Talento%20Humano/126PA01-PR29.pdf HTTP/1.1" 404 1019
66.249.64.59 - - [08/Dec/2019:01:44:34 -0500] "GET /BLA/resoluciones/AUTOS%202018/6361.pdf HTTP/1.1" 200 288332
192.168.175.104 - - [08/Dec/2019:01:44:37 -0500] "GET / HTTP/1.0" 200 9990
66.249.64.59 - - [08/Dec/2019:01:44:38 -0500] "GET /BLA/resoluciones/AUTOS%202015/3948.pdf HTTP/1.1" 200 563153
66.249.64.59 - - [08/Dec/2019:01:44:41 -0500] "GET /BLA/resoluciones/Notificaciones/AUTOS%202018/5301.pdf HTTP/1.1" 200 230293
66.249.64.59 - - [08/Dec/2019:01:44:54 -0500] "GET /galeria/nivo-slider/demo/style.css HTTP/1.1" 200 2222
66.249.64.59 - - [08/Dec/2019:01:44:59 -0500] "GET /BLA/resoluciones/AUTOS%202018/1252.pdf HTTP/1.1" 200 251055
66.249.64.59 - - [08/Dec/2019:01:45:01 -0500] "GET /BLA/resoluciones/RESOLUCIONES%202015/0405.pdf HTTP/1.1" 200 582018
66.249.64.61 - - [08/Dec/2019:01:45:12 -0500] "GET /BLA/resoluciones/RESOLUCIONES%202014/0528.pdf HTTP/1.1" 304 -
66.249.64.59 - - [08/Dec/2019:01:45:14 -0500] "GET /BLA/resoluciones/AUTOS%202014/5789.pdf HTTP/1.1" 200 208276
66.249.64.61 - - [08/Dec/2019:01:45:36 -0500] "GET /BLA/resoluciones/RESOLUCIONES%202017/2508.pdf HTTP/1.1" 200 413170
66.249.64.63 - - [08/Dec/2019:01:45:38 -0500] "GET /sig/Gesti%C3%83%C2%B3n%20de%20Recursos%20F%C3%83%C2%ADsicos/126PA04-PR12.pdf HTTP/1.1" 404 1018
69.162.124.232 - - [08/Dec/2019:01:45:43 -0500] "HEAD / HTTP/1.1" 200 -
66.249.64.59 - - [08/Dec/2019:01:45:55 -0500] "GET /BLA/resoluciones/AUTOS%202014/0385.pdf HTTP/1.1" 200 841024
66.249.64.61 - - [08/Dec/2019:01:45:58 -0500] "GET /BLA/resoluciones/Notificaciones/AUTOS%202018/3781.pdf HTTP/1.1" 200 230293
66.249.64.59 - - [08/Dec/2019:01:46:14 -0500] "GET /sig/Gesti%C3%83%C2%B3n%20de%20Recursos%20F%C3%83%C2%ADsicos/126PA04-PR26.pdf HTTP/1.1" 404 1018
201.245.192.253 - - [08/Dec/2019:01:46:24 -0500] "GET /galeria/nivo-slider/demo/images/Bannerpread2019.jpg HTTP/1.1" 304 -
66.249.64.61 - - [08/Dec/2019:01:46:29 -0500] "GET /BLA/resoluciones/AUTOS%202015/1415.pdf HTTP/1.1" 200 514989
59.63.16.190 - - [08/Dec/2019:01:46:30 -0500] "GET /BLA/resoluciones/index.php?dir=Notificaciones/AUTOS%2B2013/&sort=size&order=desc HTTP/1.1" 200 12113
66.102.7.198 - - [08/Dec/2019:01:46:39 -0500] "GET /dama/libreria/jpg/externos/2006/piga.jpg HTTP/1.1" 404 1019
66.249.64.61 - - [08/Dec/2019:01:46:39 -0500] "GET /BLA/resoluciones/AUTOS%202017/4273.pdf HTTP/1.1" 200 269970
66.249.64.59 - - [08/Dec/2019:01:47:02 -0500] "GET /BLA/resoluciones/RESOLUCIONES%202016/1345.pdf HTTP/1.1" 200 711107
66.249.64.59 - - [08/Dec/2019:01:47:16 -0500] "GET /BLA/resoluciones/AUTOS%202015/4236.pdf HTTP/1.1" 200 1048124
66.249.64.59 - - [08/Dec/2019:01:47:24 -0500] "GET /BLA/resoluciones/AUTOS%202014/1696.pdf HTTP/1.1" 200 371010
66.249.64.33 - - [08/Dec/2019:01:47:32 -0500] "GET /BLA/resoluciones/RESOLUCIONES%202009/7465.pdf HTTP/1.1" 200 712194
66.249.64.63 - - [08/Dec/2019:01:48:04 -0500] "GET /BLA/resoluciones/RESOLUCIONES%202008/4156.pdf HTTP/1.1" 200 446723
192.168.175.104 - - [08/Dec/2019:01:48:05 -0500] "GET / HTTP/1.1" 200 9990
66.249.64.61 - - [08/Dec/2019:01:48:47 -0500] "GET /BLA/resoluciones/AUTOS%202017/0385.pdf HTTP/1.1" 200 352585
49.82.50.80 - - [08/Dec/2019:01:49:32 -0500] "GET /BLA/resoluciones/index.php?dir=RESOLUCIONES%2B2003/&sort=size&order=desc HTTP/1.1" 200 12072
192.168.175.104 - - [08/Dec/2019:01:49:36 -0500] "GET / HTTP/1.0" 200 9990
66.249.88.25 - - [08/Dec/2019:01:49:57 -0500] "GET /galeria/galeria/jquery.fancybox.css?v=2.1.5 HTTP/1.1" 200 4895
66.249.88.19 - - [08/Dec/2019:01:49:57 -0500] "GET /BLA/boletinlegal/js/jquery.scrollShow.js HTTP/1.1" 200 4586
66.249.88.19 - - [08/Dec/2019:01:49:57 -0500] "GET /galeria/galeria/jquery.fancybox.js?v=2.1.5 HTTP/1.1" 200 48706
66.249.64.59 - - [08/Dec/2019:01:50:13 -0500] "GET /BLA/resoluciones/AUTOS%202008/1589.pdf HTTP/1.1" 200 133806
66.249.64.59 - - [08/Dec/2019:01:50:30 -0500] "GET /BLA/resoluciones/Notificaciones/AUTOS%202019/1745.pdf HTTP/1.1" 200 256347
66.249.88.23 - - [08/Dec/2019:01:50:34 -0500] "GET /BLA/boletinlegal/js/jquery.scrollShow.js HTTP/1.1" 200 4586
66.249.88.19 - - [08/Dec/2019:01:50:34 -0500] "GET /galeria/galeria/jquery.fancybox.css?v=2.1.5 HTTP/1.1" 200 4895
66.249.88.19 - - [08/Dec/2019:01:50:34 -0500] "GET /galeria/galeria/jquery.fancybox.js?v=2.1.5 HTTP/1.1" 200 48706
69.162.124.232 - - [08/Dec/2019:01:50:43 -0500] "HEAD / HTTP/1.1" 200 -
66.249.64.59 - - [08/Dec/2019:01:50:52 -0500] "GET /BLA/resoluciones/AUTOS%202015/2675.pdf HTTP/1.1" 200 349339
66.249.64.59 - - [08/Dec/2019:01:50:59 -0500] "GET /BLA/resoluciones/AUTOS%202007/3132.pdf HTTP/1.1" 200 124958
40.77.167.38 - - [08/Dec/2019:01:51:01 -0500] "GET /sig/gestion%20recursos%20financieros/126pa02-pr28%20registro%20convenios%20y%20contratos%20interadministrativos.pdf HTTP/1.1" 200 393134
66.249.64.59 - - [08/Dec/2019:01:51:08 -0500] "GET /BLA/resoluciones/AUTOS%202017/1262.pdf HTTP/1.1" 200 436743
66.249.64.59 - - [08/Dec/2019:01:51:33 -0500] "GET /BLA/resoluciones/RESOLUCIONES%202011/3042.pdf HTTP/1.1" 200 708278
66.249.64.61 - - [08/Dec/2019:01:51:44 -0500] "GET /BLA/resoluciones/AUTOS%202008/0217.pdf HTTP/1.1" 200 92470
66.249.64.61 - - [08/Dec/2019:01:52:21 -0500] "GET /BLA/resoluciones/AUTOS%202015/5772.pdf HTTP/1.1" 200 518426
192.168.175.104 - - [08/Dec/2019:01:53:03 -0500] "GET / HTTP/1.1" 200 9990
66.249.64.63 - - [08/Dec/2019:01:53:37 -0500] "GET /BLA/resoluciones/AUTOS%202014/0990.pdf HTTP/1.1" 200 292484
66.249.64.61 - - [08/Dec/2019:01:54:04 -0500] "GET /BLA/resoluciones/Notificaciones/AUTOS%202019/4449.pdf HTTP/1.1" 200 279470
192.168.175.104 - - [08/Dec/2019:01:54:33 -0500] "GET / HTTP/1.0" 200 9990
66.249.64.59 - - [08/Dec/2019:01:54:39 -0500] "GET /BLA/resoluciones/AUTOS%202013/2813.pdf HTTP/1.1" 200 259542
66.249.64.59 - - [08/Dec/2019:01:55:06 -0500] "GET /BLA/resoluciones/AUTOS%202017/0113.pdf HTTP/1.1" 200 534641
66.249.64.59 - - [08/Dec/2019:01:55:17 -0500] "GET /BLA/resoluciones/AUTOS%202015/3452.pdf HTTP/1.1" 200 792975
66.249.64.59 - - [08/Dec/2019:01:55:25 -0500] "GET /BLA/resoluciones/Notificaciones/AUTOS%202018/6622.pdf HTTP/1.1" 200 293492
66.249.64.59 - - [08/Dec/2019:01:55:33 -0500] "GET /BLA/resoluciones/RESOLUCIONES%202009/1148.pdf HTTP/1.1" 200 438707
66.249.64.59 - - [08/Dec/2019:01:55:41 -0500] "GET /resoluciones/RESOLUCIONES%25202007/RES%25202007%25202401%2520AL%25202500/RESOLUCION%25202480%2520DE%25202007.pdf HTTP/1.1" 404 1018
66.249.64.59 - - [08/Dec/2019:01:55:41 -0500] "GET /BLA/resoluciones/AUTOS%202014/7135.pdf HTTP/1.1" 200 465881
69.162.124.232 - - [08/Dec/2019:01:55:43 -0500] "HEAD / HTTP/1.1" 200 -
66.249.64.61 - - [08/Dec/2019:01:55:46 -0500] "GET /BLA/resoluciones/RESOLUCIONES%202011/4423.pdf HTTP/1.1" 200 492188
66.249.64.61 - - [08/Dec/2019:01:55:53 -0500] "GET /resoluciones/AUTOS%202007/3760.pdf HTTP/1.1" 404 1018
54.36.150.52 - - [08/Dec/2019:01:55:57 -0500] "GET /BLA/resoluciones/RESOLUCIONES%202006/RES%202006%202451-2500/00002467.tif HTTP/1.1" 200 96900
66.249.64.59 - - [08/Dec/2019:01:56:15 -0500] "GET /BLA/resoluciones/RESOLUCIONES%202016/0296.pdf HTTP/1.1" 200 546371
66.249.64.61 - - [08/Dec/2019:01:56:25 -0500] "GET /BLA/resoluciones/RESOLUCIONES%202018/0261.pdf HTTP/1.1" 200 245440
66.249.64.61 - - [08/Dec/2019:01:56:32 -0500] "GET /BLA/resoluciones/AUTOS%202014/6214.pdf HTTP/1.1" 200 519579
66.249.64.59 - - [08/Dec/2019:01:56:40 -0500] "GET /BLA/resoluciones/RESOLUCIONES%202009/1260.pdf HTTP/1.1" 200 684752
66.249.64.59 - - [08/Dec/2019:01:56:56 -0500] "GET /BLA/resoluciones/AUTOS%202018/3797.pdf HTTP/1.1" 200 305124
46.229.168.139 - - [08/Dec/2019:01:57:03 -0500] "GET /robots.txt HTTP/1.1" 404 1019
46.229.168.161 - - [08/Dec/2019:01:57:04 -0500] "GET /Autoliquidacion/index.php?dir=Cobro%2BEvaluacion%2BCertificaci%C3%83%C2%83%C3%82%C2%B3n%2BPara%2BLa%2BDeducci%C3%83%C2%83%C3%82%C2%B3n%2BPor%2BInversi%C3%83%C2%83%C3%82%C2%B3n%2BEn%2BMedio%2BAmbiente%2F&order=asc&sort=size HTTP/1.1" 200 6835
66.249.64.61 - - [08/Dec/2019:01:57:09 -0500] "GET /BLA/resoluciones/RESOLUCIONES%202014/2222.pdf HTTP/1.1" 200 325544
66.249.64.61 - - [08/Dec/2019:01:57:21 -0500] "GET /BLA/resoluciones/RESOLUCIONES%202014/3311.pdf HTTP/1.1" 200 625558
181.130.226.70 - - [08/Dec/2019:01:57:19 -0500] "GET /BLA/resoluciones/index.php?dir=RESOLUCIONES+2009%2F HTTP/1.1" 200 1694101
66.249.64.63 - - [08/Dec/2019:01:57:30 -0500] "GET /BLA/resoluciones/RESOLUCIONES%202016/2099.pdf HTTP/1.1" 304 -
66.249.64.59 - - [08/Dec/2019:01:57:30 -0500] "GET /BLA/resoluciones/RESOLUCIONES%202013/1944.pdf HTTP/1.1" 200 262152
181.130.226.70 - - [08/Dec/2019:01:57:36 -0500] "GET /BLA/resoluciones/RESOLUCIONES%202009/3263.pdf HTTP/1.1" 200 692048
66.249.64.61 - - [08/Dec/2019:01:57:37 -0500] "GET /BLA/resoluciones/Autos%202008/0401.pdf HTTP/1.1" 200 113228
66.249.64.59 - - [08/Dec/2019:01:57:44 -0500] "GET /sig/Gesti%C3%83%C2%B3n%20de%20Recursos%20F%C3%83%C2%ADsicos/126PA04-PR04.pdf HTTP/1.1" 404 1018
66.249.64.59 - - [08/Dec/2019:01:57:44 -0500] "GET /BLA/resoluciones/AUTOS%202017/1191.pdf HTTP/1.1" 200 2907307
66.249.64.63 - - [08/Dec/2019:01:57:48 -0500] "GET /BLA/resoluciones/AUTOS%202014/2771.pdf HTTP/1.1" 200 465836
66.249.64.63 - - [08/Dec/2019:01:57:55 -0500] "GET /BLA/resoluciones/AUTOS%202015/1544.pdf HTTP/1.1" 200 660057
192.168.175.104 - - [08/Dec/2019:01:58:01 -0500] "GET / HTTP/1.1" 200 9990
66.249.64.59 - - [08/Dec/2019:01:58:03 -0500] "GET /BLA/resoluciones/AUTOS%202016/0242.pdf HTTP/1.1" 200 757478
66.249.64.59 - - [08/Dec/2019:01:58:14 -0500] "GET /BLA/resoluciones/AUTOS%202014/3873.pdf HTTP/1.1" 200 396331
54.36.150.168 - - [08/Dec/2019:01:58:15 -0500] "GET /BLA/resoluciones/RESOLUCIONES%202002/RES%202002%201351-1400/20021394.tif HTTP/1.1" 200 96412
66.249.64.33 - - [08/Dec/2019:01:58:21 -0500] "GET /BLA/resoluciones/RESOLUCIONES%202016/0403.pdf HTTP/1.1" 200 922306
66.249.64.63 - - [08/Dec/2019:01:58:32 -0500] "GET /BLA/resoluciones/AUTOS%202017/1973.pdf HTTP/1.1" 200 491390
66.249.64.59 - - [08/Dec/2019:01:58:39 -0500] "GET /BLA/resoluciones/AUTOS%202016/0005.pdf HTTP/1.1" 200 485229
66.249.64.59 - - [08/Dec/2019:01:58:46 -0500] "GET /BLA/resoluciones/AUTOS%202018/3312.pdf HTTP/1.1" 200 358777
66.249.64.59 - - [08/Dec/2019:01:58:53 -0500] "GET /BLA/resoluciones/AUTOS%202017/1299.pdf HTTP/1.1" 304 -
66.249.64.59 - - [08/Dec/2019:01:58:54 -0500] "GET /BLA/resoluciones/AUTOS%202015/6158.pdf HTTP/1.1" 200 595973
66.249.64.61 - - [08/Dec/2019:01:59:03 -0500] "GET /BLA/resoluciones/AUTOS%202009/1861.pdf HTTP/1.1" 200 101532
66.249.64.59 - - [08/Dec/2019:01:59:10 -0500] "GET /BLA/resoluciones/RESOLUCIONES%202010/2235.pdf HTTP/1.1" 200 473965
66.249.64.61 - - [08/Dec/2019:01:59:31 -0500] "GET /BLA/resoluciones/RESOLUCIONES%202017/3018.pdf HTTP/1.1" 304 -
192.168.175.104 - - [08/Dec/2019:01:59:31 -0500] "GET / HTTP/1.0" 200 9990
66.249.64.59 - - [08/Dec/2019:01:59:46 -0500] "GET /sig/Gesti%C3%83%C2%B3n%20de%20Recursos%20F%C3%83%C2%ADsicos/126PA04-PR05.pdf HTTP/1.1" 404 1018
66.249.64.59 - - [08/Dec/2019:01:59:53 -0500] "GET /BLA/resoluciones/AUTOS%202014/5406.pdf HTTP/1.1" 200 617763
66.249.64.59 - - [08/Dec/2019:02:00:01 -0500] "GET /BLA/resoluciones/AUTOS%202015/0416.pdf HTTP/1.1" 200 866437
66.249.64.59 - - [08/Dec/2019:02:00:02 -0500] "GET /BLA/resoluciones/AUTOS%202015/5642.pdf HTTP/1.1" 200 554236
66.249.64.185 - - [08/Dec/2019:02:00:14 -0500] "GET /robots.txt HTTP/1.1" 404 1015
66.249.64.183 - - [08/Dec/2019:02:00:14 -0500] "GET /Autoliquidacion/TR%C3%81MITES%20ACEITES-RESIDUOS-ESTACIONES/REG.%20GENERADOR/Carta%20Solicitud%20Inscripci%C3%B3n%20RESPEL.doc HTTP/1.1" 304 -
66.249.64.61 - - [08/Dec/2019:02:00:14 -0500] "GET /BLA/resoluciones/RESOLUCIONES%202012/1081.pdf HTTP/1.1" 200 435221
207.46.13.22 - - [08/Dec/2019:02:00:17 -0500] "GET /transparencia/directorioservidores/2017/julio.xlsx HTTP/1.1" 200 88562
54.36.150.169 - - [08/Dec/2019:02:00:34 -0500] "GET /BLA/resoluciones/RESOLUCIONES%202005/RES%202005%201001-1050/00001007.tif HTTP/1.1" 200 88166
69.162.124.232 - - [08/Dec/2019:02:00:43 -0500] "HEAD / HTTP/1.1" 200 -
66.249.64.59 - - [08/Dec/2019:02:00:57 -0500] "GET /BLA/resoluciones/AUTOS%202008/0153.pdf HTTP/1.1" 200 160119
207.46.13.242 - - [08/Dec/2019:02:01:24 -0500] "GET /www.ambientebogota.gov.co:81/ HTTP/1.1" 403 1020
40.77.167.38 - - [08/Dec/2019:02:01:19 -0500] "GET /POT-2013/Cartografia/28_USOS%20Y%20AREAS%20DE%20ACTIVIDAD.pdf HTTP/1.1" 200 3754922
66.249.64.59 - - [08/Dec/2019:02:01:45 -0500] "GET /BLA/resoluciones/RESOLUCIONES%202017/2888.pdf HTTP/1.1" 200 283804
40.77.167.38 - - [08/Dec/2019:02:01:48 -0500] "GET /POT-2013/Cartografia/28_USOS%20Y%20AREAS%20DE%20ACTIVIDAD.pdf HTTP/1.1" 200 3754922
66.249.64.59 - - [08/Dec/2019:02:01:56 -0500] "GET /BLA/resoluciones/RESOLUCIONES%202009/3459.pdf HTTP/1.1" 200 798397
66.249.64.59 - - [08/Dec/2019:02:02:04 -0500] "GET /Publicaciones/2019EE218443.pdf HTTP/1.1" 404 228
66.249.64.59 - - [08/Dec/2019:02:02:23 -0500] "GET /BLA/resoluciones/RESOLUCIONES%202014/1472.pdf HTTP/1.1" 200 4331172
192.168.175.104 - - [08/Dec/2019:02:02:59 -0500] "GET / HTTP/1.1" 200 9990
66.249.64.63 - - [08/Dec/2019:02:03:01 -0500] "GET /BLA/resoluciones/RESOLUCIONES%202003/RESOLUCION%20386%20DE%202003.PDF HTTP/1.1" 200 560991
66.249.64.61 - - [08/Dec/2019:02:03:09 -0500] "GET /BLA/resoluciones/RESOLUCIONES%202007/RES%202007%201301%20AL%201400/RESOLUCION%201327%20DE%202007.pdf HTTP/1.1" 200 233451
66.249.64.59 - - [08/Dec/2019:02:03:19 -0500] "GET /Publicaciones/2019EE215577.pdf HTTP/1.1" 404 228
66.249.64.59 - - [08/Dec/2019:02:03:26 -0500] "GET /BLA/resoluciones/AUTOS%202017/3197.pdf HTTP/1.1" 200 324522
66.249.64.61 - - [08/Dec/2019:02:03:42 -0500] "GET /BLA/resoluciones/Notificaciones/AUTOS%202017/01606.pdf HTTP/1.1" 200 323043
181.148.108.107 - - [08/Dec/2019:02:03:57 -0500] "GET /galeria/galeria/jquery.fancybox.css?v=2.1.5 HTTP/1.1" 200 4895
181.148.108.107 - - [08/Dec/2019:02:03:57 -0500] "GET /BLA/boletinlegal/js/jquery.scrollShow.js HTTP/1.1" 200 4586
181.148.108.107 - - [08/Dec/2019:02:03:58 -0500] "GET /galeria/galeria/jquery.fancybox.js?v=2.1.5 HTTP/1.1" 200 48706
66.249.64.59 - - [08/Dec/2019:02:03:58 -0500] "GET /BLA/resoluciones/AUTOS%202014/4745.pdf HTTP/1.1" 200 549550
192.168.175.104 - - [08/Dec/2019:02:04:29 -0500] "GET / HTTP/1.0" 200 9990
157.55.39.77 - - [08/Dec/2019:02:04:32 -0500] "GET /ecodirectorio/files/res/downloads/download_0105.pdf HTTP/1.1" 404 1019
66.249.64.59 - - [08/Dec/2019:02:05:14 -0500] "GET /BLA/resoluciones/RESOLUCIONES%202017/0898.pdf HTTP/1.1" 200 376599
66.249.64.59 - - [08/Dec/2019:02:05:21 -0500] "GET /BLA/resoluciones/Notificaciones/AUTOS%202018/469.pdf HTTP/1.1" 200 296087
69.162.124.232 - - [08/Dec/2019:02:05:43 -0500] "HEAD / HTTP/1.1" 200 -
5.255.250.154 - - [08/Dec/2019:02:06:37 -0500] "GET /robots.txt HTTP/1.1" 404 1019
5.255.250.154 - - [08/Dec/2019:02:06:41 -0500] "GET /PruebasSTORM/StormSDA_pruebas/userFiles/user_files/listas/157.xml HTTP/1.1" 200 196
66.249.64.59 - - [08/Dec/2019:02:06:47 -0500] "GET /resoluciones/RESOLUCIONES%202009/0916.pdf HTTP/1.1" 404 1018
66.249.64.59 - - [08/Dec/2019:02:06:53 -0500] "GET /BLA/resoluciones/AUTOS%202007/0414.pdf HTTP/1.1" 200 55938
66.249.64.59 - - [08/Dec/2019:02:07:23 -0500] "GET /BLA/resoluciones/RESOLUCIONES%202007/RES%202007%202001%20AL%202100/RESOLUCION%202037%20DE%202007.pdf HTTP/1.1" 200 438015
66.249.64.59 - - [08/Dec/2019:02:07:50 -0500] "GET /BLA/resoluciones/Notificaciones/AUTOS%202017/3409.pdf HTTP/1.1" 200 324810
157.55.39.20 - - [08/Dec/2019:02:07:52 -0500] "GET /robots.txt HTTP/1.1" 404 1015
192.168.175.104 - - [08/Dec/2019:02:07:57 -0500] "GET / HTTP/1.1" 200 9990
66.249.64.59 - - [08/Dec/2019:02:08:06 -0500] "GET /BLA/resoluciones/AUTOS%202015/2425.pdf HTTP/1.1" 200 1954728
66.249.64.59 - - [08/Dec/2019:02:08:09 -0500] "GET /BLA/resoluciones/Notificaciones/AUTOS%202015/03512.doc HTTP/1.1" 200 107823
157.55.39.121 - - [08/Dec/2019:02:07:58 -0500] "GET /POT-2013/Cartografia/14_Sistema%20de%20Movilidad_Subsistema%20Vial_FEB.pdf HTTP/1.1" 200 4617200
66.249.64.59 - - [08/Dec/2019:02:08:49 -0500] "GET /BLA/resoluciones/RESOLUCIONES%202008/1311.pdf HTTP/1.1" 200 49251
66.249.64.59 - - [08/Dec/2019:02:08:56 -0500] "GET /BLA/resoluciones/RESOLUCIONES%202018/0063.pdf HTTP/1.1" 200 475794
192.168.175.104 - - [08/Dec/2019:02:09:27 -0500] "GET / HTTP/1.0" 200 9990
66.249.64.59 - - [08/Dec/2019:02:09:33 -0500] "GET /BLA/resoluciones/RESOLUCIONES%202008/0386.pdf HTTP/1.1" 200 304124
5.255.250.75 - - [08/Dec/2019:02:09:48 -0500] "GET /robots.txt HTTP/1.1" 404 1018
95.108.181.102 - - [08/Dec/2019:02:09:49 -0500] "GET /galeria/galeria/jquery.fancybox.js?v=2.1.5 HTTP/1.1" 200 48706
95.108.213.7 - - [08/Dec/2019:02:09:50 -0500] "GET /BLA/boletinlegal/js/jquery.scrollShow.js HTTP/1.1" 200 4586
95.108.181.102 - - [08/Dec/2019:02:09:56 -0500] "GET /galeria/galeria/jquery.fancybox.css?v=2.1.5 HTTP/1.1" 200 4895
66.249.64.59 - - [08/Dec/2019:02:10:06 -0500] "GET /resoluciones/RESOLUCIONES%202009/3691.pdf HTTP/1.1" 404 1018
66.249.88.23 - - [08/Dec/2019:02:10:16 -0500] "GET /BLA/boletinlegal/js/jquery.scrollShow.js HTTP/1.1" 200 4586
66.249.88.23 - - [08/Dec/2019:02:10:16 -0500] "GET /galeria/galeria/jquery.fancybox.js?v=2.1.5 HTTP/1.1" 200 48706
66.249.88.25 - - [08/Dec/2019:02:10:18 -0500] "GET /galeria/galeria/jquery.fancybox.css?v=2.1.5 HTTP/1.1" 200 4895
66.249.88.23 - - [08/Dec/2019:02:10:36 -0500] "GET /BLA/boletinlegal/js/jquery.scrollShow.js HTTP/1.1" 200 4586
66.249.88.19 - - [08/Dec/2019:02:10:36 -0500] "GET /galeria/galeria/jquery.fancybox.css?v=2.1.5 HTTP/1.1" 200 4895
66.249.88.23 - - [08/Dec/2019:02:10:36 -0500] "GET /galeria/galeria/jquery.fancybox.js?v=2.1.5 HTTP/1.1" 200 48706
69.162.124.232 - - [08/Dec/2019:02:10:43 -0500] "HEAD / HTTP/1.1" 200 -
46.229.168.150 - - [08/Dec/2019:02:11:14 -0500] "GET /Anexos%20estudio%20Organizacional%20SDA/index.php?dir=ANEXO%2BNo.%2B6%2B-%2BAN%C3%81LISIS%2BCOMPARADO%2BDECRETOS%2B109%2BY%2B175%2B2009%2BVRS.%2BESTUDIO%2BSERAMBIENTE%2F&order=desc&sort=name HTTP/1.1" 200 6258
216.244.66.195 - - [08/Dec/2019:02:11:22 -0500] "GET /robots.txt HTTP/1.1" 404 1018
66.249.64.29 - - [08/Dec/2019:02:11:41 -0500] "GET /SIG/ECS/126PM04-PR47.pdf HTTP/1.1" 200 2368425
66.249.64.59 - - [08/Dec/2019:02:12:07 -0500] "GET /BLA/resoluciones/RESOLUCIONES%202018/1001.pdf HTTP/1.1" 200 358772
66.249.64.59 - - [08/Dec/2019:02:12:17 -0500] "GET /BLA/resoluciones/RESOLUCIONES%202009/6047.pdf HTTP/1.1" 200 494067
192.168.175.104 - - [08/Dec/2019:02:12:55 -0500] "GET / HTTP/1.1" 200 9990
66.249.64.59 - - [08/Dec/2019:02:13:07 -0500] "GET /BLA/resoluciones/AUTOS%202007/2208.pdf HTTP/1.1" 200 125440
66.102.7.123 - - [08/Dec/2019:02:13:08 -0500] "GET /galeria/galeria/jquery.fancybox.css?v=2.1.5 HTTP/1.1" 200 4895
66.102.7.123 - - [08/Dec/2019:02:13:08 -0500] "GET /BLA/boletinlegal/js/jquery.scrollShow.js HTTP/1.1" 200 4586
66.102.7.123 - - [08/Dec/2019:02:13:08 -0500] "GET /galeria/galeria/jquery.fancybox.js?v=2.1.5 HTTP/1.1" 200 48706
66.102.7.123 - - [08/Dec/2019:02:13:09 -0500] "GET /requerimientos/consulta.php HTTP/1.1" 200 1822341
66.102.7.123 - - [08/Dec/2019:02:13:12 -0500] "GET /requerimientos/js/jquery.min.js HTTP/1.1" 200 95786
66.102.7.123 - - [08/Dec/2019:02:13:12 -0500] "GET /requerimientos/css/bootstrap.min.css HTTP/1.1" 200 113498
66.102.7.127 - - [08/Dec/2019:02:13:12 -0500] "GET /requerimientos/js/dataTables.bootstrap.js HTTP/1.1" 200 4287
66.102.7.127 - - [08/Dec/2019:02:13:12 -0500] "GET /requerimientos/js/jquery.dataTables.min.js HTTP/1.1" 200 78766
66.102.7.127 - - [08/Dec/2019:02:13:12 -0500] "GET /requerimientos/css/dataTables.bootstrap.css HTTP/1.1" 200 7678
