!C99Shell v. 1.0 pre-release build #13!

Software: Apache. PHP/5.5.15 

uname -a: Windows NT SVR-DMZ 6.1 build 7600 (Windows Server 2008 R2 Enterprise Edition) i586 

SYSTEM 

Safe-mode: OFF (not secure)

E:\nuevo\apache\logs\   drwxrwxrwx
Free 9.41 GB of 239.26 GB (3.93%)
Detected drives: [ a ] [ c ] [ d ] [ e ] [ f ]
Home    Back    Forward    UPDIR    Refresh    Search    Buffer    Encoder    Tools    Proc.    FTP brute    Sec.    SQL    PHP-code    Update    Feedback    Self remove    Logout    


Viewing file:     access.2019.12.10.log (7.2 MB)      -rw-rw-rw-
Select action/file-type:
(+) | (+) | (+) | Code (+) | Session (+) | (+) | SDB (+) | (+) | (+) | (+) | (+) | (+) |
151.80.39.38 - - [10/Dec/2019:00:00:00 -0500] "GET /BLA/resoluciones/RESOLUCIONES%202017/2767.pdf HTTP/1.1" 200 2357434
66.249.88.19 - - [10/Dec/2019:00:00:03 -0500] "GET /BLA/resoluciones/AUTOS%202014/4260.pdf HTTP/1.1" 200 520664
192.99.15.33 - - [10/Dec/2019:00:00:04 -0500] "GET /SIG/index.php/ECS/126PM04-PR96.pdf/ECS//126PM04-PR34.pdf/ HTTP/1.1" 200 5401
192.99.37.116 - - [10/Dec/2019:00:00:07 -0500] "GET /SIG/index.php/Gestion%20Documental/126PA06-PR01%20CONTROL%20DOCUMENTOS%20SIG.pdf/Control%20y%20mejora//126PE01-PR04.pdf/ HTTP/1.1" 200 6472
66.249.64.59 - - [10/Dec/2019:00:00:11 -0500] "GET /BLA/resoluciones/AUTOS%202018/5071.pdf HTTP/1.1" 304 -
192.99.15.33 - - [10/Dec/2019:00:00:15 -0500] "GET /SIG/index.php/ECS/126PM04-PR96.pdf/ECS//126PM04-PR35.pdf/ HTTP/1.1" 200 5401
192.99.37.116 - - [10/Dec/2019:00:00:16 -0500] "GET /SIG/index.php/Gestion%20Documental/126PA06-PR01%20CONTROL%20DOCUMENTOS%20SIG.pdf/Direccionamiento%20Estrategico//126PG01-PR02.pdf/ HTTP/1.1" 200 6724
192.99.37.116 - - [10/Dec/2019:00:00:21 -0500] "GET /SIG/index.php/Gestion%20Documental/126PA06-PR01%20CONTROL%20DOCUMENTOS%20SIG.pdf/Direccionamiento%20Estrategico//126PG01-PR05.pdf/ HTTP/1.1" 200 6724
192.99.15.33 - - [10/Dec/2019:00:00:25 -0500] "GET /SIG/index.php/ECS/126PM04-PR96.pdf/ECS//126PM04-PR36.pdf/ HTTP/1.1" 200 5401
181.150.134.240 - - [10/Dec/2019:00:00:27 -0500] "-" 408 -
181.150.134.240 - - [10/Dec/2019:00:00:27 -0500] "-" 408 -
192.168.175.104 - - [10/Dec/2019:00:00:28 -0500] "GET / HTTP/1.1" 200 9990
192.99.37.116 - - [10/Dec/2019:00:00:30 -0500] "GET /SIG/index.php/Gestion%20Documental/126PA06-PR01%20CONTROL%20DOCUMENTOS%20SIG.pdf/Direccionamiento%20Estrategico//126PG01-PR07.pdf/ HTTP/1.1" 200 6724
69.162.124.232 - - [10/Dec/2019:00:00:36 -0500] "HEAD / HTTP/1.1" 200 -
192.99.15.33 - - [10/Dec/2019:00:00:37 -0500] "GET /SIG/index.php/ECS/126PM04-PR96.pdf/ECS//126PM04-PR37.pdf/ HTTP/1.1" 200 5401
192.99.37.116 - - [10/Dec/2019:00:00:38 -0500] "GET /SIG/index.php/Gestion%20Documental/126PA06-PR01%20CONTROL%20DOCUMENTOS%20SIG.pdf/Direccionamiento%20Estrategico//126PG01-PR08.pdf/ HTTP/1.1" 200 6724
54.36.150.112 - - [10/Dec/2019:00:00:39 -0500] "GET /BLA/resoluciones/RESOLUCIONES%202003/RES%202003%20951-1000/971.tif HTTP/1.1" 200 126576
192.99.37.116 - - [10/Dec/2019:00:00:45 -0500] "GET /SIG/index.php/Gestion%20Documental/126PA06-PR01%20CONTROL%20DOCUMENTOS%20SIG.pdf/Direccionamiento%20Estrategico//126PG01-PR09.pdf/ HTTP/1.1" 200 6724
216.244.66.195 - - [10/Dec/2019:00:00:46 -0500] "GET /BLA/resoluciones/RESOLUCIONES%202016/1348.pdf HTTP/1.1" 200 1003359
192.99.15.33 - - [10/Dec/2019:00:00:47 -0500] "GET /SIG/index.php/ECS/126PM04-PR96.pdf/ECS//126PM04-PR38.pdf/ HTTP/1.1" 200 5401
192.99.15.33 - - [10/Dec/2019:00:00:57 -0500] "GET /SIG/index.php/ECS/126PM04-PR96.pdf/ECS//126PM04-PR39.pdf/ HTTP/1.1" 200 5401
66.102.6.183 - - [10/Dec/2019:00:01:08 -0500] "GET / HTTP/1.1" 200 9990
66.102.6.185 - - [10/Dec/2019:00:01:08 -0500] "GET /favicon.ico HTTP/1.1" 200 7782
192.99.15.33 - - [10/Dec/2019:00:01:13 -0500] "GET /SIG/index.php/ECS/126PM04-PR96.pdf/ECS//126PM04-PR40.pdf/ HTTP/1.1" 200 5401
192.99.15.33 - - [10/Dec/2019:00:01:21 -0500] "GET /SIG/index.php/ECS/126PM04-PR96.pdf/ECS//126PM04-PR42.pdf/ HTTP/1.1" 200 5401
40.77.190.209 - - [10/Dec/2019:00:01:34 -0500] "GET /BLA/boletinlegal/Circulares/2010/Circular%2006%20de%208%20de%20septiembre%20de%202010.pdf HTTP/1.1" 200 4657752
192.99.15.33 - - [10/Dec/2019:00:01:39 -0500] "GET /SIG/index.php/ECS/126PM04-PR96.pdf/ECS//126PM04-PR46.pdf/ HTTP/1.1" 200 5401
192.99.15.33 - - [10/Dec/2019:00:01:52 -0500] "GET /SIG/index.php/ECS/126PM04-PR96.pdf/ECS//126PM04-PR47.pdf/ HTTP/1.1" 200 5401
192.99.15.33 - - [10/Dec/2019:00:02:04 -0500] "GET /SIG/index.php/ECS/126PM04-PR96.pdf/ECS//126PM04-PR48.pdf/ HTTP/1.1" 200 5401
192.99.15.33 - - [10/Dec/2019:00:02:17 -0500] "GET /SIG/index.php/ECS/126PM04-PR96.pdf/ECS//126PM04-PR49.pdf/ HTTP/1.1" 200 5401
181.63.31.177 - - [10/Dec/2019:00:02:19 -0500] "GET /galeria/galeria/jquery.fancybox.css?v=2.1.5 HTTP/1.1" 200 4895
181.63.31.177 - - [10/Dec/2019:00:02:19 -0500] "GET /galeria/galeria/jquery.fancybox.js?v=2.1.5 HTTP/1.1" 200 48706
181.63.31.177 - - [10/Dec/2019:00:02:19 -0500] "GET /BLA/boletinlegal/js/jquery.scrollShow.js HTTP/1.1" 200 4586
66.249.64.61 - - [10/Dec/2019:00:02:20 -0500] "GET /BLA/resoluciones/RESOLUCIONES%202009/5775.pdf HTTP/1.1" 200 1005411
192.168.175.104 - - [10/Dec/2019:00:02:25 -0500] "GET / HTTP/1.0" 200 9990
181.63.31.177 - - [10/Dec/2019:00:02:27 -0500] "GET /BLA/boletinlegal/js/jquery.scrollShow.js HTTP/1.1" 304 -
181.63.31.177 - - [10/Dec/2019:00:02:27 -0500] "GET /galeria/galeria/jquery.fancybox.js?v=2.1.5 HTTP/1.1" 304 -
181.63.31.177 - - [10/Dec/2019:00:02:27 -0500] "GET /galeria/galeria/jquery.fancybox.css?v=2.1.5 HTTP/1.1" 304 -
192.99.15.33 - - [10/Dec/2019:00:02:28 -0500] "GET /SIG/index.php/ECS/126PM04-PR96.pdf/ECS//126PM04-PR53.pdf/ HTTP/1.1" 200 5401
192.99.15.33 - - [10/Dec/2019:00:02:35 -0500] "GET /SIG/index.php/ECS/126PM04-PR96.pdf/ECS//126PM04-PR55.pdf/ HTTP/1.1" 200 5401
192.99.15.33 - - [10/Dec/2019:00:02:42 -0500] "GET /SIG/index.php/ECS/126PM04-PR96.pdf/ECS//126PM04-PR56.pdf/ HTTP/1.1" 200 5401
161.18.177.231 - - [10/Dec/2019:00:02:47 -0500] "GET /galeria/galeria/jquery.fancybox.css?v=2.1.5 HTTP/1.1" 200 4895
161.18.177.231 - - [10/Dec/2019:00:02:47 -0500] "GET /BLA/boletinlegal/js/jquery.scrollShow.js HTTP/1.1" 200 4586
161.18.177.231 - - [10/Dec/2019:00:02:47 -0500] "GET /galeria/galeria/jquery.fancybox.js?v=2.1.5 HTTP/1.1" 200 48706
192.99.15.33 - - [10/Dec/2019:00:02:50 -0500] "GET /SIG/index.php/ECS/126PM04-PR96.pdf/ECS//126PM04-PR57.pdf/ HTTP/1.1" 200 5401
192.99.15.33 - - [10/Dec/2019:00:03:06 -0500] "GET /SIG/index.php/ECS/126PM04-PR96.pdf/ECS//126PM04-PR58.pdf/ HTTP/1.1" 200 5401
216.244.66.195 - - [10/Dec/2019:00:03:07 -0500] "GET /BLA/resoluciones/RESOLUCIONES%202016/1771.pdf HTTP/1.1" 200 707668
192.99.15.33 - - [10/Dec/2019:00:03:14 -0500] "GET /SIG/index.php/ECS/126PM04-PR96.pdf/ECS//126PM04-PR59.pdf/ HTTP/1.1" 200 5401
192.99.15.33 - - [10/Dec/2019:00:03:24 -0500] "GET /SIG/index.php/ECS/126PM04-PR96.pdf/ECS//126PM04-PR60.pdf/ HTTP/1.1" 200 5401
192.99.15.33 - - [10/Dec/2019:00:03:30 -0500] "GET /SIG/index.php/ECS/126PM04-PR96.pdf/ECS//126PM04-PR65.pdf/ HTTP/1.1" 200 5401
192.99.15.33 - - [10/Dec/2019:00:03:43 -0500] "GET /SIG/index.php/ECS/126PM04-PR96.pdf/ECS//126PM04-PR96.pdf/ HTTP/1.1" 200 5401
192.99.15.33 - - [10/Dec/2019:00:03:53 -0500] "GET /SIG/index.php/ECS/126PM04-PR99.pdf/Control%20Disciplinario//plantilla%20para%20Procedimientos%20-%20disciplinario%20ordinario%20version%20080.pdf/ HTTP/1.1" 200 6824
54.36.148.70 - - [10/Dec/2019:00:04:02 -0500] "GET /BLA/resoluciones/RESOLUCIONES%202003/RES%202003%201701-1750/20031721.tif HTTP/1.1" 200 157254
192.99.15.33 - - [10/Dec/2019:00:04:03 -0500] "GET /SIG/index.php/ECS/126PM04-PR99.pdf/Control%20Disciplinario//plantilla%20para%20Procedimientos%20-%20segunda%20instancia%20version%20050.pdf/ HTTP/1.1" 200 6710
192.99.15.33 - - [10/Dec/2019:00:04:16 -0500] "GET /SIG/index.php/ECS/126PM04-PR99.pdf/Control%20y%20mejora//126PE01-PR05.pdf/ HTTP/1.1" 200 5674
192.99.15.33 - - [10/Dec/2019:00:04:25 -0500] "GET /SIG/index.php/ECS/126PM04-PR99.pdf/Control%20y%20mejora//126PE01-PR07.pdf/ HTTP/1.1" 200 5674
192.99.15.33 - - [10/Dec/2019:00:04:38 -0500] "GET /SIG/index.php/ECS/126PM04-PR99.pdf/Control%20y%20mejora//126PE01-PR08.pdf/ HTTP/1.1" 200 5674
192.99.15.33 - - [10/Dec/2019:00:04:46 -0500] "GET /SIG/index.php/ECS/126PM04-PR99.pdf/Direccionamiento%20Estrategico//126PG01-PR02.pdf/ HTTP/1.1" 200 5926
192.99.15.33 - - [10/Dec/2019:00:04:57 -0500] "GET /SIG/index.php/ECS/126PM04-PR99.pdf/Direccionamiento%20Estrategico//126PG01-PR05.pdf/ HTTP/1.1" 200 5926
192.99.15.33 - - [10/Dec/2019:00:05:06 -0500] "GET /SIG/index.php/ECS/126PM04-PR99.pdf/Direccionamiento%20Estrategico//126PG01-PR07.pdf/ HTTP/1.1" 200 5926
192.99.15.33 - - [10/Dec/2019:00:05:26 -0500] "GET /SIG/index.php/ECS/126PM04-PR99.pdf/ECS//126PM04-PR05.pdf/ HTTP/1.1" 200 5401
192.168.175.104 - - [10/Dec/2019:00:05:26 -0500] "GET / HTTP/1.1" 200 9990
216.244.66.195 - - [10/Dec/2019:00:05:27 -0500] "GET /BLA/resoluciones/RESOLUCIONES%202016/2007.pdf HTTP/1.1" 200 453693
69.162.124.232 - - [10/Dec/2019:00:05:36 -0500] "HEAD / HTTP/1.1" 200 -
192.99.15.33 - - [10/Dec/2019:00:05:43 -0500] "GET /SIG/index.php/ECS/126PM04-PR99.pdf/ECS//126PM04-PR06.pdf/ HTTP/1.1" 200 5401
192.99.15.33 - - [10/Dec/2019:00:05:51 -0500] "GET /SIG/index.php/ECS/126PM04-PR99.pdf/ECS//126PM04-PR07.pdf/ HTTP/1.1" 200 5401
192.99.15.33 - - [10/Dec/2019:00:05:59 -0500] "GET /SIG/index.php/ECS/126PM04-PR99.pdf/Gestion%20Recursos%20Financieros//126PA02-PR12%20REPROGRAMACION%20DEL%20PAC.pdf/ HTTP/1.1" 200 6363
192.99.15.33 - - [10/Dec/2019:00:06:07 -0500] "GET /SIG/index.php/ECS/126PM04-PR99.pdf/Gestion%20Recursos%20Financieros//126PA02-PR17%20CONCILIACION%20OPERACIONES%20RECIPROCAS.pdf/ HTTP/1.1" 200 6610
192.99.15.33 - - [10/Dec/2019:00:06:14 -0500] "GET /SIG/index.php/ECS/126PM04-PR99.pdf/Gestion%20Recursos%20Financieros//126PA02-PR18%20REGISTRO%20CONTABLE%20ORDENES%20DE%20PAGO.pdf/ HTTP/1.1" 200 6572
192.99.15.33 - - [10/Dec/2019:00:06:23 -0500] "GET /SIG/index.php/ECS/126PM04-PR99.pdf/Gestion%20Recursos%20Financieros//126PA02-PR19%20CAUSACION%20Y%20PAGO%20NOMINA.pdf/ HTTP/1.1" 200 6382
192.99.15.33 - - [10/Dec/2019:00:06:33 -0500] "GET /SIG/index.php/ECS/126PM04-PR99.pdf/Gestion%20Recursos%20Financieros//126PA02-PR20%20REGISTRO%20DE%20DIFERIDOS.pdf/ HTTP/1.1" 200 6344
40.77.167.103 - - [10/Dec/2019:00:06:42 -0500] "GET /BLA/resoluciones/RESOLUCIONES%202010/5317.pdf HTTP/1.1" 200 333171
192.99.15.33 - - [10/Dec/2019:00:06:58 -0500] "GET /SIG/index.php/ECS/126PM04-PR99.pdf/Gestion%20Recursos%20Financieros//126PA02-PR21%20RELACION%20DE%20AUTORIZACION.pdf/ HTTP/1.1" 200 6401
192.99.15.33 - - [10/Dec/2019:00:07:08 -0500] "GET /SIG/index.php/ECS/126PM04-PR99.pdf/Gestion%20Recursos%20Financieros//126PA02-PR22%20REGISTRO%20LITIGIOS%20Y%20DEMANDAS.pdf/ HTTP/1.1" 200 6477
40.77.167.128 - - [10/Dec/2019:00:07:14 -0500] "GET /catalogoisis/imagenes/br3c2.gif HTTP/1.1" 200 285
192.99.15.33 - - [10/Dec/2019:00:07:16 -0500] "GET /SIG/index.php/ECS/126PM04-PR99.pdf/Gestion%20Recursos%20Financieros//126PA02-PR23%20REGISTRO%20RESPONSABILIDADES.pdf/ HTTP/1.1" 200 6439
192.168.175.104 - - [10/Dec/2019:00:07:23 -0500] "GET / HTTP/1.0" 200 9990
192.99.15.33 - - [10/Dec/2019:00:07:24 -0500] "GET /SIG/index.php/Gestion%20Documental/126PA06-PR01%20CONTROL%20DOCUMENTOS%20SIG.pdf/Comunicaciones//126PG02-PR01.pdf/ HTTP/1.1" 200 6430
192.99.15.33 - - [10/Dec/2019:00:07:32 -0500] "GET /SIG/index.php/Gestion%20Documental/126PA06-PR01%20CONTROL%20DOCUMENTOS%20SIG.pdf/Comunicaciones//126PG02-PR02.pdf/ HTTP/1.1" 200 6430
192.99.15.33 - - [10/Dec/2019:00:07:43 -0500] "GET /SIG/index.php/Gestion%20Documental/126PA06-PR01%20CONTROL%20DOCUMENTOS%20SIG.pdf/Comunicaciones//126PG02-PR03.pdf/ HTTP/1.1" 200 6430
192.99.15.33 - - [10/Dec/2019:00:07:57 -0500] "GET /SIG/index.php/Gestion%20Documental/126PA06-PR01%20CONTROL%20DOCUMENTOS%20SIG.pdf/Comunicaciones//126PG02-PR04.pdf/ HTTP/1.1" 200 6430
186.84.89.168 - - [10/Dec/2019:00:08:05 -0500] "GET /galeria/galeria/jquery.fancybox.css?v=2.1.5 HTTP/1.1" 200 4895
186.84.89.168 - - [10/Dec/2019:00:08:05 -0500] "GET /BLA/boletinlegal/js/jquery.scrollShow.js HTTP/1.1" 200 4586
186.84.89.168 - - [10/Dec/2019:00:08:05 -0500] "GET /galeria/galeria/jquery.fancybox.js?v=2.1.5 HTTP/1.1" 200 48706
186.84.89.168 - - [10/Dec/2019:00:08:05 -0500] "GET /galeria/carrusel/Carrusel/jquery.thumbnailScroller.css HTTP/1.1" 200 2066
192.99.15.33 - - [10/Dec/2019:00:08:05 -0500] "GET /SIG/index.php/Gestion%20Documental/126PA06-PR01%20CONTROL%20DOCUMENTOS%20SIG.pdf/Comunicaciones//126PG02-PR06.pdf/ HTTP/1.1" 200 6430
186.84.89.168 - - [10/Dec/2019:00:08:05 -0500] "GET /galeria/carrusel/Carrusel/jquery-ui-1.8.13.custom.min.js HTTP/1.1" 200 10800
186.84.89.168 - - [10/Dec/2019:00:08:05 -0500] "GET /galeria/carrusel/Carrusel/jquery.thumbnailScroller.js HTTP/1.1" 200 8157
186.84.89.168 - - [10/Dec/2019:00:08:06 -0500] "GET /galeria/nivo-slider/demo/demo.html HTTP/1.1" 404 1552
192.99.15.33 - - [10/Dec/2019:00:08:20 -0500] "GET /SIG/index.php/Gestion%20Documental/126PA06-PR01%20CONTROL%20DOCUMENTOS%20SIG.pdf/Comunicaciones//126PG02-PR09.pdf/ HTTP/1.1" 200 6430
192.99.15.33 - - [10/Dec/2019:00:08:28 -0500] "GET /SIG/index.php/Gestion%20Documental/126PA06-PR01%20CONTROL%20DOCUMENTOS%20SIG.pdf/Comunicaciones//126PG02-PR10.pdf/ HTTP/1.1" 200 6430
192.99.15.33 - - [10/Dec/2019:00:08:37 -0500] "GET /SIG/index.php/Gestion%20Documental/126PA06-PR01%20CONTROL%20DOCUMENTOS%20SIG.pdf/Control%20Disciplinario//plantilla%20para%20Procedimientos%20-%20disciplinario%20ordinario%20version%20080.pdf/ HTTP/1.1" 200 7622
172.105.23.36 - - [10/Dec/2019:00:08:38 -0500] "GET / HTTP/1.1" 400 946
192.99.15.33 - - [10/Dec/2019:00:08:44 -0500] "GET /SIG/index.php/Gestion%20Documental/126PA06-PR01%20CONTROL%20DOCUMENTOS%20SIG.pdf/Control%20Disciplinario//plantilla%20para%20Procedimientos%20-%20disciplinario%20verbal%20version%20070.pdf/ HTTP/1.1" 200 7565
192.99.15.33 - - [10/Dec/2019:00:08:53 -0500] "GET /SIG/index.php/Gestion%20Documental/126PA06-PR01%20CONTROL%20DOCUMENTOS%20SIG.pdf/Control%20Disciplinario//plantilla%20para%20Procedimientos%20-%20segunda%20instancia%20version%20050.pdf/ HTTP/1.1" 200 7508
192.99.15.33 - - [10/Dec/2019:00:09:00 -0500] "GET /SIG/index.php/Gestion%20Documental/126PA06-PR01%20CONTROL%20DOCUMENTOS%20SIG.pdf/Control%20y%20mejora//126PE01-PR03.pdf/ HTTP/1.1" 200 6472
192.99.15.33 - - [10/Dec/2019:00:09:09 -0500] "GET /SIG/index.php/Gestion%20Documental/126PA06-PR01%20CONTROL%20DOCUMENTOS%20SIG.pdf/Control%20y%20mejora//126PE01-PR04.pdf/ HTTP/1.1" 200 6472
192.99.15.33 - - [10/Dec/2019:00:09:18 -0500] "GET /SIG/index.php/Gestion%20Documental/126PA06-PR01%20CONTROL%20DOCUMENTOS%20SIG.pdf/Direccionamiento%20Estrategico//126PG01-PR02.pdf/ HTTP/1.1" 200 6724
192.99.15.33 - - [10/Dec/2019:00:09:26 -0500] "GET /SIG/index.php/Gestion%20Documental/126PA06-PR01%20CONTROL%20DOCUMENTOS%20SIG.pdf/Direccionamiento%20Estrategico//126PG01-PR05.pdf/ HTTP/1.1" 200 6724
192.99.15.33 - - [10/Dec/2019:00:09:32 -0500] "GET /SIG/index.php/Gestion%20Documental/126PA06-PR01%20CONTROL%20DOCUMENTOS%20SIG.pdf/Direccionamiento%20Estrategico//126PG01-PR07.pdf/ HTTP/1.1" 200 6724
192.99.15.33 - - [10/Dec/2019:00:09:44 -0500] "GET /SIG/index.php/Gestion%20Documental/126PA06-PR01%20CONTROL%20DOCUMENTOS%20SIG.pdf/Direccionamiento%20Estrategico//126PG01-PR08.pdf/ HTTP/1.1" 200 6724
192.99.15.33 - - [10/Dec/2019:00:09:53 -0500] "GET /SIG/index.php/Gestion%20Documental/126PA06-PR01%20CONTROL%20DOCUMENTOS%20SIG.pdf/Direccionamiento%20Estrategico//126PG01-PR09.pdf/ HTTP/1.1" 200 6724
192.168.175.104 - - [10/Dec/2019:00:10:23 -0500] "GET / HTTP/1.1" 200 9990
69.162.124.232 - - [10/Dec/2019:00:10:36 -0500] "HEAD / HTTP/1.1" 200 -
40.77.167.168 - - [10/Dec/2019:00:10:42 -0500] "GET /BLA/boletinlegal/Circulares/2012/Circular%20No.%203%20del%2023%20de%20Marzo%20de%202012.pdf HTTP/1.1" 200 572950
46.229.168.135 - - [10/Dec/2019:00:12:21 -0500] "GET /Autoliquidacion/index.php?dir=Solicitud%2Bde%2Bexpedici%C3%83%C2%B3n%2Bde%2Bcertificados%2Bde%2Bestado%2Bde%2Bconservaci%C3%83%C2%B3n%2Bambiental%2B%28CECA%29%2F&order=asc&sort=date HTTP/1.1" 200 6796
192.168.175.104 - - [10/Dec/2019:00:12:22 -0500] "GET / HTTP/1.0" 200 9990
66.249.64.59 - - [10/Dec/2019:00:14:42 -0500] "GET /BLA/resoluciones/RESOLUCIONES%202010/7397.pdf HTTP/1.1" 200 328982
192.168.175.104 - - [10/Dec/2019:00:15:21 -0500] "GET / HTTP/1.1" 200 9990
103.220.29.130 - - [10/Dec/2019:00:15:27 -0500] "GET / HTTP/1.1" 200 9990
69.162.124.232 - - [10/Dec/2019:00:15:36 -0500] "HEAD / HTTP/1.1" 200 -
54.36.150.70 - - [10/Dec/2019:00:15:51 -0500] "GET /BLA/resoluciones/RESOLUCIONES%202003/RES%202003%202151-2189/20032167.tif HTTP/1.1" 200 156916
177.247.237.140 - - [10/Dec/2019:00:16:39 -0500] "GET /galeria/galeria/jquery.fancybox.css?v=2.1.5 HTTP/1.1" 200 4895
177.247.237.140 - - [10/Dec/2019:00:16:42 -0500] "GET /BLA/boletinlegal/js/jquery.scrollShow.js HTTP/1.1" 200 4586
177.247.237.140 - - [10/Dec/2019:00:16:49 -0500] "GET /galeria/galeria/jquery.fancybox.js?v=2.1.5 HTTP/1.1" 200 48706
192.168.175.104 - - [10/Dec/2019:00:17:20 -0500] "GET / HTTP/1.0" 200 9990
201.245.192.253 - - [10/Dec/2019:00:16:57 -0500] "POST /kwsrmcab/Wsrmcab HTTP/1.1" 200 29182
201.245.192.253 - - [10/Dec/2019:00:16:57 -0500] "POST /kwsrmcab/Wsrmcab HTTP/1.1" 200 28869
161.18.133.236 - - [10/Dec/2019:00:17:30 -0500] "GET /BLA/resoluciones/ HTTP/1.1" 200 11866
161.18.133.236 - - [10/Dec/2019:00:17:37 -0500] "GET /BLA/resoluciones/index.php?dir=RESOLUCIONES+2008%2F HTTP/1.1" 200 976272
201.245.192.253 - - [10/Dec/2019:00:17:29 -0500] "POST /kwsrmcab/Wsrmcab HTTP/1.1" 200 29182
66.249.64.59 - - [10/Dec/2019:00:18:25 -0500] "GET /BLA/resoluciones/RESOLUCIONES%202009/2908.pdf HTTP/1.1" 200 1038217
161.18.133.236 - - [10/Dec/2019:00:18:45 -0500] "GET /BLA/resoluciones/RESOLUCIONES%202008/5539.pdf HTTP/1.1" 200 172533
216.244.66.195 - - [10/Dec/2019:00:19:12 -0500] "GET /BLA/resoluciones/AUTOS%202016/0971.pdf HTTP/1.1" 200 552365
216.244.66.195 - - [10/Dec/2019:00:19:17 -0500] "GET /BLA/resoluciones/AUTOS%202016/1649.pdf HTTP/1.1" 200 683580
216.244.66.195 - - [10/Dec/2019:00:19:22 -0500] "GET /BLA/resoluciones/AUTOS%202016/1669.pdf HTTP/1.1" 200 532727
220.243.136.154 - - [10/Dec/2019:00:19:24 -0500] "GET /robots.txt HTTP/1.1" 404 1017
66.249.64.59 - - [10/Dec/2019:00:19:56 -0500] "GET /BLA/resoluciones/AUTOS%202016/0281.pdf HTTP/1.1" 200 750889
192.168.175.104 - - [10/Dec/2019:00:20:19 -0500] "GET / HTTP/1.1" 200 9990
69.162.124.232 - - [10/Dec/2019:00:20:36 -0500] "HEAD / HTTP/1.1" 200 -
66.249.64.59 - - [10/Dec/2019:00:20:49 -0500] "GET /portalsiaccapacitaciones/Listas%20de%20Asistencia%202015/LA%2006-04-2015.pdf HTTP/1.1" 200 2194159
174.86.6.174 - - [10/Dec/2019:00:20:51 -0500] "GET /galeria/galeria/jquery.fancybox.css?v=2.1.5 HTTP/1.1" 200 4895
174.86.6.174 - - [10/Dec/2019:00:20:51 -0500] "GET /BLA/boletinlegal/js/jquery.scrollShow.js HTTP/1.1" 200 4586
174.86.6.174 - - [10/Dec/2019:00:20:51 -0500] "GET /galeria/galeria/jquery.fancybox.js?v=2.1.5 HTTP/1.1" 200 48706
66.249.64.59 - - [10/Dec/2019:00:20:53 -0500] "GET /BLA/resoluciones/AUTOS%202007/3418.pdf HTTP/1.1" 200 110042
66.249.64.59 - - [10/Dec/2019:00:20:58 -0500] "GET /BLA/resoluciones/AUTOS%202015/1428.pdf HTTP/1.1" 200 545659
186.84.90.62 - - [10/Dec/2019:00:21:09 -0500] "GET /galeria/galeria/jquery.fancybox.css?v=2.1.5 HTTP/1.1" 200 4895
186.84.90.62 - - [10/Dec/2019:00:21:11 -0500] "GET /BLA/boletinlegal/js/jquery.scrollShow.js HTTP/1.1" 200 4586
186.84.90.62 - - [10/Dec/2019:00:21:11 -0500] "GET /galeria/galeria/jquery.fancybox.js?v=2.1.5 HTTP/1.1" 200 48706
186.84.20.68 - - [10/Dec/2019:00:21:37 -0500] "GET /BLA/resoluciones/AUTOS%202015/2814.pdf HTTP/1.1" 200 780170
216.244.66.195 - - [10/Dec/2019:00:21:42 -0500] "GET /BLA/resoluciones/AUTOS%202016/1962.pdf HTTP/1.1" 200 478231
192.168.175.104 - - [10/Dec/2019:00:22:18 -0500] "GET / HTTP/1.0" 200 9990
216.244.66.195 - - [10/Dec/2019:00:24:02 -0500] "GET /BLA/resoluciones/AUTOS%202016/2185.pdf HTTP/1.1" 200 520119
157.55.39.27 - - [10/Dec/2019:00:24:47 -0500] "GET /robots.txt HTTP/1.1" 404 1043
157.55.39.27 - - [10/Dec/2019:00:24:48 -0500] "GET /robots.txt HTTP/1.1" 404 1043
192.168.175.104 - - [10/Dec/2019:00:25:17 -0500] "GET / HTTP/1.1" 200 9990
69.162.124.232 - - [10/Dec/2019:00:25:36 -0500] "HEAD / HTTP/1.1" 200 -
216.244.66.195 - - [10/Dec/2019:00:26:22 -0500] "GET /BLA/resoluciones/AUTOS%202016/2248.pdf HTTP/1.1" 200 850895
66.249.64.59 - - [10/Dec/2019:00:26:52 -0500] "GET /BLA/resoluciones/RESOLUCIONES%202010/5720.pdf HTTP/1.1" 200 146366
185.209.20.147 - - [10/Dec/2019:00:26:56 -0500] "HEAD / HTTP/1.1" 200 -
192.168.175.104 - - [10/Dec/2019:00:27:16 -0500] "GET / HTTP/1.0" 200 9990
201.245.192.253 - - [10/Dec/2019:00:26:57 -0500] "POST /kwsrmcab/Wsrmcab HTTP/1.1" 200 28869
66.249.83.74 - - [10/Dec/2019:00:28:19 -0500] "GET / HTTP/1.1" 200 9990
66.249.83.73 - - [10/Dec/2019:00:28:19 -0500] "GET /favicon.ico HTTP/1.1" 200 7782
216.244.66.195 - - [10/Dec/2019:00:28:45 -0500] "GET /BLA/resoluciones/AUTOS%202016/2458.pdf HTTP/1.1" 200 561167
66.102.6.189 - - [10/Dec/2019:00:28:52 -0500] "GET /galeria/galeria/jquery.fancybox.js?v=2.1.5 HTTP/1.1" 200 48706
66.102.6.187 - - [10/Dec/2019:00:28:52 -0500] "GET /galeria/galeria/jquery.fancybox.css?v=2.1.5 HTTP/1.1" 200 4895
66.102.6.187 - - [10/Dec/2019:00:28:52 -0500] "GET /BLA/boletinlegal/js/jquery.scrollShow.js HTTP/1.1" 200 4586
66.102.6.189 - - [10/Dec/2019:00:28:54 -0500] "GET /galeria/galeria/jquery.fancybox.css?v=2.1.5 HTTP/1.1" 304 -
66.102.6.189 - - [10/Dec/2019:00:28:54 -0500] "GET /galeria/galeria/jquery.fancybox.js?v=2.1.5 HTTP/1.1" 304 -
66.102.6.189 - - [10/Dec/2019:00:28:58 -0500] "GET /galeria/galeria/jquery.fancybox.js?v=2.1.5 HTTP/1.1" 304 -
66.102.6.189 - - [10/Dec/2019:00:28:58 -0500] "GET /galeria/galeria/jquery.fancybox.js?v=2.1.5 HTTP/1.1" 304 -
66.102.6.191 - - [10/Dec/2019:00:28:58 -0500] "GET /galeria/galeria/jquery.fancybox.css?v=2.1.5 HTTP/1.1" 304 -
66.102.6.191 - - [10/Dec/2019:00:28:58 -0500] "GET /galeria/galeria/jquery.fancybox.css?v=2.1.5 HTTP/1.1" 304 -
212.86.109.31 - - [10/Dec/2019:00:29:25 -0500] "HEAD / HTTP/1.1" 200 -
192.168.175.104 - - [10/Dec/2019:00:30:16 -0500] "GET / HTTP/1.1" 200 9990
69.162.124.232 - - [10/Dec/2019:00:30:36 -0500] "HEAD / HTTP/1.1" 200 -
151.80.39.206 - - [10/Dec/2019:00:30:53 -0500] "GET /BLA/resoluciones/RESOLUCIONES%202013/1197.pdf HTTP/1.1" 200 1787007
181.61.54.185 - - [10/Dec/2019:00:31:04 -0500] "GET /BLA/resoluciones/AUTOS%202015/1473.pdf HTTP/1.1" 200 575879
181.61.54.185 - - [10/Dec/2019:00:31:04 -0500] "GET /favicon.ico HTTP/1.1" 200 7782
216.244.66.195 - - [10/Dec/2019:00:31:05 -0500] "GET /BLA/resoluciones/AUTOS%202016/2518.pdf HTTP/1.1" 200 782914
5.196.87.138 - - [10/Dec/2019:00:31:17 -0500] "GET /BLA/resoluciones/RESOLUCIONES%202017/0520.pdf HTTP/1.1" 200 407112
192.151.157.210 - - [10/Dec/2019:00:31:25 -0500] "GET /robots.txt HTTP/1.1" 404 1015
192.151.157.210 - - [10/Dec/2019:00:31:26 -0500] "GET /Anexos%20estudio%20Organizacional%20SDA/index.php?dir=ANEXO%20No.11-PROYECTO%20DE%20DECRETO%20MODIFICATORIO%20PLANTA%20DE%20CARGOS%20SDA/&sort=size&order=desc/ HTTP/1.1" 200 2568
151.80.39.48 - - [10/Dec/2019:00:31:31 -0500] "GET /pdc/ HTTP/1.1" 200 85562
186.29.182.180 - - [10/Dec/2019:00:29:58 -0500] "GET /BLA/boletinlegal/ HTTP/1.1" 200 68272
186.29.182.180 - - [10/Dec/2019:00:31:35 -0500] "GET /BLA/boletinlegal/style.css HTTP/1.1" 200 9406
186.29.182.180 - - [10/Dec/2019:00:31:35 -0500] "GET /BLA/boletinlegal/styles2.css HTTP/1.1" 200 1838
186.29.182.180 - - [10/Dec/2019:00:31:35 -0500] "GET /BLA/boletinlegal/js/jquery.js HTTP/1.1" 200 57254
186.29.182.180 - - [10/Dec/2019:00:31:35 -0500] "GET /BLA/boletinlegal/js/jquery.scrollTo-min.js HTTP/1.1" 200 1150
186.29.182.180 - - [10/Dec/2019:00:31:35 -0500] "GET /BLA/boletinlegal/js/jquery.scrollShow.js HTTP/1.1" 200 4586
186.29.182.180 - - [10/Dec/2019:00:31:35 -0500] "GET /BLA/boletinlegal/images/cabezote%20BLEGAL.jpg HTTP/1.1" 200 118164
186.29.182.180 - - [10/Dec/2019:00:31:35 -0500] "GET /BLA/boletinlegal/images/subscribe-icon-big.png HTTP/1.1" 200 47702
186.29.182.180 - - [10/Dec/2019:00:31:35 -0500] "GET /BLA/boletinlegal/images/historia.png HTTP/1.1" 200 52775
186.29.182.180 - - [10/Dec/2019:00:31:36 -0500] "GET /BLA/boletinlegal/images/registro-usuarios.png HTTP/1.1" 200 8106
186.29.182.180 - - [10/Dec/2019:00:31:36 -0500] "GET /BLA/boletinlegal/images/arr_l.jpg HTTP/1.1" 200 1979
186.29.182.180 - - [10/Dec/2019:00:31:36 -0500] "GET /BLA/boletinlegal/images/screen_1.png HTTP/1.1" 200 202547
186.29.182.180 - - [10/Dec/2019:00:31:36 -0500] "GET /BLA/boletinlegal/images/launch.jpg HTTP/1.1" 200 14577
186.29.182.180 - - [10/Dec/2019:00:31:36 -0500] "GET /BLA/boletinlegal/images/screen_2.png HTTP/1.1" 200 362502
186.29.182.180 - - [10/Dec/2019:00:31:36 -0500] "GET /BLA/boletinlegal/images/screen_3.png HTTP/1.1" 200 210620
186.29.182.180 - - [10/Dec/2019:00:31:36 -0500] "GET /BLA/boletinlegal/images/screen_5.png HTTP/1.1" 200 368876
186.29.182.180 - - [10/Dec/2019:00:31:36 -0500] "GET /BLA/boletinlegal/images/arr_r.jpg HTTP/1.1" 200 1998
186.29.182.180 - - [10/Dec/2019:00:31:38 -0500] "GET /BLA/boletinlegal/images/menu_lft.gif HTTP/1.1" 200 1713
186.29.182.180 - - [10/Dec/2019:00:31:38 -0500] "GET /BLA/boletinlegal/images/text.jpg HTTP/1.1" 200 568
186.29.182.180 - - [10/Dec/2019:00:31:38 -0500] "GET /BLA/boletinlegal/images/bg_top.jpg HTTP/1.1" 200 522
186.29.182.180 - - [10/Dec/2019:00:31:38 -0500] "GET /BLA/boletinlegal/images/menu_rght.gif HTTP/1.1" 200 1627
186.29.182.180 - - [10/Dec/2019:00:31:38 -0500] "GET /BLA/boletinlegal/images/body_bg.jpg HTTP/1.1" 200 1601
186.29.182.180 - - [10/Dec/2019:00:31:38 -0500] "GET /BLA/boletinlegal/images/menu_bg.jpg HTTP/1.1" 200 620
186.29.182.180 - - [10/Dec/2019:00:31:38 -0500] "GET /BLA/boletinlegal/images/hover.jpg HTTP/1.1" 200 640
186.29.182.180 - - [10/Dec/2019:00:31:41 -0500] "GET /BLA/boletinlegal/images/pdf.gif HTTP/1.1" 200 567
186.29.182.180 - - [10/Dec/2019:00:31:41 -0500] "GET /BLA/boletinlegal/images/img_1.jpg HTTP/1.1" 200 8067
186.29.182.180 - - [10/Dec/2019:00:31:41 -0500] "GET /BLA/boletinlegal/images/tel.png HTTP/1.1" 200 14477
186.29.182.180 - - [10/Dec/2019:00:31:41 -0500] "GET /BLA/boletinlegal/images/icono-email.png HTTP/1.1" 200 5544
186.29.182.180 - - [10/Dec/2019:00:31:41 -0500] "GET /BLA/boletinlegal/images/footer_bg.jpg HTTP/1.1" 200 586
186.29.182.180 - - [10/Dec/2019:00:31:41 -0500] "GET /BLA/boletinlegal/images/img_3.jpg HTTP/1.1" 200 1841
186.29.182.180 - - [10/Dec/2019:00:31:42 -0500] "GET /BLA/boletinlegal/images/footer_bg_l.jpg HTTP/1.1" 200 776
186.29.182.180 - - [10/Dec/2019:00:31:55 -0500] "GET /favicon.ico HTTP/1.1" 200 7782
151.80.39.235 - - [10/Dec/2019:00:32:10 -0500] "GET /transparencia/financiera/General%20Asignado/ HTTP/1.1" 200 43037
192.168.175.104 - - [10/Dec/2019:00:32:14 -0500] "GET / HTTP/1.0" 200 9990
190.27.195.18 - - [10/Dec/2019:00:32:34 -0500] "GET /BLA/resoluciones/RESOLUCIONES%202016/1953.pdf HTTP/1.1" 200 370383
190.27.195.18 - - [10/Dec/2019:00:32:42 -0500] "GET /favicon.ico HTTP/1.1" 200 7782
190.111.82.40 - - [10/Dec/2019:00:33:18 -0500] "-" 408 -
216.244.66.195 - - [10/Dec/2019:00:33:24 -0500] "GET /BLA/resoluciones/AUTOS%202016/2709.pdf HTTP/1.1" 200 537905
200.119.211.36 - - [10/Dec/2019:00:33:41 -0500] "GET /galeria/galeria/jquery.fancybox.css?v=2.1.5 HTTP/1.1" 200 4895
200.119.211.36 - - [10/Dec/2019:00:33:45 -0500] "GET /BLA/boletinlegal/js/jquery.scrollShow.js HTTP/1.1" 200 4586
200.119.211.36 - - [10/Dec/2019:00:33:49 -0500] "GET /galeria/galeria/jquery.fancybox.js?v=2.1.5 HTTP/1.1" 200 48706
190.130.94.70 - - [10/Dec/2019:00:33:59 -0500] "-" 408 -
66.249.64.59 - - [10/Dec/2019:00:34:07 -0500] "GET /BLA/resoluciones/RESOLUCIONES%202007/RES%202007%203201%20AL%203300/RESOLUCION%203248%20DE%202007.pdf HTTP/1.1" 304 -
216.244.66.195 - - [10/Dec/2019:00:34:14 -0500] "GET /BLA/resoluciones/RESOLUCIONES%202011/1752.pdf HTTP/1.1" 200 525908
192.168.175.104 - - [10/Dec/2019:00:35:12 -0500] "GET / HTTP/1.1" 200 9990
40.77.167.93 - - [10/Dec/2019:00:35:26 -0500] "GET /SIG/Gesti%C3%B3n%20de%20Recursos%20F%C3%ADsicos/126PA04-PR06.pdf HTTP/1.1" 304 -
69.162.124.232 - - [10/Dec/2019:00:35:36 -0500] "HEAD / HTTP/1.1" 200 -
216.244.66.195 - - [10/Dec/2019:00:36:34 -0500] "GET /BLA/resoluciones/RESOLUCIONES%202011/1805.pdf HTTP/1.1" 200 514764
186.29.182.180 - - [10/Dec/2019:00:37:00 -0500] "GET /BLA/boletinlegal/actos.php HTTP/1.1" 200 8778
186.29.182.180 - - [10/Dec/2019:00:37:00 -0500] "GET /BLA/boletinlegal/js/ajax_actos.js HTTP/1.1" 200 1322
186.29.182.180 - - [10/Dec/2019:00:37:00 -0500] "GET /BLA/boletinlegal/niceforms-default.css HTTP/1.1" 200 6694
186.29.182.180 - - [10/Dec/2019:00:37:00 -0500] "GET /BLA/boletinlegal/niceforms.js HTTP/1.1" 200 22876
186.29.182.180 - - [10/Dec/2019:00:37:00 -0500] "GET /BLA/boletinlegal/js/lib.js HTTP/1.1" 200 6474
186.29.182.180 - - [10/Dec/2019:00:37:00 -0500] "GET /BLA/boletinlegal/js/popup.js HTTP/1.1" 200 1270
186.29.182.180 - - [10/Dec/2019:00:37:00 -0500] "GET /BLA/boletinlegal/js/jquery1.js HTTP/1.1" 200 29846
186.29.182.180 - - [10/Dec/2019:00:37:01 -0500] "GET /BLA/boletinlegal/images/green-yellow-blue-pink-th.png HTTP/1.1" 200 7394
186.29.182.180 - - [10/Dec/2019:00:37:01 -0500] "GET /BLA/boletinlegal/images/abajo.png HTTP/1.1" 200 96676
186.29.182.180 - - [10/Dec/2019:00:37:02 -0500] "GET /BLA/boletinlegal/img/0.png HTTP/1.1" 200 110
186.29.182.180 - - [10/Dec/2019:00:37:02 -0500] "GET /BLA/boletinlegal/img/select-left.png HTTP/1.1" 200 263
186.29.182.180 - - [10/Dec/2019:00:37:02 -0500] "GET /BLA/boletinlegal/img/select-right.png HTTP/1.1" 200 44019
186.29.182.180 - - [10/Dec/2019:00:37:02 -0500] "GET /BLA/boletinlegal/img/button-left.png HTTP/1.1" 200 57071
186.29.182.180 - - [10/Dec/2019:00:37:02 -0500] "GET /BLA/boletinlegal/img/button.png HTTP/1.1" 200 43241
186.29.182.180 - - [10/Dec/2019:00:37:02 -0500] "GET /BLA/boletinlegal/img/button-right.png HTTP/1.1" 200 57878
186.29.182.180 - - [10/Dec/2019:00:37:09 -0500] "GET /BLA/resoluciones/ HTTP/1.1" 200 11866
186.29.182.180 - - [10/Dec/2019:00:37:09 -0500] "GET /BLA/resoluciones/dlf/styles.css HTTP/1.1" 200 3049
186.29.182.180 - - [10/Dec/2019:00:37:09 -0500] "GET /BLA/resoluciones/dlf/folder.png HTTP/1.1" 200 410
186.29.182.180 - - [10/Dec/2019:00:37:09 -0500] "GET /BLA/resoluciones/dlf/bg.gif HTTP/1.1" 200 54
186.29.182.180 - - [10/Dec/2019:00:37:10 -0500] "GET /favicon.ico HTTP/1.1" 200 7782
192.168.175.104 - - [10/Dec/2019:00:37:13 -0500] "GET / HTTP/1.0" 200 9990
186.29.182.180 - - [10/Dec/2019:00:37:13 -0500] "GET /BLA/resoluciones/index.php?dir=AUTOS+2018%2F HTTP/1.1" 200 294932
186.29.182.180 - - [10/Dec/2019:00:37:14 -0500] "GET /BLA/resoluciones/dlf/dirup.png HTTP/1.1" 200 644
186.29.182.180 - - [10/Dec/2019:00:37:14 -0500] "GET /BLA/resoluciones/dlf/pdf.gif HTTP/1.1" 200 272
201.245.192.253 - - [10/Dec/2019:00:36:57 -0500] "POST /kwsrmcab/Wsrmcab HTTP/1.1" 200 28869
186.29.182.180 - - [10/Dec/2019:00:37:46 -0500] "GET /BLA/resoluciones/AUTOS%202018/1225.pdf HTTP/1.1" 200 263472
190.158.98.22 - - [10/Dec/2019:00:37:57 -0500] "GET /galeria/galeria/jquery.fancybox.css?v=2.1.5 HTTP/1.1" 200 4895
190.158.98.22 - - [10/Dec/2019:00:37:57 -0500] "GET /BLA/boletinlegal/js/jquery.scrollShow.js HTTP/1.1" 200 4586
190.158.98.22 - - [10/Dec/2019:00:37:57 -0500] "GET /galeria/galeria/jquery.fancybox.js?v=2.1.5 HTTP/1.1" 200 48706
66.249.64.59 - - [10/Dec/2019:00:38:19 -0500] "GET /BLA/resoluciones/RESOLUCIONES%202019/0510.pdf HTTP/1.1" 200 311894
189.202.42.69 - - [10/Dec/2019:00:38:27 -0500] "GET /galeria/galeria/jquery.fancybox.css?v=2.1.5 HTTP/1.1" 200 4895
189.202.58.5 - - [10/Dec/2019:00:38:27 -0500] "GET /BLA/boletinlegal/js/jquery.scrollShow.js HTTP/1.1" 200 4586
189.202.58.5 - - [10/Dec/2019:00:38:27 -0500] "GET /galeria/galeria/jquery.fancybox.js?v=2.1.5 HTTP/1.1" 200 48706
66.249.64.59 - - [10/Dec/2019:00:38:54 -0500] "GET /BLA/resoluciones/AUTOS%202015/6120.pdf HTTP/1.1" 200 517129
216.244.66.195 - - [10/Dec/2019:00:38:57 -0500] "GET /BLA/resoluciones/RESOLUCIONES%202011/1816.pdf HTTP/1.1" 200 518068
157.55.39.202 - - [10/Dec/2019:00:38:53 -0500] "GET /POT-2013/Cartografia/14_Sistema%20de%20Movilidad_Subsistema%20Vial_FEB.pdf HTTP/1.1" 200 4617200
66.249.64.61 - - [10/Dec/2019:00:39:26 -0500] "GET /BLA/resoluciones/RESOLUCIONES%202010/7636.pdf HTTP/1.1" 200 55487
192.168.175.104 - - [10/Dec/2019:00:40:11 -0500] "GET / HTTP/1.1" 200 9990
69.162.124.232 - - [10/Dec/2019:00:40:36 -0500] "HEAD / HTTP/1.1" 200 -
66.249.64.59 - - [10/Dec/2019:00:41:09 -0500] "GET /BLA/resoluciones/Notificaciones/AUTOS%202015/3597.doc HTTP/1.1" 304 -
216.244.66.195 - - [10/Dec/2019:00:41:17 -0500] "GET /BLA/resoluciones/RESOLUCIONES%202011/1947.pdf HTTP/1.1" 200 402944
66.249.88.19 - - [10/Dec/2019:00:41:39 -0500] "GET /galeria/galeria/jquery.fancybox.css?v=2.1.5 HTTP/1.1" 200 4895
66.249.88.19 - - [10/Dec/2019:00:41:40 -0500] "GET /galeria/galeria/jquery.fancybox.js?v=2.1.5 HTTP/1.1" 200 48706
66.249.88.25 - - [10/Dec/2019:00:41:40 -0500] "GET /BLA/boletinlegal/js/jquery.scrollShow.js HTTP/1.1" 200 4586
192.168.175.104 - - [10/Dec/2019:00:42:10 -0500] "GET / HTTP/1.0" 200 9990
66.249.64.59 - - [10/Dec/2019:00:42:48 -0500] "GET /BLA/resoluciones/AUTOS%202009/3414.pdf HTTP/1.1" 200 98054
216.244.66.195 - - [10/Dec/2019:00:43:34 -0500] "GET /BLA/resoluciones/RESOLUCIONES%202011/2008.pdf HTTP/1.1" 200 497934
179.15.133.95 - - [10/Dec/2019:00:43:38 -0500] "GET /BLA/resoluciones/RESOLUCIONES%202007/RES%202007%202501%20AL%202600/RESOLUCION%202515%20DE%202007.pdf HTTP/1.1" 200 260973
179.15.133.95 - - [10/Dec/2019:00:43:40 -0500] "GET /BLA/resoluciones/RESOLUCIONES%202007/RES%202007%202501%20AL%202600/RESOLUCION%202515%20DE%202007.pdf HTTP/1.1" 200 260973
179.15.133.95 - - [10/Dec/2019:00:43:46 -0500] "GET /favicon.ico HTTP/1.1" 200 7782
216.244.66.195 - - [10/Dec/2019:00:44:24 -0500] "GET /BLA/resoluciones/RESOLUCIONES%202011/2035.pdf HTTP/1.1" 200 522699
66.249.64.59 - - [10/Dec/2019:00:45:08 -0500] "GET /galeria/nivo-slider/demo/images/Banner%20Visor%20Geografico%20Ambiental.jpg HTTP/1.1" 304 -
192.168.175.104 - - [10/Dec/2019:00:45:09 -0500] "GET / HTTP/1.1" 200 9990
69.162.124.232 - - [10/Dec/2019:00:45:36 -0500] "HEAD / HTTP/1.1" 200 -
66.249.88.25 - - [10/Dec/2019:00:46:10 -0500] "GET /galeria/galeria/jquery.fancybox.css?v=2.1.5 HTTP/1.1" 200 4895
66.249.88.23 - - [10/Dec/2019:00:46:10 -0500] "GET /BLA/boletinlegal/js/jquery.scrollShow.js HTTP/1.1" 200 4586
66.249.88.23 - - [10/Dec/2019:00:46:10 -0500] "GET /galeria/carrusel/Carrusel/jquery.thumbnailScroller.css HTTP/1.1" 200 2066
66.249.88.19 - - [10/Dec/2019:00:46:10 -0500] "GET /galeria/galeria/jquery.fancybox.js?v=2.1.5 HTTP/1.1" 200 48706
66.249.88.19 - - [10/Dec/2019:00:46:10 -0500] "GET /galeria/carrusel/Carrusel/jquery-ui-1.8.13.custom.min.js HTTP/1.1" 200 10800
66.249.88.19 - - [10/Dec/2019:00:46:10 -0500] "GET /galeria/carrusel/Carrusel/jquery.thumbnailScroller.js HTTP/1.1" 200 8157
66.249.88.23 - - [10/Dec/2019:00:46:11 -0500] "GET /galeria/nivo-slider/demo/inicio.html HTTP/1.1" 200 4350
66.249.88.19 - - [10/Dec/2019:00:46:12 -0500] "GET /galeria/nivo-slider/themes/default/default.css HTTP/1.1" 200 1569
66.249.88.19 - - [10/Dec/2019:00:46:12 -0500] "GET /galeria/nivo-slider/demo/style.css HTTP/1.1" 200 2222
66.249.88.23 - - [10/Dec/2019:00:46:12 -0500] "GET /galeria/nivo-slider/themes/pascal/pascal.css HTTP/1.1" 200 2258
66.249.88.19 - - [10/Dec/2019:00:46:12 -0500] "GET /galeria/nivo-slider/nivo-slider.css HTTP/1.1" 200 1507
66.249.88.23 - - [10/Dec/2019:00:46:12 -0500] "GET /galeria/nivo-slider/themes/orman/orman.css HTTP/1.1" 200 2152
66.249.88.19 - - [10/Dec/2019:00:46:12 -0500] "GET /galeria/nivo-slider/demo/images/Bannercalculadora.jpg HTTP/1.1" 200 313099
66.249.88.23 - - [10/Dec/2019:00:46:12 -0500] "GET /galeria/nivo-slider/demo/scripts/jquery-1.7.1.min.js HTTP/1.1" 200 93868
66.249.88.19 - - [10/Dec/2019:00:46:12 -0500] "GET /galeria/nivo-slider/jquery.nivo.slider.pack.js HTTP/1.1" 200 11561
66.249.88.23 - - [10/Dec/2019:00:46:12 -0500] "GET /galeria/nivo-slider/demo/images/banneragendamiento.jpg HTTP/1.1" 200 116897
66.249.88.19 - - [10/Dec/2019:00:46:12 -0500] "GET /galeria/nivo-slider/demo/images/bannerwebmusgo.jpg HTTP/1.1" 200 367364
66.249.88.23 - - [10/Dec/2019:00:46:12 -0500] "GET /galeria/nivo-slider/demo/images/banneriniciativa.jpg HTTP/1.1" 200 200385
66.249.88.25 - - [10/Dec/2019:00:46:12 -0500] "GET /galeria/nivo-slider/demo/images/4Simple_Slider.png HTTP/1.1" 200 11722
66.249.88.23 - - [10/Dec/2019:00:46:12 -0500] "GET /galeria/nivo-slider/themes/default/loading.gif HTTP/1.1" 200 1737
66.249.88.23 - - [10/Dec/2019:00:46:13 -0500] "GET /galeria/nivo-slider/demo/images/diciembrecaminatas.png HTTP/1.1" 200 510724
66.249.88.25 - - [10/Dec/2019:00:46:13 -0500] "GET /galeria/nivo-slider/demo/images/Banner%20tinguas.jpg HTTP/1.1" 200 214878
66.249.88.23 - - [10/Dec/2019:00:46:13 -0500] "GET /galeria/nivo-slider/demo/images/Bannerserpiente2019.jpg HTTP/1.1" 200 270374
66.249.88.23 - - [10/Dec/2019:00:46:13 -0500] "GET /galeria/nivo-slider/demo/images/puntos%20atencion%20BANNER.jpg HTTP/1.1" 200 244208
66.249.88.23 - - [10/Dec/2019:00:46:13 -0500] "GET /galeria/nivo-slider/demo/images/Banner%20Visor%20Geografico%20Ambiental.jpg HTTP/1.1" 200 204673
66.249.88.23 - - [10/Dec/2019:00:46:14 -0500] "GET /galeria/nivo-slider/demo/images/Banner%20consumo%20sostenible%20final.jpg HTTP/1.1" 200 364746
66.249.88.25 - - [10/Dec/2019:00:46:14 -0500] "GET /galeria/nivo-slider/demo/images/Banner%20RCD.jpg HTTP/1.1" 200 92197
66.249.88.19 - - [10/Dec/2019:00:46:14 -0500] "GET /galeria/nivo-slider/demo/images/Banner%20Conpes.jpg HTTP/1.1" 200 55220
66.249.88.19 - - [10/Dec/2019:00:46:14 -0500] "GET /galeria/nivo-slider/demo/images/Banner%20practicas%20sostenibles.jpg HTTP/1.1" 200 142958
66.249.88.19 - - [10/Dec/2019:00:46:14 -0500] "GET /galeria/nivo-slider/demo/images/Banner%20POT.png HTTP/1.1" 200 418238
66.249.88.23 - - [10/Dec/2019:00:46:14 -0500] "GET /galeria/nivo-slider/demo/images/Banneranonimos.png HTTP/1.1" 200 109388
66.249.88.19 - - [10/Dec/2019:00:46:16 -0500] "GET /galeria/nivo-slider/themes/default/arrows.png HTTP/1.1" 200 824
66.249.88.19 - - [10/Dec/2019:00:46:16 -0500] "GET /galeria/nivo-slider/themes/default/bullets.png HTTP/1.1" 200 1281
54.36.150.106 - - [10/Dec/2019:00:46:18 -0500] "GET /BLA/resoluciones/RESOLUCIONES%202005/RES%202005%201351-1400/00001382.tif HTTP/1.1" 200 160452
216.244.66.195 - - [10/Dec/2019:00:46:44 -0500] "GET /BLA/resoluciones/RESOLUCIONES%202016/0192.pdf HTTP/1.1" 200 677088
66.249.64.59 - - [10/Dec/2019:00:46:54 -0500] "GET /BLA/resoluciones/RESOLUCIONES%202015/2285.pdf HTTP/1.1" 304 -
192.168.175.104 - - [10/Dec/2019:00:47:08 -0500] "GET / HTTP/1.0" 200 9990
66.249.66.73 - - [10/Dec/2019:00:48:44 -0500] "GET /BLA/resoluciones/RESOLUCIONES%202011/6769.pdf HTTP/1.1" 200 264201
66.249.64.59 - - [10/Dec/2019:00:48:51 -0500] "GET /BLA/resoluciones/AUTOS%202014/5947.pdf HTTP/1.1" 200 167291
66.249.64.59 - - [10/Dec/2019:00:48:57 -0500] "GET /BLA/resoluciones/AUTOS%202017/1166.pdf HTTP/1.1" 200 287972
66.249.64.27 - - [10/Dec/2019:00:49:48 -0500] "GET /robots.txt HTTP/1.1" 404 1019
66.249.64.27 - - [10/Dec/2019:00:49:48 -0500] "GET /SIG/Gesti%C3%83%C2%B3n%20Talento%20Humano/126PA01-PR26.pdf HTTP/1.1" 404 1019
192.168.175.104 - - [10/Dec/2019:00:50:07 -0500] "GET / HTTP/1.1" 200 9990
69.162.124.232 - - [10/Dec/2019:00:50:36 -0500] "HEAD / HTTP/1.1" 200 -
66.249.64.28 - - [10/Dec/2019:00:50:59 -0500] "GET /SIG/Gesti%C3%83%C2%B3n%20Talento%20Humano/126PA01-PR01.pdf HTTP/1.1" 404 1019
192.168.175.104 - - [10/Dec/2019:00:52:07 -0500] "GET / HTTP/1.0" 200 9990
66.249.64.59 - - [10/Dec/2019:00:52:19 -0500] "GET /BLA/resoluciones/AUTOS%202017/3266.pdf HTTP/1.1" 200 283246
66.249.64.59 - - [10/Dec/2019:00:52:42 -0500] "GET /BLA/resoluciones/AUTOS%202014/1008.pdf HTTP/1.1" 200 152593
220.243.135.165 - - [10/Dec/2019:00:53:36 -0500] "GET /robots.txt HTTP/1.1" 404 1015
190.12.28.239 - - [10/Dec/2019:00:54:28 -0500] "GET /galeria/galeria/jquery.fancybox.css?v=2.1.5 HTTP/1.1" 200 4895
190.12.28.239 - - [10/Dec/2019:00:54:30 -0500] "GET /BLA/boletinlegal/js/jquery.scrollShow.js HTTP/1.1" 200 4586
190.12.28.239 - - [10/Dec/2019:00:54:31 -0500] "GET /galeria/galeria/jquery.fancybox.js?v=2.1.5 HTTP/1.1" 200 48706
192.168.175.104 - - [10/Dec/2019:00:55:05 -0500] "GET / HTTP/1.1" 200 9990
40.77.167.38 - - [10/Dec/2019:00:55:35 -0500] "GET /siipev/Diseno%20de%20Elementos%20de%20Mobiliario%20Urbano/Otros%20Elementos/Infografia/Parte2/M-31.PNG HTTP/1.1" 200 7548
69.162.124.232 - - [10/Dec/2019:00:55:36 -0500] "HEAD / HTTP/1.1" 200 -
52.162.211.179 - - [10/Dec/2019:00:56:03 -0500] "GET /galeria/galeria/jquery.fancybox.js?v=2.1.5 HTTP/1.1" 200 48706
52.162.211.179 - - [10/Dec/2019:00:56:03 -0500] "GET /BLA/boletinlegal/js/jquery.scrollShow.js HTTP/1.1" 200 4586
52.162.211.179 - - [10/Dec/2019:00:56:05 -0500] "GET /galeria/galeria/jquery.fancybox.css?v=2.1.5 HTTP/1.1" 200 4895
52.162.211.179 - - [10/Dec/2019:00:56:17 -0500] "GET /BLA/boletinlegal/js/jquery.scrollShow.js HTTP/1.1" 200 4586
52.162.211.179 - - [10/Dec/2019:00:56:17 -0500] "GET /galeria/galeria/jquery.fancybox.js?v=2.1.5 HTTP/1.1" 200 48706
52.162.211.179 - - [10/Dec/2019:00:56:17 -0500] "GET /galeria/galeria/jquery.fancybox.css?v=2.1.5 HTTP/1.1" 200 4895
190.96.197.222 - - [10/Dec/2019:00:56:41 -0500] "GET /BLA/resoluciones/RESOLUCIONES%202017/1800.pdf HTTP/1.1" 200 365132
190.96.197.222 - - [10/Dec/2019:00:56:42 -0500] "GET /favicon.ico HTTP/1.1" 200 7782
186.145.166.9 - - [10/Dec/2019:00:56:43 -0500] "GET /BLA/boletinlegal/actos.php HTTP/1.1" 200 8778
186.145.166.9 - - [10/Dec/2019:00:56:48 -0500] "GET /BLA/resoluciones/ HTTP/1.1" 200 11866
54.36.150.47 - - [10/Dec/2019:00:56:49 -0500] "GET /BLA/resoluciones/RESOLUCIONES%202003/RES%202003%20551-600/561.tif HTTP/1.1" 200 216000
186.145.166.9 - - [10/Dec/2019:00:56:39 -0500] "GET /BLA/boletinlegal/index.php HTTP/1.1" 200 16331
192.168.175.104 - - [10/Dec/2019:00:57:04 -0500] "GET / HTTP/1.0" 200 9990
157.55.39.202 - - [10/Dec/2019:00:57:09 -0500] "GET /SIG/Gesti%C3%B3n%20Ambiental/126PM03-PR02.pdf HTTP/1.1" 200 287591
186.145.166.9 - - [10/Dec/2019:00:57:12 -0500] "GET /BLA/resoluciones/index.php?dir=AUTOS+2016%2F HTTP/1.1" 200 303746
54.36.150.61 - - [10/Dec/2019:00:57:25 -0500] "GET /BLA/resoluciones/RESOLUCIONES%202005/RES%202005%202451-2500/00002489.tif HTTP/1.1" 200 215420
66.102.7.125 - - [10/Dec/2019:00:57:48 -0500] "GET /galeria/galeria/jquery.fancybox.css?v=2.1.5 HTTP/1.1" 200 4895
66.102.7.127 - - [10/Dec/2019:00:57:48 -0500] "GET /BLA/boletinlegal/js/jquery.scrollShow.js HTTP/1.1" 200 4586
66.102.7.127 - - [10/Dec/2019:00:57:48 -0500] "GET /galeria/galeria/jquery.fancybox.js?v=2.1.5 HTTP/1.1" 200 48706
66.102.7.125 - - [10/Dec/2019:00:57:51 -0500] "GET /galeria/galeria/jquery.fancybox.css?v=2.1.5 HTTP/1.1" 304 -
66.102.7.123 - - [10/Dec/2019:00:57:51 -0500] "GET /galeria/galeria/jquery.fancybox.js?v=2.1.5 HTTP/1.1" 304 -
181.66.195.1 - - [10/Dec/2019:00:57:58 -0500] "GET /galeria/galeria/jquery.fancybox.css?v=2.1.5 HTTP/1.1" 200 4895
181.66.195.1 - - [10/Dec/2019:00:57:58 -0500] "GET /BLA/boletinlegal/js/jquery.scrollShow.js HTTP/1.1" 200 4586
181.66.195.1 - - [10/Dec/2019:00:57:58 -0500] "GET /galeria/galeria/jquery.fancybox.js?v=2.1.5 HTTP/1.1" 200 48706
54.36.150.131 - - [10/Dec/2019:00:58:14 -0500] "GET /BLA/resoluciones/index.php?dir=AUTOS+2006%2FAUTOS+2006+701-800%2F HTTP/1.1" 200 21969
5.228.168.129 - - [10/Dec/2019:00:58:22 -0500] "GET / HTTP/1.1" 200 9990
5.228.168.129 - - [10/Dec/2019:00:58:22 -0500] "GET /images/INTRANET.jpg HTTP/1.1" 200 37297
5.228.168.129 - - [10/Dec/2019:00:58:22 -0500] "GET /css/bootstrap.min.css HTTP/1.1" 200 105939
5.228.168.129 - - [10/Dec/2019:00:58:22 -0500] "GET /css/style.css HTTP/1.1" 200 3610
5.228.168.129 - - [10/Dec/2019:00:58:23 -0500] "GET /images/SDA.jpg HTTP/1.1" 200 48976
5.228.168.129 - - [10/Dec/2019:00:58:23 -0500] "GET /images/LINEA.jpg HTTP/1.1" 200 33035
5.228.168.129 - - [10/Dec/2019:00:58:23 -0500] "GET /images/INTERNET.jpg HTTP/1.1" 200 34880
5.228.168.129 - - [10/Dec/2019:00:58:23 -0500] "GET /images/NINOS.jpg HTTP/1.1" 200 44828
5.228.168.129 - - [10/Dec/2019:00:58:23 -0500] "GET /images/SDQS.jpg HTTP/1.1" 200 47976
5.228.168.129 - - [10/Dec/2019:00:58:23 -0500] "GET /images/FOREST.jpg HTTP/1.1" 200 33277
5.228.168.129 - - [10/Dec/2019:00:58:23 -0500] "GET /images/RMCAB.jpg HTTP/1.1" 200 49926
5.228.168.129 - - [10/Dec/2019:00:58:23 -0500] "GET /images/BLA.jpg HTTP/1.1" 200 34672
111.206.221.15 - - [10/Dec/2019:00:58:23 -0500] "GET /galeria/carrusel/Carrusel/jquery-ui-1.8.13.custom.min.js HTTP/1.1" 200 10800
5.228.168.129 - - [10/Dec/2019:00:58:23 -0500] "GET /images/FORMATOS.jpg HTTP/1.1" 200 41585
5.228.168.129 - - [10/Dec/2019:00:58:23 -0500] "GET /images/CATALOGO.jpg HTTP/1.1" 200 35661
5.228.168.129 - - [10/Dec/2019:00:58:23 -0500] "GET /js/bootstrap.min.js HTTP/1.1" 200 28538
5.228.168.129 - - [10/Dec/2019:00:58:24 -0500] "GET /js/jquery.js HTTP/1.1" 200 97120
5.228.168.129 - - [10/Dec/2019:00:58:26 -0500] "GET /images/CORREO.jpg HTTP/1.1" 200 39337
186.113.10.19 - - [10/Dec/2019:00:58:28 -0500] "GET /galeria/nivo-slider/demo/images/banneriniciativa.jpg HTTP/1.1" 304 -
111.206.221.68 - - [10/Dec/2019:00:58:34 -0500] "GET /galeria/nivo-slider/demo/inicio.html HTTP/1.1" 200 4350
111.206.221.48 - - [10/Dec/2019:00:58:37 -0500] "GET /galeria/nivo-slider/jquery.nivo.slider.pack.js HTTP/1.1" 200 11561
111.206.198.34 - - [10/Dec/2019:00:58:39 -0500] "GET /galeria/nivo-slider/jquery.nivo.slider.pack.js HTTP/1.1" 200 11561
54.36.150.129 - - [10/Dec/2019:00:59:02 -0500] "GET /BLA/resoluciones/index.php?dir=RESOLUCIONES%202004/RES%202004%201751-1800/&sort=date&order=asc HTTP/1.1" 200 12363
66.249.64.59 - - [10/Dec/2019:00:59:17 -0500] "GET /BLA/resoluciones/RESOLUCIONES%202015/1684.pdf HTTP/1.1" 200 984088
40.77.167.93 - - [10/Dec/2019:00:59:52 -0500] "GET /sig/gestion%20recursos%20financieros/126pa02-pr28%20registro%20convenios%20y%20contratos%20interadministrativos.pdf HTTP/1.1" 200 393134
66.249.88.23 - - [10/Dec/2019:00:59:57 -0500] "GET /BLA/boletinlegal/js/jquery.scrollShow.js HTTP/1.1" 200 4586
66.249.88.19 - - [10/Dec/2019:00:59:57 -0500] "GET /galeria/galeria/jquery.fancybox.js?v=2.1.5 HTTP/1.1" 200 48706
66.249.88.23 - - [10/Dec/2019:00:59:57 -0500] "GET /galeria/galeria/jquery.fancybox.css?v=2.1.5 HTTP/1.1" 200 4895
192.168.175.104 - - [10/Dec/2019:01:00:03 -0500] "GET / HTTP/1.1" 200 9990
66.249.64.59 - - [10/Dec/2019:01:00:17 -0500] "GET /BLA/resoluciones/AUTOS%202017/1336.pdf HTTP/1.1" 200 285367
69.162.124.232 - - [10/Dec/2019:01:00:36 -0500] "HEAD / HTTP/1.1" 200 -
66.249.64.59 - - [10/Dec/2019:01:01:31 -0500] "GET /BLA/resoluciones/RESOLUCIONES%202011/3471.pdf HTTP/1.1" 200 535192
216.244.66.195 - - [10/Dec/2019:01:01:39 -0500] "GET /BLA/resoluciones/AUTOS%202016/1709.pdf HTTP/1.1" 200 469877
216.244.66.195 - - [10/Dec/2019:01:01:44 -0500] "GET /BLA/resoluciones/AUTOS%202016/2284.pdf HTTP/1.1" 200 348558
66.249.64.29 - - [10/Dec/2019:01:01:42 -0500] "GET /portalsiaccapacitaciones/Listas%20de%20Asistencia%202017/Lista%20de%20Asistencia%20Manejo%20de%20Llantas%20Usadas%20y%20Gesti%C3%B3n%20Integral%20de%20Residuos.pdf HTTP/1.1" 200 2734785
216.244.66.195 - - [10/Dec/2019:01:01:49 -0500] "GET /BLA/resoluciones/AUTOS%202016/2330.pdf HTTP/1.1" 200 604622
192.168.175.104 - - [10/Dec/2019:01:02:03 -0500] "GET / HTTP/1.0" 200 9990
216.244.66.195 - - [10/Dec/2019:01:02:42 -0500] "GET /BLA/resoluciones/AUTOS%202016/2535.pdf HTTP/1.1" 200 402270
186.113.10.19 - - [10/Dec/2019:01:02:54 -0500] "GET /galeria/nivo-slider/demo/images/bannerwebmusgo.jpg HTTP/1.1" 304 -
46.229.168.131 - - [10/Dec/2019:01:03:07 -0500] "GET /robots.txt HTTP/1.1" 404 1019
46.229.168.132 - - [10/Dec/2019:01:03:07 -0500] "GET /Autoliquidacion/index.php?dir=Cobro%2BEvaluacion%2BCertificaci%C3%83%C2%83%C3%82%C2%83%C3%83%C2%82%C3%82%C2%83%C3%83%C2%83%C3%82%C2%82%C3%83%C2%82%C3%82%C2%B3n%2BPara%2BLa%2BDeducci%C3%83%C2%83%C3%82%C2%83%C3%83%C2%82%C3%82%C2%83%C3%83%C2%83%C3%82%C2%82%C3%83%C2%82%C3%82%C2%B3n%2BPor%2BInversi%C3%83%C2%83%C3%82%C2%83%C3%83%C2%82%C3%82%C2%83%C3%83%C2%83%C3%82%C2%82%C3%83%C2%82%C3%82%C2%B3n%2BEn%2BMedio%2BAmbiente%2F&order=asc&sort=date HTTP/1.1" 200 7051
46.229.168.163 - - [10/Dec/2019:01:04:03 -0500] "GET /Autoliquidacion/index.php?dir=TR%C3%83%C2%83%C3%82%C2%83%C3%83%C2%82%C3%82%C2%83%C3%83%C2%83%C3%82%C2%82%C3%83%C2%82%C3%82%C2%83%C3%83%C2%83%C3%82%C2%83%C3%83%C2%82%C3%82%C2%82%C3%83%C2%83%C3%82%C2%82%C3%83%C2%82%C3%82%C2%83%C3%83%C2%83%C3%82%C2%83%C3%83%C2%82%C3%82%C2%83%C3%83%C2%83%C3%82%C2%82%C3%83%C2%82%C3%82%C2%82%C3%83%C2%83%C3%82%C2%83%C3%83%C2%82%C3%82%C2%82%C3%83%C2%83%C3%82%C2%82%C3%83%C2%82%C3%82%C2%81MITES%2BACEITES-RESIDUOS-ESTACIONES%2F&order=desc&sort=date HTTP/1.1" 200 7020
66.249.64.59 - - [10/Dec/2019:01:04:15 -0500] "GET /BLA/resoluciones/AUTOS%202013/2857.pdf HTTP/1.1" 200 590892
181.176.115.156 - - [10/Dec/2019:01:04:24 -0500] "-" 408 -
181.176.115.156 - - [10/Dec/2019:01:04:24 -0500] "-" 408 -
54.36.148.48 - - [10/Dec/2019:01:04:41 -0500] "GET /BLA/resoluciones/index.php?dir=Notificaciones/RESOLUCIONES%202019/&sort=date&order=asc HTTP/1.1" 200 15715
186.29.182.180 - - [10/Dec/2019:01:04:53 -0500] "GET /BLA/resoluciones/AUTOS%202018/1222.pdf HTTP/1.1" 200 302810
216.244.66.195 - - [10/Dec/2019:01:05:00 -0500] "GET /BLA/resoluciones/AUTOS%202016/2723.pdf HTTP/1.1" 200 342092
192.168.175.104 - - [10/Dec/2019:01:05:00 -0500] "GET / HTTP/1.1" 200 9990
69.162.124.232 - - [10/Dec/2019:01:05:36 -0500] "HEAD / HTTP/1.1" 200 -
186.113.10.19 - - [10/Dec/2019:01:06:15 -0500] "GET /galeria/nivo-slider/demo/images/diciembrecaminatas.png HTTP/1.1" 304 -
54.210.160.16 - - [10/Dec/2019:01:06:18 -0500] "GET /silvicultura/6.pdf HTTP/1.1" 200 215404
66.249.88.25 - - [10/Dec/2019:01:06:40 -0500] "GET /galeria/galeria/jquery.fancybox.css?v=2.1.5 HTTP/1.1" 200 4895
