66.249.88.23 - - [10/Dec/2019:01:06:40 -0500] "GET /galeria/galeria/jquery.fancybox.js?v=2.1.5 HTTP/1.1" 200 48706
66.249.88.25 - - [10/Dec/2019:01:06:40 -0500] "GET /BLA/boletinlegal/js/jquery.scrollShow.js HTTP/1.1" 200 4586
192.168.175.104 - - [10/Dec/2019:01:07:02 -0500] "GET / HTTP/1.0" 200 9990
216.244.66.195 - - [10/Dec/2019:01:07:15 -0500] "GET /BLA/resoluciones/AUTOS%202016/2823.pdf HTTP/1.1" 200 384498
66.249.64.27 - - [10/Dec/2019:01:07:18 -0500] "GET /re/Talleres/plastico/imagenes%20plastico/plastico%20link.htm HTTP/1.1" 404 1019
161.10.148.154 - - [10/Dec/2019:01:07:43 -0500] "GET /BLA/resoluciones/RESOLUCIONES%202017/0033.pdf HTTP/1.1" 200 502705
216.244.66.195 - - [10/Dec/2019:01:08:05 -0500] "GET /BLA/resoluciones/AUTOS%202016/2948.pdf HTTP/1.1" 200 518540
66.249.64.27 - - [10/Dec/2019:01:09:05 -0500] "GET /BLA/boletinlegal/actos.php HTTP/1.1" 200 8778
66.249.64.29 - - [10/Dec/2019:01:09:08 -0500] "GET /BLA/boletinlegal/style.css HTTP/1.1" 200 9406
66.249.64.27 - - [10/Dec/2019:01:09:09 -0500] "GET /BLA/boletinlegal/js/jquery1.js HTTP/1.1" 200 29846
54.36.148.103 - - [10/Dec/2019:01:09:15 -0500] "GET /BLA/resoluciones/RESOLUCIONES%202002/RES%202002%20101-150/2002RES121.tif HTTP/1.1" 200 111656
189.190.160.9 - - [10/Dec/2019:01:09:49 -0500] "GET /galeria/galeria/jquery.fancybox.css?v=2.1.5 HTTP/1.1" 200 4895
189.190.160.9 - - [10/Dec/2019:01:09:49 -0500] "GET /BLA/boletinlegal/js/jquery.scrollShow.js HTTP/1.1" 200 4586
189.190.160.9 - - [10/Dec/2019:01:09:49 -0500] "GET /galeria/galeria/jquery.fancybox.js?v=2.1.5 HTTP/1.1" 200 48706
192.168.175.104 - - [10/Dec/2019:01:09:59 -0500] "GET / HTTP/1.1" 200 9990
66.249.64.59 - - [10/Dec/2019:01:10:08 -0500] "GET /BLA/resoluciones/RESOLUCIONES%202011/4899.pdf HTTP/1.1" 200 447151
66.249.88.19 - - [10/Dec/2019:01:10:17 -0500] "GET /galeria/galeria/jquery.fancybox.css?v=2.1.5 HTTP/1.1" 200 4895
66.249.88.23 - - [10/Dec/2019:01:10:17 -0500] "GET /galeria/galeria/jquery.fancybox.js?v=2.1.5 HTTP/1.1" 200 48706
66.249.88.19 - - [10/Dec/2019:01:10:17 -0500] "GET /BLA/boletinlegal/js/jquery.scrollShow.js HTTP/1.1" 200 4586
66.249.88.23 - - [10/Dec/2019:01:10:17 -0500] "GET /galeria/carrusel/Carrusel/jquery-ui-1.8.13.custom.min.js HTTP/1.1" 200 10800
66.249.88.19 - - [10/Dec/2019:01:10:17 -0500] "GET /galeria/carrusel/Carrusel/jquery.thumbnailScroller.js HTTP/1.1" 200 8157
66.249.88.25 - - [10/Dec/2019:01:10:17 -0500] "GET /galeria/carrusel/Carrusel/jquery.thumbnailScroller.css HTTP/1.1" 200 2066
66.249.88.19 - - [10/Dec/2019:01:10:18 -0500] "GET /galeria/nivo-slider/demo/inicio.html HTTP/1.1" 200 4350
66.249.88.19 - - [10/Dec/2019:01:10:18 -0500] "GET /galeria/nivo-slider/themes/pascal/pascal.css HTTP/1.1" 200 2258
66.249.88.25 - - [10/Dec/2019:01:10:18 -0500] "GET /galeria/nivo-slider/nivo-slider.css HTTP/1.1" 200 1507
66.249.88.19 - - [10/Dec/2019:01:10:18 -0500] "GET /galeria/nivo-slider/themes/default/default.css HTTP/1.1" 200 1569
66.249.88.23 - - [10/Dec/2019:01:10:18 -0500] "GET /galeria/nivo-slider/demo/style.css HTTP/1.1" 200 2222
66.249.88.19 - - [10/Dec/2019:01:10:18 -0500] "GET /galeria/nivo-slider/themes/orman/orman.css HTTP/1.1" 200 2152
66.249.88.19 - - [10/Dec/2019:01:10:18 -0500] "GET /galeria/nivo-slider/demo/images/Bannercalculadora.jpg HTTP/1.1" 200 313099
66.249.88.23 - - [10/Dec/2019:01:10:18 -0500] "GET /galeria/nivo-slider/demo/scripts/jquery-1.7.1.min.js HTTP/1.1" 200 93868
66.249.88.19 - - [10/Dec/2019:01:10:18 -0500] "GET /galeria/nivo-slider/demo/images/banneragendamiento.jpg HTTP/1.1" 200 116897
66.249.88.19 - - [10/Dec/2019:01:10:18 -0500] "GET /galeria/nivo-slider/demo/images/bannerwebmusgo.jpg HTTP/1.1" 200 367364
66.249.88.23 - - [10/Dec/2019:01:10:18 -0500] "GET /galeria/nivo-slider/demo/images/4Simple_Slider.png HTTP/1.1" 200 11722
66.249.88.25 - - [10/Dec/2019:01:10:18 -0500] "GET /galeria/nivo-slider/jquery.nivo.slider.pack.js HTTP/1.1" 200 11561
66.249.88.19 - - [10/Dec/2019:01:10:18 -0500] "GET /galeria/nivo-slider/themes/default/loading.gif HTTP/1.1" 200 1737
66.249.88.23 - - [10/Dec/2019:01:10:18 -0500] "GET /galeria/nivo-slider/demo/images/banneriniciativa.jpg HTTP/1.1" 200 200385
66.249.88.25 - - [10/Dec/2019:01:10:18 -0500] "GET /galeria/nivo-slider/demo/images/diciembrecaminatas.png HTTP/1.1" 200 510724
66.249.88.23 - - [10/Dec/2019:01:10:19 -0500] "GET /galeria/nivo-slider/demo/images/Banner%20tinguas.jpg HTTP/1.1" 200 214878
66.249.88.23 - - [10/Dec/2019:01:10:19 -0500] "GET /galeria/nivo-slider/demo/images/Bannerserpiente2019.jpg HTTP/1.1" 200 270374
66.249.88.23 - - [10/Dec/2019:01:10:19 -0500] "GET /galeria/nivo-slider/demo/images/puntos%20atencion%20BANNER.jpg HTTP/1.1" 200 244208
66.249.88.19 - - [10/Dec/2019:01:10:19 -0500] "GET /galeria/nivo-slider/demo/images/Banner%20Visor%20Geografico%20Ambiental.jpg HTTP/1.1" 200 204673
66.249.88.23 - - [10/Dec/2019:01:10:19 -0500] "GET /galeria/nivo-slider/demo/images/Banner%20consumo%20sostenible%20final.jpg HTTP/1.1" 200 364746
66.249.88.19 - - [10/Dec/2019:01:10:20 -0500] "GET /galeria/nivo-slider/demo/images/Banner%20RCD.jpg HTTP/1.1" 200 92197
66.249.88.25 - - [10/Dec/2019:01:10:20 -0500] "GET /galeria/nivo-slider/demo/images/Banner%20Conpes.jpg HTTP/1.1" 200 55220
66.249.88.25 - - [10/Dec/2019:01:10:20 -0500] "GET /galeria/nivo-slider/demo/images/Banner%20practicas%20sostenibles.jpg HTTP/1.1" 200 142958
66.249.88.25 - - [10/Dec/2019:01:10:20 -0500] "GET /galeria/nivo-slider/demo/images/Banner%20POT.png HTTP/1.1" 200 418238
66.249.88.23 - - [10/Dec/2019:01:10:20 -0500] "GET /galeria/nivo-slider/demo/images/Banneranonimos.png HTTP/1.1" 200 109388
66.249.88.25 - - [10/Dec/2019:01:10:21 -0500] "GET /galeria/nivo-slider/themes/default/bullets.png HTTP/1.1" 200 1281
66.249.88.25 - - [10/Dec/2019:01:10:21 -0500] "GET /galeria/nivo-slider/themes/default/arrows.png HTTP/1.1" 200 824
216.244.66.195 - - [10/Dec/2019:01:10:25 -0500] "GET /BLA/resoluciones/RESOLUCIONES%202011/0532.pdf HTTP/1.1" 200 801442
69.162.124.232 - - [10/Dec/2019:01:10:36 -0500] "HEAD / HTTP/1.1" 200 -
66.102.7.123 - - [10/Dec/2019:01:10:54 -0500] "GET /BLA/boletinlegal/js/jquery.scrollShow.js HTTP/1.1" 304 -
66.102.7.123 - - [10/Dec/2019:01:10:54 -0500] "GET /galeria/galeria/jquery.fancybox.css?v=2.1.5 HTTP/1.1" 304 -
66.102.7.125 - - [10/Dec/2019:01:10:54 -0500] "GET /galeria/galeria/jquery.fancybox.js?v=2.1.5 HTTP/1.1" 304 -
192.168.175.104 - - [10/Dec/2019:01:11:59 -0500] "GET / HTTP/1.0" 200 9990
216.244.66.195 - - [10/Dec/2019:01:12:45 -0500] "GET /BLA/resoluciones/RESOLUCIONES%202011/0770.pdf HTTP/1.1" 200 549467
66.102.8.189 - - [10/Dec/2019:01:13:41 -0500] "GET /galeria/galeria/jquery.fancybox.css?v=2.1.5 HTTP/1.1" 304 -
66.102.8.189 - - [10/Dec/2019:01:13:41 -0500] "GET /BLA/boletinlegal/js/jquery.scrollShow.js HTTP/1.1" 304 -
66.102.8.187 - - [10/Dec/2019:01:13:41 -0500] "GET /galeria/galeria/jquery.fancybox.js?v=2.1.5 HTTP/1.1" 304 -
66.249.64.59 - - [10/Dec/2019:01:13:57 -0500] "GET /BLA/resoluciones/RESOLUCIONES%202019/0272.pdf HTTP/1.1" 200 622741
54.36.150.113 - - [10/Dec/2019:01:14:38 -0500] "GET /BLA/resoluciones/RESOLUCIONES%202003/RES%202003%20851-900/874.tif HTTP/1.1" 200 73632
192.168.175.104 - - [10/Dec/2019:01:14:57 -0500] "GET / HTTP/1.1" 200 9990
216.244.66.195 - - [10/Dec/2019:01:15:06 -0500] "GET /BLA/resoluciones/RESOLUCIONES%202011/1104.pdf HTTP/1.1" 200 282521
66.249.64.59 - - [10/Dec/2019:01:15:10 -0500] "GET /BLA/resoluciones/AUTOS%202015/5526.pdf HTTP/1.1" 200 435486
69.162.124.232 - - [10/Dec/2019:01:15:36 -0500] "HEAD / HTTP/1.1" 200 -
192.168.175.104 - - [10/Dec/2019:01:16:58 -0500] "GET / HTTP/1.0" 200 9990
201.245.192.253 - - [10/Dec/2019:01:16:56 -0500] "POST /kwsrmcab/Wsrmcab HTTP/1.1" 200 29188
201.245.192.253 - - [10/Dec/2019:01:16:56 -0500] "POST /kwsrmcab/Wsrmcab HTTP/1.1" 200 29019
216.244.66.195 - - [10/Dec/2019:01:17:27 -0500] "GET /BLA/resoluciones/RESOLUCIONES%202011/1873.pdf HTTP/1.1" 200 515112
190.26.152.209 - - [10/Dec/2019:01:17:44 -0500] "GET /silvicultura/1.pdf HTTP/1.1" 200 334952
190.26.152.209 - - [10/Dec/2019:01:17:48 -0500] "GET /silvicultura/6.pdf HTTP/1.1" 200 215404
40.77.167.38 - - [10/Dec/2019:01:17:58 -0500] "GET /www.bogota.gov.co/sdqs HTTP/1.1" 404 1018
201.245.192.253 - - [10/Dec/2019:01:17:28 -0500] "POST /kwsrmcab/Wsrmcab HTTP/1.1" 200 29188
190.26.152.209 - - [10/Dec/2019:01:17:59 -0500] "GET /favicon.ico HTTP/1.1" 200 7782
190.26.152.209 - - [10/Dec/2019:01:18:01 -0500] "GET /silvicultura/12.pdf HTTP/1.1" 200 135979
216.244.66.195 - - [10/Dec/2019:01:18:17 -0500] "GET /BLA/resoluciones/RESOLUCIONES%202011/2272.pdf HTTP/1.1" 200 504758
192.168.175.104 - - [10/Dec/2019:01:19:55 -0500] "GET / HTTP/1.1" 200 9990
66.249.64.59 - - [10/Dec/2019:01:20:27 -0500] "GET /BLA/resoluciones/AUTOS%202014/0515.pdf HTTP/1.1" 200 658717
69.162.124.232 - - [10/Dec/2019:01:20:36 -0500] "HEAD / HTTP/1.1" 200 -
216.244.66.195 - - [10/Dec/2019:01:20:38 -0500] "GET /BLA/resoluciones/RESOLUCIONES%202016/0301.pdf HTTP/1.1" 200 459824
66.249.64.27 - - [10/Dec/2019:01:20:48 -0500] "GET /BLA/boletinlegal/actos.php HTTP/1.1" 200 8778
66.249.64.187 - - [10/Dec/2019:01:20:52 -0500] "GET /BLA/boletinlegal/niceforms.js HTTP/1.1" 200 22876
66.249.64.187 - - [10/Dec/2019:01:20:53 -0500] "GET /BLA/boletinlegal/js/ajax_actos.js HTTP/1.1" 200 1322
66.249.64.29 - - [10/Dec/2019:01:21:26 -0500] "GET /SIG/Gesti%C3%83%C2%B3n%20Talento%20Humano/126PA01-PR12.pdf HTTP/1.1" 404 1019
192.168.175.104 - - [10/Dec/2019:01:21:56 -0500] "GET / HTTP/1.0" 200 9990
54.36.149.98 - - [10/Dec/2019:01:22:23 -0500] "GET /BLA/resoluciones/index.php?dir=RESOLUCIONES%202003/RES%202003%201301-1350/&sort=date&order=asc HTTP/1.1" 200 12156
216.244.66.195 - - [10/Dec/2019:01:22:58 -0500] "GET /BLA/resoluciones/RESOLUCIONES%202016/1332.pdf HTTP/1.1" 200 342073
66.249.64.29 - - [10/Dec/2019:01:24:37 -0500] "GET /SIG/Gesti%C3%83%C2%B3n%20Talento%20Humano/126PA01-PR31.pdf HTTP/1.1" 404 1019
186.84.22.87 - - [10/Dec/2019:01:24:43 -0500] "-" 408 -
192.168.175.104 - - [10/Dec/2019:01:24:52 -0500] "GET / HTTP/1.1" 200 9990
216.244.66.195 - - [10/Dec/2019:01:25:18 -0500] "GET /BLA/resoluciones/RESOLUCIONES%202016/1468.pdf HTTP/1.1" 200 267239
69.162.124.232 - - [10/Dec/2019:01:25:36 -0500] "HEAD / HTTP/1.1" 200 -
66.249.88.19 - - [10/Dec/2019:01:26:02 -0500] "GET /galeria/galeria/jquery.fancybox.js?v=2.1.5 HTTP/1.1" 200 48706
66.249.88.23 - - [10/Dec/2019:01:26:02 -0500] "GET /galeria/galeria/jquery.fancybox.css?v=2.1.5 HTTP/1.1" 200 4895
66.249.88.23 - - [10/Dec/2019:01:26:02 -0500] "GET /BLA/boletinlegal/js/jquery.scrollShow.js HTTP/1.1" 200 4586
186.29.182.180 - - [10/Dec/2019:01:26:25 -0500] "GET /BLA/resoluciones/AUTOS%202018/1157.pdf HTTP/1.1" 200 288772
192.168.175.104 - - [10/Dec/2019:01:26:54 -0500] "GET / HTTP/1.0" 200 9990
66.249.64.59 - - [10/Dec/2019:01:27:01 -0500] "GET /BLA/resoluciones/RESOLUCIONES%202010/0278.pdf HTTP/1.1" 200 121040
201.245.192.253 - - [10/Dec/2019:01:26:57 -0500] "POST /kwsrmcab/Wsrmcab HTTP/1.1" 200 29019
216.244.66.195 - - [10/Dec/2019:01:27:38 -0500] "GET /BLA/resoluciones/RESOLUCIONES%202016/1576.pdf HTTP/1.1" 200 507749
40.77.167.93 - - [10/Dec/2019:01:27:44 -0500] "GET /home.html HTTP/1.1" 404 1015
216.244.66.195 - - [10/Dec/2019:01:28:28 -0500] "GET /BLA/resoluciones/RESOLUCIONES%202016/2186.pdf HTTP/1.1" 200 1120858
66.249.64.61 - - [10/Dec/2019:01:28:33 -0500] "GET /BLA/resoluciones/AUTOS%202007/1364.pdf HTTP/1.1" 200 31382
54.36.150.54 - - [10/Dec/2019:01:28:48 -0500] "GET / HTTP/1.1" 200 9990
192.168.175.104 - - [10/Dec/2019:01:29:50 -0500] "GET / HTTP/1.1" 200 9990
69.162.124.232 - - [10/Dec/2019:01:30:36 -0500] "HEAD / HTTP/1.1" 200 -
216.244.66.195 - - [10/Dec/2019:01:30:45 -0500] "GET /BLA/resoluciones/RESOLUCIONES%202016/2223.pdf HTTP/1.1" 200 564948
192.168.175.104 - - [10/Dec/2019:01:31:53 -0500] "GET / HTTP/1.0" 200 9990
66.249.64.28 - - [10/Dec/2019:01:32:08 -0500] "GET /SIG/Gesti%C3%83%C2%B3n%20Talento%20Humano/126PA01-PR04.pdf HTTP/1.1" 404 1019
54.36.150.138 - - [10/Dec/2019:01:32:21 -0500] "GET /BLA/resoluciones/RESOLUCIONES%202006/RES%202006%202351-2400/00002363.tif HTTP/1.1" 200 37190
66.249.64.63 - - [10/Dec/2019:01:32:23 -0500] "GET /BLA/resoluciones/RESOLUCIONES%202009/0159.pdf HTTP/1.1" 200 190105
181.61.195.14 - - [10/Dec/2019:01:32:31 -0500] "GET /BLA/resoluciones/RESOLUCIONES%202011/6982.pdf HTTP/1.1" 200 1266045
66.249.64.59 - - [10/Dec/2019:01:32:36 -0500] "GET /BLA/resoluciones/RESOLUCIONES%202008/3577.pdf HTTP/1.1" 200 203521
147.75.126.210 - - [10/Dec/2019:01:32:37 -0500] "GET /galeria/galeria/jquery.fancybox.css?v=2.1.5 HTTP/1.1" 200 4895
147.75.126.210 - - [10/Dec/2019:01:32:37 -0500] "GET /BLA/boletinlegal/js/jquery.scrollShow.js HTTP/1.1" 200 4586
147.75.126.210 - - [10/Dec/2019:01:32:37 -0500] "GET /galeria/galeria/jquery.fancybox.js?v=2.1.5 HTTP/1.1" 200 48706
181.61.195.14 - - [10/Dec/2019:01:32:40 -0500] "GET /favicon.ico HTTP/1.1" 200 7782
54.36.150.182 - - [10/Dec/2019:01:33:04 -0500] "GET /BLA/resoluciones/RESOLUCIONES%202003/RES%202003%20501-550/503.tif HTTP/1.1" 200 161060
66.249.88.23 - - [10/Dec/2019:01:33:15 -0500] "GET /BLA/boletinlegal/js/jquery.scrollShow.js HTTP/1.1" 200 4586
66.249.88.19 - - [10/Dec/2019:01:33:15 -0500] "GET /galeria/galeria/jquery.fancybox.css?v=2.1.5 HTTP/1.1" 200 4895
66.249.88.25 - - [10/Dec/2019:01:33:15 -0500] "GET /galeria/galeria/jquery.fancybox.js?v=2.1.5 HTTP/1.1" 200 48706
66.249.64.28 - - [10/Dec/2019:01:33:21 -0500] "GET /SIG/Gesti%C3%83%C2%B3n%20Talento%20Humano/126PA01-PR21.pdf HTTP/1.1" 404 1019
66.249.64.59 - - [10/Dec/2019:01:33:44 -0500] "GET /BLA/resoluciones/RESOLUCIONES%202009/0849.pdf HTTP/1.1" 200 295955
66.249.64.59 - - [10/Dec/2019:01:34:42 -0500] "GET /BLA/resoluciones/RESOLUCIONES%202010/0116.pdf HTTP/1.1" 200 870708
179.13.241.227 - - [10/Dec/2019:01:34:43 -0500] "GET /BLA/boletinlegal/js/jquery.scrollShow.js HTTP/1.1" 200 4586
179.13.241.227 - - [10/Dec/2019:01:34:43 -0500] "GET /galeria/galeria/jquery.fancybox.css?v=2.1.5 HTTP/1.1" 200 4895
179.13.241.227 - - [10/Dec/2019:01:34:43 -0500] "GET /galeria/galeria/jquery.fancybox.js?v=2.1.5 HTTP/1.1" 200 48706
192.168.175.104 - - [10/Dec/2019:01:34:48 -0500] "GET / HTTP/1.1" 200 9990
69.162.124.232 - - [10/Dec/2019:01:35:36 -0500] "HEAD / HTTP/1.1" 200 -
181.60.248.212 - - [10/Dec/2019:01:35:40 -0500] "GET /BLA/resoluciones/AUTOS%202014/0103.pdf HTTP/1.1" 200 851419
181.60.248.212 - - [10/Dec/2019:01:35:40 -0500] "GET /favicon.ico HTTP/1.1" 200 7782
192.168.175.104 - - [10/Dec/2019:01:36:50 -0500] "GET / HTTP/1.0" 200 9990
201.245.192.253 - - [10/Dec/2019:01:36:56 -0500] "POST /kwsrmcab/Wsrmcab HTTP/1.1" 503 1020
66.249.64.59 - - [10/Dec/2019:01:38:08 -0500] "GET /Caja%20Herramientas%20PIGA/Doc%20DGA/Lineamientos%20Planes%20de%20Gesti%C3%83%C2%B3n%20RESPEL.pdf HTTP/1.1" 404 1018
66.249.64.29 - - [10/Dec/2019:01:38:23 -0500] "GET /SIG/Gesti%C3%83%C2%B3n%20Talento%20Humano/126PA01-PR17.pdf HTTP/1.1" 404 1019
66.249.64.28 - - [10/Dec/2019:01:38:39 -0500] "GET /SIG/Gesti%C3%83%C2%B3n%20Talento%20Humano/126PA01-PR05.pdf HTTP/1.1" 404 1019
190.26.152.209 - - [10/Dec/2019:01:38:45 -0500] "GET /galeria/carrusel/Carrusel/jquery.thumbnailScroller.css HTTP/1.1" 200 2066
190.26.152.209 - - [10/Dec/2019:01:38:45 -0500] "GET /galeria/carrusel/Carrusel/jquery-ui-1.8.13.custom.min.js HTTP/1.1" 200 10800
190.26.152.209 - - [10/Dec/2019:01:38:46 -0500] "GET /galeria/carrusel/Carrusel/jquery.thumbnailScroller.js HTTP/1.1" 200 8157
190.113.208.10 - - [10/Dec/2019:01:39:26 -0500] "GET /galeria/galeria/jquery.fancybox.css?v=2.1.5 HTTP/1.1" 200 4895
190.113.208.10 - - [10/Dec/2019:01:39:26 -0500] "GET /BLA/boletinlegal/js/jquery.scrollShow.js HTTP/1.1" 200 4586
190.113.208.10 - - [10/Dec/2019:01:39:26 -0500] "GET /galeria/galeria/jquery.fancybox.js?v=2.1.5 HTTP/1.1" 200 48706
192.168.175.104 - - [10/Dec/2019:01:39:46 -0500] "GET / HTTP/1.1" 200 9990
186.145.166.9 - - [10/Dec/2019:01:39:56 -0500] "GET /BLA/resoluciones/AUTOS%202016/0262.pdf HTTP/1.1" 200 702898
40.77.189.1 - - [10/Dec/2019:01:40:29 -0500] "GET /POT-2013/Cartografia/14_Sistema%20de%20Movilidad_Subsistema%20Vial_FEB.pdf HTTP/1.1" 200 4617200
69.162.124.232 - - [10/Dec/2019:01:40:36 -0500] "HEAD / HTTP/1.1" 200 -
190.26.152.209 - - [10/Dec/2019:01:40:46 -0500] "GET /autoliquidacion HTTP/1.1" 301 310
190.26.152.209 - - [10/Dec/2019:01:40:46 -0500] "GET /autoliquidacion/ HTTP/1.1" 200 6377
190.26.152.209 - - [10/Dec/2019:01:40:46 -0500] "GET /autoliquidacion/dlf/folder.png HTTP/1.1" 200 410
66.249.64.59 - - [10/Dec/2019:01:40:49 -0500] "GET /BLA/resoluciones/RESOLUCIONES%202010/3371.pdf HTTP/1.1" 200 359162
66.249.64.27 - - [10/Dec/2019:01:41:09 -0500] "GET /SIG/Gesti%C3%83%C2%B3n%20Talento%20Humano/126PA01-PR13.pdf HTTP/1.1" 404 1019
66.249.64.59 - - [10/Dec/2019:01:41:46 -0500] "GET /BLA/resoluciones/AUTOS%202009/3245.pdf HTTP/1.1" 200 193007
192.168.175.104 - - [10/Dec/2019:01:41:46 -0500] "GET / HTTP/1.0" 200 9990
189.216.65.16 - - [10/Dec/2019:01:42:10 -0500] "GET /galeria/galeria/jquery.fancybox.css?v=2.1.5 HTTP/1.1" 200 4895
189.216.65.16 - - [10/Dec/2019:01:42:10 -0500] "GET /galeria/galeria/jquery.fancybox.js?v=2.1.5 HTTP/1.1" 200 48706
189.216.65.16 - - [10/Dec/2019:01:42:10 -0500] "GET /BLA/boletinlegal/js/jquery.scrollShow.js HTTP/1.1" 200 4586
181.50.102.248 - - [10/Dec/2019:01:43:14 -0500] "GET /galeria/galeria/jquery.fancybox.css?v=2.1.5 HTTP/1.1" 200 4895
181.50.102.248 - - [10/Dec/2019:01:43:14 -0500] "GET /galeria/galeria/jquery.fancybox.js?v=2.1.5 HTTP/1.1" 200 48706
181.50.102.248 - - [10/Dec/2019:01:43:14 -0500] "GET /BLA/boletinlegal/js/jquery.scrollShow.js HTTP/1.1" 200 4586
216.244.66.195 - - [10/Dec/2019:01:43:32 -0500] "GET /galeria/galeria/fotos/1CaminataG6.jpg HTTP/1.1" 200 160757
54.36.150.179 - - [10/Dec/2019:01:44:41 -0500] "GET /BLA/resoluciones/RESOLUCIONES%202005/RES%202005%201-50/RES%202005%20101-150/00000144.tif HTTP/1.1" 200 141384
216.244.66.195 - - [10/Dec/2019:01:44:43 -0500] "GET /BLA/resoluciones/AUTOS%202016/0030.pdf HTTP/1.1" 200 442386
192.168.175.104 - - [10/Dec/2019:01:44:45 -0500] "GET / HTTP/1.1" 200 9990
69.162.124.232 - - [10/Dec/2019:01:45:36 -0500] "HEAD / HTTP/1.1" 200 -
192.168.175.104 - - [10/Dec/2019:01:46:44 -0500] "GET / HTTP/1.0" 200 9990
216.244.66.195 - - [10/Dec/2019:01:47:02 -0500] "GET /BLA/resoluciones/AUTOS%202016/0424.pdf HTTP/1.1" 200 779658
66.249.64.59 - - [10/Dec/2019:01:47:16 -0500] "GET /transparencia/financiera/General%20Asignado/? HTTP/1.1" 200 43037
66.249.85.19 - - [10/Dec/2019:01:47:50 -0500] "GET /BLA/boletinlegal/js/jquery.scrollShow.js HTTP/1.1" 200 4586
66.249.85.19 - - [10/Dec/2019:01:47:50 -0500] "GET /galeria/galeria/jquery.fancybox.js?v=2.1.5 HTTP/1.1" 200 48706
66.249.85.21 - - [10/Dec/2019:01:47:50 -0500] "GET /galeria/galeria/jquery.fancybox.css?v=2.1.5 HTTP/1.1" 200 4895
216.244.66.195 - - [10/Dec/2019:01:47:53 -0500] "GET /BLA/resoluciones/AUTOS%202016/0456.pdf HTTP/1.1" 200 1022829
208.53.44.189 - - [10/Dec/2019:01:47:54 -0500] "GET /BLA/boletinlegal/js/jquery.scrollShow.js HTTP/1.1" 200 4586
208.53.44.189 - - [10/Dec/2019:01:47:54 -0500] "GET /galeria/galeria/jquery.fancybox.js?v=2.1.5 HTTP/1.1" 200 48706
208.53.44.189 - - [10/Dec/2019:01:47:54 -0500] "GET /galeria/galeria/jquery.fancybox.css?v=2.1.5 HTTP/1.1" 200 4895
208.53.44.189 - - [10/Dec/2019:01:48:04 -0500] "GET /BLA/boletinlegal/js/jquery.scrollShow.js HTTP/1.1" 200 4586
208.53.44.189 - - [10/Dec/2019:01:48:04 -0500] "GET /galeria/galeria/jquery.fancybox.js?v=2.1.5 HTTP/1.1" 200 48706
208.53.44.189 - - [10/Dec/2019:01:48:04 -0500] "GET /galeria/galeria/jquery.fancybox.css?v=2.1.5 HTTP/1.1" 200 4895
66.249.64.29 - - [10/Dec/2019:01:49:12 -0500] "GET /SIG/Gesti%C3%83%C2%B3n%20Talento%20Humano/126PA01-PR15.pdf HTTP/1.1" 404 1019
192.168.175.104 - - [10/Dec/2019:01:49:44 -0500] "GET / HTTP/1.1" 200 9990
66.249.64.59 - - [10/Dec/2019:01:49:47 -0500] "GET /BLA/resoluciones/RESOLUCIONES%202011/6901.pdf HTTP/1.1" 200 272802
66.249.64.59 - - [10/Dec/2019:01:50:03 -0500] "GET /BLA/resoluciones/AUTOS%202017/3887.pdf HTTP/1.1" 200 261668
216.244.66.195 - - [10/Dec/2019:01:50:13 -0500] "GET /BLA/resoluciones/AUTOS%202016/0805.pdf HTTP/1.1" 200 444460
66.249.64.59 - - [10/Dec/2019:01:50:18 -0500] "GET /BLA/resoluciones/AUTOS%202009/0914.pdf HTTP/1.1" 200 120748
69.162.124.232 - - [10/Dec/2019:01:50:36 -0500] "HEAD / HTTP/1.1" 200 -
192.168.175.104 - - [10/Dec/2019:01:51:41 -0500] "GET / HTTP/1.0" 200 9990
103.82.80.127 - - [10/Dec/2019:01:52:12 -0500] "GET /galeria/galeria/jquery.fancybox.css?v=2.1.5 HTTP/1.1" 200 4895
103.82.80.127 - - [10/Dec/2019:01:52:17 -0500] "GET /BLA/boletinlegal/js/jquery.scrollShow.js HTTP/1.1" 200 4586
103.82.80.127 - - [10/Dec/2019:01:52:18 -0500] "GET /galeria/galeria/jquery.fancybox.js?v=2.1.5 HTTP/1.1" 200 48706
103.82.80.127 - - [10/Dec/2019:01:52:18 -0500] "GET /galeria/carrusel/Carrusel/jquery.thumbnailScroller.css HTTP/1.1" 200 2066
103.82.80.127 - - [10/Dec/2019:01:52:19 -0500] "GET /galeria/carrusel/Carrusel/jquery-ui-1.8.13.custom.min.js HTTP/1.1" 200 10800
103.82.80.127 - - [10/Dec/2019:01:52:19 -0500] "GET /galeria/nivo-slider/demo/inicio.html HTTP/1.1" 200 4350
103.82.80.127 - - [10/Dec/2019:01:52:19 -0500] "GET /galeria/carrusel/Carrusel/jquery.thumbnailScroller.js HTTP/1.1" 200 8157
103.82.80.127 - - [10/Dec/2019:01:52:19 -0500] "GET /galeria/nivo-slider/themes/default/default.css HTTP/1.1" 200 1569
103.82.80.127 - - [10/Dec/2019:01:52:19 -0500] "GET /galeria/nivo-slider/themes/pascal/pascal.css HTTP/1.1" 200 2258
103.82.80.127 - - [10/Dec/2019:01:52:19 -0500] "GET /galeria/nivo-slider/themes/orman/orman.css HTTP/1.1" 200 2152
103.82.80.127 - - [10/Dec/2019:01:52:19 -0500] "GET /galeria/nivo-slider/nivo-slider.css HTTP/1.1" 200 1507
103.82.80.127 - - [10/Dec/2019:01:52:20 -0500] "GET /galeria/nivo-slider/demo/style.css HTTP/1.1" 200 2222
103.82.80.127 - - [10/Dec/2019:01:52:20 -0500] "GET /galeria/nivo-slider/demo/scripts/jquery-1.7.1.min.js HTTP/1.1" 200 93868
103.82.80.127 - - [10/Dec/2019:01:52:20 -0500] "GET /galeria/nivo-slider/jquery.nivo.slider.pack.js HTTP/1.1" 200 11561
103.82.80.127 - - [10/Dec/2019:01:52:21 -0500] "GET /galeria/nivo-slider/demo/images/Bannercalculadora.jpg HTTP/1.1" 200 313099
103.82.80.127 - - [10/Dec/2019:01:52:21 -0500] "GET /galeria/nivo-slider/demo/images/bannerwebmusgo.jpg HTTP/1.1" 200 367364
103.82.80.127 - - [10/Dec/2019:01:52:22 -0500] "GET /galeria/nivo-slider/demo/images/4Simple_Slider.png HTTP/1.1" 200 11722
103.82.80.127 - - [10/Dec/2019:01:52:23 -0500] "GET /galeria/nivo-slider/themes/default/loading.gif HTTP/1.1" 200 1737
103.82.80.127 - - [10/Dec/2019:01:52:23 -0500] "GET /galeria/nivo-slider/demo/images/banneragendamiento.jpg HTTP/1.1" 200 116897
103.82.80.127 - - [10/Dec/2019:01:52:23 -0500] "GET /galeria/nivo-slider/demo/images/banneriniciativa.jpg HTTP/1.1" 200 200385
103.82.80.127 - - [10/Dec/2019:01:52:23 -0500] "GET /galeria/nivo-slider/demo/images/diciembrecaminatas.png HTTP/1.1" 200 510724
103.82.80.127 - - [10/Dec/2019:01:52:23 -0500] "GET /galeria/nivo-slider/demo/images/Banner%20tinguas.jpg HTTP/1.1" 200 214878
103.82.80.127 - - [10/Dec/2019:01:52:24 -0500] "GET /galeria/nivo-slider/demo/images/Bannerserpiente2019.jpg HTTP/1.1" 200 270374
103.82.80.127 - - [10/Dec/2019:01:52:24 -0500] "GET /galeria/nivo-slider/demo/images/puntos%20atencion%20BANNER.jpg HTTP/1.1" 200 244208
103.82.80.127 - - [10/Dec/2019:01:52:26 -0500] "GET /galeria/nivo-slider/demo/images/Banner%20Visor%20Geografico%20Ambiental.jpg HTTP/1.1" 200 204673
103.82.80.127 - - [10/Dec/2019:01:52:28 -0500] "GET /galeria/nivo-slider/demo/images/Banner%20consumo%20sostenible%20final.jpg HTTP/1.1" 200 364746
103.82.80.127 - - [10/Dec/2019:01:52:28 -0500] "GET /galeria/nivo-slider/demo/images/Banner%20RCD.jpg HTTP/1.1" 200 92197
103.82.80.127 - - [10/Dec/2019:01:52:29 -0500] "GET /galeria/nivo-slider/demo/images/Banner%20Conpes.jpg HTTP/1.1" 200 55220
103.82.80.127 - - [10/Dec/2019:01:52:29 -0500] "GET /galeria/nivo-slider/demo/images/Banner%20practicas%20sostenibles.jpg HTTP/1.1" 200 142958
103.82.80.127 - - [10/Dec/2019:01:52:30 -0500] "GET /galeria/nivo-slider/demo/images/Banner%20POT.png HTTP/1.1" 200 418238
103.82.80.127 - - [10/Dec/2019:01:52:30 -0500] "GET /galeria/nivo-slider/demo/images/Banneranonimos.png HTTP/1.1" 200 109388
216.244.66.195 - - [10/Dec/2019:01:52:33 -0500] "GET /BLA/resoluciones/AUTOS%202016/0851.pdf HTTP/1.1" 200 580293
103.82.80.127 - - [10/Dec/2019:01:52:33 -0500] "GET /galeria/nivo-slider/themes/default/arrows.png HTTP/1.1" 200 824
103.82.80.127 - - [10/Dec/2019:01:52:33 -0500] "GET /galeria/nivo-slider/themes/default/bullets.png HTTP/1.1" 200 1281
66.249.64.59 - - [10/Dec/2019:01:53:05 -0500] "GET /BLA/resoluciones/RESOLUCIONES%202011/5458.pdf HTTP/1.1" 200 574000
216.244.66.195 - - [10/Dec/2019:01:53:23 -0500] "GET /BLA/resoluciones/AUTOS%202016/0870.pdf HTTP/1.1" 200 540802
54.36.150.38 - - [10/Dec/2019:01:54:32 -0500] "GET /BLA/resoluciones/RESOLUCIONES%202002/RES%202002%201601-1650/20021632.tif HTTP/1.1" 200 86226
192.168.175.104 - - [10/Dec/2019:01:54:44 -0500] "GET / HTTP/1.1" 200 9990
69.162.124.232 - - [10/Dec/2019:01:55:36 -0500] "HEAD / HTTP/1.1" 200 -
216.244.66.195 - - [10/Dec/2019:01:55:43 -0500] "GET /BLA/resoluciones/AUTOS%202016/1083.pdf HTTP/1.1" 200 231029
66.249.64.59 - - [10/Dec/2019:01:55:46 -0500] "GET /BLA/resoluciones/AUTOS%202017/1667.pdf HTTP/1.1" 200 1328469
66.249.64.59 - - [10/Dec/2019:01:55:49 -0500] "GET /BLA/resoluciones/Notificaciones/AUTOS%202018/01899.pdf HTTP/1.1" 200 234488
209.17.96.106 - - [10/Dec/2019:01:55:51 -0500] "GET / HTTP/1.1" 200 9990
66.249.64.29 - - [10/Dec/2019:01:55:51 -0500] "GET /SIG/Gesti%C3%83%C2%B3n%20Talento%20Humano/126PA01-PR29.pdf HTTP/1.1" 404 1019
180.163.220.68 - - [10/Dec/2019:01:56:04 -0500] "GET /galeria/carrusel/Carrusel/jquery.thumbnailScroller.css HTTP/1.1" 200 2066
180.163.220.5 - - [10/Dec/2019:01:56:04 -0500] "GET /BLA/boletinlegal/js/jquery.scrollShow.js HTTP/1.1" 200 4586
180.163.220.68 - - [10/Dec/2019:01:56:04 -0500] "GET /galeria/galeria/jquery.fancybox.css?v=2.1.5 HTTP/1.1" 200 4895
180.163.220.5 - - [10/Dec/2019:01:56:04 -0500] "GET /galeria/galeria/jquery.fancybox.js?v=2.1.5 HTTP/1.1" 200 48706
180.163.220.5 - - [10/Dec/2019:01:56:04 -0500] "GET /galeria/carrusel/Carrusel/jquery-ui-1.8.13.custom.min.js HTTP/1.1" 200 10800
180.163.220.67 - - [10/Dec/2019:01:56:04 -0500] "GET /galeria/carrusel/Carrusel/jquery.thumbnailScroller.js HTTP/1.1" 200 8157
66.249.64.61 - - [10/Dec/2019:01:56:14 -0500] "GET /BLA/resoluciones/AUTOS%202015/5122.pdf HTTP/1.1" 200 557364
66.249.64.28 - - [10/Dec/2019:01:56:28 -0500] "GET /SIG/Gesti%C3%83%C2%B3n%20Talento%20Humano/126PA01-PR11.pdf HTTP/1.1" 404 1019
66.249.64.59 - - [10/Dec/2019:01:56:30 -0500] "GET /BLA/resoluciones/AUTOS%202017/3660.pdf HTTP/1.1" 200 274262
179.51.119.12 - - [10/Dec/2019:01:56:30 -0500] "GET /BLA/boletinlegal/js/jquery.scrollShow.js HTTP/1.1" 200 4586
179.51.119.12 - - [10/Dec/2019:01:56:30 -0500] "GET /galeria/galeria/jquery.fancybox.js?v=2.1.5 HTTP/1.1" 200 48706
179.51.119.12 - - [10/Dec/2019:01:56:30 -0500] "GET /galeria/galeria/jquery.fancybox.css?v=2.1.5 HTTP/1.1" 200 4895
66.249.64.59 - - [10/Dec/2019:01:56:36 -0500] "GET /BLA/resoluciones/AUTOS%202011/6755.pdf HTTP/1.1" 200 234042
192.168.175.104 - - [10/Dec/2019:01:56:38 -0500] "GET / HTTP/1.0" 200 9990
66.249.64.59 - - [10/Dec/2019:01:56:44 -0500] "GET /BLA/resoluciones/AUTOS%202017/4081.pdf HTTP/1.1" 200 921178
66.249.64.59 - - [10/Dec/2019:01:57:02 -0500] "GET /BLA/resoluciones/AUTOS%202014/1703.pdf HTTP/1.1" 200 1069309
66.249.64.61 - - [10/Dec/2019:01:57:06 -0500] "GET /BLA/resoluciones/AUTOS%202014/3489.pdf HTTP/1.1" 200 893140
66.249.64.61 - - [10/Dec/2019:01:57:22 -0500] "GET /BLA/resoluciones/AUTOS%202014/3938.pdf HTTP/1.1" 200 332695
66.249.64.63 - - [10/Dec/2019:01:57:29 -0500] "GET /autoliquidacion/Solicitud%20de%20expedici%C3%83%C2%B3n%20de%20certificados%20de%20estado%20de%20conservaci%C3%83%C2%B3n%20ambiental%20(CECA)/formulario%20mejor.pdf HTTP/1.1" 404 1018
66.249.64.29 - - [10/Dec/2019:01:57:33 -0500] "GET /SIG/Gesti%C3%83%C2%B3n%20Talento%20Humano/126PA01-PR28.pdf HTTP/1.1" 404 1019
157.55.39.139 - - [10/Dec/2019:01:57:40 -0500] "GET /BLA/resoluciones/RESOLUCIONES%202010/5978.pdf HTTP/1.1" 200 142058
66.249.64.59 - - [10/Dec/2019:01:57:46 -0500] "GET /BLA/resoluciones/AUTOS%202015/1317.pdf HTTP/1.1" 200 656001
40.77.167.38 - - [10/Dec/2019:01:57:53 -0500] "GET /siipev/Diseno%20de%20Elementos%20de%20Mobiliario%20Urbano/Otros%20Elementos/Infografia/Parte2/M-148.png HTTP/1.1" 200 16745
66.249.64.59 - - [10/Dec/2019:01:57:57 -0500] "GET /resoluciones/RESOLUCIONES%202009/0410.pdf HTTP/1.1" 404 1018
216.244.66.195 - - [10/Dec/2019:01:57:59 -0500] "GET /BLA/resoluciones/AUTOS%202016/1233.pdf HTTP/1.1" 200 485195
66.249.64.27 - - [10/Dec/2019:01:58:33 -0500] "GET /SIG/Gesti%C3%83%C2%B3n%20Talento%20Humano/126PA01-PR20.pdf HTTP/1.1" 404 1019
66.249.64.59 - - [10/Dec/2019:01:59:13 -0500] "GET /BLA/resoluciones/RESOLUCIONES%202010/0225.pdf HTTP/1.1" 200 405651
151.80.39.93 - - [10/Dec/2019:01:59:21 -0500] "GET /galeria/nivo-slider/demo/2demo.html HTTP/1.1" 200 3810
192.168.175.104 - - [10/Dec/2019:01:59:42 -0500] "GET / HTTP/1.1" 200 9990
184.94.240.92 - - [10/Dec/2019:01:59:56 -0500] "GET / HTTP/1.1" 200 9990
151.80.39.235 - - [10/Dec/2019:02:00:11 -0500] "GET /transparencia/financiera/ HTTP/1.1" 200 82066
216.244.66.195 - - [10/Dec/2019:02:00:16 -0500] "GET /BLA/resoluciones/AUTOS%202016/1236.pdf HTTP/1.1" 200 472038
5.196.87.138 - - [10/Dec/2019:02:00:17 -0500] "GET /PDC/PLAN%20DE%20CONTRATACION%202012%20SDA.xlsx HTTP/1.1" 404 1018
69.162.124.232 - - [10/Dec/2019:02:00:36 -0500] "HEAD / HTTP/1.1" 200 -
66.249.64.59 - - [10/Dec/2019:02:00:59 -0500] "GET /galeria/nivo-slider/demo/images/Banner%20practicas%20sostenibles.jpg HTTP/1.1" 304 -
216.244.66.195 - - [10/Dec/2019:02:01:06 -0500] "GET /BLA/resoluciones/AUTOS%202016/1262.pdf HTTP/1.1" 200 472791
66.249.64.59 - - [10/Dec/2019:02:01:16 -0500] "GET /BLA/resoluciones/RESOLUCIONES%202011/2546.pdf HTTP/1.1" 200 761300
66.249.64.63 - - [10/Dec/2019:02:01:25 -0500] "GET /BLA/resoluciones/RESOLUCIONES%202009/6916.pdf HTTP/1.1" 200 149098
66.249.64.61 - - [10/Dec/2019:02:01:32 -0500] "GET /BLA/resoluciones/AUTOS%202015/5475.pdf HTTP/1.1" 200 531375
192.168.175.104 - - [10/Dec/2019:02:01:35 -0500] "GET / HTTP/1.0" 200 9990
66.249.64.27 - - [10/Dec/2019:02:01:44 -0500] "GET /SIG/Gesti%C3%83%C2%B3n%20Talento%20Humano/126PA01-PR07.pdf HTTP/1.1" 404 1019
66.249.64.59 - - [10/Dec/2019:02:01:56 -0500] "GET /BLA/resoluciones/AUTOS%202017/3700.pdf HTTP/1.1" 200 272106
66.249.64.59 - - [10/Dec/2019:02:02:03 -0500] "GET /BLA/resoluciones/AUTOS%202014/5382.pdf HTTP/1.1" 200 624949
66.249.64.61 - - [10/Dec/2019:02:02:11 -0500] "GET /BLA/resoluciones/AUTOS%202007/3632.pdf HTTP/1.1" 200 235649
66.249.64.59 - - [10/Dec/2019:02:02:55 -0500] "GET /BLA/resoluciones/AUTOS%202014/0397.pdf HTTP/1.1" 200 502162
213.32.122.82 - - [10/Dec/2019:02:03:03 -0500] "GET / HTTP/1.1" 200 9990
46.229.168.129 - - [10/Dec/2019:02:03:15 -0500] "GET /robots.txt HTTP/1.1" 404 1019
46.229.168.132 - - [10/Dec/2019:02:03:16 -0500] "GET /Autoliquidacion/index.php?dir=TR%C3%81MITES%2BACEITES-RESIDUOS-ESTACIONES%2F&order=desc&sort=name HTTP/1.1" 200 6642
216.244.66.195 - - [10/Dec/2019:02:03:26 -0500] "GET /BLA/resoluciones/AUTOS%202016/1622.pdf HTTP/1.1" 200 665839
190.253.129.154 - - [10/Dec/2019:02:03:42 -0500] "GET /BLA/resoluciones/RESOLUCIONES%202014/1474.pdf HTTP/1.1" 200 795707
190.253.129.154 - - [10/Dec/2019:02:03:42 -0500] "GET /favicon.ico HTTP/1.1" 200 7782
66.249.64.59 - - [10/Dec/2019:02:03:47 -0500] "GET /BLA/resoluciones/AUTOS%202014/5510.pdf HTTP/1.1" 200 799200
192.168.175.104 - - [10/Dec/2019:02:04:40 -0500] "GET / HTTP/1.1" 200 9990
66.249.64.59 - - [10/Dec/2019:02:04:42 -0500] "GET /BLA/resoluciones/AUTOS%202017/3839.pdf HTTP/1.1" 200 262094
66.249.64.59 - - [10/Dec/2019:02:05:09 -0500] "GET /BLA/resoluciones/RESOLUCIONES%202011/5019.pdf HTTP/1.1" 200 781030
66.249.64.59 - - [10/Dec/2019:02:05:34 -0500] "GET /BLA/resoluciones/AUTOS%202014/5064.pdf HTTP/1.1" 200 174466
69.162.124.232 - - [10/Dec/2019:02:05:36 -0500] "HEAD / HTTP/1.1" 200 -
66.249.64.29 - - [10/Dec/2019:02:05:41 -0500] "GET /dama/libreria/pdf/Documento_PIGA_2006.pdf HTTP/1.1" 404 1019
216.244.66.195 - - [10/Dec/2019:02:05:46 -0500] "GET /BLA/resoluciones/AUTOS%202016/1857.pdf HTTP/1.1" 200 473899
49.239.69.13 - - [10/Dec/2019:02:06:25 -0500] "GET /galeria/galeria/jquery.fancybox.css?v=2.1.5 HTTP/1.1" 200 4895
49.239.69.13 - - [10/Dec/2019:02:06:25 -0500] "GET /galeria/galeria/jquery.fancybox.js?v=2.1.5 HTTP/1.1" 200 48706
49.239.69.13 - - [10/Dec/2019:02:06:25 -0500] "GET /BLA/boletinlegal/js/jquery.scrollShow.js HTTP/1.1" 200 4586
66.249.64.59 - - [10/Dec/2019:02:06:27 -0500] "GET /BLA/resoluciones/AUTOS%202014/5790.pdf HTTP/1.1" 200 209080
54.36.150.100 - - [10/Dec/2019:02:06:30 -0500] "GET /BLA/resoluciones/index.php?dir=RESOLUCIONES+2002%2FRES+2002+1101-1150%2F HTTP/1.1" 200 12347
192.168.175.104 - - [10/Dec/2019:02:06:33 -0500] "GET / HTTP/1.0" 200 9990
66.249.64.27 - - [10/Dec/2019:02:06:40 -0500] "GET /SIG/Gesti%C3%83%C2%B3n%20Talento%20Humano/126PA01-PR23.pdf HTTP/1.1" 404 1019
66.249.64.27 - - [10/Dec/2019:02:06:55 -0500] "GET /SIG/Gesti%C3%83%C2%B3n%20Talento%20Humano/126PA01-PR25.pdf HTTP/1.1" 404 1019
66.249.64.61 - - [10/Dec/2019:02:07:11 -0500] "GET /BLA/resoluciones/AUTOS%202017/3957.pdf HTTP/1.1" 200 284381
54.36.148.221 - - [10/Dec/2019:02:07:15 -0500] "GET /BLA/resoluciones/RESOLUCIONES%202006/RES%202006%202451-2500/00002491.tif HTTP/1.1" 200 175690
40.77.167.38 - - [10/Dec/2019:02:07:31 -0500] "GET /siipev/Diseno%20de%20Elementos%20de%20Mobiliario%20Urbano/Otros%20Elementos/Infografia/Parte2/M-148.png HTTP/1.1" 200 16745
66.249.64.59 - - [10/Dec/2019:02:07:35 -0500] "GET /BLA/resoluciones/AUTOS%202015/5500.pdf HTTP/1.1" 200 477925
40.77.167.38 - - [10/Dec/2019:02:07:35 -0500] "GET /siipev/Diseno%20de%20Elementos%20de%20Mobiliario%20Urbano/Otros%20Elementos/Infografia/Parte2/M-41.PNG HTTP/1.1" 200 4709
66.249.64.27 - - [10/Dec/2019:02:07:42 -0500] "GET /SIG/Gesti%C3%83%C2%B3n%20Talento%20Humano/126PA01-PR18.pdf HTTP/1.1" 404 1019
66.249.64.52 - - [10/Dec/2019:02:08:05 -0500] "GET /robots.txt HTTP/1.1" 404 1018
66.249.64.52 - - [10/Dec/2019:02:08:05 -0500] "GET /portel_dama/libreria/pdf/ecosistemas/restauracion/sitio/22_proye/xtras_in/3a.pdf HTTP/1.1" 404 1018
216.244.66.195 - - [10/Dec/2019:02:08:07 -0500] "GET /BLA/resoluciones/AUTOS%202016/1862.pdf HTTP/1.1" 200 473396
66.249.64.59 - - [10/Dec/2019:02:08:33 -0500] "GET /portel_dama/libreria/php/2006/restauracion/55_artic/xtras/10.pdf HTTP/1.1" 404 1018
66.249.64.56 - - [10/Dec/2019:02:09:25 -0500] "GET /portel_dama/libreria/php/2006/ECOSISTEMAS%20FINAL%20web_mz27/restauracion/sitio/22_proye/xtras_in/3a.pdf HTTP/1.1" 404 1018
192.168.175.104 - - [10/Dec/2019:02:09:38 -0500] "GET / HTTP/1.1" 200 9990
54.36.150.94 - - [10/Dec/2019:02:09:47 -0500] "GET /BLA/resoluciones/RESOLUCIONES%202005/RES%202005%202801-2850/00002835.tif HTTP/1.1" 200 1083936
216.244.66.195 - - [10/Dec/2019:02:10:27 -0500] "GET /BLA/resoluciones/AUTOS%202016/2172.pdf HTTP/1.1" 200 374519
66.249.64.59 - - [10/Dec/2019:02:10:31 -0500] "GET /BLA/resoluciones/RESOLUCIONES%202009/0053.pdf HTTP/1.1" 200 224365
69.162.124.232 - - [10/Dec/2019:02:10:36 -0500] "HEAD / HTTP/1.1" 200 -
66.249.64.59 - - [10/Dec/2019:02:11:30 -0500] "GET /BLA/resoluciones/RESOLUCIONES%202010/6452.pdf HTTP/1.1" 200 77759
192.168.175.104 - - [10/Dec/2019:02:11:32 -0500] "GET / HTTP/1.0" 200 9990
216.244.66.195 - - [10/Dec/2019:02:11:36 -0500] "GET /BLA/resoluciones/AUTOS%202016/2189.pdf HTTP/1.1" 200 688043
178.63.34.189 - - [10/Dec/2019:02:11:37 -0500] "GET /robots.txt HTTP/1.1" 404 1019
178.63.34.189 - - [10/Dec/2019:02:11:38 -0500] "GET /SIG/index.php/Gestion%20Documental/126PA06-PR01%20CONTROL%20DOCUMENTOS%20SIG.pdf/Direccionamiento%20Estrategico//126PG01-PR17.pdf/ HTTP/1.1" 200 6724
178.63.34.189 - - [10/Dec/2019:02:11:40 -0500] "GET /SIG/index.php/Gestion%20Documental/126PA06-PR01%20CONTROL%20DOCUMENTOS%20SIG.pdf/Direccionamiento%20Estrategico//126PG01-PR18.pdf/ HTTP/1.1" 200 6724
178.63.34.189 - - [10/Dec/2019:02:11:42 -0500] "GET /SIG/index.php/Gestion%20Documental/126PA06-PR01%20CONTROL%20DOCUMENTOS%20SIG.pdf/ECS//126PM04-PR04.pdf/ HTTP/1.1" 200 6199
178.63.34.189 - - [10/Dec/2019:02:11:48 -0500] "GET /SIG/index.php/Gestion%20Documental/126PA06-PR01%20CONTROL%20DOCUMENTOS%20SIG.pdf/ECS//126PM04-PR05.pdf/ HTTP/1.1" 200 6199
178.63.34.189 - - [10/Dec/2019:02:11:49 -0500] "GET /SIG/index.php/Gestion%20Documental/126PA06-PR01%20CONTROL%20DOCUMENTOS%20SIG.pdf/ECS//126PM04-PR06.pdf/ HTTP/1.1" 200 6199
178.63.34.189 - - [10/Dec/2019:02:11:51 -0500] "GET /SIG/index.php/Gestion%20Documental/126PA06-PR01%20CONTROL%20DOCUMENTOS%20SIG.pdf/ECS//126PM04-PR07.pdf/ HTTP/1.1" 200 6199
178.63.34.189 - - [10/Dec/2019:02:11:53 -0500] "GET /SIG/index.php/Gestion%20Documental/126PA06-PR01%20CONTROL%20DOCUMENTOS%20SIG.pdf/ECS//126PM04-PR08.pdf/ HTTP/1.1" 200 6199
178.63.34.189 - - [10/Dec/2019:02:11:54 -0500] "GET /SIG/index.php/Gestion%20Documental/126PA06-PR01%20CONTROL%20DOCUMENTOS%20SIG.pdf/ECS//126PM04-PR09.pdf/ HTTP/1.1" 200 6199
178.63.34.189 - - [10/Dec/2019:02:11:56 -0500] "GET /SIG/index.php/Gestion%20Documental/126PA06-PR01%20CONTROL%20DOCUMENTOS%20SIG.pdf/ECS//126PM04-PR10.pdf/ HTTP/1.1" 200 6199
178.63.34.189 - - [10/Dec/2019:02:11:57 -0500] "GET /SIG/index.php/Gestion%20Documental/126PA06-PR01%20CONTROL%20DOCUMENTOS%20SIG.pdf/ECS//126PM04-PR100.pdf/ HTTP/1.1" 200 6218
178.63.34.189 - - [10/Dec/2019:02:11:59 -0500] "GET /SIG/index.php/Gestion%20Documental/126PA06-PR01%20CONTROL%20DOCUMENTOS%20SIG.pdf/ECS//126PM04-PR101.pdf/ HTTP/1.1" 200 6218
178.63.34.189 - - [10/Dec/2019:02:12:01 -0500] "GET /SIG/index.php/Gestion%20Documental/126PA06-PR01%20CONTROL%20DOCUMENTOS%20SIG.pdf/ECS//126PM04-PR103.pdf/ HTTP/1.1" 200 6218
178.63.34.189 - - [10/Dec/2019:02:12:02 -0500] "GET /SIG/index.php/Gestion%20Documental/126PA06-PR01%20CONTROL%20DOCUMENTOS%20SIG.pdf/ECS//126PM04-PR105.pdf/ HTTP/1.1" 200 6218
178.63.34.189 - - [10/Dec/2019:02:12:04 -0500] "GET /SIG/index.php/Gestion%20Documental/126PA06-PR02%20CONTROL%20REGISTROS.pdf/ECS//126PM04-PR108.pdf/ HTTP/1.1" 200 6113
178.63.34.189 - - [10/Dec/2019:02:12:06 -0500] "GET /SIG/index.php/Gestion%20Documental/126PA06-PR02%20CONTROL%20REGISTROS.pdf/ECS//126PM04-PR109.pdf/ HTTP/1.1" 200 6113
178.63.34.189 - - [10/Dec/2019:02:12:08 -0500] "GET /SIG/index.php/Gestion%20Documental/126PA06-PR02%20CONTROL%20REGISTROS.pdf/ECS//126PM04-PR11.pdf/ HTTP/1.1" 200 6094
178.63.34.189 - - [10/Dec/2019:02:12:10 -0500] "GET /SIG/index.php/Gestion%20Documental/126PA06-PR02%20CONTROL%20REGISTROS.pdf/ECS//126PM04-PR110.pdf/ HTTP/1.1" 200 6113
178.63.34.189 - - [10/Dec/2019:02:12:12 -0500] "GET /SIG/index.php/Gestion%20Documental/126PA06-PR02%20CONTROL%20REGISTROS.pdf/ECS//126PM04-PR113.pdf/ HTTP/1.1" 200 6113
178.63.34.189 - - [10/Dec/2019:02:12:14 -0500] "GET /SIG/index.php/Gestion%20Documental/126PA06-PR02%20CONTROL%20REGISTROS.pdf/ECS//126PM04-PR114.pdf/ HTTP/1.1" 200 6113
178.63.34.189 - - [10/Dec/2019:02:12:15 -0500] "GET /SIG/index.php/Gestion%20Documental/126PA06-PR02%20CONTROL%20REGISTROS.pdf/ECS//126PM04-PR13.pdf/ HTTP/1.1" 200 6094
216.244.66.195 - - [10/Dec/2019:02:12:17 -0500] "GET /BLA/resoluciones/AUTOS%202016/2733.pdf HTTP/1.1" 200 1388046
178.63.34.189 - - [10/Dec/2019:02:12:17 -0500] "GET /SIG/index.php/Gestion%20Documental/126PA06-PR02%20CONTROL%20REGISTROS.pdf/ECS//126PM04-PR35.pdf/ HTTP/1.1" 200 6094
178.63.34.189 - - [10/Dec/2019:02:12:19 -0500] "GET /SIG/index.php/Gestion%20Documental/126PA06-PR02%20CONTROL%20REGISTROS.pdf/ECS//126PM04-PR37.pdf/ HTTP/1.1" 200 6094
178.63.34.189 - - [10/Dec/2019:02:12:21 -0500] "GET /SIG/index.php/Gestion%20Documental/126PA06-PR02%20CONTROL%20REGISTROS.pdf/ECS//126PM04-PR38.pdf/ HTTP/1.1" 200 6094
178.63.34.189 - - [10/Dec/2019:02:12:22 -0500] "GET /SIG/index.php/Gestion%20Documental/126PA06-PR02%20CONTROL%20REGISTROS.pdf/ECS//126PM04-PR39.pdf/ HTTP/1.1" 200 6094
178.63.34.189 - - [10/Dec/2019:02:12:24 -0500] "GET /SIG/index.php/Gestion%20Documental/126PA06-PR02%20CONTROL%20REGISTROS.pdf/ECS//126PM04-PR40.pdf/ HTTP/1.1" 200 6094
178.63.34.189 - - [10/Dec/2019:02:12:26 -0500] "GET /SIG/index.php/Gestion%20Documental/126PA06-PR02%20CONTROL%20REGISTROS.pdf/ECS//126PM04-PR42.pdf/ HTTP/1.1" 200 6094
178.63.34.189 - - [10/Dec/2019:02:12:27 -0500] "GET /SIG/index.php/Gestion%20Documental/126PA06-PR02%20CONTROL%20REGISTROS.pdf/ECS//126PM04-PR46.pdf/ HTTP/1.1" 200 6094
178.63.34.189 - - [10/Dec/2019:02:12:29 -0500] "GET /SIG/index.php/Gestion%20Documental/126PA06-PR02%20CONTROL%20REGISTROS.pdf/ECS//126PM04-PR47.pdf/ HTTP/1.1" 200 6094
178.63.34.189 - - [10/Dec/2019:02:12:31 -0500] "GET /SIG/index.php/Gestion%20Documental/126PA06-PR02%20CONTROL%20REGISTROS.pdf/ECS//126PM04-PR48.pdf/ HTTP/1.1" 200 6094
178.63.34.189 - - [10/Dec/2019:02:12:32 -0500] "GET /SIG/index.php/Gestion%20Documental/126PA06-PR02%20CONTROL%20REGISTROS.pdf/ECS//126PM04-PR49.pdf/ HTTP/1.1" 200 6094
178.63.34.189 - - [10/Dec/2019:02:12:34 -0500] "GET /SIG/index.php/Gestion%20Documental/126PA06-PR02%20CONTROL%20REGISTROS.pdf/ECS//126PM04-PR53.pdf/ HTTP/1.1" 200 6094
178.63.34.189 - - [10/Dec/2019:02:12:36 -0500] "GET /SIG/index.php/Gestion%20Documental/126PA06-PR02%20CONTROL%20REGISTROS.pdf/ECS//126PM04-PR55.pdf/ HTTP/1.1" 200 6094
178.63.34.189 - - [10/Dec/2019:02:12:37 -0500] "GET /SIG/index.php/Gestion%20Documental/126PA06-PR02%20CONTROL%20REGISTROS.pdf/ECS//126PM04-PR56.pdf/ HTTP/1.1" 200 6094
178.63.34.189 - - [10/Dec/2019:02:12:39 -0500] "GET /SIG/index.php/Gestion%20Documental/126PA06-PR02%20CONTROL%20REGISTROS.pdf/ECS//126PM04-PR57.pdf/ HTTP/1.1" 200 6094
178.63.34.189 - - [10/Dec/2019:02:12:41 -0500] "GET /SIG/index.php/Gestion%20Documental/126PA06-PR02%20CONTROL%20REGISTROS.pdf/ECS//126PM04-PR58.pdf/ HTTP/1.1" 200 6094
178.63.34.189 - - [10/Dec/2019:02:12:42 -0500] "GET /SIG/index.php/Gestion%20Documental/126PA06-PR02%20CONTROL%20REGISTROS.pdf/ECS//126PM04-PR59.pdf/ HTTP/1.1" 200 6094
66.249.64.59 - - [10/Dec/2019:02:12:43 -0500] "GET /BLA/resoluciones/Notificaciones/AUTOS%202019/641.pdf HTTP/1.1" 200 236779
178.63.34.189 - - [10/Dec/2019:02:12:44 -0500] "GET /SIG/index.php/Gestion%20Documental/126PA06-PR02%20CONTROL%20REGISTROS.pdf/ECS//126PM04-PR60.pdf/ HTTP/1.1" 200 6094
178.63.34.189 - - [10/Dec/2019:02:12:46 -0500] "GET /SIG/index.php/Gestion%20Documental/126PA06-PR02%20CONTROL%20REGISTROS.pdf/ECS//126PM04-PR64.pdf/ HTTP/1.1" 200 6094
178.63.34.189 - - [10/Dec/2019:02:12:47 -0500] "GET /SIG/index.php/Gestion%20Documental/126PA06-PR02%20CONTROL%20REGISTROS.pdf/ECS//126PM04-PR65.pdf/ HTTP/1.1" 200 6094
178.63.34.189 - - [10/Dec/2019:02:12:49 -0500] "GET /SIG/index.php/Gestion%20Documental/126PA06-PR02%20CONTROL%20REGISTROS.pdf/ECS//126PM04-PR75.pdf/ HTTP/1.1" 200 6094
178.63.34.189 - - [10/Dec/2019:02:12:51 -0500] "GET /SIG/index.php/Gestion%20Documental/126PA06-PR02%20CONTROL%20REGISTROS.pdf/ECS//126PM04-PR76.pdf/ HTTP/1.1" 200 6094
178.63.34.189 - - [10/Dec/2019:02:12:53 -0500] "GET /SIG/index.php/Gestion%20Documental/126PA06-PR02%20CONTROL%20REGISTROS.pdf/ECS//126PM04-PR77.pdf/ HTTP/1.1" 200 6094
178.63.34.189 - - [10/Dec/2019:02:12:54 -0500] "GET /SIG/index.php/Gestion%20Documental/126PA06-PR02%20CONTROL%20REGISTROS.pdf/ECS//126PM04-PR78.pdf/ HTTP/1.1" 200 6094
178.63.34.189 - - [10/Dec/2019:02:12:56 -0500] "GET /SIG/index.php/Gestion%20Documental/126PA06-PR02%20CONTROL%20REGISTROS.pdf/ECS//126PM04-PR79.pdf/ HTTP/1.1" 200 6094
178.63.34.189 - - [10/Dec/2019:02:12:58 -0500] "GET /SIG/index.php/Gestion%20Documental/126PA06-PR02%20CONTROL%20REGISTROS.pdf/ECS//126PM04-PR80.pdf/ HTTP/1.1" 200 6094
178.63.34.189 - - [10/Dec/2019:02:12:59 -0500] "GET /SIG/index.php/Gestion%20Documental/126PA06-PR02%20CONTROL%20REGISTROS.pdf/ECS//126PM04-PR82.pdf/ HTTP/1.1" 200 6094
178.63.34.189 - - [10/Dec/2019:02:13:01 -0500] "GET /SIG/index.php/Gestion%20Documental/126PA06-PR02%20CONTROL%20REGISTROS.pdf/ECS//126PM04-PR83.pdf/ HTTP/1.1" 200 6094
178.63.34.189 - - [10/Dec/2019:02:13:03 -0500] "GET /SIG/index.php/Gestion%20Documental/126PA06-PR02%20CONTROL%20REGISTROS.pdf/ECS//126PM04-PR84.pdf/ HTTP/1.1" 200 6094
216.244.66.195 - - [10/Dec/2019:02:13:03 -0500] "GET /BLA/resoluciones/AUTOS%202016/2761.pdf HTTP/1.1" 200 396756
178.63.34.189 - - [10/Dec/2019:02:13:04 -0500] "GET /SIG/index.php/Gestion%20Documental/126PA06-PR02%20CONTROL%20REGISTROS.pdf/ECS//126PM04-PR86.pdf/ HTTP/1.1" 200 6094
178.63.34.189 - - [10/Dec/2019:02:13:06 -0500] "GET /SIG/index.php/Gestion%20Documental/126PA06-PR02%20CONTROL%20REGISTROS.pdf/ECS//126PM04-PR87.pdf/ HTTP/1.1" 200 6094
178.63.34.189 - - [10/Dec/2019:02:13:08 -0500] "GET /SIG/index.php/Gestion%20Documental/126PA06-PR02%20CONTROL%20REGISTROS.pdf/ECS//126PM04-PR88.pdf/ HTTP/1.1" 200 6094
178.63.34.189 - - [10/Dec/2019:02:13:09 -0500] "GET /SIG/index.php/Gestion%20Documental/126PA06-PR02%20CONTROL%20REGISTROS.pdf/ECS//126PM04-PR91.pdf/ HTTP/1.1" 200 6094
178.63.34.189 - - [10/Dec/2019:02:13:11 -0500] "GET /SIG/index.php/Gestion%20Documental/126PA06-PR02%20CONTROL%20REGISTROS.pdf/ECS//126PM04-PR92.pdf/ HTTP/1.1" 200 6094
178.63.34.189 - - [10/Dec/2019:02:13:13 -0500] "GET /SIG/index.php/Gestion%20Documental/126PA06-PR02%20CONTROL%20REGISTROS.pdf/ECS//126PM04-PR93.pdf/ HTTP/1.1" 200 6094
178.63.34.189 - - [10/Dec/2019:02:13:14 -0500] "GET /SIG/index.php/Gestion%20Documental/126PA06-PR02%20CONTROL%20REGISTROS.pdf/ECS//126PM04-PR94.pdf/ HTTP/1.1" 200 6094
178.63.34.189 - - [10/Dec/2019:02:13:16 -0500] "GET /SIG/index.php/Gestion%20Documental/126PA06-PR02%20CONTROL%20REGISTROS.pdf/ECS//126PM04-PR95.pdf/ HTTP/1.1" 200 6094
178.63.34.189 - - [10/Dec/2019:02:13:18 -0500] "GET /SIG/index.php/Gestion%20Documental/126PA06-PR02%20CONTROL%20REGISTROS.pdf/ECS//126PM04-PR96.pdf/ HTTP/1.1" 200 6094
178.63.34.189 - - [10/Dec/2019:02:13:19 -0500] "GET /SIG/index.php/Gestion%20Documental/126PA06-PR02%20CONTROL%20REGISTROS.pdf/ECS//126PM04-PR97.pdf/ HTTP/1.1" 200 6094
178.63.34.189 - - [10/Dec/2019:02:13:21 -0500] "GET /SIG/index.php/Gestion%20Documental/126PA06-PR02%20CONTROL%20REGISTROS.pdf/ECS//126PM04-PR98.pdf/ HTTP/1.1" 200 6094
178.63.34.189 - - [10/Dec/2019:02:13:23 -0500] "GET /SIG/index.php/Gestion%20Recursos%20Financieros/126PA02-PR02%20ACTAS%20FENECIMIENTO-PRESUPUESTO.pdf/?dir=&sort=date&order=asc/ HTTP/1.1" 200 6073
178.63.34.189 - - [10/Dec/2019:02:13:24 -0500] "GET /SIG/index.php/Gestion%20Recursos%20Financieros/126PA02-PR02%20ACTAS%20FENECIMIENTO-PRESUPUESTO.pdf/?dir=&sort=name&order=desc/ HTTP/1.1" 200 6073
178.63.34.189 - - [10/Dec/2019:02:13:26 -0500] "GET /SIG/index.php/Gestion%20Recursos%20Financieros/126PA02-PR02%20ACTAS%20FENECIMIENTO-PRESUPUESTO.pdf/?dir=&sort=size&order=asc/ HTTP/1.1" 200 6073
178.63.34.189 - - [10/Dec/2019:02:13:28 -0500] "GET /SIG/index.php/Gestion%20Recursos%20Financieros/126PA02-PR02%20ACTAS%20FENECIMIENTO-PRESUPUESTO.pdf/?dir=Comunicaciones// HTTP/1.1" 200 3628
178.63.34.189 - - [10/Dec/2019:02:13:29 -0500] "GET /SIG/index.php/Gestion%20Recursos%20Financieros/126PA02-PR02%20ACTAS%20FENECIMIENTO-PRESUPUESTO.pdf/?dir=Control%20Disciplinario// HTTP/1.1" 200 3427
66.249.64.61 - - [10/Dec/2019:02:13:30 -0500] "GET /BLA/resoluciones/AUTOS%202014/7207.pdf HTTP/1.1" 200 588841
66.249.88.23 - - [10/Dec/2019:02:13:31 -0500] "GET /galeria/mapa/humedal2017.jpg HTTP/1.1" 200 644667
178.63.34.189 - - [10/Dec/2019:02:13:31 -0500] "GET /SIG/index.php/Gestion%20Recursos%20Financieros/126PA02-PR02%20ACTAS%20FENECIMIENTO-PRESUPUESTO.pdf/?dir=Control%20Disciplinario//&sort=date&order=asc/ HTTP/1.1" 200 3426
178.63.34.189 - - [10/Dec/2019:02:13:33 -0500] "GET /SIG/index.php/Gestion%20Recursos%20Financieros/126PA02-PR02%20ACTAS%20FENECIMIENTO-PRESUPUESTO.pdf/?dir=Control%20Disciplinario//&sort=name&order=desc/ HTTP/1.1" 200 3426
178.63.34.189 - - [10/Dec/2019:02:13:35 -0500] "GET /SIG/index.php/Gestion%20Recursos%20Financieros/126PA02-PR02%20ACTAS%20FENECIMIENTO-PRESUPUESTO.pdf/?dir=Gestion%20Documental// HTTP/1.1" 200 6293
178.63.34.189 - - [10/Dec/2019:02:13:36 -0500] "GET /SIG/index.php/Gestion%20Recursos%20Financieros/126PA02-PR03%20CONSTITUCION%20RESERVAS.pdf/?dir=&sort=date&order=asc/ HTTP/1.1" 200 5902
178.63.34.189 - - [10/Dec/2019:02:13:38 -0500] "GET /SIG/index.php/Gestion%20Recursos%20Financieros/126PA02-PR03%20CONSTITUCION%20RESERVAS.pdf/?dir=&sort=name&order=desc/ HTTP/1.1" 200 5902
178.63.34.189 - - [10/Dec/2019:02:13:40 -0500] "GET /SIG/index.php/Gestion%20Recursos%20Financieros/126PA02-PR03%20CONSTITUCION%20RESERVAS.pdf/?dir=&sort=size&order=asc/ HTTP/1.1" 200 5902
178.63.34.189 - - [10/Dec/2019:02:13:41 -0500] "GET /SIG/index.php/Gestion%20Recursos%20Financieros/126PA02-PR03%20CONSTITUCION%20RESERVAS.pdf/?dir=Comunicaciones// HTTP/1.1" 200 3565
178.63.34.189 - - [10/Dec/2019:02:13:43 -0500] "GET /SIG/index.php/Gestion%20Recursos%20Financieros/126PA02-PR03%20CONSTITUCION%20RESERVAS.pdf/?dir=Control%20Disciplinario// HTTP/1.1" 200 3364
178.63.34.189 - - [10/Dec/2019:02:13:45 -0500] "GET /SIG/index.php/Gestion%20Recursos%20Financieros/126PA02-PR03%20CONSTITUCION%20RESERVAS.pdf/?dir=Control%20y%20mejora// HTTP/1.1" 200 3501
178.63.34.189 - - [10/Dec/2019:02:13:47 -0500] "GET /SIG/index.php/Gestion%20Recursos%20Financieros/126PA02-PR03%20CONSTITUCION%20RESERVAS.pdf/?dir=Direccionamiento%20Estrategico// HTTP/1.1" 200 4628
178.63.34.189 - - [10/Dec/2019:02:13:48 -0500] "GET /SIG/index.php/Gestion%20Recursos%20Financieros/126PA02-PR03%20CONSTITUCION%20RESERVAS.pdf/?dir=ECS// HTTP/1.1" 200 17274
178.63.34.189 - - [10/Dec/2019:02:13:50 -0500] "GET /SIG/index.php/Gestion%20Recursos%20Financieros/126PA02-PR03%20CONSTITUCION%20RESERVAS.pdf/?dir=Gestion%20Documental// HTTP/1.1" 200 6230
178.63.34.189 - - [10/Dec/2019:02:13:52 -0500] "GET /SIG/index.php/Gestion%20Recursos%20Financieros/126PA02-PR03%20CONSTITUCION%20RESERVAS.pdf/?dir=Gestion%20Recursos%20Financieros// HTTP/1.1" 200 9538
