66.249.88.23 - - [10/Dec/2019:02:44:56 -0500] "GET /galeria/nivo-slider/themes/default/loading.gif HTTP/1.1" 200 1737
66.249.88.25 - - [10/Dec/2019:02:44:57 -0500] "GET /galeria/nivo-slider/demo/images/diciembrecaminatas.png HTTP/1.1" 200 510724
66.249.88.23 - - [10/Dec/2019:02:44:57 -0500] "GET /galeria/nivo-slider/demo/images/Banner%20tinguas.jpg HTTP/1.1" 200 214878
66.249.88.19 - - [10/Dec/2019:02:44:57 -0500] "GET /galeria/nivo-slider/demo/images/Bannerserpiente2019.jpg HTTP/1.1" 200 270374
66.249.88.23 - - [10/Dec/2019:02:44:57 -0500] "GET /galeria/nivo-slider/demo/images/puntos%20atencion%20BANNER.jpg HTTP/1.1" 200 244208
66.249.88.25 - - [10/Dec/2019:02:44:57 -0500] "GET /galeria/nivo-slider/demo/images/Banner%20Visor%20Geografico%20Ambiental.jpg HTTP/1.1" 200 204673
66.249.88.19 - - [10/Dec/2019:02:44:57 -0500] "GET /galeria/nivo-slider/demo/images/Banner%20consumo%20sostenible%20final.jpg HTTP/1.1" 200 364746
66.249.88.19 - - [10/Dec/2019:02:44:58 -0500] "GET /galeria/nivo-slider/demo/images/Banner%20Conpes.jpg HTTP/1.1" 200 55220
66.249.88.25 - - [10/Dec/2019:02:44:58 -0500] "GET /galeria/nivo-slider/demo/images/Banner%20practicas%20sostenibles.jpg HTTP/1.1" 200 142958
66.249.88.25 - - [10/Dec/2019:02:44:58 -0500] "GET /galeria/nivo-slider/demo/images/Banner%20POT.png HTTP/1.1" 200 418238
66.249.88.23 - - [10/Dec/2019:02:44:59 -0500] "GET /galeria/nivo-slider/demo/images/Banneranonimos.png HTTP/1.1" 200 109388
66.249.64.59 - - [10/Dec/2019:02:45:00 -0500] "GET /BLA/resoluciones/RESOLUCIONES%202007/RES%202007%202301%20AL%202400/RESOLUCION%202368%20DE%202007.pdf HTTP/1.1" 200 218910
66.249.88.19 - - [10/Dec/2019:02:45:03 -0500] "GET /galeria/nivo-slider/demo/images/Banner%20RCD.jpg HTTP/1.1" 200 92197
66.249.64.30 - - [10/Dec/2019:02:45:14 -0500] "GET /portel_dama/libreria/php/2006/ECOSISTEMAS%20FINAL%20web_mz27/restauracion/sitio/55_artic/xtras/2.pdf HTTP/1.1" 404 1019
66.249.64.61 - - [10/Dec/2019:02:45:24 -0500] "GET /BLA/resoluciones/AUTOS%202014/1121.pdf HTTP/1.1" 200 334731
69.162.124.232 - - [10/Dec/2019:02:45:36 -0500] "HEAD / HTTP/1.1" 200 -
66.249.64.59 - - [10/Dec/2019:02:45:51 -0500] "GET /BLA/resoluciones/AUTOS%202014/3140.pdf HTTP/1.1" 200 142899
66.249.64.59 - - [10/Dec/2019:02:46:10 -0500] "GET /BLA/resoluciones/RESOLUCIONES%202013/2300.pdf HTTP/1.1" 200 577988
192.168.175.104 - - [10/Dec/2019:02:46:18 -0500] "GET / HTTP/1.0" 200 9990
216.244.66.195 - - [10/Dec/2019:02:46:24 -0500] "GET /BLA/resoluciones/AUTOS%202016/2813.pdf HTTP/1.1" 200 384812
66.249.64.59 - - [10/Dec/2019:02:47:20 -0500] "GET /BLA/resoluciones/RESOLUCIONES%202013/1370.pdf HTTP/1.1" 200 595438
66.249.64.59 - - [10/Dec/2019:02:47:47 -0500] "GET /BLA/resoluciones/Autos%202008/2616.pdf HTTP/1.1" 200 67492
66.249.64.59 - - [10/Dec/2019:02:47:53 -0500] "GET /BLA/resoluciones/AUTOS%202014/3880.pdf HTTP/1.1" 200 134720
216.244.66.195 - - [10/Dec/2019:02:48:44 -0500] "GET /BLA/resoluciones/AUTOS%202016/3096.pdf HTTP/1.1" 200 384591
54.36.149.6 - - [10/Dec/2019:02:48:56 -0500] "GET /BLA/resoluciones/RESOLUCIONES%202003/RES%202003%20501-550/533.tif HTTP/1.1" 200 149376
192.168.175.104 - - [10/Dec/2019:02:49:22 -0500] "GET / HTTP/1.1" 200 9990
66.249.64.59 - - [10/Dec/2019:02:49:34 -0500] "GET /BLA/boletinlegal/Directivas/2011/Directiva%20No.%201%20del%205%20de%20Abril%20de%202011.pdf HTTP/1.1" 200 971292
46.229.168.134 - - [10/Dec/2019:02:49:40 -0500] "GET /Anexos%20estudio%20Organizacional%20SDA/index.php?dir=ANEXO%2BNo.%2B7%2B-%2BPROYECTO%2BDE%2BDECRETO%2BMODIFICATORIO%2BDE%2BESTRUCTURA%2BDE%2BLA%2BSDA%2F HTTP/1.1" 200 6226
66.249.64.59 - - [10/Dec/2019:02:49:51 -0500] "GET /BLA/resoluciones/AUTOS%202011/0755.pdf HTTP/1.1" 200 178065
66.249.64.59 - - [10/Dec/2019:02:50:09 -0500] "GET /BLA/resoluciones/RESOLUCIONES%202013/1308.pdf HTTP/1.1" 200 275197
46.229.168.144 - - [10/Dec/2019:02:50:24 -0500] "GET /Autoliquidacion/index.php?dir=TR%C3%83%C2%83%C3%82%C2%81MITES%2BVERTIMIENTOS%2F&order=asc&sort=name HTTP/1.1" 200 6616
69.162.124.232 - - [10/Dec/2019:02:50:36 -0500] "HEAD / HTTP/1.1" 200 -
66.249.64.59 - - [10/Dec/2019:02:50:59 -0500] "GET /BLA/resoluciones/AUTOS%202014/2669.pdf HTTP/1.1" 200 426712
216.244.66.195 - - [10/Dec/2019:02:51:01 -0500] "GET /BLA/resoluciones/RESOLUCIONES%202011/0802.pdf HTTP/1.1" 200 517926
192.168.175.104 - - [10/Dec/2019:02:51:15 -0500] "GET / HTTP/1.0" 200 9990
66.249.64.59 - - [10/Dec/2019:02:51:32 -0500] "GET /BLA/resoluciones/AUTOS%202014/1615.pdf HTTP/1.1" 200 1733869
66.249.64.59 - - [10/Dec/2019:02:51:37 -0500] "GET /BLA/resoluciones/Autos%202008/2236.pdf HTTP/1.1" 200 189752
66.249.64.59 - - [10/Dec/2019:02:51:48 -0500] "GET /BLA/resoluciones/RESOLUCIONES%202013/1087.pdf HTTP/1.1" 200 722614
66.249.64.61 - - [10/Dec/2019:02:51:52 -0500] "GET /BLA/resoluciones/Autos%202008/1201.pdf HTTP/1.1" 200 82860
54.36.150.4 - - [10/Dec/2019:02:52:26 -0500] "GET /BLA/resoluciones/RESOLUCIONES%202002/RES%202002%201251-1301/20021270.tif HTTP/1.1" 200 90028
216.244.66.195 - - [10/Dec/2019:02:52:27 -0500] "GET /BLA/resoluciones/RESOLUCIONES%202011/1247.pdf HTTP/1.1" 200 421017
66.249.64.59 - - [10/Dec/2019:02:52:34 -0500] "GET /BLA/resoluciones/AUTOS%202014/2296.pdf HTTP/1.1" 200 724819
66.249.88.19 - - [10/Dec/2019:02:53:20 -0500] "GET /galeria/nivo-slider/demo/images/Banner%20RCD.jpg HTTP/1.1" 200 92197
66.249.88.19 - - [10/Dec/2019:02:53:22 -0500] "GET /galeria/nivo-slider/themes/default/arrows.png HTTP/1.1" 200 824
66.249.88.23 - - [10/Dec/2019:02:53:22 -0500] "GET /galeria/nivo-slider/themes/default/bullets.png HTTP/1.1" 200 1281
66.249.64.59 - - [10/Dec/2019:02:53:36 -0500] "GET /BLA/resoluciones/AUTOS%202010/1377.pdf HTTP/1.1" 200 251829
66.249.64.59 - - [10/Dec/2019:02:53:52 -0500] "GET /BLA/resoluciones/RESOLUCIONES%202010/3054.pdf HTTP/1.1" 200 490911
66.249.64.59 - - [10/Dec/2019:02:54:08 -0500] "GET /BLA/resoluciones/RESOLUCIONES%202013/2786.pdf HTTP/1.1" 200 766949
216.244.66.195 - - [10/Dec/2019:02:54:20 -0500] "GET /BLA/resoluciones/RESOLUCIONES%202011/1749.pdf HTTP/1.1" 200 519564
192.168.175.104 - - [10/Dec/2019:02:54:21 -0500] "GET / HTTP/1.1" 200 9990
66.249.64.59 - - [10/Dec/2019:02:54:22 -0500] "GET /BLA/resoluciones/RESOLUCIONES%202010/4312.pdf HTTP/1.1" 200 335607
66.249.64.59 - - [10/Dec/2019:02:54:45 -0500] "GET /BLA/resoluciones/AUTOS%202014/1263.pdf HTTP/1.1" 200 195131
216.244.66.195 - - [10/Dec/2019:02:55:03 -0500] "GET /BLA/resoluciones/RESOLUCIONES%202011/1803.pdf HTTP/1.1" 200 515384
66.249.64.63 - - [10/Dec/2019:02:55:19 -0500] "GET /BLA/resoluciones/RESOLUCIONES%202009/0228.pdf HTTP/1.1" 200 240848
66.249.64.59 - - [10/Dec/2019:02:55:34 -0500] "GET /BLA/resoluciones/AUTOS%202014/5612.pdf HTTP/1.1" 200 216687
69.162.124.232 - - [10/Dec/2019:02:55:36 -0500] "HEAD / HTTP/1.1" 200 -
66.249.64.59 - - [10/Dec/2019:02:55:41 -0500] "GET /BLA/resoluciones/AUTOS%202014/0984.pdf HTTP/1.1" 200 286283
66.249.64.59 - - [10/Dec/2019:02:55:50 -0500] "GET /BLA/resoluciones/RESOLUCIONES%202013/1123.pdf HTTP/1.1" 200 741396
66.249.64.59 - - [10/Dec/2019:02:56:00 -0500] "GET /BLA/resoluciones/AUTOS%202017/0173.pdf HTTP/1.1" 200 443017
66.249.64.59 - - [10/Dec/2019:02:56:08 -0500] "GET /BLA/resoluciones/RESOLUCIONES%202013/1386.pdf HTTP/1.1" 200 692615
192.168.175.104 - - [10/Dec/2019:02:56:13 -0500] "GET / HTTP/1.0" 200 9990
66.249.64.61 - - [10/Dec/2019:02:56:21 -0500] "GET /BLA/resoluciones/AUTOS%202014/7069.pdf HTTP/1.1" 200 607209
186.113.10.19 - - [10/Dec/2019:02:57:37 -0500] "GET /galeria/nivo-slider/demo/images/Banner%20llantaton%202019.jpg HTTP/1.1" 304 -
66.249.64.59 - - [10/Dec/2019:02:58:09 -0500] "GET /BLA/resoluciones/AUTOS%202014/5976.pdf HTTP/1.1" 200 494241
66.249.64.59 - - [10/Dec/2019:02:58:39 -0500] "GET /BLA/resoluciones/AUTOS%202013/3342.pdf HTTP/1.1" 200 845092
216.244.66.195 - - [10/Dec/2019:02:58:41 -0500] "GET /robots.txt HTTP/1.1" 404 1018
66.249.64.59 - - [10/Dec/2019:02:58:58 -0500] "GET /BLA/resoluciones/RESOLUCIONES%202013/1403.pdf HTTP/1.1" 200 726389
192.168.175.104 - - [10/Dec/2019:02:59:19 -0500] "GET / HTTP/1.1" 200 9990
66.249.64.61 - - [10/Dec/2019:02:59:33 -0500] "GET /galeria/mapa/Montana-Entrenubes.jpg HTTP/1.1" 304 -
66.249.64.61 - - [10/Dec/2019:02:59:59 -0500] "GET /BLA/resoluciones/AUTOS%202014/1612.pdf HTTP/1.1" 200 255142
66.249.64.63 - - [10/Dec/2019:03:00:19 -0500] "GET /BLA/resoluciones/AUTOS%202015/0225.pdf HTTP/1.1" 200 166716
66.249.64.61 - - [10/Dec/2019:03:00:29 -0500] "GET /BLA/resoluciones/AUTOS%202010/6257.pdf HTTP/1.1" 200 376253
66.249.64.59 - - [10/Dec/2019:03:00:36 -0500] "GET /BLA/resoluciones/RESOLUCIONES%202011/2281.pdf HTTP/1.1" 200 89893
69.162.124.232 - - [10/Dec/2019:03:00:36 -0500] "HEAD / HTTP/1.1" 200 -
66.249.64.59 - - [10/Dec/2019:03:00:42 -0500] "GET /BLA/resoluciones/RESOLUCIONES%202010/5631.pdf HTTP/1.1" 200 2727501
66.249.64.61 - - [10/Dec/2019:03:00:50 -0500] "GET /BLA/resoluciones/RESOLUCIONES%202013/1893.pdf HTTP/1.1" 200 351067
66.249.64.52 - - [10/Dec/2019:03:01:03 -0500] "GET /portel_dama/libreria/php/2006/ECOSISTEMAS%20FINAL%20web_mz27/restauracion/sitio/22_proye/xtras_in/4.pdf HTTP/1.1" 404 1018
66.249.64.59 - - [10/Dec/2019:03:01:10 -0500] "GET /BLA/resoluciones/Autos%202008/1131.pdf HTTP/1.1" 200 67374
192.168.175.104 - - [10/Dec/2019:03:01:10 -0500] "GET / HTTP/1.0" 200 9990
66.249.64.61 - - [10/Dec/2019:03:01:17 -0500] "GET /BLA/resoluciones/AUTOS%202014/5869.pdf HTTP/1.1" 200 134301
54.36.150.39 - - [10/Dec/2019:03:01:29 -0500] "GET /BLA/resoluciones/RESOLUCIONES%202004/RES%202004%20201-250/00000207.tif HTTP/1.1" 200 108430
66.249.64.59 - - [10/Dec/2019:03:01:29 -0500] "GET /BLA/resoluciones/AUTOS%202010/6420.pdf HTTP/1.1" 200 416307
66.249.64.59 - - [10/Dec/2019:03:02:16 -0500] "GET /BLA/resoluciones/RESOLUCIONES%202011/1806.pdf HTTP/1.1" 200 479052
66.249.64.59 - - [10/Dec/2019:03:02:37 -0500] "GET /BLA/resoluciones/AUTOS%202014/4566.pdf HTTP/1.1" 200 236791
66.249.64.59 - - [10/Dec/2019:03:02:59 -0500] "GET /BLA/resoluciones/RESOLUCIONES%202013/1557.pdf HTTP/1.1" 200 1215062
40.77.167.38 - - [10/Dec/2019:03:03:04 -0500] "GET /BLA/boletinlegal/Circulares/2011/Circular%20No.%204%20del%2012%20de%20Agosto%20de%202011.pdf HTTP/1.1" 304 -
66.249.64.61 - - [10/Dec/2019:03:03:05 -0500] "GET /BLA/resoluciones/AUTOS%202016/1026.pdf HTTP/1.1" 200 541135
66.249.64.59 - - [10/Dec/2019:03:03:13 -0500] "GET /BLA/resoluciones/AUTOS%202014/2317.pdf HTTP/1.1" 200 273429
66.249.64.59 - - [10/Dec/2019:03:03:23 -0500] "GET /BLA/resoluciones/AUTOS%202015/0631.pdf HTTP/1.1" 200 492635
66.249.64.59 - - [10/Dec/2019:03:03:25 -0500] "GET /BLA/resoluciones/AUTOS%202014/5682.pdf HTTP/1.1" 200 122213
66.249.64.59 - - [10/Dec/2019:03:03:27 -0500] "GET /resoluciones/RESOLUCIONES%202009/1148.pdf HTTP/1.1" 404 1018
66.249.64.59 - - [10/Dec/2019:03:03:30 -0500] "GET /BLA/resoluciones/RESOLUCIONES%202013/1066.pdf HTTP/1.1" 200 850470
66.249.64.59 - - [10/Dec/2019:03:03:34 -0500] "GET /BLA/resoluciones/RESOLUCIONES%202013/0935.pdf HTTP/1.1" 200 495687
66.249.64.59 - - [10/Dec/2019:03:03:37 -0500] "GET /BLA/resoluciones/RESOLUCIONES%202013/1373.pdf HTTP/1.1" 200 617451
66.249.64.59 - - [10/Dec/2019:03:03:40 -0500] "GET /BLA/resoluciones/RESOLUCIONES%202013/0176.pdf HTTP/1.1" 200 488319
66.249.64.61 - - [10/Dec/2019:03:03:46 -0500] "GET /BLA/resoluciones/AUTOS%202011/3980.pdf HTTP/1.1" 200 867152
66.249.64.61 - - [10/Dec/2019:03:04:00 -0500] "GET /BLA/resoluciones/RESOLUCIONES%202013/2743.pdf HTTP/1.1" 200 531815
66.249.64.61 - - [10/Dec/2019:03:04:07 -0500] "GET /BLA/resoluciones/RESOLUCIONES%202010/6267.pdf HTTP/1.1" 200 71589
66.249.64.179 - - [10/Dec/2019:03:04:15 -0500] "GET /phpold/AjaxPhpCode/PDFs/Ajax_Chat_and_JSON.pdf HTTP/1.1" 404 1015
192.168.175.104 - - [10/Dec/2019:03:04:17 -0500] "GET / HTTP/1.1" 200 9990
66.249.64.61 - - [10/Dec/2019:03:04:21 -0500] "GET /BLA/resoluciones/RESOLUCIONES%202013/1126.pdf HTTP/1.1" 200 721113
66.249.64.59 - - [10/Dec/2019:03:04:29 -0500] "GET /BLA/resoluciones/RESOLUCIONES%202013/1338.pdf HTTP/1.1" 200 621525
66.249.64.61 - - [10/Dec/2019:03:04:44 -0500] "GET /BLA/resoluciones/AUTOS%202014/0976.pdf HTTP/1.1" 200 356237
54.172.243.14 - - [10/Dec/2019:03:04:44 -0500] "GET /silvicultura/12.pdf HTTP/1.1" 200 135979
66.249.64.59 - - [10/Dec/2019:03:04:51 -0500] "GET /BLA/resoluciones/AUTOS%202014/1568.pdf HTTP/1.1" 200 793979
66.249.64.61 - - [10/Dec/2019:03:05:13 -0500] "GET /BLA/resoluciones/AUTOS%202007/0537.pdf HTTP/1.1" 200 253221
66.249.64.61 - - [10/Dec/2019:03:05:20 -0500] "GET /BLA/resoluciones/AUTOS%202014/5875.pdf HTTP/1.1" 200 138516
66.249.64.59 - - [10/Dec/2019:03:05:27 -0500] "GET /BLA/boletinlegal/Circulares/2010/Circular%2006%20de%208%20de%20septiembre%20de%202010.pdf HTTP/1.1" 200 4657752
66.249.64.61 - - [10/Dec/2019:03:05:33 -0500] "GET /BLA/resoluciones/AUTOS%202014/4223.pdf HTTP/1.1" 200 312740
69.162.124.232 - - [10/Dec/2019:03:05:36 -0500] "HEAD / HTTP/1.1" 200 -
66.249.64.59 - - [10/Dec/2019:03:05:40 -0500] "GET /BLA/resoluciones/RESOLUCIONES%202013/1673.pdf HTTP/1.1" 200 738233
66.249.64.59 - - [10/Dec/2019:03:05:45 -0500] "GET /BLA/resoluciones/AUTOS%202014/1134.pdf HTTP/1.1" 200 340623
66.249.64.63 - - [10/Dec/2019:03:05:50 -0500] "GET /BLA/resoluciones/RESOLUCIONES%202013/1364.pdf HTTP/1.1" 200 664571
66.249.64.36 - - [10/Dec/2019:03:05:59 -0500] "GET /BLA/resoluciones/AUTOS%202014/1545.pdf HTTP/1.1" 200 807214
66.249.64.47 - - [10/Dec/2019:03:06:07 -0500] "GET /BLA/resoluciones/AUTOS%202014/1748.pdf HTTP/1.1" 200 312770
192.168.175.104 - - [10/Dec/2019:03:06:08 -0500] "GET / HTTP/1.0" 200 9990
66.249.64.59 - - [10/Dec/2019:03:06:14 -0500] "GET /BLA/resoluciones/RESOLUCIONES%202013/1404.pdf HTTP/1.1" 200 698448
66.249.64.61 - - [10/Dec/2019:03:06:25 -0500] "GET /BLA/resoluciones/RESOLUCIONES%202010/6645.pdf HTTP/1.1" 200 359819
66.249.64.63 - - [10/Dec/2019:03:06:38 -0500] "GET /BLA/resoluciones/RESOLUCIONES%202013/1345.pdf HTTP/1.1" 200 530778
66.249.64.59 - - [10/Dec/2019:03:07:05 -0500] "GET /BLA/resoluciones/Autos%202008/2124.pdf HTTP/1.1" 200 101050
66.249.64.59 - - [10/Dec/2019:03:07:12 -0500] "GET /BLA/resoluciones/AUTOS%202014/5656.pdf HTTP/1.1" 200 125557
66.249.64.59 - - [10/Dec/2019:03:07:19 -0500] "GET /BLA/resoluciones/RESOLUCIONES%202013/1060.pdf HTTP/1.1" 200 812152
54.36.150.122 - - [10/Dec/2019:03:07:31 -0500] "GET /BLA/resoluciones/RESOLUCIONES%202002/RES%202002%201001-1050/2002RES1005.tif HTTP/1.1" 200 309638
66.249.64.59 - - [10/Dec/2019:03:07:33 -0500] "GET /BLA/resoluciones/AUTOS%202014/5978.pdf HTTP/1.1" 200 280792
66.249.64.59 - - [10/Dec/2019:03:07:40 -0500] "GET /BLA/resoluciones/RESOLUCIONES%202013/1312.pdf HTTP/1.1" 200 3109569
66.249.64.63 - - [10/Dec/2019:03:07:46 -0500] "GET /BLA/resoluciones/AUTOS%202014/1523.pdf HTTP/1.1" 200 453724
66.249.64.63 - - [10/Dec/2019:03:07:53 -0500] "GET /BLA/resoluciones/RESOLUCIONES%202013/1302.pdf HTTP/1.1" 200 737743
66.249.64.59 - - [10/Dec/2019:03:08:01 -0500] "GET /BLA/resoluciones/RESOLUCIONES%202007/RES%202007%202301%20AL%202400/RESOLUCION%202345%20DE%202007.pdf HTTP/1.1" 200 239096
66.249.64.63 - - [10/Dec/2019:03:08:08 -0500] "GET /BLA/resoluciones/RESOLUCIONES%202013/1379.pdf HTTP/1.1" 200 585823
66.249.64.63 - - [10/Dec/2019:03:08:28 -0500] "GET /BLA/resoluciones/RESOLUCIONES%202013/1360.pdf HTTP/1.1" 200 679478
66.249.64.59 - - [10/Dec/2019:03:08:46 -0500] "GET /BLA/resoluciones/RESOLUCIONES%202013/2538.pdf HTTP/1.1" 200 668249
46.229.168.132 - - [10/Dec/2019:03:08:51 -0500] "GET /robots.txt HTTP/1.1" 404 1019
46.229.168.140 - - [10/Dec/2019:03:08:51 -0500] "GET /Autoliquidacion/index.php?dir=Solicitudes%2Brelacionadas%2Bcon%2Bcalidad%2Bdel%2Baire%2Bauditiva%2By%2Bvisual%2F&order=asc&sort=date HTTP/1.1" 200 6721
66.249.64.59 - - [10/Dec/2019:03:08:57 -0500] "GET /BLA/resoluciones/RESOLUCIONES%202007/RES%202007%202401%20AL%202500/RESOLUCION%202446%20%20DE%202007.pdf HTTP/1.1" 200 692368
66.249.64.61 - - [10/Dec/2019:03:09:10 -0500] "GET /BLA/resoluciones/AUTOS%202014/6157.pdf HTTP/1.1" 200 159710
192.168.175.104 - - [10/Dec/2019:03:09:15 -0500] "GET / HTTP/1.1" 200 9990
66.249.64.59 - - [10/Dec/2019:03:09:17 -0500] "GET /BLA/resoluciones/RESOLUCIONES%202013/1516.pdf HTTP/1.1" 200 766250
66.249.64.59 - - [10/Dec/2019:03:09:34 -0500] "GET /BLA/resoluciones/RESOLUCIONES%202013/2800.pdf HTTP/1.1" 200 653453
66.249.64.59 - - [10/Dec/2019:03:09:45 -0500] "GET /BLA/resoluciones/AUTOS%202010/1457.pdf HTTP/1.1" 200 200489
66.249.64.59 - - [10/Dec/2019:03:10:05 -0500] "GET /BLA/resoluciones/RESOLUCIONES%202007/RES%202007%202401%20AL%202500/RESOLUCION%202467%20DE%202007.pdf HTTP/1.1" 200 399289
66.249.64.59 - - [10/Dec/2019:03:10:26 -0500] "GET /BLA/resoluciones/RESOLUCIONES%202010/4970.pdf HTTP/1.1" 200 263181
69.162.124.232 - - [10/Dec/2019:03:10:36 -0500] "HEAD / HTTP/1.1" 200 -
66.249.64.57 - - [10/Dec/2019:03:10:44 -0500] "GET /BLA/resoluciones/AUTOS%202014/1613.pdf HTTP/1.1" 200 265568
66.249.64.59 - - [10/Dec/2019:03:10:54 -0500] "GET /BLA/resoluciones/AUTOS%202014/2785.pdf HTTP/1.1" 200 2328617
66.249.64.59 - - [10/Dec/2019:03:10:57 -0500] "GET /BLA/resoluciones/Autos%202008/0298.pdf HTTP/1.1" 200 95715
66.249.64.59 - - [10/Dec/2019:03:11:00 -0500] "GET /BLA/resoluciones/AUTOS%202014/6162.pdf HTTP/1.1" 200 4967264
216.244.66.195 - - [10/Dec/2019:03:11:02 -0500] "GET /BLA/resoluciones/RESOLUCIONES%202019/1780.pdf HTTP/1.1" 200 321587
66.249.64.59 - - [10/Dec/2019:03:11:05 -0500] "GET /BLA/resoluciones/RESOLUCIONES%202013/2454.pdf HTTP/1.1" 200 441003
192.168.175.104 - - [10/Dec/2019:03:11:07 -0500] "GET / HTTP/1.0" 200 9990
66.249.64.59 - - [10/Dec/2019:03:11:07 -0500] "GET /BLA/resoluciones/AUTOS%202014/1908.pdf HTTP/1.1" 200 345781
216.244.66.195 - - [10/Dec/2019:03:11:07 -0500] "GET /BLA/resoluciones/RESOLUCIONES%202019/1822.pdf HTTP/1.1" 200 287623
66.249.64.33 - - [10/Dec/2019:03:11:12 -0500] "GET /BLA/resoluciones/RESOLUCIONES%202013/2628.pdf HTTP/1.1" 200 438834
186.85.82.120 - - [10/Dec/2019:03:11:14 -0500] "GET /BLA/resoluciones/AUTOS%202009/0408.pdf HTTP/1.1" 200 107811
201.160.140.27 - - [10/Dec/2019:03:11:24 -0500] "GET /galeria/galeria/jquery.fancybox.css?v=2.1.5 HTTP/1.1" 200 4895
201.160.140.27 - - [10/Dec/2019:03:11:24 -0500] "GET /BLA/boletinlegal/js/jquery.scrollShow.js HTTP/1.1" 200 4586
201.160.140.27 - - [10/Dec/2019:03:11:24 -0500] "GET /galeria/galeria/jquery.fancybox.js?v=2.1.5 HTTP/1.1" 200 48706
66.249.64.59 - - [10/Dec/2019:03:13:11 -0500] "GET /BLA/resoluciones/AUTOS%202014/1129.pdf HTTP/1.1" 200 373342
66.249.64.63 - - [10/Dec/2019:03:13:21 -0500] "GET /BLA/resoluciones/AUTOS%202010/5129.pdf HTTP/1.1" 200 337310
66.249.64.61 - - [10/Dec/2019:03:13:35 -0500] "GET /BLA/resoluciones/RESOLUCIONES%202010/4136.pdf HTTP/1.1" 200 491313
192.168.175.104 - - [10/Dec/2019:03:14:13 -0500] "GET / HTTP/1.1" 200 9990
66.249.64.61 - - [10/Dec/2019:03:14:26 -0500] "GET /BLA/resoluciones/RESOLUCIONES%202013/1101.pdf HTTP/1.1" 200 369241
66.249.64.59 - - [10/Dec/2019:03:14:33 -0500] "GET /BLA/resoluciones/AUTOS%202014/5639.pdf HTTP/1.1" 200 192917
69.162.124.232 - - [10/Dec/2019:03:15:36 -0500] "HEAD / HTTP/1.1" 200 -
192.168.175.104 - - [10/Dec/2019:03:16:06 -0500] "GET / HTTP/1.0" 200 9990
66.249.64.59 - - [10/Dec/2019:03:16:14 -0500] "GET /BLA/resoluciones/RESOLUCIONES%202013/1082.pdf HTTP/1.1" 200 730240
201.245.192.253 - - [10/Dec/2019:03:16:56 -0500] "POST /kwsrmcab/Wsrmcab HTTP/1.1" 200 29180
201.245.192.253 - - [10/Dec/2019:03:16:57 -0500] "POST /kwsrmcab/Wsrmcab HTTP/1.1" 200 29021
216.244.66.197 - - [10/Dec/2019:03:17:30 -0500] "GET /Anexos%20estudio%20Organizacional%20SDA/index.php?dir=ANEXO+No.+1-+NORMAS+LEGALES+DE+ESTRUCTURA+Y+PLANTA%2FRESE%D1A+HIST%D3RICA+SDA-NORMAS%2FDecreto+561+de+2006+-+Establece+estructura+de+la+SDA.jsp_files%2F HTTP/1.1" 200 11785
40.77.167.157 - - [10/Dec/2019:03:17:37 -0500] "GET /BLA/boletinlegal/Circulares/2011/Circular%20No.%208%20del%2020%20de%20Septiembre%20de%202011.pdf HTTP/1.1" 200 285158
201.245.192.253 - - [10/Dec/2019:03:17:28 -0500] "POST /kwsrmcab/Wsrmcab HTTP/1.1" 200 29180
66.249.64.59 - - [10/Dec/2019:03:18:27 -0500] "GET /BLA/resoluciones/RESOLUCIONES%202013/1382.pdf HTTP/1.1" 200 681309
190.250.53.76 - - [10/Dec/2019:03:18:28 -0500] "GET /BLA/boletinlegal/js/jquery.scrollShow.js HTTP/1.1" 200 4586
190.250.53.76 - - [10/Dec/2019:03:18:28 -0500] "GET /galeria/galeria/jquery.fancybox.css?v=2.1.5 HTTP/1.1" 200 4895
190.250.53.76 - - [10/Dec/2019:03:18:28 -0500] "GET /galeria/galeria/jquery.fancybox.js?v=2.1.5 HTTP/1.1" 200 48706
190.250.53.76 - - [10/Dec/2019:03:18:29 -0500] "GET /galeria/carrusel/Carrusel/jquery.thumbnailScroller.css HTTP/1.1" 200 2066
190.250.53.76 - - [10/Dec/2019:03:18:29 -0500] "GET /galeria/carrusel/Carrusel/jquery-ui-1.8.13.custom.min.js HTTP/1.1" 200 10800
190.250.53.76 - - [10/Dec/2019:03:18:29 -0500] "GET /galeria/carrusel/Carrusel/jquery.thumbnailScroller.js HTTP/1.1" 200 8157
190.250.53.76 - - [10/Dec/2019:03:18:29 -0500] "GET /galeria/nivo-slider/demo/inicio.html HTTP/1.1" 200 4350
190.250.53.76 - - [10/Dec/2019:03:18:30 -0500] "GET /galeria/nivo-slider/themes/default/default.css HTTP/1.1" 200 1569
190.250.53.76 - - [10/Dec/2019:03:18:30 -0500] "GET /galeria/nivo-slider/themes/pascal/pascal.css HTTP/1.1" 200 2258
190.250.53.76 - - [10/Dec/2019:03:18:30 -0500] "GET /galeria/nivo-slider/themes/orman/orman.css HTTP/1.1" 200 2152
190.250.53.76 - - [10/Dec/2019:03:18:30 -0500] "GET /galeria/nivo-slider/nivo-slider.css HTTP/1.1" 200 1507
190.250.53.76 - - [10/Dec/2019:03:18:30 -0500] "GET /galeria/nivo-slider/demo/style.css HTTP/1.1" 200 2222
190.250.53.76 - - [10/Dec/2019:03:18:30 -0500] "GET /galeria/nivo-slider/demo/images/Bannercalculadora.jpg HTTP/1.1" 200 313099
190.250.53.76 - - [10/Dec/2019:03:18:30 -0500] "GET /galeria/nivo-slider/demo/scripts/jquery-1.7.1.min.js HTTP/1.1" 200 93868
190.250.53.76 - - [10/Dec/2019:03:18:30 -0500] "GET /galeria/nivo-slider/demo/images/bannerwebmusgo.jpg HTTP/1.1" 200 367364
190.250.53.76 - - [10/Dec/2019:03:18:30 -0500] "GET /galeria/nivo-slider/jquery.nivo.slider.pack.js HTTP/1.1" 200 11561
190.250.53.76 - - [10/Dec/2019:03:18:30 -0500] "GET /galeria/nivo-slider/demo/images/banneragendamiento.jpg HTTP/1.1" 200 116897
190.250.53.76 - - [10/Dec/2019:03:18:30 -0500] "GET /galeria/nivo-slider/demo/images/banneriniciativa.jpg HTTP/1.1" 200 200385
190.250.53.76 - - [10/Dec/2019:03:18:30 -0500] "GET /galeria/nivo-slider/demo/images/diciembrecaminatas.png HTTP/1.1" 200 510724
190.250.53.76 - - [10/Dec/2019:03:18:35 -0500] "GET /galeria/nivo-slider/themes/default/loading.gif HTTP/1.1" 200 1737
190.250.53.76 - - [10/Dec/2019:03:18:35 -0500] "GET /galeria/nivo-slider/demo/images/4Simple_Slider.png HTTP/1.1" 200 11722
190.250.53.76 - - [10/Dec/2019:03:18:36 -0500] "GET /galeria/nivo-slider/demo/images/Banner%20tinguas.jpg HTTP/1.1" 200 214878
190.250.53.76 - - [10/Dec/2019:03:18:36 -0500] "GET /galeria/nivo-slider/demo/images/Bannerserpiente2019.jpg HTTP/1.1" 200 270374
190.250.53.76 - - [10/Dec/2019:03:18:38 -0500] "GET /galeria/nivo-slider/demo/images/puntos%20atencion%20BANNER.jpg HTTP/1.1" 200 244208
190.250.53.76 - - [10/Dec/2019:03:18:39 -0500] "GET /galeria/nivo-slider/demo/images/Banner%20Visor%20Geografico%20Ambiental.jpg HTTP/1.1" 200 204673
190.250.53.76 - - [10/Dec/2019:03:18:40 -0500] "GET /galeria/nivo-slider/demo/images/Banner%20consumo%20sostenible%20final.jpg HTTP/1.1" 200 364746
190.250.53.76 - - [10/Dec/2019:03:18:40 -0500] "GET /galeria/nivo-slider/demo/images/Banner%20RCD.jpg HTTP/1.1" 200 92197
190.250.53.76 - - [10/Dec/2019:03:18:41 -0500] "GET /galeria/nivo-slider/demo/images/Banner%20Conpes.jpg HTTP/1.1" 200 55220
190.250.53.76 - - [10/Dec/2019:03:18:41 -0500] "GET /galeria/nivo-slider/demo/images/Banner%20practicas%20sostenibles.jpg HTTP/1.1" 200 142958
190.250.53.76 - - [10/Dec/2019:03:18:42 -0500] "GET /galeria/nivo-slider/demo/images/Banner%20POT.png HTTP/1.1" 200 418238
190.250.53.76 - - [10/Dec/2019:03:18:42 -0500] "GET /galeria/nivo-slider/demo/images/Banneranonimos.png HTTP/1.1" 200 109388
66.249.64.59 - - [10/Dec/2019:03:18:55 -0500] "GET /BLA/resoluciones/AUTOS%202014/5575.pdf HTTP/1.1" 200 442097
66.249.64.59 - - [10/Dec/2019:03:19:01 -0500] "GET /BLA/resoluciones/RESOLUCIONES%202011/4337.pdf HTTP/1.1" 200 577728
192.168.175.104 - - [10/Dec/2019:03:19:11 -0500] "GET / HTTP/1.1" 200 9990
66.249.64.61 - - [10/Dec/2019:03:19:13 -0500] "GET /BLA/resoluciones/AUTOS%202014/2007.pdf HTTP/1.1" 200 413665
54.36.148.248 - - [10/Dec/2019:03:20:08 -0500] "GET /BLA/resoluciones/RESOLUCIONES%202006/RES%202006%202601-2650/00002647.tif HTTP/1.1" 200 52154
69.162.124.232 - - [10/Dec/2019:03:20:36 -0500] "HEAD / HTTP/1.1" 200 -
54.36.150.79 - - [10/Dec/2019:03:20:52 -0500] "GET /BLA/resoluciones/RESOLUCIONES%202002/RES%202002%20401-450/00000418.tif HTTP/1.1" 200 58854
192.168.175.104 - - [10/Dec/2019:03:21:02 -0500] "GET / HTTP/1.0" 200 9990
54.36.150.109 - - [10/Dec/2019:03:21:06 -0500] "GET /BLA/resoluciones/RESOLUCIONES%202002/RES%202002%201351-1400/20021384.tif HTTP/1.1" 200 39694
66.249.64.59 - - [10/Dec/2019:03:21:32 -0500] "GET /BLA/resoluciones/RESOLUCIONES%202010/5622.pdf HTTP/1.1" 200 2767156
54.36.148.233 - - [10/Dec/2019:03:21:46 -0500] "GET /BLA/resoluciones/RESOLUCIONES%202002/RES%202002%201151-1200/20021172.tif HTTP/1.1" 200 102982
54.36.148.173 - - [10/Dec/2019:03:22:24 -0500] "GET /BLA/resoluciones/index.php?dir=RESOLUCIONES+2005%2FRES+2005+901-950%2F HTTP/1.1" 200 12245
54.36.150.53 - - [10/Dec/2019:03:22:43 -0500] "GET /BLA/resoluciones/RESOLUCIONES%202005/RES%202005%201101-1150/00001113.tif HTTP/1.1" 200 136830
66.249.64.59 - - [10/Dec/2019:03:23:44 -0500] "GET /BLA/resoluciones/RESOLUCIONES%202007/RES%202007%20901%20AL%201000/RESOLUCION%200959%20DE%202007.pdf HTTP/1.1" 200 25507
192.168.175.104 - - [10/Dec/2019:03:24:09 -0500] "GET / HTTP/1.1" 200 9990
66.249.64.63 - - [10/Dec/2019:03:24:32 -0500] "GET /BLA/resoluciones/RESOLUCIONES%202013/1081.pdf HTTP/1.1" 200 756447
66.249.64.61 - - [10/Dec/2019:03:24:53 -0500] "GET /BLA/resoluciones/RESOLUCIONES%202013/1057.pdf HTTP/1.1" 200 754423
66.249.64.59 - - [10/Dec/2019:03:25:20 -0500] "GET /BLA/resoluciones/RESOLUCIONES%202013/1381.pdf HTTP/1.1" 200 640578
69.162.124.232 - - [10/Dec/2019:03:25:36 -0500] "HEAD / HTTP/1.1" 200 -
192.168.175.104 - - [10/Dec/2019:03:26:02 -0500] "GET / HTTP/1.0" 200 9990
66.249.64.57 - - [10/Dec/2019:03:27:09 -0500] "GET /BLA/resoluciones/AUTOS%202015/2216.pdf HTTP/1.1" 200 783068
186.113.10.19 - - [10/Dec/2019:03:27:11 -0500] "GET /galeria/nivo-slider/demo/images/bannercapaclimasostenible.jpg HTTP/1.1" 304 -
201.245.192.253 - - [10/Dec/2019:03:26:56 -0500] "POST /kwsrmcab/Wsrmcab HTTP/1.1" 200 29021
207.46.13.137 - - [10/Dec/2019:03:28:02 -0500] "GET /catalogoisis/imagenes/br3c2.gif HTTP/1.1" 200 285
192.168.175.104 - - [10/Dec/2019:03:29:08 -0500] "GET / HTTP/1.1" 200 9990
66.249.64.59 - - [10/Dec/2019:03:29:26 -0500] "GET /BLA/resoluciones/RESOLUCIONES%202013/1393.pdf HTTP/1.1" 200 692718
69.162.124.232 - - [10/Dec/2019:03:30:36 -0500] "HEAD / HTTP/1.1" 200 -
192.168.175.104 - - [10/Dec/2019:03:31:00 -0500] "GET / HTTP/1.0" 200 9990
151.80.39.75 - - [10/Dec/2019:03:31:05 -0500] "GET /transparencia/financiera/Presupuesto/Historico HTTP/1.1" 301 341
66.249.64.45 - - [10/Dec/2019:03:31:14 -0500] "GET /BLA/resoluciones/RESOLUCIONES%202010/0122.pdf HTTP/1.1" 200 383487
66.249.64.59 - - [10/Dec/2019:03:31:40 -0500] "GET /BLA/resoluciones/AUTOS%202014/5860.pdf HTTP/1.1" 200 111969
66.249.64.59 - - [10/Dec/2019:03:32:14 -0500] "GET /BLA/resoluciones/Notificaciones/RESOLUCIONES%202019/2060.pdf HTTP/1.1" 200 921796
151.80.39.206 - - [10/Dec/2019:03:32:24 -0500] "GET /transparencia/financiera/Presupuesto/Historico/EJECUCION%20%20VIGENCIA%20DICIEMBRE%202009.pdf HTTP/1.1" 200 334868
151.80.39.48 - - [10/Dec/2019:03:33:01 -0500] "GET /transparencia/financiera/Presupuesto/Historico/EJECUCION%20%20VIGENCIA%20DICIEMBRE%202010.pdf HTTP/1.1" 200 330306
66.249.64.59 - - [10/Dec/2019:03:34:00 -0500] "GET /BLA/resoluciones/RESOLUCIONES%202013/1363.pdf HTTP/1.1" 200 668317
192.168.175.104 - - [10/Dec/2019:03:34:06 -0500] "GET / HTTP/1.1" 200 9990
54.36.150.113 - - [10/Dec/2019:03:34:15 -0500] "GET /BLA/resoluciones/RESOLUCIONES%202003/RES%202003%20801-850/809.tif HTTP/1.1" 200 210512
66.249.64.59 - - [10/Dec/2019:03:34:33 -0500] "GET /BLA/resoluciones/RESOLUCIONES%202013/1347.pdf HTTP/1.1" 200 611083
151.80.39.75 - - [10/Dec/2019:03:34:38 -0500] "GET /transparencia/financiera/Presupuesto/Historico/EJECUCION%20%20VIGENCIA%20DICIEMBRE%202011.pdf HTTP/1.1" 200 303933
69.162.124.232 - - [10/Dec/2019:03:35:36 -0500] "HEAD / HTTP/1.1" 200 -
5.196.87.126 - - [10/Dec/2019:03:35:47 -0500] "GET /transparencia/financiera/Presupuesto/Historico/EJECUCION%20%20VIGENCIA%20DICIEMBRE%202012.pdf HTTP/1.1" 200 358007
192.168.175.104 - - [10/Dec/2019:03:35:58 -0500] "GET / HTTP/1.0" 200 9990
66.249.64.59 - - [10/Dec/2019:03:36:11 -0500] "GET /BLA/resoluciones/RESOLUCIONES%202009/4749.pdf HTTP/1.1" 200 812457
151.80.39.206 - - [10/Dec/2019:03:36:46 -0500] "GET /transparencia/financiera/Presupuesto/Historico/EJECUCION%20%20VIGENCIA%20DICIEMBRE%202013.pdf HTTP/1.1" 200 261568
54.36.148.37 - - [10/Dec/2019:03:37:06 -0500] "GET /BLA/resoluciones/index.php?dir=Notificaciones/AUTOS%202019/&sort=date&order=asc HTTP/1.1" 200 48584
66.249.64.59 - - [10/Dec/2019:03:37:06 -0500] "GET /BLA/resoluciones/RESOLUCIONES%202016/1710.pdf HTTP/1.1" 200 2005713
201.245.192.253 - - [10/Dec/2019:03:36:56 -0500] "POST /kwsrmcab/Wsrmcab HTTP/1.1" 200 29021
66.249.64.59 - - [10/Dec/2019:03:37:34 -0500] "GET /silvicultura/9.pdf HTTP/1.1" 200 189358
111.206.221.9 - - [10/Dec/2019:03:37:47 -0500] "GET /galeria/nivo-slider/demo/scripts/jquery-1.7.1.min.js HTTP/1.1" 200 93868
46.229.168.133 - - [10/Dec/2019:03:38:12 -0500] "GET /robots.txt HTTP/1.1" 404 1019
46.229.168.131 - - [10/Dec/2019:03:38:12 -0500] "GET /Anexos%20estudio%20Organizacional%20SDA/index.php?dir=ANEXO%2BNo.%2B6%2B-%2BAN%C3%83%C2%83%C3%82%C2%83%C3%83%C2%82%C3%82%C2%83%C3%83%C2%83%C3%82%C2%82%C3%83%C2%82%C3%82%C2%83%C3%83%C2%83%C3%82%C2%83%C3%83%C2%82%C3%82%C2%82%C3%83%C2%83%C3%82%C2%82%C3%83%C2%82%C3%82%C2%83%C3%83%C2%83%C3%82%C2%83%C3%83%C2%82%C3%82%C2%83%C3%83%C2%83%C3%82%C2%82%C3%83%C2%82%C3%82%C2%82%C3%83%C2%83%C3%82%C2%83%C3%83%C2%82%C3%82%C2%82%C3%83%C2%83%C3%82%C2%82%C3%83%C2%82%C3%82%C2%83%C3%83%C2%83%C3%82%C2%83%C3%83%C2%82%C3%82%C2%83%C3%83%C2%83%C3%82%C2%82%C3%83%C2%82%C3%82%C2%83%C3%83%C2%83%C3%82%C2%83%C3%83%C2%82%C3%82%C2%82%C3%83%C2%83%C3%82%C2%82%C3%83%C2%82%C3%82%C2%82%C3%83%C2%83%C3%82%C2%83%C3%83%C2%82%C3%82%C2%83%C3%83%C2%83%C3%82%C2%82%C3%83%C2%82%C3%82%C2%82%C3%83%C2%83%C3%82%C2%83%C3%83%C2%82%C3%82%C2%82%C3%83%C2%83%C3%82%C2%82%C3%83%C2%82%C3%82%C2%83%C3%83%C2%83%C3%82%C2%83%C3%83%C2%82%C3%82%C2%83%C3%83%C2%83%C3%82%C2%82%C3%83%C2%82%C3%82%C2%83%C3%83%C2%83%C3%82%C2%83%C3%83%C2%82%C3%82%C2%82%C3%83%C2%83%C3%82%C2%82%C3%83%C2%82%C3%82%C2%83%C3%83%C2%83%C3%82%C2%83%C3%83%C2%82%C3%82%C2%83%C3%83%C2%83%C3%82%C2%82%C3%83%C2%82%C3%82%C2%82%C3%83%C2%83%C3%82%C2%83%C3%83%C2%82%C3%82%C2%82%C3%83%C2%83%C3%82%C2%82%C3%83%C2%82%C3%82%C2%82%C3%83%C2%83%C3%82%C2%83%C3%83%C2%82%C3%82%C2%83%C3%83%C2%83%C3%82%C2%82%C3%83%C2%82%C3%82%C2%83%C3%83%C2%83%C3%82%C2%83%C3%83%C2%82%C3%82%C2%82%C3%83%C2%83%C3%82%C2%82%C3%83%C2%82%C3%82%C2%82%C3%83%C2%83%C3%82%C2%83%C3%83%C2%82%C3%82%C2%83%C3%83%C2%83%C3%82%C2%82%C3%83%C2%82%C3%82%C2%82%C3%83%C2%83%C3%82%C2%83%C3%83%C2%82%C3%82%C2%82%C3%83%C2%83%C3%82%C2%82%C3%83%C2%82%C3%82%C2%83%C3%83%C2%83%C3%82%C2%83%C3%83%C2%82%C3%82%C2%83%C3%83%C2%83%C3%82%C2%82%C3%83%C2%82%C3%82%C2%83%C3%83%C2%83%C3%82%C2%83%C3%83%C2%82%C3%82%C2%82%C3%83%C2%83%C3%82%C2%82%C3%83%C2%82%C3%82%C2%83%C3%83%C2%83%C3%82%C2%83%C3%83%C2%82%C3%82%C2%83%C3%83%C2%83%C3%82%C2%82%C3%83%C2%82%C3%82%C2%82%C3%83%C2%83%C3%82%C2%83%C3%83%C2%82%C3%82%C2%82%C3%83%C2%83%C3%82%C2%82%C3%83%C2%82%C3%82%C2%83%C3%83%C2%83%C3%82%C2%83%C3%83%C2%82%C3%82%C2%83%C3%83%C2%83%C3%82%C2%82%C3%83%C2%82%C3%82%C2%83%C3%83%C2%83%C3%82%C2%83%C3%83%C2%82%C3%82%C2%82%C3%83%C2%83%C3%82%C2%82%C3%83%C2%82%C3%82%C2%82%C3%83%C2%83%C3%82%C2%83%C3%83%C2%82%C3%82%C2%83%C3%83%C2%83%C3%82%C2%82%C3%83%C2%82%C3%82%C2%82%C3%83%C2%83%C3%82%C2%83%C3%83%C2%82%C3%82%C2%82%C3%83%C2%83%C3%82%C2%82%C3%83%C2%82%C3%82%C2%82%C3%83%C2%83%C3%82%C2%83%C3%83%C2%82%C3%82%C2%83%C3%83%C2%83%C3%82%C2%82%C3%83%C2%82%C3%82%C2%83%C3%83%C2%83%C3%82%C2%83%C3%83%C2%82%C3%82%C2%82%C3%83%C2%83%C3%82%C2%82%C3%83%C2%82%C3%82%C2%83%C3%83%C2%83%C3%82%C2%83%C3%83%C2%82%C3%82%C2%83%C3%83%C2%83%C3%82%C2%82%C3%83%C2%82%C3%82%C2%82%C3%83%C2%83%C3%82%C2%83%C3%83%C2%82%C3%82%C2%82%C3%83%C2%83%C3%82%C2%82%C3%83%C2%82%C3%82%C2%82%C3%83%C2%83%C3%82%C2%83%C3%83%C2%82%C3%82%C2%83%C3%83%C2%83%C3%82%C2%82%C3%83%C2%82%C3%82%C2%83%C3%83%C2%83%C3%82%C2%83%C3%83%C2%82%C3%82%C2%82%C3%83%C2%83%C3%82%C2%82%C3%83%C2%82%C3%82%C2%82%C3%83%C2%83%C3%82%C2%83%C3%83%C2%82%C3%82%C2%83%C3%83%C2%83%C3%82%C2%82%C3%83%C2%82%C3%82%C2%82%C3%83%C2%83%C3%82%C2%83%C3%83%C2%82%C3%82%C2%82%C3%83%C2%83%C3%82%C2%82%C3%83%C2%82%C3%82%C2%81LISIS%2BCOMPARADO%2BDECRETOS%2B109%2BY%2B175%2B2009%2BVRS.%2BESTUDIO%2BSERAMBIENTE%2F&order=asc&sort=size HTTP/1.1" 200 9325
54.36.150.176 - - [10/Dec/2019:03:38:28 -0500] "GET /BLA/resoluciones/RESOLUCIONES%202006/RES%202006%201551-1600/00001586.tif HTTP/1.1" 200 190284
193.147.188.5 - - [10/Dec/2019:03:38:52 -0500] "GET /BLA/boletinlegal/jurisprudencia/analisis/Analisis%20jurisprudencial%20Sentencia%20C-366-11.doc HTTP/1.1" 200 59392
192.168.175.104 - - [10/Dec/2019:03:39:04 -0500] "GET / HTTP/1.1" 200 9990
66.249.64.59 - - [10/Dec/2019:03:39:45 -0500] "GET /BLA/resoluciones/RESOLUCIONES%202007/RES%202007%201726%20AL%201800/RESOLUCION%201762%20DE%202007.pdf HTTP/1.1" 200 1329114
54.36.150.42 - - [10/Dec/2019:03:40:03 -0500] "GET /BLA/resoluciones/RESOLUCIONES%202002/RES%202002%201351-1400/20021386.tif HTTP/1.1" 200 86830
69.162.124.232 - - [10/Dec/2019:03:40:36 -0500] "HEAD / HTTP/1.1" 200 -
66.249.64.59 - - [10/Dec/2019:03:40:55 -0500] "GET /BLA/resoluciones/AUTOS%202014/1120.pdf HTTP/1.1" 200 429775
192.168.175.104 - - [10/Dec/2019:03:40:55 -0500] "GET / HTTP/1.0" 200 9990
66.249.64.63 - - [10/Dec/2019:03:42:28 -0500] "GET /BLA/resoluciones/Autos%202008/2672.pdf HTTP/1.1" 200 171537
46.229.168.153 - - [10/Dec/2019:03:42:46 -0500] "GET /Anexos%20estudio%20Organizacional%20SDA/index.php?dir=ANEXO%2BNo.%2B4%2B-%2BENCUESTA%2BDE%2BAN%C3%83%C2%81LISIS%2BORGANIZACIONAL%2F&order=asc&sort=date HTTP/1.1" 200 6169
66.249.64.61 - - [10/Dec/2019:03:42:47 -0500] "GET /BLA/resoluciones/AUTOS%202009/0221.pdf HTTP/1.1" 200 75734
151.80.39.41 - - [10/Dec/2019:03:43:30 -0500] "GET /transparencia/financiera/Presupuesto/Historico/EJECUCION%20%20VIGENCIA%20DICIEMBRE%202014.pdf HTTP/1.1" 200 319847
66.249.64.185 - - [10/Dec/2019:03:43:32 -0500] "GET /inicio/ HTTP/1.1" 404 1239
151.80.39.41 - - [10/Dec/2019:03:43:48 -0500] "GET /transparencia/financiera/Presupuesto/Historico/EJECUCION%20%20VIGENCIA%20DICIEMBRE%202015.pdf HTTP/1.1" 200 1728462
192.168.175.104 - - [10/Dec/2019:03:44:02 -0500] "GET / HTTP/1.1" 200 9990
54.36.150.80 - - [10/Dec/2019:03:44:11 -0500] "GET /BLA/resoluciones/RESOLUCIONES%202004/RES%202004%20651-700/00000677.tif HTTP/1.1" 200 50924
54.36.150.0 - - [10/Dec/2019:03:44:14 -0500] "GET /BLA/resoluciones/index.php?dir=RESOLUCIONES+2007%2FRES+2007+4201+AL+4300%2F HTTP/1.1" 200 26607
151.80.39.69 - - [10/Dec/2019:03:44:47 -0500] "GET /transparencia/financiera/Presupuesto/Historico/EJECUCION%20%20VIGENCIA%20DICIEMBRE%202016.pdf HTTP/1.1" 200 7107474
185.156.177.59 - - [10/Dec/2019:03:44:57 -0500] "\x03" 400 291
151.80.39.69 - - [10/Dec/2019:03:45:31 -0500] "GET /transparencia/financiera/Presupuesto/Historico/EJECUCION%20%20VIGENCIA%20DICIEMBRE%202017.pdf HTTP/1.1" 200 38381
69.162.124.232 - - [10/Dec/2019:03:45:36 -0500] "HEAD / HTTP/1.1" 200 -
192.168.175.104 - - [10/Dec/2019:03:45:53 -0500] "GET / HTTP/1.0" 200 9990
66.249.64.59 - - [10/Dec/2019:03:45:59 -0500] "GET /BLA/resoluciones/RESOLUCIONES%202013/1891.pdf HTTP/1.1" 200 507823
5.196.87.180 - - [10/Dec/2019:03:46:16 -0500] "GET /transparencia/financiera/Presupuesto/Historico/EJECUCION%20%20VIGENCIA%20DICIEMBRE%202017.xlsx HTTP/1.1" 200 35079
54.36.150.14 - - [10/Dec/2019:03:46:17 -0500] "GET /BLA/resoluciones/RESOLUCIONES%202005/RES%202005%201351-1400/00001357.tif HTTP/1.1" 200 38342
49.239.69.13 - - [10/Dec/2019:03:46:26 -0500] "-" 408 -
66.249.64.59 - - [10/Dec/2019:03:47:13 -0500] "GET /BLA/resoluciones/RESOLUCIONES%202013/1335.pdf HTTP/1.1" 200 605065
151.80.39.82 - - [10/Dec/2019:03:47:24 -0500] "GET /transparencia/financiera/Presupuesto/Historico/EJECUCION%20%20VIGENCIA%20DICIEMBRE%202018%20.pdf HTTP/1.1" 200 37938
66.249.64.59 - - [10/Dec/2019:03:47:32 -0500] "GET /BLA/resoluciones/RESOLUCIONES%202007/RES%202007%204101%20AL%204200/RESOLUCION%204180%20DE%202007.pdf HTTP/1.1" 200 860448
66.249.64.59 - - [10/Dec/2019:03:47:55 -0500] "GET /BLA/resoluciones/RESOLUCIONES%202015/2941.pdf HTTP/1.1" 200 620858
216.244.66.195 - - [10/Dec/2019:03:47:55 -0500] "GET /BLA/resoluciones/RESOLUCIONES%202011/6770.pdf HTTP/1.1" 200 267583
216.244.66.195 - - [10/Dec/2019:03:48:00 -0500] "GET /BLA/resoluciones/RESOLUCIONES%202011/6910.pdf HTTP/1.1" 200 302854
216.244.66.195 - - [10/Dec/2019:03:48:05 -0500] "GET /BLA/resoluciones/RESOLUCIONES%202019/1654.pdf HTTP/1.1" 200 283322
66.249.64.61 - - [10/Dec/2019:03:48:06 -0500] "GET /galeria/nivo-slider/demo/images/puntos%20atencion%20BANNER.jpg HTTP/1.1" 304 -
5.196.87.180 - - [10/Dec/2019:03:48:13 -0500] "GET /transparencia/financiera/Presupuesto/Historico/EJECUCION%20%20VIGENCIA%20DICIEMBRE%202018%20.xlsx HTTP/1.1" 200 33067
201.233.151.32 - - [10/Dec/2019:03:48:17 -0500] "GET /BLA/boletinlegal/js/jquery.scrollShow.js HTTP/1.1" 200 4586
201.233.151.32 - - [10/Dec/2019:03:48:17 -0500] "GET /galeria/galeria/jquery.fancybox.css?v=2.1.5 HTTP/1.1" 200 4895
201.233.151.32 - - [10/Dec/2019:03:48:17 -0500] "GET /galeria/galeria/jquery.fancybox.js?v=2.1.5 HTTP/1.1" 200 48706
201.233.151.32 - - [10/Dec/2019:03:48:19 -0500] "GET /BLA/boletinlegal/js/jquery.scrollShow.js HTTP/1.1" 304 -
201.233.151.32 - - [10/Dec/2019:03:48:19 -0500] "GET /galeria/galeria/jquery.fancybox.css?v=2.1.5 HTTP/1.1" 304 -
201.233.151.32 - - [10/Dec/2019:03:48:19 -0500] "GET /galeria/galeria/jquery.fancybox.js?v=2.1.5 HTTP/1.1" 304 -
66.249.64.59 - - [10/Dec/2019:03:48:34 -0500] "GET /BLA/resoluciones/RESOLUCIONES%202017/0658.pdf HTTP/1.1" 200 813278
192.168.175.104 - - [10/Dec/2019:03:49:00 -0500] "GET / HTTP/1.1" 200 9990
151.80.39.69 - - [10/Dec/2019:03:49:14 -0500] "GET /transparencia/financiera/Presupuesto/Historico/EJECUCION%20RESERVAS%20DICIEMBRE%202017.pdf HTTP/1.1" 200 857380
151.80.39.69 - - [10/Dec/2019:03:49:52 -0500] "GET /transparencia/financiera/Presupuesto/Historico/EJECUCION%20RESERVAS%20DICIEMBRE%202017.xlsx HTTP/1.1" 200 19578
216.244.66.195 - - [10/Dec/2019:03:50:07 -0500] "GET /BLA/resoluciones/RESOLUCIONES%202019/2425.pdf HTTP/1.1" 200 369837
69.162.124.232 - - [10/Dec/2019:03:50:36 -0500] "HEAD / HTTP/1.1" 200 -
192.168.175.104 - - [10/Dec/2019:03:50:51 -0500] "GET / HTTP/1.0" 200 9990
151.80.39.89 - - [10/Dec/2019:03:50:51 -0500] "GET /transparencia/financiera/Presupuesto/Historico/EJECUCION%20RESERVAS%20DICIEMBRE%202018%20.pdf HTTP/1.1" 200 15138
66.249.64.59 - - [10/Dec/2019:03:51:10 -0500] "GET /BLA/resoluciones/AUTOS%202014/5670.pdf HTTP/1.1" 200 208132
5.196.87.108 - - [10/Dec/2019:03:51:23 -0500] "GET /transparencia/financiera/Presupuesto/Historico/EJECUCION%20RESERVAS%20DICIEMBRE%202018%20.xlsx HTTP/1.1" 200 17276
46.229.168.146 - - [10/Dec/2019:03:51:27 -0500] "GET /Autoliquidacion/index.php?dir=Solicitud%2Bde%2Bexpedici%C3%83%C2%83%C3%82%C2%83%C3%83%C2%82%C3%82%C2%83%C3%83%C2%83%C3%82%C2%82%C3%83%C2%82%C3%82%C2%83%C3%83%C2%83%C3%82%C2%83%C3%83%C2%82%C3%82%C2%82%C3%83%C2%83%C3%82%C2%82%C3%83%C2%82%C3%82%C2%83%C3%83%C2%83%C3%82%C2%83%C3%83%C2%82%C3%82%C2%83%C3%83%C2%83%C3%82%C2%82%C3%83%C2%82%C3%82%C2%82%C3%83%C2%83%C3%82%C2%83%C3%83%C2%82%C3%82%C2%82%C3%83%C2%83%C3%82%C2%82%C3%83%C2%82%C3%82%C2%83%C3%83%C2%83%C3%82%C2%83%C3%83%C2%82%C3%82%C2%83%C3%83%C2%83%C3%82%C2%82%C3%83%C2%82%C3%82%C2%83%C3%83%C2%83%C3%82%C2%83%C3%83%C2%82%C3%82%C2%82%C3%83%C2%83%C3%82%C2%82%C3%83%C2%82%C3%82%C2%82%C3%83%C2%83%C3%82%C2%83%C3%83%C2%82%C3%82%C2%83%C3%83%C2%83%C3%82%C2%82%C3%83%C2%82%C3%82%C2%82%C3%83%C2%83%C3%82%C2%83%C3%83%C2%82%C3%82%C2%82%C3%83%C2%83%C3%82%C2%82%C3%83%C2%82%C3%82%C2%83%C3%83%C2%83%C3%82%C2%83%C3%83%C2%82%C3%82%C2%83%C3%83%C2%83%C3%82%C2%82%C3%83%C2%82%C3%82%C2%83%C3%83%C2%83%C3%82%C2%83%C3%83%C2%82%C3%82%C2%82%C3%83%C2%83%C3%82%C2%82%C3%83%C2%82%C3%82%C2%83%C3%83%C2%83%C3%82%C2%83%C3%83%C2%82%C3%82%C2%83%C3%83%C2%83%C3%82%C2%82%C3%83%C2%82%C3%82%C2%82%C3%83%C2%83%C3%82%C2%83%C3%83%C2%82%C3%82%C2%82%C3%83%C2%83%C3%82%C2%82%C3%83%C2%82%C3%82%C2%82%C3%83%C2%83%C3%82%C2%83%C3%83%C2%82%C3%82%C2%83%C3%83%C2%83%C3%82%C2%82%C3%83%C2%82%C3%82%C2%83%C3%83%C2%83%C3%82%C2%83%C3%83%C2%82%C3%82%C2%82%C3%83%C2%83%C3%82%C2%82%C3%83%C2%82%C3%82%C2%82%C3%83%C2%83%C3%82%C2%83%C3%83%C2%82%C3%82%C2%83%C3%83%C2%83%C3%82%C2%82%C3%83%C2%82%C3%82%C2%82%C3%83%C2%83%C3%82%C2%83%C3%83%C2%82%C3%82%C2%82%C3%83%C2%83%C3%82%C2%82%C3%83%C2%82%C3%82%C2%B3n%2Bde%2Bcertificados%2Bde%2Bestado%2Bde%2Bconservaci%C3%83%C2%83%C3%82%C2%83%C3%83%C2%82%C3%82%C2%83%C3%83%C2%83%C3%82%C2%82%C3%83%C2%82%C3%82%C2%83%C3%83%C2%83%C3%82%C2%83%C3%83%C2%82%C3%82%C2%82%C3%83%C2%83%C3%82%C2%82%C3%83%C2%82%C3%82%C2%83%C3%83%C2%83%C3%82%C2%83%C3%83%C2%82%C3%82%C2%83%C3%83%C2%83%C3%82%C2%82%C3%83%C2%82%C3%82%C2%82%C3%83%C2%83%C3%82%C2%83%C3%83%C2%82%C3%82%C2%82%C3%83%C2%83%C3%82%C2%82%C3%83%C2%82%C3%82%C2%83%C3%83%C2%83%C3%82%C2%83%C3%83%C2%82%C3%82%C2%83%C3%83%C2%83%C3%82%C2%82%C3%83%C2%82%C3%82%C2%83%C3%83%C2%83%C3%82%C2%83%C3%83%C2%82%C3%82%C2%82%C3%83%C2%83%C3%82%C2%82%C3%83%C2%82%C3%82%C2%82%C3%83%C2%83%C3%82%C2%83%C3%83%C2%82%C3%82%C2%83%C3%83%C2%83%C3%82%C2%82%C3%83%C2%82%C3%82%C2%82%C3%83%C2%83%C3%82%C2%83%C3%83%C2%82%C3%82%C2%82%C3%83%C2%83%C3%82%C2%82%C3%83%C2%82%C3%82%C2%83%C3%83%C2%83%C3%82%C2%83%C3%83%C2%82%C3%82%C2%83%C3%83%C2%83%C3%82%C2%82%C3%83%C2%82%C3%82%C2%83%C3%83%C2%83%C3%82%C2%83%C3%83%C2%82%C3%82%C2%82%C3%83%C2%83%C3%82%C2%82%C3%83%C2%82%C3%82%C2%83%C3%83%C2%83%C3%82%C2%83%C3%83%C2%82%C3%82%C2%83%C3%83%C2%83%C3%82%C2%82%C3%83%C2%82%C3%82%C2%82%C3%83%C2%83%C3%82%C2%83%C3%83%C2%82%C3%82%C2%82%C3%83%C2%83%C3%82%C2%82%C3%83%C2%82%C3%82%C2%82%C3%83%C2%83%C3%82%C2%83%C3%83%C2%82%C3%82%C2%83%C3%83%C2%83%C3%82%C2%82%C3%83%C2%82%C3%82%C2%83%C3%83%C2%83%C3%82%C2%83%C3%83%C2%82%C3%82%C2%82%C3%83%C2%83%C3%82%C2%82%C3%83%C2%82%C3%82%C2%82%C3%83%C2%83%C3%82%C2%83%C3%83%C2%82%C3%82%C2%83%C3%83%C2%83%C3%82%C2%82%C3%83%C2%82%C3%82%C2%82%C3%83%C2%83%C3%82%C2%83%C3%83%C2%82%C3%82%C2%82%C3%83%C2%83%C3%82%C2%82%C3%83%C2%82%C3%82%C2%B3n%2Bambiental%2B%28CECA%29%2F&order=asc&sort=name HTTP/1.1" 200 9844
151.80.39.69 - - [10/Dec/2019:03:51:42 -0500] "GET /transparencia/financiera/Presupuesto/Vigencia%20actual HTTP/1.1" 301 349
151.80.39.41 - - [10/Dec/2019:03:51:59 -0500] "GET /transparencia/financiera/Presupuesto/Vigencia%20actual/2019 HTTP/1.1" 301 354
5.196.87.108 - - [10/Dec/2019:03:52:21 -0500] "GET /transparencia/financiera/Presupuesto/Vigencia%20actual/2019/1%20ENERO%202019%20EJECUCION%20RESERVAS.pdf HTTP/1.1" 200 14079
151.80.39.82 - - [10/Dec/2019:03:52:37 -0500] "GET /transparencia/financiera/Presupuesto/Vigencia%20actual/2019/1%20ENERO%202019%20EJECUCION%20RESERVAS.xlsx HTTP/1.1" 200 16153
151.80.39.89 - - [10/Dec/2019:03:52:56 -0500] "GET /transparencia/financiera/Presupuesto/Vigencia%20actual/2019/1%20ENERO%202019%20EJECUCION%20VIGENCIA.pdf HTTP/1.1" 200 53484
46.229.168.138 - - [10/Dec/2019:03:52:59 -0500] "GET /Anexos%20estudio%20Organizacional%20SDA/index.php?dir=ANEXO%2BNo.%2B3-%2BCONTRATACI%C3%83%C2%83%C3%82%C2%83%C3%83%C2%82%C3%82%C2%83%C3%83%C2%83%C3%82%C2%82%C3%83%C2%82%C3%82%C2%93N%2B%2BOPS%C3%83%C2%83%C3%82%C2%83%C3%83%C2%82%C3%82%C2%82%C3%83%C2%83%C3%82%C2%82%C3%83%C2%82%C3%82%C2%B4s%2B2008-2012%2F&order=asc&sort=name HTTP/1.1" 200 6325
5.196.87.124 - - [10/Dec/2019:03:53:18 -0500] "GET /transparencia/financiera/Presupuesto/Vigencia%20actual/2019/1%20ENERO%202019%20EJECUCION%20VIGENCIA.xlsx HTTP/1.1" 200 38371
152.61.192.232 - - [10/Dec/2019:03:53:21 -0500] "GET / HTTP/1.1" 200 9990
157.55.39.202 - - [10/Dec/2019:03:53:25 -0500] "GET /sig/comunicaciones/126pg02-pr09.pdf HTTP/1.1" 200 95162
5.196.87.108 - - [10/Dec/2019:03:53:37 -0500] "GET /transparencia/financiera/Presupuesto/Vigencia%20actual/2019/10%20OCTUBRE%202019%20EJECUCION%20RESERVAS.pdf HTTP/1.1" 200 650186
46.229.168.154 - - [10/Dec/2019:03:53:38 -0500] "GET /Autoliquidacion/index.php?dir=TR%C3%83%C2%83%C3%82%C2%83%C3%83%C2%82%C3%82%C2%83%C3%83%C2%83%C3%82%C2%82%C3%83%C2%82%C3%82%C2%83%C3%83%C2%83%C3%82%C2%83%C3%83%C2%82%C3%82%C2%82%C3%83%C2%83%C3%82%C2%82%C3%83%C2%82%C3%82%C2%83%C3%83%C2%83%C3%82%C2%83%C3%83%C2%82%C3%82%C2%83%C3%83%C2%83%C3%82%C2%82%C3%83%C2%82%C3%82%C2%82%C3%83%C2%83%C3%82%C2%83%C3%83%C2%82%C3%82%C2%82%C3%83%C2%83%C3%82%C2%82%C3%83%C2%82%C3%82%C2%83%C3%83%C2%83%C3%82%C2%83%C3%83%C2%82%C3%82%C2%83%C3%83%C2%83%C3%82%C2%82%C3%83%C2%82%C3%82%C2%83%C3%83%C2%83%C3%82%C2%83%C3%83%C2%82%C3%82%C2%82%C3%83%C2%83%C3%82%C2%82%C3%83%C2%82%C3%82%C2%82%C3%83%C2%83%C3%82%C2%83%C3%83%C2%82%C3%82%C2%83%C3%83%C2%83%C3%82%C2%82%C3%83%C2%82%C3%82%C2%82%C3%83%C2%83%C3%82%C2%83%C3%83%C2%82%C3%82%C2%82%C3%83%C2%83%C3%82%C2%82%C3%83%C2%82%C3%82%C2%83%C3%83%C2%83%C3%82%C2%83%C3%83%C2%82%C3%82%C2%83%C3%83%C2%83%C3%82%C2%82%C3%83%C2%82%C3%82%C2%83%C3%83%C2%83%C3%82%C2%83%C3%83%C2%82%C3%82%C2%82%C3%83%C2%83%C3%82%C2%82%C3%83%C2%82%C3%82%C2%83%C3%83%C2%83%C3%82%C2%83%C3%83%C2%82%C3%82%C2%83%C3%83%C2%83%C3%82%C2%82%C3%83%C2%82%C3%82%C2%82%C3%83%C2%83%C3%82%C2%83%C3%83%C2%82%C3%82%C2%82%C3%83%C2%83%C3%82%C2%82%C3%83%C2%82%C3%82%C2%82%C3%83%C2%83%C3%82%C2%83%C3%83%C2%82%C3%82%C2%83%C3%83%C2%83%C3%82%C2%82%C3%83%C2%82%C3%82%C2%83%C3%83%C2%83%C3%82%C2%83%C3%83%C2%82%C3%82%C2%82%C3%83%C2%83%C3%82%C2%82%C3%83%C2%82%C3%82%C2%82%C3%83%C2%83%C3%82%C2%83%C3%83%C2%82%C3%82%C2%83%C3%83%C2%83%C3%82%C2%82%C3%83%C2%82%C3%82%C2%82%C3%83%C2%83%C3%82%C2%83%C3%83%C2%82%C3%82%C2%82%C3%83%C2%83%C3%82%C2%82%C3%83%C2%82%C3%82%C2%81MITES%2BACEITES-RESIDUOS-ESTACIONES%2FREGISTRO%2BCOMO%2BACOPIADOR%2BPRIMARIO%2F&order=asc&sort=date HTTP/1.1" 200 9848
152.61.192.232 - - [10/Dec/2019:03:53:21 -0500] "GET /arcgis/services/Calidad_del_Agua_WQI/MapServer/WMSServer?request=GetCapabilities&service=WMS HTTP/1.1" 503 1020
152.61.192.232 - - [10/Dec/2019:03:53:42 -0500] "GET /arcgis/services/Calidad_del_Agua_WQI/MapServer/WMSServer?SERVICE=WMS&REQUEST=GetCapabilities HTTP/1.1" 503 1020
152.61.192.232 - - [10/Dec/2019:03:53:43 -0500] "GET /arcgis/services/Calidad_del_Agua_WQI/MapServer/WMSServer?WMTVER=1.0.0&REQUEST=capabilities HTTP/1.1" 503 1020
151.80.39.82 - - [10/Dec/2019:03:53:55 -0500] "GET /transparencia/financiera/Presupuesto/Vigencia%20actual/2019/10%20OCTUBRE%202019%20EJECUCION%20VIGENCIA.pdf HTTP/1.1" 200 2156725
192.168.175.104 - - [10/Dec/2019:03:53:58 -0500] "GET / HTTP/1.1" 200 9990
5.196.87.108 - - [10/Dec/2019:03:54:11 -0500] "GET /transparencia/financiera/Presupuesto/Vigencia%20actual/2019/11%20NOVIEMBRE%202019%20EJECUCION%20RESERVAS.pdf HTTP/1.1" 200 384305
151.80.39.82 - - [10/Dec/2019:03:54:28 -0500] "GET /transparencia/financiera/Presupuesto/Vigencia%20actual/2019/11%20NOVIEMBRE%202019%20EJECUCION%20VIGENCIA.pdf HTTP/1.1" 200 1307216
95.216.1.46 - - [10/Dec/2019:03:54:35 -0500] "GET /robots.txt HTTP/1.1" 404 1019
95.216.1.46 - - [10/Dec/2019:03:54:37 -0500] "GET /StormSDA/userFiles%20-%20Copy%2019-07-2012/user_files/85/?C=S;O=A/ HTTP/1.1" 200 877
95.216.1.46 - - [10/Dec/2019:03:54:38 -0500] "GET /StormSDA/userFiles%20-%20Copy%2019-07-2012/user_files/85/?C=S;O=D/ HTTP/1.1" 200 877
95.216.1.46 - - [10/Dec/2019:03:54:40 -0500] "GET /StormSDA/userFiles%20-%20Copy%2019-07-2012/user_files/88/?C=D;O=D/ HTTP/1.1" 200 877
95.216.1.46 - - [10/Dec/2019:03:54:42 -0500] "GET /StormSDA/userFiles%20-%20Copy%2019-07-2012/user_files/88/?C=M;O=D/ HTTP/1.1" 200 877
95.216.1.46 - - [10/Dec/2019:03:54:43 -0500] "GET /StormSDA/userFiles%20-%20Copy%2019-07-2012/user_files/88/?C=N;O=D/ HTTP/1.1" 200 877
95.216.1.46 - - [10/Dec/2019:03:54:46 -0500] "GET /StormSDA/userFiles%20-%20Copy%2019-07-2012/user_files/89/?C=D;O=D/ HTTP/1.1" 200 877
95.216.1.46 - - [10/Dec/2019:03:54:48 -0500] "GET /StormSDA/userFiles%20-%20Copy%2019-07-2012/user_files/formatos/eventos/?C=D;O=A/ HTTP/1.1" 200 914
95.216.1.46 - - [10/Dec/2019:03:54:49 -0500] "GET /StormSDA/userFiles%20-%20Copy%2019-07-2012/user_files/formatos/eventos/?C=M;O=A/ HTTP/1.1" 200 914
95.216.1.46 - - [10/Dec/2019:03:54:52 -0500] "GET /StormSDA/userFiles%20-%20Copy%2019-07-2012/user_files/formatos/eventos/?C=N;O=D/ HTTP/1.1" 200 914
95.216.1.46 - - [10/Dec/2019:03:54:54 -0500] "GET /StormSDA/userFiles%20-%20Copy%2019-07-2012/user_files/formatos/eventos/?C=S;O=A/ HTTP/1.1" 200 914
95.216.1.46 - - [10/Dec/2019:03:54:56 -0500] "GET /StormSDA/userFiles%20-%20Copy%2019-07-2012/user_files/formulas/2/?C=D;O=A/ HTTP/1.1" 200 902
95.216.1.46 - - [10/Dec/2019:03:54:58 -0500] "GET /StormSDA/userFiles%20-%20Copy%2019-07-2012/user_files/formulas/2/?C=M;O=A/ HTTP/1.1" 200 902
95.216.1.46 - - [10/Dec/2019:03:55:00 -0500] "GET /StormSDA/userFiles%20-%20Copy%2019-07-2012/user_files/formulas/2/?C=N;O=A/ HTTP/1.1" 200 902
95.216.1.46 - - [10/Dec/2019:03:55:02 -0500] "GET /StormSDA/userFiles%20-%20Copy%2019-07-2012/user_files/formulas/2/?C=N;O=D/ HTTP/1.1" 200 902
151.80.39.41 - - [10/Dec/2019:03:55:03 -0500] "GET /transparencia/financiera/Presupuesto/Vigencia%20actual/2019/2%20FEBRERO%202019%20EJECUCION%20RESERVAS.pdf HTTP/1.1" 200 15077
95.216.1.46 - - [10/Dec/2019:03:55:05 -0500] "GET /StormSDA/userFiles%20-%20Copy%2019-07-2012/user_files/formulas/2/?C=S;O=A/ HTTP/1.1" 200 902
95.216.1.46 - - [10/Dec/2019:03:55:06 -0500] "GET /StormSDA/userFiles%20-%20Copy%2019-07-2012/user_files/formulas/3/?C=N;O=D/ HTTP/1.1" 200 902
95.216.1.46 - - [10/Dec/2019:03:55:08 -0500] "GET /StormSDA/userFiles%20-%20Copy%2019-07-2012/user_files/formulas/4/?C=D;O=D/ HTTP/1.1" 200 902
