186.31.4.55 - - [23/Dec/2019:10:56:09 -0500] "GET /galeria/galeria/jquery.fancybox.js?v=2.1.5 HTTP/1.1" 200 48706
186.31.4.55 - - [23/Dec/2019:10:56:09 -0500] "GET /galeria/galeria/jquery.fancybox.css?v=2.1.5 HTTP/1.1" 200 4895
186.31.4.55 - - [23/Dec/2019:10:56:09 -0500] "GET /galeria/carrusel/Carrusel/jquery.thumbnailScroller.css HTTP/1.1" 200 2066
186.31.4.55 - - [23/Dec/2019:10:56:09 -0500] "GET /galeria/carrusel/Carrusel/jquery-ui-1.8.13.custom.min.js HTTP/1.1" 200 10800
186.31.4.55 - - [23/Dec/2019:10:56:09 -0500] "GET /galeria/carrusel/Carrusel/jquery.thumbnailScroller.js HTTP/1.1" 200 8157
186.84.88.49 - - [23/Dec/2019:10:56:11 -0500] "GET /BLA/boletinlegal/consulta_actos.php?tipo=resoluciones&no=2763&usuario=&sector=&fecha=2014&resuelve= HTTP/1.1" 200 1102
186.31.4.55 - - [23/Dec/2019:10:56:12 -0500] "GET /galeria/nivo-slider/demo/inicio.html HTTP/1.1" 200 4435
186.31.4.55 - - [23/Dec/2019:10:56:12 -0500] "GET /galeria/nivo-slider/themes/default/default.css HTTP/1.1" 200 1569
186.31.4.55 - - [23/Dec/2019:10:56:12 -0500] "GET /galeria/nivo-slider/themes/pascal/pascal.css HTTP/1.1" 200 2258
186.31.4.55 - - [23/Dec/2019:10:56:12 -0500] "GET /galeria/nivo-slider/themes/orman/orman.css HTTP/1.1" 200 2152
186.31.4.55 - - [23/Dec/2019:10:56:12 -0500] "GET /galeria/nivo-slider/nivo-slider.css HTTP/1.1" 200 1507
186.31.4.55 - - [23/Dec/2019:10:56:12 -0500] "GET /galeria/nivo-slider/demo/style.css HTTP/1.1" 200 2222
186.31.4.55 - - [23/Dec/2019:10:56:12 -0500] "GET /galeria/nivo-slider/demo/images/bannerwebmusgo.jpg HTTP/1.1" 200 367364
186.31.4.55 - - [23/Dec/2019:10:56:12 -0500] "GET /galeria/nivo-slider/demo/images/Bannercalculadora.jpg HTTP/1.1" 200 313099
186.84.88.49 - - [23/Dec/2019:10:56:12 -0500] "GET /BLA/resoluciones/RESOLUCIONES%202014/2763.pdf HTTP/1.1" 200 278514
186.31.4.55 - - [23/Dec/2019:10:56:12 -0500] "GET /galeria/nivo-slider/demo/images/4Simple_Slider.png HTTP/1.1" 200 11722
186.31.4.55 - - [23/Dec/2019:10:56:12 -0500] "GET /galeria/nivo-slider/themes/default/loading.gif HTTP/1.1" 200 1737
201.245.192.253 - - [23/Dec/2019:10:56:12 -0500] "POST /sipse/faces/presentacion/financiero/solicitudProceso/consultarHistorialSolProceso.xhtml HTTP/1.1" 200 139949
186.31.4.55 - - [23/Dec/2019:10:56:12 -0500] "GET /galeria/nivo-slider/demo/images/banneragendamiento.jpg HTTP/1.1" 200 116897
186.31.4.55 - - [23/Dec/2019:10:56:12 -0500] "GET /galeria/nivo-slider/demo/images/banneriniciativa.jpg HTTP/1.1" 200 200385
186.31.4.55 - - [23/Dec/2019:10:56:12 -0500] "GET /galeria/nivo-slider/demo/images/bannerjardines.jpg HTTP/1.1" 200 417948
186.31.4.55 - - [23/Dec/2019:10:56:12 -0500] "GET /galeria/nivo-slider/demo/images/diciembrecaminatas.png HTTP/1.1" 200 510724
201.245.192.253 - - [23/Dec/2019:10:56:12 -0500] "GET /sipse/faces/javax.faces.resource/theme.css?ln=primefaces-sipse HTTP/1.1" 304 -
201.245.192.253 - - [23/Dec/2019:10:56:12 -0500] "GET /sipse/faces/javax.faces.resource/primefaces.css?ln=primefaces&v=4.0 HTTP/1.1" 304 -
201.245.192.253 - - [23/Dec/2019:10:56:12 -0500] "GET /sipse/faces/javax.faces.resource/layout/layout.css?ln=primefaces&v=4.0 HTTP/1.1" 304 -
201.245.192.253 - - [23/Dec/2019:10:56:12 -0500] "GET /sipse/faces/javax.faces.resource/jquery/jquery.js?ln=primefaces&v=4.0 HTTP/1.1" 304 -
201.245.192.253 - - [23/Dec/2019:10:56:12 -0500] "GET /sipse/faces/javax.faces.resource/jquery/jquery-plugins.js?ln=primefaces&v=4.0 HTTP/1.1" 304 -
201.245.192.253 - - [23/Dec/2019:10:56:12 -0500] "GET /sipse/faces/javax.faces.resource/primefaces.js?ln=primefaces&v=4.0 HTTP/1.1" 304 -
201.245.192.253 - - [23/Dec/2019:10:56:12 -0500] "GET /sipse/faces/javax.faces.resource/layout/layout.js?ln=primefaces&v=4.0 HTTP/1.1" 304 -
201.245.192.253 - - [23/Dec/2019:10:56:12 -0500] "GET /sipse/faces/javax.faces.resource/spacer/dot_clear.gif?ln=primefaces&v=4.0 HTTP/1.1" 304 -
95.216.19.59 - - [23/Dec/2019:10:56:13 -0500] "GET /robots.txt HTTP/1.1" 404 1019
186.31.4.55 - - [23/Dec/2019:10:56:13 -0500] "GET /galeria/nivo-slider/demo/scripts/jquery-1.7.1.min.js HTTP/1.1" 200 93868
186.31.4.55 - - [23/Dec/2019:10:56:13 -0500] "GET /galeria/nivo-slider/jquery.nivo.slider.pack.js HTTP/1.1" 200 11561
186.31.4.55 - - [23/Dec/2019:10:56:13 -0500] "GET /galeria/nivo-slider/demo/images/Banner%20tinguas.jpg HTTP/1.1" 200 214878
186.31.4.55 - - [23/Dec/2019:10:56:13 -0500] "GET /galeria/nivo-slider/demo/images/Bannerserpiente2019.jpg HTTP/1.1" 200 270374
186.31.4.55 - - [23/Dec/2019:10:56:14 -0500] "GET /galeria/nivo-slider/demo/images/puntos%20atencion%20BANNER.jpg HTTP/1.1" 200 244208
186.31.4.55 - - [23/Dec/2019:10:56:14 -0500] "GET /galeria/nivo-slider/demo/images/Banner%20Visor%20Geografico%20Ambiental.jpg HTTP/1.1" 200 204673
186.31.4.55 - - [23/Dec/2019:10:56:14 -0500] "GET /galeria/nivo-slider/demo/images/Banner%20consumo%20sostenible%20final.jpg HTTP/1.1" 200 364746
186.31.4.55 - - [23/Dec/2019:10:56:14 -0500] "GET /galeria/nivo-slider/demo/images/Banner%20RCD.jpg HTTP/1.1" 200 92197
186.31.4.55 - - [23/Dec/2019:10:56:14 -0500] "GET /galeria/nivo-slider/demo/images/Banner%20Conpes.jpg HTTP/1.1" 200 55220
186.31.4.55 - - [23/Dec/2019:10:56:14 -0500] "GET /galeria/nivo-slider/demo/images/Banner%20practicas%20sostenibles.jpg HTTP/1.1" 200 142958
186.31.4.55 - - [23/Dec/2019:10:56:14 -0500] "GET /galeria/nivo-slider/demo/images/Banner%20POT.png HTTP/1.1" 200 418238
186.31.4.55 - - [23/Dec/2019:10:56:15 -0500] "GET /galeria/nivo-slider/demo/images/Banneranonimos.png HTTP/1.1" 200 109388
186.31.4.55 - - [23/Dec/2019:10:56:15 -0500] "GET /galeria/nivo-slider/themes/default/arrows.png HTTP/1.1" 200 824
186.31.4.55 - - [23/Dec/2019:10:56:15 -0500] "GET /galeria/nivo-slider/themes/default/bullets.png HTTP/1.1" 200 1281
95.216.19.59 - - [23/Dec/2019:10:56:15 -0500] "GET /SIG/index.php/ECS/126PM04-PR87.pdf/?dir=Control%20y%20mejora//&sort=name&order=desc/ HTTP/1.1" 200 3074
201.245.192.253 - - [23/Dec/2019:10:56:17 -0500] "POST /sipse/faces/presentacion/financiero/solicitudProceso/consultarSolicitudProceso.xhtml HTTP/1.1" 200 61464
95.216.19.59 - - [23/Dec/2019:10:56:19 -0500] "GET /SIG/index.php/ECS/126PM04-PR92.pdf/?dir=ECS// HTTP/1.1" 200 16895
190.90.95.168 - - [23/Dec/2019:10:56:24 -0500] "GET /BLA/boletinlegal/js/jquery.scrollShow.js HTTP/1.1" 304 -
190.90.95.168 - - [23/Dec/2019:10:56:24 -0500] "GET /galeria/galeria/jquery.fancybox.js?v=2.1.5 HTTP/1.1" 200 48706
190.90.95.168 - - [23/Dec/2019:10:56:24 -0500] "GET /galeria/galeria/jquery.fancybox.css?v=2.1.5 HTTP/1.1" 200 4895
190.90.95.168 - - [23/Dec/2019:10:56:24 -0500] "GET /galeria/carrusel/Carrusel/jquery.thumbnailScroller.css HTTP/1.1" 200 2066
190.90.95.168 - - [23/Dec/2019:10:56:24 -0500] "GET /galeria/carrusel/Carrusel/jquery-ui-1.8.13.custom.min.js HTTP/1.1" 200 10800
190.90.95.168 - - [23/Dec/2019:10:56:24 -0500] "GET /galeria/carrusel/Carrusel/jquery.thumbnailScroller.js HTTP/1.1" 200 8157
95.216.19.59 - - [23/Dec/2019:10:56:25 -0500] "GET /SIG/index.php/ECS/126PM04-PR92.pdf/?dir=Gestion%20Documental// HTTP/1.1" 200 5851
95.216.19.59 - - [23/Dec/2019:10:56:27 -0500] "GET /SIG/index.php/ECS/126PM04-PR92.pdf/?dir=Gestion%20Recursos%20Financieros// HTTP/1.1" 200 9159
179.18.6.183 - - [23/Dec/2019:10:56:28 -0500] "GET / HTTP/1.1" 200 9990
179.18.6.183 - - [23/Dec/2019:10:56:28 -0500] "GET /images/INTRANET.jpg HTTP/1.1" 200 37297
179.18.6.183 - - [23/Dec/2019:10:56:28 -0500] "GET /images/SDA.jpg HTTP/1.1" 200 48976
179.18.6.183 - - [23/Dec/2019:10:56:28 -0500] "GET /css/style.css HTTP/1.1" 200 3610
179.18.6.183 - - [23/Dec/2019:10:56:28 -0500] "GET /css/bootstrap.min.css HTTP/1.1" 200 105939
179.18.6.183 - - [23/Dec/2019:10:56:28 -0500] "GET /js/jquery.js HTTP/1.1" 200 97120
179.18.6.183 - - [23/Dec/2019:10:56:28 -0500] "GET /js/bootstrap.min.js HTTP/1.1" 200 28538
179.18.6.183 - - [23/Dec/2019:10:56:28 -0500] "GET /images/LINEA.jpg HTTP/1.1" 200 33035
179.18.6.183 - - [23/Dec/2019:10:56:28 -0500] "GET / HTTP/1.1" 200 9990
179.18.6.183 - - [23/Dec/2019:10:56:28 -0500] "GET /images/NINOS.jpg HTTP/1.1" 200 44828
179.18.6.183 - - [23/Dec/2019:10:56:28 -0500] "GET /images/INTERNET.jpg HTTP/1.1" 200 34880
179.18.6.183 - - [23/Dec/2019:10:56:29 -0500] "GET /images/FOREST.jpg HTTP/1.1" 200 33277
179.18.6.183 - - [23/Dec/2019:10:56:29 -0500] "GET /images/RMCAB.jpg HTTP/1.1" 200 49926
95.216.19.59 - - [23/Dec/2019:10:56:29 -0500] "GET /SIG/index.php/ECS/126PM04-PR93.pdf/?dir=&sort=date&order=asc/ HTTP/1.1" 200 4959
95.216.19.59 - - [23/Dec/2019:10:56:31 -0500] "GET /SIG/index.php/ECS/126PM04-PR93.pdf/?dir=&sort=name&order=desc/ HTTP/1.1" 200 4959
190.90.95.168 - - [23/Dec/2019:10:56:32 -0500] "GET /galeria/nivo-slider/demo/inicio.html HTTP/1.1" 200 4435
190.90.95.168 - - [23/Dec/2019:10:56:32 -0500] "GET /galeria/nivo-slider/themes/default/default.css HTTP/1.1" 200 1569
190.90.95.168 - - [23/Dec/2019:10:56:32 -0500] "GET /galeria/nivo-slider/themes/pascal/pascal.css HTTP/1.1" 200 2258
190.90.95.168 - - [23/Dec/2019:10:56:33 -0500] "GET /galeria/nivo-slider/themes/orman/orman.css HTTP/1.1" 200 2152
190.90.95.168 - - [23/Dec/2019:10:56:33 -0500] "GET /galeria/nivo-slider/nivo-slider.css HTTP/1.1" 200 1507
190.90.95.168 - - [23/Dec/2019:10:56:33 -0500] "GET /galeria/nivo-slider/demo/style.css HTTP/1.1" 200 2222
190.90.95.168 - - [23/Dec/2019:10:56:33 -0500] "GET /galeria/nivo-slider/demo/scripts/jquery-1.7.1.min.js HTTP/1.1" 200 93868
190.90.95.168 - - [23/Dec/2019:10:56:33 -0500] "GET /galeria/nivo-slider/jquery.nivo.slider.pack.js HTTP/1.1" 200 11561
190.90.95.168 - - [23/Dec/2019:10:56:34 -0500] "GET /galeria/nivo-slider/demo/images/Bannercalculadora.jpg HTTP/1.1" 200 313099
190.90.95.168 - - [23/Dec/2019:10:56:34 -0500] "GET /galeria/nivo-slider/demo/images/bannerwebmusgo.jpg HTTP/1.1" 200 367364
190.90.95.168 - - [23/Dec/2019:10:56:34 -0500] "GET /galeria/nivo-slider/demo/images/banneragendamiento.jpg HTTP/1.1" 200 116897
190.90.95.168 - - [23/Dec/2019:10:56:34 -0500] "GET /galeria/nivo-slider/demo/images/bannerjardines.jpg HTTP/1.1" 200 417948
190.90.95.168 - - [23/Dec/2019:10:56:34 -0500] "GET /galeria/nivo-slider/demo/images/banneriniciativa.jpg HTTP/1.1" 200 200385
190.90.95.168 - - [23/Dec/2019:10:56:35 -0500] "GET /galeria/nivo-slider/demo/images/4Simple_Slider.png HTTP/1.1" 200 11722
190.90.95.168 - - [23/Dec/2019:10:56:36 -0500] "GET /galeria/nivo-slider/themes/default/loading.gif HTTP/1.1" 200 1737
190.90.95.168 - - [23/Dec/2019:10:56:36 -0500] "GET /galeria/nivo-slider/demo/images/diciembrecaminatas.png HTTP/1.1" 200 510724
190.90.95.168 - - [23/Dec/2019:10:56:36 -0500] "GET /galeria/nivo-slider/demo/images/Banner%20tinguas.jpg HTTP/1.1" 200 214878
95.216.19.59 - - [23/Dec/2019:10:56:36 -0500] "GET /SIG/index.php/ECS/126PM04-PR93.pdf/?dir=&sort=size&order=asc/ HTTP/1.1" 200 4959
190.90.95.168 - - [23/Dec/2019:10:56:37 -0500] "GET /galeria/nivo-slider/demo/images/Bannerserpiente2019.jpg HTTP/1.1" 200 270374
190.90.95.168 - - [23/Dec/2019:10:56:38 -0500] "GET /galeria/nivo-slider/demo/images/puntos%20atencion%20BANNER.jpg HTTP/1.1" 200 244208
190.90.95.168 - - [23/Dec/2019:10:56:38 -0500] "GET /galeria/nivo-slider/demo/images/Banner%20Visor%20Geografico%20Ambiental.jpg HTTP/1.1" 200 204673
95.216.19.59 - - [23/Dec/2019:10:56:38 -0500] "GET /SIG/index.php/ECS/126PM04-PR93.pdf/?dir=Comunicaciones// HTTP/1.1" 200 3186
190.90.95.168 - - [23/Dec/2019:10:56:38 -0500] "GET /galeria/nivo-slider/demo/images/Banner%20consumo%20sostenible%20final.jpg HTTP/1.1" 200 364746
190.90.95.168 - - [23/Dec/2019:10:56:38 -0500] "GET /galeria/nivo-slider/demo/images/Banner%20RCD.jpg HTTP/1.1" 200 92197
201.245.192.253 - - [23/Dec/2019:10:56:39 -0500] "POST /sipse/faces/presentacion/financiero/solicitudProceso/consultarSolicitudProceso.xhtml HTTP/1.1" 200 43993
201.245.192.253 - - [23/Dec/2019:10:56:39 -0500] "GET /sipse/faces/javax.faces.resource/theme.css?ln=primefaces-sipse HTTP/1.1" 304 -
201.245.192.253 - - [23/Dec/2019:10:56:39 -0500] "GET /sipse/faces/javax.faces.resource/primefaces.css?ln=primefaces&v=4.0 HTTP/1.1" 304 -
201.245.192.253 - - [23/Dec/2019:10:56:39 -0500] "GET /sipse/faces/javax.faces.resource/layout/layout.css?ln=primefaces&v=4.0 HTTP/1.1" 304 -
201.245.192.253 - - [23/Dec/2019:10:56:39 -0500] "GET /sipse/faces/javax.faces.resource/jquery/jquery.js?ln=primefaces&v=4.0 HTTP/1.1" 304 -
201.245.192.253 - - [23/Dec/2019:10:56:39 -0500] "GET /sipse/faces/javax.faces.resource/jquery/jquery-plugins.js?ln=primefaces&v=4.0 HTTP/1.1" 304 -
190.90.95.168 - - [23/Dec/2019:10:56:39 -0500] "GET /galeria/nivo-slider/demo/images/Banner%20Conpes.jpg HTTP/1.1" 200 55220
190.90.95.168 - - [23/Dec/2019:10:56:39 -0500] "GET /galeria/nivo-slider/demo/images/Banner%20practicas%20sostenibles.jpg HTTP/1.1" 200 142958
201.245.192.253 - - [23/Dec/2019:10:56:39 -0500] "GET /sipse/faces/javax.faces.resource/primefaces.js?ln=primefaces&v=4.0 HTTP/1.1" 304 -
201.245.192.253 - - [23/Dec/2019:10:56:39 -0500] "GET /sipse/faces/javax.faces.resource/layout/layout.js?ln=primefaces&v=4.0 HTTP/1.1" 304 -
190.90.95.168 - - [23/Dec/2019:10:56:39 -0500] "GET /galeria/nivo-slider/demo/images/Banner%20POT.png HTTP/1.1" 200 418238
190.90.95.168 - - [23/Dec/2019:10:56:39 -0500] "GET /galeria/nivo-slider/demo/images/Banneranonimos.png HTTP/1.1" 200 109388
190.90.95.168 - - [23/Dec/2019:10:56:40 -0500] "GET /galeria/nivo-slider/themes/default/arrows.png HTTP/1.1" 200 824
190.90.95.168 - - [23/Dec/2019:10:56:40 -0500] "GET /galeria/nivo-slider/themes/default/bullets.png HTTP/1.1" 200 1281
95.216.19.59 - - [23/Dec/2019:10:56:41 -0500] "GET /SIG/index.php/ECS/126PM04-PR93.pdf/?dir=Control%20Disciplinario// HTTP/1.1" 200 2985
201.245.192.253 - - [23/Dec/2019:10:56:41 -0500] "POST /sipse/faces/presentacion/financiero/solicitudProceso/consultar.xhtml HTTP/1.1" 200 12824
66.249.64.63 - - [23/Dec/2019:10:56:42 -0500] "GET /BLA/resoluciones/AUTOS%202015/2973.pdf HTTP/1.1" 200 256943
201.245.192.253 - - [23/Dec/2019:10:56:42 -0500] "POST /sipse/faces/presentacion/financiero/solicitudProceso/consultar.xhtml HTTP/1.1" 200 103305
201.245.192.253 - - [23/Dec/2019:10:56:43 -0500] "GET /sipse/faces/javax.faces.resource/primefaces.css?ln=primefaces&v=4.0 HTTP/1.1" 304 -
201.245.192.253 - - [23/Dec/2019:10:56:43 -0500] "GET /sipse/faces/javax.faces.resource/theme.css?ln=primefaces-sipse HTTP/1.1" 304 -
201.245.192.253 - - [23/Dec/2019:10:56:43 -0500] "GET /sipse/faces/javax.faces.resource/layout/layout.css?ln=primefaces&v=4.0 HTTP/1.1" 304 -
201.245.192.253 - - [23/Dec/2019:10:56:43 -0500] "GET /sipse/faces/javax.faces.resource/jquery/jquery.js?ln=primefaces&v=4.0 HTTP/1.1" 304 -
201.245.192.253 - - [23/Dec/2019:10:56:43 -0500] "GET /sipse/faces/javax.faces.resource/jquery/jquery-plugins.js?ln=primefaces&v=4.0 HTTP/1.1" 304 -
201.245.192.253 - - [23/Dec/2019:10:56:43 -0500] "GET /sipse/faces/javax.faces.resource/primefaces.js?ln=primefaces&v=4.0 HTTP/1.1" 304 -
201.245.192.253 - - [23/Dec/2019:10:56:43 -0500] "GET /sipse/faces/javax.faces.resource/layout/layout.js?ln=primefaces&v=4.0 HTTP/1.1" 304 -
95.216.19.59 - - [23/Dec/2019:10:56:44 -0500] "GET /SIG/index.php/ECS/126PM04-PR93.pdf/?dir=Control%20y%20mejora// HTTP/1.1" 200 3075
201.245.192.253 - - [23/Dec/2019:10:56:47 -0500] "POST /sipse/faces/presentacion/financiero/solicitudProceso/consultarSolicitudProceso.xhtml HTTP/1.1" 200 131563
95.216.19.59 - - [23/Dec/2019:10:56:47 -0500] "GET /SIG/index.php/ECS/126PM04-PR93.pdf/?dir=Direccionamiento%20Estrategico// HTTP/1.1" 200 4249
201.245.192.253 - - [23/Dec/2019:10:56:49 -0500] "POST /BLA/boletinlegal/admin/actos/ingresar.php HTTP/1.1" 200 6709
95.216.19.59 - - [23/Dec/2019:10:56:49 -0500] "GET /SIG/index.php/ECS/126PM04-PR93.pdf/?dir=ECS// HTTP/1.1" 200 16895
95.216.19.59 - - [23/Dec/2019:10:56:53 -0500] "GET /SIG/index.php/ECS/126PM04-PR93.pdf/?dir=Gestion%20Documental// HTTP/1.1" 200 5851
95.216.19.59 - - [23/Dec/2019:10:56:55 -0500] "GET /SIG/index.php/ECS/126PM04-PR93.pdf/?dir=Gestion%20Recursos%20Financieros// HTTP/1.1" 200 9159
54.36.150.130 - - [23/Dec/2019:10:56:57 -0500] "GET /BLA/resoluciones/RESOLUCIONES%202004/RES%202004%201001-1050/00001037.tif HTTP/1.1" 200 127328
95.216.19.59 - - [23/Dec/2019:10:56:57 -0500] "GET /SIG/index.php/ECS/126PM04-PR94.pdf/?dir=&sort=date&order=asc/ HTTP/1.1" 200 4959
95.216.19.59 - - [23/Dec/2019:10:57:01 -0500] "GET /SIG/index.php/ECS/126PM04-PR94.pdf/?dir=Gestion%20Documental// HTTP/1.1" 200 5851
95.216.19.59 - - [23/Dec/2019:10:57:03 -0500] "GET /SIG/index.php/ECS/126PM04-PR95.pdf/?dir=ECS// HTTP/1.1" 200 16895
95.216.19.59 - - [23/Dec/2019:10:57:06 -0500] "GET /SIG/index.php/Gestion%20Documental/126PA06-PR01%20CONTROL%20DOCUMENTOS%20SIG.pdf/?dir=Control%20y%20mejora//&sort=size&order=asc/ HTTP/1.1" 200 3408
95.216.19.59 - - [23/Dec/2019:10:57:08 -0500] "GET /SIG/index.php/Gestion%20Documental/126PA06-PR01%20CONTROL%20DOCUMENTOS%20SIG.pdf/?dir=Direccionamiento%20Estrategico// HTTP/1.1" 200 4545
95.216.19.59 - - [23/Dec/2019:10:57:10 -0500] "GET /SIG/index.php/Gestion%20Documental/126PA06-PR01%20CONTROL%20DOCUMENTOS%20SIG.pdf/?dir=Direccionamiento%20Estrategico//&sort=date&order=asc/ HTTP/1.1" 200 4544
95.216.19.59 - - [23/Dec/2019:10:57:12 -0500] "GET /SIG/index.php/Gestion%20Documental/126PA06-PR07%20CONTROL%20Y%20TRAMITE%20CORRESPONDENCIA%20EXT%20RECIBIDA.pdf/?dir=&sort=name&order=asc/ HTTP/1.1" 200 6167
95.216.19.59 - - [23/Dec/2019:10:57:14 -0500] "GET /SIG/index.php/Gestion%20Documental/126PA06-PR07%20CONTROL%20Y%20TRAMITE%20CORRESPONDENCIA%20EXT%20RECIBIDA.pdf/?dir=&sort=name&order=desc/ HTTP/1.1" 200 6167
95.216.19.59 - - [23/Dec/2019:10:57:16 -0500] "GET /SIG/index.php/Gestion%20Documental/126PA06-PR07%20CONTROL%20Y%20TRAMITE%20CORRESPONDENCIA%20EXT%20RECIBIDA.pdf/?dir=Comunicaciones// HTTP/1.1" 200 3650
95.216.19.59 - - [23/Dec/2019:10:57:18 -0500] "GET /SIG/index.php/Gestion%20Documental/126PA06-PR08%20CONTROL%20Y%20TRAITE%20CORRESPONDENCIA%20EXTERNA%20RECIBIDA.pdf/?dir=Control%20Disciplinario// HTTP/1.1" 200 3470
95.216.19.59 - - [23/Dec/2019:10:57:20 -0500] "GET /SIG/index.php/Gestion%20Documental/126PA06-PR08%20CONTROL%20Y%20TRAITE%20CORRESPONDENCIA%20EXTERNA%20RECIBIDA.pdf/?dir=Control%20y%20mejora// HTTP/1.1" 200 3625
201.245.192.253 - - [23/Dec/2019:10:57:21 -0500] "POST /BLA/boletinlegal/admin/actos/ingresar.php HTTP/1.1" 200 6709
95.216.19.59 - - [23/Dec/2019:10:57:22 -0500] "GET /SIG/index.php/Gestion%20Documental/126PA06-PR08%20CONTROL%20Y%20TRAITE%20CORRESPONDENCIA%20EXTERNA%20RECIBIDA.pdf/?dir=Direccionamiento%20Estrategico// HTTP/1.1" 200 4734
186.154.96.197 - - [23/Dec/2019:10:57:23 -0500] "GET /galeria/carrusel/Carrusel/jquery-ui-1.8.13.custom.min.js HTTP/1.1" 200 10800
186.154.96.197 - - [23/Dec/2019:10:57:24 -0500] "GET /galeria/nivo-slider/demo/inicio.html HTTP/1.1" 200 4435
186.154.96.197 - - [23/Dec/2019:10:57:25 -0500] "GET /galeria/nivo-slider/themes/default/default.css HTTP/1.1" 200 1569
186.154.96.197 - - [23/Dec/2019:10:57:25 -0500] "GET /galeria/nivo-slider/themes/pascal/pascal.css HTTP/1.1" 200 2258
186.154.96.197 - - [23/Dec/2019:10:57:25 -0500] "GET /galeria/nivo-slider/themes/orman/orman.css HTTP/1.1" 200 2152
186.154.96.197 - - [23/Dec/2019:10:57:25 -0500] "GET /galeria/nivo-slider/nivo-slider.css HTTP/1.1" 200 1507
186.154.96.197 - - [23/Dec/2019:10:57:25 -0500] "GET /galeria/nivo-slider/demo/style.css HTTP/1.1" 200 2222
186.154.96.197 - - [23/Dec/2019:10:57:25 -0500] "GET /galeria/nivo-slider/demo/scripts/jquery-1.7.1.min.js HTTP/1.1" 200 93868
186.154.96.197 - - [23/Dec/2019:10:57:25 -0500] "GET /galeria/nivo-slider/demo/images/diciembrecaminatas.png HTTP/1.1" 200 510724
186.154.96.197 - - [23/Dec/2019:10:57:25 -0500] "GET /galeria/nivo-slider/demo/images/Banner%20Conpes.jpg HTTP/1.1" 200 55220
186.154.96.197 - - [23/Dec/2019:10:57:25 -0500] "GET /galeria/nivo-slider/demo/images/Banner%20practicas%20sostenibles.jpg HTTP/1.1" 200 142958
95.216.19.59 - - [23/Dec/2019:10:57:25 -0500] "GET /SIG/index.php/Gestion%20Documental/126PA06-PR08%20CONTROL%20Y%20TRAITE%20CORRESPONDENCIA%20EXTERNA%20RECIBIDA.pdf/?dir=ECS// HTTP/1.1" 200 17380
186.154.96.197 - - [23/Dec/2019:10:57:26 -0500] "GET /galeria/nivo-slider/demo/images/banneragendamiento.jpg HTTP/1.1" 200 116897
186.154.96.197 - - [23/Dec/2019:10:57:26 -0500] "GET /galeria/nivo-slider/demo/images/Banner%20tinguas.jpg HTTP/1.1" 200 214878
186.154.96.197 - - [23/Dec/2019:10:57:26 -0500] "GET /galeria/nivo-slider/demo/images/banneriniciativa.jpg HTTP/1.1" 200 200385
186.154.96.197 - - [23/Dec/2019:10:57:28 -0500] "GET /galeria/nivo-slider/demo/images/Banner%20RCD.jpg HTTP/1.1" 200 92197
186.154.96.197 - - [23/Dec/2019:10:57:28 -0500] "GET /galeria/nivo-slider/demo/images/Banneranonimos.png HTTP/1.1" 200 109388
95.216.19.59 - - [23/Dec/2019:10:57:28 -0500] "GET /SIG/index.php/Gestion%20Documental/126PA06-PR08%20CONTROL%20Y%20TRAITE%20CORRESPONDENCIA%20EXTERNA%20RECIBIDA.pdf/?dir=Gestion%20Documental// HTTP/1.1" 200 6336
186.154.96.197 - - [23/Dec/2019:10:57:28 -0500] "GET /galeria/nivo-slider/demo/images/bannerjardines.jpg HTTP/1.1" 200 417948
186.154.96.197 - - [23/Dec/2019:10:57:29 -0500] "GET /galeria/nivo-slider/demo/images/bannerwebmusgo.jpg HTTP/1.1" 200 367364
186.154.96.197 - - [23/Dec/2019:10:57:29 -0500] "GET /galeria/nivo-slider/demo/images/Banner%20consumo%20sostenible%20final.jpg HTTP/1.1" 200 364746
95.216.19.59 - - [23/Dec/2019:10:57:31 -0500] "GET /SIG/index.php/Gestion%20Documental/126PA06-PR08%20CONTROL%20Y%20TRAITE%20CORRESPONDENCIA%20EXTERNA%20RECIBIDA.pdf/?dir=Gestion%20Recursos%20Financieros// HTTP/1.1" 200 9644
186.154.96.197 - - [23/Dec/2019:10:57:34 -0500] "GET /galeria/nivo-slider/demo/images/Banner%20Visor%20Geografico%20Ambiental.jpg HTTP/1.1" 200 204673
95.216.19.59 - - [23/Dec/2019:10:57:34 -0500] "GET /SIG/index.php/Gestion%20Documental/126PA06-PR09%20CIRCULARIZACION%20Y%20PRETAMO%20MATERIAL%20CENTRO%20DOCUMENTACION.pdf/?dir=&sort=date&order=asc/ HTTP/1.1" 200 6338
95.216.19.59 - - [23/Dec/2019:10:57:36 -0500] "GET /SIG/index.php/Gestion%20Documental/126PA06-PR09%20CIRCULARIZACION%20Y%20PRETAMO%20MATERIAL%20CENTRO%20DOCUMENTACION.pdf/?dir=&sort=name&order=desc/ HTTP/1.1" 200 6338
95.216.19.59 - - [23/Dec/2019:10:57:40 -0500] "GET /SIG/index.php/Gestion%20Documental/126PA06-PR09%20CIRCULARIZACION%20Y%20PRETAMO%20MATERIAL%20CENTRO%20DOCUMENTACION.pdf/?dir=&sort=size&order=asc/ HTTP/1.1" 200 6338
95.216.19.59 - - [23/Dec/2019:10:57:41 -0500] "GET /SIG/index.php/Gestion%20Documental/126PA06-PR09%20CIRCULARIZACION%20Y%20PRETAMO%20MATERIAL%20CENTRO%20DOCUMENTACION.pdf/?dir=Comunicaciones// HTTP/1.1" 200 3713
66.249.64.61 - - [23/Dec/2019:10:57:41 -0500] "GET /BLA/resoluciones/RESOLUCIONES%202010/0238.pdf HTTP/1.1" 200 504743
95.216.19.59 - - [23/Dec/2019:10:57:45 -0500] "GET /SIG/index.php/Gestion%20Documental/126PA06-PR09%20CIRCULARIZACION%20Y%20PRETAMO%20MATERIAL%20CENTRO%20DOCUMENTACION.pdf/?dir=Control%20Disciplinario// HTTP/1.1" 200 3512
95.216.19.59 - - [23/Dec/2019:10:57:47 -0500] "GET /SIG/index.php/Gestion%20Documental/126PA06-PR09%20CIRCULARIZACION%20Y%20PRETAMO%20MATERIAL%20CENTRO%20DOCUMENTACION.pdf/?dir=Control%20y%20mejora// HTTP/1.1" 200 3673
95.216.19.59 - - [23/Dec/2019:10:57:50 -0500] "GET /SIG/index.php/Gestion%20Documental/126PA06-PR09%20CIRCULARIZACION%20Y%20PRETAMO%20MATERIAL%20CENTRO%20DOCUMENTACION.pdf/?dir=Direccionamiento%20Estrategico// HTTP/1.1" 200 4776
200.93.135.157 - - [23/Dec/2019:10:57:51 -0500] "GET /BLA/boletinlegal/js/jquery.scrollShow.js HTTP/1.1" 200 4586
200.93.135.157 - - [23/Dec/2019:10:57:51 -0500] "GET /galeria/galeria/jquery.fancybox.js?v=2.1.5 HTTP/1.1" 200 48706
200.93.135.157 - - [23/Dec/2019:10:57:51 -0500] "GET /galeria/galeria/jquery.fancybox.css?v=2.1.5 HTTP/1.1" 200 4895
200.93.135.157 - - [23/Dec/2019:10:57:51 -0500] "GET /galeria/carrusel/Carrusel/jquery.thumbnailScroller.css HTTP/1.1" 200 2066
200.93.135.157 - - [23/Dec/2019:10:57:51 -0500] "GET /galeria/carrusel/Carrusel/jquery-ui-1.8.13.custom.min.js HTTP/1.1" 200 10800
200.93.135.157 - - [23/Dec/2019:10:57:51 -0500] "GET /galeria/carrusel/Carrusel/jquery.thumbnailScroller.js HTTP/1.1" 200 8157
95.216.19.59 - - [23/Dec/2019:10:57:52 -0500] "GET /SIG/index.php/Gestion%20Documental/126PA06-PR09%20CIRCULARIZACION%20Y%20PRETAMO%20MATERIAL%20CENTRO%20DOCUMENTACION.pdf/?dir=ECS// HTTP/1.1" 200 17422
200.93.135.157 - - [23/Dec/2019:10:57:54 -0500] "GET /galeria/nivo-slider/demo/inicio.html HTTP/1.1" 200 4435
200.93.135.157 - - [23/Dec/2019:10:57:54 -0500] "GET /galeria/nivo-slider/themes/default/default.css HTTP/1.1" 200 1569
200.93.135.157 - - [23/Dec/2019:10:57:54 -0500] "GET /galeria/nivo-slider/themes/pascal/pascal.css HTTP/1.1" 200 2258
200.93.135.157 - - [23/Dec/2019:10:57:54 -0500] "GET /galeria/nivo-slider/themes/orman/orman.css HTTP/1.1" 200 2152
200.93.135.157 - - [23/Dec/2019:10:57:54 -0500] "GET /galeria/nivo-slider/nivo-slider.css HTTP/1.1" 200 1507
200.93.135.157 - - [23/Dec/2019:10:57:54 -0500] "GET /galeria/nivo-slider/demo/style.css HTTP/1.1" 200 2222
200.93.135.157 - - [23/Dec/2019:10:57:54 -0500] "GET /galeria/nivo-slider/demo/scripts/jquery-1.7.1.min.js HTTP/1.1" 200 93868
200.93.135.157 - - [23/Dec/2019:10:57:54 -0500] "GET /galeria/nivo-slider/jquery.nivo.slider.pack.js HTTP/1.1" 200 11561
200.93.135.157 - - [23/Dec/2019:10:57:54 -0500] "GET /galeria/nivo-slider/demo/images/Bannercalculadora.jpg HTTP/1.1" 200 313099
200.93.135.157 - - [23/Dec/2019:10:57:54 -0500] "GET /galeria/nivo-slider/demo/images/bannerwebmusgo.jpg HTTP/1.1" 200 367364
200.93.135.157 - - [23/Dec/2019:10:57:54 -0500] "GET /galeria/nivo-slider/demo/images/banneragendamiento.jpg HTTP/1.1" 200 116897
95.216.19.59 - - [23/Dec/2019:10:57:54 -0500] "GET /SIG/index.php/Gestion%20Documental/126PA06-PR09%20CIRCULARIZACION%20Y%20PRETAMO%20MATERIAL%20CENTRO%20DOCUMENTACION.pdf/?dir=Gestion%20Documental// HTTP/1.1" 200 6378
200.93.135.157 - - [23/Dec/2019:10:57:55 -0500] "GET /galeria/nivo-slider/demo/images/bannerjardines.jpg HTTP/1.1" 200 417948
200.93.135.157 - - [23/Dec/2019:10:57:55 -0500] "GET /galeria/nivo-slider/demo/images/banneriniciativa.jpg HTTP/1.1" 200 200385
200.93.135.157 - - [23/Dec/2019:10:57:55 -0500] "GET /galeria/nivo-slider/demo/images/diciembrecaminatas.png HTTP/1.1" 200 510724
200.93.135.157 - - [23/Dec/2019:10:57:55 -0500] "GET /galeria/nivo-slider/demo/images/Banner%20tinguas.jpg HTTP/1.1" 200 214878
200.93.135.157 - - [23/Dec/2019:10:57:55 -0500] "GET /galeria/nivo-slider/demo/images/4Simple_Slider.png HTTP/1.1" 200 11722
200.93.135.157 - - [23/Dec/2019:10:57:55 -0500] "GET /galeria/nivo-slider/themes/default/loading.gif HTTP/1.1" 200 1737
200.93.135.157 - - [23/Dec/2019:10:57:55 -0500] "GET /galeria/nivo-slider/demo/images/Bannerserpiente2019.jpg HTTP/1.1" 200 270374
200.93.135.157 - - [23/Dec/2019:10:57:55 -0500] "GET /galeria/nivo-slider/demo/images/puntos%20atencion%20BANNER.jpg HTTP/1.1" 200 244208
200.93.135.157 - - [23/Dec/2019:10:57:56 -0500] "GET /galeria/nivo-slider/demo/images/Banner%20Visor%20Geografico%20Ambiental.jpg HTTP/1.1" 200 204673
200.93.135.157 - - [23/Dec/2019:10:57:56 -0500] "GET /galeria/nivo-slider/demo/images/Banner%20consumo%20sostenible%20final.jpg HTTP/1.1" 200 364746
200.93.135.157 - - [23/Dec/2019:10:57:56 -0500] "GET /galeria/nivo-slider/demo/images/Banner%20RCD.jpg HTTP/1.1" 200 92197
200.93.135.157 - - [23/Dec/2019:10:57:56 -0500] "GET /galeria/nivo-slider/demo/images/Banner%20Conpes.jpg HTTP/1.1" 200 55220
200.93.135.157 - - [23/Dec/2019:10:57:56 -0500] "GET /galeria/nivo-slider/demo/images/Banner%20practicas%20sostenibles.jpg HTTP/1.1" 200 142958
200.93.135.157 - - [23/Dec/2019:10:57:56 -0500] "GET /galeria/nivo-slider/demo/images/Banner%20POT.png HTTP/1.1" 200 418238
95.216.19.59 - - [23/Dec/2019:10:57:56 -0500] "GET /SIG/index.php/Gestion%20Documental/126PA06-PR10%20INGRESO%20Y%20CATALOGACION%20MATERIAL%20BILIOG.CENTRO%20DOCUMENTACION.pdf/?dir=Control%20y%20mejora// HTTP/1.1" 200 3705
200.93.135.157 - - [23/Dec/2019:10:57:57 -0500] "GET /galeria/nivo-slider/demo/images/Banneranonimos.png HTTP/1.1" 200 109388
200.93.135.157 - - [23/Dec/2019:10:57:57 -0500] "GET /galeria/nivo-slider/themes/default/arrows.png HTTP/1.1" 200 824
200.93.135.157 - - [23/Dec/2019:10:57:57 -0500] "GET /galeria/nivo-slider/themes/default/bullets.png HTTP/1.1" 200 1281
95.216.19.59 - - [23/Dec/2019:10:58:01 -0500] "GET /SIG/index.php/Gestion%20Documental/126PA06-PR10%20INGRESO%20Y%20CATALOGACION%20MATERIAL%20BILIOG.CENTRO%20DOCUMENTACION.pdf/?dir=Direccionamiento%20Estrategico// HTTP/1.1" 200 4804
201.245.192.253 - - [23/Dec/2019:10:58:01 -0500] "POST /BLA/boletinlegal/admin/actos/ingresar.php HTTP/1.1" 200 6709
95.216.19.59 - - [23/Dec/2019:10:58:04 -0500] "GET /SIG/index.php/Gestion%20Documental/126PA06-PR10%20INGRESO%20Y%20CATALOGACION%20MATERIAL%20BILIOG.CENTRO%20DOCUMENTACION.pdf/?dir=ECS// HTTP/1.1" 200 17450
186.84.88.49 - - [23/Dec/2019:10:58:06 -0500] "GET /BLA/boletinlegal/consulta_actos.php?tipo=resoluciones&no=2444&usuario=&sector=&fecha=2014&resuelve= HTTP/1.1" 200 1103
95.216.19.59 - - [23/Dec/2019:10:58:06 -0500] "GET /SIG/index.php/Gestion%20Recursos%20Financieros/126PA02-PR01%20ACTAS%20ANULACION-PRESUPUESTO.pdf/?dir=Comunicaciones// HTTP/1.1" 200 3607
95.216.19.59 - - [23/Dec/2019:10:58:09 -0500] "GET /SIG/index.php/Gestion%20Recursos%20Financieros/126PA02-PR01%20ACTAS%20ANULACION-PRESUPUESTO.pdf/?dir=Control%20Disciplinario// HTTP/1.1" 200 3406
186.84.88.49 - - [23/Dec/2019:10:58:09 -0500] "GET /BLA/resoluciones/RESOLUCIONES%202014/2444.pdf HTTP/1.1" 200 298318
95.216.19.59 - - [23/Dec/2019:10:58:14 -0500] "GET /SIG/index.php/Gestion%20Recursos%20Financieros/126PA02-PR02%20ACTAS%20FENECIMIENTO-PRESUPUESTO.pdf/?dir=&sort=name&order=desc/ HTTP/1.1" 200 6073
95.216.19.59 - - [23/Dec/2019:10:58:16 -0500] "GET /SIG/index.php/Gestion%20Recursos%20Financieros/126PA02-PR02%20ACTAS%20FENECIMIENTO-PRESUPUESTO.pdf/?dir=Control%20y%20mejora//&sort=size&order=asc/ HTTP/1.1" 200 3572
95.216.19.59 - - [23/Dec/2019:10:58:20 -0500] "GET /SIG/index.php/Gestion%20Recursos%20Financieros/126PA02-PR02%20ACTAS%20FENECIMIENTO-PRESUPUESTO.pdf/?dir=Control%20y%20mejora//Control%20y%20mejora// HTTP/1.1" 200 3814
191.76.202.177 - - [23/Dec/2019:10:58:21 -0500] "GET /galeria/galeria/jquery.fancybox.js?v=2.1.5 HTTP/1.1" 200 48706
191.76.202.177 - - [23/Dec/2019:10:58:21 -0500] "GET /galeria/galeria/jquery.fancybox.css?v=2.1.5 HTTP/1.1" 200 4895
191.76.202.177 - - [23/Dec/2019:10:58:21 -0500] "GET /BLA/boletinlegal/js/jquery.scrollShow.js HTTP/1.1" 200 4586
95.216.19.59 - - [23/Dec/2019:10:58:22 -0500] "GET /SIG/index.php/Gestion%20Recursos%20Financieros/126PA02-PR02%20ACTAS%20FENECIMIENTO-PRESUPUESTO.pdf/?dir=ECS//&sort=date&order=asc/ HTTP/1.1" 200 17336
95.216.19.59 - - [23/Dec/2019:10:58:24 -0500] "GET /SIG/index.php/Gestion%20Recursos%20Financieros/126PA02-PR02%20ACTAS%20FENECIMIENTO-PRESUPUESTO.pdf/?dir=ECS//&sort=name&order=desc/ HTTP/1.1" 200 17336
191.76.202.177 - - [23/Dec/2019:10:58:24 -0500] "GET /galeria/galeria/jquery.fancybox.js?v=2.1.5 HTTP/1.1" 304 -
191.76.202.177 - - [23/Dec/2019:10:58:24 -0500] "GET /BLA/boletinlegal/js/jquery.scrollShow.js HTTP/1.1" 304 -
191.76.202.177 - - [23/Dec/2019:10:58:24 -0500] "GET /galeria/galeria/jquery.fancybox.css?v=2.1.5 HTTP/1.1" 304 -
95.216.19.59 - - [23/Dec/2019:10:58:28 -0500] "GET /SIG/index.php/Gestion%20Recursos%20Financieros/126PA02-PR02%20ACTAS%20FENECIMIENTO-PRESUPUESTO.pdf/?dir=ECS//&sort=size&order=asc/ HTTP/1.1" 200 17336
95.216.19.59 - - [23/Dec/2019:10:58:31 -0500] "GET /SIG/index.php/Gestion%20Recursos%20Financieros/126PA02-PR03%20CONSTITUCION%20RESERVAS.pdf/?dir=&sort=date&order=asc/ HTTP/1.1" 200 5902
95.216.19.59 - - [23/Dec/2019:10:58:34 -0500] "GET /SIG/index.php/Gestion%20Recursos%20Financieros/126PA02-PR03%20CONSTITUCION%20RESERVAS.pdf/?dir=&sort=name&order=desc/ HTTP/1.1" 200 5902
201.245.192.253 - - [23/Dec/2019:10:58:36 -0500] "POST /BLA/boletinlegal/admin/actos/ingresar.php HTTP/1.1" 200 6709
95.216.19.59 - - [23/Dec/2019:10:58:38 -0500] "GET /SIG/index.php/Gestion%20Recursos%20Financieros/126PA02-PR03%20CONSTITUCION%20RESERVAS.pdf/?dir=&sort=size&order=asc/ HTTP/1.1" 200 5902
95.216.19.59 - - [23/Dec/2019:10:58:40 -0500] "GET /SIG/index.php/Gestion%20Recursos%20Financieros/126PA02-PR03%20CONSTITUCION%20RESERVAS.pdf/?dir=Comunicaciones// HTTP/1.1" 200 3565
66.249.64.61 - - [23/Dec/2019:10:58:41 -0500] "GET /BLA/resoluciones/RESOLUCIONES%202014/2523.pdf HTTP/1.1" 200 608331
95.216.19.59 - - [23/Dec/2019:10:58:42 -0500] "GET /SIG/index.php/Gestion%20Recursos%20Financieros/126PA02-PR03%20CONSTITUCION%20RESERVAS.pdf/?dir=Control%20Disciplinario// HTTP/1.1" 200 3364
95.216.19.59 - - [23/Dec/2019:10:58:44 -0500] "GET /SIG/index.php/Gestion%20Recursos%20Financieros/126PA02-PR03%20CONSTITUCION%20RESERVAS.pdf/?dir=Control%20y%20mejora// HTTP/1.1" 200 3501
95.216.19.59 - - [23/Dec/2019:10:58:48 -0500] "GET /SIG/index.php/Gestion%20Recursos%20Financieros/126PA02-PR03%20CONSTITUCION%20RESERVAS.pdf/?dir=Direccionamiento%20Estrategico// HTTP/1.1" 200 4628
190.157.192.147 - - [23/Dec/2019:10:58:50 -0500] "GET /BLA/boletinlegal/js/jquery.scrollShow.js HTTP/1.1" 200 4586
95.216.19.59 - - [23/Dec/2019:10:58:50 -0500] "GET /SIG/index.php/Gestion%20Recursos%20Financieros/126PA02-PR03%20CONSTITUCION%20RESERVAS.pdf/?dir=ECS// HTTP/1.1" 200 17274
190.157.192.147 - - [23/Dec/2019:10:58:51 -0500] "GET /galeria/galeria/jquery.fancybox.css?v=2.1.5 HTTP/1.1" 200 4895
190.157.192.147 - - [23/Dec/2019:10:58:51 -0500] "GET /galeria/galeria/jquery.fancybox.js?v=2.1.5 HTTP/1.1" 200 48706
201.245.192.253 - - [23/Dec/2019:10:59:07 -0500] "GET /galeria/nivo-slider/demo/inicio.html HTTP/1.1" 304 -
201.245.192.253 - - [23/Dec/2019:10:59:07 -0500] "GET /galeria/nivo-slider/demo/images/Bannercalculadora.jpg HTTP/1.1" 304 -
201.245.192.253 - - [23/Dec/2019:10:59:07 -0500] "GET /galeria/nivo-slider/demo/images/bannerwebmusgo.jpg HTTP/1.1" 304 -
201.245.192.253 - - [23/Dec/2019:10:59:07 -0500] "GET /galeria/nivo-slider/demo/images/bannerjardines.jpg HTTP/1.1" 304 -
201.245.192.253 - - [23/Dec/2019:10:59:07 -0500] "GET /galeria/nivo-slider/demo/images/banneriniciativa.jpg HTTP/1.1" 304 -
201.245.192.253 - - [23/Dec/2019:10:59:07 -0500] "GET /galeria/nivo-slider/demo/images/diciembrecaminatas.png HTTP/1.1" 304 -
201.234.67.132 - - [23/Dec/2019:10:59:19 -0500] "GET /BLA/resoluciones/RESOLUCIONES%202010/2300.pdf HTTP/1.1" 200 803943
190.216.154.166 - - [23/Dec/2019:10:59:23 -0500] "GET /galeria/galeria/jquery.fancybox.js?v=2.1.5 HTTP/1.1" 200 48706
190.216.154.166 - - [23/Dec/2019:10:59:23 -0500] "GET /BLA/boletinlegal/js/jquery.scrollShow.js HTTP/1.1" 200 4586
190.216.154.166 - - [23/Dec/2019:10:59:23 -0500] "GET /galeria/galeria/jquery.fancybox.css?v=2.1.5 HTTP/1.1" 200 4895
190.216.154.166 - - [23/Dec/2019:10:59:23 -0500] "GET /galeria/carrusel/Carrusel/jquery.thumbnailScroller.css HTTP/1.1" 200 2066
190.216.154.166 - - [23/Dec/2019:10:59:23 -0500] "GET /galeria/carrusel/Carrusel/jquery-ui-1.8.13.custom.min.js HTTP/1.1" 200 10800
190.216.154.166 - - [23/Dec/2019:10:59:23 -0500] "GET /galeria/carrusel/Carrusel/jquery.thumbnailScroller.js HTTP/1.1" 200 8157
201.234.67.132 - - [23/Dec/2019:10:59:25 -0500] "GET /favicon.ico HTTP/1.1" 304 -
190.216.154.166 - - [23/Dec/2019:10:59:32 -0500] "GET /galeria/nivo-slider/demo/inicio.html HTTP/1.1" 200 4435
190.216.154.166 - - [23/Dec/2019:10:59:33 -0500] "GET /galeria/nivo-slider/themes/default/default.css HTTP/1.1" 200 1569
190.216.154.166 - - [23/Dec/2019:10:59:33 -0500] "GET /galeria/nivo-slider/themes/pascal/pascal.css HTTP/1.1" 200 2258
190.216.154.166 - - [23/Dec/2019:10:59:33 -0500] "GET /galeria/nivo-slider/themes/orman/orman.css HTTP/1.1" 200 2152
190.216.154.166 - - [23/Dec/2019:10:59:34 -0500] "GET /galeria/nivo-slider/demo/style.css HTTP/1.1" 200 2222
190.216.154.166 - - [23/Dec/2019:10:59:34 -0500] "GET /galeria/nivo-slider/nivo-slider.css HTTP/1.1" 200 1507
190.216.154.166 - - [23/Dec/2019:10:59:34 -0500] "GET /galeria/nivo-slider/demo/scripts/jquery-1.7.1.min.js HTTP/1.1" 200 93868
190.216.154.166 - - [23/Dec/2019:10:59:34 -0500] "GET /galeria/nivo-slider/demo/images/Bannercalculadora.jpg HTTP/1.1" 200 313099
190.216.154.166 - - [23/Dec/2019:10:59:34 -0500] "GET /galeria/nivo-slider/jquery.nivo.slider.pack.js HTTP/1.1" 200 11561
190.216.154.166 - - [23/Dec/2019:10:59:34 -0500] "GET /galeria/nivo-slider/demo/images/bannerwebmusgo.jpg HTTP/1.1" 200 367364
190.216.154.166 - - [23/Dec/2019:10:59:35 -0500] "GET /galeria/nivo-slider/demo/images/banneragendamiento.jpg HTTP/1.1" 200 116897
190.216.154.166 - - [23/Dec/2019:10:59:35 -0500] "GET /galeria/nivo-slider/demo/images/bannerjardines.jpg HTTP/1.1" 200 417948
190.216.154.166 - - [23/Dec/2019:10:59:35 -0500] "GET /galeria/nivo-slider/themes/default/loading.gif HTTP/1.1" 200 1737
190.216.154.166 - - [23/Dec/2019:10:59:35 -0500] "GET /galeria/nivo-slider/demo/images/4Simple_Slider.png HTTP/1.1" 200 11722
190.216.154.166 - - [23/Dec/2019:10:59:35 -0500] "GET /galeria/nivo-slider/demo/images/banneriniciativa.jpg HTTP/1.1" 200 200385
190.216.154.166 - - [23/Dec/2019:10:59:35 -0500] "GET /galeria/nivo-slider/demo/images/diciembrecaminatas.png HTTP/1.1" 200 510724
190.216.154.166 - - [23/Dec/2019:10:59:36 -0500] "GET /galeria/nivo-slider/demo/images/Banner%20tinguas.jpg HTTP/1.1" 200 214878
190.216.154.166 - - [23/Dec/2019:10:59:36 -0500] "GET /galeria/nivo-slider/demo/images/Bannerserpiente2019.jpg HTTP/1.1" 200 270374
190.216.154.166 - - [23/Dec/2019:10:59:36 -0500] "GET /galeria/nivo-slider/demo/images/puntos%20atencion%20BANNER.jpg HTTP/1.1" 200 244208
190.216.154.166 - - [23/Dec/2019:10:59:37 -0500] "GET /galeria/nivo-slider/demo/images/Banner%20Visor%20Geografico%20Ambiental.jpg HTTP/1.1" 200 204673
190.216.154.166 - - [23/Dec/2019:10:59:37 -0500] "GET /galeria/nivo-slider/demo/images/Banner%20consumo%20sostenible%20final.jpg HTTP/1.1" 200 364746
190.216.154.166 - - [23/Dec/2019:10:59:37 -0500] "GET /galeria/nivo-slider/demo/images/Banner%20RCD.jpg HTTP/1.1" 200 92197
190.216.154.166 - - [23/Dec/2019:10:59:37 -0500] "GET /galeria/nivo-slider/demo/images/Banner%20Conpes.jpg HTTP/1.1" 200 55220
190.216.154.166 - - [23/Dec/2019:10:59:37 -0500] "GET /galeria/nivo-slider/demo/images/Banner%20practicas%20sostenibles.jpg HTTP/1.1" 200 142958
190.216.154.166 - - [23/Dec/2019:10:59:38 -0500] "GET /galeria/nivo-slider/demo/images/Banneranonimos.png HTTP/1.1" 200 109388
190.216.154.166 - - [23/Dec/2019:10:59:38 -0500] "GET /galeria/nivo-slider/demo/images/Banner%20POT.png HTTP/1.1" 200 418238
190.216.154.166 - - [23/Dec/2019:10:59:39 -0500] "GET /galeria/nivo-slider/themes/default/arrows.png HTTP/1.1" 200 824
190.216.154.166 - - [23/Dec/2019:10:59:39 -0500] "GET /galeria/nivo-slider/themes/default/bullets.png HTTP/1.1" 200 1281
201.245.192.253 - - [23/Dec/2019:10:59:34 -0500] "POST /sipse/faces/presentacion/financiero/solicitudProceso/consultarSolicitudProceso.xhtml HTTP/1.1" 200 43554
201.245.192.253 - - [23/Dec/2019:10:59:42 -0500] "GET /sipse/faces/javax.faces.resource/theme.css?ln=primefaces-sipse HTTP/1.1" 304 -
201.245.192.253 - - [23/Dec/2019:10:59:42 -0500] "GET /sipse/faces/javax.faces.resource/layout/layout.css?ln=primefaces&v=4.0 HTTP/1.1" 304 -
201.245.192.253 - - [23/Dec/2019:10:59:42 -0500] "GET /sipse/faces/javax.faces.resource/primefaces.css?ln=primefaces&v=4.0 HTTP/1.1" 304 -
201.245.192.253 - - [23/Dec/2019:10:59:43 -0500] "GET /sipse/faces/javax.faces.resource/jquery/jquery.js?ln=primefaces&v=4.0 HTTP/1.1" 304 -
201.245.192.253 - - [23/Dec/2019:10:59:43 -0500] "GET /sipse/faces/javax.faces.resource/jquery/jquery-plugins.js?ln=primefaces&v=4.0 HTTP/1.1" 304 -
201.245.192.253 - - [23/Dec/2019:10:59:43 -0500] "GET /sipse/faces/javax.faces.resource/primefaces.js?ln=primefaces&v=4.0 HTTP/1.1" 304 -
201.245.192.253 - - [23/Dec/2019:10:59:43 -0500] "GET /sipse/faces/javax.faces.resource/layout/layout.js?ln=primefaces&v=4.0 HTTP/1.1" 304 -
201.245.192.253 - - [23/Dec/2019:10:59:43 -0500] "POST /sipse/faces/presentacion/financiero/solicitudProceso/consultar.xhtml HTTP/1.1" 200 36820
201.245.192.253 - - [23/Dec/2019:10:59:43 -0500] "POST /sipse/faces/presentacion/financiero/solicitudProceso/consultar.xhtml HTTP/1.1" 200 36820
66.249.64.59 - - [23/Dec/2019:10:59:43 -0500] "GET /BLA/resoluciones/AUTOS%202015/3430.pdf HTTP/1.1" 200 522856
201.245.192.253 - - [23/Dec/2019:10:59:44 -0500] "POST /sipse/faces/presentacion/financiero/solicitudProceso/consultar.xhtml HTTP/1.1" 200 12834
201.245.192.253 - - [23/Dec/2019:10:59:53 -0500] "POST /sipse/faces/presentacion/financiero/solicitudProceso/consultar.xhtml HTTP/1.1" 200 35803
201.245.192.253 - - [23/Dec/2019:10:59:54 -0500] "GET /sipse/faces/javax.faces.resource/theme.css?ln=primefaces-sipse HTTP/1.1" 304 -
201.245.192.253 - - [23/Dec/2019:10:59:54 -0500] "GET /sipse/faces/javax.faces.resource/primefaces.css?ln=primefaces&v=4.0 HTTP/1.1" 304 -
201.245.192.253 - - [23/Dec/2019:10:59:54 -0500] "GET /sipse/faces/javax.faces.resource/layout/layout.css?ln=primefaces&v=4.0 HTTP/1.1" 304 -
201.245.192.253 - - [23/Dec/2019:10:59:54 -0500] "GET /sipse/faces/javax.faces.resource/jquery/jquery.js?ln=primefaces&v=4.0 HTTP/1.1" 304 -
201.245.192.253 - - [23/Dec/2019:10:59:54 -0500] "GET /sipse/faces/javax.faces.resource/jquery/jquery-plugins.js?ln=primefaces&v=4.0 HTTP/1.1" 304 -
201.245.192.253 - - [23/Dec/2019:10:59:54 -0500] "GET /sipse/faces/javax.faces.resource/primefaces.js?ln=primefaces&v=4.0 HTTP/1.1" 304 -
201.245.192.253 - - [23/Dec/2019:10:59:54 -0500] "GET /sipse/faces/javax.faces.resource/layout/layout.js?ln=primefaces&v=4.0 HTTP/1.1" 304 -
201.245.192.253 - - [23/Dec/2019:10:59:54 -0500] "POST /sipse/faces/presentacion/financiero/solicitudProceso/listarSolicitudProceso.xhtml HTTP/1.1" 200 29043
201.245.192.253 - - [23/Dec/2019:10:59:54 -0500] "POST /sipse/faces/presentacion/financiero/solicitudProceso/listarSolicitudProceso.xhtml HTTP/1.1" 200 29043
201.245.192.253 - - [23/Dec/2019:10:59:54 -0500] "GET /galeria/nivo-slider/demo/images/Banner%20tinguas.jpg HTTP/1.1" 304 -
201.245.192.253 - - [23/Dec/2019:10:59:54 -0500] "POST /sipse/faces/presentacion/financiero/solicitudProceso/listarSolicitudProceso.xhtml HTTP/1.1" 200 29043
201.245.192.253 - - [23/Dec/2019:10:59:55 -0500] "POST /sipse/faces/presentacion/financiero/solicitudProceso/listarSolicitudProceso.xhtml HTTP/1.1" 200 1344
201.245.192.253 - - [23/Dec/2019:10:59:55 -0500] "POST /sipse/faces/presentacion/financiero/solicitudProceso/listarSolicitudProceso.xhtml HTTP/1.1" 200 1344
201.245.192.253 - - [23/Dec/2019:10:59:56 -0500] "POST /sipse/faces/presentacion/financiero/solicitudProceso/listarSolicitudProceso.xhtml HTTP/1.1" 200 1344
201.245.192.253 - - [23/Dec/2019:10:59:57 -0500] "POST /sipse/faces/presentacion/financiero/solicitudProceso/listarSolicitudProceso.xhtml HTTP/1.1" 200 1344
201.245.192.253 - - [23/Dec/2019:10:59:59 -0500] "POST /sipse/faces/presentacion/financiero/solicitudProceso/listarSolicitudProceso.xhtml HTTP/1.1" 200 6809
201.245.192.253 - - [23/Dec/2019:10:59:59 -0500] "POST /BLA/boletinlegal/admin/actos/ingresar.php HTTP/1.1" 200 6709
201.245.192.253 - - [23/Dec/2019:10:59:59 -0500] "POST /sipse/faces/presentacion/financiero/solicitudProceso/listarSolicitudProceso.xhtml HTTP/1.1" 200 109864
201.245.192.253 - - [23/Dec/2019:11:00:00 -0500] "GET /sipse/faces/javax.faces.resource/theme.css?ln=primefaces-sipse HTTP/1.1" 304 -
201.245.192.253 - - [23/Dec/2019:11:00:00 -0500] "GET /sipse/faces/javax.faces.resource/primefaces.css?ln=primefaces&v=4.0 HTTP/1.1" 304 -
201.245.192.253 - - [23/Dec/2019:11:00:00 -0500] "GET /sipse/faces/javax.faces.resource/layout/layout.css?ln=primefaces&v=4.0 HTTP/1.1" 304 -
201.245.192.253 - - [23/Dec/2019:11:00:00 -0500] "GET /sipse/faces/javax.faces.resource/jquery/jquery.js?ln=primefaces&v=4.0 HTTP/1.1" 304 -
201.245.192.253 - - [23/Dec/2019:11:00:00 -0500] "GET /sipse/faces/javax.faces.resource/jquery/jquery-plugins.js?ln=primefaces&v=4.0 HTTP/1.1" 304 -
201.245.192.253 - - [23/Dec/2019:11:00:00 -0500] "GET /sipse/faces/javax.faces.resource/primefaces.js?ln=primefaces&v=4.0 HTTP/1.1" 304 -
201.245.192.253 - - [23/Dec/2019:11:00:00 -0500] "GET /sipse/faces/javax.faces.resource/layout/layout.js?ln=primefaces&v=4.0 HTTP/1.1" 304 -
186.84.135.185 - - [23/Dec/2019:11:00:03 -0500] "GET /BLA/resoluciones/RESOLUCIONES%202017/1631.pdf HTTP/1.1" 200 289635
186.84.135.185 - - [23/Dec/2019:11:00:04 -0500] "GET /favicon.ico HTTP/1.1" 200 7782
46.229.168.129 - - [23/Dec/2019:11:00:06 -0500] "GET /robots.txt HTTP/1.1" 404 1019
46.229.168.133 - - [23/Dec/2019:11:00:06 -0500] "GET /Autoliquidacion/index.php?dir=TR%C3%83%C2%83%C3%82%C2%83%C3%83%C2%82%C3%82%C2%83%C3%83%C2%83%C3%82%C2%82%C3%83%C2%82%C3%82%C2%83%C3%83%C2%83%C3%82%C2%83%C3%83%C2%82%C3%82%C2%82%C3%83%C2%83%C3%82%C2%82%C3%83%C2%82%C3%82%C2%81MITES%2BVERTIMIENTOS%2F&order=asc&sort=date HTTP/1.1" 200 6784
201.245.192.253 - - [23/Dec/2019:11:00:06 -0500] "POST /sipse/faces/presentacion/financiero/solicitudProceso/consultarSolicitudProceso.xhtml HTTP/1.1" 200 36292
201.245.192.253 - - [23/Dec/2019:11:00:08 -0500] "GET /sipse/faces/javax.faces.resource/theme.css?ln=primefaces-sipse HTTP/1.1" 304 -
201.245.192.253 - - [23/Dec/2019:11:00:08 -0500] "GET /sipse/faces/javax.faces.resource/primefaces.css?ln=primefaces&v=4.0 HTTP/1.1" 304 -
201.245.192.253 - - [23/Dec/2019:11:00:08 -0500] "GET /sipse/faces/javax.faces.resource/layout/layout.css?ln=primefaces&v=4.0 HTTP/1.1" 304 -
201.245.192.253 - - [23/Dec/2019:11:00:08 -0500] "GET /sipse/faces/javax.faces.resource/jquery/jquery.js?ln=primefaces&v=4.0 HTTP/1.1" 304 -
201.245.192.253 - - [23/Dec/2019:11:00:08 -0500] "GET /sipse/faces/javax.faces.resource/jquery/jquery-plugins.js?ln=primefaces&v=4.0 HTTP/1.1" 304 -
201.245.192.253 - - [23/Dec/2019:11:00:08 -0500] "GET /sipse/faces/javax.faces.resource/primefaces.js?ln=primefaces&v=4.0 HTTP/1.1" 304 -
201.245.192.253 - - [23/Dec/2019:11:00:08 -0500] "GET /sipse/faces/javax.faces.resource/layout/layout.js?ln=primefaces&v=4.0 HTTP/1.1" 304 -
201.245.192.253 - - [23/Dec/2019:11:00:08 -0500] "GET /sipse/faces/javax.faces.resource/messages/messages.png?ln=primefaces&v=4.0 HTTP/1.1" 304 -
201.245.192.253 - - [23/Dec/2019:11:00:08 -0500] "POST /sipse/faces/presentacion/financiero/solicitudProceso/listarSolicitudProceso.xhtml HTTP/1.1" 200 1344
201.245.192.253 - - [23/Dec/2019:11:00:10 -0500] "POST /sipse/faces/presentacion/financiero/solicitudProceso/listarSolicitudProceso.xhtml HTTP/1.1" 200 32509
201.245.192.253 - - [23/Dec/2019:11:00:34 -0500] "POST /sipse/faces/presentacion/financiero/solicitudProceso/listarSolicitudProceso.xhtml HTTP/1.1" 200 23928
201.245.192.253 - - [23/Dec/2019:11:00:34 -0500] "POST /sipse/faces/presentacion/financiero/solicitudProceso/listarSolicitudProceso.xhtml HTTP/1.1" 200 23928
201.245.192.253 - - [23/Dec/2019:11:00:34 -0500] "POST /sipse/faces/presentacion/financiero/solicitudProceso/listarSolicitudProceso.xhtml HTTP/1.1" 200 1324
201.245.192.253 - - [23/Dec/2019:11:00:34 -0500] "POST /sipse/faces/presentacion/financiero/solicitudProceso/listarSolicitudProceso.xhtml HTTP/1.1" 200 1376
201.245.192.253 - - [23/Dec/2019:11:00:34 -0500] "POST /portaldeninos/wp-admin/admin-ajax.php HTTP/1.1" 200 47
201.245.192.253 - - [23/Dec/2019:11:00:36 -0500] "POST /sipse/faces/presentacion/financiero/solicitudProceso/listarSolicitudProceso.xhtml HTTP/1.1" 200 32326
201.245.192.253 - - [23/Dec/2019:11:00:36 -0500] "POST /sipse/faces/presentacion/financiero/solicitudProceso/listarSolicitudProceso.xhtml HTTP/1.1" 200 32326
201.245.192.253 - - [23/Dec/2019:11:00:37 -0500] "POST /sipse/faces/presentacion/financiero/solicitudProceso/listarSolicitudProceso.xhtml HTTP/1.1" 200 1376
201.245.192.253 - - [23/Dec/2019:11:00:37 -0500] "POST /sipse/faces/presentacion/financiero/solicitudProceso/listarSolicitudProceso.xhtml HTTP/1.1" 200 1376
201.245.192.253 - - [23/Dec/2019:11:00:36 -0500] "GET /portaldeninos/wp-admin/index.php HTTP/1.1" 200 84676
201.245.192.253 - - [23/Dec/2019:11:00:37 -0500] "GET /portaldeninos/wp-content/themes/betheme/functions/builder/css/style.css?ver=1577116806 HTTP/1.1" 200 28422
201.245.192.253 - - [23/Dec/2019:11:00:38 -0500] "GET /portaldeninos/wp-content/themes/betheme/functions/builder/js/scripts.js?ver=1577116806 HTTP/1.1" 200 38718
66.249.64.63 - - [23/Dec/2019:11:00:39 -0500] "GET /BLA/resoluciones/AUTOS%202009/1058.pdf HTTP/1.1" 200 108828
201.245.192.253 - - [23/Dec/2019:11:00:39 -0500] "POST /sipse/faces/presentacion/financiero/solicitudProceso/listarSolicitudProceso.xhtml HTTP/1.1" 200 104752
201.245.192.253 - - [23/Dec/2019:11:00:40 -0500] "GET /sipse/faces/javax.faces.resource/theme.css?ln=primefaces-sipse HTTP/1.1" 304 -
201.245.192.253 - - [23/Dec/2019:11:00:40 -0500] "GET /sipse/faces/javax.faces.resource/primefaces.css?ln=primefaces&v=4.0 HTTP/1.1" 304 -
201.245.192.253 - - [23/Dec/2019:11:00:40 -0500] "GET /sipse/faces/javax.faces.resource/layout/layout.css?ln=primefaces&v=4.0 HTTP/1.1" 304 -
201.245.192.253 - - [23/Dec/2019:11:00:40 -0500] "GET /sipse/faces/javax.faces.resource/jquery/jquery.js?ln=primefaces&v=4.0 HTTP/1.1" 304 -
201.245.192.253 - - [23/Dec/2019:11:00:40 -0500] "GET /sipse/faces/javax.faces.resource/jquery/jquery-plugins.js?ln=primefaces&v=4.0 HTTP/1.1" 304 -
201.245.192.253 - - [23/Dec/2019:11:00:40 -0500] "GET /sipse/faces/javax.faces.resource/primefaces.js?ln=primefaces&v=4.0 HTTP/1.1" 304 -
201.245.192.253 - - [23/Dec/2019:11:00:40 -0500] "GET /sipse/faces/javax.faces.resource/layout/layout.js?ln=primefaces&v=4.0 HTTP/1.1" 304 -
201.245.192.253 - - [23/Dec/2019:11:00:40 -0500] "GET /sipse/faces/javax.faces.resource/spacer/dot_clear.gif?ln=primefaces&v=4.0 HTTP/1.1" 304 -
201.245.192.253 - - [23/Dec/2019:11:00:41 -0500] "POST /BLA/boletinlegal/admin/actos/ingresar.php HTTP/1.1" 200 6709
69.162.124.232 - - [23/Dec/2019:11:00:54 -0500] "HEAD / HTTP/1.1" 200 -
186.84.88.49 - - [23/Dec/2019:11:01:09 -0500] "GET /BLA/boletinlegal/consulta_actos.php?tipo=resoluciones&no=2539&usuario=&sector=&fecha=2013&resuelve= HTTP/1.1" 200 626
