66.249.88.19 - - [29/Dec/2019:02:33:00 -0500] "GET /galeria/nivo-slider/demo/images/Banner%20tinguas.jpg HTTP/1.1" 200 214878
66.249.88.19 - - [29/Dec/2019:02:33:01 -0500] "GET /galeria/nivo-slider/demo/images/Bannerserpiente2019.jpg HTTP/1.1" 200 270374
66.249.88.25 - - [29/Dec/2019:02:33:01 -0500] "GET /galeria/nivo-slider/demo/images/puntos%20atencion%20BANNER.jpg HTTP/1.1" 200 244208
66.249.88.23 - - [29/Dec/2019:02:33:01 -0500] "GET /galeria/nivo-slider/demo/images/Banner%20Visor%20Geografico%20Ambiental.jpg HTTP/1.1" 200 204673
66.249.88.19 - - [29/Dec/2019:02:33:02 -0500] "GET /galeria/nivo-slider/demo/images/Banner%20consumo%20sostenible%20final.jpg HTTP/1.1" 200 364746
66.249.88.25 - - [29/Dec/2019:02:33:02 -0500] "GET /galeria/nivo-slider/demo/images/Banner%20RCD.jpg HTTP/1.1" 200 92197
66.249.88.23 - - [29/Dec/2019:02:33:02 -0500] "GET /galeria/nivo-slider/demo/images/Banner%20Conpes.jpg HTTP/1.1" 200 55220
66.249.64.61 - - [29/Dec/2019:02:33:02 -0500] "GET /BLA/resoluciones/Autos%202008/0039.pdf HTTP/1.1" 200 92891
66.249.88.23 - - [29/Dec/2019:02:33:02 -0500] "GET /galeria/nivo-slider/demo/images/Banner%20practicas%20sostenibles.jpg HTTP/1.1" 200 142958
66.249.88.19 - - [29/Dec/2019:02:33:03 -0500] "GET /galeria/nivo-slider/demo/images/Banner%20POT.png HTTP/1.1" 200 418238
66.249.88.19 - - [29/Dec/2019:02:33:03 -0500] "GET /galeria/nivo-slider/demo/images/Banneranonimos.png HTTP/1.1" 200 109388
66.249.88.25 - - [29/Dec/2019:02:33:04 -0500] "GET /galeria/nivo-slider/themes/default/arrows.png HTTP/1.1" 200 824
66.249.88.25 - - [29/Dec/2019:02:33:04 -0500] "GET /galeria/nivo-slider/themes/default/bullets.png HTTP/1.1" 200 1281
66.249.64.63 - - [29/Dec/2019:02:33:15 -0500] "GET /resoluciones/RESOLUCIONES%202008/2514.pdf HTTP/1.1" 404 1018
159.138.159.31 - - [29/Dec/2019:02:33:20 -0500] "GET /BLA/resoluciones/index.php?dir=RESOLUCIONES%2B1997%2F&sort=name&order=asc HTTP/1.1" 200 12073
46.229.168.141 - - [29/Dec/2019:02:33:26 -0500] "GET /Autoliquidacion/index.php?dir=TR%C3%83%C2%83%C3%82%C2%83%C3%83%C2%82%C3%82%C2%83%C3%83%C2%83%C3%82%C2%82%C3%83%C2%82%C3%82%C2%81MITES%2BACEITES-RESIDUOS-ESTACIONES%2F HTTP/1.1" 200 6733
66.249.64.59 - - [29/Dec/2019:02:33:35 -0500] "GET /BLA/resoluciones/AUTOS%202015/4784.pdf HTTP/1.1" 200 486775
69.162.124.232 - - [29/Dec/2019:02:33:59 -0500] "HEAD / HTTP/1.1" 200 -
66.249.64.59 - - [29/Dec/2019:02:34:28 -0500] "GET /resoluciones/RESOLUCIONES%202009/3864.pdf HTTP/1.1" 404 1018
66.249.64.30 - - [29/Dec/2019:02:34:52 -0500] "GET /portel_dama/libreria/php/2006/ECOSISTEMAS%20FINAL%20web_mz27/x%20restauracion/sitio/55_artic/xtras/10.pdf HTTP/1.1" 404 1019
66.249.64.59 - - [29/Dec/2019:02:34:55 -0500] "GET /BLA/resoluciones/RESOLUCIONES%202010/5717.pdf HTTP/1.1" 200 83552
159.138.156.172 - - [29/Dec/2019:02:34:57 -0500] "GET /BLA/resoluciones/index.php?dir=Notificaciones%2FAUTOS%2B1988%2F&sort=date&order=desc HTTP/1.1" 200 12113
66.249.64.61 - - [29/Dec/2019:02:35:12 -0500] "GET /BLA/resoluciones/RESOLUCIONES%202008/1806.pdf HTTP/1.1" 200 49644
66.249.64.61 - - [29/Dec/2019:02:35:25 -0500] "GET /BLA/resoluciones/AUTOS%202009/2743.pdf HTTP/1.1" 200 88418
93.160.60.22 - - [29/Dec/2019:02:35:54 -0500] "GET / HTTP/1.1" 200 9990
66.249.64.59 - - [29/Dec/2019:02:36:01 -0500] "GET /BLA/resoluciones/RESOLUCIONES%202011/5111.pdf HTTP/1.1" 200 489481
159.138.155.138 - - [29/Dec/2019:02:36:44 -0500] "GET /BLA/resoluciones/index.php?dir=Notificaciones%2FAUTOS%2B2018%2F HTTP/1.1" 200 12114
159.138.153.150 - - [29/Dec/2019:02:36:47 -0500] "GET /BLA/resoluciones/index.php?dir=RESOLUCIONES%2B1994%2F&sort=size&order=desc HTTP/1.1" 200 12072
66.249.64.63 - - [29/Dec/2019:02:36:50 -0500] "GET /BLA/resoluciones/RESOLUCIONES%202011/5714.pdf HTTP/1.1" 200 1080412
201.245.192.253 - - [29/Dec/2019:02:36:30 -0500] "POST /kwsrmcab/Wsrmcab HTTP/1.1" 200 32418
36.85.216.126 - - [29/Dec/2019:02:37:25 -0500] "GET / HTTP/1.1" 200 9990
190.157.235.160 - - [29/Dec/2019:02:37:36 -0500] "GET /galeria/galeria/jquery.fancybox.css?v=2.1.5 HTTP/1.1" 200 4895
190.157.235.160 - - [29/Dec/2019:02:37:36 -0500] "GET /BLA/boletinlegal/js/jquery.scrollShow.js HTTP/1.1" 200 4586
190.157.235.160 - - [29/Dec/2019:02:37:36 -0500] "GET /galeria/galeria/jquery.fancybox.js?v=2.1.5 HTTP/1.1" 200 48706
66.249.64.63 - - [29/Dec/2019:02:37:38 -0500] "GET /BLA/resoluciones/RESOLUCIONES%202014/1050.pdf HTTP/1.1" 200 879699
66.249.64.59 - - [29/Dec/2019:02:37:50 -0500] "GET /BLA/resoluciones/Autos%202008/2444.pdf HTTP/1.1" 200 119969
66.249.64.61 - - [29/Dec/2019:02:38:05 -0500] "GET /BLA/resoluciones/AUTOS%202011/1724.pdf HTTP/1.1" 200 147159
66.249.64.59 - - [29/Dec/2019:02:38:27 -0500] "GET /BLA/resoluciones/AUTOS%202011/5709.pdf HTTP/1.1" 200 252973
69.162.124.232 - - [29/Dec/2019:02:38:59 -0500] "HEAD / HTTP/1.1" 200 -
66.249.64.59 - - [29/Dec/2019:02:39:16 -0500] "GET /BLA/resoluciones/Notificaciones/AUTOS%202014/4638.doc HTTP/1.1" 200 97280
159.138.150.26 - - [29/Dec/2019:02:39:30 -0500] "GET /galeria/galeria/fotos/Huemdal-%0A%0ACordoba3P.jpg HTTP/1.1" 403 1006
66.249.64.61 - - [29/Dec/2019:02:40:04 -0500] "GET /BLA/resoluciones/RESOLUCIONES%202017/1938.pdf HTTP/1.1" 200 585929
216.244.66.197 - - [29/Dec/2019:02:40:20 -0500] "GET /dama/libreria/pdf/pies_doc.pdf HTTP/1.1" 404 1019
159.138.154.227 - - [29/Dec/2019:02:40:35 -0500] "GET /BLA/resoluciones/index.php?dir=Notificaciones/AUTOS%2B2019/&sort=size&order=desc HTTP/1.1" 200 12113
66.249.64.59 - - [29/Dec/2019:02:40:53 -0500] "GET /BLA/resoluciones/RESOLUCIONES%202008/4085.pdf HTTP/1.1" 200 583260
66.249.64.63 - - [29/Dec/2019:02:41:42 -0500] "GET /BLA/resoluciones/RESOLUCIONES%202008/2479.pdf HTTP/1.1" 200 208034
66.249.64.63 - - [29/Dec/2019:02:42:14 -0500] "GET /BLA/resoluciones/RESOLUCIONES%202007/RES%202007%201501%20AL%201600/RESOLUCION%201505%20DE%202007.pdf HTTP/1.1" 200 150361
66.249.64.59 - - [29/Dec/2019:02:42:30 -0500] "GET /BLA/resoluciones/RESOLUCIONES%202009/5201.pdf HTTP/1.1" 200 192228
66.249.64.59 - - [29/Dec/2019:02:43:19 -0500] "GET /sig/Gesti%C3%B3n%20Talento%20Humano/126PA01-PR04.pdf HTTP/1.1" 200 45000
69.162.124.232 - - [29/Dec/2019:02:43:59 -0500] "HEAD / HTTP/1.1" 200 -
66.249.64.59 - - [29/Dec/2019:02:44:08 -0500] "GET /BLA/resoluciones/AUTOS%202013/0355.pdf HTTP/1.1" 200 1008365
216.244.66.197 - - [29/Dec/2019:02:44:27 -0500] "GET /portalsiaccapacitaciones/Soportes%20Capacitaciones%202016/Mesas%20de%20Trabajo%202016/Presentaci%C3%B3n%20Vertimientos.pdf HTTP/1.1" 200 2203301
66.249.64.59 - - [29/Dec/2019:02:44:56 -0500] "GET /BLA/resoluciones/AUTOS%202012/2157.pdf HTTP/1.1" 200 1745478
216.244.66.195 - - [29/Dec/2019:02:45:10 -0500] "GET /BLA/resoluciones/RESOLUCIONES%202008/1630.pdf HTTP/1.1" 200 256078
216.244.66.195 - - [29/Dec/2019:02:45:15 -0500] "GET /BLA/resoluciones/RESOLUCIONES%202008/1634.pdf HTTP/1.1" 200 261276
216.244.66.195 - - [29/Dec/2019:02:45:20 -0500] "GET /BLA/resoluciones/RESOLUCIONES%202008/1706.pdf HTTP/1.1" 200 243985
66.249.88.25 - - [29/Dec/2019:02:45:26 -0500] "GET /galeria/galeria/jquery.fancybox.css?v=2.1.5 HTTP/1.1" 200 4895
66.249.88.23 - - [29/Dec/2019:02:45:26 -0500] "GET /galeria/galeria/jquery.fancybox.js?v=2.1.5 HTTP/1.1" 200 48706
66.249.88.25 - - [29/Dec/2019:02:45:26 -0500] "GET /BLA/boletinlegal/js/jquery.scrollShow.js HTTP/1.1" 200 4586
66.249.88.23 - - [29/Dec/2019:02:45:27 -0500] "GET /galeria/galeria/jquery.fancybox.css?v=2.1.5 HTTP/1.1" 304 -
66.249.88.25 - - [29/Dec/2019:02:45:27 -0500] "GET /galeria/galeria/jquery.fancybox.js?v=2.1.5 HTTP/1.1" 304 -
216.244.66.197 - - [29/Dec/2019:02:45:37 -0500] "GET /actualizaciones/legisla/Ly007093.htm HTTP/1.1" 404 1019
216.244.66.197 - - [29/Dec/2019:02:46:08 -0500] "GET /BLA/boletinlegal/jurisprudencia/analisis/Analisis%20Jurisprudencia%20Sent%202000-00005-01.doc HTTP/1.1" 200 52736
159.138.153.59 - - [29/Dec/2019:02:46:13 -0500] "GET /BLA/resoluciones/index.php?dir=RESOLUCIONES%2B2006%2F HTTP/1.1" 200 12073
66.249.64.59 - - [29/Dec/2019:02:46:33 -0500] "GET /BLA/resoluciones/RESOLUCIONES%202007/RES%202007%20201%20AL%20300/RESOLUCION%200252%20DE%202007.pdf HTTP/1.1" 200 304214
66.249.64.61 - - [29/Dec/2019:02:47:22 -0500] "GET /BLA/resoluciones/AUTOS%202015/4385.pdf HTTP/1.1" 200 860942
216.244.66.195 - - [29/Dec/2019:02:47:32 -0500] "GET /BLA/resoluciones/RESOLUCIONES%202008/1743.pdf HTTP/1.1" 200 149299
159.138.153.125 - - [29/Dec/2019:02:47:56 -0500] "GET /BLA/resoluciones/index.php?dir=RESOLUCIONES%2B2019/&sort=size&order=asc HTTP/1.1" 200 12073
159.138.152.9 - - [29/Dec/2019:02:48:01 -0500] "GET /BLA/resoluciones/index.php?dir=Notificaciones%2FREGISTROS%2B2013%2F&sort=name&order=asc HTTP/1.1" 200 12126
66.249.64.61 - - [29/Dec/2019:02:48:11 -0500] "GET /BLA/resoluciones/AUTOS%202013/3338.pdf HTTP/1.1" 200 638341
216.244.66.195 - - [29/Dec/2019:02:48:27 -0500] "GET /BLA/resoluciones/RESOLUCIONES%202009/0022.pdf HTTP/1.1" 200 337973
69.162.124.232 - - [29/Dec/2019:02:48:59 -0500] "HEAD / HTTP/1.1" 200 -
66.249.64.59 - - [29/Dec/2019:02:48:59 -0500] "GET /BLA/resoluciones/RESOLUCIONES%202015/2966.pdf HTTP/1.1" 304 -
80.48.126.12 - - [29/Dec/2019:02:49:38 -0500] "GET / HTTP/1.1" 200 9990
66.249.64.59 - - [29/Dec/2019:02:49:40 -0500] "GET /BLA/resoluciones/AUTOS%202013/2558.pdf HTTP/1.1" 200 2060179
66.249.64.61 - - [29/Dec/2019:02:49:48 -0500] "GET /BLA/resoluciones/AUTOS%202014/0270.pdf HTTP/1.1" 304 -
66.249.64.61 - - [29/Dec/2019:02:50:23 -0500] "GET /BLA/resoluciones/RESOLUCIONES%202010/6164.pdf HTTP/1.1" 200 1000122
216.244.66.195 - - [29/Dec/2019:02:50:33 -0500] "GET /BLA/resoluciones/RESOLUCIONES%202009/0270.pdf HTTP/1.1" 200 55175
66.249.64.61 - - [29/Dec/2019:02:51:25 -0500] "GET /BLA/resoluciones/RESOLUCIONES%202017/0013.pdf HTTP/1.1" 200 800196
216.244.66.195 - - [29/Dec/2019:02:51:30 -0500] "GET /BLA/resoluciones/RESOLUCIONES%202009/0318.pdf HTTP/1.1" 200 272129
66.249.64.59 - - [29/Dec/2019:02:51:50 -0500] "GET /BLA/resoluciones/AUTOS%202006/AUTOS%202006%20701-800/00000705.tif HTTP/1.1" 304 -
66.249.64.63 - - [29/Dec/2019:02:52:14 -0500] "GET /BLA/resoluciones/Notificaciones/RESOLUCIONES%202018/03069.pdf HTTP/1.1" 200 287743
66.249.64.59 - - [29/Dec/2019:02:52:23 -0500] "GET /BLA/resoluciones/Autos%202008/2082.pdf HTTP/1.1" 200 104995
66.249.64.63 - - [29/Dec/2019:02:53:33 -0500] "GET /BLA/resoluciones/Autos%202008/3409.pdf HTTP/1.1" 200 100395
216.244.66.195 - - [29/Dec/2019:02:53:34 -0500] "GET /BLA/resoluciones/RESOLUCIONES%202009/0480.pdf HTTP/1.1" 200 369315
66.249.64.61 - - [29/Dec/2019:02:53:51 -0500] "GET /BLA/resoluciones/AUTOS%202007/3432.pdf HTTP/1.1" 304 -
69.162.124.232 - - [29/Dec/2019:02:53:59 -0500] "HEAD / HTTP/1.1" 200 -
66.249.64.59 - - [29/Dec/2019:02:55:29 -0500] "GET /BLA/resoluciones/AUTOS%202017/1628.pdf HTTP/1.1" 304 -
159.138.152.140 - - [29/Dec/2019:02:55:54 -0500] "GET /BLA/resoluciones/index.php?dir=RESOLUCIONES%2B2000/&sort=name&order=desc HTTP/1.1" 200 12072
159.138.151.23 - - [29/Dec/2019:02:55:57 -0500] "GET /BLA/resoluciones/index.php?dir=AUTOS%2B2014/&sort=name&order=asc HTTP/1.1" 200 12052
216.244.66.195 - - [29/Dec/2019:02:56:00 -0500] "GET /BLA/resoluciones/RESOLUCIONES%202009/0516.pdf HTTP/1.1" 200 370424
66.249.64.63 - - [29/Dec/2019:02:56:17 -0500] "GET /BLA/resoluciones/AUTOS%202013/3542.pdf HTTP/1.1" 200 759093
66.249.64.61 - - [29/Dec/2019:02:57:55 -0500] "GET /BLA/resoluciones/RESOLUCIONES%202014/3473.pdf HTTP/1.1" 304 -
66.249.64.59 - - [29/Dec/2019:02:58:08 -0500] "GET /BLA/resoluciones/Autos%202008/1880.pdf HTTP/1.1" 200 190390
216.244.66.195 - - [29/Dec/2019:02:58:20 -0500] "GET /BLA/resoluciones/RESOLUCIONES%202009/0593.pdf HTTP/1.1" 200 306514
159.138.150.202 - - [29/Dec/2019:02:58:42 -0500] "GET /BLA/resoluciones/index.php?dir=Notificaciones/RESOLUCIONES%2B2014/&sort=name&order=desc HTTP/1.1" 200 12134
66.249.64.59 - - [29/Dec/2019:02:58:43 -0500] "GET /BLA/resoluciones/AUTOS%202013/2391.pdf HTTP/1.1" 200 1907278
66.249.88.25 - - [29/Dec/2019:02:58:50 -0500] "GET /galeria/galeria/jquery.fancybox.css?v=2.1.5 HTTP/1.1" 200 4895
66.249.88.23 - - [29/Dec/2019:02:58:50 -0500] "GET /galeria/galeria/jquery.fancybox.js?v=2.1.5 HTTP/1.1" 200 48706
66.249.88.19 - - [29/Dec/2019:02:58:50 -0500] "GET /BLA/boletinlegal/js/jquery.scrollShow.js HTTP/1.1" 200 4586
69.162.124.232 - - [29/Dec/2019:02:58:59 -0500] "HEAD / HTTP/1.1" 200 -
66.249.64.59 - - [29/Dec/2019:02:59:32 -0500] "GET /BLA/resoluciones/RESOLUCIONES%202007/RES%202007%201801%20AL%201900/RESOLUCION%201843%20DE%202007.pdf HTTP/1.1" 304 -
216.244.66.195 - - [29/Dec/2019:03:00:21 -0500] "GET /BLA/resoluciones/RESOLUCIONES%202009/0604.pdf HTTP/1.1" 200 407700
66.249.64.59 - - [29/Dec/2019:03:00:21 -0500] "GET /BLA/resoluciones/RESOLUCIONES%202009/6707.pdf HTTP/1.1" 200 486981
66.249.64.61 - - [29/Dec/2019:03:01:09 -0500] "GET /BLA/resoluciones/RESOLUCIONES%202010/4863.pdf HTTP/1.1" 200 760985
159.138.149.161 - - [29/Dec/2019:03:02:03 -0500] "GET /BLA/resoluciones/index.php?dir=RESOLUCIONES%2B2004%2F&sort=date&order=desc HTTP/1.1" 200 12072
66.249.64.59 - - [29/Dec/2019:03:02:05 -0500] "GET /BLA/resoluciones/RESOLUCIONES%202009/1230.pdf HTTP/1.1" 200 395410
159.138.154.6 - - [29/Dec/2019:03:02:10 -0500] "GET /BLA/resoluciones/index.php?dir=Notificaciones%2FRESOLUCIONES%2B2018%2F&sort=date&order=desc HTTP/1.1" 200 12134
159.138.153.252 - - [29/Dec/2019:03:02:12 -0500] "GET /BLA/resoluciones/index.php?dir=Notificaciones%2FAUTOS%2B2014%2F&sort=size&order=asc HTTP/1.1" 200 12114
159.138.149.104 - - [29/Dec/2019:03:02:14 -0500] "GET /BLA/resoluciones/index.php?dir=Notificaciones%2FAUTOS%2B1985%2F&sort=date&order=desc HTTP/1.1" 200 12113
159.138.157.154 - - [29/Dec/2019:03:02:16 -0500] "GET /BLA/resoluciones/index.php?dir=RESOLUCIONES%2B2007%2F&sort=date&order=asc HTTP/1.1" 200 12073
216.244.66.195 - - [29/Dec/2019:03:02:20 -0500] "GET /BLA/resoluciones/RESOLUCIONES%202009/0663.pdf HTTP/1.1" 200 197278
159.138.158.68 - - [29/Dec/2019:03:02:26 -0500] "GET /BLA/resoluciones/index.php?dir=Decretos%2F HTTP/1.1" 200 6582
159.138.159.57 - - [29/Dec/2019:03:03:21 -0500] "GET /BLA/resoluciones/index.php?dir=AUTOS%2B2007%2F HTTP/1.1" 200 12052
216.244.66.195 - - [29/Dec/2019:03:03:28 -0500] "GET /BLA/resoluciones/RESOLUCIONES%202009/0793.pdf HTTP/1.1" 200 381072
66.249.64.59 - - [29/Dec/2019:03:03:35 -0500] "GET /BLA/resoluciones/RESOLUCIONES%202009/2839.pdf HTTP/1.1" 200 186723
69.162.124.232 - - [29/Dec/2019:03:03:59 -0500] "HEAD / HTTP/1.1" 200 -
66.249.64.59 - - [29/Dec/2019:03:04:24 -0500] "GET /BLA/resoluciones/AUTOS%202015/2679.pdf HTTP/1.1" 200 710096
159.138.154.252 - - [29/Dec/2019:03:04:46 -0500] "GET /BLA/resoluciones/index.php?dir=RESOLUCIONES%2B2002%2F&sort=size&order=asc HTTP/1.1" 200 12073
66.249.64.63 - - [29/Dec/2019:03:05:12 -0500] "GET /BLA/resoluciones/RESOLUCIONES%202011/5369.pdf HTTP/1.1" 200 505717
66.249.64.59 - - [29/Dec/2019:03:05:21 -0500] "GET /BLA/resoluciones/Notificaciones/AUTOS%202017/01576.pdf HTTP/1.1" 200 322899
216.244.66.195 - - [29/Dec/2019:03:05:47 -0500] "GET /BLA/resoluciones/RESOLUCIONES%202009/0879.pdf HTTP/1.1" 200 316880
66.249.64.59 - - [29/Dec/2019:03:06:01 -0500] "GET /BLA/resoluciones/AUTOS%202016/2507.pdf HTTP/1.1" 200 475795
66.249.64.61 - - [29/Dec/2019:03:06:50 -0500] "GET /BLA/resoluciones/AUTOS%202011/4150.pdf HTTP/1.1" 200 303015
159.138.157.123 - - [29/Dec/2019:03:07:11 -0500] "GET /BLA/resoluciones/index.php?dir=RESOLUCIONES%2B2010%2F&sort=date&order=desc HTTP/1.1" 200 12072
66.249.64.61 - - [29/Dec/2019:03:07:38 -0500] "GET /BLA/resoluciones/RESOLUCIONES%202014/0044.pdf HTTP/1.1" 200 790781
216.244.66.195 - - [29/Dec/2019:03:08:05 -0500] "GET /BLA/resoluciones/RESOLUCIONES%202009/1136.pdf HTTP/1.1" 200 89408
66.249.64.63 - - [29/Dec/2019:03:08:27 -0500] "GET /BLA/resoluciones/RESOLUCIONES%202014/1908.pdf HTTP/1.1" 200 495560
35.184.96.243 - - [29/Dec/2019:03:08:37 -0500] "GET /robots.txt HTTP/1.1" 404 1018
69.162.124.232 - - [29/Dec/2019:03:08:59 -0500] "HEAD / HTTP/1.1" 200 -
216.244.66.195 - - [29/Dec/2019:03:09:01 -0500] "GET /BLA/resoluciones/RESOLUCIONES%202009/1140.pdf HTTP/1.1" 200 32067
66.249.64.61 - - [29/Dec/2019:03:09:16 -0500] "GET /BLA/resoluciones/RESOLUCIONES%202011/0852.pdf HTTP/1.1" 200 265188
46.229.168.163 - - [29/Dec/2019:03:09:28 -0500] "GET /robots.txt HTTP/1.1" 404 1019
46.229.168.148 - - [29/Dec/2019:03:09:28 -0500] "GET /POT-2013/index.php?dir=memoria%2Bjustificativa%2F&order=asc&sort=date HTTP/1.1" 200 2890
66.249.64.61 - - [29/Dec/2019:03:10:04 -0500] "GET /BLA/resoluciones/RESOLUCIONES%202011/2369.pdf HTTP/1.1" 200 883860
159.138.155.201 - - [29/Dec/2019:03:10:28 -0500] "GET /BLA/resoluciones/index.php?dir=RESOLUCIONES%2B2005/&sort=date&order=desc HTTP/1.1" 200 12072
216.244.66.195 - - [29/Dec/2019:03:10:32 -0500] "GET /BLA/resoluciones/RESOLUCIONES%202009/1665.pdf HTTP/1.1" 200 713674
185.11.247.209 - - [29/Dec/2019:03:10:35 -0500] "GET / HTTP/1.1" 200 9990
159.138.155.46 - - [29/Dec/2019:03:10:35 -0500] "GET /BLA/resoluciones/index.php?dir=Notificaciones/AUTOS%2B1985/&sort=date&order=asc HTTP/1.1" 200 12114
185.11.247.209 - - [29/Dec/2019:03:10:36 -0500] "GET /install/lib/ajaxHandlers/ajaxServerSettingsChk.php?rootUname=;echo -n HellorConfig|md5sum  HTTP/1.1" 404 1018
185.11.247.209 - - [29/Dec/2019:03:10:37 -0500] "GET /adminer.php HTTP/1.1" 404 1015
185.11.247.209 - - [29/Dec/2019:03:10:38 -0500] "GET /ad.php HTTP/1.1" 404 1015
185.11.247.209 - - [29/Dec/2019:03:10:38 -0500] "GET /adm.php HTTP/1.1" 404 1015
185.11.247.209 - - [29/Dec/2019:03:10:39 -0500] "GET /connect.php HTTP/1.1" 404 1015
185.11.247.209 - - [29/Dec/2019:03:10:40 -0500] "GET /_adminer.php HTTP/1.1" 404 1015
185.11.247.209 - - [29/Dec/2019:03:10:40 -0500] "GET /pma.php HTTP/1.1" 404 1015
185.11.247.209 - - [29/Dec/2019:03:10:41 -0500] "GET /db.php HTTP/1.1" 404 1015
185.11.247.209 - - [29/Dec/2019:03:10:42 -0500] "GET /_adminer HTTP/1.1" 404 1015
185.11.247.209 - - [29/Dec/2019:03:10:43 -0500] "GET /_adminer.php HTTP/1.1" 404 1015
185.11.247.209 - - [29/Dec/2019:03:10:44 -0500] "GET /adminer HTTP/1.1" 404 1015
185.11.247.209 - - [29/Dec/2019:03:10:44 -0500] "GET /mysql.php HTTP/1.1" 404 1015
185.11.247.209 - - [29/Dec/2019:03:10:45 -0500] "GET /adminer-4.2.5.php HTTP/1.1" 404 1015
185.11.247.209 - - [29/Dec/2019:03:10:46 -0500] "GET /adminer-4.6.2.php HTTP/1.1" 404 1015
185.11.247.209 - - [29/Dec/2019:03:10:47 -0500] "GET /adminer-4.3.1.php HTTP/1.1" 404 1015
185.11.247.209 - - [29/Dec/2019:03:10:47 -0500] "GET /adminer-4.2.4.php HTTP/1.1" 404 1015
185.11.247.209 - - [29/Dec/2019:03:10:48 -0500] "GET /adminer-4.1.0.php HTTP/1.1" 404 1015
185.11.247.209 - - [29/Dec/2019:03:10:49 -0500] "GET /adminer-4.2.5-mysql.php HTTP/1.1" 404 1015
185.11.247.209 - - [29/Dec/2019:03:10:49 -0500] "GET /adminer-4.6.2-mysql.php HTTP/1.1" 404 1015
185.11.247.209 - - [29/Dec/2019:03:10:50 -0500] "GET /adminer-4.3.1-mysql.php HTTP/1.1" 404 1015
185.11.247.209 - - [29/Dec/2019:03:10:51 -0500] "GET /adminer-4.2.4-mysql.php HTTP/1.1" 404 1015
185.11.247.209 - - [29/Dec/2019:03:10:51 -0500] "GET /adminer-4.1.0-mysql.php HTTP/1.1" 404 1015
185.11.247.209 - - [29/Dec/2019:03:10:52 -0500] "GET /unzipper.php HTTP/1.1" 404 1015
185.11.247.209 - - [29/Dec/2019:03:10:53 -0500] "GET /unzip.php HTTP/1.1" 404 1015
66.249.64.59 - - [29/Dec/2019:03:10:53 -0500] "GET /BLA/resoluciones/RESOLUCIONES%202013/1089.pdf HTTP/1.1" 200 800440
185.11.247.209 - - [29/Dec/2019:03:10:53 -0500] "GET /searchreplacedb2.php HTTP/1.1" 404 1015
185.11.247.209 - - [29/Dec/2019:03:10:54 -0500] "GET /replace.php HTTP/1.1" 404 1015
66.249.64.63 - - [29/Dec/2019:03:11:42 -0500] "GET /BLA/resoluciones/RESOLUCIONES%202008/0323.pdf HTTP/1.1" 200 148242
66.249.64.63 - - [29/Dec/2019:03:12:30 -0500] "GET /BLA/resoluciones/AUTOS%202015/2250.pdf HTTP/1.1" 200 679461
66.249.64.61 - - [29/Dec/2019:03:13:19 -0500] "GET /BLA/resoluciones/RESOLUCIONES%202007/RES%202007%202101%20AL%202200/RESOLUCION%202143%20DE%202007.pdf HTTP/1.1" 200 926874
159.138.154.115 - - [29/Dec/2019:03:13:51 -0500] "GET /BLA/resoluciones/index.php?dir=Notificaciones%2FAUTOS%2B1988%2F&sort=date&order=asc HTTP/1.1" 200 12114
159.138.128.137 - - [29/Dec/2019:03:13:57 -0500] "GET /catalogoisis HTTP/1.1" 404 1018
69.162.124.232 - - [29/Dec/2019:03:13:59 -0500] "HEAD / HTTP/1.1" 200 -
159.138.128.101 - - [29/Dec/2019:03:14:00 -0500] "GET /BLA/resoluciones/index.php?dir=Notificaciones%2FREGISTROS%2B2017%2F&sort=date&order=desc HTTP/1.1" 200 12125
159.138.128.4 - - [29/Dec/2019:03:14:01 -0500] "GET /BLA/resoluciones/index.php?dir=Notificaciones%2FAUTOS%2B2018%2F&sort=name&order=desc HTTP/1.1" 200 12113
159.138.158.248 - - [29/Dec/2019:03:14:03 -0500] "GET /BLA/resoluciones/index.php?dir=RESOLUCIONES%2B2008%2F&sort=name&order=desc HTTP/1.1" 200 12072
66.249.64.61 - - [29/Dec/2019:03:14:07 -0500] "GET /BLA/resoluciones/Notificaciones/AUTOS%202016/00883.doc HTTP/1.1" 200 281528
46.229.168.142 - - [29/Dec/2019:03:14:31 -0500] "GET /Autoliquidacion/index.php?dir=Solicitud%2Bde%2BClasificaci%C3%83%C2%83%C3%82%C2%83%C3%83%C2%82%C3%82%C2%83%C3%83%C2%83%C3%82%C2%82%C3%83%C2%82%C3%82%C2%B3n%2Bde%2BImpacto%2BAmbiental%2F&order=desc&sort=size HTTP/1.1" 200 6765
66.249.64.59 - - [29/Dec/2019:03:14:56 -0500] "GET /BLA/resoluciones/Notificaciones/REGISTROS%202014/3527.doc HTTP/1.1" 200 206336
159.138.151.46 - - [29/Dec/2019:03:15:04 -0500] "GET /BLA/resoluciones/index.php?dir=Notificaciones/&sort=date&order=desc HTTP/1.1" 200 7442
54.36.149.62 - - [29/Dec/2019:03:15:25 -0500] "GET /BLA/resoluciones/RESOLUCIONES%202003/RES%202003%20551-600/564.tif HTTP/1.1" 200 199936
66.249.64.63 - - [29/Dec/2019:03:15:45 -0500] "GET /BLA/resoluciones/AUTOS%202015/0347.pdf HTTP/1.1" 200 524989
181.64.18.201 - - [29/Dec/2019:03:17:02 -0500] "GET /galeria/galeria/jquery.fancybox.js?v=2.1.5 HTTP/1.1" 200 48706
181.64.18.201 - - [29/Dec/2019:03:17:02 -0500] "GET /BLA/boletinlegal/js/jquery.scrollShow.js HTTP/1.1" 200 4586
181.64.18.201 - - [29/Dec/2019:03:17:02 -0500] "GET /galeria/galeria/jquery.fancybox.css?v=2.1.5 HTTP/1.1" 200 4895
201.245.192.253 - - [29/Dec/2019:03:16:30 -0500] "POST /kwsrmcab/Wsrmcab HTTP/1.1" 200 32415
201.245.192.253 - - [29/Dec/2019:03:16:30 -0500] "POST /kwsrmcab/Wsrmcab HTTP/1.1" 200 32433
201.245.192.253 - - [29/Dec/2019:03:17:05 -0500] "POST /kwsrmcab/Wsrmcab HTTP/1.1" 200 32433
159.138.152.196 - - [29/Dec/2019:03:17:47 -0500] "GET /BLA/resoluciones/index.php?dir=Notificaciones%2FRESOLUCIONES%2B2016%2F&sort=size&order=asc HTTP/1.1" 200 12135
66.249.64.185 - - [29/Dec/2019:03:18:08 -0500] "GET /robots.txt HTTP/1.1" 404 1049
66.249.64.181 - - [29/Dec/2019:03:18:09 -0500] "GET /inicio/ HTTP/1.1" 404 1245
69.162.124.232 - - [29/Dec/2019:03:18:59 -0500] "HEAD / HTTP/1.1" 200 -
66.249.64.61 - - [29/Dec/2019:03:19:48 -0500] "GET /BLA/resoluciones/RESOLUCIONES%202008/2541.pdf HTTP/1.1" 304 -
54.36.149.103 - - [29/Dec/2019:03:20:11 -0500] "GET /BLA/resoluciones/RESOLUCIONES%202004/RES%202004%20251-300/00000290.tif HTTP/1.1" 200 449656
66.249.64.61 - - [29/Dec/2019:03:20:19 -0500] "GET /BLA/resoluciones/RESOLUCIONES%202010/7160.pdf HTTP/1.1" 200 1112050
54.36.148.79 - - [29/Dec/2019:03:20:49 -0500] "GET /BLA/resoluciones/RESOLUCIONES%202004/RES%202004%201001-1050/00001031.tif HTTP/1.1" 200 191100
66.249.64.63 - - [29/Dec/2019:03:21:25 -0500] "GET /BLA/resoluciones/AUTOS%202011/3953.pdf HTTP/1.1" 200 250249
207.46.13.162 - - [29/Dec/2019:03:21:57 -0500] "GET /galeria/bibloteca/contentflow.js HTTP/1.1" 200 42804
66.249.64.63 - - [29/Dec/2019:03:22:14 -0500] "GET /BLA/resoluciones/AUTOS%202017/3585.pdf HTTP/1.1" 304 -
66.249.64.61 - - [29/Dec/2019:03:23:03 -0500] "GET /BLA/resoluciones/AUTOS%202016/2316.pdf HTTP/1.1" 304 -
69.162.124.232 - - [29/Dec/2019:03:23:59 -0500] "HEAD / HTTP/1.1" 200 -
66.249.64.63 - - [29/Dec/2019:03:25:29 -0500] "GET /BLA/resoluciones/AUTOS%202016/2743.pdf HTTP/1.1" 200 564222
216.244.66.197 - - [29/Dec/2019:03:26:12 -0500] "GET /portalsiaccapacitaciones/Soportes%20Capacitaciones%202015/0003.%20Taller%20HC%20Corporativa%20SDA%20Mayo%202015.pptx HTTP/1.1" 200 3526834
159.138.155.205 - - [29/Dec/2019:03:26:54 -0500] "GET /BLA/resoluciones/index.php?dir=Notificaciones/AUTOS%2B2018/&sort=date&order=asc HTTP/1.1" 200 12114
201.245.192.253 - - [29/Dec/2019:03:26:31 -0500] "POST /kwsrmcab/Wsrmcab HTTP/1.1" 200 32415
66.249.64.61 - - [29/Dec/2019:03:27:06 -0500] "GET /BLA/resoluciones/AUTOS%202014/6095.pdf HTTP/1.1" 304 -
216.244.66.197 - - [29/Dec/2019:03:27:21 -0500] "GET /_private/ts42.htm HTTP/1.1" 404 1019
66.249.64.59 - - [29/Dec/2019:03:27:48 -0500] "GET /BLA/resoluciones/RESOLUCIONES%202010/3034.pdf HTTP/1.1" 200 483832
216.244.66.197 - - [29/Dec/2019:03:27:51 -0500] "GET /re/Entrada/?C=S;O=A HTTP/1.1" 404 1019
66.249.64.59 - - [29/Dec/2019:03:27:54 -0500] "GET /BLA/resoluciones/AUTOS%202014/2531.pdf HTTP/1.1" 304 -
216.244.66.195 - - [29/Dec/2019:03:28:11 -0500] "GET /BLA/resoluciones/RESOLUCIONES%202010/1767.pdf HTTP/1.1" 200 817349
216.244.66.195 - - [29/Dec/2019:03:28:16 -0500] "GET /BLA/resoluciones/RESOLUCIONES%202011/0365.pdf HTTP/1.1" 200 494639
152.61.192.232 - - [29/Dec/2019:03:28:20 -0500] "GET / HTTP/1.1" 200 9990
216.244.66.195 - - [29/Dec/2019:03:28:21 -0500] "GET /BLA/resoluciones/RESOLUCIONES%202011/1953.pdf HTTP/1.1" 200 1328752
152.61.192.232 - - [29/Dec/2019:03:28:20 -0500] "GET /arcgis/services/Calidad_del_Agua_WQI/MapServer/WMSServer?request=GetCapabilities&service=WMS HTTP/1.1" 503 1020
152.61.192.232 - - [29/Dec/2019:03:28:41 -0500] "GET /arcgis/services/Calidad_del_Agua_WQI/MapServer/WMSServer?SERVICE=WMS&REQUEST=GetCapabilities HTTP/1.1" 503 1020
152.61.192.232 - - [29/Dec/2019:03:28:42 -0500] "GET /arcgis/services/Calidad_del_Agua_WQI/MapServer/WMSServer?WMTVER=1.0.0&REQUEST=capabilities HTTP/1.1" 503 1020
69.162.124.232 - - [29/Dec/2019:03:28:59 -0500] "HEAD / HTTP/1.1" 200 -
159.138.153.86 - - [29/Dec/2019:03:29:04 -0500] "GET /BLA/resoluciones/index.php?dir=RESOLUCIONES%2B2016/&sort=date&order=asc HTTP/1.1" 200 12073
66.249.64.61 - - [29/Dec/2019:03:29:32 -0500] "GET /BLA/resoluciones/Acuerdos/Acuerdo%20No.%20735%20del%2009%20de%20enero%20de%202019.pdf HTTP/1.1" 304 -
46.229.168.132 - - [29/Dec/2019:03:29:50 -0500] "GET /robots.txt HTTP/1.1" 404 1019
46.229.168.146 - - [29/Dec/2019:03:29:51 -0500] "GET /Anexos%20estudio%20Organizacional%20SDA/index.php?dir=ANEXO%2BNo.%2B3-%2BCONTRATACI%C3%83%C2%83%C3%82%C2%83%C3%83%C2%82%C3%82%C2%83%C3%83%C2%83%C3%82%C2%82%C3%83%C2%82%C3%82%C2%93N%2B%2BOPS%C3%83%C2%83%C3%82%C2%83%C3%83%C2%82%C3%82%C2%82%C3%83%C2%83%C3%82%C2%82%C3%83%C2%82%C3%82%C2%B4s%2B2008-2012%2F&order=asc&sort=date HTTP/1.1" 200 6325
66.249.64.59 - - [29/Dec/2019:03:30:20 -0500] "GET /BLA/resoluciones/RESOLUCIONES%202018/2914.pdf HTTP/1.1" 200 315589
216.244.66.195 - - [29/Dec/2019:03:30:41 -0500] "GET /BLA/resoluciones/RESOLUCIONES%202011/2440.pdf HTTP/1.1" 200 750676
66.249.64.61 - - [29/Dec/2019:03:31:09 -0500] "GET /BLA/resoluciones/AUTOS%202017/2761.pdf HTTP/1.1" 304 -
66.249.64.59 - - [29/Dec/2019:03:31:58 -0500] "GET /BLA/resoluciones/RESOLUCIONES%202017/1110.pdf HTTP/1.1" 304 -
66.249.64.63 - - [29/Dec/2019:03:32:46 -0500] "GET /BLA/resoluciones/AUTOS%202014/1813.pdf HTTP/1.1" 200 493615
216.244.66.195 - - [29/Dec/2019:03:33:02 -0500] "GET /BLA/resoluciones/RESOLUCIONES%202012/0372.pdf HTTP/1.1" 200 341676
54.36.150.119 - - [29/Dec/2019:03:33:55 -0500] "GET /BLA/resoluciones/RESOLUCIONES%202005/RES%202005%203151-3180/00003180.tif HTTP/1.1" 200 122056
69.162.124.232 - - [29/Dec/2019:03:33:59 -0500] "HEAD / HTTP/1.1" 200 -
66.249.64.61 - - [29/Dec/2019:03:34:25 -0500] "GET /autoliquidacion/TR%C3%81MITES%20ACEITES-RESIDUOS-ESTACIONES/aceites-ES/Solicitud%20Registro%20Movilizador%20AU.doc HTTP/1.1" 200 715264
66.249.64.59 - - [29/Dec/2019:03:35:12 -0500] "GET /BLA/resoluciones/RESOLUCIONES%202009/5740.pdf HTTP/1.1" 200 101838
216.244.66.195 - - [29/Dec/2019:03:35:24 -0500] "GET /BLA/resoluciones/RESOLUCIONES%202012/0730.pdf HTTP/1.1" 200 453739
66.249.64.61 - - [29/Dec/2019:03:36:01 -0500] "GET /BLA/resoluciones/RESOLUCIONES%202013/2796.pdf HTTP/1.1" 200 1177022
66.249.64.61 - - [29/Dec/2019:03:36:50 -0500] "GET /BLA/resoluciones/RESOLUCIONES%202010/1024.pdf HTTP/1.1" 200 123144
201.245.192.253 - - [29/Dec/2019:03:36:30 -0500] "POST /kwsrmcab/Wsrmcab HTTP/1.1" 200 32415
207.46.13.73 - - [29/Dec/2019:03:37:10 -0500] "GET /BLA/boletinlegal/Directivas/2012/Directiva%20No.%201%20del%2030%20de%20octubre%20de%202012.pdf HTTP/1.1" 304 -
66.249.64.59 - - [29/Dec/2019:03:37:38 -0500] "GET /BLA/resoluciones/RESOLUCIONES%202009/0055.pdf HTTP/1.1" 200 144672
216.244.66.195 - - [29/Dec/2019:03:37:41 -0500] "GET /BLA/resoluciones/RESOLUCIONES%202012/0752.pdf HTTP/1.1" 200 4480156
66.249.64.63 - - [29/Dec/2019:03:38:27 -0500] "GET /BLA/resoluciones/RESOLUCIONES%202013/2455.pdf HTTP/1.1" 200 220671
216.244.66.195 - - [29/Dec/2019:03:38:31 -0500] "GET /BLA/resoluciones/RESOLUCIONES%202012/1134.pdf HTTP/1.1" 200 761410
69.162.124.232 - - [29/Dec/2019:03:38:59 -0500] "HEAD / HTTP/1.1" 200 -
66.249.64.63 - - [29/Dec/2019:03:39:16 -0500] "GET /BLA/resoluciones/RESOLUCIONES%202011/5838.pdf HTTP/1.1" 200 416739
159.138.154.135 - - [29/Dec/2019:03:39:54 -0500] "GET /BLA/resoluciones/index.php?dir=Notificaciones/AUTOS%2B2013/&sort=size&order=desc HTTP/1.1" 200 12113
159.138.159.209 - - [29/Dec/2019:03:39:59 -0500] "GET /BLA/resoluciones/index.php?dir=RESOLUCIONES%2B2018/&sort=size&order=asc HTTP/1.1" 200 12073
66.249.64.59 - - [29/Dec/2019:03:40:13 -0500] "GET /BLA/resoluciones/RESOLUCIONES%202010/0504.pdf HTTP/1.1" 200 113072
216.244.66.195 - - [29/Dec/2019:03:40:51 -0500] "GET /BLA/resoluciones/RESOLUCIONES%202012/1270.pdf HTTP/1.1" 200 562505
66.249.64.59 - - [29/Dec/2019:03:40:53 -0500] "GET /BLA/resoluciones/RESOLUCIONES%202014/0826.pdf HTTP/1.1" 304 -
66.249.64.63 - - [29/Dec/2019:03:41:41 -0500] "GET /BLA/resoluciones/AUTOS%202007/3538.pdf HTTP/1.1" 200 84890
66.249.64.63 - - [29/Dec/2019:03:42:30 -0500] "GET /BLA/resoluciones/RESOLUCIONES%202011/0820.pdf HTTP/1.1" 200 292276
66.249.64.61 - - [29/Dec/2019:03:42:46 -0500] "GET /BLA/resoluciones/RESOLUCIONES%202009/4349.pdf HTTP/1.1" 200 558291
216.244.66.195 - - [29/Dec/2019:03:43:11 -0500] "GET /BLA/resoluciones/RESOLUCIONES%202013/0297.pdf HTTP/1.1" 200 1838544
157.55.39.104 - - [29/Dec/2019:03:43:15 -0500] "GET /Autoliquidacion/index.php?dir=TR\xc3\x83\xc6\x92?\xc3\x83\xe2\x80\x9a\xc3\x82\xc2\x81MITES%20MINER\xc3\x83\xc6\x92?\xc3\x83\xe2\x80\x9a\xc3\x82\xc2\x8dA/&sort=size&order=asc HTTP/1.1" 200 6658
66.249.64.59 - - [29/Dec/2019:03:43:19 -0500] "GET /BLA/resoluciones/RESOLUCIONES%202009/0173.pdf HTTP/1.1" 200 318558
69.162.124.232 - - [29/Dec/2019:03:43:59 -0500] "HEAD / HTTP/1.1" 200 -
66.249.64.61 - - [29/Dec/2019:03:44:56 -0500] "GET /BLA/resoluciones/AUTOS%202017/3411.pdf HTTP/1.1" 200 300800
216.244.66.195 - - [29/Dec/2019:03:45:32 -0500] "GET /BLA/resoluciones/RESOLUCIONES%202013/0325.pdf HTTP/1.1" 200 2341267
66.249.64.59 - - [29/Dec/2019:03:46:33 -0500] "GET /BLA/resoluciones/AUTOS%202016/2292.pdf HTTP/1.1" 304 -
216.244.66.195 - - [29/Dec/2019:03:47:58 -0500] "GET /BLA/resoluciones/RESOLUCIONES%202013/0490.pdf HTTP/1.1" 200 536062
66.249.64.59 - - [29/Dec/2019:03:48:11 -0500] "GET /BLA/resoluciones/RESOLUCIONES%202017/2721.pdf HTTP/1.1" 304 -
69.162.124.232 - - [29/Dec/2019:03:48:59 -0500] "HEAD / HTTP/1.1" 200 -
66.249.64.59 - - [29/Dec/2019:03:48:59 -0500] "GET /BLA/resoluciones/Notificaciones/AUTOS%202015/0160.doc HTTP/1.1" 200 162816
152.61.128.50 - - [29/Dec/2019:03:49:13 -0500] "GET / HTTP/1.1" 200 9990
54.37.67.60 - - [29/Dec/2019:03:49:22 -0500] "HEAD /BLA/resoluciones/AUTOS%202012/1121.pdf HTTP/1.1" 200 -
54.36.150.29 - - [29/Dec/2019:03:49:29 -0500] "GET /BLA/resoluciones/RESOLUCIONES%202004/RES%202004%201401-1450/00001433.tif HTTP/1.1" 200 224684
152.61.128.50 - - [29/Dec/2019:03:49:13 -0500] "GET /arcgis/services/Calidad_del_Agua_WQI/MapServer/WMSServer?request=GetCapabilities&service=WMS HTTP/1.1" 503 1020
152.61.128.50 - - [29/Dec/2019:03:49:34 -0500] "GET /arcgis/services/Calidad_del_Agua_WQI/MapServer/WMSServer?SERVICE=WMS&REQUEST=GetCapabilities HTTP/1.1" 503 1020
152.61.128.50 - - [29/Dec/2019:03:49:35 -0500] "GET /arcgis/services/Calidad_del_Agua_WQI/MapServer/WMSServer?WMTVER=1.0.0&REQUEST=capabilities HTTP/1.1" 503 1020
66.249.64.61 - - [29/Dec/2019:03:50:15 -0500] "GET /BLA/resoluciones/RESOLUCIONES%202010/2492.pdf HTTP/1.1" 200 374812
216.244.66.195 - - [29/Dec/2019:03:50:20 -0500] "GET /BLA/resoluciones/RESOLUCIONES%202013/0716.pdf HTTP/1.1" 200 682605
66.249.64.61 - - [29/Dec/2019:03:50:37 -0500] "GET /BLA/resoluciones/AUTOS%202014/4470.pdf HTTP/1.1" 200 702157
216.244.66.195 - - [29/Dec/2019:03:51:10 -0500] "GET /BLA/resoluciones/RESOLUCIONES%202013/0761.pdf HTTP/1.1" 200 4069000
66.249.64.59 - - [29/Dec/2019:03:51:25 -0500] "GET /BLA/resoluciones/RESOLUCIONES%202007/RES%202007%201501%20AL%201600/RESOLUCION%201517%20DE%202007.pdf HTTP/1.1" 200 376088
54.36.149.57 - - [29/Dec/2019:03:51:59 -0500] "GET /BLA/resoluciones/RESOLUCIONES%202004/RES%202004%20151-200/00000178.tif HTTP/1.1" 200 103720
66.249.64.61 - - [29/Dec/2019:03:52:14 -0500] "GET /BLA/resoluciones/AUTOS%202014/6255.pdf HTTP/1.1" 304 -
216.244.66.195 - - [29/Dec/2019:03:53:30 -0500] "GET /BLA/resoluciones/RESOLUCIONES%202013/0763.pdf HTTP/1.1" 200 1854679
66.249.64.59 - - [29/Dec/2019:03:53:51 -0500] "GET /BLA/resoluciones/RESOLUCIONES%202016/0210.pdf HTTP/1.1" 200 699848
69.162.124.232 - - [29/Dec/2019:03:53:59 -0500] "HEAD / HTTP/1.1" 200 -
66.249.64.63 - - [29/Dec/2019:03:55:28 -0500] "GET /BLA/resoluciones/RESOLUCIONES%202015/2852.pdf HTTP/1.1" 304 -
161.18.55.194 - - [29/Dec/2019:03:55:57 -0500] "GET /galeria/galeria/jquery.fancybox.css?v=2.1.5 HTTP/1.1" 200 4895
161.18.55.194 - - [29/Dec/2019:03:55:57 -0500] "GET /BLA/boletinlegal/js/jquery.scrollShow.js HTTP/1.1" 200 4586
161.18.55.194 - - [29/Dec/2019:03:55:57 -0500] "GET /galeria/galeria/jquery.fancybox.js?v=2.1.5 HTTP/1.1" 200 48706
66.249.64.59 - - [29/Dec/2019:03:56:17 -0500] "GET /BLA/resoluciones/AUTOS%202014/4763.pdf HTTP/1.1" 200 489962
18.205.244.156 - - [29/Dec/2019:03:56:25 -0500] "GET /wp-login.php HTTP/1.1" 404 1049
159.138.153.141 - - [29/Dec/2019:03:56:46 -0500] "GET /BLA/resoluciones/index.php?dir=AUTOS%2B2006%2F&sort=name&order=desc HTTP/1.1" 200 12051
220.181.51.86 - - [29/Dec/2019:03:56:49 -0500] "GET /robots.txt HTTP/1.1" 404 1018
159.138.149.21 - - [29/Dec/2019:03:56:57 -0500] "GET /BLA/resoluciones/index.php?dir=AUTOS%2B2015%2F&sort=name&order=desc HTTP/1.1" 200 12051
159.138.153.97 - - [29/Dec/2019:03:57:01 -0500] "GET /BLA/resoluciones/index.php?dir=RESOLUCIONES%2B2000%2F&sort=size&order=asc HTTP/1.1" 200 12073
66.249.64.59 - - [29/Dec/2019:03:57:06 -0500] "GET /BLA/resoluciones/RESOLUCIONES%202010/6564.pdf HTTP/1.1" 200 216183
54.36.150.60 - - [29/Dec/2019:03:58:15 -0500] "GET /BLA/resoluciones/RESOLUCIONES%202005/RES%202005%20951-1000/00000994.tif HTTP/1.1" 200 287370
69.162.124.232 - - [29/Dec/2019:03:58:59 -0500] "HEAD / HTTP/1.1" 200 -
159.138.155.51 - - [29/Dec/2019:03:59:00 -0500] "GET /BLA/resoluciones/index.php?dir=RESOLUCIONES%2B1992/&sort=name&order=desc HTTP/1.1" 200 12072
66.249.64.59 - - [29/Dec/2019:03:59:32 -0500] "GET /BLA/resoluciones/AUTOS%202014/2787.pdf HTTP/1.1" 304 -
66.249.64.63 - - [29/Dec/2019:04:00:20 -0500] "GET /BLA/resoluciones/RESOLUCIONES%202011/4344.pdf HTTP/1.1" 200 293471
40.77.189.142 - - [29/Dec/2019:04:00:41 -0500] "GET /SIIPEV/Diseno%20de%20Elementos%20de%20Mobiliario%20Urbano/Registros/RegistrosNegados.html? HTTP/1.1" 200 18569
40.77.189.142 - - [29/Dec/2019:04:00:42 -0500] "GET /SIIPEV/Diseno%20de%20Elementos%20de%20Mobiliario%20Urbano/Registros/images/sort_both.html HTTP/1.1" 200 1236
40.77.189.142 - - [29/Dec/2019:04:00:42 -0500] "GET /SIIPEV/Diseno%20de%20Elementos%20de%20Mobiliario%20Urbano/Registros/images/sort_asc.html HTTP/1.1" 200 1236
66.249.64.61 - - [29/Dec/2019:04:01:58 -0500] "GET /BLA/resoluciones/Notificaciones/AUTOS%202015/03512.doc HTTP/1.1" 200 107823
66.249.64.59 - - [29/Dec/2019:04:02:46 -0500] "GET /BLA/resoluciones/AUTOS%202013/2505.pdf HTTP/1.1" 200 1167378
66.249.64.59 - - [29/Dec/2019:04:03:35 -0500] "GET /BLA/resoluciones/RESOLUCIONES%202009/1127.pdf HTTP/1.1" 200 277326
69.162.124.232 - - [29/Dec/2019:04:03:59 -0500] "HEAD / HTTP/1.1" 200 -
66.249.64.63 - - [29/Dec/2019:04:04:24 -0500] "GET /BLA/resoluciones/RESOLUCIONES%202011/3868.pdf HTTP/1.1" 200 606272
66.102.6.187 - - [29/Dec/2019:04:05:02 -0500] "GET /galeria/galeria/jquery.fancybox.css?v=2.1.5 HTTP/1.1" 200 4895
66.102.6.189 - - [29/Dec/2019:04:05:02 -0500] "GET /BLA/boletinlegal/js/jquery.scrollShow.js HTTP/1.1" 200 4586
66.102.6.187 - - [29/Dec/2019:04:05:02 -0500] "GET /galeria/galeria/jquery.fancybox.js?v=2.1.5 HTTP/1.1" 200 48706
66.102.6.189 - - [29/Dec/2019:04:05:04 -0500] "GET /galeria/galeria/jquery.fancybox.js?v=2.1.5 HTTP/1.1" 304 -
66.102.6.191 - - [29/Dec/2019:04:05:04 -0500] "GET /galeria/galeria/jquery.fancybox.css?v=2.1.5 HTTP/1.1" 304 -
66.249.64.61 - - [29/Dec/2019:04:05:12 -0500] "GET /BLA/resoluciones/AUTOS%202014/1467.pdf HTTP/1.1" 200 1955878
66.249.64.59 - - [29/Dec/2019:04:05:16 -0500] "GET /BLA/resoluciones/AUTOS%202009/3337.pdf HTTP/1.1" 200 199679
159.138.152.63 - - [29/Dec/2019:04:05:59 -0500] "GET /BLA/resoluciones/index.php?dir=RESOLUCIONES%2B2009%2F&sort=size&order=asc HTTP/1.1" 200 12073
66.249.64.61 - - [29/Dec/2019:04:06:01 -0500] "GET /BLA/resoluciones/RESOLUCIONES%202007/RES%202007%201101%20AL%201200/RESOLUCION%201160%20DE%202007.pdf HTTP/1.1" 200 354430
66.249.64.59 - - [29/Dec/2019:04:06:50 -0500] "GET /BLA/resoluciones/RESOLUCIONES%202011/2517.pdf HTTP/1.1" 200 252463
159.138.157.62 - - [29/Dec/2019:04:06:56 -0500] "GET /BLA/resoluciones/index.php?dir=RESOLUCIONES%2B1995/&sort=name&order=asc HTTP/1.1" 200 12073
66.249.64.61 - - [29/Dec/2019:04:07:38 -0500] "GET /BLA/resoluciones/RESOLUCIONES%202008/5657.pdf HTTP/1.1" 200 503748
66.249.64.63 - - [29/Dec/2019:04:08:27 -0500] "GET /BLA/resoluciones/RESOLUCIONES%202008/4243.pdf HTTP/1.1" 200 346443
69.162.124.232 - - [29/Dec/2019:04:08:59 -0500] "HEAD / HTTP/1.1" 200 -
66.249.64.61 - - [29/Dec/2019:04:09:01 -0500] "GET /galeria/nivo-slider/demo/demo.html HTTP/1.1" 404 1984
66.249.64.59 - - [29/Dec/2019:04:09:15 -0500] "GET /BLA/resoluciones/AUTOS%202017/4194.pdf HTTP/1.1" 200 320690
66.249.64.59 - - [29/Dec/2019:04:10:04 -0500] "GET /BLA/resoluciones/AUTOS%202015/1325.pdf HTTP/1.1" 200 696627
66.249.64.59 - - [29/Dec/2019:04:10:53 -0500] "GET /BLA/resoluciones/RESOLUCIONES%202014/3394.pdf HTTP/1.1" 200 209246
54.36.150.140 - - [29/Dec/2019:04:11:06 -0500] "GET /BLA/resoluciones/RESOLUCIONES%202000/2000%202700-2749.tif HTTP/1.1" 200 3928129
159.138.149.62 - - [29/Dec/2019:04:12:36 -0500] "GET /BLA/resoluciones/index.php?dir=AUTOS%2B2008%2F HTTP/1.1" 200 12052
66.249.64.59 - - [29/Dec/2019:04:13:19 -0500] "GET /BLA/resoluciones/RESOLUCIONES%202014/3402.pdf HTTP/1.1" 200 583514
69.162.124.232 - - [29/Dec/2019:04:13:59 -0500] "HEAD / HTTP/1.1" 200 -
66.249.64.61 - - [29/Dec/2019:04:14:07 -0500] "GET /BLA/resoluciones/AUTOS%202011/0105.pdf HTTP/1.1" 200 182021
54.36.148.249 - - [29/Dec/2019:04:14:27 -0500] "GET /BLA/resoluciones/RESOLUCIONES%202003/RES%202003%201451-1500/20031499.tif HTTP/1.1" 200 157700
66.249.64.59 - - [29/Dec/2019:04:14:56 -0500] "GET /BLA/resoluciones/AUTOS%202009/0532.pdf HTTP/1.1" 304 -
54.36.150.116 - - [29/Dec/2019:04:15:04 -0500] "GET /BLA/resoluciones/RESOLUCIONES%202002/RES%202002%20451-500/00000495.tif HTTP/1.1" 200 69346
157.55.39.86 - - [29/Dec/2019:04:15:34 -0500] "GET /BLA/boletinlegal/actas/466-2017.pdf HTTP/1.1" 304 -
66.249.64.63 - - [29/Dec/2019:04:15:45 -0500] "GET /BLA/resoluciones/AUTOS%202017/0313.pdf HTTP/1.1" 304 -
201.245.192.253 - - [29/Dec/2019:04:16:30 -0500] "POST /kwsrmcab/Wsrmcab HTTP/1.1" 200 32423
201.245.192.253 - - [29/Dec/2019:04:16:30 -0500] "POST /kwsrmcab/Wsrmcab HTTP/1.1" 200 32585
201.245.192.253 - - [29/Dec/2019:04:17:02 -0500] "POST /kwsrmcab/Wsrmcab HTTP/1.1" 200 32585
54.36.148.166 - - [29/Dec/2019:04:18:10 -0500] "GET /BLA/resoluciones/RESOLUCIONES%202004/RES%202004%20751-800/00000760.tif HTTP/1.1" 200 182952
66.249.64.61 - - [29/Dec/2019:04:18:11 -0500] "GET /BLA/resoluciones/AUTOS%202015/4410.pdf HTTP/1.1" 200 550477
69.162.124.232 - - [29/Dec/2019:04:18:59 -0500] "HEAD / HTTP/1.1" 200 -
66.249.64.59 - - [29/Dec/2019:04:18:59 -0500] "GET /BLA/resoluciones/RESOLUCIONES%202011/0168.pdf HTTP/1.1" 200 720268
87.0.242.90 - - [29/Dec/2019:04:19:02 -0500] "GET / HTTP/1.1" 400 946
54.36.148.112 - - [29/Dec/2019:04:19:19 -0500] "GET /BLA/resoluciones/RESOLUCIONES%202002/RES%202002%2051-100/2002RES54.tif HTTP/1.1" 200 342046
66.249.64.61 - - [29/Dec/2019:04:19:48 -0500] "GET /BLA/resoluciones/AUTOS%202014/4591.pdf HTTP/1.1" 200 619220
66.249.64.59 - - [29/Dec/2019:04:20:10 -0500] "GET /BLA/resoluciones/Notificaciones/AUTOS%202017/02116.pdf HTTP/1.1" 200 513650
66.249.64.59 - - [29/Dec/2019:04:20:36 -0500] "GET /BLA/resoluciones/AUTOS%202013/0218.pdf HTTP/1.1" 304 -
66.249.64.59 - - [29/Dec/2019:04:21:25 -0500] "GET /BLA/resoluciones/AUTOS%202014/2990.pdf HTTP/1.1" 304 -
186.102.40.108 - - [29/Dec/2019:04:22:10 -0500] "GET /BLA/boletinlegal/js/jquery.scrollShow.js HTTP/1.1" 200 4586
186.102.40.108 - - [29/Dec/2019:04:22:10 -0500] "GET /galeria/galeria/jquery.fancybox.css?v=2.1.5 HTTP/1.1" 200 4895
186.102.40.108 - - [29/Dec/2019:04:22:10 -0500] "GET /galeria/galeria/jquery.fancybox.js?v=2.1.5 HTTP/1.1" 200 48706
186.102.40.108 - - [29/Dec/2019:04:22:13 -0500] "GET /galeria/galeria/jquery.fancybox.js?v=2.1.5 HTTP/1.1" 304 -
186.102.40.108 - - [29/Dec/2019:04:22:13 -0500] "GET /galeria/galeria/jquery.fancybox.css?v=2.1.5 HTTP/1.1" 304 -
186.102.40.108 - - [29/Dec/2019:04:22:13 -0500] "GET /BLA/boletinlegal/js/jquery.scrollShow.js HTTP/1.1" 304 -
66.249.64.59 - - [29/Dec/2019:04:22:14 -0500] "GET /BLA/resoluciones/RESOLUCIONES%202007/RES%202007%202001%20AL%202100/RESOLUCION%202015%20DE%202007.pdf HTTP/1.1" 200 527468
54.36.150.114 - - [29/Dec/2019:04:23:02 -0500] "GET /BLA/resoluciones/RESOLUCIONES%202002/RES%202002%201401-1450/20021445.tif HTTP/1.1" 200 124000
157.55.39.57 - - [29/Dec/2019:04:23:09 -0500] "GET /galeria/bibloteca/ContentFlowAddOn_white.js HTTP/1.1" 200 2497
40.77.167.107 - - [29/Dec/2019:04:23:17 -0500] "GET /POT-2013/memoria%20justificativa/ANEXOS_2,3,4.pdf HTTP/1.1" 304 -
40.77.167.107 - - [29/Dec/2019:04:23:33 -0500] "GET /POT-2013/Cartografia/21_Sistema%20General%20para%20la%20Gesti%C3%83%C2%B3n%20y%20Manejo%20Integral%20de%20Resi.pdf HTTP/1.1" 404 1015
69.162.124.232 - - [29/Dec/2019:04:23:59 -0500] "HEAD / HTTP/1.1" 200 -
159.138.153.150 - - [29/Dec/2019:04:24:03 -0500] "GET /BLA/resoluciones/index.php?dir=RESOLUCIONES%2B1992/&sort=date&order=desc HTTP/1.1" 200 12072
66.249.64.59 - - [29/Dec/2019:04:24:40 -0500] "GET /BLA/resoluciones/AUTOS%202016/2577.pdf HTTP/1.1" 304 -
54.36.150.114 - - [29/Dec/2019:04:24:56 -0500] "GET /actualizaciones/legisla/Rl089895.htm HTTP/1.1" 404 1019
199.201.65.243 - - [29/Dec/2019:04:24:59 -0500] "GET /galeria/galeria/jquery.fancybox.css?v=2.1.5 HTTP/1.1" 200 4895
199.201.65.243 - - [29/Dec/2019:04:24:59 -0500] "GET /BLA/boletinlegal/js/jquery.scrollShow.js HTTP/1.1" 200 4586
199.201.65.243 - - [29/Dec/2019:04:24:59 -0500] "GET /galeria/galeria/jquery.fancybox.js?v=2.1.5 HTTP/1.1" 200 48706
66.249.64.61 - - [29/Dec/2019:04:26:17 -0500] "GET /BLA/resoluciones/AUTOS%202015/1655.pdf HTTP/1.1" 200 975666
40.77.189.161 - - [29/Dec/2019:04:26:59 -0500] "GET /videos/galeria-cronicas/1V3wnplaylist.htm? HTTP/1.1" 200 4013
40.77.189.161 - - [29/Dec/2019:04:26:59 -0500] "GET /videos/galeria-cronicas/skin/blue.monday/jplayer.blue.monday.css HTTP/1.1" 200 12518
40.77.189.161 - - [29/Dec/2019:04:26:59 -0500] "GET /videos/galeria-cronicas/js/jplayer.playlist.min.js HTTP/1.1" 200 8608
66.249.64.59 - - [29/Dec/2019:04:27:06 -0500] "GET /BLA/resoluciones/AUTOS%202013/0084.pdf HTTP/1.1" 200 1560848
201.245.192.253 - - [29/Dec/2019:04:26:30 -0500] "POST /kwsrmcab/Wsrmcab HTTP/1.1" 200 32423
66.249.64.61 - - [29/Dec/2019:04:27:39 -0500] "GET /BLA/resoluciones/AUTOS%202009/2014.pdf HTTP/1.1" 200 100937
66.249.64.61 - - [29/Dec/2019:04:27:54 -0500] "GET /BLA/resoluciones/Notificaciones/AUTOS%202014/3581.doc HTTP/1.1" 200 125440
69.162.124.232 - - [29/Dec/2019:04:28:59 -0500] "HEAD / HTTP/1.1" 200 -
207.46.13.162 - - [29/Dec/2019:04:30:02 -0500] "GET / HTTP/1.1" 200 9990
66.249.64.61 - - [29/Dec/2019:04:30:20 -0500] "GET /BLA/resoluciones/RESOLUCIONES%202012/1297.pdf HTTP/1.1" 200 3603211
66.249.64.61 - - [29/Dec/2019:04:31:09 -0500] "GET /BLA/resoluciones/RESOLUCIONES%202018/0062.pdf HTTP/1.1" 200 393701
54.36.150.136 - - [29/Dec/2019:04:32:18 -0500] "GET /BLA/resoluciones/RESOLUCIONES%202003/RES%202003%201651-1700/20031670.tif HTTP/1.1" 200 120734
66.249.64.63 - - [29/Dec/2019:04:32:46 -0500] "GET /BLA/resoluciones/RESOLUCIONES%202011/5840.pdf HTTP/1.1" 200 429389
66.249.64.61 - - [29/Dec/2019:04:33:35 -0500] "GET /BLA/resoluciones/AUTOS%202014/5668.pdf HTTP/1.1" 304 -
69.162.124.232 - - [29/Dec/2019:04:33:59 -0500] "HEAD / HTTP/1.1" 200 -
66.249.64.61 - - [29/Dec/2019:04:34:23 -0500] "GET /BLA/resoluciones/AUTOS%202009/3443.pdf HTTP/1.1" 200 98412
66.249.64.61 - - [29/Dec/2019:04:35:08 -0500] "GET /BLA/resoluciones/RESOLUCIONES%202010/4814.pdf HTTP/1.1" 200 754717
66.249.64.59 - - [29/Dec/2019:04:36:01 -0500] "GET /BLA/resoluciones/RESOLUCIONES%202013/2500.pdf HTTP/1.1" 200 577723
40.77.167.107 - - [29/Dec/2019:04:36:13 -0500] "GET / HTTP/1.1" 200 9990
54.36.149.5 - - [29/Dec/2019:04:36:36 -0500] "GET /BLA/resoluciones/RESOLUCIONES%202005/RES%202005%20151-200/00000162.tif HTTP/1.1" 200 44742
46.229.168.130 - - [29/Dec/2019:04:36:37 -0500] "GET /robots.txt HTTP/1.1" 404 1019
46.229.168.133 - - [29/Dec/2019:04:36:38 -0500] "GET /Autoliquidacion/index.php?dir=TR%C3%83%C2%83%C3%82%C2%83%C3%83%C2%82%C3%82%C2%83%C3%83%C2%83%C3%82%C2%82%C3%83%C2%82%C3%82%C2%83%C3%83%C2%83%C3%82%C2%83%C3%83%C2%82%C3%82%C2%82%C3%83%C2%83%C3%82%C2%82%C3%83%C2%82%C3%82%C2%83%C3%83%C2%83%C3%82%C2%83%C3%83%C2%82%C3%82%C2%83%C3%83%C2%83%C3%82%C2%82%C3%83%C2%82%C3%82%C2%82%C3%83%C2%83%C3%82%C2%83%C3%83%C2%82%C3%82%C2%82%C3%83%C2%83%C3%82%C2%82%C3%83%C2%82%C3%82%C2%81MITES%2BACEITES-RESIDUOS-ESTACIONES%2FREGISTRO%2BCOMO%2BACOPIADOR%2BPRIMARIO%2F&order=desc&sort=date HTTP/1.1" 200 7543
66.249.64.61 - - [29/Dec/2019:04:36:49 -0500] "GET /BLA/resoluciones/RESOLUCIONES%202013/1778.pdf HTTP/1.1" 200 369052
181.130.208.40 - - [29/Dec/2019:04:36:58 -0500] "GET /BLA/resoluciones/AUTOS%202008/3159.pdf HTTP/1.1" 200 91595
201.245.192.253 - - [29/Dec/2019:04:36:29 -0500] "POST /kwsrmcab/Wsrmcab HTTP/1.1" 200 32423
181.130.208.40 - - [29/Dec/2019:04:37:05 -0500] "GET /favicon.ico HTTP/1.1" 200 7782
66.249.64.61 - - [29/Dec/2019:04:37:38 -0500] "GET /BLA/resoluciones/RESOLUCIONES%202007/RES%202007%203301%20AL%203400/RESOLUCION%203372%20DE%202007.pdf HTTP/1.1" 200 668771
54.36.150.168 - - [29/Dec/2019:04:38:03 -0500] "GET /BLA/resoluciones/RESOLUCIONES%202002/RES%202002%20751-800/2002RES769.tif HTTP/1.1" 200 85018
66.249.64.59 - - [29/Dec/2019:04:38:27 -0500] "GET /BLA/resoluciones/AUTOS%202014/2798.pdf HTTP/1.1" 200 318905
69.162.124.232 - - [29/Dec/2019:04:38:59 -0500] "HEAD / HTTP/1.1" 200 -
66.249.64.61 - - [29/Dec/2019:04:39:15 -0500] "GET /BLA/resoluciones/AUTOS%202018/2724.pdf HTTP/1.1" 200 347406
46.229.168.162 - - [29/Dec/2019:04:39:29 -0500] "GET /Autoliquidacion/index.php?dir=Permiso%2Bde%2Bocupaci%C3%83%C2%83%C3%82%C2%83%C3%83%C2%82%C3%82%C2%83%C3%83%C2%83%C3%82%C2%82%C3%83%C2%82%C3%82%C2%83%C3%83%C2%83%C3%82%C2%83%C3%83%C2%82%C3%82%C2%82%C3%83%C2%83%C3%82%C2%82%C3%83%C2%82%C3%82%C2%83%C3%83%C2%83%C3%82%C2%83%C3%83%C2%82%C3%82%C2%83%C3%83%C2%83%C3%82%C2%82%C3%83%C2%82%C3%82%C2%82%C3%83%C2%83%C3%82%C2%83%C3%83%C2%82%C3%82%C2%82%C3%83%C2%83%C3%82%C2%82%C3%83%C2%82%C3%82%C2%83%C3%83%C2%83%C3%82%C2%83%C3%83%C2%82%C3%82%C2%83%C3%83%C2%83%C3%82%C2%82%C3%83%C2%82%C3%82%C2%83%C3%83%C2%83%C3%82%C2%83%C3%83%C2%82%C3%82%C2%82%C3%83%C2%83%C3%82%C2%82%C3%83%C2%82%C3%82%C2%82%C3%83%C2%83%C3%82%C2%83%C3%83%C2%82%C3%82%C2%83%C3%83%C2%83%C3%82%C2%82%C3%83%C2%82%C3%82%C2%82%C3%83%C2%83%C3%82%C2%83%C3%83%C2%82%C3%82%C2%82%C3%83%C2%83%C3%82%C2%82%C3%83%C2%82%C3%82%C2%83%C3%83%C2%83%C3%82%C2%83%C3%83%C2%82%C3%82%C2%83%C3%83%C2%83%C3%82%C2%82%C3%83%C2%82%C3%82%C2%83%C3%83%C2%83%C3%82%C2%83%C3%83%C2%82%C3%82%C2%82%C3%83%C2%83%C3%82%C2%82%C3%83%C2%82%C3%82%C2%83%C3%83%C2%83%C3%82%C2%83%C3%83%C2%82%C3%82%C2%83%C3%83%C2%83%C3%82%C2%82%C3%83%C2%82%C3%82%C2%82%C3%83%C2%83%C3%82%C2%83%C3%83%C2%82%C3%82%C2%82%C3%83%C2%83%C3%82%C2%82%C3%83%C2%82%C3%82%C2%82%C3%83%C2%83%C3%82%C2%83%C3%83%C2%82%C3%82%C2%83%C3%83%C2%83%C3%82%C2%82%C3%83%C2%82%C3%82%C2%83%C3%83%C2%83%C3%82%C2%83%C3%83%C2%82%C3%82%C2%82%C3%83%C2%83%C3%82%C2%82%C3%83%C2%82%C3%82%C2%82%C3%83%C2%83%C3%82%C2%83%C3%83%C2%82%C3%82%C2%83%C3%83%C2%83%C3%82%C2%82%C3%83%C2%82%C3%82%C2%82%C3%83%C2%83%C3%82%C2%83%C3%83%C2%82%C3%82%C2%82%C3%83%C2%83%C3%82%C2%82%C3%83%C2%82%C3%82%C2%B3n%2Bde%2Bcauce%2F&order=asc&sort=size HTTP/1.1" 200 8152
66.249.64.59 - - [29/Dec/2019:04:40:04 -0500] "GET /BLA/resoluciones/AUTOS%202015/2673.pdf HTTP/1.1" 200 796818
66.249.64.59 - - [29/Dec/2019:04:40:53 -0500] "GET /BLA/resoluciones/AUTOS%202015/1319.pdf HTTP/1.1" 200 626677
119.76.14.123 - - [29/Dec/2019:04:41:07 -0500] "GET / HTTP/1.1" 200 9990
119.76.14.123 - - [29/Dec/2019:04:41:08 -0500] "GET /js/jquery.js HTTP/1.1" 200 97120
119.76.14.123 - - [29/Dec/2019:04:41:09 -0500] "GET /css/bootstrap.min.css HTTP/1.1" 200 105939
119.76.14.123 - - [29/Dec/2019:04:41:09 -0500] "GET /css/style.css HTTP/1.1" 200 3610
66.249.64.63 - - [29/Dec/2019:04:41:41 -0500] "GET /BLA/resoluciones/RESOLUCIONES%202008/0703.pdf HTTP/1.1" 200 237019
66.249.64.63 - - [29/Dec/2019:04:42:30 -0500] "GET /BLA/resoluciones/RESOLUCIONES%202008/2758.pdf HTTP/1.1" 200 192377
66.249.64.59 - - [29/Dec/2019:04:42:37 -0500] "GET /BLA/resoluciones/RESOLUCIONES%202009/0872.pdf HTTP/1.1" 200 315495
