46.229.168.133 - - [29/Dec/2019:04:42:53 -0500] "GET /Anexos%20estudio%20Organizacional%20SDA/index.php?dir=ANEXO%2BNo.%2B9%2B-%2BRES%DAMENES%2BDE%2BLA%2BMEDICI%D3N%2BDE%2BCARGAS%2BLABORALES%2BSDA%2F HTTP/1.1" 200 6199
46.229.168.133 - - [29/Dec/2019:04:43:07 -0500] "GET /Anexos%20estudio%20Organizacional%20SDA/index.php?dir=ANEXO%2BNo.%2B8%2B-%2BMATRICES%2BDE%2BREGISTRO%2BY%2BDE%2BSALIDA%2BMEDICI%C3%83%C2%83%C3%82%C2%83%C3%83%C2%82%C3%82%C2%83%C3%83%C2%83%C3%82%C2%82%C3%83%C2%82%C3%82%C2%83%C3%83%C2%83%C3%82%C2%83%C3%83%C2%82%C3%82%C2%82%C3%83%C2%83%C3%82%C2%82%C3%83%C2%82%C3%82%C2%83%C3%83%C2%83%C3%82%C2%83%C3%83%C2%82%C3%82%C2%83%C3%83%C2%83%C3%82%C2%82%C3%83%C2%82%C3%82%C2%82%C3%83%C2%83%C3%82%C2%83%C3%83%C2%82%C3%82%C2%82%C3%83%C2%83%C3%82%C2%82%C3%83%C2%82%C3%82%C2%83%C3%83%C2%83%C3%82%C2%83%C3%83%C2%82%C3%82%C2%83%C3%83%C2%83%C3%82%C2%82%C3%83%C2%82%C3%82%C2%83%C3%83%C2%83%C3%82%C2%83%C3%83%C2%82%C3%82%C2%82%C3%83%C2%83%C3%82%C2%82%C3%83%C2%82%C3%82%C2%82%C3%83%C2%83%C3%82%C2%83%C3%83%C2%82%C3%82%C2%83%C3%83%C2%83%C3%82%C2%82%C3%83%C2%82%C3%82%C2%82%C3%83%C2%83%C3%82%C2%83%C3%83%C2%82%C3%82%C2%82%C3%83%C2%83%C3%82%C2%82%C3%83%C2%82%C3%82%C2%83%C3%83%C2%83%C3%82%C2%83%C3%83%C2%82%C3%82%C2%83%C3%83%C2%83%C3%82%C2%82%C3%83%C2%82%C3%82%C2%83%C3%83%C2%83%C3%82%C2%83%C3%83%C2%82%C3%82%C2%82%C3%83%C2%83%C3%82%C2%82%C3%83%C2%82%C3%82%C2%83%C3%83%C2%83%C3%82%C2%83%C3%83%C2%82%C3%82%C2%83%C3%83%C2%83%C3%82%C2%82%C3%83%C2%82%C3%82%C2%82%C3%83%C2%83%C3%82%C2%83%C3%83%C2%82%C3%82%C2%82%C3%83%C2%83%C3%82%C2%82%C3%83%C2%82%C3%82%C2%82%C3%83%C2%83%C3%82%C2%83%C3%83%C2%82%C3%82%C2%83%C3%83%C2%83%C3%82%C2%82%C3%83%C2%82%C3%82%C2%83%C3%83%C2%83%C3%82%C2%83%C3%83%C2%82%C3%82%C2%82%C3%83%C2%83%C3%82%C2%82%C3%83%C2%82%C3%82%C2%82%C3%83%C2%83%C3%82%C2%83%C3%83%C2%82%C3%82%C2%83%C3%83%C2%83%C3%82%C2%82%C3%83%C2%82%C3%82%C2%82%C3%83%C2%83%C3%82%C2%83%C3%83%C2%82%C3%82%C2%82%C3%83%C2%83%C3%82%C2%82%C3%83%C2%82%C3%82%C2%93N%2BCARGAS%2BLABORALES%2BSDA%2F&order=asc&sort=date HTTP/1.1" 200 7774
66.249.64.63 - - [29/Dec/2019:04:43:19 -0500] "GET /BLA/resoluciones/RESOLUCIONES%202014/2833.pdf HTTP/1.1" 200 4720940
69.162.124.232 - - [29/Dec/2019:04:43:59 -0500] "HEAD / HTTP/1.1" 200 -
66.249.64.61 - - [29/Dec/2019:04:44:07 -0500] "GET /BLA/resoluciones/RESOLUCIONES%202007/RES%202007%202901%20AL%203000/RESOLUCION%202944%20DE%202007.pdf HTTP/1.1" 200 536604
54.36.150.179 - - [29/Dec/2019:04:44:33 -0500] "GET /BLA/resoluciones/RESOLUCIONES%202005/RES%202005%202451-2500/00002468.tif HTTP/1.1" 200 265466
66.249.64.61 - - [29/Dec/2019:04:45:45 -0500] "GET /BLA/resoluciones/AUTOS%202017/1704.pdf HTTP/1.1" 200 3505521
66.249.64.63 - - [29/Dec/2019:04:46:33 -0500] "GET /BLA/resoluciones/AUTOS%202012/1158.pdf HTTP/1.1" 200 917032
66.249.64.61 - - [29/Dec/2019:04:47:22 -0500] "GET /BLA/resoluciones/AUTOS%202015/6825.pdf HTTP/1.1" 200 733220
66.249.64.59 - - [29/Dec/2019:04:48:10 -0500] "GET /BLA/resoluciones/AUTOS%202015/1537.pdf HTTP/1.1" 304 -
216.244.66.197 - - [29/Dec/2019:04:48:26 -0500] "GET /re/Talleres/plastico/imagenes%20plastico/otras%20imagenes/ HTTP/1.1" 404 1019
69.162.124.232 - - [29/Dec/2019:04:48:59 -0500] "HEAD / HTTP/1.1" 200 -
66.249.64.63 - - [29/Dec/2019:04:48:59 -0500] "GET /BLA/resoluciones/RESOLUCIONES%202007/RES%202007%20301%20AL%20400/RESOLUCION%200317%20DE%202007.pdf HTTP/1.1" 200 435531
66.249.64.59 - - [29/Dec/2019:04:50:06 -0500] "GET /BLA/resoluciones/RESOLUCIONES%202009/4827.pdf HTTP/1.1" 200 562991
45.141.86.144 - - [29/Dec/2019:04:50:15 -0500] "\x03" 400 291
66.249.64.59 - - [29/Dec/2019:04:50:36 -0500] "GET /BLA/resoluciones/RESOLUCIONES%202017/3319.pdf HTTP/1.1" 304 -
54.36.150.12 - - [29/Dec/2019:04:51:39 -0500] "GET /BLA/resoluciones/RESOLUCIONES%202002/RES%202002%201651-1700/20021693.tif HTTP/1.1" 200 239100
54.36.148.33 - - [29/Dec/2019:04:52:21 -0500] "GET /BLA/resoluciones/RESOLUCIONES%202003/RES%202003%20301-350/348.tif HTTP/1.1" 200 179528
190.15.0.65 - - [29/Dec/2019:04:53:46 -0500] "GET /galeria/nivo-slider/demo/images/diciembrecaminatas.png HTTP/1.1" 304 -
92.103.210.13 - - [29/Dec/2019:04:53:59 -0500] "GET // HTTP/1.1" 200 9990
69.162.124.232 - - [29/Dec/2019:04:53:59 -0500] "HEAD / HTTP/1.1" 200 -
66.249.64.59 - - [29/Dec/2019:04:54:12 -0500] "GET /BLA/resoluciones/RESOLUCIONES%202018/2138.pdf HTTP/1.1" 304 -
54.36.150.47 - - [29/Dec/2019:04:55:22 -0500] "GET /BLA/resoluciones/RESOLUCIONES%202002/RES%202002%20801-850/00000839.tif HTTP/1.1" 200 109324
111.240.69.129 - - [29/Dec/2019:04:55:28 -0500] "GET / HTTP/1.1" 200 9990
66.249.64.59 - - [29/Dec/2019:04:55:28 -0500] "GET /BLA/resoluciones/RESOLUCIONES%202017/0269.pdf HTTP/1.1" 200 457492
66.249.64.59 - - [29/Dec/2019:04:56:17 -0500] "GET /BLA/resoluciones/RESOLUCIONES%202014/3490.pdf HTTP/1.1" 200 653828
216.244.66.195 - - [29/Dec/2019:04:56:19 -0500] "GET /BLA/resoluciones/RESOLUCIONES%202009/0483.pdf HTTP/1.1" 200 206475
216.244.66.195 - - [29/Dec/2019:04:56:24 -0500] "GET /BLA/resoluciones/RESOLUCIONES%202009/0526.pdf HTTP/1.1" 200 406951
66.249.64.61 - - [29/Dec/2019:04:57:06 -0500] "GET /BLA/resoluciones/RESOLUCIONES%202017/2502.pdf HTTP/1.1" 304 -
216.244.66.195 - - [29/Dec/2019:04:57:14 -0500] "GET /BLA/resoluciones/RESOLUCIONES%202009/0775.pdf HTTP/1.1" 200 24603
54.36.150.15 - - [29/Dec/2019:04:57:36 -0500] "GET /BLA/resoluciones/RESOLUCIONES%202002/RES%202002%201651-1700/20021692.tif HTTP/1.1" 200 107120
216.244.66.195 - - [29/Dec/2019:04:57:47 -0500] "GET /BLA/resoluciones/RESOLUCIONES%202009/0786.pdf HTTP/1.1" 200 230482
66.249.64.59 - - [29/Dec/2019:04:57:54 -0500] "GET /BLA/resoluciones/AUTOS%202014/6234.pdf HTTP/1.1" 304 -
66.249.64.59 - - [29/Dec/2019:04:58:43 -0500] "GET /BLA/resoluciones/AUTOS%202013/2558.pdf HTTP/1.1" 200 2060179
69.162.124.232 - - [29/Dec/2019:04:58:59 -0500] "HEAD / HTTP/1.1" 200 -
66.249.64.61 - - [29/Dec/2019:04:59:32 -0500] "GET /BLA/resoluciones/RESOLUCIONES%202016/2122.pdf HTTP/1.1" 200 615207
216.244.66.195 - - [29/Dec/2019:04:59:55 -0500] "GET /BLA/resoluciones/RESOLUCIONES%202009/1054.pdf HTTP/1.1" 200 209966
66.249.64.63 - - [29/Dec/2019:05:00:20 -0500] "GET /BLA/resoluciones/RESOLUCIONES%202011/0604.pdf HTTP/1.1" 304 -
159.138.150.175 - - [29/Dec/2019:05:00:33 -0500] "GET /BLA/resoluciones/index.php?dir=Notificaciones%2FAUTOS%2B2014%2F HTTP/1.1" 200 12114
66.249.64.59 - - [29/Dec/2019:05:01:09 -0500] "GET /BLA/resoluciones/RESOLUCIONES%202016/0198.pdf HTTP/1.1" 200 1797806
54.36.150.10 - - [29/Dec/2019:05:01:35 -0500] "GET /images/FOREST.jpg HTTP/1.1" 200 33277
66.249.64.28 - - [29/Dec/2019:05:01:58 -0500] "GET /Anexos%20estudio%20Organizacional%20SDA/ANEXO%20No.%204%20-%20ENCUESTA%20DE%20AN%C3%81LISIS%20ORGANIZACIONAL/ENCUESTA%20SUBDIRECCION%20FINANCIERA.DOC HTTP/1.1" 200 275456
216.244.66.195 - - [29/Dec/2019:05:02:10 -0500] "GET /BLA/resoluciones/RESOLUCIONES%202009/1209.pdf HTTP/1.1" 200 419196
69.162.124.232 - - [29/Dec/2019:05:03:59 -0500] "HEAD / HTTP/1.1" 200 -
101.127.48.41 - - [29/Dec/2019:05:04:02 -0500] "GET / HTTP/1.1" 200 9990
216.244.66.195 - - [29/Dec/2019:05:04:25 -0500] "GET /BLA/resoluciones/RESOLUCIONES%202009/1284.pdf HTTP/1.1" 200 398868
66.249.64.59 - - [29/Dec/2019:05:05:04 -0500] "GET /BLA/resoluciones/RESOLUCIONES%202010/6056.pdf HTTP/1.1" 200 1627753
66.249.64.61 - - [29/Dec/2019:05:05:12 -0500] "GET /BLA/resoluciones/AUTOS%202015/5446.pdf HTTP/1.1" 200 528975
216.244.66.195 - - [29/Dec/2019:05:05:18 -0500] "GET /BLA/resoluciones/RESOLUCIONES%202009/1364.pdf HTTP/1.1" 200 512386
5.255.250.154 - - [29/Dec/2019:05:06:02 -0500] "GET /robots.txt HTTP/1.1" 404 1019
5.255.250.154 - - [29/Dec/2019:05:06:05 -0500] "GET /videos/ambiente-ciudad/add-on/?C=N;O=D HTTP/1.1" 200 1265
66.249.64.63 - - [29/Dec/2019:05:06:49 -0500] "GET /BLA/resoluciones/AUTOS%202018/6361.pdf HTTP/1.1" 200 288332
159.138.154.116 - - [29/Dec/2019:05:07:01 -0500] "GET /galeria/nivo-slider/demo/images/actividades.jpg HTTP/1.1" 200 2124075
216.244.66.195 - - [29/Dec/2019:05:07:37 -0500] "GET /BLA/resoluciones/RESOLUCIONES%202009/1415.pdf HTTP/1.1" 200 442340
66.249.64.61 - - [29/Dec/2019:05:07:38 -0500] "GET /BLA/resoluciones/RESOLUCIONES%202007/RES%202007%202301%20AL%202400/RESOLUCION%202350%20DE%202007.pdf HTTP/1.1" 200 582444
66.249.64.59 - - [29/Dec/2019:05:08:27 -0500] "GET /BLA/resoluciones/AUTOS%202015/1706.pdf HTTP/1.1" 200 550233
216.244.66.195 - - [29/Dec/2019:05:08:27 -0500] "GET /BLA/resoluciones/RESOLUCIONES%202009/1459.pdf HTTP/1.1" 200 573554
69.162.124.232 - - [29/Dec/2019:05:08:59 -0500] "HEAD / HTTP/1.1" 200 -
66.249.64.63 - - [29/Dec/2019:05:09:15 -0500] "GET /BLA/resoluciones/RESOLUCIONES%202014/0533.pdf HTTP/1.1" 200 584597
66.249.64.59 - - [29/Dec/2019:05:10:04 -0500] "GET /BLA/resoluciones/AUTOS%202008/0267.pdf HTTP/1.1" 200 144970
216.244.66.195 - - [29/Dec/2019:05:10:47 -0500] "GET /BLA/resoluciones/RESOLUCIONES%202009/1469.pdf HTTP/1.1" 200 396095
66.249.64.63 - - [29/Dec/2019:05:10:53 -0500] "GET /BLA/resoluciones/RESOLUCIONES%202012/0024.pdf HTTP/1.1" 304 -
66.249.64.61 - - [29/Dec/2019:05:12:30 -0500] "GET /BLA/resoluciones/RESOLUCIONES%202012/1301.pdf HTTP/1.1" 200 1542649
66.249.64.61 - - [29/Dec/2019:05:12:33 -0500] "GET /BLA/resoluciones/RESOLUCIONES%202009/5244.pdf HTTP/1.1" 200 507963
216.244.66.195 - - [29/Dec/2019:05:13:05 -0500] "GET /BLA/resoluciones/RESOLUCIONES%202009/1473.pdf HTTP/1.1" 200 437502
66.249.64.61 - - [29/Dec/2019:05:13:07 -0500] "GET /galeria/nivo-slider/demo/images/banneriniciativa.jpg HTTP/1.1" 304 -
66.249.64.61 - - [29/Dec/2019:05:13:08 -0500] "GET /galeria/nivo-slider/demo/images/incendios-forestales.png HTTP/1.1" 304 -
66.249.64.61 - - [29/Dec/2019:05:13:18 -0500] "GET /BLA/resoluciones/RESOLUCIONES%202017/0615.pdf HTTP/1.1" 304 -
69.162.124.232 - - [29/Dec/2019:05:13:59 -0500] "HEAD / HTTP/1.1" 200 -
66.249.64.61 - - [29/Dec/2019:05:14:40 -0500] "GET /galeria/nivo-slider/demo/images/Banner%20POT.png HTTP/1.1" 304 -
66.249.64.59 - - [29/Dec/2019:05:14:56 -0500] "GET /BLA/resoluciones/RESOLUCIONES%202015/2526.pdf HTTP/1.1" 304 -
216.244.66.195 - - [29/Dec/2019:05:15:24 -0500] "GET /BLA/resoluciones/RESOLUCIONES%202009/1604.pdf HTTP/1.1" 200 603288
54.38.207.237 - - [29/Dec/2019:05:15:25 -0500] "GET / HTTP/1.0" 200 9990
66.249.64.59 - - [29/Dec/2019:05:15:44 -0500] "GET /BLA/resoluciones/RESOLUCIONES%202008/1417.pdf HTTP/1.1" 304 -
66.249.64.59 - - [29/Dec/2019:05:15:54 -0500] "GET /galeria/nivo-slider/demo/images/Banner%20RCD.jpg HTTP/1.1" 304 -
216.244.66.195 - - [29/Dec/2019:05:16:14 -0500] "GET /BLA/resoluciones/RESOLUCIONES%202009/1866.pdf HTTP/1.1" 200 333656
201.245.192.253 - - [29/Dec/2019:05:16:30 -0500] "POST /kwsrmcab/Wsrmcab HTTP/1.1" 200 32440
201.245.192.253 - - [29/Dec/2019:05:16:30 -0500] "POST /kwsrmcab/Wsrmcab HTTP/1.1" 200 32421
66.249.64.61 - - [29/Dec/2019:05:17:21 -0500] "GET /galeria/nivo-slider/demo/images/Banneranonimos.png HTTP/1.1" 304 -
201.245.192.253 - - [29/Dec/2019:05:17:06 -0500] "POST /kwsrmcab/Wsrmcab HTTP/1.1" 200 32440
66.249.64.59 - - [29/Dec/2019:05:18:10 -0500] "GET /BLA/resoluciones/RESOLUCIONES%202013/2525.pdf HTTP/1.1" 200 475707
216.244.66.195 - - [29/Dec/2019:05:18:34 -0500] "GET /BLA/resoluciones/RESOLUCIONES%202010/0197.pdf HTTP/1.1" 200 533534
66.249.64.59 - - [29/Dec/2019:05:18:48 -0500] "GET /galeria/nivo-slider/demo/images/Banner%20tinguas.jpg HTTP/1.1" 304 -
66.249.64.59 - - [29/Dec/2019:05:18:59 -0500] "GET /BLA/resoluciones/RESOLUCIONES%202018/2548.pdf HTTP/1.1" 304 -
69.162.124.232 - - [29/Dec/2019:05:18:59 -0500] "HEAD / HTTP/1.1" 200 -
54.36.148.81 - - [29/Dec/2019:05:19:01 -0500] "GET /BLA/resoluciones/RESOLUCIONES%202003/RES%202003%20151-200/2003RES184.tif HTTP/1.1" 200 158640
66.249.64.63 - - [29/Dec/2019:05:19:48 -0500] "GET /BLA/resoluciones/RESOLUCIONES%202009/0985.pdf HTTP/1.1" 304 -
66.249.64.61 - - [29/Dec/2019:05:20:02 -0500] "GET /BLA/resoluciones/AUTOS%202009/3355.pdf HTTP/1.1" 200 207632
66.249.64.63 - - [29/Dec/2019:05:20:36 -0500] "GET /BLA/resoluciones/AUTOS%202017/2661.pdf HTTP/1.1" 200 728182
216.244.66.195 - - [29/Dec/2019:05:20:51 -0500] "GET /BLA/resoluciones/RESOLUCIONES%202010/0502.pdf HTTP/1.1" 200 62231
66.249.64.63 - - [29/Dec/2019:05:21:25 -0500] "GET /BLA/resoluciones/RESOLUCIONES%202007/RES%202007%202901%20AL%203000/RESOLUCION%202984%20%20DE%202007.pdf HTTP/1.1" 304 -
216.244.66.195 - - [29/Dec/2019:05:21:27 -0500] "GET /BLA/resoluciones/RESOLUCIONES%202010/0522.pdf HTTP/1.1" 200 327791
66.249.64.61 - - [29/Dec/2019:05:22:14 -0500] "GET /BLA/resoluciones/AUTOS%202013/1351.pdf HTTP/1.1" 200 2242089
66.249.64.61 - - [29/Dec/2019:05:23:02 -0500] "GET /BLA/resoluciones/RESOLUCIONES%202018/0970.pdf HTTP/1.1" 200 6731126
66.249.64.59 - - [29/Dec/2019:05:23:27 -0500] "GET /galeria/nivo-slider/demo/images/Banner%20consumo%20sostenible%20final.jpg HTTP/1.1" 304 -
66.249.64.59 - - [29/Dec/2019:05:23:29 -0500] "GET /galeria/nivo-slider/demo/images/web%20ingreso%20humedales.png HTTP/1.1" 304 -
66.249.64.61 - - [29/Dec/2019:05:23:51 -0500] "GET /BLA/resoluciones/RESOLUCIONES%202017/3713.pdf HTTP/1.1" 200 258606
69.162.124.232 - - [29/Dec/2019:05:23:59 -0500] "HEAD / HTTP/1.1" 200 -
66.249.64.59 - - [29/Dec/2019:05:24:40 -0500] "GET /BLA/resoluciones/AUTOS%202016/1750.pdf HTTP/1.1" 200 589265
66.249.64.59 - - [29/Dec/2019:05:25:28 -0500] "GET /BLA/resoluciones/RESOLUCIONES%202013/0350.pdf HTTP/1.1" 200 3657267
66.249.64.59 - - [29/Dec/2019:05:26:17 -0500] "GET /autoliquidacion/Solicitud%20de%20Licencia%20Ambiental/Lista%20de%20Chequeo%20Licencia%20Ambiental.xls HTTP/1.1" 304 -
201.245.192.253 - - [29/Dec/2019:05:26:30 -0500] "POST /kwsrmcab/Wsrmcab HTTP/1.1" 200 32421
66.249.64.61 - - [29/Dec/2019:05:27:06 -0500] "GET /BLA/resoluciones/AUTOS%202014/6904.pdf HTTP/1.1" 200 2464966
66.249.64.61 - - [29/Dec/2019:05:27:31 -0500] "GET /Publicaciones/2019EE40077.pdf HTTP/1.1" 404 227
66.249.64.59 - - [29/Dec/2019:05:27:54 -0500] "GET /BLA/resoluciones/RESOLUCIONES%202014/0253.pdf HTTP/1.1" 200 3353113
66.249.64.59 - - [29/Dec/2019:05:28:43 -0500] "GET /BLA/resoluciones/AUTOS%202014/5814.pdf HTTP/1.1" 304 -
69.162.124.232 - - [29/Dec/2019:05:28:59 -0500] "HEAD / HTTP/1.1" 200 -
66.249.64.61 - - [29/Dec/2019:05:29:31 -0500] "GET /BLA/resoluciones/RESOLUCIONES%202013/0080.pdf HTTP/1.1" 200 444250
66.249.64.63 - - [29/Dec/2019:05:30:20 -0500] "GET /BLA/resoluciones/AUTOS%202013/3598.pdf HTTP/1.1" 304 -
66.249.64.61 - - [29/Dec/2019:05:31:09 -0500] "GET /BLA/resoluciones/AUTOS%202016/2175.pdf HTTP/1.1" 200 419084
66.249.64.59 - - [29/Dec/2019:05:31:57 -0500] "GET /BLA/resoluciones/RESOLUCIONES%202011/2247.pdf HTTP/1.1" 200 776572
66.249.64.63 - - [29/Dec/2019:05:32:46 -0500] "GET /BLA/resoluciones/RESOLUCIONES%202008/3456.pdf HTTP/1.1" 200 149347
66.249.64.59 - - [29/Dec/2019:05:33:35 -0500] "GET /BLA/resoluciones/RESOLUCIONES%202014/1725.pdf HTTP/1.1" 200 632058
69.162.124.232 - - [29/Dec/2019:05:33:59 -0500] "HEAD / HTTP/1.1" 200 -
104.45.135.120 - - [29/Dec/2019:05:34:20 -0500] "GET /?-dsafe_mode%3dOff+-ddisable_functions%3dNULL+-dallow_url_fopen%3dOn+-dallow_url_include%3dOn+-dauto_prepend_file%3dhttps://www.ethernet.edu.et/wp-includes/images/media/default.txt HTTP/1.1" 200 9990
66.249.64.59 - - [29/Dec/2019:05:34:23 -0500] "GET /BLA/resoluciones/AUTOS%202014/6524.pdf HTTP/1.1" 304 -
66.249.64.59 - - [29/Dec/2019:05:35:12 -0500] "GET /BLA/resoluciones/RESOLUCIONES%202016/1226.pdf HTTP/1.1" 304 -
54.36.149.5 - - [29/Dec/2019:05:35:38 -0500] "GET /BLA/resoluciones/RESOLUCIONES%202003/RES%202003%201501-1550/20031534.tif HTTP/1.1" 200 146352
66.249.64.59 - - [29/Dec/2019:05:36:01 -0500] "GET /BLA/resoluciones/AUTOS%202009/0574.pdf HTTP/1.1" 200 125571
66.249.64.63 - - [29/Dec/2019:05:36:49 -0500] "GET /BLA/resoluciones/RESOLUCIONES%202015/2729.pdf HTTP/1.1" 200 1191229
201.245.192.253 - - [29/Dec/2019:05:36:30 -0500] "POST /kwsrmcab/Wsrmcab HTTP/1.1" 200 32421
66.249.64.63 - - [29/Dec/2019:05:37:38 -0500] "GET /BLA/resoluciones/Notificaciones/REGISTROS%202014/3276.doc HTTP/1.1" 200 195584
66.249.64.63 - - [29/Dec/2019:05:38:27 -0500] "GET /BLA/resoluciones/AUTOS%202010/5445.pdf HTTP/1.1" 200 1207218
69.162.124.232 - - [29/Dec/2019:05:38:59 -0500] "HEAD / HTTP/1.1" 200 -
66.249.64.63 - - [29/Dec/2019:05:39:15 -0500] "GET /BLA/resoluciones/RESOLUCIONES%202009/2545.pdf HTTP/1.1" 200 455829
66.249.64.59 - - [29/Dec/2019:05:40:04 -0500] "GET /BLA/resoluciones/RESOLUCIONES%202007/RES%202007%202001%20AL%202100/RESOLUCION%20%202046%20DE%202007.pdf HTTP/1.1" 200 455912
54.36.150.62 - - [29/Dec/2019:05:40:07 -0500] "GET /BLA/resoluciones/RESOLUCIONES%202002/RES%202002%20751-800/2002RES756.tif HTTP/1.1" 200 88206
66.249.64.63 - - [29/Dec/2019:05:40:53 -0500] "GET /BLA/resoluciones/RESOLUCIONES%202008/0534.pdf HTTP/1.1" 200 248025
5.255.250.75 - - [29/Dec/2019:05:41:36 -0500] "GET /StormSDA/userFiles/user_files/listas/0.xml HTTP/1.1" 200 90
66.249.64.59 - - [29/Dec/2019:05:41:41 -0500] "GET /BLA/resoluciones/RESOLUCIONES%202014/1372.pdf HTTP/1.1" 200 876767
207.46.13.27 - - [29/Dec/2019:05:41:43 -0500] "GET / HTTP/1.1" 200 9990
66.249.64.59 - - [29/Dec/2019:05:42:29 -0500] "GET /BLA/resoluciones/AUTOS%202009/0815.pdf HTTP/1.1" 200 72249
216.244.66.195 - - [29/Dec/2019:05:42:42 -0500] "GET /BLA/resoluciones/RESOLUCIONES%202009/1223.pdf HTTP/1.1" 200 443640
216.244.66.195 - - [29/Dec/2019:05:42:50 -0500] "GET /BLA/resoluciones/RESOLUCIONES%202009/1242.pdf HTTP/1.1" 200 611097
216.244.66.195 - - [29/Dec/2019:05:42:52 -0500] "GET /BLA/resoluciones/RESOLUCIONES%202009/1286.pdf HTTP/1.1" 200 329324
54.36.150.21 - - [29/Dec/2019:05:43:41 -0500] "GET /BLA/resoluciones/RESOLUCIONES%202002/RES%202002%201201-1250/20021234.tif HTTP/1.1" 200 82078
69.162.124.232 - - [29/Dec/2019:05:43:59 -0500] "HEAD / HTTP/1.1" 200 -
66.249.64.61 - - [29/Dec/2019:05:44:07 -0500] "GET /BLA/resoluciones/RESOLUCIONES%202007/RES%202007%20801%20AL%20900/RESOLUCION%200833%20DE%202007.pdf HTTP/1.1" 200 270601
66.249.64.59 - - [29/Dec/2019:05:44:56 -0500] "GET /BLA/resoluciones/AUTOS%202013/0322.pdf HTTP/1.1" 200 1893900
216.244.66.195 - - [29/Dec/2019:05:45:09 -0500] "GET /BLA/resoluciones/RESOLUCIONES%202009/1350.pdf HTTP/1.1" 200 512393
216.244.66.195 - - [29/Dec/2019:05:45:59 -0500] "GET /BLA/resoluciones/RESOLUCIONES%202009/1505.pdf HTTP/1.1" 200 754007
66.249.64.63 - - [29/Dec/2019:05:46:33 -0500] "GET /BLA/resoluciones/RESOLUCIONES%202016/2186.pdf HTTP/1.1" 200 1120858
54.36.148.95 - - [29/Dec/2019:05:47:10 -0500] "GET /BLA/resoluciones/RESOLUCIONES%202005/RES%202005%203151-3180/00003173.tif HTTP/1.1" 200 125856
66.249.64.59 - - [29/Dec/2019:05:48:10 -0500] "GET /BLA/resoluciones/RESOLUCIONES%202016/0940.pdf HTTP/1.1" 304 -
216.244.66.195 - - [29/Dec/2019:05:48:20 -0500] "GET /BLA/resoluciones/RESOLUCIONES%202009/1587.pdf HTTP/1.1" 200 583409
159.138.157.53 - - [29/Dec/2019:05:48:58 -0500] "GET /BLA/resoluciones/index.php?dir=RESOLUCIONES%2B2004%2F&sort=size&order=asc HTTP/1.1" 200 12073
69.162.124.232 - - [29/Dec/2019:05:48:59 -0500] "HEAD / HTTP/1.1" 200 -
66.249.64.59 - - [29/Dec/2019:05:48:59 -0500] "GET /BLA/resoluciones/AUTOS%202014/4927.pdf HTTP/1.1" 304 -
54.36.148.144 - - [29/Dec/2019:05:49:24 -0500] "GET /BLA/resoluciones/RESOLUCIONES%202002/RES%202002%201601-1650/20021614.tif HTTP/1.1" 200 119812
40.77.167.107 - - [29/Dec/2019:05:49:34 -0500] "GET / HTTP/1.1" 200 9990
54.36.150.123 - - [29/Dec/2019:05:49:42 -0500] "GET /BLA/resoluciones/RESOLUCIONES%202005/RES%202005%20451-500/00000481.tif HTTP/1.1" 200 122900
66.249.64.61 - - [29/Dec/2019:05:49:48 -0500] "GET /BLA/resoluciones/RESOLUCIONES%202013/0848.pdf HTTP/1.1" 304 -
186.113.10.19 - - [29/Dec/2019:05:49:59 -0500] "GET /galeria/nivo-slider/demo/images/bannerjardines.jpg HTTP/1.1" 304 -
54.36.150.163 - - [29/Dec/2019:05:50:36 -0500] "GET /BLA/resoluciones/RESOLUCIONES%202003/RES%202003%20001-050/2003RES24.tif HTTP/1.1" 200 155268
66.249.64.63 - - [29/Dec/2019:05:50:36 -0500] "GET /BLA/resoluciones/RESOLUCIONES%202016/1278.pdf HTTP/1.1" 304 -
216.244.66.195 - - [29/Dec/2019:05:50:40 -0500] "GET /BLA/resoluciones/RESOLUCIONES%202009/1713.pdf HTTP/1.1" 200 644344
66.249.64.59 - - [29/Dec/2019:05:51:25 -0500] "GET /BLA/resoluciones/RESOLUCIONES%202010/4001.pdf HTTP/1.1" 304 -
46.229.168.162 - - [29/Dec/2019:05:51:38 -0500] "GET /robots.txt HTTP/1.1" 404 1019
46.229.168.136 - - [29/Dec/2019:05:51:38 -0500] "GET /Anexos%20estudio%20Organizacional%20SDA/index.php?dir=ANEXO%2BNo.%2B8%2B-%2BMATRICES%2BDE%2BREGISTRO%2BY%2BDE%2BSALIDA%2BMEDICI%C3%83%C2%83%C3%82%C2%83%C3%83%C2%82%C3%82%C2%83%C3%83%C2%83%C3%82%C2%82%C3%83%C2%82%C3%82%C2%83%C3%83%C2%83%C3%82%C2%83%C3%83%C2%82%C3%82%C2%82%C3%83%C2%83%C3%82%C2%82%C3%83%C2%82%C3%82%C2%93N%2BCARGAS%2BLABORALES%2BSDA%2F&order=asc&sort=size HTTP/1.1" 200 6430
216.244.66.195 - - [29/Dec/2019:05:52:03 -0500] "GET /BLA/resoluciones/RESOLUCIONES%202009/1824.pdf HTTP/1.1" 200 512366
216.244.66.195 - - [29/Dec/2019:05:52:54 -0500] "GET /BLA/resoluciones/RESOLUCIONES%202009/1940.pdf HTTP/1.1" 200 467535
46.229.168.132 - - [29/Dec/2019:05:53:48 -0500] "GET /Autoliquidacion/index.php?dir=Solicitudes%2Brelacionadas%2Bcon%2Bocupaci%C3%83%C2%83%C3%82%C2%B3n%2Bde%2Bcauce%2F&order=desc&sort=name HTTP/1.1" 200 6693
66.249.64.63 - - [29/Dec/2019:05:53:51 -0500] "GET /BLA/resoluciones/RESOLUCIONES%202013/1450.pdf HTTP/1.1" 304 -
69.162.124.232 - - [29/Dec/2019:05:53:59 -0500] "HEAD / HTTP/1.1" 200 -
216.244.66.195 - - [29/Dec/2019:05:55:11 -0500] "GET /BLA/resoluciones/RESOLUCIONES%202009/1943.pdf HTTP/1.1" 200 457769
66.249.64.63 - - [29/Dec/2019:05:55:28 -0500] "GET /BLA/resoluciones/AUTOS%202017/0091.pdf HTTP/1.1" 200 1296634
159.138.152.41 - - [29/Dec/2019:05:55:54 -0500] "GET /BLA/resoluciones/index.php?dir=RESOLUCIONES%2B1997/&sort=name&order=desc HTTP/1.1" 200 12072
159.138.157.168 - - [29/Dec/2019:05:55:59 -0500] "GET /BLA/resoluciones/index.php?dir=Notificaciones%2FRESOLUCIONES%2B2019%2F&sort=date&order=desc HTTP/1.1" 200 12134
66.249.64.61 - - [29/Dec/2019:05:57:05 -0500] "GET /BLA/resoluciones/AUTOS%202016/2974.pdf HTTP/1.1" 304 -
216.244.66.195 - - [29/Dec/2019:05:57:14 -0500] "GET /BLA/resoluciones/RESOLUCIONES%202010/0379.pdf HTTP/1.1" 200 109630
66.249.64.59 - - [29/Dec/2019:05:57:54 -0500] "GET /BLA/resoluciones/RESOLUCIONES%202014/0159.pdf HTTP/1.1" 200 757342
216.244.66.195 - - [29/Dec/2019:05:57:58 -0500] "GET /BLA/resoluciones/RESOLUCIONES%202010/0532.pdf HTTP/1.1" 200 393210
66.249.64.61 - - [29/Dec/2019:05:58:43 -0500] "GET /BLA/resoluciones/RESOLUCIONES%202016/1941.pdf HTTP/1.1" 200 517856
69.162.124.232 - - [29/Dec/2019:05:58:59 -0500] "HEAD / HTTP/1.1" 200 -
66.249.64.59 - - [29/Dec/2019:05:59:31 -0500] "GET /BLA/resoluciones/AUTOS%202015/3405.pdf HTTP/1.1" 200 1099786
216.244.66.195 - - [29/Dec/2019:06:00:01 -0500] "GET /BLA/resoluciones/RESOLUCIONES%202010/0573.pdf HTTP/1.1" 200 136274
46.229.168.132 - - [29/Dec/2019:06:00:47 -0500] "GET /Anexos%20estudio%20Organizacional%20SDA/index.php?dir=ANEXO%2BNo.%2B4%2B-%2BENCUESTA%2BDE%2BAN%C3%83%C2%83%C3%82%C2%83%C3%83%C2%82%C3%82%C2%83%C3%83%C2%83%C3%82%C2%82%C3%83%C2%82%C3%82%C2%83%C3%83%C2%83%C3%82%C2%83%C3%83%C2%82%C3%82%C2%82%C3%83%C2%83%C3%82%C2%82%C3%83%C2%82%C3%82%C2%83%C3%83%C2%83%C3%82%C2%83%C3%83%C2%82%C3%82%C2%83%C3%83%C2%83%C3%82%C2%82%C3%83%C2%82%C3%82%C2%82%C3%83%C2%83%C3%82%C2%83%C3%83%C2%82%C3%82%C2%82%C3%83%C2%83%C3%82%C2%82%C3%83%C2%82%C3%82%C2%83%C3%83%C2%83%C3%82%C2%83%C3%83%C2%82%C3%82%C2%83%C3%83%C2%83%C3%82%C2%82%C3%83%C2%82%C3%82%C2%83%C3%83%C2%83%C3%82%C2%83%C3%83%C2%82%C3%82%C2%82%C3%83%C2%83%C3%82%C2%82%C3%83%C2%82%C3%82%C2%82%C3%83%C2%83%C3%82%C2%83%C3%83%C2%82%C3%82%C2%83%C3%83%C2%83%C3%82%C2%82%C3%83%C2%82%C3%82%C2%82%C3%83%C2%83%C3%82%C2%83%C3%83%C2%82%C3%82%C2%82%C3%83%C2%83%C3%82%C2%82%C3%83%C2%82%C3%82%C2%83%C3%83%C2%83%C3%82%C2%83%C3%83%C2%82%C3%82%C2%83%C3%83%C2%83%C3%82%C2%82%C3%83%C2%82%C3%82%C2%83%C3%83%C2%83%C3%82%C2%83%C3%83%C2%82%C3%82%C2%82%C3%83%C2%83%C3%82%C2%82%C3%83%C2%82%C3%82%C2%83%C3%83%C2%83%C3%82%C2%83%C3%83%C2%82%C3%82%C2%83%C3%83%C2%83%C3%82%C2%82%C3%83%C2%82%C3%82%C2%82%C3%83%C2%83%C3%82%C2%83%C3%83%C2%82%C3%82%C2%82%C3%83%C2%83%C3%82%C2%82%C3%83%C2%82%C3%82%C2%82%C3%83%C2%83%C3%82%C2%83%C3%83%C2%82%C3%82%C2%83%C3%83%C2%83%C3%82%C2%82%C3%83%C2%82%C3%82%C2%83%C3%83%C2%83%C3%82%C2%83%C3%83%C2%82%C3%82%C2%82%C3%83%C2%83%C3%82%C2%82%C3%83%C2%82%C3%82%C2%82%C3%83%C2%83%C3%82%C2%83%C3%83%C2%82%C3%82%C2%83%C3%83%C2%83%C3%82%C2%82%C3%83%C2%82%C3%82%C2%82%C3%83%C2%83%C3%82%C2%83%C3%83%C2%82%C3%82%C2%82%C3%83%C2%83%C3%82%C2%82%C3%83%C2%82%C3%82%C2%83%C3%83%C2%83%C3%82%C2%83%C3%83%C2%82%C3%82%C2%83%C3%83%C2%83%C3%82%C2%82%C3%83%C2%82%C3%82%C2%83%C3%83%C2%83%C3%82%C2%83%C3%83%C2%82%C3%82%C2%82%C3%83%C2%83%C3%82%C2%82%C3%83%C2%82%C3%82%C2%83%C3%83%C2%83%C3%82%C2%83%C3%83%C2%82%C3%82%C2%83%C3%83%C2%83%C3%82%C2%82%C3%83%C2%82%C3%82%C2%82%C3%83%C2%83%C3%82%C2%83%C3%83%C2%82%C3%82%C2%82%C3%83%C2%83%C3%82%C2%82%C3%83%C2%82%C3%82%C2%83%C3%83%C2%83%C3%82%C2%83%C3%83%C2%82%C3%82%C2%83%C3%83%C2%83%C3%82%C2%82%C3%83%C2%82%C3%82%C2%83%C3%83%C2%83%C3%82%C2%83%C3%83%C2%82%C3%82%C2%82%C3%83%C2%83%C3%82%C2%82%C3%83%C2%82%C3%82%C2%82%C3%83%C2%83%C3%82%C2%83%C3%83%C2%82%C3%82%C2%83%C3%83%C2%83%C3%82%C2%82%C3%83%C2%82%C3%82%C2%82%C3%83%C2%83%C3%82%C2%83%C3%83%C2%82%C3%82%C2%82%C3%83%C2%83%C3%82%C2%82%C3%83%C2%82%C3%82%C2%82%C3%83%C2%83%C3%82%C2%83%C3%83%C2%82%C3%82%C2%83%C3%83%C2%83%C3%82%C2%82%C3%83%C2%82%C3%82%C2%83%C3%83%C2%83%C3%82%C2%83%C3%83%C2%82%C3%82%C2%82%C3%83%C2%83%C3%82%C2%82%C3%83%C2%82%C3%82%C2%83%C3%83%C2%83%C3%82%C2%83%C3%83%C2%82%C3%82%C2%83%C3%83%C2%83%C3%82%C2%82%C3%83%C2%82%C3%82%C2%82%C3%83%C2%83%C3%82%C2%83%C3%83%C2%82%C3%82%C2%82%C3%83%C2%83%C3%82%C2%82%C3%83%C2%82%C3%82%C2%82%C3%83%C2%83%C3%82%C2%83%C3%83%C2%82%C3%82%C2%83%C3%83%C2%83%C3%82%C2%82%C3%83%C2%82%C3%82%C2%83%C3%83%C2%83%C3%82%C2%83%C3%83%C2%82%C3%82%C2%82%C3%83%C2%83%C3%82%C2%82%C3%83%C2%82%C3%82%C2%82%C3%83%C2%83%C3%82%C2%83%C3%83%C2%82%C3%82%C2%83%C3%83%C2%83%C3%82%C2%82%C3%83%C2%82%C3%82%C2%82%C3%83%C2%83%C3%82%C2%83%C3%83%C2%82%C3%82%C2%82%C3%83%C2%83%C3%82%C2%82%C3%83%C2%82%C3%82%C2%81LISIS%2BORGANIZACIONAL%2F&order=desc&sort=name HTTP/1.1" 200 9228
66.249.64.61 - - [29/Dec/2019:06:01:09 -0500] "GET /BLA/resoluciones/RESOLUCIONES%202013/0059.pdf HTTP/1.1" 304 -
216.244.66.195 - - [29/Dec/2019:06:01:21 -0500] "GET /BLA/resoluciones/RESOLUCIONES%202010/0577.pdf HTTP/1.1" 200 91143
216.244.66.195 - - [29/Dec/2019:06:01:57 -0500] "GET /BLA/resoluciones/RESOLUCIONES%202010/0582.pdf HTTP/1.1" 200 100848
216.244.66.195 - - [29/Dec/2019:06:02:32 -0500] "GET /BLA/resoluciones/RESOLUCIONES%202010/0860.pdf HTTP/1.1" 200 106438
66.249.64.63 - - [29/Dec/2019:06:02:46 -0500] "GET /BLA/resoluciones/RESOLUCIONES%202011/2962.pdf HTTP/1.1" 200 2929372
216.244.66.195 - - [29/Dec/2019:06:03:19 -0500] "GET /BLA/resoluciones/RESOLUCIONES%202010/0868.pdf HTTP/1.1" 200 435087
66.249.64.59 - - [29/Dec/2019:06:03:35 -0500] "GET /BLA/resoluciones/AUTOS%202015/1533.pdf HTTP/1.1" 304 -
69.162.124.232 - - [29/Dec/2019:06:03:59 -0500] "HEAD / HTTP/1.1" 200 -
66.249.64.59 - - [29/Dec/2019:06:04:23 -0500] "GET /BLA/resoluciones/RESOLUCIONES%202016/1121.pdf HTTP/1.1" 200 247796
216.244.66.195 - - [29/Dec/2019:06:04:33 -0500] "GET /BLA/resoluciones/RESOLUCIONES%202010/0901.pdf HTTP/1.1" 200 104898
159.138.158.113 - - [29/Dec/2019:06:04:52 -0500] "GET /BLA/resoluciones/index.php?dir=RESOLUCIONES%2B1994/&sort=size&order=desc HTTP/1.1" 200 12072
66.249.64.61 - - [29/Dec/2019:06:04:56 -0500] "GET /BLA/resoluciones/Notificaciones/AUTOS%202017/03323.pdf HTTP/1.1" 200 313859
216.244.66.195 - - [29/Dec/2019:06:05:20 -0500] "GET /BLA/resoluciones/RESOLUCIONES%202010/0993.pdf HTTP/1.1" 200 117900
216.244.66.195 - - [29/Dec/2019:06:05:57 -0500] "GET /BLA/resoluciones/RESOLUCIONES%202010/1098.pdf HTTP/1.1" 200 135718
66.249.64.59 - - [29/Dec/2019:06:06:01 -0500] "GET /BLA/resoluciones/AUTOS%202015/2000.pdf HTTP/1.1" 200 576933
216.244.66.195 - - [29/Dec/2019:06:06:36 -0500] "GET /BLA/resoluciones/RESOLUCIONES%202010/1157.pdf HTTP/1.1" 200 117208
66.249.64.59 - - [29/Dec/2019:06:06:49 -0500] "GET /BLA/resoluciones/Notificaciones/AUTOS%202015/04804.doc HTTP/1.1" 200 135292
216.244.66.195 - - [29/Dec/2019:06:07:14 -0500] "GET /BLA/resoluciones/RESOLUCIONES%202010/1248.pdf HTTP/1.1" 200 109548
66.249.64.61 - - [29/Dec/2019:06:07:38 -0500] "GET /BLA/resoluciones/RESOLUCIONES%202018/1669.pdf HTTP/1.1" 200 286978
216.244.66.195 - - [29/Dec/2019:06:07:51 -0500] "GET /BLA/resoluciones/RESOLUCIONES%202010/1333.pdf HTTP/1.1" 200 353310
66.249.64.59 - - [29/Dec/2019:06:08:27 -0500] "GET /BLA/resoluciones/AUTOS%202010/0606.pdf HTTP/1.1" 200 194821
201.244.249.123 - - [29/Dec/2019:06:08:27 -0500] "GET /galeria/galeria/jquery.fancybox.css?v=2.1.5 HTTP/1.1" 200 4895
201.244.249.123 - - [29/Dec/2019:06:08:27 -0500] "GET /BLA/boletinlegal/js/jquery.scrollShow.js HTTP/1.1" 200 4586
201.244.249.123 - - [29/Dec/2019:06:08:27 -0500] "GET /galeria/galeria/jquery.fancybox.js?v=2.1.5 HTTP/1.1" 200 48706
216.244.66.195 - - [29/Dec/2019:06:08:30 -0500] "GET /BLA/resoluciones/RESOLUCIONES%202010/1408.pdf HTTP/1.1" 200 728979
159.138.150.254 - - [29/Dec/2019:06:08:43 -0500] "GET /BLA/resoluciones/index.php?dir=RESOLUCIONES%2B2000/&sort=size&order=desc HTTP/1.1" 200 12072
69.162.124.232 - - [29/Dec/2019:06:08:59 -0500] "HEAD / HTTP/1.1" 200 -
216.244.66.195 - - [29/Dec/2019:06:09:13 -0500] "GET /BLA/resoluciones/RESOLUCIONES%202010/1448.pdf HTTP/1.1" 200 456155
66.249.64.29 - - [29/Dec/2019:06:09:15 -0500] "GET /SIG/Gesti%C3%B3n%20de%20Recursos%20F%C3%ADsicos/126PA04-PR11.pdf HTTP/1.1" 200 49222
216.244.66.195 - - [29/Dec/2019:06:09:59 -0500] "GET /BLA/resoluciones/RESOLUCIONES%202010/1657.pdf HTTP/1.1" 200 436449
66.249.64.59 - - [29/Dec/2019:06:10:04 -0500] "GET /BLA/resoluciones/AUTOS%202014/1786.pdf HTTP/1.1" 200 513622
193.56.116.43 - - [29/Dec/2019:06:10:19 -0500] "GET /galeria/galeria/jquery.fancybox.js?v=2.1.5 HTTP/1.1" 200 48706
193.56.116.43 - - [29/Dec/2019:06:10:19 -0500] "GET /galeria/galeria/jquery.fancybox.css?v=2.1.5 HTTP/1.1" 200 4895
193.56.116.43 - - [29/Dec/2019:06:10:19 -0500] "GET /BLA/boletinlegal/js/jquery.scrollShow.js HTTP/1.1" 200 4586
193.56.116.43 - - [29/Dec/2019:06:10:27 -0500] "GET /galeria/galeria/jquery.fancybox.js?v=2.1.5 HTTP/1.1" 304 -
193.56.116.43 - - [29/Dec/2019:06:10:27 -0500] "GET /BLA/boletinlegal/js/jquery.scrollShow.js HTTP/1.1" 304 -
193.56.116.43 - - [29/Dec/2019:06:10:27 -0500] "GET /galeria/galeria/jquery.fancybox.css?v=2.1.5 HTTP/1.1" 304 -
66.249.64.59 - - [29/Dec/2019:06:10:52 -0500] "GET /BLA/resoluciones/RESOLUCIONES%202011/3719.pdf HTTP/1.1" 200 514965
216.244.66.195 - - [29/Dec/2019:06:10:59 -0500] "GET /BLA/resoluciones/RESOLUCIONES%202010/1705.pdf HTTP/1.1" 200 309413
54.36.150.61 - - [29/Dec/2019:06:11:02 -0500] "GET /BLA/resoluciones/RESOLUCIONES%202003/RES%202003%20001-050/2003RES6.tif HTTP/1.1" 200 76024
216.244.66.195 - - [29/Dec/2019:06:12:06 -0500] "GET /BLA/resoluciones/RESOLUCIONES%202010/1920.pdf HTTP/1.1" 200 772652
66.249.64.59 - - [29/Dec/2019:06:12:25 -0500] "GET /BLA/resoluciones/AUTOS%202009/3930.pdf HTTP/1.1" 200 403940
66.249.64.59 - - [29/Dec/2019:06:12:32 -0500] "GET /BLA/resoluciones/AUTOS%202013/2402.pdf HTTP/1.1" 304 -
66.249.64.61 - - [29/Dec/2019:06:13:18 -0500] "GET /BLA/resoluciones/AUTOS%202013/0229.pdf HTTP/1.1" 200 1968994
5.101.0.209 - - [29/Dec/2019:06:13:53 -0500] "GET /?XDEBUG_SESSION_START=phpstorm HTTP/1.1" 200 9990
5.101.0.209 - - [29/Dec/2019:06:13:53 -0500] "GET /index.php?s=/Index/\\think\\app/invokefunction&function=call_user_func_array&vars[0]=md5&vars[1][]=HelloThinkPHP HTTP/1.1" 404 1018
216.244.66.195 - - [29/Dec/2019:06:13:58 -0500] "GET /BLA/resoluciones/RESOLUCIONES%202010/1972.pdf HTTP/1.1" 200 331118
69.162.124.232 - - [29/Dec/2019:06:13:59 -0500] "HEAD / HTTP/1.1" 200 -
66.249.64.61 - - [29/Dec/2019:06:14:07 -0500] "GET /BLA/resoluciones/AUTOS%202016/1891.pdf HTTP/1.1" 200 372854
216.244.66.197 - - [29/Dec/2019:06:14:11 -0500] "GET /BLA/boletinlegal/Circulares/2015/Circular%20No.%202%20del%201%20de%20julio%20de%202015.pdf HTTP/1.1" 200 752890
216.244.66.197 - - [29/Dec/2019:06:14:31 -0500] "GET /BLA/boletinlegal/Directivas/2013/Directiva%20No.%202%20del%2004%20de%20Abril%20de%202013.pdf HTTP/1.1" 200 1182671
46.229.168.150 - - [29/Dec/2019:06:15:37 -0500] "GET /robots.txt HTTP/1.1" 404 1019
46.229.168.130 - - [29/Dec/2019:06:15:37 -0500] "GET /Anexos%20estudio%20Organizacional%20SDA/index.php?dir=ANEXO%2BNo.%2B8%2B-%2BMATRICES%2BDE%2BREGISTRO%2BY%2BDE%2BSALIDA%2BMEDICI%C3%83%C2%83%C3%82%C2%83%C3%83%C2%82%C3%82%C2%93N%2BCARGAS%2BLABORALES%2BSDA%2F&order=desc&sort=name HTTP/1.1" 200 6285
216.244.66.197 - - [29/Dec/2019:06:16:32 -0500] "GET /re/Talleres/plastico/imagenes%20plastico/animacion%20plastico/_notes/animacion%20plastico.gif.mno HTTP/1.1" 404 1019
66.249.64.59 - - [29/Dec/2019:06:16:33 -0500] "GET /BLA/resoluciones/AUTOS%202008/1042.pdf HTTP/1.1" 200 337423
66.249.64.59 - - [29/Dec/2019:06:17:22 -0500] "GET /BLA/resoluciones/AUTOS%202011/3415.pdf HTTP/1.1" 200 214857
201.245.192.253 - - [29/Dec/2019:06:16:30 -0500] "POST /kwsrmcab/Wsrmcab HTTP/1.1" 200 32436
201.245.192.253 - - [29/Dec/2019:06:16:29 -0500] "POST /kwsrmcab/Wsrmcab HTTP/1.1" 200 32438
201.245.192.253 - - [29/Dec/2019:06:17:24 -0500] "POST /kwsrmcab/Wsrmcab HTTP/1.1" 200 32438
66.249.64.59 - - [29/Dec/2019:06:18:10 -0500] "GET /BLA/resoluciones/AUTOS%202008/2129.pdf HTTP/1.1" 200 122986
69.162.124.232 - - [29/Dec/2019:06:18:59 -0500] "HEAD / HTTP/1.1" 200 -
66.249.64.59 - - [29/Dec/2019:06:18:59 -0500] "GET /BLA/resoluciones/AUTOS%202007/2919.pdf HTTP/1.1" 200 131409
66.249.64.61 - - [29/Dec/2019:06:19:48 -0500] "GET /BLA/resoluciones/RESOLUCIONES%202008/5706.pdf HTTP/1.1" 200 408064
40.77.167.148 - - [29/Dec/2019:06:19:50 -0500] "GET /php/ProyectosInversion/Ficha%20ebi.pdf HTTP/1.1" 404 1018
109.74.154.72 - - [29/Dec/2019:06:20:23 -0500] "GET / HTTP/1.1" 200 9990
109.74.154.72 - - [29/Dec/2019:06:20:24 -0500] "GET /js/jquery.js HTTP/1.1" 200 97120
109.74.154.72 - - [29/Dec/2019:06:20:24 -0500] "GET /js/bootstrap.min.js HTTP/1.1" 200 28538
109.74.154.72 - - [29/Dec/2019:06:20:28 -0500] "HEAD /images/SDA.jpg HTTP/1.1" 200 -
109.74.154.72 - - [29/Dec/2019:06:20:28 -0500] "HEAD /images/LINEA.jpg HTTP/1.1" 200 -
109.74.154.72 - - [29/Dec/2019:06:20:28 -0500] "HEAD /images/NINOS.jpg HTTP/1.1" 200 -
109.74.154.72 - - [29/Dec/2019:06:20:28 -0500] "HEAD /images/INTERNET.jpg HTTP/1.1" 200 -
109.74.154.72 - - [29/Dec/2019:06:20:28 -0500] "HEAD /images/INTRANET.jpg HTTP/1.1" 200 -
109.74.154.72 - - [29/Dec/2019:06:20:28 -0500] "HEAD /images/FOREST.jpg HTTP/1.1" 200 -
109.74.154.72 - - [29/Dec/2019:06:20:28 -0500] "HEAD /images/RMCAB.jpg HTTP/1.1" 200 -
109.74.154.72 - - [29/Dec/2019:06:20:28 -0500] "HEAD /images/SDQS.jpg HTTP/1.1" 200 -
109.74.154.72 - - [29/Dec/2019:06:20:28 -0500] "HEAD /images/CORREO.jpg HTTP/1.1" 200 -
109.74.154.72 - - [29/Dec/2019:06:20:28 -0500] "HEAD /images/BLA.jpg HTTP/1.1" 200 -
109.74.154.72 - - [29/Dec/2019:06:20:29 -0500] "HEAD /images/FORMATOS.jpg HTTP/1.1" 200 -
109.74.154.72 - - [29/Dec/2019:06:20:29 -0500] "HEAD /images/CATALOGO.jpg HTTP/1.1" 200 -
66.249.64.59 - - [29/Dec/2019:06:20:36 -0500] "GET /BLA/resoluciones/RESOLUCIONES%202010/6735.pdf HTTP/1.1" 200 366963
66.249.64.63 - - [29/Dec/2019:06:21:25 -0500] "GET /BLA/resoluciones/AUTOS%202017/0153.pdf HTTP/1.1" 304 -
66.249.88.25 - - [29/Dec/2019:06:21:51 -0500] "GET /galeria/galeria/jquery.fancybox.css?v=2.1.5 HTTP/1.1" 200 4895
66.249.88.25 - - [29/Dec/2019:06:21:51 -0500] "GET /galeria/galeria/jquery.fancybox.js?v=2.1.5 HTTP/1.1" 200 48706
66.249.88.19 - - [29/Dec/2019:06:21:51 -0500] "GET /BLA/boletinlegal/js/jquery.scrollShow.js HTTP/1.1" 200 4586
54.36.150.42 - - [29/Dec/2019:06:22:29 -0500] "GET /BLA/resoluciones/RESOLUCIONES%202004/RES%202004%20351-400/00000382.tif HTTP/1.1" 200 240018
66.249.88.23 - - [29/Dec/2019:06:22:56 -0500] "GET /BLA/boletinlegal/js/jquery.scrollShow.js HTTP/1.1" 200 4586
66.249.88.19 - - [29/Dec/2019:06:22:56 -0500] "GET /galeria/galeria/jquery.fancybox.js?v=2.1.5 HTTP/1.1" 200 48706
66.249.88.25 - - [29/Dec/2019:06:22:56 -0500] "GET /galeria/galeria/jquery.fancybox.css?v=2.1.5 HTTP/1.1" 200 4895
66.249.93.91 - - [29/Dec/2019:06:22:57 -0500] "GET /BLA/resoluciones/AUTOS%202011/5902.pdf HTTP/1.1" 200 235091
66.249.64.59 - - [29/Dec/2019:06:23:02 -0500] "GET /BLA/resoluciones/RESOLUCIONES%202008/1476.pdf HTTP/1.1" 304 -
66.249.64.63 - - [29/Dec/2019:06:23:51 -0500] "GET /BLA/resoluciones/AUTOS%202017/0859.pdf HTTP/1.1" 304 -
69.162.124.232 - - [29/Dec/2019:06:23:59 -0500] "HEAD / HTTP/1.1" 200 -
66.249.64.59 - - [29/Dec/2019:06:24:39 -0500] "GET /BLA/resoluciones/AUTOS%202015/2495.pdf HTTP/1.1" 304 -
71.153.247.90 - - [29/Dec/2019:06:24:41 -0500] "GET /galeria/galeria/jquery.fancybox.css?v=2.1.5 HTTP/1.1" 200 4895
71.153.247.90 - - [29/Dec/2019:06:24:41 -0500] "GET /BLA/boletinlegal/js/jquery.scrollShow.js HTTP/1.1" 200 4586
71.153.247.90 - - [29/Dec/2019:06:24:41 -0500] "GET /galeria/galeria/jquery.fancybox.js?v=2.1.5 HTTP/1.1" 200 48706
66.249.64.63 - - [29/Dec/2019:06:25:28 -0500] "GET /BLA/resoluciones/RESOLUCIONES%202007/RES%202007%201401%20AL%201500/RESOLUCION%201422%20DE%202007.pdf HTTP/1.1" 304 -
66.249.64.63 - - [29/Dec/2019:06:26:17 -0500] "GET /BLA/resoluciones/RESOLUCIONES%202017/1329.pdf HTTP/1.1" 304 -
201.245.192.253 - - [29/Dec/2019:06:26:30 -0500] "POST /kwsrmcab/Wsrmcab HTTP/1.1" 200 32436
66.249.64.61 - - [29/Dec/2019:06:27:05 -0500] "GET /BLA/resoluciones/AUTOS%202015/1533.pdf HTTP/1.1" 200 515513
66.249.64.59 - - [29/Dec/2019:06:27:23 -0500] "GET /BLA/resoluciones/RESOLUCIONES%202010/1413.pdf HTTP/1.1" 200 2025111
104.215.93.124 - - [29/Dec/2019:06:27:25 -0500] "GET /?-dsafe_mode%3dOff+-ddisable_functions%3dNULL+-dallow_url_fopen%3dOn+-dallow_url_include%3dOn+-dauto_prepend_file%3dhttps://www.ethernet.edu.et/wp-includes/images/media/default.txt HTTP/1.1" 200 9990
66.249.64.59 - - [29/Dec/2019:06:27:54 -0500] "GET /BLA/resoluciones/RESOLUCIONES%202016/1226.pdf HTTP/1.1" 200 640684
66.102.8.191 - - [29/Dec/2019:06:28:04 -0500] "GET /galeria/galeria/jquery.fancybox.css?v=2.1.5 HTTP/1.1" 200 4895
66.102.8.189 - - [29/Dec/2019:06:28:04 -0500] "GET /galeria/galeria/jquery.fancybox.js?v=2.1.5 HTTP/1.1" 200 48706
66.102.8.191 - - [29/Dec/2019:06:28:04 -0500] "GET /BLA/boletinlegal/js/jquery.scrollShow.js HTTP/1.1" 200 4586
66.102.8.191 - - [29/Dec/2019:06:28:05 -0500] "GET /galeria/galeria/jquery.fancybox.css?v=2.1.5 HTTP/1.1" 304 -
66.102.8.187 - - [29/Dec/2019:06:28:05 -0500] "GET /galeria/galeria/jquery.fancybox.js?v=2.1.5 HTTP/1.1" 304 -
66.102.8.187 - - [29/Dec/2019:06:28:06 -0500] "GET /galeria/galeria/jquery.fancybox.js?v=2.1.5 HTTP/1.1" 200 48706
66.102.8.187 - - [29/Dec/2019:06:28:06 -0500] "GET /galeria/galeria/jquery.fancybox.css?v=2.1.5 HTTP/1.1" 200 4895
66.102.8.187 - - [29/Dec/2019:06:28:07 -0500] "GET /galeria/galeria/jquery.fancybox.css?v=2.1.5 HTTP/1.1" 304 -
191.95.60.162 - - [29/Dec/2019:06:28:07 -0500] "GET /galeria/galeria/jquery.fancybox.css?v=2.1.5 HTTP/1.1" 200 4895
191.95.60.162 - - [29/Dec/2019:06:28:07 -0500] "GET /BLA/boletinlegal/js/jquery.scrollShow.js HTTP/1.1" 200 4586
191.95.60.162 - - [29/Dec/2019:06:28:07 -0500] "GET /galeria/galeria/jquery.fancybox.js?v=2.1.5 HTTP/1.1" 200 48706
66.102.8.191 - - [29/Dec/2019:06:28:07 -0500] "GET /galeria/galeria/jquery.fancybox.css?v=2.1.5 HTTP/1.1" 304 -
66.102.8.191 - - [29/Dec/2019:06:28:07 -0500] "GET /galeria/galeria/jquery.fancybox.js?v=2.1.5 HTTP/1.1" 304 -
66.102.8.191 - - [29/Dec/2019:06:28:13 -0500] "GET /galeria/galeria/jquery.fancybox.js?v=2.1.5 HTTP/1.1" 304 -
66.102.8.191 - - [29/Dec/2019:06:28:13 -0500] "GET /galeria/galeria/jquery.fancybox.css?v=2.1.5 HTTP/1.1" 304 -
18.237.3.88 - - [29/Dec/2019:06:28:31 -0500] "GET / HTTP/1.1" 200 9990
34.215.42.197 - - [29/Dec/2019:06:28:32 -0500] "GET / HTTP/1.1" 200 9990
66.249.64.63 - - [29/Dec/2019:06:28:43 -0500] "GET /BLA/resoluciones/RESOLUCIONES%202007/RES%202007%202401%20AL%202500/RESOLUCION%202449%20DE%202007.pdf HTTP/1.1" 304 -
69.162.124.232 - - [29/Dec/2019:06:28:59 -0500] "HEAD / HTTP/1.1" 200 -
66.249.64.61 - - [29/Dec/2019:06:29:31 -0500] "GET /BLA/resoluciones/AUTOS%202014/2243.pdf HTTP/1.1" 200 2485134
46.229.168.154 - - [29/Dec/2019:06:29:32 -0500] "GET /Autoliquidacion/index.php?dir=Permiso%2Bde%2Bocupaci%C3%83%C2%83%C3%82%C2%83%C3%83%C2%82%C3%82%C2%83%C3%83%C2%83%C3%82%C2%82%C3%83%C2%82%C3%82%C2%83%C3%83%C2%83%C3%82%C2%83%C3%83%C2%82%C3%82%C2%82%C3%83%C2%83%C3%82%C2%82%C3%83%C2%82%C3%82%C2%83%C3%83%C2%83%C3%82%C2%83%C3%83%C2%82%C3%82%C2%83%C3%83%C2%83%C3%82%C2%82%C3%83%C2%82%C3%82%C2%82%C3%83%C2%83%C3%82%C2%83%C3%83%C2%82%C3%82%C2%82%C3%83%C2%83%C3%82%C2%82%C3%83%C2%82%C3%82%C2%B3n%2Bde%2Bcauce%2F&order=asc&sort=name HTTP/1.1" 200 7000
66.102.8.189 - - [29/Dec/2019:06:29:47 -0500] "GET /galeria/galeria/jquery.fancybox.css?v=2.1.5 HTTP/1.1" 304 -
66.102.8.189 - - [29/Dec/2019:06:29:47 -0500] "GET /galeria/galeria/jquery.fancybox.js?v=2.1.5 HTTP/1.1" 304 -
66.102.8.191 - - [29/Dec/2019:06:29:47 -0500] "GET /BLA/boletinlegal/js/jquery.scrollShow.js HTTP/1.1" 304 -
66.102.8.189 - - [29/Dec/2019:06:29:47 -0500] "GET /galeria/carrusel/Carrusel/jquery-ui-1.8.13.custom.min.js HTTP/1.1" 200 10800
66.102.8.187 - - [29/Dec/2019:06:29:47 -0500] "GET /galeria/carrusel/Carrusel/jquery.thumbnailScroller.css HTTP/1.1" 200 2066
66.102.8.187 - - [29/Dec/2019:06:29:47 -0500] "GET /galeria/carrusel/Carrusel/jquery.thumbnailScroller.js HTTP/1.1" 200 8157
66.102.8.187 - - [29/Dec/2019:06:29:47 -0500] "GET /galeria/nivo-slider/demo/inicio.html HTTP/1.1" 200 4435
66.102.8.189 - - [29/Dec/2019:06:29:47 -0500] "GET /galeria/nivo-slider/themes/default/default.css HTTP/1.1" 200 1569
66.102.8.187 - - [29/Dec/2019:06:29:47 -0500] "GET /galeria/nivo-slider/themes/pascal/pascal.css HTTP/1.1" 200 2258
66.102.8.191 - - [29/Dec/2019:06:29:47 -0500] "GET /galeria/nivo-slider/themes/orman/orman.css HTTP/1.1" 200 2152
66.102.8.187 - - [29/Dec/2019:06:29:47 -0500] "GET /galeria/nivo-slider/nivo-slider.css HTTP/1.1" 200 1507
66.102.8.189 - - [29/Dec/2019:06:29:47 -0500] "GET /galeria/nivo-slider/demo/images/banneragendamiento.jpg HTTP/1.1" 200 116897
66.102.8.187 - - [29/Dec/2019:06:29:47 -0500] "GET /galeria/nivo-slider/demo/style.css HTTP/1.1" 200 2222
66.102.8.189 - - [29/Dec/2019:06:29:47 -0500] "GET /galeria/nivo-slider/demo/images/Bannercalculadora.jpg HTTP/1.1" 200 313099
66.102.8.187 - - [29/Dec/2019:06:29:47 -0500] "GET /galeria/nivo-slider/demo/scripts/jquery-1.7.1.min.js HTTP/1.1" 200 93868
66.102.8.189 - - [29/Dec/2019:06:29:47 -0500] "GET /galeria/nivo-slider/demo/images/Banner%20RCD.jpg HTTP/1.1" 200 92197
66.102.8.189 - - [29/Dec/2019:06:29:47 -0500] "GET /galeria/nivo-slider/demo/images/Banner%20tinguas.jpg HTTP/1.1" 200 214878
66.102.8.189 - - [29/Dec/2019:06:29:47 -0500] "GET /galeria/nivo-slider/demo/images/Banner%20practicas%20sostenibles.jpg HTTP/1.1" 200 142958
66.102.8.187 - - [29/Dec/2019:06:29:47 -0500] "GET /galeria/nivo-slider/demo/images/Banner%20consumo%20sostenible%20final.jpg HTTP/1.1" 200 364746
66.102.8.191 - - [29/Dec/2019:06:29:47 -0500] "GET /galeria/nivo-slider/demo/images/bannerwebmusgo.jpg HTTP/1.1" 200 367364
66.102.8.187 - - [29/Dec/2019:06:29:47 -0500] "GET /galeria/nivo-slider/demo/images/banneriniciativa.jpg HTTP/1.1" 200 200385
66.102.8.189 - - [29/Dec/2019:06:29:47 -0500] "GET /galeria/nivo-slider/demo/images/Banner%20Visor%20Geografico%20Ambiental.jpg HTTP/1.1" 200 204673
66.102.8.191 - - [29/Dec/2019:06:29:47 -0500] "GET /galeria/nivo-slider/demo/images/Banneranonimos.png HTTP/1.1" 200 109388
66.102.8.189 - - [29/Dec/2019:06:29:47 -0500] "GET /galeria/nivo-slider/demo/images/puntos%20atencion%20BANNER.jpg HTTP/1.1" 200 244208
66.102.8.187 - - [29/Dec/2019:06:29:47 -0500] "GET /galeria/nivo-slider/demo/images/diciembrecaminatas.png HTTP/1.1" 200 510724
66.102.8.191 - - [29/Dec/2019:06:29:47 -0500] "GET /galeria/nivo-slider/demo/images/bannerjardines.jpg HTTP/1.1" 200 417948
66.102.8.189 - - [29/Dec/2019:06:29:47 -0500] "GET /galeria/nivo-slider/demo/images/Banner%20Conpes.jpg HTTP/1.1" 200 55220
66.102.8.191 - - [29/Dec/2019:06:29:47 -0500] "GET /galeria/nivo-slider/demo/images/Banner%20POT.png HTTP/1.1" 200 418238
66.102.8.189 - - [29/Dec/2019:06:29:47 -0500] "GET /galeria/nivo-slider/jquery.nivo.slider.pack.js HTTP/1.1" 200 11561
66.102.8.191 - - [29/Dec/2019:06:29:47 -0500] "GET /galeria/nivo-slider/demo/images/Bannerserpiente2019.jpg HTTP/1.1" 200 270374
66.102.8.191 - - [29/Dec/2019:06:29:47 -0500] "GET /galeria/nivo-slider/themes/default/loading.gif HTTP/1.1" 200 1737
66.102.8.191 - - [29/Dec/2019:06:29:47 -0500] "GET /galeria/nivo-slider/demo/images/4Simple_Slider.png HTTP/1.1" 200 11722
66.102.8.189 - - [29/Dec/2019:06:29:48 -0500] "GET /galeria/nivo-slider/themes/default/arrows.png HTTP/1.1" 200 824
66.102.8.187 - - [29/Dec/2019:06:29:48 -0500] "GET /galeria/nivo-slider/themes/default/bullets.png HTTP/1.1" 200 1281
186.86.33.42 - - [29/Dec/2019:06:30:03 -0500] "GET /BLA/boletinlegal/js/jquery.scrollShow.js HTTP/1.1" 200 4586
186.86.33.42 - - [29/Dec/2019:06:30:03 -0500] "GET /galeria/galeria/jquery.fancybox.js?v=2.1.5 HTTP/1.1" 200 48706
186.86.33.42 - - [29/Dec/2019:06:30:03 -0500] "GET /galeria/galeria/jquery.fancybox.css?v=2.1.5 HTTP/1.1" 200 4895
66.249.64.63 - - [29/Dec/2019:06:30:20 -0500] "GET /BLA/resoluciones/AUTOS%202017/1496.pdf HTTP/1.1" 304 -
40.77.167.161 - - [29/Dec/2019:06:30:45 -0500] "GET /BLA/resoluciones/RESOLUCIONES%202010/5813.pdf HTTP/1.1" 200 83110
66.249.64.61 - - [29/Dec/2019:06:31:09 -0500] "GET /BLA/resoluciones/RESOLUCIONES%202007/RES%202007%20101%20AL%20200/RESOLUCION%200108%20%20DE%202007.pdf HTTP/1.1" 200 588845
66.102.8.187 - - [29/Dec/2019:06:31:19 -0500] "GET /BLA/boletinlegal/js/jquery.scrollShow.js HTTP/1.1" 304 -
66.102.8.187 - - [29/Dec/2019:06:31:19 -0500] "GET /galeria/galeria/jquery.fancybox.css?v=2.1.5 HTTP/1.1" 304 -
66.102.8.189 - - [29/Dec/2019:06:31:19 -0500] "GET /galeria/galeria/jquery.fancybox.js?v=2.1.5 HTTP/1.1" 304 -
66.102.8.189 - - [29/Dec/2019:06:31:19 -0500] "GET /BLA/boletinlegal/js/jquery.scrollShow.js HTTP/1.1" 304 -
66.102.8.187 - - [29/Dec/2019:06:31:19 -0500] "GET /galeria/galeria/jquery.fancybox.js?v=2.1.5 HTTP/1.1" 304 -
66.102.8.191 - - [29/Dec/2019:06:31:19 -0500] "GET /galeria/galeria/jquery.fancybox.css?v=2.1.5 HTTP/1.1" 304 -
66.102.8.191 - - [29/Dec/2019:06:31:19 -0500] "GET /BLA/boletinlegal/js/jquery.scrollShow.js HTTP/1.1" 304 -
66.102.8.187 - - [29/Dec/2019:06:31:19 -0500] "GET /galeria/galeria/jquery.fancybox.js?v=2.1.5 HTTP/1.1" 304 -
66.102.8.187 - - [29/Dec/2019:06:31:19 -0500] "GET /galeria/galeria/jquery.fancybox.css?v=2.1.5 HTTP/1.1" 304 -
66.249.64.59 - - [29/Dec/2019:06:31:57 -0500] "GET /BLA/resoluciones/AUTOS%202008/2128.pdf HTTP/1.1" 304 -
207.46.13.162 - - [29/Dec/2019:06:32:00 -0500] "GET /BLA/resoluciones/RESOLUCIONES%202010/5881.pdf HTTP/1.1" 200 447423
66.102.8.187 - - [29/Dec/2019:06:32:45 -0500] "GET /BLA/boletinlegal/js/jquery.scrollShow.js HTTP/1.1" 304 -
66.102.8.187 - - [29/Dec/2019:06:32:45 -0500] "GET /galeria/galeria/jquery.fancybox.css?v=2.1.5 HTTP/1.1" 304 -
66.102.8.189 - - [29/Dec/2019:06:32:45 -0500] "GET /galeria/galeria/jquery.fancybox.js?v=2.1.5 HTTP/1.1" 304 -
66.102.8.189 - - [29/Dec/2019:06:32:45 -0500] "GET /galeria/galeria/jquery.fancybox.css?v=2.1.5 HTTP/1.1" 304 -
66.102.8.187 - - [29/Dec/2019:06:32:45 -0500] "GET /galeria/galeria/jquery.fancybox.js?v=2.1.5 HTTP/1.1" 304 -
66.102.8.191 - - [29/Dec/2019:06:32:45 -0500] "GET /BLA/boletinlegal/js/jquery.scrollShow.js HTTP/1.1" 304 -
66.249.64.63 - - [29/Dec/2019:06:32:46 -0500] "GET /BLA/resoluciones/RESOLUCIONES%202008/4494.pdf HTTP/1.1" 200 384054
54.36.148.233 - - [29/Dec/2019:06:32:55 -0500] "GET /BLA/resoluciones/RESOLUCIONES%202003/RES%202003%202051-2100/00002093.tif HTTP/1.1" 200 77390
66.249.64.59 - - [29/Dec/2019:06:33:35 -0500] "GET /BLA/resoluciones/AUTOS%202017/3810.pdf HTTP/1.1" 200 852078
69.162.124.232 - - [29/Dec/2019:06:33:59 -0500] "HEAD / HTTP/1.1" 200 -
191.156.75.246 - - [29/Dec/2019:06:34:10 -0500] "GET /BLA/boletinlegal/js/jquery.scrollShow.js HTTP/1.1" 200 4586
191.156.75.246 - - [29/Dec/2019:06:34:10 -0500] "GET /galeria/galeria/jquery.fancybox.css?v=2.1.5 HTTP/1.1" 200 4895
191.156.75.246 - - [29/Dec/2019:06:34:10 -0500] "GET /galeria/galeria/jquery.fancybox.js?v=2.1.5 HTTP/1.1" 200 48706
66.249.64.59 - - [29/Dec/2019:06:34:23 -0500] "GET /BLA/resoluciones/AUTOS%202013/2108.pdf HTTP/1.1" 200 696481
159.138.150.254 - - [29/Dec/2019:06:34:49 -0500] "GET /BLA/resoluciones/index.php?dir=Notificaciones%2FREGISTROS%2B2013%2F&sort=size&order=asc HTTP/1.1" 200 12126
66.249.64.61 - - [29/Dec/2019:06:35:12 -0500] "GET /BLA/resoluciones/AUTOS%202010/0123.pdf HTTP/1.1" 200 271876
191.156.75.246 - - [29/Dec/2019:06:35:25 -0500] "GET /BLA/boletinlegal/js/jquery.scrollShow.js HTTP/1.1" 304 -
191.156.75.246 - - [29/Dec/2019:06:35:25 -0500] "GET /galeria/galeria/jquery.fancybox.css?v=2.1.5 HTTP/1.1" 304 -
191.156.75.246 - - [29/Dec/2019:06:35:25 -0500] "GET /galeria/galeria/jquery.fancybox.js?v=2.1.5 HTTP/1.1" 304 -
66.249.64.59 - - [29/Dec/2019:06:36:00 -0500] "GET /BLA/resoluciones/RESOLUCIONES%202012/1533.pdf HTTP/1.1" 200 833066
201.245.192.253 - - [29/Dec/2019:06:36:30 -0500] "POST /kwsrmcab/Wsrmcab HTTP/1.1" 200 32436
200.119.56.10 - - [29/Dec/2019:06:37:43 -0500] "GET /galeria/galeria/jquery.fancybox.css?v=2.1.5 HTTP/1.1" 200 4895
200.119.56.10 - - [29/Dec/2019:06:37:44 -0500] "GET /galeria/galeria/fotos/MeandrodelSay2P.jpg HTTP/1.1" 200 30394
200.119.56.10 - - [29/Dec/2019:06:37:44 -0500] "GET /galeria/galeria/jquery.fancybox.js?v=2.1.5 HTTP/1.1" 200 48706
200.119.56.10 - - [29/Dec/2019:06:37:44 -0500] "GET /galeria/galeria/fotos/MeandrodelSay1P.jpg HTTP/1.1" 200 27908
200.119.56.10 - - [29/Dec/2019:06:37:44 -0500] "GET /galeria/galeria/fotos/MeandrodelSay3P.jpg HTTP/1.1" 200 32353
200.119.56.10 - - [29/Dec/2019:06:37:44 -0500] "GET /galeria/galeria/fotos/MeandrodelSay4P.jpg HTTP/1.1" 200 32545
66.249.64.59 - - [29/Dec/2019:06:38:26 -0500] "GET /BLA/resoluciones/RESOLUCIONES%202010/1247.pdf HTTP/1.1" 200 106814
