66.249.88.23 - - [29/Dec/2019:17:46:53 -0500] "GET /galeria/galeria/jquery.fancybox.css?v=2.1.5 HTTP/1.1" 200 4895
66.249.64.59 - - [29/Dec/2019:17:47:20 -0500] "GET /BLA/resoluciones/AUTOS%202014/7227.pdf HTTP/1.1" 200 540720
216.244.66.195 - - [29/Dec/2019:17:47:37 -0500] "GET /BLA/resoluciones/RESOLUCIONES%202010/0436.pdf HTTP/1.1" 200 327618
66.249.64.59 - - [29/Dec/2019:17:48:09 -0500] "GET /BLA/resoluciones/RESOLUCIONES%202011/6982.pdf HTTP/1.1" 304 -
181.131.245.182 - - [29/Dec/2019:17:48:15 -0500] "GET /BLA/boletinlegal/js/jquery.scrollShow.js HTTP/1.1" 200 4586
181.131.245.182 - - [29/Dec/2019:17:48:15 -0500] "GET /galeria/galeria/jquery.fancybox.js?v=2.1.5 HTTP/1.1" 200 48706
181.131.245.182 - - [29/Dec/2019:17:48:15 -0500] "GET /galeria/galeria/jquery.fancybox.css?v=2.1.5 HTTP/1.1" 200 4895
181.131.245.182 - - [29/Dec/2019:17:48:33 -0500] "GET /BLA/boletinlegal/js/jquery.scrollShow.js HTTP/1.1" 200 4586
181.131.245.182 - - [29/Dec/2019:17:48:33 -0500] "GET /galeria/galeria/jquery.fancybox.css?v=2.1.5 HTTP/1.1" 200 4895
181.131.245.182 - - [29/Dec/2019:17:48:33 -0500] "GET /galeria/galeria/jquery.fancybox.js?v=2.1.5 HTTP/1.1" 200 48706
66.249.88.25 - - [29/Dec/2019:17:48:38 -0500] "GET /BLA/boletinlegal/js/jquery.scrollShow.js HTTP/1.1" 200 4586
66.249.88.19 - - [29/Dec/2019:17:48:38 -0500] "GET /galeria/galeria/jquery.fancybox.css?v=2.1.5 HTTP/1.1" 200 4895
66.249.88.19 - - [29/Dec/2019:17:48:38 -0500] "GET /galeria/galeria/jquery.fancybox.js?v=2.1.5 HTTP/1.1" 200 48706
69.162.124.232 - - [29/Dec/2019:17:48:54 -0500] "HEAD / HTTP/1.1" 200 -
66.249.64.59 - - [29/Dec/2019:17:48:57 -0500] "GET /BLA/resoluciones/AUTOS%202013/1103.pdf HTTP/1.1" 200 1710497
66.249.64.61 - - [29/Dec/2019:17:49:46 -0500] "GET /BLA/resoluciones/RESOLUCIONES%202015/2988.pdf HTTP/1.1" 200 480687
186.80.86.62 - - [29/Dec/2019:17:49:51 -0500] "GET /galeria/galeria/jquery.fancybox.css?v=2.1.5 HTTP/1.1" 200 4895
186.80.86.62 - - [29/Dec/2019:17:49:51 -0500] "GET /BLA/boletinlegal/js/jquery.scrollShow.js HTTP/1.1" 200 4586
186.80.86.62 - - [29/Dec/2019:17:49:51 -0500] "GET /galeria/galeria/jquery.fancybox.js?v=2.1.5 HTTP/1.1" 200 48706
216.244.66.195 - - [29/Dec/2019:17:49:58 -0500] "GET /BLA/resoluciones/RESOLUCIONES%202010/0474.pdf HTTP/1.1" 200 115966
186.80.86.62 - - [29/Dec/2019:17:50:50 -0500] "GET /galeria/galeria/jquery.fancybox.js?v=2.1.5 HTTP/1.1" 206 1
186.80.86.62 - - [29/Dec/2019:17:50:50 -0500] "GET /galeria/galeria/jquery.fancybox.js?v=2.1.5 HTTP/1.1" 206 22919
54.36.150.184 - - [29/Dec/2019:17:50:58 -0500] "GET /BLA/resoluciones/index.php?dir=RESOLUCIONES+2007%2FRES+2007+701+AL+800%2F HTTP/1.1" 200 26639
216.244.66.195 - - [29/Dec/2019:17:51:16 -0500] "GET /BLA/resoluciones/RESOLUCIONES%202010/0480.pdf HTTP/1.1" 200 101860
186.80.86.62 - - [29/Dec/2019:17:52:34 -0500] "GET /galeria/galeria/jquery.fancybox.js?v=2.1.5 HTTP/1.1" 206 1
186.80.86.62 - - [29/Dec/2019:17:52:34 -0500] "GET /galeria/galeria/jquery.fancybox.js?v=2.1.5 HTTP/1.1" 206 22919
216.244.66.195 - - [29/Dec/2019:17:52:41 -0500] "GET /BLA/resoluciones/RESOLUCIONES%202010/0755.pdf HTTP/1.1" 200 105442
66.249.64.59 - - [29/Dec/2019:17:53:00 -0500] "GET /BLA/resoluciones/Notificaciones/AUTOS%202014/2694.doc HTTP/1.1" 304 -
186.170.205.201 - - [29/Dec/2019:17:53:02 -0500] "GET /BLA/resoluciones/RESOLUCIONES%202016/1361.pdf HTTP/1.1" 200 486149
186.170.205.201 - - [29/Dec/2019:17:53:02 -0500] "GET /favicon.ico HTTP/1.1" 200 7782
66.249.88.23 - - [29/Dec/2019:17:53:22 -0500] "GET /galeria/galeria/jquery.fancybox.css?v=2.1.5 HTTP/1.1" 200 4895
66.249.88.23 - - [29/Dec/2019:17:53:22 -0500] "GET /BLA/boletinlegal/js/jquery.scrollShow.js HTTP/1.1" 200 4586
66.249.88.23 - - [29/Dec/2019:17:53:22 -0500] "GET /galeria/galeria/jquery.fancybox.js?v=2.1.5 HTTP/1.1" 200 48706
54.36.149.106 - - [29/Dec/2019:17:53:29 -0500] "GET /BLA/resoluciones/RESOLUCIONES%202002/RES%202002%20601-650/00000606.tif HTTP/1.1" 200 29328
66.249.64.63 - - [29/Dec/2019:17:53:49 -0500] "GET /BLA/resoluciones/RESOLUCIONES%202015/0771.pdf HTTP/1.1" 200 880397
69.162.124.232 - - [29/Dec/2019:17:53:54 -0500] "HEAD / HTTP/1.1" 200 -
181.52.215.220 - - [29/Dec/2019:17:54:29 -0500] "GET /galeria/galeria/jquery.fancybox.css?v=2.1.5 HTTP/1.1" 200 4895
181.52.215.220 - - [29/Dec/2019:17:54:30 -0500] "GET /BLA/boletinlegal/js/jquery.scrollShow.js HTTP/1.1" 200 4586
181.52.215.220 - - [29/Dec/2019:17:54:30 -0500] "GET /galeria/galeria/jquery.fancybox.js?v=2.1.5 HTTP/1.1" 200 48706
66.249.64.59 - - [29/Dec/2019:17:54:38 -0500] "GET /BLA/resoluciones/AUTOS%202014/5843.pdf HTTP/1.1" 200 470874
191.109.88.191 - - [29/Dec/2019:17:54:39 -0500] "GET /BLA/resoluciones/RESOLUCIONES%202010/6061.pdf HTTP/1.1" 200 623898
66.249.88.25 - - [29/Dec/2019:17:54:53 -0500] "GET /galeria/galeria/jquery.fancybox.css?v=2.1.5 HTTP/1.1" 200 4895
66.249.88.23 - - [29/Dec/2019:17:54:53 -0500] "GET /galeria/galeria/jquery.fancybox.js?v=2.1.5 HTTP/1.1" 200 48706
66.249.88.23 - - [29/Dec/2019:17:54:53 -0500] "GET /BLA/boletinlegal/js/jquery.scrollShow.js HTTP/1.1" 200 4586
216.244.66.195 - - [29/Dec/2019:17:54:54 -0500] "GET /BLA/resoluciones/RESOLUCIONES%202010/0833.pdf HTTP/1.1" 200 108124
216.244.66.195 - - [29/Dec/2019:17:55:30 -0500] "GET /BLA/resoluciones/RESOLUCIONES%202010/0944.pdf HTTP/1.1" 200 106616
216.244.66.195 - - [29/Dec/2019:17:56:05 -0500] "GET /BLA/resoluciones/RESOLUCIONES%202010/1036.pdf HTTP/1.1" 200 108090
66.249.64.63 - - [29/Dec/2019:17:56:15 -0500] "GET /BLA/resoluciones/AUTOS%202011/4648.pdf HTTP/1.1" 200 262769
82.223.4.177 - - [29/Dec/2019:17:56:41 -0500] "GET /wp-login.php HTTP/1.1" 404 1015
66.249.64.59 - - [29/Dec/2019:17:57:52 -0500] "GET /BLA/resoluciones/AUTOS%202013/3705.pdf HTTP/1.1" 304 -
66.249.64.61 - - [29/Dec/2019:17:58:41 -0500] "GET /BLA/resoluciones/RESOLUCIONES%202009/6875.pdf HTTP/1.1" 200 321752
66.249.88.19 - - [29/Dec/2019:17:58:51 -0500] "GET /BLA/boletinlegal/js/jquery.scrollShow.js HTTP/1.1" 200 4586
66.249.88.25 - - [29/Dec/2019:17:58:51 -0500] "GET /galeria/galeria/jquery.fancybox.css?v=2.1.5 HTTP/1.1" 200 4895
66.249.88.25 - - [29/Dec/2019:17:58:51 -0500] "GET /galeria/galeria/jquery.fancybox.js?v=2.1.5 HTTP/1.1" 200 48706
69.162.124.232 - - [29/Dec/2019:17:58:54 -0500] "HEAD / HTTP/1.1" 200 -
66.249.64.61 - - [29/Dec/2019:17:59:30 -0500] "GET /BLA/resoluciones/AUTOS%202014/4133.pdf HTTP/1.1" 304 -
66.249.64.59 - - [29/Dec/2019:18:00:18 -0500] "GET /BLA/resoluciones/AUTOS%202015/1949.pdf HTTP/1.1" 304 -
190.26.49.236 - - [29/Dec/2019:18:00:51 -0500] "GET /galeria/galeria/jquery.fancybox.css?v=2.1.5 HTTP/1.1" 200 4895
190.26.49.236 - - [29/Dec/2019:18:00:51 -0500] "GET /BLA/boletinlegal/js/jquery.scrollShow.js HTTP/1.1" 200 4586
190.26.49.236 - - [29/Dec/2019:18:00:51 -0500] "GET /galeria/galeria/jquery.fancybox.js?v=2.1.5 HTTP/1.1" 200 48706
46.229.168.143 - - [29/Dec/2019:18:01:27 -0500] "GET /robots.txt HTTP/1.1" 404 1019
46.229.168.146 - - [29/Dec/2019:18:01:27 -0500] "GET /Anexos%20estudio%20Organizacional%20SDA/index.php?dir=ANEXO%2BNo.%2B2%2B-%2BEJECUCIONES%2BPRESUPUESTALES%2B2008-2011%2BY%2BPRESUPUESTO%2B2012%2F&order=asc&sort=size HTTP/1.1" 200 6220
162.249.181.198 - - [29/Dec/2019:18:01:36 -0500] "GET /BLA/boletinlegal/js/jquery.scrollShow.js HTTP/1.1" 304 -
162.249.181.198 - - [29/Dec/2019:18:01:36 -0500] "GET /galeria/galeria/jquery.fancybox.css?v=2.1.5 HTTP/1.1" 304 -
162.249.181.198 - - [29/Dec/2019:18:01:36 -0500] "GET /galeria/galeria/jquery.fancybox.js?v=2.1.5 HTTP/1.1" 304 -
66.249.64.59 - - [29/Dec/2019:18:01:56 -0500] "GET /BLA/resoluciones/RESOLUCIONES%202014/2874.pdf HTTP/1.1" 304 -
190.252.136.134 - - [29/Dec/2019:18:02:16 -0500] "GET /BLA/boletinlegal/js/jquery.scrollShow.js HTTP/1.1" 200 4586
190.252.136.134 - - [29/Dec/2019:18:02:16 -0500] "GET /galeria/galeria/jquery.fancybox.js?v=2.1.5 HTTP/1.1" 200 48706
46.229.168.143 - - [29/Dec/2019:18:02:45 -0500] "GET /Autoliquidacion/index.php?dir=TR%C3%83%C2%83%C3%82%C2%83%C3%83%C2%82%C3%82%C2%83%C3%83%C2%83%C3%82%C2%82%C3%83%C2%82%C3%82%C2%83%C3%83%C2%83%C3%82%C2%83%C3%83%C2%82%C3%82%C2%82%C3%83%C2%83%C3%82%C2%82%C3%83%C2%82%C3%82%C2%83%C3%83%C2%83%C3%82%C2%83%C3%83%C2%82%C3%82%C2%83%C3%83%C2%83%C3%82%C2%82%C3%83%C2%82%C3%82%C2%82%C3%83%C2%83%C3%82%C2%83%C3%83%C2%82%C3%82%C2%82%C3%83%C2%83%C3%82%C2%82%C3%83%C2%82%C3%82%C2%83%C3%83%C2%83%C3%82%C2%83%C3%83%C2%82%C3%82%C2%83%C3%83%C2%83%C3%82%C2%82%C3%83%C2%82%C3%82%C2%83%C3%83%C2%83%C3%82%C2%83%C3%83%C2%82%C3%82%C2%82%C3%83%C2%83%C3%82%C2%82%C3%83%C2%82%C3%82%C2%82%C3%83%C2%83%C3%82%C2%83%C3%83%C2%82%C3%82%C2%83%C3%83%C2%83%C3%82%C2%82%C3%83%C2%82%C3%82%C2%82%C3%83%C2%83%C3%82%C2%83%C3%83%C2%82%C3%82%C2%82%C3%83%C2%83%C3%82%C2%82%C3%83%C2%82%C3%82%C2%81MITES%2BAGUAS%2BSUBTERR%C3%83%C2%83%C3%82%C2%83%C3%83%C2%82%C3%82%C2%83%C3%83%C2%83%C3%82%C2%82%C3%83%C2%82%C3%82%C2%83%C3%83%C2%83%C3%82%C2%83%C3%83%C2%82%C3%82%C2%82%C3%83%C2%83%C3%82%C2%82%C3%83%C2%82%C3%82%C2%83%C3%83%C2%83%C3%82%C2%83%C3%83%C2%82%C3%82%C2%83%C3%83%C2%83%C3%82%C2%82%C3%83%C2%82%C3%82%C2%82%C3%83%C2%83%C3%82%C2%83%C3%83%C2%82%C3%82%C2%82%C3%83%C2%83%C3%82%C2%82%C3%83%C2%82%C3%82%C2%83%C3%83%C2%83%C3%82%C2%83%C3%83%C2%82%C3%82%C2%83%C3%83%C2%83%C3%82%C2%82%C3%83%C2%82%C3%82%C2%83%C3%83%C2%83%C3%82%C2%83%C3%83%C2%82%C3%82%C2%82%C3%83%C2%83%C3%82%C2%82%C3%83%C2%82%C3%82%C2%82%C3%83%C2%83%C3%82%C2%83%C3%83%C2%82%C3%82%C2%83%C3%83%C2%83%C3%82%C2%82%C3%83%C2%82%C3%82%C2%82%C3%83%C2%83%C3%82%C2%83%C3%83%C2%82%C3%82%C2%82%C3%83%C2%83%C3%82%C2%82%C3%83%C2%82%C3%82%C2%81NEAS%2F&order=desc&sort=name HTTP/1.1" 200 8142
157.55.39.86 - - [29/Dec/2019:18:03:23 -0500] "GET /BLA/boletinlegal/Circulares/2012/Circular%20No.%206%20del%2025%20de%20Mayo%20de%202012.pdf HTTP/1.1" 304 -
66.249.64.59 - - [29/Dec/2019:18:03:34 -0500] "GET /BLA/resoluciones/AUTOS%202015/1312.pdf HTTP/1.1" 304 -
69.162.124.232 - - [29/Dec/2019:18:03:54 -0500] "HEAD / HTTP/1.1" 200 -
191.102.196.75 - - [29/Dec/2019:18:04:45 -0500] "GET /galeria/galeria/jquery.fancybox.css?v=2.1.5 HTTP/1.1" 200 4895
191.102.196.75 - - [29/Dec/2019:18:04:45 -0500] "GET /BLA/boletinlegal/js/jquery.scrollShow.js HTTP/1.1" 200 4586
191.102.196.75 - - [29/Dec/2019:18:04:45 -0500] "GET /galeria/galeria/jquery.fancybox.js?v=2.1.5 HTTP/1.1" 200 48706
40.77.167.16 - - [29/Dec/2019:18:05:03 -0500] "GET /BLA/boletinlegal/Directivas/2019/Directiva%20No.%200001%20del%2011%20de%20junio%20de%202019.pdf HTTP/1.1" 304 -
5.255.250.75 - - [29/Dec/2019:18:05:24 -0500] "GET /robots.txt HTTP/1.1" 404 1019
5.255.250.75 - - [29/Dec/2019:18:05:27 -0500] "GET /StormSDA/user.jnlp HTTP/1.1" 200 1420
66.249.64.59 - - [29/Dec/2019:18:05:59 -0500] "GET /BLA/resoluciones/RESOLUCIONES%202017/0971.pdf HTTP/1.1" 200 782965
66.249.64.59 - - [29/Dec/2019:18:06:48 -0500] "GET /BLA/resoluciones/AUTOS%202010/5396.pdf HTTP/1.1" 200 1783279
54.36.150.65 - - [29/Dec/2019:18:07:28 -0500] "GET /BLA/resoluciones/RESOLUCIONES%202006/RES%202006%20%202901-2950/00002916.tif HTTP/1.1" 200 196522
66.249.64.61 - - [29/Dec/2019:18:07:36 -0500] "GET /BLA/resoluciones/AUTOS%202011/3243.pdf HTTP/1.1" 200 285337
66.249.64.59 - - [29/Dec/2019:18:07:59 -0500] "GET /galeria/mapa2/humedal.html? HTTP/1.1" 200 11166
66.249.64.59 - - [29/Dec/2019:18:08:25 -0500] "GET /BLA/resoluciones/AUTOS%202012/1125.pdf HTTP/1.1" 200 178902
190.15.0.65 - - [29/Dec/2019:18:08:54 -0500] "GET /galeria/nivo-slider/demo/images/diciembrecaminatas.png HTTP/1.1" 304 -
69.162.124.232 - - [29/Dec/2019:18:08:55 -0500] "HEAD / HTTP/1.1" 200 -
66.249.64.59 - - [29/Dec/2019:18:09:13 -0500] "GET /BLA/resoluciones/AUTOS%202017/5249.pdf HTTP/1.1" 200 580443
66.249.64.59 - - [29/Dec/2019:18:10:02 -0500] "GET /BLA/resoluciones/RESOLUCIONES%202011/1156.pdf HTTP/1.1" 200 461558
190.156.31.140 - - [29/Dec/2019:18:12:48 -0500] "GET /galeria/galeria/jquery.fancybox.js?v=2.1.5 HTTP/1.1" 200 48706
190.156.31.140 - - [29/Dec/2019:18:12:48 -0500] "GET /BLA/boletinlegal/js/jquery.scrollShow.js HTTP/1.1" 200 4586
190.156.31.140 - - [29/Dec/2019:18:12:49 -0500] "GET /galeria/galeria/jquery.fancybox.css?v=2.1.5 HTTP/1.1" 200 4895
66.249.64.59 - - [29/Dec/2019:18:13:17 -0500] "GET /BLA/resoluciones/RESOLUCIONES%202017/1634.pdf HTTP/1.1" 200 389711
216.244.66.195 - - [29/Dec/2019:18:13:53 -0500] "GET /BLA/resoluciones/RESOLUCIONES%202012/1768.pdf HTTP/1.1" 200 773156
69.162.124.232 - - [29/Dec/2019:18:13:54 -0500] "HEAD / HTTP/1.1" 200 -
66.249.64.59 - - [29/Dec/2019:18:14:05 -0500] "GET /BLA/resoluciones/RESOLUCIONES%202007/RES%202007%202701%20AL%202800/RESOLUCION%202757%20DE%202007.pdf HTTP/1.1" 200 660674
216.244.66.195 - - [29/Dec/2019:18:14:43 -0500] "GET /BLA/resoluciones/RESOLUCIONES%202012/1895.pdf HTTP/1.1" 200 7916484
159.138.155.183 - - [29/Dec/2019:18:14:45 -0500] "GET /BLA/resoluciones/index.php?dir=RESOLUCIONES%2B2010/&sort=date&order=asc HTTP/1.1" 200 12073
66.249.64.59 - - [29/Dec/2019:18:14:54 -0500] "GET /BLA/resoluciones/RESOLUCIONES%202015/1034.pdf HTTP/1.1" 304 -
179.33.83.29 - - [29/Dec/2019:18:16:01 -0500] "GET /BLA/resoluciones/AUTOS%202018/2578.pdf HTTP/1.1" 200 346051
66.249.64.59 - - [29/Dec/2019:18:16:31 -0500] "GET /BLA/resoluciones/RESOLUCIONES%202017/3407.pdf HTTP/1.1" 200 347989
216.244.66.195 - - [29/Dec/2019:18:17:08 -0500] "GET /BLA/resoluciones/RESOLUCIONES%202012/1906.pdf HTTP/1.1" 200 5258646
66.249.64.63 - - [29/Dec/2019:18:17:20 -0500] "GET /BLA/resoluciones/AUTOS%202016/0422.pdf HTTP/1.1" 304 -
201.245.192.253 - - [29/Dec/2019:18:16:27 -0500] "POST /kwsrmcab/Wsrmcab HTTP/1.1" 200 32800
201.245.192.253 - - [29/Dec/2019:18:16:27 -0500] "POST /kwsrmcab/Wsrmcab HTTP/1.1" 200 32507
54.36.150.118 - - [29/Dec/2019:18:17:42 -0500] "GET /BLA/resoluciones/RESOLUCIONES%202002/RES%202002%201401-1450/20021433.tif HTTP/1.1" 200 174454
201.245.192.253 - - [29/Dec/2019:18:17:27 -0500] "POST /kwsrmcab/Wsrmcab HTTP/1.1" 200 32507
69.162.124.232 - - [29/Dec/2019:18:18:53 -0500] "HEAD / HTTP/1.1" 200 -
66.249.64.59 - - [29/Dec/2019:18:18:57 -0500] "GET /BLA/resoluciones/RESOLUCIONES%202007/RES%202007%202401%20AL%202500/RESOLUCION%202403%20DE%202007.pdf HTTP/1.1" 304 -
46.229.168.136 - - [29/Dec/2019:18:19:10 -0500] "GET /robots.txt HTTP/1.1" 404 1019
46.229.168.143 - - [29/Dec/2019:18:19:11 -0500] "GET /Anexos%20estudio%20Organizacional%20SDA/index.php?dir=ANEXO%2BNo.%2B3-%2BCONTRATACI%C3%83%C2%83%C3%82%C2%83%C3%83%C2%82%C3%82%C2%83%C3%83%C2%83%C3%82%C2%82%C3%83%C2%82%C3%82%C2%83%C3%83%C2%83%C3%82%C2%83%C3%83%C2%82%C3%82%C2%82%C3%83%C2%83%C3%82%C2%82%C3%83%C2%82%C3%82%C2%93N%2B%2BOPS%C3%83%C2%83%C3%82%C2%83%C3%83%C2%82%C3%82%C2%83%C3%83%C2%83%C3%82%C2%82%C3%83%C2%82%C3%82%C2%82%C3%83%C2%83%C3%82%C2%83%C3%83%C2%82%C3%82%C2%82%C3%83%C2%83%C3%82%C2%82%C3%83%C2%82%C3%82%C2%B4s%2B2008-2012%2F&order=asc&sort=date HTTP/1.1" 200 6517
190.27.96.129 - - [29/Dec/2019:18:19:14 -0500] "GET /POT-2013/Cartografia/09_EEP.pdf HTTP/1.1" 200 3326963
190.27.96.129 - - [29/Dec/2019:18:19:15 -0500] "GET /favicon.ico HTTP/1.1" 200 7782
216.244.66.195 - - [29/Dec/2019:18:19:28 -0500] "GET /BLA/resoluciones/RESOLUCIONES%202013/0292.pdf HTTP/1.1" 200 1664527
66.249.64.61 - - [29/Dec/2019:18:19:46 -0500] "GET /BLA/resoluciones/RESOLUCIONES%202013/1138.pdf HTTP/1.1" 200 495266
216.244.66.195 - - [29/Dec/2019:18:21:48 -0500] "GET /BLA/resoluciones/RESOLUCIONES%202013/0686.pdf HTTP/1.1" 200 783096
54.36.149.39 - - [29/Dec/2019:18:22:06 -0500] "GET /BLA/resoluciones/RESOLUCIONES%202002/RES%202002%20451-500/00000487.tif HTTP/1.1" 200 292284
66.249.64.63 - - [29/Dec/2019:18:22:12 -0500] "GET /BLA/resoluciones/AUTOS%202012/2515.pdf HTTP/1.1" 200 547693
66.249.64.59 - - [29/Dec/2019:18:23:00 -0500] "GET /BLA/resoluciones/AUTOS%202015/5427.pdf HTTP/1.1" 200 725675
186.155.17.4 - - [29/Dec/2019:18:23:14 -0500] "GET /BLA/boletinlegal/js/jquery.scrollShow.js HTTP/1.1" 200 4586
186.155.17.4 - - [29/Dec/2019:18:23:14 -0500] "GET /galeria/galeria/jquery.fancybox.js?v=2.1.5 HTTP/1.1" 200 48706
186.155.17.4 - - [29/Dec/2019:18:23:14 -0500] "GET /galeria/galeria/jquery.fancybox.css?v=2.1.5 HTTP/1.1" 200 4895
186.155.17.4 - - [29/Dec/2019:18:23:14 -0500] "GET /galeria/carrusel/Carrusel/jquery.thumbnailScroller.css HTTP/1.1" 200 2066
186.155.17.4 - - [29/Dec/2019:18:23:15 -0500] "GET /galeria/carrusel/Carrusel/jquery-ui-1.8.13.custom.min.js HTTP/1.1" 200 10800
186.155.17.4 - - [29/Dec/2019:18:23:15 -0500] "GET /galeria/carrusel/Carrusel/jquery.thumbnailScroller.js HTTP/1.1" 200 8157
66.249.64.59 - - [29/Dec/2019:18:23:49 -0500] "GET /BLA/resoluciones/AUTOS%202015/2655.pdf HTTP/1.1" 200 633578
69.162.124.232 - - [29/Dec/2019:18:23:53 -0500] "HEAD / HTTP/1.1" 200 -
216.244.66.195 - - [29/Dec/2019:18:24:08 -0500] "GET /BLA/resoluciones/RESOLUCIONES%202013/0766.pdf HTTP/1.1" 200 1391595
66.249.88.23 - - [29/Dec/2019:18:24:32 -0500] "GET /galeria/carrusel/Carrusel/jquery-ui-1.8.13.custom.min.js HTTP/1.1" 200 10800
66.249.88.25 - - [29/Dec/2019:18:24:32 -0500] "GET /galeria/carrusel/Carrusel/jquery.thumbnailScroller.css HTTP/1.1" 200 2066
66.249.88.23 - - [29/Dec/2019:18:24:32 -0500] "GET /galeria/carrusel/Carrusel/jquery.thumbnailScroller.js HTTP/1.1" 200 8157
66.249.88.19 - - [29/Dec/2019:18:24:33 -0500] "GET /galeria/nivo-slider/demo/inicio.html HTTP/1.1" 200 4435
66.249.88.25 - - [29/Dec/2019:18:24:33 -0500] "GET /galeria/nivo-slider/themes/pascal/pascal.css HTTP/1.1" 200 2258
66.249.88.23 - - [29/Dec/2019:18:24:33 -0500] "GET /galeria/nivo-slider/themes/default/default.css HTTP/1.1" 200 1569
66.249.88.23 - - [29/Dec/2019:18:24:33 -0500] "GET /galeria/nivo-slider/themes/orman/orman.css HTTP/1.1" 200 2152
66.249.88.23 - - [29/Dec/2019:18:24:33 -0500] "GET /galeria/nivo-slider/nivo-slider.css HTTP/1.1" 200 1507
66.249.88.23 - - [29/Dec/2019:18:24:33 -0500] "GET /galeria/nivo-slider/demo/scripts/jquery-1.7.1.min.js HTTP/1.1" 200 93868
66.249.88.25 - - [29/Dec/2019:18:24:33 -0500] "GET /galeria/nivo-slider/demo/style.css HTTP/1.1" 200 2222
66.249.88.19 - - [29/Dec/2019:18:24:33 -0500] "GET /galeria/nivo-slider/jquery.nivo.slider.pack.js HTTP/1.1" 200 11561
66.249.88.23 - - [29/Dec/2019:18:24:33 -0500] "GET /galeria/nivo-slider/demo/images/Bannercalculadora.jpg HTTP/1.1" 200 313099
66.249.88.23 - - [29/Dec/2019:18:24:33 -0500] "GET /galeria/nivo-slider/demo/images/banneragendamiento.jpg HTTP/1.1" 200 116897
66.249.88.19 - - [29/Dec/2019:18:24:33 -0500] "GET /galeria/nivo-slider/demo/images/bannerwebmusgo.jpg HTTP/1.1" 200 367364
66.249.88.23 - - [29/Dec/2019:18:24:33 -0500] "GET /galeria/nivo-slider/demo/images/bannerjardines.jpg HTTP/1.1" 200 417948
66.249.88.23 - - [29/Dec/2019:18:24:33 -0500] "GET /galeria/nivo-slider/demo/images/4Simple_Slider.png HTTP/1.1" 200 11722
66.249.88.25 - - [29/Dec/2019:18:24:34 -0500] "GET /galeria/nivo-slider/themes/default/loading.gif HTTP/1.1" 200 1737
66.249.88.25 - - [29/Dec/2019:18:24:34 -0500] "GET /galeria/nivo-slider/demo/images/banneriniciativa.jpg HTTP/1.1" 200 200385
66.249.88.25 - - [29/Dec/2019:18:24:34 -0500] "GET /galeria/nivo-slider/demo/images/diciembrecaminatas.png HTTP/1.1" 200 510724
66.249.88.23 - - [29/Dec/2019:18:24:34 -0500] "GET /galeria/nivo-slider/demo/images/Banner%20tinguas.jpg HTTP/1.1" 200 214878
66.249.88.19 - - [29/Dec/2019:18:24:34 -0500] "GET /galeria/nivo-slider/demo/images/Bannerserpiente2019.jpg HTTP/1.1" 200 270374
66.249.88.19 - - [29/Dec/2019:18:24:35 -0500] "GET /galeria/nivo-slider/demo/images/puntos%20atencion%20BANNER.jpg HTTP/1.1" 200 244208
66.249.88.19 - - [29/Dec/2019:18:24:35 -0500] "GET /galeria/nivo-slider/demo/images/Banner%20Visor%20Geografico%20Ambiental.jpg HTTP/1.1" 200 204673
66.249.88.23 - - [29/Dec/2019:18:24:35 -0500] "GET /galeria/nivo-slider/demo/images/Banner%20consumo%20sostenible%20final.jpg HTTP/1.1" 200 364746
66.249.88.25 - - [29/Dec/2019:18:24:35 -0500] "GET /galeria/nivo-slider/demo/images/Banner%20RCD.jpg HTTP/1.1" 200 92197
66.249.88.23 - - [29/Dec/2019:18:24:36 -0500] "GET /galeria/nivo-slider/demo/images/Banner%20Conpes.jpg HTTP/1.1" 200 55220
66.249.88.19 - - [29/Dec/2019:18:24:36 -0500] "GET /galeria/nivo-slider/demo/images/Banner%20practicas%20sostenibles.jpg HTTP/1.1" 200 142958
66.249.88.25 - - [29/Dec/2019:18:24:36 -0500] "GET /galeria/nivo-slider/demo/images/Banner%20POT.png HTTP/1.1" 200 418238
66.249.88.23 - - [29/Dec/2019:18:24:36 -0500] "GET /galeria/nivo-slider/demo/images/Banneranonimos.png HTTP/1.1" 200 109388
66.249.64.61 - - [29/Dec/2019:18:24:38 -0500] "GET /BLA/resoluciones/RESOLUCIONES%202013/0503.pdf HTTP/1.1" 304 -
66.249.88.25 - - [29/Dec/2019:18:24:39 -0500] "GET /galeria/nivo-slider/themes/default/arrows.png HTTP/1.1" 200 824
66.249.88.25 - - [29/Dec/2019:18:24:39 -0500] "GET /galeria/nivo-slider/themes/default/bullets.png HTTP/1.1" 200 1281
66.249.64.61 - - [29/Dec/2019:18:25:26 -0500] "GET /BLA/resoluciones/AUTOS%202015/2008.pdf HTTP/1.1" 200 610141
66.249.88.25 - - [29/Dec/2019:18:26:01 -0500] "GET /BLA/boletinlegal/js/jquery.scrollShow.js HTTP/1.1" 200 4586
66.249.88.23 - - [29/Dec/2019:18:26:01 -0500] "GET /galeria/galeria/jquery.fancybox.css?v=2.1.5 HTTP/1.1" 200 4895
66.249.88.23 - - [29/Dec/2019:18:26:01 -0500] "GET /galeria/galeria/jquery.fancybox.js?v=2.1.5 HTTP/1.1" 200 48706
66.249.64.59 - - [29/Dec/2019:18:26:15 -0500] "GET /BLA/resoluciones/AUTOS%202016/1611.pdf HTTP/1.1" 200 341340
216.244.66.195 - - [29/Dec/2019:18:26:29 -0500] "GET /BLA/resoluciones/RESOLUCIONES%202013/0898.pdf HTTP/1.1" 200 727764
186.83.202.142 - - [29/Dec/2019:18:26:50 -0500] "GET /BLA/resoluciones/RESOLUCIONES%202011/6982.pdf HTTP/1.1" 200 1266045
186.83.202.142 - - [29/Dec/2019:18:26:50 -0500] "GET /favicon.ico HTTP/1.1" 200 7782
201.245.192.253 - - [29/Dec/2019:18:26:27 -0500] "POST /kwsrmcab/Wsrmcab HTTP/1.1" 200 32800
66.249.64.59 - - [29/Dec/2019:18:27:04 -0500] "GET /BLA/resoluciones/AUTOS%202017/4948.pdf HTTP/1.1" 304 -
66.249.64.59 - - [29/Dec/2019:18:27:36 -0500] "GET /BLA/resoluciones/RESOLUCIONES%202009/3768.pdf HTTP/1.1" 200 122162
66.249.64.59 - - [29/Dec/2019:18:27:52 -0500] "GET /BLA/resoluciones/AUTOS%202016/0121.pdf HTTP/1.1" 200 619202
186.31.107.4 - - [29/Dec/2019:18:27:57 -0500] "GET /galeria/galeria/jquery.fancybox.css?v=2.1.5 HTTP/1.1" 200 4895
186.31.107.4 - - [29/Dec/2019:18:27:57 -0500] "GET /BLA/boletinlegal/js/jquery.scrollShow.js HTTP/1.1" 304 -
186.31.107.4 - - [29/Dec/2019:18:27:57 -0500] "GET /galeria/galeria/jquery.fancybox.js?v=2.1.5 HTTP/1.1" 200 48706
186.102.38.97 - - [29/Dec/2019:18:28:44 -0500] "GET /galeria/galeria/jquery.fancybox.js?v=2.1.5 HTTP/1.1" 200 48706
186.102.38.97 - - [29/Dec/2019:18:28:44 -0500] "GET /galeria/galeria/fotos/Soratama2P.jpg HTTP/1.1" 200 10548
186.102.38.97 - - [29/Dec/2019:18:28:44 -0500] "GET /galeria/galeria/fotos/Soratama1P.jpg HTTP/1.1" 200 9622
186.102.38.97 - - [29/Dec/2019:18:28:44 -0500] "GET /galeria/galeria/jquery.fancybox.css?v=2.1.5 HTTP/1.1" 200 4895
186.102.38.97 - - [29/Dec/2019:18:28:44 -0500] "GET /galeria/galeria/fotos/Soratama3P.jpg HTTP/1.1" 200 11298
186.102.38.97 - - [29/Dec/2019:18:28:44 -0500] "GET /galeria/galeria/fotos/Soratama4P.jpg HTTP/1.1" 200 10482
216.244.66.195 - - [29/Dec/2019:18:28:49 -0500] "GET /BLA/resoluciones/RESOLUCIONES%202013/1179.pdf HTTP/1.1" 200 354076
69.162.124.232 - - [29/Dec/2019:18:28:53 -0500] "HEAD / HTTP/1.1" 200 -
181.53.12.216 - - [29/Dec/2019:18:29:27 -0500] "GET /galeria/galeria/jquery.fancybox.css?v=2.1.5 HTTP/1.1" 200 4895
181.53.12.216 - - [29/Dec/2019:18:29:27 -0500] "GET /BLA/boletinlegal/js/jquery.scrollShow.js HTTP/1.1" 200 4586
181.53.12.216 - - [29/Dec/2019:18:29:27 -0500] "GET /galeria/galeria/jquery.fancybox.js?v=2.1.5 HTTP/1.1" 200 48706
181.53.12.216 - - [29/Dec/2019:18:29:27 -0500] "GET /galeria/carrusel/Carrusel/jquery.thumbnailScroller.css HTTP/1.1" 200 2066
66.249.64.61 - - [29/Dec/2019:18:29:30 -0500] "GET /BLA/resoluciones/RESOLUCIONES%202010/5483.pdf HTTP/1.1" 200 161461
66.249.64.59 - - [29/Dec/2019:18:30:18 -0500] "GET /BLA/resoluciones/AUTOS%202014/5904.pdf HTTP/1.1" 304 -
216.244.66.195 - - [29/Dec/2019:18:31:08 -0500] "GET /BLA/resoluciones/RESOLUCIONES%202013/1328.pdf HTTP/1.1" 200 634506
190.24.50.134 - - [29/Dec/2019:18:31:34 -0500] "GET /galeria/galeria/jquery.fancybox.css?v=2.1.5 HTTP/1.1" 200 4895
190.24.50.134 - - [29/Dec/2019:18:31:34 -0500] "GET /BLA/boletinlegal/js/jquery.scrollShow.js HTTP/1.1" 200 4586
190.24.50.134 - - [29/Dec/2019:18:31:34 -0500] "GET /galeria/galeria/jquery.fancybox.js?v=2.1.5 HTTP/1.1" 200 48706
8.37.233.216 - - [29/Dec/2019:18:31:40 -0500] "GET /galeria/galeria/fotos/Humedal-la-conejera1G.jpg HTTP/1.1" 200 340987
216.244.66.195 - - [29/Dec/2019:18:31:58 -0500] "GET /BLA/resoluciones/RESOLUCIONES%202013/1454.pdf HTTP/1.1" 200 4301500
66.249.88.23 - - [29/Dec/2019:18:33:05 -0500] "GET /galeria/galeria/jquery.fancybox.css?v=2.1.5 HTTP/1.1" 200 4895
66.249.88.19 - - [29/Dec/2019:18:33:05 -0500] "GET /BLA/boletinlegal/js/jquery.scrollShow.js HTTP/1.1" 200 4586
66.249.88.23 - - [29/Dec/2019:18:33:05 -0500] "GET /galeria/galeria/jquery.fancybox.js?v=2.1.5 HTTP/1.1" 200 48706
208.80.194.29 - - [29/Dec/2019:18:33:07 -0500] "GET /galeria/nivo-slider/demo/inicio.html HTTP/1.0" 200 4435
66.249.64.59 - - [29/Dec/2019:18:33:33 -0500] "GET /BLA/resoluciones/AUTOS%202014/5204.pdf HTTP/1.1" 200 566857
186.82.148.14 - - [29/Dec/2019:18:33:33 -0500] "GET /galeria/nivo-slider/demo/images/bannerwebmusgo.jpg HTTP/1.1" 206 1
186.82.148.14 - - [29/Dec/2019:18:33:33 -0500] "GET /galeria/nivo-slider/demo/images/diciembrecaminatas.png HTTP/1.1" 206 1
186.82.148.14 - - [29/Dec/2019:18:33:34 -0500] "GET /galeria/nivo-slider/demo/images/Bannerserpiente2019.jpg HTTP/1.1" 206 1
186.82.148.14 - - [29/Dec/2019:18:33:34 -0500] "GET /galeria/nivo-slider/demo/images/puntos%20atencion%20BANNER.jpg HTTP/1.1" 200 244208
186.82.148.14 - - [29/Dec/2019:18:33:34 -0500] "GET /galeria/nivo-slider/demo/images/Bannerserpiente2019.jpg HTTP/1.1" 206 173289
186.82.148.14 - - [29/Dec/2019:18:33:34 -0500] "GET /galeria/nivo-slider/demo/images/bannerwebmusgo.jpg HTTP/1.1" 206 31831
186.82.148.14 - - [29/Dec/2019:18:33:34 -0500] "GET /galeria/nivo-slider/demo/images/diciembrecaminatas.png HTTP/1.1" 206 109490
186.82.148.14 - - [29/Dec/2019:18:33:34 -0500] "GET /galeria/nivo-slider/demo/images/Banner%20Visor%20Geografico%20Ambiental.jpg HTTP/1.1" 200 204673
186.82.148.14 - - [29/Dec/2019:18:33:34 -0500] "GET /galeria/nivo-slider/demo/images/Banner%20consumo%20sostenible%20final.jpg HTTP/1.1" 206 1
186.82.148.14 - - [29/Dec/2019:18:33:34 -0500] "GET /galeria/nivo-slider/demo/images/Banner%20consumo%20sostenible%20final.jpg HTTP/1.1" 206 194515
186.82.148.14 - - [29/Dec/2019:18:33:34 -0500] "GET /galeria/nivo-slider/demo/images/Banner%20practicas%20sostenibles.jpg HTTP/1.1" 206 1
186.82.148.14 - - [29/Dec/2019:18:33:34 -0500] "GET /galeria/nivo-slider/demo/images/Banner%20POT.png HTTP/1.1" 206 1
186.82.148.14 - - [29/Dec/2019:18:33:35 -0500] "GET /galeria/nivo-slider/demo/images/Banner%20practicas%20sostenibles.jpg HTTP/1.1" 206 17665
186.82.148.14 - - [29/Dec/2019:18:33:35 -0500] "GET /galeria/nivo-slider/demo/images/Banner%20POT.png HTTP/1.1" 206 377624
186.82.148.14 - - [29/Dec/2019:18:33:35 -0500] "GET /galeria/nivo-slider/jquery.nivo.slider.pack.js HTTP/1.1" 200 11561
186.82.148.14 - - [29/Dec/2019:18:33:36 -0500] "GET /galeria/nivo-slider/themes/default/arrows.png HTTP/1.1" 200 824
186.82.148.14 - - [29/Dec/2019:18:33:36 -0500] "GET /galeria/nivo-slider/themes/default/bullets.png HTTP/1.1" 200 1281
69.162.124.232 - - [29/Dec/2019:18:33:53 -0500] "HEAD / HTTP/1.1" 200 -
46.229.168.129 - - [29/Dec/2019:18:34:06 -0500] "GET /Anexos%20estudio%20Organizacional%20SDA/index.php?dir=ANEXO%2BNo.%2B3-%2BCONTRATACI%C3%83%C2%83%C3%82%C2%93N%2B%2BOPS%C3%83%C2%82%C3%82%C2%B4s%2B2008-2012%2F&order=asc&sort=date HTTP/1.1" 200 6181
216.244.66.195 - - [29/Dec/2019:18:34:18 -0500] "GET /BLA/resoluciones/RESOLUCIONES%202013/1744.pdf HTTP/1.1" 200 520810
66.249.64.59 - - [29/Dec/2019:18:34:21 -0500] "GET /BLA/resoluciones/AUTOS%202018/1251.pdf HTTP/1.1" 200 256635
66.249.64.59 - - [29/Dec/2019:18:35:10 -0500] "GET /BLA/resoluciones/AUTOS%202016/1393.pdf HTTP/1.1" 200 398103
186.84.21.230 - - [29/Dec/2019:18:35:29 -0500] "GET /galeria/galeria/jquery.fancybox.js?v=2.1.5 HTTP/1.1" 200 48706
186.84.21.230 - - [29/Dec/2019:18:35:29 -0500] "GET /BLA/boletinlegal/js/jquery.scrollShow.js HTTP/1.1" 200 4586
186.84.21.230 - - [29/Dec/2019:18:35:29 -0500] "GET /galeria/galeria/jquery.fancybox.css?v=2.1.5 HTTP/1.1" 200 4895
192.99.175.107 - - [29/Dec/2019:18:35:32 -0500] "GET / HTTP/1.1" 200 9990
186.84.21.230 - - [29/Dec/2019:18:35:32 -0500] "GET /BLA/boletinlegal/js/jquery.scrollShow.js HTTP/1.1" 200 4586
186.84.21.230 - - [29/Dec/2019:18:35:32 -0500] "GET /galeria/galeria/jquery.fancybox.js?v=2.1.5 HTTP/1.1" 200 48706
186.84.21.230 - - [29/Dec/2019:18:35:32 -0500] "GET /galeria/galeria/jquery.fancybox.css?v=2.1.5 HTTP/1.1" 200 4895
66.249.64.59 - - [29/Dec/2019:18:35:59 -0500] "GET /BLA/resoluciones/RESOLUCIONES%202008/0294.pdf HTTP/1.1" 200 274229
216.244.66.195 - - [29/Dec/2019:18:36:39 -0500] "GET /BLA/resoluciones/RESOLUCIONES%202013/1794.pdf HTTP/1.1" 200 254795
66.249.64.59 - - [29/Dec/2019:18:36:47 -0500] "GET /BLA/resoluciones/RESOLUCIONES%202017/3251.pdf HTTP/1.1" 200 284421
201.245.192.253 - - [29/Dec/2019:18:36:28 -0500] "POST /kwsrmcab/Wsrmcab HTTP/1.1" 200 32800
216.244.66.195 - - [29/Dec/2019:18:37:30 -0500] "GET /BLA/resoluciones/RESOLUCIONES%202013/2243.pdf HTTP/1.1" 200 486796
66.249.64.63 - - [29/Dec/2019:18:37:36 -0500] "GET /BLA/resoluciones/AUTOS%202017/2061.pdf HTTP/1.1" 200 566177
54.36.149.9 - - [29/Dec/2019:18:38:22 -0500] "GET /BLA/resoluciones/RESOLUCIONES%202005/RES%202005%20751-800/00000792.tif HTTP/1.1" 200 146406
66.249.64.59 - - [29/Dec/2019:18:38:25 -0500] "GET /BLA/resoluciones/AUTOS%202015/1700.pdf HTTP/1.1" 200 374962
69.162.124.232 - - [29/Dec/2019:18:38:53 -0500] "HEAD / HTTP/1.1" 200 -
66.249.64.61 - - [29/Dec/2019:18:39:14 -0500] "GET /BLA/resoluciones/AUTOS%202014/2879.pdf HTTP/1.1" 200 531177
66.249.64.59 - - [29/Dec/2019:18:40:02 -0500] "GET /BLA/resoluciones/Notificaciones/AUTOS%202013/2449.doc HTTP/1.1" 200 228864
66.249.88.19 - - [29/Dec/2019:18:40:24 -0500] "GET /BLA/boletinlegal/js/jquery.scrollShow.js HTTP/1.1" 200 4586
66.249.88.19 - - [29/Dec/2019:18:40:24 -0500] "GET /galeria/galeria/jquery.fancybox.css?v=2.1.5 HTTP/1.1" 200 4895
66.249.88.19 - - [29/Dec/2019:18:40:24 -0500] "GET /galeria/galeria/jquery.fancybox.js?v=2.1.5 HTTP/1.1" 200 48706
186.145.164.206 - - [29/Dec/2019:18:40:33 -0500] "GET /BLA/boletinlegal/js/jquery.scrollShow.js HTTP/1.1" 200 4586
186.145.164.206 - - [29/Dec/2019:18:40:33 -0500] "GET /galeria/galeria/jquery.fancybox.css?v=2.1.5 HTTP/1.1" 200 4895
186.145.164.206 - - [29/Dec/2019:18:40:33 -0500] "GET /galeria/galeria/jquery.fancybox.js?v=2.1.5 HTTP/1.1" 200 48706
66.249.64.61 - - [29/Dec/2019:18:40:43 -0500] "GET /isolucionsda/FrameSetArticulo.asp?Pagina=/isolucionsda/BancoConocimiento/L/Ley165denoviembre9de1994/Ley165denoviembre9de1994.asp?IdArticulo=438 HTTP/1.1" 503 1020
66.249.64.59 - - [29/Dec/2019:18:41:04 -0500] "GET /BLA/resoluciones/Notificaciones/RESOLUCIONES%202015/03087.doc HTTP/1.1" 200 137438
46.229.168.142 - - [29/Dec/2019:18:41:09 -0500] "GET /robots.txt HTTP/1.1" 404 1019
46.229.168.131 - - [29/Dec/2019:18:41:09 -0500] "GET /Anexos%20estudio%20Organizacional%20SDA/index.php?dir=ANEXO%2BNo.%2B9%2B-%2BRES%C3%83%C2%83%C3%82%C2%83%C3%83%C2%82%C3%82%C2%83%C3%83%C2%83%C3%82%C2%82%C3%83%C2%82%C3%82%C2%83%C3%83%C2%83%C3%82%C2%83%C3%83%C2%82%C3%82%C2%82%C3%83%C2%83%C3%82%C2%82%C3%83%C2%82%C3%82%C2%9AMENES%2BDE%2BLA%2BMEDICI%C3%83%C2%83%C3%82%C2%83%C3%83%C2%82%C3%82%C2%83%C3%83%C2%83%C3%82%C2%82%C3%83%C2%82%C3%82%C2%83%C3%83%C2%83%C3%82%C2%83%C3%83%C2%82%C3%82%C2%82%C3%83%C2%83%C3%82%C2%82%C3%83%C2%82%C3%82%C2%93N%2BDE%2BCARGAS%2BLABORALES%2BSDA%2F&order=desc&sort=size HTTP/1.1" 200 6576
66.249.64.61 - - [29/Dec/2019:18:42:28 -0500] "GET /BLA/resoluciones/AUTOS%202011/2465.pdf HTTP/1.1" 200 156467
66.249.64.61 - - [29/Dec/2019:18:43:17 -0500] "GET /BLA/resoluciones/AUTOS%202016/1302.pdf HTTP/1.1" 200 339774
201.245.246.29 - - [29/Dec/2019:18:43:24 -0500] "GET /BLA/boletinlegal/js/jquery.scrollShow.js HTTP/1.1" 200 4586
201.245.246.29 - - [29/Dec/2019:18:43:24 -0500] "GET /galeria/galeria/jquery.fancybox.js?v=2.1.5 HTTP/1.1" 200 48706
201.245.246.29 - - [29/Dec/2019:18:43:24 -0500] "GET /galeria/galeria/jquery.fancybox.css?v=2.1.5 HTTP/1.1" 200 4895
201.245.246.29 - - [29/Dec/2019:18:43:24 -0500] "GET /galeria/carrusel/Carrusel/jquery.thumbnailScroller.css HTTP/1.1" 200 2066
201.245.246.29 - - [29/Dec/2019:18:43:25 -0500] "GET /galeria/carrusel/Carrusel/jquery-ui-1.8.13.custom.min.js HTTP/1.1" 200 10800
201.245.246.29 - - [29/Dec/2019:18:43:25 -0500] "GET /galeria/carrusel/Carrusel/jquery.thumbnailScroller.js HTTP/1.1" 200 8157
201.245.246.29 - - [29/Dec/2019:18:43:27 -0500] "GET /galeria/nivo-slider/demo/inicio.html HTTP/1.1" 200 4435
201.245.246.29 - - [29/Dec/2019:18:43:27 -0500] "GET /galeria/nivo-slider/themes/default/default.css HTTP/1.1" 200 1569
201.245.246.29 - - [29/Dec/2019:18:43:27 -0500] "GET /galeria/nivo-slider/themes/pascal/pascal.css HTTP/1.1" 200 2258
201.245.246.29 - - [29/Dec/2019:18:43:27 -0500] "GET /galeria/nivo-slider/themes/orman/orman.css HTTP/1.1" 200 2152
201.245.246.29 - - [29/Dec/2019:18:43:27 -0500] "GET /galeria/nivo-slider/nivo-slider.css HTTP/1.1" 200 1507
201.245.246.29 - - [29/Dec/2019:18:43:27 -0500] "GET /galeria/nivo-slider/demo/style.css HTTP/1.1" 200 2222
201.245.246.29 - - [29/Dec/2019:18:43:27 -0500] "GET /galeria/nivo-slider/demo/scripts/jquery-1.7.1.min.js HTTP/1.1" 200 93868
201.245.246.29 - - [29/Dec/2019:18:43:27 -0500] "GET /galeria/nivo-slider/demo/images/Bannercalculadora.jpg HTTP/1.1" 200 313099
201.245.246.29 - - [29/Dec/2019:18:43:27 -0500] "GET /galeria/nivo-slider/jquery.nivo.slider.pack.js HTTP/1.1" 200 11561
201.245.246.29 - - [29/Dec/2019:18:43:27 -0500] "GET /galeria/nivo-slider/demo/images/bannerwebmusgo.jpg HTTP/1.1" 200 367364
201.245.246.29 - - [29/Dec/2019:18:43:27 -0500] "GET /galeria/nivo-slider/demo/images/banneragendamiento.jpg HTTP/1.1" 200 116897
201.245.246.29 - - [29/Dec/2019:18:43:27 -0500] "GET /galeria/nivo-slider/demo/images/Banner%20practicas%20sostenibles.jpg HTTP/1.1" 200 142958
201.245.246.29 - - [29/Dec/2019:18:43:27 -0500] "GET /galeria/nivo-slider/demo/images/puntos%20atencion%20BANNER.jpg HTTP/1.1" 200 244208
201.245.246.29 - - [29/Dec/2019:18:43:28 -0500] "GET /galeria/nivo-slider/demo/images/Banner%20RCD.jpg HTTP/1.1" 200 92197
201.245.246.29 - - [29/Dec/2019:18:43:28 -0500] "GET /galeria/nivo-slider/demo/images/Banner%20Conpes.jpg HTTP/1.1" 200 55220
201.245.246.29 - - [29/Dec/2019:18:43:28 -0500] "GET /galeria/nivo-slider/demo/images/Banneranonimos.png HTTP/1.1" 200 109388
201.245.246.29 - - [29/Dec/2019:18:43:28 -0500] "GET /galeria/nivo-slider/demo/images/bannerjardines.jpg HTTP/1.1" 200 417948
201.245.246.29 - - [29/Dec/2019:18:43:28 -0500] "GET /galeria/nivo-slider/demo/images/banneriniciativa.jpg HTTP/1.1" 200 200385
201.245.246.29 - - [29/Dec/2019:18:43:28 -0500] "GET /galeria/nivo-slider/demo/images/diciembrecaminatas.png HTTP/1.1" 200 510724
201.245.246.29 - - [29/Dec/2019:18:43:28 -0500] "GET /galeria/nivo-slider/demo/images/Banner%20consumo%20sostenible%20final.jpg HTTP/1.1" 200 364746
201.245.246.29 - - [29/Dec/2019:18:43:28 -0500] "GET /galeria/nivo-slider/demo/images/Banner%20POT.png HTTP/1.1" 200 418238
201.245.246.29 - - [29/Dec/2019:18:43:31 -0500] "GET /galeria/nivo-slider/demo/images/Banner%20tinguas.jpg HTTP/1.1" 200 214878
201.245.246.29 - - [29/Dec/2019:18:43:31 -0500] "GET /galeria/nivo-slider/demo/images/Banner%20Visor%20Geografico%20Ambiental.jpg HTTP/1.1" 200 204673
201.245.246.29 - - [29/Dec/2019:18:43:31 -0500] "GET /galeria/nivo-slider/demo/images/Bannerserpiente2019.jpg HTTP/1.1" 200 270374
201.245.246.29 - - [29/Dec/2019:18:43:31 -0500] "GET /galeria/nivo-slider/themes/default/loading.gif HTTP/1.1" 200 1737
201.245.246.29 - - [29/Dec/2019:18:43:31 -0500] "GET /galeria/nivo-slider/demo/images/4Simple_Slider.png HTTP/1.1" 200 11722
201.245.246.29 - - [29/Dec/2019:18:43:33 -0500] "GET /galeria/nivo-slider/themes/default/arrows.png HTTP/1.1" 200 824
201.245.246.29 - - [29/Dec/2019:18:43:33 -0500] "GET /galeria/nivo-slider/themes/default/bullets.png HTTP/1.1" 200 1281
69.162.124.232 - - [29/Dec/2019:18:43:53 -0500] "HEAD / HTTP/1.1" 200 -
66.249.64.59 - - [29/Dec/2019:18:44:05 -0500] "GET /BLA/resoluciones/RESOLUCIONES%202012/1467.pdf HTTP/1.1" 200 1051256
66.249.64.63 - - [29/Dec/2019:18:44:54 -0500] "GET /BLA/resoluciones/RESOLUCIONES%202008/5689.pdf HTTP/1.1" 200 157650
186.145.54.163 - - [29/Dec/2019:18:45:00 -0500] "GET /galeria/galeria/jquery.fancybox.css?v=2.1.5 HTTP/1.1" 200 4895
186.145.54.163 - - [29/Dec/2019:18:45:00 -0500] "GET /BLA/boletinlegal/js/jquery.scrollShow.js HTTP/1.1" 200 4586
186.145.54.163 - - [29/Dec/2019:18:45:00 -0500] "GET /galeria/galeria/jquery.fancybox.js?v=2.1.5 HTTP/1.1" 200 48706
66.249.64.61 - - [29/Dec/2019:18:45:42 -0500] "GET /BLA/resoluciones/AUTOS%202009/2112.pdf HTTP/1.1" 200 102327
66.249.64.59 - - [29/Dec/2019:18:46:31 -0500] "GET /BLA/resoluciones/RESOLUCIONES%202007/RES%202007%201201%20AL%201300/RESOLUCION%201262%20DE%202007.pdf HTTP/1.1" 200 270394
35.184.96.243 - - [29/Dec/2019:18:47:06 -0500] "GET /robots.txt HTTP/1.1" 404 1018
190.157.235.247 - - [29/Dec/2019:18:47:09 -0500] "GET /BLA/boletinlegal/js/jquery.scrollShow.js HTTP/1.1" 200 4586
190.157.235.247 - - [29/Dec/2019:18:47:09 -0500] "GET /galeria/galeria/jquery.fancybox.js?v=2.1.5 HTTP/1.1" 200 48706
190.157.235.247 - - [29/Dec/2019:18:47:09 -0500] "GET /galeria/galeria/jquery.fancybox.css?v=2.1.5 HTTP/1.1" 200 4895
66.249.64.59 - - [29/Dec/2019:18:47:20 -0500] "GET /BLA/resoluciones/RESOLUCIONES%202012/0967.pdf HTTP/1.1" 200 382213
190.157.235.247 - - [29/Dec/2019:18:47:33 -0500] "GET /BLA/boletinlegal/js/jquery.scrollShow.js HTTP/1.1" 200 4586
190.157.235.247 - - [29/Dec/2019:18:47:33 -0500] "GET /galeria/galeria/jquery.fancybox.js?v=2.1.5 HTTP/1.1" 200 48706
190.157.235.247 - - [29/Dec/2019:18:47:33 -0500] "GET /galeria/galeria/jquery.fancybox.css?v=2.1.5 HTTP/1.1" 200 4895
190.26.231.7 - - [29/Dec/2019:18:47:35 -0500] "GET /BLA/boletinlegal/js/jquery.scrollShow.js HTTP/1.1" 200 4586
190.26.231.7 - - [29/Dec/2019:18:47:35 -0500] "GET /galeria/galeria/jquery.fancybox.js?v=2.1.5 HTTP/1.1" 200 48706
190.26.231.7 - - [29/Dec/2019:18:47:35 -0500] "GET /galeria/galeria/jquery.fancybox.css?v=2.1.5 HTTP/1.1" 200 4895
66.249.64.59 - - [29/Dec/2019:18:48:08 -0500] "GET /BLA/resoluciones/RESOLUCIONES%202008/0031.pdf HTTP/1.1" 200 515961
69.162.124.232 - - [29/Dec/2019:18:48:53 -0500] "HEAD / HTTP/1.1" 200 -
66.249.64.59 - - [29/Dec/2019:18:48:57 -0500] "GET /BLA/resoluciones/AUTOS%202015/5415.pdf HTTP/1.1" 200 593700
147.75.123.190 - - [29/Dec/2019:18:49:19 -0500] "GET /galeria/galeria/jquery.fancybox.css?v=2.1.5 HTTP/1.1" 200 4895
147.75.123.190 - - [29/Dec/2019:18:49:19 -0500] "GET /BLA/boletinlegal/js/jquery.scrollShow.js HTTP/1.1" 200 4586
147.75.123.190 - - [29/Dec/2019:18:49:19 -0500] "GET /galeria/galeria/jquery.fancybox.js?v=2.1.5 HTTP/1.1" 200 48706
190.157.235.247 - - [29/Dec/2019:18:49:27 -0500] "GET /galeria/galeria/jquery.fancybox.js?v=2.1.5 HTTP/1.1" 200 48706
190.157.235.247 - - [29/Dec/2019:18:49:27 -0500] "GET /galeria/galeria/jquery.fancybox.css?v=2.1.5 HTTP/1.1" 200 4895
190.157.235.247 - - [29/Dec/2019:18:49:27 -0500] "GET /BLA/boletinlegal/js/jquery.scrollShow.js HTTP/1.1" 200 4586
186.154.33.93 - - [29/Dec/2019:18:49:52 -0500] "GET /galeria/nivo-slider/demo/images/Banner%20POT.png HTTP/1.1" 200 418238
181.53.12.62 - - [29/Dec/2019:18:50:15 -0500] "GET /galeria/galeria/jquery.fancybox.css?v=2.1.5 HTTP/1.1" 200 4895
181.53.12.62 - - [29/Dec/2019:18:50:16 -0500] "GET /BLA/boletinlegal/js/jquery.scrollShow.js HTTP/1.1" 200 4586
181.53.12.62 - - [29/Dec/2019:18:50:16 -0500] "GET /galeria/galeria/jquery.fancybox.js?v=2.1.5 HTTP/1.1" 200 48706
66.249.64.63 - - [29/Dec/2019:18:50:34 -0500] "GET /BLA/resoluciones/AUTOS%202016/2617.pdf HTTP/1.1" 304 -
186.155.17.22 - - [29/Dec/2019:18:50:40 -0500] "GET /galeria/galeria/jquery.fancybox.css?v=2.1.5 HTTP/1.1" 200 4895
186.155.17.22 - - [29/Dec/2019:18:50:40 -0500] "GET /BLA/boletinlegal/js/jquery.scrollShow.js HTTP/1.1" 200 4586
186.155.17.22 - - [29/Dec/2019:18:50:40 -0500] "GET /galeria/galeria/jquery.fancybox.js?v=2.1.5 HTTP/1.1" 200 48706
186.155.17.22 - - [29/Dec/2019:18:50:41 -0500] "GET /siipev/Diseno%20de%20Elementos%20de%20Mobiliario%20Urbano/Parte2.html? HTTP/1.1" 200 21566
186.155.17.22 - - [29/Dec/2019:18:50:41 -0500] "GET /siipev/Diseno%20de%20Elementos%20de%20Mobiliario%20Urbano/Otros%20Elementos/Infografia/Parte2/M-20.PNG HTTP/1.1" 200 7870
186.155.17.22 - - [29/Dec/2019:18:50:41 -0500] "GET /siipev/Diseno%20de%20Elementos%20de%20Mobiliario%20Urbano/Otros%20Elementos/Infografia/Parte2/M-21.PNG HTTP/1.1" 200 5682
186.155.17.22 - - [29/Dec/2019:18:50:41 -0500] "GET /siipev/Diseno%20de%20Elementos%20de%20Mobiliario%20Urbano/Otros%20Elementos/Infografia/Parte2/M-30.PNG HTTP/1.1" 200 15205
186.155.17.22 - - [29/Dec/2019:18:50:41 -0500] "GET /siipev/Diseno%20de%20Elementos%20de%20Mobiliario%20Urbano/Otros%20Elementos/Infografia/Parte2/M-31.PNG HTTP/1.1" 200 7548
186.155.17.22 - - [29/Dec/2019:18:50:41 -0500] "GET /siipev/Diseno%20de%20Elementos%20de%20Mobiliario%20Urbano/Otros%20Elementos/Infografia/Parte2/M-40.PNG HTTP/1.1" 200 7816
186.155.17.22 - - [29/Dec/2019:18:50:41 -0500] "GET /siipev/Diseno%20de%20Elementos%20de%20Mobiliario%20Urbano/Otros%20Elementos/Infografia/Parte2/M-41.PNG HTTP/1.1" 200 4709
186.155.17.22 - - [29/Dec/2019:18:50:41 -0500] "GET /siipev/Diseno%20de%20Elementos%20de%20Mobiliario%20Urbano/Otros%20Elementos/Infografia/Parte2/M-50.png HTTP/1.1" 200 16160
186.155.17.22 - - [29/Dec/2019:18:50:41 -0500] "GET /siipev/Diseno%20de%20Elementos%20de%20Mobiliario%20Urbano/Otros%20Elementos/Infografia/Parte2/M-60.png HTTP/1.1" 200 30439
186.155.17.22 - - [29/Dec/2019:18:50:41 -0500] "GET /siipev/Diseno%20de%20Elementos%20de%20Mobiliario%20Urbano/Otros%20Elementos/Infografia/Parte2/M-61.png HTTP/1.1" 200 7270
186.155.17.22 - - [29/Dec/2019:18:50:41 -0500] "GET /siipev/Diseno%20de%20Elementos%20de%20Mobiliario%20Urbano/Otros%20Elementos/Infografia/Parte2/M-62.png HTTP/1.1" 200 7881
186.155.17.22 - - [29/Dec/2019:18:50:42 -0500] "GET /siipev/Diseno%20de%20Elementos%20de%20Mobiliario%20Urbano/Otros%20Elementos/Infografia/Parte2/M-63.png HTTP/1.1" 200 8412
186.155.17.22 - - [29/Dec/2019:18:50:42 -0500] "GET /siipev/Diseno%20de%20Elementos%20de%20Mobiliario%20Urbano/Otros%20Elementos/Infografia/Parte2/M-70.png HTTP/1.1" 200 18527
186.155.17.22 - - [29/Dec/2019:18:50:42 -0500] "GET /siipev/Diseno%20de%20Elementos%20de%20Mobiliario%20Urbano/Otros%20Elementos/Infografia/Parte2/M-71.png HTTP/1.1" 200 29698
186.155.17.22 - - [29/Dec/2019:18:50:42 -0500] "GET /siipev/Diseno%20de%20Elementos%20de%20Mobiliario%20Urbano/Otros%20Elementos/Infografia/Parte2/M-72.png HTTP/1.1" 200 25370
186.155.17.22 - - [29/Dec/2019:18:50:42 -0500] "GET /siipev/Diseno%20de%20Elementos%20de%20Mobiliario%20Urbano/Otros%20Elementos/Infografia/Parte2/M-80.png HTTP/1.1" 200 11511
186.155.17.22 - - [29/Dec/2019:18:50:42 -0500] "GET /siipev/Diseno%20de%20Elementos%20de%20Mobiliario%20Urbano/Otros%20Elementos/Infografia/Parte2/M-144.png HTTP/1.1" 200 22328
186.155.17.22 - - [29/Dec/2019:18:50:42 -0500] "GET /siipev/Diseno%20de%20Elementos%20de%20Mobiliario%20Urbano/Otros%20Elementos/Infografia/Parte2/M-143.png HTTP/1.1" 200 24704
186.155.17.22 - - [29/Dec/2019:18:50:42 -0500] "GET /siipev/Diseno%20de%20Elementos%20de%20Mobiliario%20Urbano/Otros%20Elementos/Infografia/Parte2/M-147.png HTTP/1.1" 200 18687
186.155.17.22 - - [29/Dec/2019:18:50:42 -0500] "GET /siipev/Diseno%20de%20Elementos%20de%20Mobiliario%20Urbano/Otros%20Elementos/Infografia/Parte2/M-120.png HTTP/1.1" 200 14640
186.155.17.22 - - [29/Dec/2019:18:50:42 -0500] "GET /siipev/Diseno%20de%20Elementos%20de%20Mobiliario%20Urbano/Otros%20Elementos/Infografia/Parte2/M-91.png HTTP/1.1" 200 13700
186.155.17.22 - - [29/Dec/2019:18:50:42 -0500] "GET /siipev/Diseno%20de%20Elementos%20de%20Mobiliario%20Urbano/Otros%20Elementos/Infografia/Parte2/M-141.png HTTP/1.1" 200 22886
186.155.17.22 - - [29/Dec/2019:18:50:42 -0500] "GET /siipev/Diseno%20de%20Elementos%20de%20Mobiliario%20Urbano/Otros%20Elementos/Infografia/Parte2/M-150.png HTTP/1.1" 200 6334
186.155.17.22 - - [29/Dec/2019:18:50:42 -0500] "GET /siipev/Diseno%20de%20Elementos%20de%20Mobiliario%20Urbano/Otros%20Elementos/Infografia/Parte2/M-121.png HTTP/1.1" 200 31225
186.155.17.22 - - [29/Dec/2019:18:50:42 -0500] "GET /siipev/Diseno%20de%20Elementos%20de%20Mobiliario%20Urbano/Otros%20Elementos/Infografia/Parte2/M-140.png HTTP/1.1" 200 27774
186.155.17.22 - - [29/Dec/2019:18:50:42 -0500] "GET /siipev/Diseno%20de%20Elementos%20de%20Mobiliario%20Urbano/Otros%20Elementos/Infografia/Parte2/M-146.png HTTP/1.1" 200 29315
186.155.17.22 - - [29/Dec/2019:18:50:42 -0500] "GET /siipev/Diseno%20de%20Elementos%20de%20Mobiliario%20Urbano/Otros%20Elementos/Infografia/Parte2/M-82.png HTTP/1.1" 200 11389
186.155.17.22 - - [29/Dec/2019:18:50:42 -0500] "GET /siipev/Diseno%20de%20Elementos%20de%20Mobiliario%20Urbano/Otros%20Elementos/Infografia/Parte2/M-110.png HTTP/1.1" 200 2156
186.155.17.22 - - [29/Dec/2019:18:50:42 -0500] "GET /siipev/Diseno%20de%20Elementos%20de%20Mobiliario%20Urbano/Otros%20Elementos/Infografia/Parte2/M-142.png HTTP/1.1" 200 28872
186.155.17.22 - - [29/Dec/2019:18:50:42 -0500] "GET /siipev/Diseno%20de%20Elementos%20de%20Mobiliario%20Urbano/Otros%20Elementos/Infografia/Parte2/M-145.png HTTP/1.1" 200 24761
186.155.17.22 - - [29/Dec/2019:18:50:42 -0500] "GET /siipev/Diseno%20de%20Elementos%20de%20Mobiliario%20Urbano/Otros%20Elementos/Infografia/Parte2/M-101.png HTTP/1.1" 200 21839
186.155.17.22 - - [29/Dec/2019:18:50:43 -0500] "GET /siipev/Diseno%20de%20Elementos%20de%20Mobiliario%20Urbano/Otros%20Elementos/Infografia/Parte2/M-100.png HTTP/1.1" 200 17003
186.155.17.22 - - [29/Dec/2019:18:50:43 -0500] "GET /siipev/Diseno%20de%20Elementos%20de%20Mobiliario%20Urbano/Otros%20Elementos/Infografia/Parte2/M-131.png HTTP/1.1" 200 17197
186.155.17.22 - - [29/Dec/2019:18:50:43 -0500] "GET /siipev/Diseno%20de%20Elementos%20de%20Mobiliario%20Urbano/Otros%20Elementos/Infografia/Parte2/M-130.png HTTP/1.1" 200 4007
186.155.17.22 - - [29/Dec/2019:18:50:43 -0500] "GET /siipev/Diseno%20de%20Elementos%20de%20Mobiliario%20Urbano/Otros%20Elementos/Infografia/Parte2/M-81.png HTTP/1.1" 200 6737
186.155.17.22 - - [29/Dec/2019:18:50:43 -0500] "GET /siipev/Diseno%20de%20Elementos%20de%20Mobiliario%20Urbano/Otros%20Elementos/Infografia/Parte2/M-148.png HTTP/1.1" 200 16745
186.155.17.22 - - [29/Dec/2019:18:50:43 -0500] "GET /siipev/Diseno%20de%20Elementos%20de%20Mobiliario%20Urbano/Otros%20Elementos/Infografia/Parte2/M-90.png HTTP/1.1" 200 24296
186.155.17.22 - - [29/Dec/2019:18:50:58 -0500] "GET /siipev/Diseno%20de%20Elementos%20de%20Mobiliario%20Urbano/Diseno%20pertenecientes%20al%20mobiliario%20urbano%20M10-M160/PARTE%20A/Dise%C3%B1o%20de%20Elementos%20M-72.pdf HTTP/1.1" 200 1896773
186.155.17.22 - - [29/Dec/2019:18:51:04 -0500] "GET /siipev/Diseno%20de%20Elementos%20de%20Mobiliario%20Urbano/Diseno%20pertenecientes%20al%20mobiliario%20urbano%20M10-M160/PARTE%20A/Dise%C3%B1o%20de%20Elementos%20M-72.pdf HTTP/1.1" 206 651589
23.100.232.233 - - [29/Dec/2019:18:51:05 -0500] "GET /BLA/resoluciones/RESOLUCIONES%202015/0995.pdf HTTP/1.1" 200 6388920
186.155.17.22 - - [29/Dec/2019:18:51:05 -0500] "GET /siipev/Diseno%20de%20Elementos%20de%20Mobiliario%20Urbano/Diseno%20pertenecientes%20al%20mobiliario%20urbano%20M10-M160/PARTE%20A/Dise%C3%B1o%20de%20Elementos%20M-72.pdf HTTP/1.1" 206 262144
201.110.144.122 - - [29/Dec/2019:18:51:30 -0500] "GET /BLA/boletinlegal/js/jquery.scrollShow.js HTTP/1.1" 200 4586
201.110.144.122 - - [29/Dec/2019:18:51:30 -0500] "GET /galeria/galeria/jquery.fancybox.css?v=2.1.5 HTTP/1.1" 200 4895
201.110.144.122 - - [29/Dec/2019:18:51:30 -0500] "GET /galeria/galeria/jquery.fancybox.js?v=2.1.5 HTTP/1.1" 200 48706
66.249.64.61 - - [29/Dec/2019:18:52:12 -0500] "GET /BLA/resoluciones/RESOLUCIONES%202008/3185.pdf HTTP/1.1" 304 -
186.154.33.93 - - [29/Dec/2019:18:52:14 -0500] "GET /galeria/nivo-slider/demo/images/Banner%20POT.png HTTP/1.1" 206 1
186.154.33.93 - - [29/Dec/2019:18:52:14 -0500] "GET /galeria/nivo-slider/demo/images/Banner%20POT.png HTTP/1.1" 206 175604
66.249.88.23 - - [29/Dec/2019:18:52:28 -0500] "GET /BLA/resoluciones/AUTOS%202015/2863.pdf HTTP/1.1" 200 787391
216.244.66.195 - - [29/Dec/2019:18:52:59 -0500] "GET /BLA/resoluciones/AUTOS%202018/1312.pdf HTTP/1.1" 200 276144
66.249.64.59 - - [29/Dec/2019:18:53:00 -0500] "GET /BLA/resoluciones/RESOLUCIONES%202018/0267.pdf HTTP/1.1" 200 294244
69.162.124.232 - - [29/Dec/2019:18:53:53 -0500] "HEAD / HTTP/1.1" 200 -
216.244.66.195 - - [29/Dec/2019:18:54:19 -0500] "GET /BLA/resoluciones/RESOLUCIONES%202013/0756.pdf HTTP/1.1" 200 1358704
40.77.167.133 - - [29/Dec/2019:18:54:19 -0500] "GET / HTTP/1.1" 200 9990
66.249.88.19 - - [29/Dec/2019:18:54:20 -0500] "GET /galeria/galeria/jquery.fancybox.css?v=2.1.5 HTTP/1.1" 200 4895
66.249.88.19 - - [29/Dec/2019:18:54:20 -0500] "GET /galeria/galeria/jquery.fancybox.js?v=2.1.5 HTTP/1.1" 200 48706
66.249.88.23 - - [29/Dec/2019:18:54:20 -0500] "GET /BLA/boletinlegal/js/jquery.scrollShow.js HTTP/1.1" 200 4586
190.159.232.24 - - [29/Dec/2019:18:55:43 -0500] "GET /galeria/galeria/jquery.fancybox.css?v=2.1.5 HTTP/1.1" 200 4895
190.159.232.24 - - [29/Dec/2019:18:55:43 -0500] "GET /BLA/boletinlegal/js/jquery.scrollShow.js HTTP/1.1" 200 4586
190.159.232.24 - - [29/Dec/2019:18:55:43 -0500] "GET /galeria/galeria/jquery.fancybox.js?v=2.1.5 HTTP/1.1" 200 48706
190.157.235.247 - - [29/Dec/2019:18:55:53 -0500] "GET /galeria/galeria/jquery.fancybox.css?v=2.1.5 HTTP/1.1" 200 4895
