201.245.192.253 - - [30/Dec/2019:05:16:25 -0500] "POST /kwsrmcab/Wsrmcab HTTP/1.1" 200 32589
54.36.150.84 - - [30/Dec/2019:05:17:27 -0500] "GET /BLA/resoluciones/RESOLUCIONES%202002/RES%202002%201801-1850/20021824.tif HTTP/1.1" 200 106448
201.245.192.253 - - [30/Dec/2019:05:17:00 -0500] "POST /kwsrmcab/Wsrmcab HTTP/1.1" 200 32589
66.249.64.61 - - [30/Dec/2019:05:17:40 -0500] "GET /BLA/resoluciones/RESOLUCIONES%202008/0469.pdf HTTP/1.1" 200 226585
216.244.66.195 - - [30/Dec/2019:05:17:52 -0500] "GET /BLA/resoluciones/RESOLUCIONES%202010/1883.pdf HTTP/1.1" 200 778895
216.244.66.195 - - [30/Dec/2019:05:18:42 -0500] "GET /BLA/resoluciones/RESOLUCIONES%202010/1990.pdf HTTP/1.1" 200 336070
69.162.124.232 - - [30/Dec/2019:05:18:48 -0500] "HEAD / HTTP/1.1" 200 -
83.33.147.14 - - [30/Dec/2019:05:19:52 -0500] "GET /galeria/galeria/jquery.fancybox.css?v=2.1.5 HTTP/1.1" 200 4895
83.33.147.14 - - [30/Dec/2019:05:19:52 -0500] "GET /BLA/boletinlegal/js/jquery.scrollShow.js HTTP/1.1" 200 4586
83.33.147.14 - - [30/Dec/2019:05:19:52 -0500] "GET /galeria/galeria/jquery.fancybox.js?v=2.1.5 HTTP/1.1" 200 48706
216.244.66.195 - - [30/Dec/2019:05:21:00 -0500] "GET /BLA/resoluciones/RESOLUCIONES%202011/2085.pdf HTTP/1.1" 200 573380
66.249.64.63 - - [30/Dec/2019:05:21:14 -0500] "GET /BLA/resoluciones/AUTOS%202009/2069.pdf HTTP/1.1" 200 100325
216.244.66.195 - - [30/Dec/2019:05:21:53 -0500] "GET /BLA/resoluciones/RESOLUCIONES%202011/2443.pdf HTTP/1.1" 200 744326
66.249.64.59 - - [30/Dec/2019:05:21:57 -0500] "GET /BLA/resoluciones/AUTOS%202007/0865.pdf HTTP/1.1" 200 459208
66.249.88.25 - - [30/Dec/2019:05:22:36 -0500] "GET /galeria/galeria/jquery.fancybox.css?v=2.1.5 HTTP/1.1" 200 4895
66.249.88.23 - - [30/Dec/2019:05:22:36 -0500] "GET /galeria/carrusel/Carrusel/jquery.thumbnailScroller.css HTTP/1.1" 200 2066
66.249.88.23 - - [30/Dec/2019:05:22:36 -0500] "GET /galeria/galeria/jquery.fancybox.js?v=2.1.5 HTTP/1.1" 200 48706
66.249.88.19 - - [30/Dec/2019:05:22:36 -0500] "GET /BLA/boletinlegal/js/jquery.scrollShow.js HTTP/1.1" 200 4586
66.249.88.23 - - [30/Dec/2019:05:22:36 -0500] "GET /galeria/carrusel/Carrusel/jquery-ui-1.8.13.custom.min.js HTTP/1.1" 200 10800
66.249.88.25 - - [30/Dec/2019:05:22:36 -0500] "GET /galeria/carrusel/Carrusel/jquery.thumbnailScroller.js HTTP/1.1" 200 8157
66.249.88.23 - - [30/Dec/2019:05:22:37 -0500] "GET /galeria/nivo-slider/demo/inicio.html HTTP/1.1" 200 4435
66.249.88.25 - - [30/Dec/2019:05:22:37 -0500] "GET /galeria/nivo-slider/themes/pascal/pascal.css HTTP/1.1" 200 2258
66.249.88.19 - - [30/Dec/2019:05:22:37 -0500] "GET /galeria/nivo-slider/themes/default/default.css HTTP/1.1" 200 1569
66.249.88.23 - - [30/Dec/2019:05:22:37 -0500] "GET /galeria/nivo-slider/nivo-slider.css HTTP/1.1" 200 1507
66.249.88.23 - - [30/Dec/2019:05:22:37 -0500] "GET /galeria/nivo-slider/demo/style.css HTTP/1.1" 200 2222
66.249.88.23 - - [30/Dec/2019:05:22:37 -0500] "GET /galeria/nivo-slider/demo/images/Bannercalculadora.jpg HTTP/1.1" 200 313099
66.249.88.19 - - [30/Dec/2019:05:22:37 -0500] "GET /galeria/nivo-slider/themes/orman/orman.css HTTP/1.1" 200 2152
66.249.88.23 - - [30/Dec/2019:05:22:38 -0500] "GET /galeria/nivo-slider/demo/scripts/jquery-1.7.1.min.js HTTP/1.1" 200 93868
66.249.88.25 - - [30/Dec/2019:05:22:38 -0500] "GET /galeria/nivo-slider/jquery.nivo.slider.pack.js HTTP/1.1" 200 11561
66.249.88.23 - - [30/Dec/2019:05:22:38 -0500] "GET /galeria/nivo-slider/demo/images/bannerwebmusgo.jpg HTTP/1.1" 200 367364
66.249.88.19 - - [30/Dec/2019:05:22:38 -0500] "GET /galeria/nivo-slider/demo/images/banneragendamiento.jpg HTTP/1.1" 200 116897
66.249.88.23 - - [30/Dec/2019:05:22:38 -0500] "GET /galeria/nivo-slider/demo/images/bannerjardines.jpg HTTP/1.1" 200 417948
66.249.88.25 - - [30/Dec/2019:05:22:38 -0500] "GET /galeria/nivo-slider/demo/images/4Simple_Slider.png HTTP/1.1" 200 11722
66.249.88.23 - - [30/Dec/2019:05:22:38 -0500] "GET /galeria/nivo-slider/themes/default/loading.gif HTTP/1.1" 200 1737
66.249.88.19 - - [30/Dec/2019:05:22:38 -0500] "GET /galeria/nivo-slider/demo/images/banneriniciativa.jpg HTTP/1.1" 200 200385
66.249.88.19 - - [30/Dec/2019:05:22:38 -0500] "GET /galeria/nivo-slider/demo/images/diciembrecaminatas.png HTTP/1.1" 200 510724
66.249.88.19 - - [30/Dec/2019:05:22:38 -0500] "GET /galeria/nivo-slider/demo/images/Banner%20tinguas.jpg HTTP/1.1" 200 214878
66.249.88.23 - - [30/Dec/2019:05:22:39 -0500] "GET /galeria/nivo-slider/demo/images/Bannerserpiente2019.jpg HTTP/1.1" 200 270374
66.249.88.19 - - [30/Dec/2019:05:22:39 -0500] "GET /galeria/nivo-slider/demo/images/puntos%20atencion%20BANNER.jpg HTTP/1.1" 200 244208
66.249.88.19 - - [30/Dec/2019:05:22:39 -0500] "GET /galeria/nivo-slider/demo/images/Banner%20Visor%20Geografico%20Ambiental.jpg HTTP/1.1" 200 204673
66.249.88.25 - - [30/Dec/2019:05:22:40 -0500] "GET /galeria/nivo-slider/demo/images/Banner%20consumo%20sostenible%20final.jpg HTTP/1.1" 200 364746
66.249.88.19 - - [30/Dec/2019:05:22:40 -0500] "GET /galeria/nivo-slider/demo/images/Banner%20RCD.jpg HTTP/1.1" 200 92197
66.249.88.23 - - [30/Dec/2019:05:22:40 -0500] "GET /galeria/nivo-slider/demo/images/Banner%20Conpes.jpg HTTP/1.1" 200 55220
66.249.64.63 - - [30/Dec/2019:05:22:40 -0500] "GET /BLA/resoluciones/AUTOS%202018/0243.pdf HTTP/1.1" 200 285526
66.249.88.19 - - [30/Dec/2019:05:22:40 -0500] "GET /galeria/nivo-slider/demo/images/Banner%20practicas%20sostenibles.jpg HTTP/1.1" 200 142958
66.249.88.23 - - [30/Dec/2019:05:22:40 -0500] "GET /galeria/nivo-slider/demo/images/Banner%20POT.png HTTP/1.1" 200 418238
66.249.88.25 - - [30/Dec/2019:05:22:40 -0500] "GET /galeria/nivo-slider/demo/images/Banneranonimos.png HTTP/1.1" 200 109388
66.249.88.25 - - [30/Dec/2019:05:22:43 -0500] "GET /galeria/nivo-slider/themes/default/arrows.png HTTP/1.1" 200 824
66.249.88.25 - - [30/Dec/2019:05:22:43 -0500] "GET /galeria/nivo-slider/themes/default/bullets.png HTTP/1.1" 200 1281
66.249.64.61 - - [30/Dec/2019:05:22:49 -0500] "GET /BLA/resoluciones/RESOLUCIONES%202009/2102.pdf HTTP/1.1" 200 645954
216.244.66.197 - - [30/Dec/2019:05:23:22 -0500] "GET /Anexos%20estudio%20Organizacional%20SDA/index.php?dir=ANEXO%20No.%208%20-%20MATRICES%20DE%20REGISTRO%20Y%20DE%20SALIDA%20MEDICI%EF%BF%BDN%20CARGAS%20LABORALES%20SDA/1.%20Despacho%20del%20Secretario/&sort=date&order=desc HTTP/1.1" 200 6414
66.249.64.61 - - [30/Dec/2019:05:23:23 -0500] "GET /BLA/resoluciones/RESOLUCIONES%202010/0856.pdf HTTP/1.1" 200 103414
69.162.124.232 - - [30/Dec/2019:05:23:48 -0500] "HEAD / HTTP/1.1" 200 -
66.249.64.59 - - [30/Dec/2019:05:24:06 -0500] "GET /BLA/resoluciones/RESOLUCIONES%202007/RES%202007%203601%20AL%203700/RESOLUCION%203613%20DE%202007.pdf HTTP/1.1" 200 401493
216.244.66.195 - - [30/Dec/2019:05:24:13 -0500] "GET /BLA/resoluciones/RESOLUCIONES%202012/0417.pdf HTTP/1.1" 200 544681
66.249.64.59 - - [30/Dec/2019:05:24:49 -0500] "GET /BLA/resoluciones/AUTOS%202013/2900.pdf HTTP/1.1" 200 1779703
66.249.88.23 - - [30/Dec/2019:05:25:05 -0500] "GET /BLA/boletinlegal/js/jquery.scrollShow.js HTTP/1.1" 200 4586
66.249.88.23 - - [30/Dec/2019:05:25:05 -0500] "GET /BLA/boletinlegal/js/jquery.scrollShow.js HTTP/1.1" 200 4586
66.249.88.25 - - [30/Dec/2019:05:25:05 -0500] "GET /BLA/boletinlegal/js/jquery.scrollShow.js HTTP/1.1" 200 4586
66.249.88.19 - - [30/Dec/2019:05:25:05 -0500] "GET /galeria/galeria/jquery.fancybox.js?v=2.1.5 HTTP/1.1" 200 48706
66.249.88.23 - - [30/Dec/2019:05:25:05 -0500] "GET /galeria/galeria/jquery.fancybox.js?v=2.1.5 HTTP/1.1" 200 48706
66.249.88.25 - - [30/Dec/2019:05:25:05 -0500] "GET /galeria/galeria/jquery.fancybox.css?v=2.1.5 HTTP/1.1" 200 4895
66.249.88.19 - - [30/Dec/2019:05:25:05 -0500] "GET /galeria/galeria/jquery.fancybox.css?v=2.1.5 HTTP/1.1" 200 4895
66.249.88.23 - - [30/Dec/2019:05:25:05 -0500] "GET /galeria/galeria/jquery.fancybox.css?v=2.1.5 HTTP/1.1" 200 4895
66.249.88.23 - - [30/Dec/2019:05:25:05 -0500] "GET /galeria/galeria/jquery.fancybox.js?v=2.1.5 HTTP/1.1" 200 48706
66.249.64.61 - - [30/Dec/2019:05:25:31 -0500] "GET /BLA/resoluciones/AUTOS%202014/4278.pdf HTTP/1.1" 304 -
66.249.64.59 - - [30/Dec/2019:05:26:14 -0500] "GET /BLA/resoluciones/AUTOS%202011/6750.pdf HTTP/1.1" 304 -
216.244.66.195 - - [30/Dec/2019:05:26:33 -0500] "GET /BLA/resoluciones/RESOLUCIONES%202012/1479.pdf HTTP/1.1" 200 923648
66.249.64.59 - - [30/Dec/2019:05:26:57 -0500] "GET /BLA/resoluciones/AUTOS%202015/0950.pdf HTTP/1.1" 304 -
201.245.192.253 - - [30/Dec/2019:05:26:25 -0500] "POST /kwsrmcab/Wsrmcab HTTP/1.1" 200 32440
66.102.8.187 - - [30/Dec/2019:05:27:29 -0500] "GET /galeria/galeria/jquery.fancybox.js?v=2.1.5 HTTP/1.1" 304 -
66.102.8.189 - - [30/Dec/2019:05:27:29 -0500] "GET /galeria/galeria/jquery.fancybox.css?v=2.1.5 HTTP/1.1" 304 -
66.102.8.189 - - [30/Dec/2019:05:27:29 -0500] "GET /BLA/boletinlegal/js/jquery.scrollShow.js HTTP/1.1" 304 -
69.162.124.232 - - [30/Dec/2019:05:28:48 -0500] "HEAD / HTTP/1.1" 200 -
216.244.66.195 - - [30/Dec/2019:05:28:53 -0500] "GET /BLA/resoluciones/RESOLUCIONES%202012/1717.pdf HTTP/1.1" 200 1101308
66.249.64.59 - - [30/Dec/2019:05:29:06 -0500] "GET /BLA/resoluciones/RESOLUCIONES%202011/0313.pdf HTTP/1.1" 304 -
66.249.64.63 - - [30/Dec/2019:05:29:48 -0500] "GET /BLA/resoluciones/AUTOS%202012/1893.pdf HTTP/1.1" 304 -
66.249.88.25 - - [30/Dec/2019:05:30:30 -0500] "GET /galeria/galeria/jquery.fancybox.css?v=2.1.5 HTTP/1.1" 200 4895
66.249.88.25 - - [30/Dec/2019:05:30:30 -0500] "GET /BLA/boletinlegal/js/jquery.scrollShow.js HTTP/1.1" 200 4586
66.249.88.19 - - [30/Dec/2019:05:30:30 -0500] "GET /galeria/galeria/jquery.fancybox.js?v=2.1.5 HTTP/1.1" 200 48706
83.33.147.14 - - [30/Dec/2019:05:31:02 -0500] "GET /galeria/galeria/jquery.fancybox.css?v=2.1.5 HTTP/1.1" 200 4895
83.33.147.14 - - [30/Dec/2019:05:31:02 -0500] "GET /BLA/boletinlegal/js/jquery.scrollShow.js HTTP/1.1" 200 4586
83.33.147.14 - - [30/Dec/2019:05:31:02 -0500] "GET /galeria/galeria/jquery.fancybox.js?v=2.1.5 HTTP/1.1" 200 48706
66.249.64.61 - - [30/Dec/2019:05:31:03 -0500] "GET /BLA/resoluciones/RESOLUCIONES%202010/5655.pdf HTTP/1.1" 200 2752047
83.33.147.14 - - [30/Dec/2019:05:31:12 -0500] "GET /galeria/galeria/jquery.fancybox.css?v=2.1.5 HTTP/1.1" 304 -
83.33.147.14 - - [30/Dec/2019:05:31:12 -0500] "GET /galeria/galeria/jquery.fancybox.js?v=2.1.5 HTTP/1.1" 304 -
83.33.147.14 - - [30/Dec/2019:05:31:12 -0500] "GET /BLA/boletinlegal/js/jquery.scrollShow.js HTTP/1.1" 304 -
216.244.66.195 - - [30/Dec/2019:05:31:13 -0500] "GET /BLA/resoluciones/RESOLUCIONES%202012/1718.pdf HTTP/1.1" 200 947927
66.249.64.59 - - [30/Dec/2019:05:31:57 -0500] "GET /BLA/resoluciones/AUTOS%202007/2465.pdf HTTP/1.1" 200 92092
66.249.64.59 - - [30/Dec/2019:05:32:40 -0500] "GET /BLA/resoluciones/AUTOS%202008/0496.pdf HTTP/1.1" 200 322409
66.249.64.59 - - [30/Dec/2019:05:33:22 -0500] "GET /BLA/resoluciones/AUTOS%202014/3591.pdf HTTP/1.1" 200 584350
216.244.66.195 - - [30/Dec/2019:05:33:33 -0500] "GET /BLA/resoluciones/RESOLUCIONES%202012/1725.pdf HTTP/1.1" 200 1164703
69.162.124.232 - - [30/Dec/2019:05:33:48 -0500] "HEAD / HTTP/1.1" 200 -
66.249.64.59 - - [30/Dec/2019:05:34:05 -0500] "GET /Autoliquidacion/Solicitudes%20relacionadas%20con%20calidad%20del%20aire%20auditiva%20y%20visual/Acompa%C3%B1amiento%20para%20muestreo%20isocin%C3%A9tico%20y%20o%20determinaciones%20de%20emisiones%20a%20fuentes%20fijas/Lineamientos%20Construccion%20Muestras%20Emision.doc HTTP/1.1" 304 -
66.249.64.59 - - [30/Dec/2019:05:34:48 -0500] "GET /BLA/resoluciones/Notificaciones/AUTOS%202015/06181.doc HTTP/1.1" 200 89564
66.249.64.59 - - [30/Dec/2019:05:35:31 -0500] "GET /BLA/resoluciones/RESOLUCIONES%202018/1521.pdf HTTP/1.1" 200 320365
54.36.150.123 - - [30/Dec/2019:05:35:51 -0500] "GET /BLA/resoluciones/RESOLUCIONES%202004/RES%202004%20751-800/00000754.tif HTTP/1.1" 200 84926
216.244.66.195 - - [30/Dec/2019:05:35:54 -0500] "GET /BLA/resoluciones/RESOLUCIONES%202012/1780.pdf HTTP/1.1" 200 449665
66.249.64.61 - - [30/Dec/2019:05:36:14 -0500] "GET /BLA/resoluciones/RESOLUCIONES%202007/RES%202007%20301%20AL%20400/RESOLUCION%200379%20DE%202007.pdf HTTP/1.1" 200 312409
157.55.39.202 - - [30/Dec/2019:05:36:55 -0500] "GET / HTTP/1.1" 200 9990
66.249.64.59 - - [30/Dec/2019:05:36:57 -0500] "GET /BLA/resoluciones/AUTOS%202016/0706.pdf HTTP/1.1" 200 474297
201.245.192.253 - - [30/Dec/2019:05:36:26 -0500] "POST /kwsrmcab/Wsrmcab HTTP/1.1" 200 32440
54.36.150.121 - - [30/Dec/2019:05:36:59 -0500] "GET /BLA/resoluciones/index.php?dir=RESOLUCIONES+2006%2F HTTP/1.1" 200 27566
83.33.147.14 - - [30/Dec/2019:05:37:06 -0500] "GET /galeria/galeria/jquery.fancybox.js?v=2.1.5 HTTP/1.1" 200 48706
216.244.66.195 - - [30/Dec/2019:05:37:39 -0500] "GET /BLA/resoluciones/RESOLUCIONES%202012/1854.pdf HTTP/1.1" 200 834878
66.249.64.61 - - [30/Dec/2019:05:37:39 -0500] "GET /BLA/resoluciones/RESOLUCIONES%202017/1147.pdf HTTP/1.1" 200 2146421
69.162.124.232 - - [30/Dec/2019:05:38:48 -0500] "HEAD / HTTP/1.1" 200 -
216.244.66.195 - - [30/Dec/2019:05:38:58 -0500] "GET /BLA/resoluciones/RESOLUCIONES%202012/1897.pdf HTTP/1.1" 200 412885
159.138.159.222 - - [30/Dec/2019:05:38:55 -0500] "GET /galeria/nivo-slider/demo/images/caminatas%20julio%20principal.png HTTP/1.1" 200 662414
66.249.64.59 - - [30/Dec/2019:05:39:05 -0500] "GET /BLA/resoluciones/AUTOS%202016/2505.pdf HTTP/1.1" 200 508252
66.249.64.59 - - [30/Dec/2019:05:39:17 -0500] "GET /BLA/resoluciones/RESOLUCIONES%202009/2548.pdf HTTP/1.1" 200 491895
66.249.64.59 - - [30/Dec/2019:05:39:48 -0500] "GET /BLA/resoluciones/AUTOS%202016/2210.pdf HTTP/1.1" 200 482278
46.229.168.152 - - [30/Dec/2019:05:39:53 -0500] "GET /robots.txt HTTP/1.1" 404 1019
46.229.168.139 - - [30/Dec/2019:05:39:53 -0500] "GET /Anexos%20estudio%20Organizacional%20SDA/index.php?dir=ANEXO%2BNo.%2B8%2B-%2BMATRICES%2BDE%2BREGISTRO%2BY%2BDE%2BSALIDA%2BMEDICI%C3%83%C2%93N%2BCARGAS%2BLABORALES%2BSDA%2F&order=asc&sort=date HTTP/1.1" 200 6250
66.249.64.63 - - [30/Dec/2019:05:40:31 -0500] "GET /BLA/resoluciones/AUTOS%202018/6270.pdf HTTP/1.1" 200 2031236
66.249.64.61 - - [30/Dec/2019:05:41:14 -0500] "GET /BLA/resoluciones/AUTOS%202014/3238.pdf HTTP/1.1" 200 553570
54.36.150.51 - - [30/Dec/2019:05:41:18 -0500] "GET /BLA/resoluciones/RESOLUCIONES%202003/RES%202003%20551-600/557.tif HTTP/1.1" 200 116696
66.249.64.61 - - [30/Dec/2019:05:41:56 -0500] "GET /BLA/resoluciones/AUTOS%202013/1152.pdf HTTP/1.1" 200 472892
46.229.168.135 - - [30/Dec/2019:05:41:59 -0500] "GET /Autoliquidacion/index.php?dir=Grupo%2BForestal%2B-%2BIndustria%2Bde%2Bla%2BMadera%2F&order=asc&sort=size HTTP/1.1" 200 6649
66.249.64.27 - - [30/Dec/2019:05:42:39 -0500] "GET /SIG/Direccionamiento%20Estrategico/126PG01-PR16.pdf HTTP/1.1" 200 991849
66.249.64.63 - - [30/Dec/2019:05:43:22 -0500] "GET /BLA/resoluciones/RESOLUCIONES%202014/1911.pdf HTTP/1.1" 200 708361
69.162.124.232 - - [30/Dec/2019:05:43:48 -0500] "HEAD / HTTP/1.1" 200 -
66.249.64.61 - - [30/Dec/2019:05:44:05 -0500] "GET /BLA/resoluciones/AUTOS%202015/1053.pdf HTTP/1.1" 200 429658
66.249.64.59 - - [30/Dec/2019:05:44:48 -0500] "GET /BLA/resoluciones/AUTOS%202011/5694.pdf HTTP/1.1" 200 207542
54.36.150.20 - - [30/Dec/2019:05:44:50 -0500] "GET /BLA/resoluciones/RESOLUCIONES%202003/RES%202003%201251-1300/20031285.tif HTTP/1.1" 200 115920
66.249.64.61 - - [30/Dec/2019:05:45:30 -0500] "GET /BLA/resoluciones/RESOLUCIONES%202009/3802.pdf HTTP/1.1" 200 58946
177.86.125.119 - - [30/Dec/2019:05:45:31 -0500] "GET / HTTP/1.1" 200 9990
66.249.64.61 - - [30/Dec/2019:05:46:13 -0500] "GET /BLA/resoluciones/RESOLUCIONES%202016/1015.pdf HTTP/1.1" 200 430250
66.249.64.61 - - [30/Dec/2019:05:46:56 -0500] "GET /BLA/resoluciones/AUTOS%202014/5575.pdf HTTP/1.1" 200 442097
66.249.64.59 - - [30/Dec/2019:05:47:39 -0500] "GET /BLA/resoluciones/AUTOS%202013/2692.pdf HTTP/1.1" 200 864303
216.244.66.195 - - [30/Dec/2019:05:48:10 -0500] "GET /BLA/resoluciones/RESOLUCIONES%202008/1142.pdf HTTP/1.1" 200 559693
69.162.124.232 - - [30/Dec/2019:05:48:48 -0500] "HEAD / HTTP/1.1" 200 -
66.249.64.59 - - [30/Dec/2019:05:49:05 -0500] "GET /BLA/resoluciones/AUTOS%202010/5575.pdf HTTP/1.1" 200 922749
66.249.64.59 - - [30/Dec/2019:05:49:47 -0500] "GET /BLA/resoluciones/AUTOS%202011/2966.pdf HTTP/1.1" 200 836728
66.249.64.59 - - [30/Dec/2019:05:50:30 -0500] "GET /BLA/resoluciones/AUTOS%202013/2897.pdf HTTP/1.1" 200 561583
216.244.66.195 - - [30/Dec/2019:05:50:32 -0500] "GET /BLA/resoluciones/RESOLUCIONES%202008/1154.pdf HTTP/1.1" 200 462333
37.187.30.114 - - [30/Dec/2019:05:51:00 -0500] "GET / HTTP/1.1" 200 9990
66.249.64.59 - - [30/Dec/2019:05:51:24 -0500] "GET /BLA/resoluciones/Notificaciones/AUTOS%202015/3212.doc HTTP/1.1" 200 168960
46.229.168.150 - - [30/Dec/2019:05:51:32 -0500] "GET /Autoliquidacion/index.php?dir=TR%C3%83%C2%83%C3%82%C2%83%C3%83%C2%82%C3%82%C2%83%C3%83%C2%83%C3%82%C2%82%C3%83%C2%82%C3%82%C2%83%C3%83%C2%83%C3%82%C2%83%C3%83%C2%82%C3%82%C2%82%C3%83%C2%83%C3%82%C2%82%C3%83%C2%82%C3%82%C2%81MITES%2BACEITES-RESIDUOS-ESTACIONES%2F&order=desc&sort=name HTTP/1.1" 200 6828
66.249.64.59 - - [30/Dec/2019:05:51:56 -0500] "GET /BLA/resoluciones/AUTOS%202013/2118.pdf HTTP/1.1" 200 3014543
66.249.64.59 - - [30/Dec/2019:05:52:39 -0500] "GET /BLA/resoluciones/RESOLUCIONES%202010/2417.pdf HTTP/1.1" 304 -
186.31.14.70 - - [30/Dec/2019:05:52:47 -0500] "GET /BLA/resoluciones/RESOLUCIONES%202011/6982.pdf HTTP/1.1" 200 1266045
216.244.66.195 - - [30/Dec/2019:05:52:47 -0500] "GET /BLA/resoluciones/RESOLUCIONES%202008/1181.pdf HTTP/1.1" 200 57921
66.249.64.61 - - [30/Dec/2019:05:53:22 -0500] "GET /BLA/resoluciones/RESOLUCIONES%202007/RES%202007%20501%20AL%20600/RESOLUCION%200514%20DE%202007.pdf HTTP/1.1" 200 467859
69.162.124.232 - - [30/Dec/2019:05:53:48 -0500] "HEAD / HTTP/1.1" 200 -
186.102.41.12 - - [30/Dec/2019:05:54:03 -0500] "GET /BLA/boletinlegal/js/jquery.scrollShow.js HTTP/1.1" 200 4586
186.102.41.12 - - [30/Dec/2019:05:54:03 -0500] "GET /galeria/galeria/jquery.fancybox.js?v=2.1.5 HTTP/1.1" 200 48706
186.102.41.12 - - [30/Dec/2019:05:54:03 -0500] "GET /galeria/galeria/jquery.fancybox.css?v=2.1.5 HTTP/1.1" 200 4895
186.102.41.12 - - [30/Dec/2019:05:54:14 -0500] "GET /galeria/galeria/jquery.fancybox.css?v=2.1.5 HTTP/1.1" 304 -
186.102.41.12 - - [30/Dec/2019:05:54:14 -0500] "GET /BLA/boletinlegal/js/jquery.scrollShow.js HTTP/1.1" 304 -
186.102.41.12 - - [30/Dec/2019:05:54:14 -0500] "GET /galeria/galeria/jquery.fancybox.js?v=2.1.5 HTTP/1.1" 304 -
66.249.64.63 - - [30/Dec/2019:05:54:47 -0500] "GET /BLA/resoluciones/AUTOS%202014/2182.pdf HTTP/1.1" 304 -
216.244.66.195 - - [30/Dec/2019:05:55:02 -0500] "GET /BLA/resoluciones/RESOLUCIONES%202008/1373.pdf HTTP/1.1" 200 180447
66.249.64.59 - - [30/Dec/2019:05:55:30 -0500] "GET /BLA/resoluciones/AUTOS%202015/2236.pdf HTTP/1.1" 304 -
66.249.64.61 - - [30/Dec/2019:05:55:45 -0500] "GET /BLA/resoluciones/RESOLUCIONES%202010/1605.pdf HTTP/1.1" 200 359108
66.249.64.63 - - [30/Dec/2019:05:56:13 -0500] "GET /BLA/resoluciones/AUTOS%202010/6460.pdf HTTP/1.1" 200 543132
216.244.66.195 - - [30/Dec/2019:05:56:49 -0500] "GET /BLA/resoluciones/RESOLUCIONES%202008/1401.pdf HTTP/1.1" 200 178765
66.249.64.61 - - [30/Dec/2019:05:56:56 -0500] "GET /BLA/resoluciones/RESOLUCIONES%202017/3218.pdf HTTP/1.1" 304 -
54.36.150.9 - - [30/Dec/2019:05:57:13 -0500] "GET /BLA/resoluciones/RESOLUCIONES%202003/RES%202003%20651-700/659.tif HTTP/1.1" 200 65716
66.249.64.59 - - [30/Dec/2019:05:57:38 -0500] "GET /BLA/resoluciones/RESOLUCIONES%202007/RES%202007%202301%20AL%202400/RESOLUCION%202314%20DE%202007.pdf HTTP/1.1" 200 471447
216.244.66.195 - - [30/Dec/2019:05:57:44 -0500] "GET /BLA/resoluciones/RESOLUCIONES%202008/1444.pdf HTTP/1.1" 200 299463
66.249.64.63 - - [30/Dec/2019:05:58:21 -0500] "GET /BLA/resoluciones/RESOLUCIONES%202016/1618.pdf HTTP/1.1" 304 -
69.162.124.232 - - [30/Dec/2019:05:58:48 -0500] "HEAD / HTTP/1.1" 200 -
216.244.66.195 - - [30/Dec/2019:05:59:03 -0500] "GET /BLA/resoluciones/RESOLUCIONES%202008/1487.pdf HTTP/1.1" 200 407233
66.249.64.61 - - [30/Dec/2019:05:59:47 -0500] "GET /BLA/resoluciones/RESOLUCIONES%202007/RES%202007%203001%20AL%203100/RESOLUCION%203041%20DE%202007.pdf HTTP/1.1" 304 -
216.244.66.195 - - [30/Dec/2019:06:01:20 -0500] "GET /BLA/resoluciones/RESOLUCIONES%202008/1562.pdf HTTP/1.1" 200 266950
66.249.64.59 - - [30/Dec/2019:06:01:55 -0500] "GET /BLA/resoluciones/AUTOS%202010/6436.pdf HTTP/1.1" 200 1536224
54.36.150.91 - - [30/Dec/2019:06:02:24 -0500] "GET /BLA/resoluciones/RESOLUCIONES%202002/RES%202002%201401-1450/20021440.tif HTTP/1.1" 200 158536
66.249.64.63 - - [30/Dec/2019:06:02:38 -0500] "GET /BLA/resoluciones/RESOLUCIONES%202013/0684.pdf HTTP/1.1" 200 822705
190.27.59.147 - - [30/Dec/2019:06:03:07 -0500] "GET /galeria/galeria/fotos/Entrenube2G.jpg HTTP/1.1" 200 111422
190.27.59.147 - - [30/Dec/2019:06:03:14 -0500] "GET /galeria/galeria/fotos/Entrenube3G.jpg HTTP/1.1" 200 138221
66.249.64.59 - - [30/Dec/2019:06:03:21 -0500] "GET /BLA/resoluciones/Notificaciones/AUTOS%202015/05409.doc HTTP/1.1" 200 149166
216.244.66.195 - - [30/Dec/2019:06:03:26 -0500] "GET /BLA/resoluciones/RESOLUCIONES%202008/1794.pdf HTTP/1.1" 200 243568
190.27.59.147 - - [30/Dec/2019:06:03:35 -0500] "GET /galeria/galeria/fotos/Entrenube1G.jpg HTTP/1.1" 200 98766
69.162.124.232 - - [30/Dec/2019:06:03:48 -0500] "HEAD / HTTP/1.1" 200 -
46.229.168.134 - - [30/Dec/2019:06:03:57 -0500] "GET /robots.txt HTTP/1.1" 404 1019
46.229.168.131 - - [30/Dec/2019:06:03:58 -0500] "GET /Anexos%20estudio%20Organizacional%20SDA/index.php?dir=ANEXO%2BNo.%2B3-%2BCONTRATACI%C3%83%C2%83%C3%82%C2%93N%2B%2BOPS%C3%83%C2%82%C3%82%C2%B4s%2B2008-2012%2F&order=asc&sort=name HTTP/1.1" 200 6181
66.249.64.59 - - [30/Dec/2019:06:03:59 -0500] "GET /BLA/resoluciones/RESOLUCIONES%202010/3496.pdf HTTP/1.1" 200 512765
66.249.64.59 - - [30/Dec/2019:06:04:10 -0500] "GET /BLA/resoluciones/RESOLUCIONES%202013/0332.pdf HTTP/1.1" 304 -
66.249.64.59 - - [30/Dec/2019:06:04:47 -0500] "GET /BLA/resoluciones/AUTOS%202016/2949.pdf HTTP/1.1" 200 744995
198.143.155.138 - - [30/Dec/2019:06:05:13 -0500] "GET / HTTP/1.1" 200 9990
54.36.150.50 - - [30/Dec/2019:06:05:27 -0500] "GET /BLA/resoluciones/RESOLUCIONES%202002/RES%202002%20751-800/2002RES760.tif HTTP/1.1" 200 182472
66.249.64.59 - - [30/Dec/2019:06:05:30 -0500] "GET /BLA/resoluciones/AUTOS%202016/2842.pdf HTTP/1.1" 304 -
201.244.207.74 - - [30/Dec/2019:06:05:35 -0500] "GET /BLA/boletinlegal/js/jquery.scrollShow.js HTTP/1.1" 200 4586
201.244.207.74 - - [30/Dec/2019:06:05:35 -0500] "GET /galeria/galeria/jquery.fancybox.js?v=2.1.5 HTTP/1.1" 200 48706
201.244.207.74 - - [30/Dec/2019:06:05:35 -0500] "GET /galeria/galeria/jquery.fancybox.css?v=2.1.5 HTTP/1.1" 200 4895
201.244.207.74 - - [30/Dec/2019:06:05:35 -0500] "GET /galeria/carrusel/Carrusel/jquery.thumbnailScroller.css HTTP/1.1" 200 2066
201.244.207.74 - - [30/Dec/2019:06:05:35 -0500] "GET /galeria/carrusel/Carrusel/jquery-ui-1.8.13.custom.min.js HTTP/1.1" 200 10800
201.244.207.74 - - [30/Dec/2019:06:05:35 -0500] "GET /galeria/carrusel/Carrusel/jquery.thumbnailScroller.js HTTP/1.1" 200 8157
201.244.207.74 - - [30/Dec/2019:06:05:41 -0500] "GET /galeria/nivo-slider/demo/inicio.html HTTP/1.1" 200 4435
201.244.207.74 - - [30/Dec/2019:06:05:41 -0500] "GET /galeria/nivo-slider/themes/default/default.css HTTP/1.1" 200 1569
201.244.207.74 - - [30/Dec/2019:06:05:41 -0500] "GET /galeria/nivo-slider/themes/pascal/pascal.css HTTP/1.1" 200 2258
201.244.207.74 - - [30/Dec/2019:06:05:41 -0500] "GET /galeria/nivo-slider/themes/orman/orman.css HTTP/1.1" 200 2152
201.244.207.74 - - [30/Dec/2019:06:05:41 -0500] "GET /galeria/nivo-slider/nivo-slider.css HTTP/1.1" 200 1507
201.244.207.74 - - [30/Dec/2019:06:05:41 -0500] "GET /galeria/nivo-slider/demo/style.css HTTP/1.1" 200 2222
201.244.207.74 - - [30/Dec/2019:06:05:41 -0500] "GET /galeria/nivo-slider/demo/scripts/jquery-1.7.1.min.js HTTP/1.1" 200 93868
201.244.207.74 - - [30/Dec/2019:06:05:41 -0500] "GET /galeria/nivo-slider/jquery.nivo.slider.pack.js HTTP/1.1" 200 11561
201.244.207.74 - - [30/Dec/2019:06:05:41 -0500] "GET /galeria/nivo-slider/demo/images/Bannercalculadora.jpg HTTP/1.1" 200 313099
201.244.207.74 - - [30/Dec/2019:06:05:41 -0500] "GET /galeria/nivo-slider/demo/images/bannerwebmusgo.jpg HTTP/1.1" 200 367364
201.244.207.74 - - [30/Dec/2019:06:05:41 -0500] "GET /galeria/nivo-slider/demo/images/4Simple_Slider.png HTTP/1.1" 200 11722
201.244.207.74 - - [30/Dec/2019:06:05:41 -0500] "GET /galeria/nivo-slider/themes/default/loading.gif HTTP/1.1" 200 1737
201.244.207.74 - - [30/Dec/2019:06:05:42 -0500] "GET /galeria/nivo-slider/demo/images/banneragendamiento.jpg HTTP/1.1" 200 116897
201.244.207.74 - - [30/Dec/2019:06:05:42 -0500] "GET /galeria/nivo-slider/demo/images/bannerjardines.jpg HTTP/1.1" 200 417948
201.244.207.74 - - [30/Dec/2019:06:05:42 -0500] "GET /galeria/nivo-slider/demo/images/banneriniciativa.jpg HTTP/1.1" 200 200385
201.244.207.74 - - [30/Dec/2019:06:05:42 -0500] "GET /galeria/nivo-slider/demo/images/diciembrecaminatas.png HTTP/1.1" 200 510724
216.244.66.195 - - [30/Dec/2019:06:05:43 -0500] "GET /BLA/resoluciones/RESOLUCIONES%202008/1917.pdf HTTP/1.1" 200 261626
201.244.207.74 - - [30/Dec/2019:06:05:43 -0500] "GET /galeria/nivo-slider/demo/images/Banner%20tinguas.jpg HTTP/1.1" 200 214878
201.244.207.74 - - [30/Dec/2019:06:05:43 -0500] "GET /galeria/nivo-slider/demo/images/Bannerserpiente2019.jpg HTTP/1.1" 200 270374
201.244.207.74 - - [30/Dec/2019:06:05:43 -0500] "GET /galeria/nivo-slider/demo/images/puntos%20atencion%20BANNER.jpg HTTP/1.1" 200 244208
201.244.207.74 - - [30/Dec/2019:06:05:43 -0500] "GET /galeria/nivo-slider/demo/images/Banner%20Visor%20Geografico%20Ambiental.jpg HTTP/1.1" 200 204673
201.244.207.74 - - [30/Dec/2019:06:05:43 -0500] "GET /galeria/nivo-slider/demo/images/Banner%20consumo%20sostenible%20final.jpg HTTP/1.1" 200 364746
201.244.207.74 - - [30/Dec/2019:06:05:44 -0500] "GET /galeria/nivo-slider/demo/images/Banner%20RCD.jpg HTTP/1.1" 200 92197
201.244.207.74 - - [30/Dec/2019:06:05:44 -0500] "GET /galeria/nivo-slider/demo/images/Banner%20Conpes.jpg HTTP/1.1" 200 55220
201.244.207.74 - - [30/Dec/2019:06:05:44 -0500] "GET /galeria/nivo-slider/demo/images/Banner%20practicas%20sostenibles.jpg HTTP/1.1" 200 142958
201.244.207.74 - - [30/Dec/2019:06:05:44 -0500] "GET /galeria/nivo-slider/demo/images/Banner%20POT.png HTTP/1.1" 200 418238
201.244.207.74 - - [30/Dec/2019:06:05:44 -0500] "GET /galeria/nivo-slider/demo/images/Banneranonimos.png HTTP/1.1" 200 109388
201.244.207.74 - - [30/Dec/2019:06:05:45 -0500] "GET /galeria/nivo-slider/themes/default/arrows.png HTTP/1.1" 200 824
201.244.207.74 - - [30/Dec/2019:06:05:45 -0500] "GET /galeria/nivo-slider/themes/default/bullets.png HTTP/1.1" 200 1281
66.249.64.61 - - [30/Dec/2019:06:06:55 -0500] "GET /BLA/resoluciones/AUTOS%202013/0378.pdf HTTP/1.1" 200 137206
200.29.113.36 - - [30/Dec/2019:06:06:57 -0500] "GET /galeria/galeria/jquery.fancybox.js?v=2.1.5 HTTP/1.1" 200 48706
200.29.113.36 - - [30/Dec/2019:06:06:57 -0500] "GET /BLA/boletinlegal/js/jquery.scrollShow.js HTTP/1.1" 200 4586
200.29.113.36 - - [30/Dec/2019:06:06:57 -0500] "GET /galeria/galeria/jquery.fancybox.css?v=2.1.5 HTTP/1.1" 200 4895
200.29.113.36 - - [30/Dec/2019:06:07:08 -0500] "GET /galeria/galeria/jquery.fancybox.js?v=2.1.5 HTTP/1.1" 304 -
200.29.113.36 - - [30/Dec/2019:06:07:08 -0500] "GET /galeria/galeria/jquery.fancybox.css?v=2.1.5 HTTP/1.1" 304 -
200.29.113.36 - - [30/Dec/2019:06:07:08 -0500] "GET /BLA/boletinlegal/js/jquery.scrollShow.js HTTP/1.1" 304 -
66.249.64.61 - - [30/Dec/2019:06:07:38 -0500] "GET /BLA/resoluciones/RESOLUCIONES%202011/0577.pdf HTTP/1.1" 200 76607
216.244.66.195 - - [30/Dec/2019:06:08:03 -0500] "GET /BLA/resoluciones/RESOLUCIONES%202008/1990.pdf HTTP/1.1" 200 273764
201.244.207.74 - - [30/Dec/2019:06:08:07 -0500] "GET /BLA/boletinlegal/js/jquery.scrollShow.js HTTP/1.1" 200 4586
201.244.207.74 - - [30/Dec/2019:06:08:07 -0500] "GET /galeria/galeria/jquery.fancybox.css?v=2.1.5 HTTP/1.1" 200 4895
201.244.207.74 - - [30/Dec/2019:06:08:07 -0500] "GET /galeria/galeria/jquery.fancybox.js?v=2.1.5 HTTP/1.1" 200 48706
201.244.207.74 - - [30/Dec/2019:06:08:07 -0500] "GET /galeria/carrusel/Carrusel/jquery-ui-1.8.13.custom.min.js HTTP/1.1" 200 10800
201.244.207.74 - - [30/Dec/2019:06:08:07 -0500] "GET /galeria/carrusel/Carrusel/jquery.thumbnailScroller.css HTTP/1.1" 200 2066
201.244.207.74 - - [30/Dec/2019:06:08:08 -0500] "GET /galeria/carrusel/Carrusel/jquery.thumbnailScroller.js HTTP/1.1" 200 8157
201.244.207.74 - - [30/Dec/2019:06:08:10 -0500] "GET /galeria/nivo-slider/demo/inicio.html HTTP/1.1" 200 4435
201.244.207.74 - - [30/Dec/2019:06:08:10 -0500] "GET /galeria/nivo-slider/themes/default/default.css HTTP/1.1" 200 1569
201.244.207.74 - - [30/Dec/2019:06:08:10 -0500] "GET /galeria/nivo-slider/themes/pascal/pascal.css HTTP/1.1" 200 2258
201.244.207.74 - - [30/Dec/2019:06:08:10 -0500] "GET /galeria/nivo-slider/themes/orman/orman.css HTTP/1.1" 200 2152
201.244.207.74 - - [30/Dec/2019:06:08:10 -0500] "GET /galeria/nivo-slider/nivo-slider.css HTTP/1.1" 200 1507
201.244.207.74 - - [30/Dec/2019:06:08:11 -0500] "GET /galeria/nivo-slider/demo/style.css HTTP/1.1" 200 2222
201.244.207.74 - - [30/Dec/2019:06:08:11 -0500] "GET /galeria/nivo-slider/demo/images/Bannercalculadora.jpg HTTP/1.1" 200 313099
201.244.207.74 - - [30/Dec/2019:06:08:11 -0500] "GET /galeria/nivo-slider/demo/images/bannerwebmusgo.jpg HTTP/1.1" 200 367364
201.244.207.74 - - [30/Dec/2019:06:08:11 -0500] "GET /galeria/nivo-slider/demo/images/banneragendamiento.jpg HTTP/1.1" 200 116897
201.244.207.74 - - [30/Dec/2019:06:08:11 -0500] "GET /galeria/nivo-slider/demo/images/bannerjardines.jpg HTTP/1.1" 200 417948
201.244.207.74 - - [30/Dec/2019:06:08:11 -0500] "GET /galeria/nivo-slider/demo/images/banneriniciativa.jpg HTTP/1.1" 200 200385
201.244.207.74 - - [30/Dec/2019:06:08:11 -0500] "GET /galeria/nivo-slider/demo/images/diciembrecaminatas.png HTTP/1.1" 200 510724
201.244.207.74 - - [30/Dec/2019:06:08:11 -0500] "GET /galeria/nivo-slider/demo/scripts/jquery-1.7.1.min.js HTTP/1.1" 200 93868
201.244.207.74 - - [30/Dec/2019:06:08:12 -0500] "GET /galeria/nivo-slider/jquery.nivo.slider.pack.js HTTP/1.1" 200 11561
201.244.207.74 - - [30/Dec/2019:06:08:12 -0500] "GET /galeria/nivo-slider/demo/images/Banner%20tinguas.jpg HTTP/1.1" 200 214878
201.244.207.74 - - [30/Dec/2019:06:08:12 -0500] "GET /galeria/nivo-slider/demo/images/Bannerserpiente2019.jpg HTTP/1.1" 200 270374
201.244.207.74 - - [30/Dec/2019:06:08:12 -0500] "GET /galeria/nivo-slider/demo/images/puntos%20atencion%20BANNER.jpg HTTP/1.1" 200 244208
201.244.207.74 - - [30/Dec/2019:06:08:12 -0500] "GET /galeria/nivo-slider/demo/images/Banner%20Visor%20Geografico%20Ambiental.jpg HTTP/1.1" 200 204673
201.244.207.74 - - [30/Dec/2019:06:08:13 -0500] "GET /galeria/nivo-slider/demo/images/4Simple_Slider.png HTTP/1.1" 200 11722
201.244.207.74 - - [30/Dec/2019:06:08:13 -0500] "GET /galeria/nivo-slider/themes/default/loading.gif HTTP/1.1" 200 1737
201.244.207.74 - - [30/Dec/2019:06:08:13 -0500] "GET /galeria/nivo-slider/demo/images/Banner%20consumo%20sostenible%20final.jpg HTTP/1.1" 200 364746
201.244.207.74 - - [30/Dec/2019:06:08:13 -0500] "GET /galeria/nivo-slider/demo/images/Banner%20RCD.jpg HTTP/1.1" 200 92197
201.244.207.74 - - [30/Dec/2019:06:08:13 -0500] "GET /galeria/nivo-slider/demo/images/Banner%20Conpes.jpg HTTP/1.1" 200 55220
201.244.207.74 - - [30/Dec/2019:06:08:13 -0500] "GET /galeria/nivo-slider/demo/images/Banner%20practicas%20sostenibles.jpg HTTP/1.1" 200 142958
201.244.207.74 - - [30/Dec/2019:06:08:13 -0500] "GET /galeria/nivo-slider/demo/images/Banner%20POT.png HTTP/1.1" 200 418238
201.244.207.74 - - [30/Dec/2019:06:08:13 -0500] "GET /galeria/nivo-slider/demo/images/Banneranonimos.png HTTP/1.1" 200 109388
201.244.207.74 - - [30/Dec/2019:06:08:16 -0500] "GET /galeria/nivo-slider/themes/default/arrows.png HTTP/1.1" 200 824
201.244.207.74 - - [30/Dec/2019:06:08:16 -0500] "GET /galeria/nivo-slider/themes/default/bullets.png HTTP/1.1" 200 1281
66.249.64.59 - - [30/Dec/2019:06:08:21 -0500] "GET /BLA/resoluciones/AUTOS%202014/2775.pdf HTTP/1.1" 200 438177
69.162.124.232 - - [30/Dec/2019:06:08:48 -0500] "HEAD / HTTP/1.1" 200 -
35.184.96.243 - - [30/Dec/2019:06:09:01 -0500] "GET /robots.txt HTTP/1.1" 404 1018
66.249.64.59 - - [30/Dec/2019:06:09:04 -0500] "GET /BLA/resoluciones/AUTOS%202017/0389.pdf HTTP/1.1" 200 450202
54.36.148.94 - - [30/Dec/2019:06:09:26 -0500] "GET /robots.txt HTTP/1.1" 404 1049
54.36.150.48 - - [30/Dec/2019:06:09:27 -0500] "GET / HTTP/1.1" 200 9990
83.97.20.46 - - [30/Dec/2019:06:09:36 -0500] "GET / HTTP/1.0" 200 9990
66.249.64.59 - - [30/Dec/2019:06:09:46 -0500] "GET /BLA/resoluciones/RESOLUCIONES%202017/1131.pdf HTTP/1.1" 200 332397
54.91.227.198 - - [30/Dec/2019:06:10:07 -0500] "GET /silvicultura/1.pdf HTTP/1.1" 200 334952
216.244.66.195 - - [30/Dec/2019:06:10:18 -0500] "GET /BLA/resoluciones/RESOLUCIONES%202009/0081.pdf HTTP/1.1" 200 403426
66.249.64.61 - - [30/Dec/2019:06:10:29 -0500] "GET /BLA/resoluciones/RESOLUCIONES%202014/1412.pdf HTTP/1.1" 200 842304
216.244.66.195 - - [30/Dec/2019:06:11:08 -0500] "GET /BLA/resoluciones/RESOLUCIONES%202009/0086.pdf HTTP/1.1" 200 320754
66.249.64.59 - - [30/Dec/2019:06:11:55 -0500] "GET /BLA/resoluciones/AUTOS%202014/2724.pdf HTTP/1.1" 200 569293
66.249.64.63 - - [30/Dec/2019:06:12:13 -0500] "GET /BLA/resoluciones/RESOLUCIONES%202009/2767.pdf HTTP/1.1" 200 408439
66.249.64.61 - - [30/Dec/2019:06:12:38 -0500] "GET /BLA/resoluciones/RESOLUCIONES%202015/2522.pdf HTTP/1.1" 200 484137
201.244.207.74 - - [30/Dec/2019:06:12:51 -0500] "GET /BLA/boletinlegal/js/jquery.scrollShow.js HTTP/1.1" 200 4586
201.244.207.74 - - [30/Dec/2019:06:12:51 -0500] "GET /galeria/galeria/jquery.fancybox.js?v=2.1.5 HTTP/1.1" 200 48706
201.244.207.74 - - [30/Dec/2019:06:12:51 -0500] "GET /galeria/galeria/jquery.fancybox.css?v=2.1.5 HTTP/1.1" 200 4895
201.244.207.74 - - [30/Dec/2019:06:12:55 -0500] "GET /BLA/boletinlegal/js/jquery.scrollShow.js HTTP/1.1" 200 4586
201.244.207.74 - - [30/Dec/2019:06:12:56 -0500] "GET /galeria/galeria/jquery.fancybox.js?v=2.1.5 HTTP/1.1" 200 48706
201.244.207.74 - - [30/Dec/2019:06:12:56 -0500] "GET /galeria/galeria/jquery.fancybox.css?v=2.1.5 HTTP/1.1" 200 4895
66.249.64.61 - - [30/Dec/2019:06:13:21 -0500] "GET /BLA/resoluciones/RESOLUCIONES%202007/RES%202007%204301%20AL%204352/RESOLUCION%204304%20DE%202007.pdf HTTP/1.1" 200 778947
216.244.66.195 - - [30/Dec/2019:06:13:26 -0500] "GET /BLA/resoluciones/RESOLUCIONES%202009/0213.pdf HTTP/1.1" 200 140892
66.249.88.23 - - [30/Dec/2019:06:13:32 -0500] "GET /galeria/galeria/jquery.fancybox.css?v=2.1.5 HTTP/1.1" 200 4895
66.249.88.25 - - [30/Dec/2019:06:13:32 -0500] "GET /galeria/galeria/jquery.fancybox.js?v=2.1.5 HTTP/1.1" 200 48706
66.249.88.23 - - [30/Dec/2019:06:13:32 -0500] "GET /BLA/boletinlegal/js/jquery.scrollShow.js HTTP/1.1" 200 4586
69.162.124.232 - - [30/Dec/2019:06:13:48 -0500] "HEAD / HTTP/1.1" 200 -
66.249.64.59 - - [30/Dec/2019:06:14:03 -0500] "GET /BLA/resoluciones/RESOLUCIONES%202007/RES%202007%20501%20AL%20600/RESOLUCION%200539%20DE%202007.pdf HTTP/1.1" 200 440884
201.244.207.74 - - [30/Dec/2019:06:14:33 -0500] "GET /galeria/nivo-slider/demo/inicio.html HTTP/1.1" 200 4435
201.244.207.74 - - [30/Dec/2019:06:14:34 -0500] "GET /galeria/nivo-slider/demo/images/Bannercalculadora.jpg HTTP/1.1" 200 313099
201.244.207.74 - - [30/Dec/2019:06:14:34 -0500] "GET /galeria/nivo-slider/demo/images/bannerwebmusgo.jpg HTTP/1.1" 200 367364
201.244.207.74 - - [30/Dec/2019:06:14:34 -0500] "GET /galeria/nivo-slider/demo/images/bannerjardines.jpg HTTP/1.1" 200 417948
201.244.207.74 - - [30/Dec/2019:06:14:34 -0500] "GET /galeria/nivo-slider/demo/images/diciembrecaminatas.png HTTP/1.1" 200 510724
201.244.207.74 - - [30/Dec/2019:06:14:34 -0500] "GET /galeria/nivo-slider/demo/images/banneriniciativa.jpg HTTP/1.1" 200 200385
201.244.207.74 - - [30/Dec/2019:06:14:34 -0500] "GET /galeria/nivo-slider/demo/images/banneragendamiento.jpg HTTP/1.1" 304 -
201.244.207.74 - - [30/Dec/2019:06:14:35 -0500] "GET /galeria/nivo-slider/demo/images/Banner%20tinguas.jpg HTTP/1.1" 304 -
201.244.207.74 - - [30/Dec/2019:06:14:35 -0500] "GET /galeria/nivo-slider/demo/images/Bannerserpiente2019.jpg HTTP/1.1" 304 -
201.244.207.74 - - [30/Dec/2019:06:14:35 -0500] "GET /galeria/nivo-slider/demo/images/puntos%20atencion%20BANNER.jpg HTTP/1.1" 304 -
201.244.207.74 - - [30/Dec/2019:06:14:35 -0500] "GET /galeria/nivo-slider/demo/images/Banner%20Visor%20Geografico%20Ambiental.jpg HTTP/1.1" 304 -
201.244.207.74 - - [30/Dec/2019:06:14:35 -0500] "GET /galeria/nivo-slider/demo/images/Banner%20consumo%20sostenible%20final.jpg HTTP/1.1" 304 -
201.244.207.74 - - [30/Dec/2019:06:14:36 -0500] "GET /galeria/nivo-slider/demo/images/Banner%20RCD.jpg HTTP/1.1" 304 -
201.244.207.74 - - [30/Dec/2019:06:14:36 -0500] "GET /galeria/nivo-slider/demo/images/Banner%20Conpes.jpg HTTP/1.1" 304 -
201.244.207.74 - - [30/Dec/2019:06:14:36 -0500] "GET /galeria/nivo-slider/demo/images/Banner%20practicas%20sostenibles.jpg HTTP/1.1" 304 -
201.244.207.74 - - [30/Dec/2019:06:14:36 -0500] "GET /galeria/nivo-slider/demo/images/Banner%20POT.png HTTP/1.1" 304 -
201.244.207.74 - - [30/Dec/2019:06:14:36 -0500] "GET /galeria/nivo-slider/demo/images/Banneranonimos.png HTTP/1.1" 304 -
66.249.64.59 - - [30/Dec/2019:06:14:46 -0500] "GET /BLA/resoluciones/RESOLUCIONES%202008/4675.pdf HTTP/1.1" 200 623516
216.244.66.195 - - [30/Dec/2019:06:15:20 -0500] "GET /BLA/resoluciones/RESOLUCIONES%202009/0274.pdf HTTP/1.1" 200 56094
46.229.168.129 - - [30/Dec/2019:06:15:26 -0500] "GET /Autoliquidacion/index.php?dir=Solicitud%2Bde%2Bexpedici%C3%83%C2%83%C3%82%C2%B3n%2Bde%2Bcertificados%2Bde%2Bestado%2Bde%2Bconservaci%C3%83%C2%83%C3%82%C2%B3n%2Bambiental%2B%28CECA%29%2F&order=asc&sort=name HTTP/1.1" 200 6820
216.244.66.195 - - [30/Dec/2019:06:16:19 -0500] "GET /BLA/resoluciones/RESOLUCIONES%202009/0311.pdf HTTP/1.1" 200 231680
66.249.64.59 - - [30/Dec/2019:06:16:55 -0500] "GET /BLA/resoluciones/RESOLUCIONES%202009/0988.pdf HTTP/1.1" 200 63683
201.245.192.253 - - [30/Dec/2019:06:16:25 -0500] "POST /kwsrmcab/Wsrmcab HTTP/1.1" 200 32438
201.245.192.253 - - [30/Dec/2019:06:16:25 -0500] "POST /kwsrmcab/Wsrmcab HTTP/1.1" 200 32571
201.245.192.253 - - [30/Dec/2019:06:16:58 -0500] "POST /kwsrmcab/Wsrmcab HTTP/1.1" 200 32571
66.249.64.61 - - [30/Dec/2019:06:18:20 -0500] "GET /BLA/resoluciones/AUTOS%202018/0113.pdf HTTP/1.1" 200 319674
216.244.66.195 - - [30/Dec/2019:06:18:31 -0500] "GET /BLA/resoluciones/RESOLUCIONES%202009/0352.pdf HTTP/1.1" 200 364844
69.162.124.232 - - [30/Dec/2019:06:18:48 -0500] "HEAD / HTTP/1.1" 200 -
54.36.150.132 - - [30/Dec/2019:06:19:02 -0500] "GET /BLA/resoluciones/RESOLUCIONES%202005/RES%202005%203051-3100/00003052.tif HTTP/1.1" 200 147082
216.244.66.195 - - [30/Dec/2019:06:19:10 -0500] "GET /BLA/resoluciones/RESOLUCIONES%202009/0499.pdf HTTP/1.1" 200 201846
159.138.151.83 - - [30/Dec/2019:06:19:59 -0500] "GET /galeria/galeria/fotos/reciclatonG.jpg HTTP/1.1" 200 161021
216.244.66.195 - - [30/Dec/2019:06:20:12 -0500] "GET /BLA/resoluciones/RESOLUCIONES%202009/0521.pdf HTTP/1.1" 200 586265
66.249.64.59 - - [30/Dec/2019:06:20:27 -0500] "GET /BLA/resoluciones/RESOLUCIONES%202010/6817.pdf HTTP/1.1" 200 1645218
66.249.64.61 - - [30/Dec/2019:06:20:30 -0500] "GET /BLA/resoluciones/AUTOS%202014/5588.pdf HTTP/1.1" 200 505950
66.249.64.61 - - [30/Dec/2019:06:21:54 -0500] "GET /BLA/resoluciones/Notificaciones/AUTOS%202017/05019.pdf HTTP/1.1" 304 -
66.249.64.63 - - [30/Dec/2019:06:22:37 -0500] "GET /BLA/resoluciones/AUTOS%202013/2166.pdf HTTP/1.1" 304 -
66.249.88.19 - - [30/Dec/2019:06:23:05 -0500] "GET /galeria/galeria/jquery.fancybox.css?v=2.1.5 HTTP/1.1" 200 4895
66.249.88.25 - - [30/Dec/2019:06:23:05 -0500] "GET /galeria/galeria/jquery.fancybox.js?v=2.1.5 HTTP/1.1" 200 48706
66.249.88.19 - - [30/Dec/2019:06:23:05 -0500] "GET /BLA/boletinlegal/js/jquery.scrollShow.js HTTP/1.1" 200 4586
69.162.124.232 - - [30/Dec/2019:06:23:48 -0500] "HEAD / HTTP/1.1" 200 -
66.249.64.59 - - [30/Dec/2019:06:24:49 -0500] "GET /BLA/resoluciones/AUTOS%202018/0575.pdf HTTP/1.1" 304 -
66.249.64.59 - - [30/Dec/2019:06:26:11 -0500] "GET /BLA/resoluciones/RESOLUCIONES%202010/7465.pdf HTTP/1.1" 304 -
54.36.148.252 - - [30/Dec/2019:06:26:44 -0500] "GET /BLA/resoluciones/RESOLUCIONES%202006/RES%202006%20901-950/00000918.tif HTTP/1.1" 200 346336
66.249.64.59 - - [30/Dec/2019:06:26:54 -0500] "GET /BLA/resoluciones/AUTOS%202016/0206.pdf HTTP/1.1" 304 -
201.245.192.253 - - [30/Dec/2019:06:26:25 -0500] "POST /kwsrmcab/Wsrmcab HTTP/1.1" 200 32438
66.249.64.61 - - [30/Dec/2019:06:27:37 -0500] "GET /BLA/resoluciones/RESOLUCIONES%202007/RES%202007%20101%20AL%20200/RESOLUCION%200177%20DE%202007.pdf HTTP/1.1" 304 -
66.249.88.25 - - [30/Dec/2019:06:28:08 -0500] "GET /BLA/resoluciones/AUTOS%202017/0297.pdf HTTP/1.1" 200 621451
66.249.88.23 - - [30/Dec/2019:06:28:14 -0500] "GET /galeria/galeria/jquery.fancybox.css?v=2.1.5 HTTP/1.1" 200 4895
66.249.88.25 - - [30/Dec/2019:06:28:14 -0500] "GET /BLA/boletinlegal/js/jquery.scrollShow.js HTTP/1.1" 200 4586
66.249.88.25 - - [30/Dec/2019:06:28:14 -0500] "GET /galeria/galeria/jquery.fancybox.js?v=2.1.5 HTTP/1.1" 200 48706
69.162.124.232 - - [30/Dec/2019:06:28:48 -0500] "HEAD / HTTP/1.1" 200 -
181.128.64.52 - - [30/Dec/2019:06:29:58 -0500] "GET /galeria/galeria/jquery.fancybox.css?v=2.1.5 HTTP/1.1" 200 4895
181.128.64.52 - - [30/Dec/2019:06:29:58 -0500] "GET /BLA/boletinlegal/js/jquery.scrollShow.js HTTP/1.1" 200 4586
181.128.64.52 - - [30/Dec/2019:06:29:58 -0500] "GET /galeria/galeria/jquery.fancybox.js?v=2.1.5 HTTP/1.1" 200 48706
66.249.64.61 - - [30/Dec/2019:06:30:28 -0500] "GET /BLA/resoluciones/AUTOS%202019/0764.PDF HTTP/1.1" 200 6073198
54.36.149.92 - - [30/Dec/2019:06:32:11 -0500] "GET /BLA/resoluciones/RESOLUCIONES%202006/RES%202006%201051-1100/00001058.tif HTTP/1.1" 200 175782
66.102.8.191 - - [30/Dec/2019:06:32:12 -0500] "GET /galeria/carrusel/Carrusel/jquery.thumbnailScroller.css HTTP/1.1" 200 2066
66.102.8.187 - - [30/Dec/2019:06:32:12 -0500] "GET /galeria/carrusel/Carrusel/jquery-ui-1.8.13.custom.min.js HTTP/1.1" 200 10800
66.102.8.187 - - [30/Dec/2019:06:32:12 -0500] "GET /galeria/carrusel/Carrusel/jquery.thumbnailScroller.js HTTP/1.1" 200 8157
66.102.8.191 - - [30/Dec/2019:06:32:12 -0500] "GET /galeria/nivo-slider/demo/inicio.html HTTP/1.1" 200 4435
66.102.8.191 - - [30/Dec/2019:06:32:12 -0500] "GET /galeria/nivo-slider/nivo-slider.css HTTP/1.1" 200 1507
66.102.8.187 - - [30/Dec/2019:06:32:12 -0500] "GET /galeria/nivo-slider/demo/images/banneragendamiento.jpg HTTP/1.1" 200 116897
66.102.8.187 - - [30/Dec/2019:06:32:12 -0500] "GET /galeria/nivo-slider/demo/images/bannerwebmusgo.jpg HTTP/1.1" 200 367364
66.102.8.189 - - [30/Dec/2019:06:32:12 -0500] "GET /galeria/nivo-slider/themes/pascal/pascal.css HTTP/1.1" 200 2258
66.102.8.189 - - [30/Dec/2019:06:32:12 -0500] "GET /galeria/nivo-slider/themes/default/default.css HTTP/1.1" 200 1569
66.102.8.189 - - [30/Dec/2019:06:32:12 -0500] "GET /galeria/nivo-slider/themes/orman/orman.css HTTP/1.1" 200 2152
66.102.8.189 - - [30/Dec/2019:06:32:12 -0500] "GET /galeria/nivo-slider/demo/style.css HTTP/1.1" 200 2222
66.102.8.191 - - [30/Dec/2019:06:32:12 -0500] "GET /galeria/nivo-slider/demo/images/Banner%20practicas%20sostenibles.jpg HTTP/1.1" 200 142958
66.102.8.187 - - [30/Dec/2019:06:32:12 -0500] "GET /galeria/nivo-slider/demo/images/Banner%20consumo%20sostenible%20final.jpg HTTP/1.1" 200 364746
66.102.8.187 - - [30/Dec/2019:06:32:12 -0500] "GET /galeria/nivo-slider/demo/images/Banneranonimos.png HTTP/1.1" 200 109388
66.102.8.189 - - [30/Dec/2019:06:32:12 -0500] "GET /galeria/nivo-slider/demo/images/Bannercalculadora.jpg HTTP/1.1" 200 313099
66.102.8.191 - - [30/Dec/2019:06:32:12 -0500] "GET /galeria/nivo-slider/demo/images/puntos%20atencion%20BANNER.jpg HTTP/1.1" 200 244208
66.102.8.189 - - [30/Dec/2019:06:32:12 -0500] "GET /galeria/nivo-slider/demo/images/Banner%20RCD.jpg HTTP/1.1" 200 92197
66.102.8.191 - - [30/Dec/2019:06:32:12 -0500] "GET /galeria/nivo-slider/jquery.nivo.slider.pack.js HTTP/1.1" 200 11561
66.102.8.187 - - [30/Dec/2019:06:32:12 -0500] "GET /galeria/nivo-slider/demo/images/Banner%20Conpes.jpg HTTP/1.1" 200 55220
66.102.8.191 - - [30/Dec/2019:06:32:12 -0500] "GET /galeria/nivo-slider/demo/images/Bannerserpiente2019.jpg HTTP/1.1" 200 270374
66.102.8.187 - - [30/Dec/2019:06:32:12 -0500] "GET /galeria/nivo-slider/demo/scripts/jquery-1.7.1.min.js HTTP/1.1" 200 93868
66.102.8.191 - - [30/Dec/2019:06:32:12 -0500] "GET /galeria/nivo-slider/demo/images/Banner%20tinguas.jpg HTTP/1.1" 200 214878
66.102.8.189 - - [30/Dec/2019:06:32:12 -0500] "GET /galeria/nivo-slider/demo/images/bannerjardines.jpg HTTP/1.1" 200 417948
66.102.8.191 - - [30/Dec/2019:06:32:12 -0500] "GET /galeria/nivo-slider/demo/images/banneriniciativa.jpg HTTP/1.1" 200 200385
66.102.8.187 - - [30/Dec/2019:06:32:12 -0500] "GET /galeria/nivo-slider/demo/images/Banner%20Visor%20Geografico%20Ambiental.jpg HTTP/1.1" 200 204673
66.102.8.189 - - [30/Dec/2019:06:32:12 -0500] "GET /galeria/nivo-slider/demo/images/diciembrecaminatas.png HTTP/1.1" 200 510724
66.102.8.189 - - [30/Dec/2019:06:32:12 -0500] "GET /galeria/nivo-slider/demo/images/Banner%20POT.png HTTP/1.1" 200 418238
66.102.8.189 - - [30/Dec/2019:06:32:13 -0500] "GET /galeria/nivo-slider/demo/images/4Simple_Slider.png HTTP/1.1" 200 11722
66.102.8.191 - - [30/Dec/2019:06:32:13 -0500] "GET /galeria/nivo-slider/themes/default/loading.gif HTTP/1.1" 200 1737
66.249.64.61 - - [30/Dec/2019:06:32:37 -0500] "GET /BLA/resoluciones/RESOLUCIONES%202013/0461.pdf HTTP/1.1" 200 1401621
190.130.66.38 - - [30/Dec/2019:06:33:08 -0500] "GET /galeria/galeria/jquery.fancybox.css?v=2.1.5 HTTP/1.1" 200 4895
190.130.66.38 - - [30/Dec/2019:06:33:08 -0500] "GET /BLA/boletinlegal/js/jquery.scrollShow.js HTTP/1.1" 200 4586
190.130.66.38 - - [30/Dec/2019:06:33:08 -0500] "GET /galeria/galeria/jquery.fancybox.js?v=2.1.5 HTTP/1.1" 200 48706
191.95.57.13 - - [30/Dec/2019:06:33:19 -0500] "GET /galeria/galeria/jquery.fancybox.css?v=2.1.5 HTTP/1.1" 200 4895
191.95.57.13 - - [30/Dec/2019:06:33:19 -0500] "GET /galeria/carrusel/Carrusel/jquery.thumbnailScroller.css HTTP/1.1" 200 2066
191.95.57.13 - - [30/Dec/2019:06:33:19 -0500] "GET /BLA/boletinlegal/js/jquery.scrollShow.js HTTP/1.1" 200 4586
191.95.57.13 - - [30/Dec/2019:06:33:19 -0500] "GET /galeria/galeria/jquery.fancybox.js?v=2.1.5 HTTP/1.1" 200 48706
191.95.57.13 - - [30/Dec/2019:06:33:19 -0500] "GET /galeria/carrusel/Carrusel/jquery-ui-1.8.13.custom.min.js HTTP/1.1" 200 10800
191.95.57.13 - - [30/Dec/2019:06:33:19 -0500] "GET /galeria/carrusel/Carrusel/jquery.thumbnailScroller.js HTTP/1.1" 200 8157
191.95.57.13 - - [30/Dec/2019:06:33:20 -0500] "GET /galeria/nivo-slider/demo/inicio.html HTTP/1.1" 200 4435
66.249.64.59 - - [30/Dec/2019:06:33:20 -0500] "GET /BLA/resoluciones/RESOLUCIONES%202008/3934.pdf HTTP/1.1" 200 554619
191.95.57.13 - - [30/Dec/2019:06:33:20 -0500] "GET /galeria/nivo-slider/nivo-slider.css HTTP/1.1" 200 1507
191.95.57.13 - - [30/Dec/2019:06:33:20 -0500] "GET /galeria/nivo-slider/themes/pascal/pascal.css HTTP/1.1" 200 2258
191.95.57.13 - - [30/Dec/2019:06:33:20 -0500] "GET /galeria/nivo-slider/themes/orman/orman.css HTTP/1.1" 200 2152
191.95.57.13 - - [30/Dec/2019:06:33:20 -0500] "GET /galeria/nivo-slider/themes/default/default.css HTTP/1.1" 200 1569
191.95.57.13 - - [30/Dec/2019:06:33:20 -0500] "GET /galeria/nivo-slider/demo/style.css HTTP/1.1" 200 2222
191.95.57.13 - - [30/Dec/2019:06:33:20 -0500] "GET /galeria/nivo-slider/demo/scripts/jquery-1.7.1.min.js HTTP/1.1" 200 93868
191.95.57.13 - - [30/Dec/2019:06:33:20 -0500] "GET /galeria/nivo-slider/demo/images/Bannercalculadora.jpg HTTP/1.1" 200 313099
191.95.57.13 - - [30/Dec/2019:06:33:20 -0500] "GET /galeria/nivo-slider/jquery.nivo.slider.pack.js HTTP/1.1" 200 11561
191.95.57.13 - - [30/Dec/2019:06:33:20 -0500] "GET /galeria/nivo-slider/demo/images/bannerwebmusgo.jpg HTTP/1.1" 200 367364
191.95.57.13 - - [30/Dec/2019:06:33:20 -0500] "GET /galeria/nivo-slider/demo/images/banneragendamiento.jpg HTTP/1.1" 200 116897
191.95.57.13 - - [30/Dec/2019:06:33:20 -0500] "GET /galeria/nivo-slider/demo/images/bannerjardines.jpg HTTP/1.1" 200 417948
191.95.57.13 - - [30/Dec/2019:06:33:21 -0500] "GET /galeria/nivo-slider/demo/images/4Simple_Slider.png HTTP/1.1" 200 11722
191.95.57.13 - - [30/Dec/2019:06:33:21 -0500] "GET /galeria/nivo-slider/themes/default/loading.gif HTTP/1.1" 200 1737
191.95.57.13 - - [30/Dec/2019:06:33:21 -0500] "GET /galeria/nivo-slider/demo/images/banneriniciativa.jpg HTTP/1.1" 200 200385
191.95.57.13 - - [30/Dec/2019:06:33:21 -0500] "GET /galeria/nivo-slider/demo/images/diciembrecaminatas.png HTTP/1.1" 200 510724
191.95.57.13 - - [30/Dec/2019:06:33:22 -0500] "GET /galeria/nivo-slider/demo/images/Banner%20tinguas.jpg HTTP/1.1" 200 214878
191.95.57.13 - - [30/Dec/2019:06:33:22 -0500] "GET /galeria/nivo-slider/demo/images/Bannerserpiente2019.jpg HTTP/1.1" 200 270374
191.95.57.13 - - [30/Dec/2019:06:33:22 -0500] "GET /galeria/nivo-slider/demo/images/puntos%20atencion%20BANNER.jpg HTTP/1.1" 200 244208
191.95.57.13 - - [30/Dec/2019:06:33:23 -0500] "GET /galeria/nivo-slider/demo/images/Banner%20Visor%20Geografico%20Ambiental.jpg HTTP/1.1" 200 204673
191.95.57.13 - - [30/Dec/2019:06:33:23 -0500] "GET /galeria/nivo-slider/demo/images/Banner%20consumo%20sostenible%20final.jpg HTTP/1.1" 200 364746
191.95.57.13 - - [30/Dec/2019:06:33:23 -0500] "GET /galeria/nivo-slider/demo/images/Banner%20RCD.jpg HTTP/1.1" 200 92197
191.95.57.13 - - [30/Dec/2019:06:33:24 -0500] "GET /galeria/nivo-slider/demo/images/Banner%20Conpes.jpg HTTP/1.1" 200 55220
191.95.57.13 - - [30/Dec/2019:06:33:24 -0500] "GET /galeria/nivo-slider/demo/images/Banner%20practicas%20sostenibles.jpg HTTP/1.1" 200 142958
191.95.57.13 - - [30/Dec/2019:06:33:24 -0500] "GET /galeria/nivo-slider/demo/images/Banner%20POT.png HTTP/1.1" 200 418238
191.95.57.13 - - [30/Dec/2019:06:33:24 -0500] "GET /galeria/nivo-slider/demo/images/Banneranonimos.png HTTP/1.1" 200 109388
191.95.57.13 - - [30/Dec/2019:06:33:26 -0500] "GET /galeria/nivo-slider/themes/default/bullets.png HTTP/1.1" 200 1281
