148.251.120.201 - - [31/Dec/2019:20:42:18 -0500] "GET /PruebasSTORM/StormSDA_pruebas/lib/?C=N;O=D/ HTTP/1.1" 200 6445
66.249.64.59 - - [31/Dec/2019:20:42:22 -0500] "GET /BLA/resoluciones/AUTOS%202009/0760.pdf HTTP/1.1" 200 162855
148.251.120.201 - - [31/Dec/2019:20:42:27 -0500] "GET /PruebasSTORM/StormSDA_pruebas/lib/?C=S;O=A/ HTTP/1.1" 200 6445
66.249.64.59 - - [31/Dec/2019:20:42:28 -0500] "GET /BLA/resoluciones/RESOLUCIONES%202008/4863.pdf HTTP/1.1" 200 486142
148.251.120.201 - - [31/Dec/2019:20:42:41 -0500] "GET /PruebasSTORM/StormSDA_pruebas/lib/win32/?C=D;O=A/ HTTP/1.1" 200 1266
148.251.120.201 - - [31/Dec/2019:20:42:50 -0500] "GET /PruebasSTORM/StormSDA_pruebas/lib/win32/?C=M;O=A/ HTTP/1.1" 200 1266
66.249.88.23 - - [31/Dec/2019:20:42:51 -0500] "GET /galeria/galeria/jquery.fancybox.css?v=2.1.5 HTTP/1.1" 200 4895
66.249.64.59 - - [31/Dec/2019:20:42:57 -0500] "GET /BLA/resoluciones/AUTOS%202015/1094.pdf HTTP/1.1" 200 682709
148.251.120.201 - - [31/Dec/2019:20:43:01 -0500] "GET /PruebasSTORM/StormSDA_pruebas/lib/win32/?C=N;O=D/ HTTP/1.1" 200 1266
148.251.120.201 - - [31/Dec/2019:20:43:11 -0500] "GET /PruebasSTORM/StormSDA_pruebas/lib/win32/?C=S;O=A/ HTTP/1.1" 200 1266
148.251.120.201 - - [31/Dec/2019:20:43:22 -0500] "GET /PruebasSTORM/StormSDA_pruebas/stormWeb/?C=D;O=A/ HTTP/1.1" 200 1475
66.249.64.59 - - [31/Dec/2019:20:43:23 -0500] "GET /BLA/resoluciones/AUTOS%202009/1663.pdf HTTP/1.1" 200 160868
66.249.64.59 - - [31/Dec/2019:20:43:29 -0500] "GET /BLA/resoluciones/RESOLUCIONES%202009/7340.pdf HTTP/1.1" 200 195219
148.251.120.201 - - [31/Dec/2019:20:43:36 -0500] "GET /PruebasSTORM/StormSDA_pruebas/stormWeb/?C=M;O=A/ HTTP/1.1" 200 1475
148.251.120.201 - - [31/Dec/2019:20:43:42 -0500] "GET /PruebasSTORM/StormSDA_pruebas/stormWeb/?C=N;O=D/ HTTP/1.1" 200 1475
148.251.120.201 - - [31/Dec/2019:20:43:50 -0500] "GET /PruebasSTORM/StormSDA_pruebas/stormWeb/?C=S;O=A/ HTTP/1.1" 200 1475
66.249.64.59 - - [31/Dec/2019:20:43:59 -0500] "GET /BLA/resoluciones/AUTOS%202013/3108.pdf HTTP/1.1" 200 193627
148.251.120.201 - - [31/Dec/2019:20:44:00 -0500] "GET /PruebasSTORM/StormSDA_pruebas/userFiles/?C=D;O=A/ HTTP/1.1" 200 5500
190.130.85.210 - - [31/Dec/2019:20:44:05 -0500] "GET /BLA/boletinlegal/js/jquery.scrollShow.js HTTP/1.1" 200 4586
190.130.85.210 - - [31/Dec/2019:20:44:05 -0500] "GET /galeria/galeria/jquery.fancybox.js?v=2.1.5 HTTP/1.1" 200 48706
148.251.120.201 - - [31/Dec/2019:20:44:10 -0500] "GET /PruebasSTORM/StormSDA_pruebas/userFiles/?C=M;O=A/ HTTP/1.1" 200 5500
148.251.120.201 - - [31/Dec/2019:20:44:20 -0500] "GET /PruebasSTORM/StormSDA_pruebas/userFiles/?C=N;O=D/ HTTP/1.1" 200 5500
148.251.120.201 - - [31/Dec/2019:20:44:28 -0500] "GET /PruebasSTORM/StormSDA_pruebas/userFiles/?C=S;O=A/ HTTP/1.1" 200 5500
66.249.64.59 - - [31/Dec/2019:20:44:29 -0500] "GET /BLA/resoluciones/AUTOS%202008/2971.pdf HTTP/1.1" 200 112662
148.251.120.201 - - [31/Dec/2019:20:44:40 -0500] "GET /PruebasSTORM/StormSDA_pruebas/userFiles/user_files/1/?C=D;O=A/ HTTP/1.1" 200 1754
148.251.120.201 - - [31/Dec/2019:20:44:50 -0500] "GET /PruebasSTORM/StormSDA_pruebas/userFiles/user_files/1/?C=M;O=A/ HTTP/1.1" 200 1754
66.249.64.59 - - [31/Dec/2019:20:44:59 -0500] "GET /BLA/resoluciones/AUTOS%202012/2917.pdf HTTP/1.1" 200 1786798
148.251.120.201 - - [31/Dec/2019:20:45:01 -0500] "GET /PruebasSTORM/StormSDA_pruebas/userFiles/user_files/1/?C=N;O=D/ HTTP/1.1" 200 1754
148.251.120.201 - - [31/Dec/2019:20:45:11 -0500] "GET /PruebasSTORM/StormSDA_pruebas/userFiles/user_files/1/?C=S;O=A/ HTTP/1.1" 200 1754
66.249.88.25 - - [31/Dec/2019:20:45:12 -0500] "GET /galeria/galeria/jquery.fancybox.css?v=2.1.5 HTTP/1.1" 200 4895
66.249.88.23 - - [31/Dec/2019:20:45:12 -0500] "GET /BLA/boletinlegal/js/jquery.scrollShow.js HTTP/1.1" 200 4586
66.249.88.23 - - [31/Dec/2019:20:45:12 -0500] "GET /galeria/galeria/jquery.fancybox.js?v=2.1.5 HTTP/1.1" 200 48706
148.251.120.201 - - [31/Dec/2019:20:45:24 -0500] "GET /PruebasSTORM/StormSDA_pruebas/userFiles/user_files/formulas/2/?C=D;O=A/ HTTP/1.1" 200 11400
66.249.64.61 - - [31/Dec/2019:20:45:26 -0500] "GET /BLA/resoluciones/AUTOS%202013/2356.pdf HTTP/1.1" 200 419523
148.251.120.201 - - [31/Dec/2019:20:45:33 -0500] "GET /PruebasSTORM/StormSDA_pruebas/userFiles/user_files/formulas/2/?C=M;O=A/ HTTP/1.1" 200 11400
148.251.120.201 - - [31/Dec/2019:20:45:44 -0500] "GET /PruebasSTORM/StormSDA_pruebas/userFiles/user_files/formulas/2/?C=N;O=D/ HTTP/1.1" 200 11400
148.251.120.201 - - [31/Dec/2019:20:45:54 -0500] "GET /PruebasSTORM/StormSDA_pruebas/userFiles/user_files/formulas/2/?C=S;O=A/ HTTP/1.1" 200 11400
66.249.64.63 - - [31/Dec/2019:20:45:56 -0500] "GET /BLA/resoluciones/AUTOS%202014/6908.pdf HTTP/1.1" 304 -
148.251.120.201 - - [31/Dec/2019:20:46:04 -0500] "GET /PruebasSTORM/StormSDA_pruebas/userFiles/user_files/listas/?C=D;O=A/ HTTP/1.1" 200 49942
148.251.120.201 - - [31/Dec/2019:20:46:13 -0500] "GET /PruebasSTORM/StormSDA_pruebas/userFiles/user_files/listas/?C=M;O=A/ HTTP/1.1" 200 49942
69.162.124.232 - - [31/Dec/2019:20:46:18 -0500] "HEAD / HTTP/1.1" 200 -
148.251.120.201 - - [31/Dec/2019:20:46:23 -0500] "GET /PruebasSTORM/StormSDA_pruebas/userFiles/user_files/listas/?C=N;O=D/ HTTP/1.1" 200 49942
66.249.64.61 - - [31/Dec/2019:20:46:26 -0500] "GET /BLA/resoluciones/AUTOS%202014/5895.pdf HTTP/1.1" 200 423725
148.251.120.201 - - [31/Dec/2019:20:46:32 -0500] "GET /PruebasSTORM/StormSDA_pruebas/userFiles/user_files/listas/?C=S;O=A/ HTTP/1.1" 200 49942
148.251.120.201 - - [31/Dec/2019:20:46:41 -0500] "GET /SIG/index.php?dir=&sort=date&order=asc/ HTTP/1.1" 200 4513
148.251.120.201 - - [31/Dec/2019:20:46:50 -0500] "GET /SIG/index.php?dir=&sort=size&order=asc/ HTTP/1.1" 200 4513
148.251.120.201 - - [31/Dec/2019:20:46:59 -0500] "GET /SIG/index.php?dir=Direccionamiento%20Estrategico// HTTP/1.1" 200 4067
148.251.120.201 - - [31/Dec/2019:20:47:08 -0500] "GET /SIG/index.php?dir=ECS// HTTP/1.1" 200 16713
148.251.120.201 - - [31/Dec/2019:20:47:18 -0500] "GET /SIG/index.php?dir=Gestion%20Documental// HTTP/1.1" 200 5669
148.251.120.201 - - [31/Dec/2019:20:47:28 -0500] "GET /SIG/index.php?dir=Gestion%20Documental/&sort=size&order=asc/ HTTP/1.1" 200 5566
148.251.120.201 - - [31/Dec/2019:20:47:38 -0500] "GET /StormSDA/lib/win32/?C=D;O=A/ HTTP/1.1" 200 1203
148.251.120.201 - - [31/Dec/2019:20:47:47 -0500] "GET /StormSDA/lib/win32/?C=M;O=A/ HTTP/1.1" 200 1203
148.251.120.201 - - [31/Dec/2019:20:47:54 -0500] "GET /StormSDA/lib/win32/?C=N;O=D/ HTTP/1.1" 200 1203
66.249.64.61 - - [31/Dec/2019:20:47:56 -0500] "GET /BLA/resoluciones/AUTOS%202015/3329.pdf HTTP/1.1" 200 635683
148.251.120.201 - - [31/Dec/2019:20:48:03 -0500] "GET /StormSDA/lib/win32/?C=S;O=A/ HTTP/1.1" 200 1203
148.251.120.201 - - [31/Dec/2019:20:48:12 -0500] "GET /StormSDA/stormWeb/img/?C=D;O=A/ HTTP/1.1" 200 2925
148.251.120.201 - - [31/Dec/2019:20:48:20 -0500] "GET /StormSDA/stormWeb/img/?C=M;O=A/ HTTP/1.1" 200 2925
66.249.64.59 - - [31/Dec/2019:20:48:26 -0500] "GET /BLA/resoluciones/AUTOS%202017/0306.pdf HTTP/1.1" 200 889360
148.251.120.201 - - [31/Dec/2019:20:48:31 -0500] "GET /StormSDA/stormWeb/img/?C=N;O=D/ HTTP/1.1" 200 2925
148.251.120.201 - - [31/Dec/2019:20:48:40 -0500] "GET /StormSDA/stormWeb/img/?C=S;O=A/ HTTP/1.1" 200 2925
148.251.120.201 - - [31/Dec/2019:20:48:47 -0500] "GET /StormSDA/userFiles%20-%20Copy%2019-07-2012/?C=N;O=D/ HTTP/1.1" 200 5900
148.251.120.201 - - [31/Dec/2019:20:48:55 -0500] "GET /StormSDA/userFiles%20-%20Copy%2019-07-2012/user_files/1/?C=N;O=D/ HTTP/1.1" 200 1751
66.249.64.59 - - [31/Dec/2019:20:48:56 -0500] "GET /BLA/resoluciones/AUTOS%202015/0086.pdf HTTP/1.1" 200 541766
66.249.64.59 - - [31/Dec/2019:20:49:26 -0500] "GET /BLA/resoluciones/RESOLUCIONES%202015/0282.pdf HTTP/1.1" 200 269225
66.249.64.59 - - [31/Dec/2019:20:49:32 -0500] "GET /BLA/resoluciones/AUTOS%202009/2142.pdf HTTP/1.1" 200 85857
66.249.64.59 - - [31/Dec/2019:20:49:56 -0500] "GET /BLA/resoluciones/RESOLUCIONES%202013/0804.pdf HTTP/1.1" 200 4132423
66.102.8.191 - - [31/Dec/2019:20:49:59 -0500] "GET /galeria/galeria/jquery.fancybox.css?v=2.1.5 HTTP/1.1" 304 -
66.102.8.189 - - [31/Dec/2019:20:49:59 -0500] "GET /BLA/boletinlegal/js/jquery.scrollShow.js HTTP/1.1" 304 -
66.102.8.191 - - [31/Dec/2019:20:49:59 -0500] "GET /galeria/galeria/jquery.fancybox.js?v=2.1.5 HTTP/1.1" 304 -
66.102.8.189 - - [31/Dec/2019:20:49:59 -0500] "GET /galeria/galeria/jquery.fancybox.js?v=2.1.5 HTTP/1.1" 304 -
66.102.8.187 - - [31/Dec/2019:20:50:02 -0500] "GET /galeria/galeria/jquery.fancybox.css?v=2.1.5 HTTP/1.1" 304 -
66.102.8.191 - - [31/Dec/2019:20:50:02 -0500] "GET /BLA/boletinlegal/js/jquery.scrollShow.js HTTP/1.1" 304 -
207.46.13.161 - - [31/Dec/2019:20:50:19 -0500] "GET /BLA/resoluciones/RESOLUCIONES%202010/6837.pdf HTTP/1.1" 200 58261
66.249.64.59 - - [31/Dec/2019:20:50:26 -0500] "GET /BLA/resoluciones/RESOLUCIONES%202012/1561.pdf HTTP/1.1" 200 1187319
66.249.64.59 - - [31/Dec/2019:20:50:56 -0500] "GET /BLA/resoluciones/AUTOS%202016/1844.pdf HTTP/1.1" 200 469152
66.249.64.59 - - [31/Dec/2019:20:51:02 -0500] "GET /BLA/resoluciones/AUTOS%202009/3422.pdf HTTP/1.1" 200 96102
181.63.16.26 - - [31/Dec/2019:20:51:15 -0500] "GET /autoliquidacion/index.php?dir=Grupo+Forestal+-+Silvicultura%2F HTTP/1.1" 200 4717
181.63.16.26 - - [31/Dec/2019:20:51:15 -0500] "GET /autoliquidacion/dlf/styles.css HTTP/1.1" 200 3045
181.63.16.26 - - [31/Dec/2019:20:51:15 -0500] "GET /autoliquidacion/dlf/dirup.png HTTP/1.1" 200 644
181.63.16.26 - - [31/Dec/2019:20:51:15 -0500] "GET /autoliquidacion/dlf/unknown.png HTTP/1.1" 200 266
181.63.16.26 - - [31/Dec/2019:20:51:15 -0500] "GET /autoliquidacion/dlf/xls.gif HTTP/1.1" 200 636
181.63.16.26 - - [31/Dec/2019:20:51:15 -0500] "GET /autoliquidacion/dlf/pdf.gif HTTP/1.1" 200 272
181.63.16.26 - - [31/Dec/2019:20:51:15 -0500] "GET /autoliquidacion/dlf/bg.gif HTTP/1.1" 200 54
69.162.124.232 - - [31/Dec/2019:20:51:18 -0500] "HEAD / HTTP/1.1" 200 -
66.249.64.59 - - [31/Dec/2019:20:51:26 -0500] "GET /BLA/resoluciones/AUTOS%202015/1460.pdf HTTP/1.1" 200 537775
216.244.66.195 - - [31/Dec/2019:20:52:04 -0500] "GET /BLA/resoluciones/RESOLUCIONES%202009/7476.pdf HTTP/1.1" 200 627722
66.249.64.59 - - [31/Dec/2019:20:52:26 -0500] "GET /BLA/resoluciones/RESOLUCIONES%202011/1130.pdf HTTP/1.1" 200 716146
66.249.64.59 - - [31/Dec/2019:20:52:56 -0500] "GET /BLA/resoluciones/RESOLUCIONES%202009/3600.pdf HTTP/1.1" 200 92283
216.244.66.195 - - [31/Dec/2019:20:53:00 -0500] "GET /BLA/resoluciones/RESOLUCIONES%202013/1673.pdf HTTP/1.1" 200 738233
66.249.64.59 - - [31/Dec/2019:20:53:26 -0500] "GET /BLA/resoluciones/RESOLUCIONES%202008/2481.pdf HTTP/1.1" 200 316403
66.249.88.23 - - [31/Dec/2019:20:53:37 -0500] "GET /galeria/galeria/jquery.fancybox.css?v=2.1.5 HTTP/1.1" 200 4895
66.249.88.19 - - [31/Dec/2019:20:53:37 -0500] "GET /galeria/galeria/jquery.fancybox.js?v=2.1.5 HTTP/1.1" 200 48706
66.249.88.23 - - [31/Dec/2019:20:53:37 -0500] "GET /BLA/boletinlegal/js/jquery.scrollShow.js HTTP/1.1" 200 4586
66.249.64.59 - - [31/Dec/2019:20:53:56 -0500] "GET /BLA/resoluciones/AUTOS%202009/3068.pdf HTTP/1.1" 200 119914
66.249.64.59 - - [31/Dec/2019:20:54:26 -0500] "GET /BLA/resoluciones/AUTOS%202015/2515.pdf HTTP/1.1" 200 564290
207.46.13.161 - - [31/Dec/2019:20:54:44 -0500] "GET /BLA/resoluciones/RESOLUCIONES%202010/7311.pdf HTTP/1.1" 200 409225
66.249.64.59 - - [31/Dec/2019:20:54:56 -0500] "GET /BLA/resoluciones/RESOLUCIONES%202014/1045.pdf HTTP/1.1" 200 621913
216.244.66.195 - - [31/Dec/2019:20:55:20 -0500] "GET /BLA/resoluciones/RESOLUCIONES%202013/1742.pdf HTTP/1.1" 200 319742
66.249.64.59 - - [31/Dec/2019:20:55:26 -0500] "GET /BLA/resoluciones/Notificaciones/AUTOS%202014/0891.doc HTTP/1.1" 200 236032
216.244.66.195 - - [31/Dec/2019:20:56:07 -0500] "GET /BLA/resoluciones/RESOLUCIONES%202013/2004.pdf HTTP/1.1" 200 1185658
46.229.168.151 - - [31/Dec/2019:20:56:10 -0500] "GET /POT-2013/index.php?dir=expediente%2F&order=desc&sort=size HTTP/1.1" 200 1902
69.162.124.232 - - [31/Dec/2019:20:56:18 -0500] "HEAD / HTTP/1.1" 200 -
66.249.64.59 - - [31/Dec/2019:20:56:26 -0500] "GET /BLA/resoluciones/RESOLUCIONES%202016/1945.pdf HTTP/1.1" 200 480797
179.12.210.142 - - [31/Dec/2019:20:56:43 -0500] "GET /galeria/galeria/jquery.fancybox.css?v=2.1.5 HTTP/1.1" 200 4895
40.77.191.221 - - [31/Dec/2019:20:56:44 -0500] "GET /galeria/galeria/jquery.fancybox.css?v=2.1.5 HTTP/1.1" 200 4895
179.12.210.142 - - [31/Dec/2019:20:56:45 -0500] "GET /BLA/boletinlegal/js/jquery.scrollShow.js HTTP/1.1" 200 4586
179.12.210.142 - - [31/Dec/2019:20:56:45 -0500] "GET /galeria/galeria/jquery.fancybox.js?v=2.1.5 HTTP/1.1" 200 48706
66.249.64.59 - - [31/Dec/2019:20:56:56 -0500] "GET /BLA/resoluciones/RESOLUCIONES%202016/0300.pdf HTTP/1.1" 200 534124
216.244.66.195 - - [31/Dec/2019:20:56:57 -0500] "GET /BLA/resoluciones/RESOLUCIONES%202013/2208.pdf HTTP/1.1" 200 473864
24.245.44.105 - - [31/Dec/2019:20:57:20 -0500] "GET /galeria/galeria/jquery.fancybox.css?v=2.1.5 HTTP/1.1" 200 4895
24.245.44.105 - - [31/Dec/2019:20:57:20 -0500] "GET /galeria/galeria/jquery.fancybox.js?v=2.1.5 HTTP/1.1" 200 48706
24.245.44.105 - - [31/Dec/2019:20:57:20 -0500] "GET /BLA/boletinlegal/js/jquery.scrollShow.js HTTP/1.1" 200 4586
24.245.44.105 - - [31/Dec/2019:20:57:21 -0500] "GET /galeria/carrusel/Carrusel/jquery.thumbnailScroller.css HTTP/1.1" 200 2066
24.245.44.105 - - [31/Dec/2019:20:57:21 -0500] "GET /galeria/carrusel/Carrusel/jquery-ui-1.8.13.custom.min.js HTTP/1.1" 200 10800
24.245.44.105 - - [31/Dec/2019:20:57:21 -0500] "GET /galeria/carrusel/Carrusel/jquery.thumbnailScroller.js HTTP/1.1" 200 8157
24.245.44.105 - - [31/Dec/2019:20:57:22 -0500] "GET /galeria/nivo-slider/demo/inicio.html HTTP/1.1" 200 4435
24.245.44.105 - - [31/Dec/2019:20:57:22 -0500] "GET /galeria/nivo-slider/themes/default/default.css HTTP/1.1" 200 1569
24.245.44.105 - - [31/Dec/2019:20:57:22 -0500] "GET /galeria/nivo-slider/themes/orman/orman.css HTTP/1.1" 200 2152
24.245.44.105 - - [31/Dec/2019:20:57:22 -0500] "GET /galeria/nivo-slider/themes/pascal/pascal.css HTTP/1.1" 200 2258
24.245.44.105 - - [31/Dec/2019:20:57:22 -0500] "GET /galeria/nivo-slider/nivo-slider.css HTTP/1.1" 200 1507
24.245.44.105 - - [31/Dec/2019:20:57:22 -0500] "GET /galeria/nivo-slider/demo/style.css HTTP/1.1" 200 2222
24.245.44.105 - - [31/Dec/2019:20:57:22 -0500] "GET /galeria/nivo-slider/demo/scripts/jquery-1.7.1.min.js HTTP/1.1" 200 93868
24.245.44.105 - - [31/Dec/2019:20:57:22 -0500] "GET /galeria/nivo-slider/demo/images/Bannercalculadora.jpg HTTP/1.1" 200 313099
24.245.44.105 - - [31/Dec/2019:20:57:22 -0500] "GET /galeria/nivo-slider/jquery.nivo.slider.pack.js HTTP/1.1" 200 11561
24.245.44.105 - - [31/Dec/2019:20:57:22 -0500] "GET /galeria/nivo-slider/demo/images/bannerwebmusgo.jpg HTTP/1.1" 200 367364
24.245.44.105 - - [31/Dec/2019:20:57:22 -0500] "GET /galeria/nivo-slider/themes/default/loading.gif HTTP/1.1" 200 1737
24.245.44.105 - - [31/Dec/2019:20:57:22 -0500] "GET /galeria/nivo-slider/demo/images/banneragendamiento.jpg HTTP/1.1" 200 116897
24.245.44.105 - - [31/Dec/2019:20:57:22 -0500] "GET /galeria/nivo-slider/demo/images/4Simple_Slider.png HTTP/1.1" 200 11722
24.245.44.105 - - [31/Dec/2019:20:57:22 -0500] "GET /galeria/nivo-slider/demo/images/bannerjardines.jpg HTTP/1.1" 200 417948
24.245.44.105 - - [31/Dec/2019:20:57:22 -0500] "GET /galeria/nivo-slider/demo/images/banneriniciativa.jpg HTTP/1.1" 200 200385
24.245.44.105 - - [31/Dec/2019:20:57:22 -0500] "GET /galeria/nivo-slider/demo/images/diciembrecaminatas.png HTTP/1.1" 200 510724
24.245.44.105 - - [31/Dec/2019:20:57:22 -0500] "GET /galeria/nivo-slider/demo/images/Banner%20tinguas.jpg HTTP/1.1" 200 214878
24.245.44.105 - - [31/Dec/2019:20:57:23 -0500] "GET /galeria/nivo-slider/demo/images/Bannerserpiente2019.jpg HTTP/1.1" 200 270374
24.245.44.105 - - [31/Dec/2019:20:57:23 -0500] "GET /galeria/nivo-slider/demo/images/puntos%20atencion%20BANNER.jpg HTTP/1.1" 200 244208
24.245.44.105 - - [31/Dec/2019:20:57:23 -0500] "GET /galeria/nivo-slider/demo/images/Banner%20Visor%20Geografico%20Ambiental.jpg HTTP/1.1" 200 204673
24.245.44.105 - - [31/Dec/2019:20:57:23 -0500] "GET /galeria/nivo-slider/demo/images/Banner%20consumo%20sostenible%20final.jpg HTTP/1.1" 200 364746
24.245.44.105 - - [31/Dec/2019:20:57:24 -0500] "GET /galeria/nivo-slider/demo/images/Banner%20RCD.jpg HTTP/1.1" 200 92197
24.245.44.105 - - [31/Dec/2019:20:57:24 -0500] "GET /galeria/nivo-slider/demo/images/Banner%20Conpes.jpg HTTP/1.1" 200 55220
24.245.44.105 - - [31/Dec/2019:20:57:24 -0500] "GET /galeria/nivo-slider/demo/images/Banner%20practicas%20sostenibles.jpg HTTP/1.1" 200 142958
24.245.44.105 - - [31/Dec/2019:20:57:24 -0500] "GET /galeria/nivo-slider/demo/images/Banner%20POT.png HTTP/1.1" 200 418238
24.245.44.105 - - [31/Dec/2019:20:57:24 -0500] "GET /galeria/nivo-slider/demo/images/Banneranonimos.png HTTP/1.1" 200 109388
24.245.44.105 - - [31/Dec/2019:20:57:25 -0500] "GET /galeria/nivo-slider/themes/default/arrows.png HTTP/1.1" 200 824
24.245.44.105 - - [31/Dec/2019:20:57:25 -0500] "GET /galeria/nivo-slider/themes/default/bullets.png HTTP/1.1" 200 1281
66.249.64.59 - - [31/Dec/2019:20:57:26 -0500] "GET /BLA/resoluciones/RESOLUCIONES%202010/1002.pdf HTTP/1.1" 200 115900
66.249.64.59 - - [31/Dec/2019:20:57:59 -0500] "GET /BLA/resoluciones/AUTOS%202015/4171.pdf HTTP/1.1" 200 532148
66.249.64.59 - - [31/Dec/2019:20:58:26 -0500] "GET /BLA/resoluciones/RESOLUCIONES%202010/0117.pdf HTTP/1.1" 200 104788
66.249.64.59 - - [31/Dec/2019:20:58:56 -0500] "GET /BLA/resoluciones/AUTOS%202014/2402.pdf HTTP/1.1" 200 597476
216.244.66.195 - - [31/Dec/2019:20:59:16 -0500] "GET /BLA/resoluciones/RESOLUCIONES%202013/2247.pdf HTTP/1.1" 200 835195
157.55.39.3 - - [31/Dec/2019:20:59:20 -0500] "GET /robots.txt HTTP/1.1" 404 1017
157.55.39.3 - - [31/Dec/2019:20:59:21 -0500] "GET /robots.txt HTTP/1.1" 404 1017
157.55.39.236 - - [31/Dec/2019:20:59:21 -0500] "GET /BLA/boletinlegal/Circulares/2011/Circular%20No.%203%20del%2016%20de%20Junio%20de%202011.pdf HTTP/1.1" 200 346378
66.249.64.59 - - [31/Dec/2019:20:59:26 -0500] "GET /BLA/resoluciones/RESOLUCIONES%202010/5246.pdf HTTP/1.1" 200 697784
181.54.218.186 - - [31/Dec/2019:20:59:45 -0500] "GET /BLA/resoluciones/Notificaciones/AUTOS%202016/00288.doc HTTP/1.1" 200 199824
66.249.64.59 - - [31/Dec/2019:20:59:56 -0500] "GET /BLA/resoluciones/RESOLUCIONES%202007/RES%202007%201501%20AL%201600/RESOLUCION%201510%20DE%202007.pdf HTTP/1.1" 200 404006
216.244.66.195 - - [31/Dec/2019:21:00:06 -0500] "GET /BLA/resoluciones/RESOLUCIONES%202013/2364.pdf HTTP/1.1" 200 708219
66.249.64.59 - - [31/Dec/2019:21:00:26 -0500] "GET /BLA/resoluciones/AUTOS%202017/0039.pdf HTTP/1.1" 200 303501
66.249.64.59 - - [31/Dec/2019:21:00:56 -0500] "GET /BLA/resoluciones/RESOLUCIONES%202007/RES%202007%203001%20AL%203100/RESOLUCION%203033%20DE%202007.pdf HTTP/1.1" 200 543543
69.162.124.232 - - [31/Dec/2019:21:01:18 -0500] "HEAD / HTTP/1.1" 200 -
66.249.64.59 - - [31/Dec/2019:21:01:26 -0500] "GET /BLA/resoluciones/RESOLUCIONES%202008/1584.pdf HTTP/1.1" 200 96248
66.249.64.59 - - [31/Dec/2019:21:01:56 -0500] "GET /BLA/resoluciones/AUTOS%202017/2588.pdf HTTP/1.1" 200 278719
66.249.64.59 - - [31/Dec/2019:21:02:26 -0500] "GET /BLA/resoluciones/AUTOS%202017/1523.pdf HTTP/1.1" 200 284749
216.244.66.195 - - [31/Dec/2019:21:02:26 -0500] "GET /BLA/resoluciones/RESOLUCIONES%202013/2495.pdf HTTP/1.1" 200 757108
66.249.64.59 - - [31/Dec/2019:21:02:56 -0500] "GET /BLA/resoluciones/AUTOS%202007/2885.pdf HTTP/1.1" 200 109376
66.249.64.59 - - [31/Dec/2019:21:03:26 -0500] "GET /BLA/resoluciones/AUTOS%202017/2773.pdf HTTP/1.1" 200 352123
66.249.64.59 - - [31/Dec/2019:21:03:56 -0500] "GET /siipev/Diseno%20de%20Elementos%20de%20Mobiliario%20Urbano/Otros%20Elementos/PARTE%20B/Dise%C3%B1o%20de%20Elementos%20M41.pdf HTTP/1.1" 200 356457
66.249.64.59 - - [31/Dec/2019:21:04:26 -0500] "GET /BLA/resoluciones/AUTOS%202011/6416.pdf HTTP/1.1" 200 88523
190.240.58.54 - - [31/Dec/2019:21:04:36 -0500] "GET /galeria/galeria/jquery.fancybox.css?v=2.1.5 HTTP/1.1" 200 4895
190.240.58.54 - - [31/Dec/2019:21:04:36 -0500] "GET /BLA/boletinlegal/js/jquery.scrollShow.js HTTP/1.1" 200 4586
190.240.58.54 - - [31/Dec/2019:21:04:36 -0500] "GET /galeria/galeria/jquery.fancybox.js?v=2.1.5 HTTP/1.1" 200 48706
216.244.66.195 - - [31/Dec/2019:21:04:47 -0500] "GET /BLA/resoluciones/RESOLUCIONES%202013/2674.pdf HTTP/1.1" 200 835651
66.249.64.59 - - [31/Dec/2019:21:04:56 -0500] "GET /BLA/resoluciones/AUTOS%202011/3033.pdf HTTP/1.1" 200 125186
66.249.64.59 - - [31/Dec/2019:21:05:26 -0500] "GET /BLA/resoluciones/AUTOS%202007/2309.pdf HTTP/1.1" 200 42478
40.77.167.101 - - [31/Dec/2019:21:05:45 -0500] "GET /BLA/boletinlegal/Circulares/2011/Circular%20No.%203%20del%2016%20de%20Junio%20de%202011.pdf HTTP/1.1" 200 346378
190.240.58.54 - - [31/Dec/2019:21:05:52 -0500] "GET /BLA/boletinlegal/js/jquery.scrollShow.js HTTP/1.1" 304 -
190.240.58.54 - - [31/Dec/2019:21:05:52 -0500] "GET /galeria/galeria/jquery.fancybox.css?v=2.1.5 HTTP/1.1" 304 -
190.240.58.54 - - [31/Dec/2019:21:05:52 -0500] "GET /galeria/galeria/jquery.fancybox.js?v=2.1.5 HTTP/1.1" 304 -
66.249.64.59 - - [31/Dec/2019:21:05:56 -0500] "GET /BLA/resoluciones/AUTOS%202011/5030.pdf HTTP/1.1" 200 241193
69.162.124.232 - - [31/Dec/2019:21:06:18 -0500] "HEAD / HTTP/1.1" 200 -
66.249.64.59 - - [31/Dec/2019:21:06:26 -0500] "GET /BLA/resoluciones/AUTOS%202007/1104.pdf HTTP/1.1" 200 25659
66.249.88.23 - - [31/Dec/2019:21:06:40 -0500] "GET /BLA/boletinlegal/js/jquery.scrollShow.js HTTP/1.1" 200 4586
66.249.88.23 - - [31/Dec/2019:21:06:40 -0500] "GET /galeria/galeria/jquery.fancybox.js?v=2.1.5 HTTP/1.1" 200 48706
66.249.88.23 - - [31/Dec/2019:21:06:40 -0500] "GET /galeria/galeria/jquery.fancybox.css?v=2.1.5 HTTP/1.1" 200 4895
66.249.64.59 - - [31/Dec/2019:21:06:56 -0500] "GET /BLA/resoluciones/RESOLUCIONES%202008/3544.pdf HTTP/1.1" 200 195038
216.244.66.195 - - [31/Dec/2019:21:07:07 -0500] "GET /BLA/resoluciones/RESOLUCIONES%202014/0121.pdf HTTP/1.1" 200 874597
66.249.64.59 - - [31/Dec/2019:21:07:26 -0500] "GET /BLA/resoluciones/AUTOS%202011/4863.pdf HTTP/1.1" 200 210514
66.249.88.23 - - [31/Dec/2019:21:07:36 -0500] "GET /BLA/boletinlegal/js/jquery.scrollShow.js HTTP/1.1" 200 4586
66.249.88.25 - - [31/Dec/2019:21:07:36 -0500] "GET /galeria/galeria/jquery.fancybox.css?v=2.1.5 HTTP/1.1" 200 4895
66.249.88.23 - - [31/Dec/2019:21:07:36 -0500] "GET /galeria/galeria/jquery.fancybox.js?v=2.1.5 HTTP/1.1" 200 48706
66.249.69.59 - - [31/Dec/2019:21:07:57 -0500] "GET /BLA/resoluciones/AUTOS%202007/3501.pdf HTTP/1.1" 200 137882
66.249.64.59 - - [31/Dec/2019:21:08:26 -0500] "GET /BLA/resoluciones/AUTOS%202010/5469.pdf HTTP/1.1" 304 -
66.249.88.19 - - [31/Dec/2019:21:08:44 -0500] "GET /galeria/galeria/jquery.fancybox.css?v=2.1.5 HTTP/1.1" 200 4895
66.249.88.23 - - [31/Dec/2019:21:08:44 -0500] "GET /BLA/boletinlegal/js/jquery.scrollShow.js HTTP/1.1" 200 4586
66.249.88.25 - - [31/Dec/2019:21:08:44 -0500] "GET /galeria/galeria/jquery.fancybox.js?v=2.1.5 HTTP/1.1" 200 48706
66.249.64.59 - - [31/Dec/2019:21:08:56 -0500] "GET /BLA/resoluciones/AUTOS%202011/4938.pdf HTTP/1.1" 200 190055
159.138.152.6 - - [31/Dec/2019:21:09:02 -0500] "GET /galeria/nivo-slider/demo/images/puntos%20atencion%20BANNER.jpg HTTP/1.1" 200 244208
159.138.156.8 - - [31/Dec/2019:21:09:16 -0500] "GET /galeria/nivo-slider/demo/images/Banner%20consumo%20sostenible%20final.jpg HTTP/1.1" 200 364746
66.249.64.59 - - [31/Dec/2019:21:09:26 -0500] "GET /BLA/resoluciones/RESOLUCIONES%202010/6286.pdf HTTP/1.1" 200 12554230
216.244.66.195 - - [31/Dec/2019:21:09:30 -0500] "GET /BLA/resoluciones/RESOLUCIONES%202014/0397.pdf HTTP/1.1" 200 501077
159.138.155.101 - - [31/Dec/2019:21:09:46 -0500] "GET /galeria/galeria/fotos/diaSC6.jpg HTTP/1.1" 200 117970
66.249.64.36 - - [31/Dec/2019:21:09:56 -0500] "GET /BLA/resoluciones/RESOLUCIONES%202011/3399.pdf HTTP/1.1" 200 429254
34.220.168.238 - - [31/Dec/2019:21:10:21 -0500] "GET / HTTP/1.1" 200 9990
66.249.64.36 - - [31/Dec/2019:21:10:30 -0500] "GET /BLA/resoluciones/RESOLUCIONES%202011/1320.pdf HTTP/1.1" 200 74489
69.162.124.232 - - [31/Dec/2019:21:11:18 -0500] "HEAD / HTTP/1.1" 200 -
66.249.64.63 - - [31/Dec/2019:21:11:26 -0500] "GET /BLA/resoluciones/AUTOS%202007/1158.pdf HTTP/1.1" 200 41678
216.244.66.195 - - [31/Dec/2019:21:11:50 -0500] "GET /BLA/resoluciones/RESOLUCIONES%202014/0631.pdf HTTP/1.1" 200 2425940
66.249.64.59 - - [31/Dec/2019:21:11:56 -0500] "GET /BLA/resoluciones/AUTOS%202007/1145.pdf HTTP/1.1" 200 32434
66.249.64.59 - - [31/Dec/2019:21:12:26 -0500] "GET /BLA/resoluciones/AUTOS%202013/2935.pdf HTTP/1.1" 200 1566149
216.244.66.195 - - [31/Dec/2019:21:12:40 -0500] "GET /BLA/resoluciones/RESOLUCIONES%202014/0641.pdf HTTP/1.1" 200 876800
66.249.64.61 - - [31/Dec/2019:21:12:56 -0500] "GET /BLA/resoluciones/RESOLUCIONES%202017/0262.pdf HTTP/1.1" 200 461094
66.249.64.59 - - [31/Dec/2019:21:13:26 -0500] "GET /BLA/resoluciones/AUTOS%202014/4102.pdf HTTP/1.1" 304 -
66.249.64.59 - - [31/Dec/2019:21:13:58 -0500] "GET /BLA/resoluciones/AUTOS%202017/2218.pdf HTTP/1.1" 200 335821
66.249.64.59 - - [31/Dec/2019:21:14:56 -0500] "GET /BLA/resoluciones/RESOLUCIONES%202007/RES%202007%203601%20AL%203700/RESOLUCION%203700%20DE%202007.pdf HTTP/1.1" 304 -
216.244.66.195 - - [31/Dec/2019:21:15:04 -0500] "GET /BLA/resoluciones/RESOLUCIONES%202014/0691.pdf HTTP/1.1" 200 3360157
66.249.64.59 - - [31/Dec/2019:21:15:36 -0500] "GET /BLA/resoluciones/AUTOS%202007/2422.pdf HTTP/1.1" 200 31984
216.244.66.195 - - [31/Dec/2019:21:15:54 -0500] "GET /BLA/resoluciones/RESOLUCIONES%202014/0908.pdf HTTP/1.1" 200 402601
66.249.64.59 - - [31/Dec/2019:21:15:57 -0500] "GET /BLA/resoluciones/AUTOS%202014/0555.pdf HTTP/1.1" 200 602979
69.162.124.232 - - [31/Dec/2019:21:16:18 -0500] "HEAD / HTTP/1.1" 200 -
54.36.150.164 - - [31/Dec/2019:21:16:20 -0500] "GET /galeria/galeria/fotos/Grande3Parque-nacional.jpg HTTP/1.1" 200 299919
66.249.64.59 - - [31/Dec/2019:21:16:26 -0500] "GET /BLA/resoluciones/AUTOS%202017/5273.pdf HTTP/1.1" 304 -
201.245.192.253 - - [31/Dec/2019:21:16:18 -0500] "POST /kwsrmcab/Wsrmcab HTTP/1.1" 200 32311
201.245.192.253 - - [31/Dec/2019:21:16:17 -0500] "POST /kwsrmcab/Wsrmcab HTTP/1.1" 200 32323
66.249.64.59 - - [31/Dec/2019:21:16:56 -0500] "GET /BLA/resoluciones/AUTOS%202014/4763.pdf HTTP/1.1" 200 489962
216.244.66.195 - - [31/Dec/2019:21:17:04 -0500] "GET /BLA/resoluciones/RESOLUCIONES%202014/1042.pdf HTTP/1.1" 200 761216
201.245.192.253 - - [31/Dec/2019:21:16:53 -0500] "POST /kwsrmcab/Wsrmcab HTTP/1.1" 200 32311
66.249.64.59 - - [31/Dec/2019:21:17:30 -0500] "GET /BLA/resoluciones/AUTOS%202008/1686.pdf HTTP/1.1" 304 -
186.155.120.46 - - [31/Dec/2019:21:17:33 -0500] "GET /galeria/carrusel/Carrusel/jquery.thumbnailScroller.css HTTP/1.1" 200 2066
186.155.120.46 - - [31/Dec/2019:21:17:33 -0500] "GET /galeria/galeria/jquery.fancybox.js?v=2.1.5 HTTP/1.1" 200 48706
186.155.120.46 - - [31/Dec/2019:21:17:33 -0500] "GET /galeria/carrusel/Carrusel/jquery.thumbnailScroller.js HTTP/1.1" 200 8157
186.155.120.46 - - [31/Dec/2019:21:17:33 -0500] "GET /galeria/carrusel/Carrusel/jquery-ui-1.8.13.custom.min.js HTTP/1.1" 200 10800
186.155.120.46 - - [31/Dec/2019:21:17:33 -0500] "GET /galeria/galeria/jquery.fancybox.css?v=2.1.5 HTTP/1.1" 200 4895
186.155.120.46 - - [31/Dec/2019:21:17:34 -0500] "GET /BLA/boletinlegal/js/jquery.scrollShow.js HTTP/1.1" 200 4586
66.249.64.59 - - [31/Dec/2019:21:17:56 -0500] "GET /BLA/resoluciones/AUTOS%202015/2014.pdf HTTP/1.1" 200 678395
186.155.120.46 - - [31/Dec/2019:21:18:09 -0500] "GET /galeria/nivo-slider/demo/inicio.html HTTP/1.1" 200 4435
186.155.120.46 - - [31/Dec/2019:21:18:10 -0500] "GET /galeria/nivo-slider/themes/default/default.css HTTP/1.1" 200 1569
186.155.120.46 - - [31/Dec/2019:21:18:10 -0500] "GET /galeria/nivo-slider/nivo-slider.css HTTP/1.1" 200 1507
186.155.120.46 - - [31/Dec/2019:21:18:10 -0500] "GET /galeria/nivo-slider/themes/pascal/pascal.css HTTP/1.1" 200 2258
186.155.120.46 - - [31/Dec/2019:21:18:10 -0500] "GET /galeria/nivo-slider/themes/orman/orman.css HTTP/1.1" 200 2152
186.155.120.46 - - [31/Dec/2019:21:18:10 -0500] "GET /galeria/nivo-slider/demo/images/Bannerserpiente2019.jpg HTTP/1.1" 200 270374
186.155.120.46 - - [31/Dec/2019:21:18:10 -0500] "GET /galeria/nivo-slider/demo/images/banneriniciativa.jpg HTTP/1.1" 200 200385
186.155.120.46 - - [31/Dec/2019:21:18:10 -0500] "GET /galeria/nivo-slider/demo/images/bannerwebmusgo.jpg HTTP/1.1" 200 367364
186.155.120.46 - - [31/Dec/2019:21:18:10 -0500] "GET /galeria/nivo-slider/demo/images/Banner%20tinguas.jpg HTTP/1.1" 200 214878
186.155.120.46 - - [31/Dec/2019:21:18:10 -0500] "GET /galeria/nivo-slider/demo/images/bannerjardines.jpg HTTP/1.1" 200 417948
186.155.120.46 - - [31/Dec/2019:21:18:11 -0500] "GET /galeria/nivo-slider/demo/images/puntos%20atencion%20BANNER.jpg HTTP/1.1" 200 244208
186.155.120.46 - - [31/Dec/2019:21:18:11 -0500] "GET /galeria/nivo-slider/demo/style.css HTTP/1.1" 200 2222
186.155.120.46 - - [31/Dec/2019:21:18:11 -0500] "GET /galeria/nivo-slider/demo/images/Banner%20Visor%20Geografico%20Ambiental.jpg HTTP/1.1" 200 204673
186.155.120.46 - - [31/Dec/2019:21:18:12 -0500] "GET /galeria/nivo-slider/demo/images/banneragendamiento.jpg HTTP/1.1" 200 116897
186.155.120.46 - - [31/Dec/2019:21:18:13 -0500] "GET /galeria/nivo-slider/demo/images/Bannercalculadora.jpg HTTP/1.1" 200 313099
186.155.120.46 - - [31/Dec/2019:21:18:15 -0500] "GET /galeria/nivo-slider/demo/images/Banner%20POT.png HTTP/1.1" 200 418238
186.155.120.46 - - [31/Dec/2019:21:18:15 -0500] "GET /galeria/nivo-slider/demo/images/Banneranonimos.png HTTP/1.1" 200 109388
186.155.120.46 - - [31/Dec/2019:21:18:15 -0500] "GET /galeria/nivo-slider/demo/images/Banner%20practicas%20sostenibles.jpg HTTP/1.1" 200 142958
186.155.120.46 - - [31/Dec/2019:21:18:15 -0500] "GET /galeria/nivo-slider/demo/scripts/jquery-1.7.1.min.js HTTP/1.1" 200 93868
186.155.120.46 - - [31/Dec/2019:21:18:15 -0500] "GET /galeria/nivo-slider/demo/images/Banner%20RCD.jpg HTTP/1.1" 200 92197
186.155.120.46 - - [31/Dec/2019:21:18:15 -0500] "GET /galeria/nivo-slider/demo/images/Banner%20consumo%20sostenible%20final.jpg HTTP/1.1" 200 364746
186.155.120.46 - - [31/Dec/2019:21:18:16 -0500] "GET /galeria/nivo-slider/demo/images/Banner%20Conpes.jpg HTTP/1.1" 200 55220
186.155.120.46 - - [31/Dec/2019:21:18:17 -0500] "GET /galeria/nivo-slider/demo/images/diciembrecaminatas.png HTTP/1.1" 200 510724
186.155.120.46 - - [31/Dec/2019:21:18:17 -0500] "GET /galeria/nivo-slider/jquery.nivo.slider.pack.js HTTP/1.1" 200 11561
186.155.120.46 - - [31/Dec/2019:21:18:18 -0500] "GET /galeria/nivo-slider/themes/default/loading.gif HTTP/1.1" 200 1737
186.155.120.46 - - [31/Dec/2019:21:18:18 -0500] "GET /galeria/nivo-slider/demo/images/4Simple_Slider.png HTTP/1.1" 200 11722
66.249.64.59 - - [31/Dec/2019:21:18:26 -0500] "GET /BLA/resoluciones/RESOLUCIONES%202010/1651.pdf HTTP/1.1" 200 446888
186.155.120.46 - - [31/Dec/2019:21:18:26 -0500] "GET /galeria/nivo-slider/themes/default/bullets.png HTTP/1.1" 200 1281
186.155.120.46 - - [31/Dec/2019:21:18:27 -0500] "GET /galeria/nivo-slider/themes/default/arrows.png HTTP/1.1" 200 824
186.155.120.46 - - [31/Dec/2019:21:18:36 -0500] "GET /calculadora/? HTTP/1.1" 200 5879
186.155.120.46 - - [31/Dec/2019:21:18:37 -0500] "GET /calculadora/fonts/font-awesome-4.7.0/css/font-awesome.min.css HTTP/1.1" 200 31000
186.155.120.46 - - [31/Dec/2019:21:18:37 -0500] "GET /calculadora/vendor/css-hamburgers/hamburgers.min.css HTTP/1.1" 200 19686
186.155.120.46 - - [31/Dec/2019:21:18:37 -0500] "GET /calculadora/vendor/select2/select2.min.css HTTP/1.1" 200 15196
186.155.120.46 - - [31/Dec/2019:21:18:37 -0500] "GET /calculadora/ajax_calculadora.js HTTP/1.1" 200 1470
186.155.120.46 - - [31/Dec/2019:21:18:37 -0500] "GET /calculadora/vendor/daterangepicker/daterangepicker.css HTTP/1.1" 200 8163
186.155.120.46 - - [31/Dec/2019:21:18:37 -0500] "GET /calculadora/vendor/animate/animate.css HTTP/1.1" 200 23848
186.155.120.46 - - [31/Dec/2019:21:18:37 -0500] "GET /calculadora/css/main.css HTTP/1.1" 200 9984
186.155.120.46 - - [31/Dec/2019:21:18:37 -0500] "GET /calculadora/fonts/Linearicons-Free-v1.0.0/icon-font.min.css HTTP/1.1" 200 7354
186.155.120.46 - - [31/Dec/2019:21:18:37 -0500] "GET /calculadora/js/main.js HTTP/1.1" 200 1424
186.155.120.46 - - [31/Dec/2019:21:18:38 -0500] "GET /calculadora/vendor/animsition/css/animsition.min.css HTTP/1.1" 200 27478
186.155.120.46 - - [31/Dec/2019:21:18:38 -0500] "GET /calculadora/css/util.css HTTP/1.1" 200 86814
186.155.120.46 - - [31/Dec/2019:21:18:38 -0500] "GET /calculadora/vendor/bootstrap/css/bootstrap.min.css HTTP/1.1" 200 124962
186.155.120.46 - - [31/Dec/2019:21:18:39 -0500] "GET /calculadora/fonts/poppins/Poppins-Regular.ttf HTTP/1.1" 200 145312
186.155.120.46 - - [31/Dec/2019:21:18:39 -0500] "GET /calculadora/fonts/montserrat/Montserrat-Bold.ttf HTTP/1.1" 200 261588
186.155.120.46 - - [31/Dec/2019:21:18:39 -0500] "GET /calculadora/images/calculadora-solar1.jpg HTTP/1.1" 200 5293505
66.249.64.28 - - [31/Dec/2019:21:18:56 -0500] "GET /SIG/ECS/126PM04-PR106.pdf HTTP/1.1" 200 1713136
66.249.88.19 - - [31/Dec/2019:21:19:11 -0500] "GET /galeria/galeria/jquery.fancybox.css?v=2.1.5 HTTP/1.1" 200 4895
66.249.88.25 - - [31/Dec/2019:21:19:11 -0500] "GET /galeria/carrusel/Carrusel/jquery.thumbnailScroller.css HTTP/1.1" 200 2066
66.249.88.25 - - [31/Dec/2019:21:19:11 -0500] "GET /BLA/boletinlegal/js/jquery.scrollShow.js HTTP/1.1" 200 4586
66.249.88.19 - - [31/Dec/2019:21:19:11 -0500] "GET /galeria/galeria/jquery.fancybox.js?v=2.1.5 HTTP/1.1" 200 48706
66.249.88.25 - - [31/Dec/2019:21:19:11 -0500] "GET /galeria/carrusel/Carrusel/jquery-ui-1.8.13.custom.min.js HTTP/1.1" 200 10800
66.249.88.25 - - [31/Dec/2019:21:19:11 -0500] "GET /galeria/carrusel/Carrusel/jquery.thumbnailScroller.js HTTP/1.1" 200 8157
66.249.88.23 - - [31/Dec/2019:21:19:12 -0500] "GET /galeria/nivo-slider/demo/inicio.html HTTP/1.1" 200 4435
66.249.88.25 - - [31/Dec/2019:21:19:13 -0500] "GET /galeria/nivo-slider/themes/default/default.css HTTP/1.1" 200 1569
66.249.88.25 - - [31/Dec/2019:21:19:13 -0500] "GET /galeria/nivo-slider/themes/pascal/pascal.css HTTP/1.1" 200 2258
66.249.88.25 - - [31/Dec/2019:21:19:13 -0500] "GET /galeria/nivo-slider/themes/orman/orman.css HTTP/1.1" 200 2152
66.249.88.19 - - [31/Dec/2019:21:19:13 -0500] "GET /galeria/nivo-slider/demo/images/Bannercalculadora.jpg HTTP/1.1" 200 313099
66.249.88.19 - - [31/Dec/2019:21:19:13 -0500] "GET /galeria/nivo-slider/nivo-slider.css HTTP/1.1" 200 1507
66.249.88.25 - - [31/Dec/2019:21:19:13 -0500] "GET /galeria/nivo-slider/demo/style.css HTTP/1.1" 200 2222
66.249.88.19 - - [31/Dec/2019:21:19:13 -0500] "GET /galeria/nivo-slider/demo/scripts/jquery-1.7.1.min.js HTTP/1.1" 200 93868
66.249.88.25 - - [31/Dec/2019:21:19:13 -0500] "GET /galeria/nivo-slider/demo/images/bannerwebmusgo.jpg HTTP/1.1" 200 367364
66.249.88.19 - - [31/Dec/2019:21:19:13 -0500] "GET /galeria/nivo-slider/jquery.nivo.slider.pack.js HTTP/1.1" 200 11561
66.249.88.23 - - [31/Dec/2019:21:19:13 -0500] "GET /galeria/nivo-slider/demo/images/banneragendamiento.jpg HTTP/1.1" 200 116897
66.249.88.25 - - [31/Dec/2019:21:19:13 -0500] "GET /galeria/nivo-slider/themes/default/loading.gif HTTP/1.1" 200 1737
66.249.88.19 - - [31/Dec/2019:21:19:13 -0500] "GET /galeria/nivo-slider/demo/images/bannerjardines.jpg HTTP/1.1" 200 417948
66.249.88.23 - - [31/Dec/2019:21:19:13 -0500] "GET /galeria/nivo-slider/demo/images/4Simple_Slider.png HTTP/1.1" 200 11722
66.249.88.19 - - [31/Dec/2019:21:19:13 -0500] "GET /galeria/nivo-slider/demo/images/banneriniciativa.jpg HTTP/1.1" 200 200385
66.249.88.23 - - [31/Dec/2019:21:19:13 -0500] "GET /galeria/nivo-slider/demo/images/diciembrecaminatas.png HTTP/1.1" 200 510724
66.249.88.23 - - [31/Dec/2019:21:19:13 -0500] "GET /galeria/nivo-slider/demo/images/Banner%20tinguas.jpg HTTP/1.1" 200 214878
66.249.88.23 - - [31/Dec/2019:21:19:14 -0500] "GET /galeria/nivo-slider/demo/images/Bannerserpiente2019.jpg HTTP/1.1" 200 270374
66.249.88.23 - - [31/Dec/2019:21:19:14 -0500] "GET /galeria/nivo-slider/demo/images/puntos%20atencion%20BANNER.jpg HTTP/1.1" 200 244208
66.249.88.19 - - [31/Dec/2019:21:19:15 -0500] "GET /galeria/nivo-slider/demo/images/Banner%20Visor%20Geografico%20Ambiental.jpg HTTP/1.1" 200 204673
66.249.88.19 - - [31/Dec/2019:21:19:15 -0500] "GET /galeria/nivo-slider/demo/images/Banner%20RCD.jpg HTTP/1.1" 200 92197
66.249.88.23 - - [31/Dec/2019:21:19:15 -0500] "GET /galeria/nivo-slider/demo/images/Banner%20consumo%20sostenible%20final.jpg HTTP/1.1" 200 364746
66.249.88.25 - - [31/Dec/2019:21:19:15 -0500] "GET /galeria/nivo-slider/demo/images/Banner%20Conpes.jpg HTTP/1.1" 200 55220
66.249.88.23 - - [31/Dec/2019:21:19:15 -0500] "GET /galeria/nivo-slider/demo/images/Banner%20POT.png HTTP/1.1" 200 418238
66.249.88.25 - - [31/Dec/2019:21:19:15 -0500] "GET /galeria/nivo-slider/demo/images/Banner%20practicas%20sostenibles.jpg HTTP/1.1" 200 142958
66.249.88.25 - - [31/Dec/2019:21:19:16 -0500] "GET /galeria/nivo-slider/demo/images/Banneranonimos.png HTTP/1.1" 200 109388
66.249.88.23 - - [31/Dec/2019:21:19:17 -0500] "GET /galeria/nivo-slider/themes/default/bullets.png HTTP/1.1" 200 1281
66.249.88.25 - - [31/Dec/2019:21:19:17 -0500] "GET /galeria/nivo-slider/themes/default/arrows.png HTTP/1.1" 200 824
66.249.64.59 - - [31/Dec/2019:21:19:26 -0500] "GET /BLA/resoluciones/AUTOS%202016/1026.pdf HTTP/1.1" 200 541135
54.36.150.141 - - [31/Dec/2019:21:19:42 -0500] "GET /BLA/resoluciones/RESOLUCIONES%202003/RES%202003%201351-1400/20031394.tif HTTP/1.1" 200 42468
66.249.64.59 - - [31/Dec/2019:21:19:56 -0500] "GET /BLA/resoluciones/RESOLUCIONES%202007/RES%202007%20801%20AL%20900/RESOLUCION%200827%20DE%202007.pdf HTTP/1.1" 200 222252
186.155.120.46 - - [31/Dec/2019:21:21:11 -0500] "GET /BLA/boletinlegal/js/jquery.scrollShow.js HTTP/1.1" 200 4586
186.155.120.46 - - [31/Dec/2019:21:21:11 -0500] "GET /galeria/galeria/jquery.fancybox.js?v=2.1.5 HTTP/1.1" 200 48706
186.155.120.46 - - [31/Dec/2019:21:21:11 -0500] "GET /galeria/galeria/jquery.fancybox.css?v=2.1.5 HTTP/1.1" 200 4895
69.162.124.232 - - [31/Dec/2019:21:21:18 -0500] "HEAD / HTTP/1.1" 200 -
66.249.65.250 - - [31/Dec/2019:21:21:26 -0500] "GET /BLA/resoluciones/Notificaciones/AUTOS%202014/1626.doc HTTP/1.1" 200 380928
54.36.150.77 - - [31/Dec/2019:21:22:17 -0500] "GET /galeria/galeria/fotos/Humedal-techo3G.jpg HTTP/1.1" 200 378344
66.249.64.59 - - [31/Dec/2019:21:23:26 -0500] "GET /BLA/resoluciones/AUTOS%202009/2210.pdf HTTP/1.1" 200 112780
186.114.103.91 - - [31/Dec/2019:21:23:49 -0500] "GET /galeria/nivo-slider/demo/inicio.html HTTP/1.1" 304 -
66.249.64.59 - - [31/Dec/2019:21:23:56 -0500] "GET /BLA/resoluciones/AUTOS%202016/2183.pdf HTTP/1.1" 200 519895
186.114.103.91 - - [31/Dec/2019:21:24:05 -0500] "GET /galeria/nivo-slider/demo/images/bannerjardines.jpg HTTP/1.1" 304 -
207.46.13.161 - - [31/Dec/2019:21:24:04 -0500] "GET /BLA/resoluciones/RESOLUCIONES%202010/?C=N;O=D HTTP/1.1" 200 1114290
40.77.167.45 - - [31/Dec/2019:21:24:17 -0500] "GET /BLA/boletinlegal/Directivas/2016/Directiva%20No.%2002%20del%2019%20de%20Abril%20de%202016.pdf HTTP/1.1" 304 -
66.249.64.59 - - [31/Dec/2019:21:24:26 -0500] "GET /BLA/resoluciones/RESOLUCIONES%202008/2731.pdf HTTP/1.1" 200 88809
66.249.64.59 - - [31/Dec/2019:21:24:56 -0500] "GET /BLA/resoluciones/AUTOS%202009/0918.pdf HTTP/1.1" 200 122011
46.229.168.137 - - [31/Dec/2019:21:25:25 -0500] "GET /robots.txt HTTP/1.1" 404 1019
46.229.168.136 - - [31/Dec/2019:21:25:25 -0500] "GET /Anexos%20estudio%20Organizacional%20SDA/index.php?dir=ANEXO%2BNo.%2B8%2B-%2BMATRICES%2BDE%2BREGISTRO%2BY%2BDE%2BSALIDA%2BMEDICI%C3%83%C2%83%C3%82%C2%93N%2BCARGAS%2BLABORALES%2BSDA%2F&order=desc&sort=size HTTP/1.1" 200 6261
66.249.64.59 - - [31/Dec/2019:21:25:26 -0500] "GET /BLA/resoluciones/RESOLUCIONES%202009/0158.pdf HTTP/1.1" 304 -
161.18.169.47 - - [31/Dec/2019:21:25:39 -0500] "GET /BLA/boletinlegal/js/jquery.scrollShow.js HTTP/1.1" 200 4586
161.18.169.47 - - [31/Dec/2019:21:25:39 -0500] "GET /galeria/galeria/jquery.fancybox.js?v=2.1.5 HTTP/1.1" 200 48706
161.18.169.47 - - [31/Dec/2019:21:25:39 -0500] "GET /galeria/galeria/jquery.fancybox.css?v=2.1.5 HTTP/1.1" 200 4895
161.18.169.47 - - [31/Dec/2019:21:25:40 -0500] "GET /galeria/carrusel/Carrusel/jquery.thumbnailScroller.css HTTP/1.1" 200 2066
161.18.169.47 - - [31/Dec/2019:21:25:40 -0500] "GET /galeria/carrusel/Carrusel/jquery-ui-1.8.13.custom.min.js HTTP/1.1" 200 10800
161.18.169.47 - - [31/Dec/2019:21:25:40 -0500] "GET /galeria/carrusel/Carrusel/jquery.thumbnailScroller.js HTTP/1.1" 200 8157
66.249.64.59 - - [31/Dec/2019:21:25:56 -0500] "GET /BLA/resoluciones/AUTOS%202009/3403.pdf HTTP/1.1" 200 96167
161.18.169.47 - - [31/Dec/2019:21:26:00 -0500] "GET /galeria/nivo-slider/demo/inicio.html HTTP/1.1" 200 4435
161.18.169.47 - - [31/Dec/2019:21:26:00 -0500] "GET /galeria/nivo-slider/demo/style.css HTTP/1.1" 200 2222
161.18.169.47 - - [31/Dec/2019:21:26:00 -0500] "GET /galeria/nivo-slider/themes/orman/orman.css HTTP/1.1" 200 2152
161.18.169.47 - - [31/Dec/2019:21:26:00 -0500] "GET /galeria/nivo-slider/nivo-slider.css HTTP/1.1" 200 1507
161.18.169.47 - - [31/Dec/2019:21:26:00 -0500] "GET /galeria/nivo-slider/themes/pascal/pascal.css HTTP/1.1" 200 2258
161.18.169.47 - - [31/Dec/2019:21:26:00 -0500] "GET /galeria/nivo-slider/themes/default/default.css HTTP/1.1" 200 1569
161.18.169.47 - - [31/Dec/2019:21:26:00 -0500] "GET /galeria/nivo-slider/demo/images/Bannerserpiente2019.jpg HTTP/1.1" 200 270374
161.18.169.47 - - [31/Dec/2019:21:26:01 -0500] "GET /galeria/nivo-slider/demo/images/bannerwebmusgo.jpg HTTP/1.1" 200 367364
161.18.169.47 - - [31/Dec/2019:21:26:01 -0500] "GET /galeria/nivo-slider/demo/images/puntos%20atencion%20BANNER.jpg HTTP/1.1" 200 244208
161.18.169.47 - - [31/Dec/2019:21:26:02 -0500] "GET /galeria/nivo-slider/demo/images/banneragendamiento.jpg HTTP/1.1" 200 116897
161.18.169.47 - - [31/Dec/2019:21:26:03 -0500] "GET /galeria/nivo-slider/demo/images/banneriniciativa.jpg HTTP/1.1" 200 200385
161.18.169.47 - - [31/Dec/2019:21:26:03 -0500] "GET /galeria/nivo-slider/demo/images/bannerjardines.jpg HTTP/1.1" 200 417948
161.18.169.47 - - [31/Dec/2019:21:26:14 -0500] "GET /galeria/nivo-slider/demo/images/diciembrecaminatas.png HTTP/1.1" 200 510724
69.162.124.232 - - [31/Dec/2019:21:26:18 -0500] "HEAD / HTTP/1.1" 200 -
201.245.192.253 - - [31/Dec/2019:21:26:17 -0500] "POST /kwsrmcab/Wsrmcab HTTP/1.1" 200 32323
66.249.64.59 - - [31/Dec/2019:21:27:26 -0500] "GET /BLA/resoluciones/RESOLUCIONES%202015/1170.pdf HTTP/1.1" 200 867178
40.77.167.45 - - [31/Dec/2019:21:27:59 -0500] "GET / HTTP/1.1" 200 9990
66.249.64.59 - - [31/Dec/2019:21:27:59 -0500] "GET /BLA/resoluciones/RESOLUCIONES%202010/0924.pdf HTTP/1.1" 200 99875
66.249.64.59 - - [31/Dec/2019:21:28:26 -0500] "GET /BLA/resoluciones/RESOLUCIONES%202007/RES%202007%20101%20AL%20200/RESOLUCION%200122%20%20DE%202007.pdf HTTP/1.1" 200 142868
66.249.64.59 - - [31/Dec/2019:21:28:56 -0500] "GET /BLA/resoluciones/AUTOS%202015/1399.pdf HTTP/1.1" 200 673673
46.229.168.135 - - [31/Dec/2019:21:29:18 -0500] "GET /Autoliquidacion/index.php?dir=Cobro%2BEvaluacion%2BCertificaci%C3%83%C2%83%C3%82%C2%83%C3%83%C2%82%C3%82%C2%B3n%2BPara%2BLa%2BDeducci%C3%83%C2%83%C3%82%C2%83%C3%83%C2%82%C3%82%C2%B3n%2BPor%2BInversi%C3%83%C2%83%C3%82%C2%83%C3%83%C2%82%C3%82%C2%B3n%2BEn%2BMedio%2BAmbiente%2F&order=desc&sort=name HTTP/1.1" 200 6906
159.138.150.138 - - [31/Dec/2019:21:29:19 -0500] "GET /galeria/galeria/fotos/Humedal-vaca6G.jpg HTTP/1.1" 200 176858
66.249.64.59 - - [31/Dec/2019:21:29:26 -0500] "GET /BLA/resoluciones/RESOLUCIONES%202015/0541.pdf HTTP/1.1" 200 650641
66.249.64.61 - - [31/Dec/2019:21:29:56 -0500] "GET /BLA/resoluciones/AUTOS%202015/1870.pdf HTTP/1.1" 200 521216
66.249.64.59 - - [31/Dec/2019:21:30:26 -0500] "GET /BLA/resoluciones/AUTOS%202015/4932.pdf HTTP/1.1" 200 486497
66.249.64.59 - - [31/Dec/2019:21:30:58 -0500] "GET /BLA/resoluciones/AUTOS%202015/6019.pdf HTTP/1.1" 200 487783
69.162.124.232 - - [31/Dec/2019:21:31:18 -0500] "HEAD / HTTP/1.1" 200 -
66.249.64.59 - - [31/Dec/2019:21:31:26 -0500] "GET /BLA/resoluciones/RESOLUCIONES%202017/1860.pdf HTTP/1.1" 304 -
66.249.64.59 - - [31/Dec/2019:21:32:39 -0500] "GET /BLA/resoluciones/AUTOS%202015/4928.pdf HTTP/1.1" 200 405915
66.249.64.59 - - [31/Dec/2019:21:32:50 -0500] "GET /BLA/resoluciones/AUTOS%202015/1606.pdf HTTP/1.1" 200 587010
66.249.64.59 - - [31/Dec/2019:21:33:29 -0500] "GET /BLA/resoluciones/AUTOS%202015/3454.pdf HTTP/1.1" 200 628821
66.249.64.59 - - [31/Dec/2019:21:33:56 -0500] "GET /BLA/resoluciones/RESOLUCIONES%202011/0428.pdf HTTP/1.1" 200 70781
66.249.64.59 - - [31/Dec/2019:21:34:26 -0500] "GET /BLA/resoluciones/AUTOS%202015/5451.pdf HTTP/1.1" 200 713677
66.249.64.59 - - [31/Dec/2019:21:34:56 -0500] "GET /BLA/resoluciones/AUTOS%202015/3717.pdf HTTP/1.1" 200 574610
66.249.64.59 - - [31/Dec/2019:21:35:26 -0500] "GET /BLA/resoluciones/AUTOS%202013/0112.pdf HTTP/1.1" 200 1131232
66.102.6.187 - - [31/Dec/2019:21:35:42 -0500] "GET /sig/MECI/DOCUMENTOS/Informe%20de%20Gestion/INFORME%20DE%20GESTION%202008%202010VersionFinal.pdf HTTP/1.1" 404 1018
66.249.64.61 - - [31/Dec/2019:21:35:56 -0500] "GET /BLA/resoluciones/AUTOS%202013/1488.pdf HTTP/1.1" 200 859437
216.244.66.195 - - [31/Dec/2019:21:36:08 -0500] "GET /BLA/resoluciones/RESOLUCIONES%202014/0532.pdf HTTP/1.1" 200 533573
69.162.124.232 - - [31/Dec/2019:21:36:18 -0500] "HEAD / HTTP/1.1" 200 -
66.249.64.59 - - [31/Dec/2019:21:36:34 -0500] "GET /BLA/resoluciones/RESOLUCIONES%202007/RES%202007%20301%20AL%20400/RESOLUCION%200310%20DE%202007.pdf HTTP/1.1" 200 174861
201.245.192.253 - - [31/Dec/2019:21:36:18 -0500] "POST /kwsrmcab/Wsrmcab HTTP/1.1" 200 32323
66.249.64.59 - - [31/Dec/2019:21:36:56 -0500] "GET /BLA/resoluciones/RESOLUCIONES%202011/4481.pdf HTTP/1.1" 200 387562
216.244.66.195 - - [31/Dec/2019:21:37:01 -0500] "GET /BLA/resoluciones/RESOLUCIONES%202014/0559.pdf HTTP/1.1" 200 196911
186.155.250.153 - - [31/Dec/2019:21:37:05 -0500] "GET /BLA/boletinlegal/js/jquery.scrollShow.js HTTP/1.1" 200 4586
186.155.250.153 - - [31/Dec/2019:21:37:05 -0500] "GET /galeria/galeria/jquery.fancybox.js?v=2.1.5 HTTP/1.1" 200 48706
186.155.250.153 - - [31/Dec/2019:21:37:05 -0500] "GET /galeria/galeria/jquery.fancybox.css?v=2.1.5 HTTP/1.1" 200 4895
186.155.250.153 - - [31/Dec/2019:21:37:10 -0500] "GET /galeria/galeria/jquery.fancybox.js?v=2.1.5 HTTP/1.1" 304 -
186.155.250.153 - - [31/Dec/2019:21:37:10 -0500] "GET /BLA/boletinlegal/js/jquery.scrollShow.js HTTP/1.1" 304 -
186.155.250.153 - - [31/Dec/2019:21:37:10 -0500] "GET /galeria/galeria/jquery.fancybox.css?v=2.1.5 HTTP/1.1" 304 -
46.229.168.147 - - [31/Dec/2019:21:37:13 -0500] "GET /Autoliquidacion/index.php?dir=TR%C3%83%C2%83%C3%82%C2%81MITES%2BAGUAS%2BSUBTERR%C3%83%C2%83%C3%82%C2%81NEAS%2F&order=desc&sort=size HTTP/1.1" 200 6654
66.249.64.59 - - [31/Dec/2019:21:37:54 -0500] "GET /BLA/resoluciones/RESOLUCIONES%20CONJUNTAS/Resolucion%20Conjunta%2003%20del%2023%20de%20febrero%20de%202015.pdf HTTP/1.1" 200 12946950
216.244.66.195 - - [31/Dec/2019:21:38:15 -0500] "GET /BLA/resoluciones/RESOLUCIONES%202014/0658.pdf HTTP/1.1" 200 465638
66.249.64.39 - - [31/Dec/2019:21:38:26 -0500] "GET /BLA/resoluciones/RESOLUCIONES%202011/1305.pdf HTTP/1.1" 200 68875
66.249.64.47 - - [31/Dec/2019:21:38:56 -0500] "GET /BLA/resoluciones/AUTOS%202011/6423.pdf HTTP/1.1" 200 180264
66.249.88.23 - - [31/Dec/2019:21:39:02 -0500] "GET /BLA/boletinlegal/js/jquery.scrollShow.js HTTP/1.1" 200 4586
66.249.88.19 - - [31/Dec/2019:21:39:02 -0500] "GET /galeria/galeria/jquery.fancybox.js?v=2.1.5 HTTP/1.1" 200 48706
66.249.88.23 - - [31/Dec/2019:21:39:02 -0500] "GET /galeria/galeria/jquery.fancybox.css?v=2.1.5 HTTP/1.1" 200 4895
216.244.66.195 - - [31/Dec/2019:21:39:06 -0500] "GET /BLA/resoluciones/RESOLUCIONES%202014/0704.pdf HTTP/1.1" 200 216566
66.249.64.61 - - [31/Dec/2019:21:39:26 -0500] "GET /BLA/resoluciones/RESOLUCIONES%202007/RES%202007%202801%20AL%202900/RESOLUCION%202825%20%20DE%202007.pdf HTTP/1.1" 200 25656
66.249.64.29 - - [31/Dec/2019:21:39:56 -0500] "GET /SIG/ECS/126PM04-PR23.pdf HTTP/1.1" 200 1821963
216.244.66.195 - - [31/Dec/2019:21:40:15 -0500] "GET /BLA/resoluciones/RESOLUCIONES%202014/1013.pdf HTTP/1.1" 200 463904
66.249.64.59 - - [31/Dec/2019:21:40:26 -0500] "GET /BLA/resoluciones/RESOLUCIONES%202014/2760.pdf HTTP/1.1" 200 665480
186.154.33.253 - - [31/Dec/2019:21:40:48 -0500] "GET /galeria/galeria/jquery.fancybox.css?v=2.1.5 HTTP/1.1" 200 4895
186.154.33.253 - - [31/Dec/2019:21:40:48 -0500] "GET /BLA/boletinlegal/js/jquery.scrollShow.js HTTP/1.1" 200 4586
186.154.33.253 - - [31/Dec/2019:21:40:48 -0500] "GET /galeria/galeria/jquery.fancybox.js?v=2.1.5 HTTP/1.1" 200 48706
66.249.64.59 - - [31/Dec/2019:21:40:56 -0500] "GET /BLA/resoluciones/AUTOS%202015/4540.pdf HTTP/1.1" 200 481134
54.36.150.81 - - [31/Dec/2019:21:41:04 -0500] "GET /BLA/resoluciones/RESOLUCIONES%202002/RES%202002%201651-1700/20021654.tif HTTP/1.1" 200 90800
216.244.66.195 - - [31/Dec/2019:21:41:05 -0500] "GET /BLA/resoluciones/RESOLUCIONES%202014/1342.pdf HTTP/1.1" 200 369845
69.162.124.232 - - [31/Dec/2019:21:41:18 -0500] "HEAD / HTTP/1.1" 200 -
66.249.64.59 - - [31/Dec/2019:21:41:26 -0500] "GET /BLA/resoluciones/RESOLUCIONES%202014/2368.pdf HTTP/1.1" 200 807464
66.249.64.59 - - [31/Dec/2019:21:41:56 -0500] "GET /BLA/resoluciones/AUTOS%202015/3827.pdf HTTP/1.1" 200 501898
54.36.148.117 - - [31/Dec/2019:21:41:59 -0500] "GET /galeria/galeria/fotos/Humedal-Santa-Mar%C3%ADa-del-Lago4G.jpg HTTP/1.1" 200 361652
66.249.64.59 - - [31/Dec/2019:21:42:26 -0500] "GET /BLA/resoluciones/RESOLUCIONES%202009/1306.pdf HTTP/1.1" 200 477193
66.249.64.59 - - [31/Dec/2019:21:42:56 -0500] "GET /BLA/resoluciones/AUTOS%202013/2911.pdf HTTP/1.1" 200 512969
216.244.66.195 - - [31/Dec/2019:21:43:21 -0500] "GET /BLA/resoluciones/RESOLUCIONES%202014/1363.pdf HTTP/1.1" 200 741765
66.249.64.59 - - [31/Dec/2019:21:43:26 -0500] "GET /BLA/resoluciones/AUTOS%202009/0183.pdf HTTP/1.1" 200 104908
54.36.148.92 - - [31/Dec/2019:21:43:37 -0500] "GET /BLA/resoluciones/RESOLUCIONES%202002/RES%202002%201701-1750/20021711.tif HTTP/1.1" 200 108802
