192.99.10.39 - - [31/Dec/2019:06:25:49 -0500] "GET /PruebasSTORM/StormSDA_pruebas/userFiles/user_files/87/?C=S;O=A/ HTTP/1.1" 200 1756
192.99.10.39 - - [31/Dec/2019:06:26:09 -0500] "GET /PruebasSTORM/StormSDA_pruebas/userFiles/user_files/91/?C=M;O=D/ HTTP/1.1" 200 1756
69.162.124.232 - - [31/Dec/2019:06:26:23 -0500] "HEAD / HTTP/1.1" 200 -
216.244.66.195 - - [31/Dec/2019:06:26:23 -0500] "GET /BLA/resoluciones/RESOLUCIONES%202010/0831.pdf HTTP/1.1" 200 102758
192.99.10.39 - - [31/Dec/2019:06:26:27 -0500] "GET /PruebasSTORM/StormSDA_pruebas/userFiles/user_files/92/?C=S;O=A/ HTTP/1.1" 200 1756
198.27.70.196 - - [31/Dec/2019:06:26:28 -0500] "GET /PORTAL_SIAC/?C=M;O=D/ HTTP/1.1" 200 1215
192.99.10.39 - - [31/Dec/2019:06:26:45 -0500] "GET /SIG/index.php?dir=Comunicaciones/&sort=size&order=desc/ HTTP/1.1" 200 2914
66.249.64.59 - - [31/Dec/2019:06:26:46 -0500] "GET /BLA/resoluciones/AUTOS%202007/1581.pdf HTTP/1.1" 200 31098
201.245.192.253 - - [31/Dec/2019:06:26:21 -0500] "POST /kwsrmcab/Wsrmcab HTTP/1.1" 200 30995
192.99.10.39 - - [31/Dec/2019:06:27:07 -0500] "GET /SIG/index.php?dir=Control%20Disciplinario/&sort=date&order=desc/ HTTP/1.1" 200 2703
198.27.70.196 - - [31/Dec/2019:06:27:07 -0500] "GET /PORTAL_SIAC/?C=N;O=D/ HTTP/1.1" 200 1215
216.244.66.195 - - [31/Dec/2019:06:27:13 -0500] "GET /BLA/resoluciones/RESOLUCIONES%202010/0968.pdf HTTP/1.1" 200 432667
66.249.64.183 - - [31/Dec/2019:06:27:19 -0500] "GET /robots.txt HTTP/1.1" 404 1015
66.249.64.183 - - [31/Dec/2019:06:27:20 -0500] "GET /Autoliquidacion/TR%C3%81MITES%20ACEITES-RESIDUOS-ESTACIONES/REGISTRO%20COMO%20ACOPIADOR%20PRIMARIO/Solicitud%20de%20inscripci%C3%B3n%20como%20acopiador%20primario%20de%20aceites%20usados.doc HTTP/1.1" 304 -
66.249.64.59 - - [31/Dec/2019:06:27:23 -0500] "GET /BLA/resoluciones/RESOLUCIONES%202013/1095.pdf HTTP/1.1" 200 773644
46.229.168.162 - - [31/Dec/2019:06:27:28 -0500] "GET /Anexos%20estudio%20Organizacional%20SDA/index.php?dir=ANEXO%2BNo.%2B3-%2BCONTRATACI%C3%83%C2%83%C3%82%C2%83%C3%83%C2%82%C3%82%C2%83%C3%83%C2%83%C3%82%C2%82%C3%83%C2%82%C3%82%C2%93N%2B%2BOPS%C3%83%C2%83%C3%82%C2%83%C3%83%C2%82%C3%82%C2%82%C3%83%C2%83%C3%82%C2%82%C3%83%C2%82%C3%82%C2%B4s%2B2008-2012%2F&order=asc&sort=size HTTP/1.1" 200 6325
192.99.10.39 - - [31/Dec/2019:06:27:32 -0500] "GET /SIG/index.php?dir=Control%20Disciplinario/&sort=name&order=desc/ HTTP/1.1" 200 2703
66.249.64.59 - - [31/Dec/2019:06:27:34 -0500] "GET /BLA/resoluciones/AUTOS%202015/5739.pdf HTTP/1.1" 304 -
66.249.64.59 - - [31/Dec/2019:06:27:37 -0500] "GET /BLA/resoluciones/RESOLUCIONES%202008/2321.pdf HTTP/1.1" 200 356388
192.99.10.39 - - [31/Dec/2019:06:27:50 -0500] "GET /SIG/index.php?dir=Control%20y%20mejora/Control%20y%20mejora/&sort=size&order=desc/ HTTP/1.1" 200 2842
66.249.64.59 - - [31/Dec/2019:06:28:06 -0500] "GET /BLA/resoluciones/AUTOS%202007/2910.pdf HTTP/1.1" 200 73174
192.99.10.39 - - [31/Dec/2019:06:28:17 -0500] "GET /SIG/index.php?dir=Gestion%20Recursos%20Financieros/&sort=name&order=desc/ HTTP/1.1" 200 8842
198.27.70.196 - - [31/Dec/2019:06:28:24 -0500] "GET /PruebasSTORM/StormSDA_pruebas/userFiles/user_files/85/?C=D;O=D/ HTTP/1.1" 200 1752
192.99.10.39 - - [31/Dec/2019:06:28:35 -0500] "GET /SIG/index.php?dir=Gestion%20Recursos%20Financieros/&sort=size&order=desc/ HTTP/1.1" 200 8842
192.99.10.39 - - [31/Dec/2019:06:28:53 -0500] "GET /StormSDA/stormWeb/?C=M;O=A/ HTTP/1.1" 200 1191
66.249.88.23 - - [31/Dec/2019:06:28:56 -0500] "GET /BLA/boletinlegal/js/jquery.scrollShow.js HTTP/1.1" 200 4586
66.249.88.25 - - [31/Dec/2019:06:28:56 -0500] "GET /galeria/galeria/jquery.fancybox.css?v=2.1.5 HTTP/1.1" 200 4895
66.249.88.25 - - [31/Dec/2019:06:28:56 -0500] "GET /galeria/galeria/jquery.fancybox.js?v=2.1.5 HTTP/1.1" 200 48706
198.27.70.196 - - [31/Dec/2019:06:29:05 -0500] "GET /PruebasSTORM/StormSDA_pruebas/userFiles/user_files/87/?C=D;O=D/ HTTP/1.1" 200 1752
192.99.10.39 - - [31/Dec/2019:06:29:13 -0500] "GET /StormSDA/storm_silv/?C=D;O=A/ HTTP/1.1" 200 5788
198.27.70.196 - - [31/Dec/2019:06:29:28 -0500] "GET /PruebasSTORM/StormSDA_pruebas/userFiles/user_files/87/?C=S;O=D/ HTTP/1.1" 200 1752
216.244.66.195 - - [31/Dec/2019:06:29:34 -0500] "GET /BLA/resoluciones/RESOLUCIONES%202010/1112.pdf HTTP/1.1" 200 93535
192.99.10.39 - - [31/Dec/2019:06:29:36 -0500] "GET /StormSDA/storm_silv/?C=M;O=A/ HTTP/1.1" 200 5788
198.27.70.196 - - [31/Dec/2019:06:29:53 -0500] "GET /PruebasSTORM/StormSDA_pruebas/userFiles/user_files/88/?C=D;O=D/ HTTP/1.1" 200 1752
192.99.10.39 - - [31/Dec/2019:06:29:57 -0500] "GET /StormSDA/storm_silv/?C=N;O=A/ HTTP/1.1" 200 5788
192.99.10.39 - - [31/Dec/2019:06:30:16 -0500] "GET /StormSDA/storm_silv/?C=S;O=A/ HTTP/1.1" 200 5788
198.27.70.196 - - [31/Dec/2019:06:30:19 -0500] "GET /PruebasSTORM/StormSDA_pruebas/userFiles/user_files/88/?C=M;O=D/ HTTP/1.1" 200 1752
181.61.205.5 - - [31/Dec/2019:06:30:36 -0500] "GET /BLA/boletinlegal/js/jquery.scrollShow.js HTTP/1.1" 200 4586
181.61.205.5 - - [31/Dec/2019:06:30:36 -0500] "GET /galeria/galeria/jquery.fancybox.js?v=2.1.5 HTTP/1.1" 200 48706
181.61.205.5 - - [31/Dec/2019:06:30:36 -0500] "GET /galeria/galeria/jquery.fancybox.css?v=2.1.5 HTTP/1.1" 200 4895
181.61.205.5 - - [31/Dec/2019:06:30:36 -0500] "GET /galeria/carrusel/Carrusel/jquery.thumbnailScroller.css HTTP/1.1" 200 2066
181.61.205.5 - - [31/Dec/2019:06:30:36 -0500] "GET /galeria/carrusel/Carrusel/jquery-ui-1.8.13.custom.min.js HTTP/1.1" 200 10800
181.61.205.5 - - [31/Dec/2019:06:30:36 -0500] "GET /galeria/carrusel/Carrusel/jquery.thumbnailScroller.js HTTP/1.1" 200 8157
181.61.205.5 - - [31/Dec/2019:06:30:38 -0500] "GET /galeria/nivo-slider/demo/inicio.html HTTP/1.1" 200 4435
181.61.205.5 - - [31/Dec/2019:06:30:38 -0500] "GET /galeria/nivo-slider/themes/default/default.css HTTP/1.1" 200 1569
181.61.205.5 - - [31/Dec/2019:06:30:38 -0500] "GET /galeria/nivo-slider/themes/pascal/pascal.css HTTP/1.1" 200 2258
181.61.205.5 - - [31/Dec/2019:06:30:38 -0500] "GET /galeria/nivo-slider/themes/orman/orman.css HTTP/1.1" 200 2152
181.61.205.5 - - [31/Dec/2019:06:30:38 -0500] "GET /galeria/nivo-slider/nivo-slider.css HTTP/1.1" 200 1507
181.61.205.5 - - [31/Dec/2019:06:30:38 -0500] "GET /galeria/nivo-slider/demo/style.css HTTP/1.1" 200 2222
181.61.205.5 - - [31/Dec/2019:06:30:38 -0500] "GET /galeria/nivo-slider/demo/images/diciembrecaminatas.png HTTP/1.1" 200 510724
181.61.205.5 - - [31/Dec/2019:06:30:38 -0500] "GET /galeria/nivo-slider/demo/images/Bannerserpiente2019.jpg HTTP/1.1" 200 270374
181.61.205.5 - - [31/Dec/2019:06:30:38 -0500] "GET /galeria/nivo-slider/demo/images/Banner%20tinguas.jpg HTTP/1.1" 200 214878
181.61.205.5 - - [31/Dec/2019:06:30:38 -0500] "GET /galeria/nivo-slider/demo/images/Banner%20RCD.jpg HTTP/1.1" 200 92197
181.61.205.5 - - [31/Dec/2019:06:30:38 -0500] "GET /galeria/nivo-slider/demo/images/Banner%20Conpes.jpg HTTP/1.1" 200 55220
181.61.205.5 - - [31/Dec/2019:06:30:38 -0500] "GET /galeria/nivo-slider/demo/images/bannerwebmusgo.jpg HTTP/1.1" 200 367364
181.61.205.5 - - [31/Dec/2019:06:30:38 -0500] "GET /galeria/nivo-slider/demo/images/Banner%20practicas%20sostenibles.jpg HTTP/1.1" 200 142958
181.61.205.5 - - [31/Dec/2019:06:30:38 -0500] "GET /galeria/nivo-slider/demo/images/Banner%20POT.png HTTP/1.1" 200 418238
181.61.205.5 - - [31/Dec/2019:06:30:38 -0500] "GET /galeria/nivo-slider/demo/images/Banner%20Visor%20Geografico%20Ambiental.jpg HTTP/1.1" 200 204673
181.61.205.5 - - [31/Dec/2019:06:30:39 -0500] "GET /galeria/nivo-slider/demo/images/Banneranonimos.png HTTP/1.1" 200 109388
181.61.205.5 - - [31/Dec/2019:06:30:39 -0500] "GET /galeria/nivo-slider/demo/images/banneriniciativa.jpg HTTP/1.1" 200 200385
181.61.205.5 - - [31/Dec/2019:06:30:39 -0500] "GET /galeria/nivo-slider/demo/images/bannerjardines.jpg HTTP/1.1" 200 417948
181.61.205.5 - - [31/Dec/2019:06:30:39 -0500] "GET /galeria/nivo-slider/demo/images/Banner%20consumo%20sostenible%20final.jpg HTTP/1.1" 200 364746
181.61.205.5 - - [31/Dec/2019:06:30:39 -0500] "GET /galeria/nivo-slider/demo/images/puntos%20atencion%20BANNER.jpg HTTP/1.1" 200 244208
181.61.205.5 - - [31/Dec/2019:06:30:40 -0500] "GET /galeria/nivo-slider/demo/images/banneragendamiento.jpg HTTP/1.1" 200 116897
181.61.205.5 - - [31/Dec/2019:06:30:40 -0500] "GET /galeria/nivo-slider/demo/images/4Simple_Slider.png HTTP/1.1" 200 11722
181.61.205.5 - - [31/Dec/2019:06:30:40 -0500] "GET /galeria/nivo-slider/themes/default/loading.gif HTTP/1.1" 200 1737
181.61.205.5 - - [31/Dec/2019:06:30:40 -0500] "GET /galeria/nivo-slider/demo/scripts/jquery-1.7.1.min.js HTTP/1.1" 200 93868
181.61.205.5 - - [31/Dec/2019:06:30:40 -0500] "GET /galeria/nivo-slider/demo/images/Bannercalculadora.jpg HTTP/1.1" 200 313099
181.61.205.5 - - [31/Dec/2019:06:30:40 -0500] "GET /galeria/nivo-slider/jquery.nivo.slider.pack.js HTTP/1.1" 200 11561
181.61.205.5 - - [31/Dec/2019:06:30:40 -0500] "GET /galeria/nivo-slider/themes/default/arrows.png HTTP/1.1" 200 824
181.61.205.5 - - [31/Dec/2019:06:30:40 -0500] "GET /galeria/nivo-slider/themes/default/bullets.png HTTP/1.1" 200 1281
198.27.70.196 - - [31/Dec/2019:06:30:45 -0500] "GET /PruebasSTORM/StormSDA_pruebas/userFiles/user_files/formatos/?C=M;O=D/ HTTP/1.1" 200 12852
192.99.10.39 - - [31/Dec/2019:06:30:47 -0500] "GET /StormSDA/userFiles%20-%20Copy%2019-07-2012/user_files/96/?C=M;O=D/ HTTP/1.1" 200 877
216.244.66.195 - - [31/Dec/2019:06:31:04 -0500] "GET /BLA/resoluciones/RESOLUCIONES%202010/1169.pdf HTTP/1.1" 200 116484
192.99.10.39 - - [31/Dec/2019:06:31:08 -0500] "GET /StormSDA/userFiles%20-%20Copy%2019-07-2012/user_files/96/?C=N;O=A/ HTTP/1.1" 200 877
198.27.70.196 - - [31/Dec/2019:06:31:12 -0500] "GET /PruebasSTORM/StormSDA_pruebas/userFiles/user_files/formatos/?C=S;O=D/ HTTP/1.1" 200 12852
66.249.64.61 - - [31/Dec/2019:06:31:14 -0500] "GET /BLA/resoluciones/AUTOS%202007/0446.pdf HTTP/1.1" 200 235881
69.162.124.232 - - [31/Dec/2019:06:31:23 -0500] "HEAD / HTTP/1.1" 200 -
192.99.10.39 - - [31/Dec/2019:06:31:26 -0500] "GET /StormSDA/userFiles%20-%20Copy%2019-07-2012/user_files/96/?C=S;O=D/ HTTP/1.1" 200 877
91.106.46.2 - - [31/Dec/2019:06:31:37 -0500] "GET / HTTP/1.1" 200 9990
192.99.10.39 - - [31/Dec/2019:06:31:42 -0500] "GET /StormSDA/userFiles%20-%20Copy%2019-07-2012/user_files/97/?C=D;O=D/ HTTP/1.1" 200 877
198.27.70.196 - - [31/Dec/2019:06:31:43 -0500] "GET /PruebasSTORM/StormSDA_pruebas/userFiles/user_files/formatos/eventos/?C=D;O=D/ HTTP/1.1" 200 913
198.27.70.196 - - [31/Dec/2019:06:32:04 -0500] "GET /PruebasSTORM/StormSDA_pruebas/userFiles/user_files/formatos/eventos/?C=M;O=D/ HTTP/1.1" 200 913
192.99.10.39 - - [31/Dec/2019:06:32:09 -0500] "GET /StormSDA/userFiles%20-%20Copy%2019-07-2012/user_files/97/?C=M;O=D/ HTTP/1.1" 200 877
192.99.10.39 - - [31/Dec/2019:06:32:27 -0500] "GET /StormSDA/userFiles%20-%20Copy%2019-07-2012/user_files/97/?C=N;O=A/ HTTP/1.1" 200 877
198.27.70.196 - - [31/Dec/2019:06:32:39 -0500] "GET /PruebasSTORM/StormSDA_pruebas/userFiles/user_files/formatos/eventos/?C=N;O=A/ HTTP/1.1" 200 913
192.99.10.39 - - [31/Dec/2019:06:32:46 -0500] "GET /StormSDA/userFiles%20-%20Copy%2019-07-2012/user_files/97/?C=S;O=D/ HTTP/1.1" 200 877
192.99.10.39 - - [31/Dec/2019:06:32:57 -0500] "GET /StormSDA/userFiles%20-%20Copy%2019-07-2012/user_files/98/?C=D;O=D/ HTTP/1.1" 200 877
198.27.70.196 - - [31/Dec/2019:06:33:04 -0500] "GET /PruebasSTORM/StormSDA_pruebas/userFiles/user_files/formatos/eventos/?C=S;O=D/ HTTP/1.1" 200 913
216.244.66.195 - - [31/Dec/2019:06:33:20 -0500] "GET /BLA/resoluciones/RESOLUCIONES%202010/1268.pdf HTTP/1.1" 200 125340
192.99.10.39 - - [31/Dec/2019:06:33:21 -0500] "GET /StormSDA/userFiles%20-%20Copy%2019-07-2012/user_files/98/?C=M;O=D/ HTTP/1.1" 200 877
198.27.70.196 - - [31/Dec/2019:06:33:28 -0500] "GET /PruebasSTORM/StormSDA_pruebas/userFiles/user_files/formulas/2/?C=D;O=D/ HTTP/1.1" 200 11396
54.36.150.188 - - [31/Dec/2019:06:33:31 -0500] "GET /BLA/resoluciones/RESOLUCIONES%202004/RES%202004%201601-1650/00001607.tif HTTP/1.1" 200 1234586
192.99.10.39 - - [31/Dec/2019:06:33:39 -0500] "GET /StormSDA/userFiles%20-%20Copy%2019-07-2012/user_files/98/?C=N;O=A/ HTTP/1.1" 200 877
198.27.70.196 - - [31/Dec/2019:06:33:50 -0500] "GET /PruebasSTORM/StormSDA_pruebas/userFiles/user_files/formulas/2/?C=M;O=D/ HTTP/1.1" 200 11396
192.99.10.39 - - [31/Dec/2019:06:34:00 -0500] "GET /StormSDA/userFiles%20-%20Copy%2019-07-2012/user_files/98/?C=S;O=D/ HTTP/1.1" 200 877
198.27.70.196 - - [31/Dec/2019:06:34:15 -0500] "GET /StormSDA/userFiles%20-%20Copy%2019-07-2012/user_files/1/?C=D;O=D/ HTTP/1.1" 200 1747
192.99.10.39 - - [31/Dec/2019:06:34:20 -0500] "GET /StormSDA/userFiles%20-%20Copy%2019-07-2012/user_files/?C=D;O=D/ HTTP/1.1" 200 5684
192.99.10.39 - - [31/Dec/2019:06:34:42 -0500] "GET /StormSDA/userFiles%20-%20Copy%2019-07-2012/user_files/?C=N;O=A/ HTTP/1.1" 200 5684
198.27.70.196 - - [31/Dec/2019:06:34:43 -0500] "GET /StormSDA/userFiles%20-%20Copy%2019-07-2012/user_files/1/?C=M;O=D/ HTTP/1.1" 200 1747
192.99.10.39 - - [31/Dec/2019:06:34:53 -0500] "GET /StormSDA/userFiles%20-%20Copy%2019-07-2012/user_files/?C=S;O=D/ HTTP/1.1" 200 5684
192.99.10.39 - - [31/Dec/2019:06:35:16 -0500] "GET /StormSDA/userFiles%20-%20Copy%2019-07-2012/user_files/formatos/?C=D;O=D/ HTTP/1.1" 200 1518
192.99.10.39 - - [31/Dec/2019:06:35:26 -0500] "GET /StormSDA/userFiles%20-%20Copy%2019-07-2012/user_files/formatos/?C=M;O=D/ HTTP/1.1" 200 1518
216.244.66.195 - - [31/Dec/2019:06:35:35 -0500] "GET /BLA/resoluciones/RESOLUCIONES%202010/1531.pdf HTTP/1.1" 200 456309
192.99.10.39 - - [31/Dec/2019:06:35:47 -0500] "GET /StormSDA/userFiles%20-%20Copy%2019-07-2012/user_files/formatos/?C=N;O=A/ HTTP/1.1" 200 1518
66.249.64.61 - - [31/Dec/2019:06:36:18 -0500] "GET /BLA/resoluciones/AUTOS%202007/2207.pdf HTTP/1.1" 200 158561
192.99.10.39 - - [31/Dec/2019:06:36:21 -0500] "GET /StormSDA/userFiles%20-%20Copy%2019-07-2012/user_files/formatos/?C=S;O=D/ HTTP/1.1" 200 1518
69.162.124.232 - - [31/Dec/2019:06:36:23 -0500] "HEAD / HTTP/1.1" 200 -
216.244.66.195 - - [31/Dec/2019:06:36:25 -0500] "GET /BLA/resoluciones/RESOLUCIONES%202010/1666.pdf HTTP/1.1" 200 722411
192.99.10.39 - - [31/Dec/2019:06:36:34 -0500] "GET /StormSDA/userFiles%20-%20Copy%2019-07-2012/user_files/formatos/eventos/?C=D;O=A/ HTTP/1.1" 200 914
192.99.10.39 - - [31/Dec/2019:06:36:53 -0500] "GET /StormSDA/userFiles%20-%20Copy%2019-07-2012/user_files/formatos/eventos/?C=M;O=A/ HTTP/1.1" 200 914
201.245.192.253 - - [31/Dec/2019:06:36:20 -0500] "POST /kwsrmcab/Wsrmcab HTTP/1.1" 200 30995
192.99.10.39 - - [31/Dec/2019:06:37:17 -0500] "GET /StormSDA/userFiles%20-%20Copy%2019-07-2012/user_files/formatos/eventos/?C=N;O=D/ HTTP/1.1" 200 914
66.249.64.59 - - [31/Dec/2019:06:37:39 -0500] "GET /BLA/resoluciones/RESOLUCIONES%202007/RES%202007%203401%20AL%203500/RESOLUCION%203407%20DE%202007.pdf HTTP/1.1" 304 -
192.99.10.39 - - [31/Dec/2019:06:37:40 -0500] "GET /StormSDA/userFiles%20-%20Copy%2019-07-2012/user_files/formatos/eventos/?C=S;O=A/ HTTP/1.1" 200 914
66.249.64.59 - - [31/Dec/2019:06:37:42 -0500] "GET /BLA/resoluciones/AUTOS%202014/5578.pdf HTTP/1.1" 304 -
66.249.64.59 - - [31/Dec/2019:06:37:45 -0500] "GET /BLA/resoluciones/AUTOS%202014/3796.pdf HTTP/1.1" 304 -
192.99.10.39 - - [31/Dec/2019:06:38:07 -0500] "GET /StormSDA/userFiles%20-%20Copy%2019-07-2012/user_files/formulas/2/?C=D;O=A/ HTTP/1.1" 200 902
192.99.10.39 - - [31/Dec/2019:06:38:26 -0500] "GET /StormSDA/userFiles%20-%20Copy%2019-07-2012/user_files/formulas/2/?C=M;O=A/ HTTP/1.1" 200 902
194.180.224.249 - - [31/Dec/2019:06:38:32 -0500] "GET / HTTP/1.1" 200 9990
216.244.66.195 - - [31/Dec/2019:06:38:45 -0500] "GET /BLA/resoluciones/RESOLUCIONES%202010/1793.pdf HTTP/1.1" 200 489559
192.99.10.39 - - [31/Dec/2019:06:38:48 -0500] "GET /StormSDA/userFiles%20-%20Copy%2019-07-2012/user_files/formulas/2/?C=S;O=A/ HTTP/1.1" 200 902
192.99.10.39 - - [31/Dec/2019:06:39:02 -0500] "GET /StormSDA/userFiles%20-%20Copy%2019-07-2012/user_files/formulas/4/?C=D;O=A/ HTTP/1.1" 200 902
65.34.244.73 - - [31/Dec/2019:06:39:08 -0500] "GET /BLA/resoluciones/AUTOS%202013/0550.pdf HTTP/1.1" 200 1580619
192.99.10.39 - - [31/Dec/2019:06:39:20 -0500] "GET /StormSDA/userFiles%20-%20Copy%2019-07-2012/user_files/formulas/4/?C=M;O=A/ HTTP/1.1" 200 902
192.99.10.39 - - [31/Dec/2019:06:39:39 -0500] "GET /StormSDA/userFiles%20-%20Copy%2019-07-2012/user_files/formulas/4/?C=N;O=D/ HTTP/1.1" 200 902
192.99.10.39 - - [31/Dec/2019:06:39:59 -0500] "GET /StormSDA/userFiles%20-%20Copy%2019-07-2012/user_files/formulas/4/?C=S;O=A/ HTTP/1.1" 200 902
192.99.10.39 - - [31/Dec/2019:06:40:16 -0500] "GET /StormSDA/userFiles%20-%20Copy%2019-07-2012/user_files/formulas/?C=D;O=D/ HTTP/1.1" 200 1504
216.244.66.195 - - [31/Dec/2019:06:40:19 -0500] "GET /BLA/resoluciones/RESOLUCIONES%202010/1808.pdf HTTP/1.1" 200 572031
192.99.10.39 - - [31/Dec/2019:06:40:42 -0500] "GET /StormSDA/userFiles/user_files/86/?C=D;O=D/ HTTP/1.1" 200 817
216.244.66.195 - - [31/Dec/2019:06:40:58 -0500] "GET /BLA/resoluciones/RESOLUCIONES%202010/1856.pdf HTTP/1.1" 200 497947
192.99.10.39 - - [31/Dec/2019:06:41:00 -0500] "GET /StormSDA/userFiles/user_files/86/?C=M;O=D/ HTTP/1.1" 200 817
192.99.10.39 - - [31/Dec/2019:06:41:20 -0500] "GET /StormSDA/userFiles/user_files/86/?C=N;O=A/ HTTP/1.1" 200 817
69.162.124.232 - - [31/Dec/2019:06:41:23 -0500] "HEAD / HTTP/1.1" 200 -
192.99.10.39 - - [31/Dec/2019:06:41:40 -0500] "GET /StormSDA/userFiles/user_files/86/?C=S;O=D/ HTTP/1.1" 200 817
216.244.66.195 - - [31/Dec/2019:06:41:40 -0500] "GET /BLA/resoluciones/RESOLUCIONES%202010/1918.pdf HTTP/1.1" 200 823212
192.99.10.39 - - [31/Dec/2019:06:41:58 -0500] "GET /StormSDA/userFiles/user_files/87/?C=D;O=A/ HTTP/1.1" 200 817
66.249.64.187 - - [31/Dec/2019:06:42:11 -0500] "GET /Autoliquidacion/TR%C3%81MITES%20MINER%C3%8DA/T%C3%A9rminos%20de%20Referencia%20para%20evaluaci%C3%B3n%20de%20PMA.doc HTTP/1.1" 404 1015
192.99.10.39 - - [31/Dec/2019:06:42:20 -0500] "GET /StormSDA/userFiles/user_files/87/?C=M;O=D/ HTTP/1.1" 200 817
192.99.10.39 - - [31/Dec/2019:06:42:42 -0500] "GET /StormSDA/userFiles/user_files/87/?C=N;O=A/ HTTP/1.1" 200 817
66.249.64.59 - - [31/Dec/2019:06:43:02 -0500] "GET /pdc/actos/1989.pdf HTTP/1.1" 200 464318
192.99.10.39 - - [31/Dec/2019:06:43:12 -0500] "GET /StormSDA/userFiles/user_files/87/?C=S;O=A/ HTTP/1.1" 200 817
192.99.10.39 - - [31/Dec/2019:06:43:34 -0500] "GET /StormSDA/userFiles/user_files/88/?C=D;O=D/ HTTP/1.1" 200 817
192.99.10.39 - - [31/Dec/2019:06:43:40 -0500] "GET /StormSDA/userFiles/user_files/88/?C=N;O=A/ HTTP/1.1" 200 817
209.17.96.178 - - [31/Dec/2019:06:43:56 -0500] "GET / HTTP/1.1" 200 9990
192.99.10.39 - - [31/Dec/2019:06:44:09 -0500] "GET /StormSDA/userFiles/user_files/91/?C=D;O=D/ HTTP/1.1" 200 817
204.209.24.2 - - [31/Dec/2019:06:44:18 -0500] "GET /galeria/mapa/humedal2017.jpg HTTP/1.1" 200 644667
192.99.10.39 - - [31/Dec/2019:06:44:29 -0500] "GET /StormSDA/userFiles/user_files/91/?C=M;O=D/ HTTP/1.1" 200 817
186.144.235.82 - - [31/Dec/2019:06:44:46 -0500] "GET /BLA/boletinlegal/js/jquery.scrollShow.js HTTP/1.1" 200 4586
186.144.235.82 - - [31/Dec/2019:06:44:47 -0500] "GET /galeria/galeria/jquery.fancybox.css?v=2.1.5 HTTP/1.1" 200 4895
186.144.235.82 - - [31/Dec/2019:06:44:47 -0500] "GET /galeria/galeria/jquery.fancybox.js?v=2.1.5 HTTP/1.1" 200 48706
192.99.10.39 - - [31/Dec/2019:06:44:47 -0500] "GET /StormSDA/userFiles/user_files/92/?C=D;O=D/ HTTP/1.1" 200 817
186.144.235.82 - - [31/Dec/2019:06:44:49 -0500] "GET /galeria/carrusel/Carrusel/jquery.thumbnailScroller.css HTTP/1.1" 200 2066
186.144.235.82 - - [31/Dec/2019:06:44:49 -0500] "GET /galeria/carrusel/Carrusel/jquery-ui-1.8.13.custom.min.js HTTP/1.1" 200 10800
186.144.235.82 - - [31/Dec/2019:06:44:50 -0500] "GET /galeria/carrusel/Carrusel/jquery.thumbnailScroller.css HTTP/1.1" 200 2066
186.144.235.82 - - [31/Dec/2019:06:44:50 -0500] "GET /galeria/carrusel/Carrusel/jquery-ui-1.8.13.custom.min.js HTTP/1.1" 200 10800
186.144.235.82 - - [31/Dec/2019:06:44:50 -0500] "GET /galeria/carrusel/Carrusel/jquery.thumbnailScroller.js HTTP/1.1" 200 8157
186.144.235.82 - - [31/Dec/2019:06:44:54 -0500] "GET /galeria/nivo-slider/demo/inicio.html HTTP/1.1" 200 4435
186.144.235.82 - - [31/Dec/2019:06:44:55 -0500] "GET /galeria/nivo-slider/themes/pascal/pascal.css HTTP/1.1" 200 2258
186.144.235.82 - - [31/Dec/2019:06:44:55 -0500] "GET /galeria/nivo-slider/themes/default/default.css HTTP/1.1" 200 1569
186.144.235.82 - - [31/Dec/2019:06:44:55 -0500] "GET /galeria/nivo-slider/themes/orman/orman.css HTTP/1.1" 200 2152
186.144.235.82 - - [31/Dec/2019:06:44:55 -0500] "GET /galeria/nivo-slider/nivo-slider.css HTTP/1.1" 200 1507
186.144.235.82 - - [31/Dec/2019:06:44:55 -0500] "GET /galeria/nivo-slider/demo/images/Bannercalculadora.jpg HTTP/1.1" 200 313099
186.144.235.82 - - [31/Dec/2019:06:44:55 -0500] "GET /galeria/nivo-slider/demo/style.css HTTP/1.1" 200 2222
186.144.235.82 - - [31/Dec/2019:06:44:55 -0500] "GET /galeria/nivo-slider/demo/images/puntos%20atencion%20BANNER.jpg HTTP/1.1" 200 244208
186.144.235.82 - - [31/Dec/2019:06:44:55 -0500] "GET /galeria/nivo-slider/demo/images/Banner%20POT.png HTTP/1.1" 200 418238
186.144.235.82 - - [31/Dec/2019:06:44:55 -0500] "GET /galeria/nivo-slider/demo/images/banneriniciativa.jpg HTTP/1.1" 200 200385
186.144.235.82 - - [31/Dec/2019:06:44:55 -0500] "GET /galeria/nivo-slider/demo/images/Banneranonimos.png HTTP/1.1" 200 109388
186.144.235.82 - - [31/Dec/2019:06:44:55 -0500] "GET /galeria/nivo-slider/demo/images/bannerwebmusgo.jpg HTTP/1.1" 200 367364
186.144.235.82 - - [31/Dec/2019:06:44:57 -0500] "GET /galeria/nivo-slider/demo/images/bannerjardines.jpg HTTP/1.1" 200 417948
186.144.235.82 - - [31/Dec/2019:06:44:57 -0500] "GET /galeria/nivo-slider/demo/images/diciembrecaminatas.png HTTP/1.1" 200 510724
186.144.235.82 - - [31/Dec/2019:06:44:57 -0500] "GET /galeria/nivo-slider/demo/images/Banner%20tinguas.jpg HTTP/1.1" 200 214878
186.144.235.82 - - [31/Dec/2019:06:44:58 -0500] "GET /galeria/nivo-slider/demo/images/Banner%20practicas%20sostenibles.jpg HTTP/1.1" 200 142958
186.144.235.82 - - [31/Dec/2019:06:44:58 -0500] "GET /galeria/nivo-slider/demo/images/Banner%20Visor%20Geografico%20Ambiental.jpg HTTP/1.1" 200 204673
186.144.235.82 - - [31/Dec/2019:06:44:58 -0500] "GET /galeria/nivo-slider/demo/images/Bannerserpiente2019.jpg HTTP/1.1" 200 270374
186.144.235.82 - - [31/Dec/2019:06:44:59 -0500] "GET /galeria/nivo-slider/demo/images/banneragendamiento.jpg HTTP/1.1" 200 116897
186.144.235.82 - - [31/Dec/2019:06:44:59 -0500] "GET /galeria/nivo-slider/demo/images/Banner%20Conpes.jpg HTTP/1.1" 200 55220
186.144.235.82 - - [31/Dec/2019:06:44:59 -0500] "GET /galeria/nivo-slider/demo/images/Banner%20RCD.jpg HTTP/1.1" 200 92197
186.144.235.82 - - [31/Dec/2019:06:45:00 -0500] "GET /galeria/nivo-slider/demo/images/Banner%20consumo%20sostenible%20final.jpg HTTP/1.1" 200 364746
186.144.235.82 - - [31/Dec/2019:06:45:00 -0500] "GET /galeria/nivo-slider/demo/scripts/jquery-1.7.1.min.js HTTP/1.1" 200 93868
186.144.235.82 - - [31/Dec/2019:06:45:00 -0500] "GET /galeria/nivo-slider/demo/images/4Simple_Slider.png HTTP/1.1" 200 11722
186.144.235.82 - - [31/Dec/2019:06:45:00 -0500] "GET /galeria/nivo-slider/themes/default/loading.gif HTTP/1.1" 200 1737
186.144.235.82 - - [31/Dec/2019:06:45:00 -0500] "GET /galeria/nivo-slider/jquery.nivo.slider.pack.js HTTP/1.1" 200 11561
186.144.235.82 - - [31/Dec/2019:06:45:02 -0500] "GET /galeria/nivo-slider/themes/default/arrows.png HTTP/1.1" 200 824
186.144.235.82 - - [31/Dec/2019:06:45:02 -0500] "GET /galeria/nivo-slider/themes/default/bullets.png HTTP/1.1" 200 1281
192.99.10.39 - - [31/Dec/2019:06:45:09 -0500] "GET /StormSDA/userFiles/user_files/92/?C=M;O=D/ HTTP/1.1" 200 817
192.99.10.39 - - [31/Dec/2019:06:45:22 -0500] "GET /StormSDA/userFiles/user_files/92/?C=N;O=A/ HTTP/1.1" 200 817
194.180.224.249 - - [31/Dec/2019:06:45:45 -0500] "GET / HTTP/1.1" 200 9990
192.99.10.39 - - [31/Dec/2019:06:45:46 -0500] "GET /StormSDA/userFiles/user_files/92/?C=S;O=A/ HTTP/1.1" 200 817
192.99.10.39 - - [31/Dec/2019:06:46:08 -0500] "GET /StormSDA/userFiles/user_files/95/?C=D;O=D/ HTTP/1.1" 200 817
69.162.124.232 - - [31/Dec/2019:06:46:23 -0500] "HEAD / HTTP/1.1" 200 -
192.99.10.39 - - [31/Dec/2019:06:46:26 -0500] "GET /StormSDA/userFiles/user_files/?C=D;O=A/ HTTP/1.1" 200 8988
109.74.154.72 - - [31/Dec/2019:06:46:38 -0500] "GET / HTTP/1.1" 200 9990
109.74.154.72 - - [31/Dec/2019:06:46:39 -0500] "GET /js/jquery.js HTTP/1.1" 200 97120
109.74.154.72 - - [31/Dec/2019:06:46:39 -0500] "GET /js/bootstrap.min.js HTTP/1.1" 200 28538
109.74.154.72 - - [31/Dec/2019:06:46:43 -0500] "HEAD /images/NINOS.jpg HTTP/1.1" 200 -
109.74.154.72 - - [31/Dec/2019:06:46:43 -0500] "HEAD /images/INTRANET.jpg HTTP/1.1" 200 -
109.74.154.72 - - [31/Dec/2019:06:46:43 -0500] "HEAD /images/RMCAB.jpg HTTP/1.1" 200 -
109.74.154.72 - - [31/Dec/2019:06:46:43 -0500] "HEAD /images/INTERNET.jpg HTTP/1.1" 200 -
109.74.154.72 - - [31/Dec/2019:06:46:43 -0500] "HEAD /images/LINEA.jpg HTTP/1.1" 200 -
109.74.154.72 - - [31/Dec/2019:06:46:43 -0500] "HEAD /images/FOREST.jpg HTTP/1.1" 200 -
109.74.154.72 - - [31/Dec/2019:06:46:43 -0500] "HEAD /images/SDA.jpg HTTP/1.1" 200 -
109.74.154.72 - - [31/Dec/2019:06:46:43 -0500] "HEAD /images/BLA.jpg HTTP/1.1" 200 -
109.74.154.72 - - [31/Dec/2019:06:46:43 -0500] "HEAD /images/SDQS.jpg HTTP/1.1" 200 -
109.74.154.72 - - [31/Dec/2019:06:46:43 -0500] "HEAD /images/CORREO.jpg HTTP/1.1" 200 -
109.74.154.72 - - [31/Dec/2019:06:46:44 -0500] "HEAD /images/FORMATOS.jpg HTTP/1.1" 200 -
109.74.154.72 - - [31/Dec/2019:06:46:44 -0500] "HEAD /images/CATALOGO.jpg HTTP/1.1" 200 -
192.99.10.39 - - [31/Dec/2019:06:46:54 -0500] "GET /StormSDA/userFiles/user_files/?C=M;O=D/ HTTP/1.1" 200 8988
192.99.10.39 - - [31/Dec/2019:06:47:14 -0500] "GET /StormSDA/userFiles/user_files/?C=N;O=A/ HTTP/1.1" 200 8988
66.249.64.59 - - [31/Dec/2019:06:47:20 -0500] "GET /BLA/resoluciones/RESOLUCIONES%202007/RES%202007%202601%20AL%202700/RESOLUCION%202621%20DE%202007.pdf HTTP/1.1" 200 260265
66.249.64.59 - - [31/Dec/2019:06:47:31 -0500] "GET /BLA/resoluciones/RESOLUCIONES%202010/0484.pdf HTTP/1.1" 304 -
66.249.64.59 - - [31/Dec/2019:06:47:34 -0500] "GET /BLA/resoluciones/RESOLUCIONES%202013/0581.pdf HTTP/1.1" 200 2543618
192.99.10.39 - - [31/Dec/2019:06:47:35 -0500] "GET /StormSDA/userFiles/user_files/?C=S;O=D/ HTTP/1.1" 200 8988
66.249.64.59 - - [31/Dec/2019:06:47:38 -0500] "GET /BLA/resoluciones/RESOLUCIONES%202011/5983.pdf HTTP/1.1" 304 -
66.249.64.59 - - [31/Dec/2019:06:47:39 -0500] "GET /BLA/resoluciones/AUTOS%202014/6752.pdf HTTP/1.1" 200 366840
192.99.10.39 - - [31/Dec/2019:06:47:56 -0500] "GET /StormSDA/userFiles/user_files/formatos/?C=D;O=A/ HTTP/1.1" 200 1458
192.99.10.39 - - [31/Dec/2019:06:48:16 -0500] "GET /StormSDA/userFiles/user_files/formatos/?C=M;O=A/ HTTP/1.1" 200 1458
66.249.64.59 - - [31/Dec/2019:06:48:17 -0500] "GET /BLA/resoluciones/AUTOS%202012/2651.pdf HTTP/1.1" 200 229013
192.99.10.39 - - [31/Dec/2019:06:48:38 -0500] "GET /StormSDA/userFiles/user_files/formatos/?C=N;O=A/ HTTP/1.1" 200 1458
192.99.10.39 - - [31/Dec/2019:06:48:55 -0500] "GET /StormSDA/userFiles/user_files/formatos/eventos/?C=M;O=A/ HTTP/1.1" 200 854
66.249.64.61 - - [31/Dec/2019:06:49:04 -0500] "GET /BLA/resoluciones/RESOLUCIONES%202008/1287.pdf HTTP/1.1" 304 -
192.99.10.39 - - [31/Dec/2019:06:49:19 -0500] "GET /StormSDA/userFiles/user_files/formatos/eventos/?C=S;O=A/ HTTP/1.1" 200 854
192.99.10.39 - - [31/Dec/2019:06:49:33 -0500] "GET /StormSDA/userFiles/user_files/formulas/2/?C=N;O=D/ HTTP/1.1" 200 842
192.99.10.39 - - [31/Dec/2019:06:49:56 -0500] "GET /StormSDA/userFiles/user_files/formulas/?C=D;O=D/ HTTP/1.1" 200 1444
192.99.10.39 - - [31/Dec/2019:06:50:15 -0500] "GET /StormSDA/userFiles/user_files/formulas/?C=M;O=D/ HTTP/1.1" 200 1444
192.99.10.39 - - [31/Dec/2019:06:50:39 -0500] "GET /StormSDA/userFiles/user_files/formulas/?C=N;O=A/ HTTP/1.1" 200 1444
192.99.10.39 - - [31/Dec/2019:06:50:53 -0500] "GET /StormSDA/userFiles/user_files/formulas/?C=S;O=D/ HTTP/1.1" 200 1444
54.36.150.46 - - [31/Dec/2019:06:50:53 -0500] "GET /BLA/resoluciones/RESOLUCIONES%202003/RES%202003%201551-1601/20031590.tif HTTP/1.1" 200 92292
192.99.10.39 - - [31/Dec/2019:06:51:15 -0500] "GET /StormSDA/userFiles/user_files/listas/?C=D;O=D/ HTTP/1.1" 200 1243
69.162.124.232 - - [31/Dec/2019:06:51:23 -0500] "HEAD / HTTP/1.1" 200 -
192.99.10.39 - - [31/Dec/2019:06:51:38 -0500] "GET /StormSDA/userFiles/user_files/listas/?C=M;O=D/ HTTP/1.1" 200 1243
192.99.10.39 - - [31/Dec/2019:06:51:57 -0500] "GET /StormSDA/userFiles/user_files/listas/?C=N;O=A/ HTTP/1.1" 200 1243
66.249.64.59 - - [31/Dec/2019:06:52:08 -0500] "GET /BLA/resoluciones/AUTOS%202014/6488.pdf HTTP/1.1" 200 566526
192.99.10.39 - - [31/Dec/2019:06:52:14 -0500] "GET /StormSDA/userFiles/user_files/listas/?C=S;O=D/ HTTP/1.1" 200 1243
66.249.64.61 - - [31/Dec/2019:06:52:16 -0500] "GET /BLA/resoluciones/RESOLUCIONES%202011/2313.pdf HTTP/1.1" 304 -
66.249.64.61 - - [31/Dec/2019:06:52:18 -0500] "GET /BLA/resoluciones/AUTOS%202007/2009.pdf HTTP/1.1" 200 101953
66.249.64.59 - - [31/Dec/2019:06:52:25 -0500] "GET /POT-2013/Cartografia/38_PROGRAMA_REVITALIZACION.pdf HTTP/1.1" 200 2546328
66.249.64.59 - - [31/Dec/2019:06:52:31 -0500] "GET /BLA/resoluciones/AUTOS%202014/0566.pdf HTTP/1.1" 304 -
66.249.64.59 - - [31/Dec/2019:06:52:38 -0500] "GET /BLA/resoluciones/RESOLUCIONES%202003/RES%202003%20551-600/566.tif HTTP/1.1" 304 -
66.249.88.25 - - [31/Dec/2019:06:52:46 -0500] "GET /AFLUENTESYEFUENTES/ HTTP/1.1" 200 4762
66.249.88.25 - - [31/Dec/2019:06:52:46 -0500] "GET /AFLUENTESYEFUENTES/files/js/swfobject.js HTTP/1.1" 200 10220
66.249.88.19 - - [31/Dec/2019:06:52:46 -0500] "GET /AFLUENTESYEFUENTES/files/js/swfaddress.js HTTP/1.1" 200 15916
66.249.88.25 - - [31/Dec/2019:06:52:47 -0500] "GET /AFLUENTESYEFUENTES/files/mobile/index.html HTTP/1.1" 200 1056
66.249.88.25 - - [31/Dec/2019:06:52:47 -0500] "GET /AFLUENTESYEFUENTES/files/mobile/styles/style.css HTTP/1.1" 200 14020
66.249.88.25 - - [31/Dec/2019:06:52:47 -0500] "GET /AFLUENTESYEFUENTES/files/mobile/javascript/book.js HTTP/1.1" 200 184798
66.249.88.25 - - [31/Dec/2019:06:52:48 -0500] "GET /favicon.ico HTTP/1.1" 200 7782
66.249.88.23 - - [31/Dec/2019:06:52:48 -0500] "GET /AFLUENTESYEFUENTES/files/res/mobile/properties.xml HTTP/1.1" 200 79008
66.249.88.23 - - [31/Dec/2019:06:52:48 -0500] "GET /AFLUENTESYEFUENTES/files/res/mobile/page0001_i1.jpg HTTP/1.1" 200 37956
66.249.88.25 - - [31/Dec/2019:06:52:49 -0500] "GET /AFLUENTESYEFUENTES/files/mobile/styles/skinstyle_classicgrey.css HTTP/1.1" 200 14226
66.249.88.25 - - [31/Dec/2019:06:52:49 -0500] "GET /AFLUENTESYEFUENTES/files/mobile/styles/progress.png HTTP/1.1" 200 3668
66.249.88.19 - - [31/Dec/2019:06:52:49 -0500] "GET /AFLUENTESYEFUENTES/files/mobile/styles/buttons/bm.png HTTP/1.1" 200 3738
66.249.88.23 - - [31/Dec/2019:06:52:49 -0500] "GET /AFLUENTESYEFUENTES/files/mobile/styles/buttons/info.png HTTP/1.1" 200 1163
66.249.88.23 - - [31/Dec/2019:06:52:49 -0500] "GET /AFLUENTESYEFUENTES/files/mobile/styles/navigation/inactivefirst.png HTTP/1.1" 200 2167
66.249.88.23 - - [31/Dec/2019:06:52:49 -0500] "GET /AFLUENTESYEFUENTES/files/mobile/styles/navigation/activeslideshow.png HTTP/1.1" 200 2606
66.249.88.25 - - [31/Dec/2019:06:52:49 -0500] "GET /AFLUENTESYEFUENTES/files/mobile/styles/navigation/inactiveprev.png HTTP/1.1" 200 1703
66.249.88.19 - - [31/Dec/2019:06:52:49 -0500] "GET /AFLUENTESYEFUENTES/files/mobile/styles/navigation/activenext.png HTTP/1.1" 200 2314
66.249.88.25 - - [31/Dec/2019:06:52:49 -0500] "GET /AFLUENTESYEFUENTES/files/mobile/styles/navigation/activelast.png HTTP/1.1" 200 3255
66.249.88.23 - - [31/Dec/2019:06:52:49 -0500] "GET /AFLUENTESYEFUENTES/files/res/mobile/page0001_i1.jpg?id=17889&98712 HTTP/1.1" 200 37956
66.249.88.25 - - [31/Dec/2019:06:52:49 -0500] "GET /AFLUENTESYEFUENTES/files/mobile/styles/buttons/addbm.png HTTP/1.1" 200 3947
66.249.88.19 - - [31/Dec/2019:06:52:49 -0500] "GET /AFLUENTESYEFUENTES/files/res/other/background.jpg HTTP/1.1" 404 1330
66.249.88.23 - - [31/Dec/2019:06:52:49 -0500] "GET /AFLUENTESYEFUENTES/files/res/mobile/page0002_i1.jpg?id=44616&70931 HTTP/1.1" 200 8427
66.249.88.19 - - [31/Dec/2019:06:52:49 -0500] "GET /AFLUENTESYEFUENTES/files/res/mobile/page0003_i1.jpg?id=88362&44035 HTTP/1.1" 200 25888
66.249.88.23 - - [31/Dec/2019:06:52:50 -0500] "GET /AFLUENTESYEFUENTES/files/res/mobile/page0001_i1.jpg?id=17889&47940 HTTP/1.1" 200 37956
66.249.88.23 - - [31/Dec/2019:06:52:50 -0500] "GET /AFLUENTESYEFUENTES/files/res/mobile/page0002_i1.jpg?id=44616&5743 HTTP/1.1" 200 8427
66.249.88.23 - - [31/Dec/2019:06:52:50 -0500] "GET /AFLUENTESYEFUENTES/files/res/mobile/page0003_i1.jpg?id=88362&40437 HTTP/1.1" 200 25888
66.249.88.19 - - [31/Dec/2019:06:52:53 -0500] "GET /AFLUENTESYEFUENTES/files/mobile/styles/navigation/activeprev.png HTTP/1.1" 200 2223
66.249.88.25 - - [31/Dec/2019:06:52:53 -0500] "GET /AFLUENTESYEFUENTES/files/mobile/styles/navigation/activefirst.png HTTP/1.1" 200 3114
66.249.88.23 - - [31/Dec/2019:06:52:53 -0500] "GET /AFLUENTESYEFUENTES/files/res/mobile/page0004_i1.jpg?id=18983&85445 HTTP/1.1" 200 41072
192.99.10.39 - - [31/Dec/2019:06:52:56 -0500] "GET /galeria/?C=M;O=D/ HTTP/1.1" 200 3300
46.229.168.154 - - [31/Dec/2019:06:53:09 -0500] "GET /robots.txt HTTP/1.1" 404 1019
46.229.168.141 - - [31/Dec/2019:06:53:09 -0500] "GET /Autoliquidacion/index.php?dir=Solicitudes%2Brelacionadas%2Bcon%2Bocupaci%C3%83%C2%83%C3%82%C2%83%C3%83%C2%82%C3%82%C2%83%C3%83%C2%83%C3%82%C2%82%C3%83%C2%82%C3%82%C2%83%C3%83%C2%83%C3%82%C2%83%C3%83%C2%82%C3%82%C2%82%C3%83%C2%83%C3%82%C2%82%C3%83%C2%82%C3%82%C2%83%C3%83%C2%83%C3%82%C2%83%C3%83%C2%82%C3%82%C2%83%C3%83%C2%83%C3%82%C2%82%C3%83%C2%82%C3%82%C2%82%C3%83%C2%83%C3%82%C2%83%C3%83%C2%82%C3%82%C2%82%C3%83%C2%83%C3%82%C2%82%C3%83%C2%82%C3%82%C2%83%C3%83%C2%83%C3%82%C2%83%C3%83%C2%82%C3%82%C2%83%C3%83%C2%83%C3%82%C2%82%C3%83%C2%82%C3%82%C2%83%C3%83%C2%83%C3%82%C2%83%C3%83%C2%82%C3%82%C2%82%C3%83%C2%83%C3%82%C2%82%C3%83%C2%82%C3%82%C2%82%C3%83%C2%83%C3%82%C2%83%C3%83%C2%82%C3%82%C2%83%C3%83%C2%83%C3%82%C2%82%C3%83%C2%82%C3%82%C2%82%C3%83%C2%83%C3%82%C2%83%C3%83%C2%82%C3%82%C2%82%C3%83%C2%83%C3%82%C2%82%C3%83%C2%82%C3%82%C2%83%C3%83%C2%83%C3%82%C2%83%C3%83%C2%82%C3%82%C2%83%C3%83%C2%83%C3%82%C2%82%C3%83%C2%82%C3%82%C2%83%C3%83%C2%83%C3%82%C2%83%C3%83%C2%82%C3%82%C2%82%C3%83%C2%83%C3%82%C2%82%C3%83%C2%82%C3%82%C2%83%C3%83%C2%83%C3%82%C2%83%C3%83%C2%82%C3%82%C2%83%C3%83%C2%83%C3%82%C2%82%C3%83%C2%82%C3%82%C2%82%C3%83%C2%83%C3%82%C2%83%C3%83%C2%82%C3%82%C2%82%C3%83%C2%83%C3%82%C2%82%C3%83%C2%82%C3%82%C2%82%C3%83%C2%83%C3%82%C2%83%C3%83%C2%82%C3%82%C2%83%C3%83%C2%83%C3%82%C2%82%C3%83%C2%82%C3%82%C2%83%C3%83%C2%83%C3%82%C2%83%C3%83%C2%82%C3%82%C2%82%C3%83%C2%83%C3%82%C2%82%C3%83%C2%82%C3%82%C2%82%C3%83%C2%83%C3%82%C2%83%C3%83%C2%82%C3%82%C2%83%C3%83%C2%83%C3%82%C2%82%C3%83%C2%82%C3%82%C2%82%C3%83%C2%83%C3%82%C2%83%C3%83%C2%82%C3%82%C2%82%C3%83%C2%83%C3%82%C2%82%C3%83%C2%82%C3%82%C2%B3n%2Bde%2Bcauce%2F&order=desc&sort=name HTTP/1.1" 200 8205
192.99.10.39 - - [31/Dec/2019:06:53:15 -0500] "GET /galeria/?C=S;O=D/ HTTP/1.1" 200 3300
192.99.10.39 - - [31/Dec/2019:06:53:44 -0500] "GET /galeria/Carrusel2/?C=D;O=A/ HTTP/1.1" 200 2147
66.249.64.59 - - [31/Dec/2019:06:53:46 -0500] "GET /BLA/resoluciones/RESOLUCIONES%202008/3111.pdf HTTP/1.1" 200 258400
192.99.10.39 - - [31/Dec/2019:06:54:02 -0500] "GET /galeria/Carrusel2/?C=M;O=A/ HTTP/1.1" 200 2147
66.249.64.61 - - [31/Dec/2019:06:54:09 -0500] "GET /BLA/resoluciones/AUTOS%202013/2519.pdf HTTP/1.1" 200 271214
192.99.10.39 - - [31/Dec/2019:06:54:23 -0500] "GET /galeria/Carrusel2/?C=N;O=D/ HTTP/1.1" 200 2147
64.62.202.72 - - [31/Dec/2019:06:54:26 -0500] "GET /robots.txt HTTP/1.1" 404 1018
66.249.64.61 - - [31/Dec/2019:06:54:33 -0500] "GET /BLA/resoluciones/RESOLUCIONES%202017/0731.pdf HTTP/1.1" 304 -
192.99.10.39 - - [31/Dec/2019:06:54:37 -0500] "GET /galeria/Carrusel2/?C=S;O=A/ HTTP/1.1" 200 2147
54.36.148.30 - - [31/Dec/2019:06:54:45 -0500] "GET /BLA/resoluciones/RESOLUCIONES%202002/RES%202002%20101-150/2002RES141.tif HTTP/1.1" 200 95160
192.99.10.39 - - [31/Dec/2019:06:54:51 -0500] "GET /robots.txt HTTP/1.1" 404 1019
66.249.64.59 - - [31/Dec/2019:06:54:52 -0500] "GET /BLA/resoluciones/RESOLUCIONES%202008/3963.pdf HTTP/1.1" 200 559568
66.249.64.59 - - [31/Dec/2019:06:55:03 -0500] "GET /BLA/resoluciones/RESOLUCIONES%202009/5738.pdf HTTP/1.1" 200 497724
192.99.10.39 - - [31/Dec/2019:06:55:21 -0500] "GET /galeria/Carrusel2/?C=S;O=D/ HTTP/1.1" 200 2148
192.99.10.39 - - [31/Dec/2019:06:55:39 -0500] "GET /galeria/carrusel/?C=N;O=A/ HTTP/1.1" 200 975
66.249.64.59 - - [31/Dec/2019:06:55:45 -0500] "GET /BLA/resoluciones/RESOLUCIONES%202008/3582.pdf HTTP/1.1" 200 333707
192.99.10.39 - - [31/Dec/2019:06:55:50 -0500] "GET /galeria/galeria/fotos/?C=N;O=D/ HTTP/1.1" 200 101230
216.244.66.197 - - [31/Dec/2019:06:56:01 -0500] "GET /PruebasSTORM/StormSDA_pruebas/userFiles/user_files/str_entidad.xml HTTP/1.1" 200 60919
66.249.88.19 - - [31/Dec/2019:06:56:01 -0500] "GET /galeria/galeria/jquery.fancybox.js?v=2.1.5 HTTP/1.1" 200 48706
66.249.88.23 - - [31/Dec/2019:06:56:01 -0500] "GET /galeria/galeria/jquery.fancybox.css?v=2.1.5 HTTP/1.1" 200 4895
66.249.88.23 - - [31/Dec/2019:06:56:01 -0500] "GET /BLA/boletinlegal/js/jquery.scrollShow.js HTTP/1.1" 200 4586
66.249.64.63 - - [31/Dec/2019:06:56:10 -0500] "GET /BLA/resoluciones/AUTOS%202015/0518.pdf HTTP/1.1" 200 505149
69.162.124.232 - - [31/Dec/2019:06:56:23 -0500] "HEAD / HTTP/1.1" 200 -
192.99.10.39 - - [31/Dec/2019:06:56:35 -0500] "GET /galeria/galeria/helpers/?C=S;O=D/ HTTP/1.1" 200 2166
192.99.10.39 - - [31/Dec/2019:06:56:59 -0500] "GET /galeria/juegos/?C=D;O=A/ HTTP/1.1" 200 2031
192.99.10.39 - - [31/Dec/2019:06:57:18 -0500] "GET /galeria/juegos/?C=D;O=A/ HTTP/1.1" 200 2032
192.99.10.39 - - [31/Dec/2019:06:57:33 -0500] "GET /galeria/juegos/?C=M;O=A/ HTTP/1.1" 200 2031
181.42.18.86 - - [31/Dec/2019:06:57:44 -0500] "GET /BLA/resoluciones/RESOLUCIONES%202007/RES%202007%201401%20AL%201500/RESOLUCION%201434%20DE%202007.pdf HTTP/1.1" 200 238681
181.42.18.86 - - [31/Dec/2019:06:57:44 -0500] "GET /favicon.ico HTTP/1.1" 200 7782
181.128.101.128 - - [31/Dec/2019:06:57:50 -0500] "GET /BLA/boletinlegal/jurisprudencia/analisis/analisis%20C-595-2010.doc HTTP/1.1" 200 39424
192.99.10.39 - - [31/Dec/2019:06:58:01 -0500] "GET /galeria/juegos/?C=N;O=A/ HTTP/1.1" 200 2032
192.99.10.39 - - [31/Dec/2019:06:58:21 -0500] "GET /galeria/juegos/?C=N;O=D/ HTTP/1.1" 200 2031
201.244.42.53 - - [31/Dec/2019:06:58:24 -0500] "GET /BLA/boletinlegal/js/jquery.scrollShow.js HTTP/1.1" 200 4586
201.244.42.53 - - [31/Dec/2019:06:58:24 -0500] "GET /galeria/galeria/jquery.fancybox.css?v=2.1.5 HTTP/1.1" 200 4895
201.244.42.53 - - [31/Dec/2019:06:58:24 -0500] "GET /galeria/galeria/jquery.fancybox.js?v=2.1.5 HTTP/1.1" 200 48706
201.244.42.53 - - [31/Dec/2019:06:58:24 -0500] "GET /galeria/carrusel/Carrusel/jquery.thumbnailScroller.css HTTP/1.1" 200 2066
201.244.42.53 - - [31/Dec/2019:06:58:24 -0500] "GET /galeria/carrusel/Carrusel/jquery-ui-1.8.13.custom.min.js HTTP/1.1" 200 10800
201.244.42.53 - - [31/Dec/2019:06:58:24 -0500] "GET /galeria/carrusel/Carrusel/jquery.thumbnailScroller.js HTTP/1.1" 200 8157
190.121.155.129 - - [31/Dec/2019:06:58:37 -0500] "GET /galeria/carrusel/Carrusel/jquery.thumbnailScroller.css HTTP/1.1" 200 2066
190.121.155.129 - - [31/Dec/2019:06:58:37 -0500] "GET /galeria/carrusel/Carrusel/jquery-ui-1.8.13.custom.min.js HTTP/1.1" 200 10800
190.121.155.129 - - [31/Dec/2019:06:58:37 -0500] "GET /galeria/carrusel/Carrusel/jquery.thumbnailScroller.js HTTP/1.1" 200 8157
190.121.155.129 - - [31/Dec/2019:06:58:37 -0500] "GET /galeria/nivo-slider/demo/inicio.html HTTP/1.1" 200 4435
190.121.155.129 - - [31/Dec/2019:06:58:38 -0500] "GET /galeria/nivo-slider/themes/default/default.css HTTP/1.1" 200 1569
190.121.155.129 - - [31/Dec/2019:06:58:38 -0500] "GET /galeria/nivo-slider/themes/pascal/pascal.css HTTP/1.1" 200 2258
190.121.155.129 - - [31/Dec/2019:06:58:38 -0500] "GET /galeria/nivo-slider/demo/images/Bannercalculadora.jpg HTTP/1.1" 200 313099
190.121.155.129 - - [31/Dec/2019:06:58:38 -0500] "GET /galeria/nivo-slider/themes/orman/orman.css HTTP/1.1" 200 2152
190.121.155.129 - - [31/Dec/2019:06:58:38 -0500] "GET /galeria/nivo-slider/nivo-slider.css HTTP/1.1" 200 1507
190.121.155.129 - - [31/Dec/2019:06:58:38 -0500] "GET /galeria/nivo-slider/demo/style.css HTTP/1.1" 200 2222
190.121.155.129 - - [31/Dec/2019:06:58:38 -0500] "GET /galeria/nivo-slider/demo/scripts/jquery-1.7.1.min.js HTTP/1.1" 200 93868
190.121.155.129 - - [31/Dec/2019:06:58:38 -0500] "GET /galeria/nivo-slider/jquery.nivo.slider.pack.js HTTP/1.1" 200 11561
190.121.155.129 - - [31/Dec/2019:06:58:38 -0500] "GET /galeria/nivo-slider/demo/images/bannerwebmusgo.jpg HTTP/1.1" 200 367364
190.121.155.129 - - [31/Dec/2019:06:58:38 -0500] "GET /galeria/nivo-slider/demo/images/banneragendamiento.jpg HTTP/1.1" 200 116897
190.121.155.129 - - [31/Dec/2019:06:58:38 -0500] "GET /galeria/nivo-slider/demo/images/bannerjardines.jpg HTTP/1.1" 200 417948
190.121.155.129 - - [31/Dec/2019:06:58:38 -0500] "GET /galeria/nivo-slider/demo/images/diciembrecaminatas.png HTTP/1.1" 200 510724
190.121.155.129 - - [31/Dec/2019:06:58:39 -0500] "GET /galeria/nivo-slider/demo/images/Banner%20tinguas.jpg HTTP/1.1" 200 214878
190.121.155.129 - - [31/Dec/2019:06:58:39 -0500] "GET /galeria/nivo-slider/demo/images/Banner%20POT.png HTTP/1.1" 200 418238
190.121.155.129 - - [31/Dec/2019:06:58:39 -0500] "GET /galeria/nivo-slider/demo/images/puntos%20atencion%20BANNER.jpg HTTP/1.1" 200 244208
190.121.155.129 - - [31/Dec/2019:06:58:39 -0500] "GET /galeria/nivo-slider/demo/images/Banner%20Visor%20Geografico%20Ambiental.jpg HTTP/1.1" 200 204673
190.121.155.129 - - [31/Dec/2019:06:58:39 -0500] "GET /galeria/nivo-slider/demo/images/Bannerserpiente2019.jpg HTTP/1.1" 200 270374
190.121.155.129 - - [31/Dec/2019:06:58:39 -0500] "GET /galeria/nivo-slider/demo/images/Banner%20RCD.jpg HTTP/1.1" 200 92197
190.121.155.129 - - [31/Dec/2019:06:58:40 -0500] "GET /galeria/nivo-slider/demo/images/Banner%20practicas%20sostenibles.jpg HTTP/1.1" 200 142958
190.121.155.129 - - [31/Dec/2019:06:58:40 -0500] "GET /galeria/nivo-slider/demo/images/banneriniciativa.jpg HTTP/1.1" 200 200385
192.99.10.39 - - [31/Dec/2019:06:58:41 -0500] "GET /galeria/juegos/?C=S;O=A/ HTTP/1.1" 200 2031
190.121.155.129 - - [31/Dec/2019:06:58:41 -0500] "GET /galeria/nivo-slider/demo/images/Banner%20Conpes.jpg HTTP/1.1" 200 55220
190.121.155.129 - - [31/Dec/2019:06:58:42 -0500] "GET /galeria/nivo-slider/demo/images/Banneranonimos.png HTTP/1.1" 200 109388
190.121.155.129 - - [31/Dec/2019:06:58:43 -0500] "GET /galeria/nivo-slider/demo/images/Banner%20consumo%20sostenible%20final.jpg HTTP/1.1" 200 364746
190.121.155.129 - - [31/Dec/2019:06:58:43 -0500] "GET /galeria/nivo-slider/themes/default/loading.gif HTTP/1.1" 200 1737
190.121.155.129 - - [31/Dec/2019:06:58:44 -0500] "GET /galeria/nivo-slider/demo/images/4Simple_Slider.png HTTP/1.1" 200 11722
190.121.155.129 - - [31/Dec/2019:06:58:45 -0500] "GET /galeria/nivo-slider/themes/default/arrows.png HTTP/1.1" 200 824
190.121.155.129 - - [31/Dec/2019:06:58:45 -0500] "GET /galeria/nivo-slider/themes/default/bullets.png HTTP/1.1" 200 1281
186.102.60.66 - - [31/Dec/2019:06:58:47 -0500] "GET /BLA/boletinlegal/js/jquery.scrollShow.js HTTP/1.1" 200 4586
93.158.161.142 - - [31/Dec/2019:06:58:50 -0500] "GET /PruebasSTORM/StormSDA_pruebas/userFiles/user_files/formulas/3/671.xml HTTP/1.1" 200 995
186.102.60.66 - - [31/Dec/2019:06:58:50 -0500] "GET /galeria/galeria/jquery.fancybox.css?v=2.1.5 HTTP/1.1" 200 4895
186.102.60.66 - - [31/Dec/2019:06:58:51 -0500] "GET /galeria/galeria/jquery.fancybox.js?v=2.1.5 HTTP/1.1" 200 48706
192.99.10.39 - - [31/Dec/2019:06:59:00 -0500] "GET /galeria/juegos/?C=S;O=A/ HTTP/1.1" 200 2032
192.99.10.39 - - [31/Dec/2019:06:59:15 -0500] "GET /galeria/nivo-slider/demo/images/?C=D;O=D/ HTTP/1.1" 200 282470
216.244.66.195 - - [31/Dec/2019:07:00:09 -0500] "GET /BLA/resoluciones/RESOLUCIONES%202018/3405.pdf HTTP/1.1" 200 274168
192.99.10.39 - - [31/Dec/2019:06:59:44 -0500] "GET /galeria/nivo-slider/demo/images/?C=M;O=D/ HTTP/1.1" 200 282470
190.250.117.98 - - [31/Dec/2019:07:00:20 -0500] "GET /BLA/boletinlegal/js/jquery.scrollShow.js HTTP/1.1" 200 4586
190.250.117.98 - - [31/Dec/2019:07:00:20 -0500] "GET /galeria/galeria/jquery.fancybox.js?v=2.1.5 HTTP/1.1" 200 48706
190.250.117.98 - - [31/Dec/2019:07:00:20 -0500] "GET /galeria/galeria/jquery.fancybox.css?v=2.1.5 HTTP/1.1" 200 4895
190.250.117.98 - - [31/Dec/2019:07:00:20 -0500] "GET /galeria/carrusel/Carrusel/jquery-ui-1.8.13.custom.min.js HTTP/1.1" 200 10800
190.250.117.98 - - [31/Dec/2019:07:00:20 -0500] "GET /galeria/carrusel/Carrusel/jquery.thumbnailScroller.css HTTP/1.1" 200 2066
190.250.117.98 - - [31/Dec/2019:07:00:20 -0500] "GET /galeria/carrusel/Carrusel/jquery.thumbnailScroller.js HTTP/1.1" 200 8157
190.250.117.98 - - [31/Dec/2019:07:00:23 -0500] "GET /galeria/nivo-slider/demo/inicio.html HTTP/1.1" 200 4435
190.250.117.98 - - [31/Dec/2019:07:00:24 -0500] "GET /galeria/nivo-slider/themes/default/default.css HTTP/1.1" 200 1569
190.250.117.98 - - [31/Dec/2019:07:00:24 -0500] "GET /galeria/nivo-slider/themes/pascal/pascal.css HTTP/1.1" 200 2258
190.250.117.98 - - [31/Dec/2019:07:00:24 -0500] "GET /galeria/nivo-slider/themes/orman/orman.css HTTP/1.1" 200 2152
190.250.117.98 - - [31/Dec/2019:07:00:24 -0500] "GET /galeria/nivo-slider/nivo-slider.css HTTP/1.1" 200 1507
190.250.117.98 - - [31/Dec/2019:07:00:24 -0500] "GET /galeria/nivo-slider/demo/style.css HTTP/1.1" 200 2222
190.250.117.98 - - [31/Dec/2019:07:00:24 -0500] "GET /galeria/nivo-slider/demo/scripts/jquery-1.7.1.min.js HTTP/1.1" 200 93868
190.250.117.98 - - [31/Dec/2019:07:00:25 -0500] "GET /galeria/nivo-slider/jquery.nivo.slider.pack.js HTTP/1.1" 200 11561
190.250.117.98 - - [31/Dec/2019:07:00:25 -0500] "GET /galeria/nivo-slider/demo/images/Bannercalculadora.jpg HTTP/1.1" 200 313099
190.250.117.98 - - [31/Dec/2019:07:00:25 -0500] "GET /galeria/nivo-slider/demo/images/banneragendamiento.jpg HTTP/1.1" 200 116897
190.250.117.98 - - [31/Dec/2019:07:00:25 -0500] "GET /galeria/nivo-slider/demo/images/bannerwebmusgo.jpg HTTP/1.1" 200 367364
190.250.117.98 - - [31/Dec/2019:07:00:25 -0500] "GET /galeria/nivo-slider/demo/images/bannerjardines.jpg HTTP/1.1" 200 417948
190.250.117.98 - - [31/Dec/2019:07:00:27 -0500] "GET /galeria/nivo-slider/themes/default/loading.gif HTTP/1.1" 200 1737
190.250.117.98 - - [31/Dec/2019:07:00:27 -0500] "GET /galeria/nivo-slider/demo/images/4Simple_Slider.png HTTP/1.1" 200 11722
190.250.117.98 - - [31/Dec/2019:07:00:27 -0500] "GET /galeria/nivo-slider/demo/images/banneriniciativa.jpg HTTP/1.1" 200 200385
66.249.64.59 - - [31/Dec/2019:07:00:27 -0500] "GET /BLA/resoluciones/AUTOS%202014/4479.pdf HTTP/1.1" 200 188773
190.250.117.98 - - [31/Dec/2019:07:00:28 -0500] "GET /galeria/nivo-slider/demo/images/diciembrecaminatas.png HTTP/1.1" 200 510724
190.250.117.98 - - [31/Dec/2019:07:00:28 -0500] "GET /galeria/nivo-slider/demo/images/Banner%20tinguas.jpg HTTP/1.1" 200 214878
190.250.117.98 - - [31/Dec/2019:07:00:28 -0500] "GET /galeria/nivo-slider/demo/images/Bannerserpiente2019.jpg HTTP/1.1" 200 270374
192.99.10.39 - - [31/Dec/2019:07:00:38 -0500] "GET /galeria/nivo-slider/themes/?C=D;O=A/ HTTP/1.1" 200 1425
192.99.10.39 - - [31/Dec/2019:07:01:03 -0500] "GET /galeria/nivo-slider/themes/?C=M;O=A/ HTTP/1.1" 200 1425
216.244.66.195 - - [31/Dec/2019:07:01:20 -0500] "GET /BLA/resoluciones/RESOLUCIONES%202014/1853.pdf HTTP/1.1" 200 616333
69.162.124.232 - - [31/Dec/2019:07:01:22 -0500] "HEAD / HTTP/1.1" 200 -
192.99.10.39 - - [31/Dec/2019:07:01:46 -0500] "GET /galeria/nivo-slider/themes/?C=S;O=A/ HTTP/1.1" 200 1425
192.99.10.39 - - [31/Dec/2019:07:02:02 -0500] "GET /galeria/nivo-slider/themes/default/?C=N;O=A/ HTTP/1.1" 200 1671
216.244.66.195 - - [31/Dec/2019:07:02:10 -0500] "GET /BLA/resoluciones/RESOLUCIONES%202014/2211.pdf HTTP/1.1" 200 469314
201.245.192.253 - - [31/Dec/2019:07:02:15 -0500] "GET /galeria/galeria/jquery.fancybox.css?v=2.1.5 HTTP/1.1" 200 4895
201.245.192.253 - - [31/Dec/2019:07:02:15 -0500] "GET /galeria/carrusel/Carrusel/jquery.thumbnailScroller.css HTTP/1.1" 200 2066
201.245.192.253 - - [31/Dec/2019:07:02:15 -0500] "GET /BLA/boletinlegal/js/jquery.scrollShow.js HTTP/1.1" 200 4586
201.245.192.253 - - [31/Dec/2019:07:02:15 -0500] "GET /galeria/carrusel/Carrusel/jquery-ui-1.8.13.custom.min.js HTTP/1.1" 200 10800
201.245.192.253 - - [31/Dec/2019:07:02:15 -0500] "GET /galeria/carrusel/Carrusel/jquery.thumbnailScroller.js HTTP/1.1" 200 8157
201.245.192.253 - - [31/Dec/2019:07:02:15 -0500] "GET /galeria/galeria/jquery.fancybox.js?v=2.1.5 HTTP/1.1" 200 48706
201.245.192.253 - - [31/Dec/2019:07:02:17 -0500] "GET /galeria/nivo-slider/demo/inicio.html HTTP/1.1" 200 4435
201.245.192.253 - - [31/Dec/2019:07:02:17 -0500] "GET /galeria/nivo-slider/themes/default/default.css HTTP/1.1" 200 1569
201.245.192.253 - - [31/Dec/2019:07:02:17 -0500] "GET /galeria/nivo-slider/themes/pascal/pascal.css HTTP/1.1" 200 2258
201.245.192.253 - - [31/Dec/2019:07:02:17 -0500] "GET /galeria/nivo-slider/themes/orman/orman.css HTTP/1.1" 200 2152
201.245.192.253 - - [31/Dec/2019:07:02:17 -0500] "GET /galeria/nivo-slider/demo/style.css HTTP/1.1" 200 2222
201.245.192.253 - - [31/Dec/2019:07:02:17 -0500] "GET /galeria/nivo-slider/nivo-slider.css HTTP/1.1" 200 1507
201.245.192.253 - - [31/Dec/2019:07:02:17 -0500] "GET /galeria/nivo-slider/demo/images/Bannercalculadora.jpg HTTP/1.1" 200 313099
201.245.192.253 - - [31/Dec/2019:07:02:17 -0500] "GET /galeria/nivo-slider/demo/scripts/jquery-1.7.1.min.js HTTP/1.1" 200 93868
201.245.192.253 - - [31/Dec/2019:07:02:17 -0500] "GET /galeria/nivo-slider/jquery.nivo.slider.pack.js HTTP/1.1" 200 11561
201.245.192.253 - - [31/Dec/2019:07:02:17 -0500] "GET /galeria/nivo-slider/demo/images/bannerwebmusgo.jpg HTTP/1.1" 200 367364
201.245.192.253 - - [31/Dec/2019:07:02:17 -0500] "GET /galeria/nivo-slider/demo/images/banneragendamiento.jpg HTTP/1.1" 200 116897
201.245.192.253 - - [31/Dec/2019:07:02:17 -0500] "GET /galeria/nivo-slider/demo/images/bannerjardines.jpg HTTP/1.1" 200 417948
