85.209.89.224 - - [31/Dec/2019:23:01:58 -0500] "HEAD / HTTP/1.1" 200 -
85.209.89.205 - - [31/Dec/2019:23:01:58 -0500] "HEAD / HTTP/1.1" 200 -
216.244.66.195 - - [31/Dec/2019:23:02:00 -0500] "GET /BLA/resoluciones/RESOLUCIONES%202013/0933.pdf HTTP/1.1" 200 2227984
66.249.64.59 - - [31/Dec/2019:23:02:25 -0500] "GET /BLA/resoluciones/RESOLUCIONES%202016/1599.pdf HTTP/1.1" 200 6775013
66.249.64.36 - - [31/Dec/2019:23:02:55 -0500] "GET /BLA/resoluciones/RESOLUCIONES%202017/1837.pdf HTTP/1.1" 200 286906
66.249.64.63 - - [31/Dec/2019:23:03:05 -0500] "GET /BLA/resoluciones/AUTOS%202007/3437.pdf HTTP/1.1" 200 325096
216.244.66.195 - - [31/Dec/2019:23:04:20 -0500] "GET /BLA/resoluciones/RESOLUCIONES%202013/1412.pdf HTTP/1.1" 200 564462
66.249.88.23 - - [31/Dec/2019:23:04:26 -0500] "GET /BLA/resoluciones/AUTOS%202016/1818.pdf HTTP/1.1" 200 308828
66.249.64.59 - - [31/Dec/2019:23:04:56 -0500] "GET /BLA/resoluciones/RESOLUCIONES%202010/2540.pdf HTTP/1.1" 200 488842
66.249.64.59 - - [31/Dec/2019:23:05:55 -0500] "GET /BLA/resoluciones/RESOLUCIONES%202008/4899.pdf HTTP/1.1" 200 211489
40.77.167.228 - - [31/Dec/2019:23:06:03 -0500] "GET / HTTP/1.1" 200 9990
77.88.5.21 - - [31/Dec/2019:23:06:16 -0500] "GET /robots.txt HTTP/1.1" 404 1019
69.162.124.232 - - [31/Dec/2019:23:06:17 -0500] "HEAD / HTTP/1.1" 200 -
77.88.5.21 - - [31/Dec/2019:23:06:19 -0500] "GET /PruebasSTORM/StormSDA_pruebas/userFiles/user_files/89/desasociaFormula.xml HTTP/1.1" 200 58
66.249.64.59 - - [31/Dec/2019:23:06:25 -0500] "GET /BLA/resoluciones/RESOLUCIONES%202007/RES%202007%204301%20AL%204352/RESOLUCION%204316%20DE%202007.pdf HTTP/1.1" 200 162418
216.244.66.195 - - [31/Dec/2019:23:06:40 -0500] "GET /BLA/resoluciones/RESOLUCIONES%202013/1782.pdf HTTP/1.1" 200 536327
66.249.64.61 - - [31/Dec/2019:23:07:25 -0500] "GET /BLA/resoluciones/RESOLUCIONES%202015/0740.pdf HTTP/1.1" 200 1144362
66.249.64.59 - - [31/Dec/2019:23:07:55 -0500] "GET /BLA/resoluciones/RESOLUCIONES%202008/1774.pdf HTTP/1.1" 200 233120
66.249.64.59 - - [31/Dec/2019:23:08:25 -0500] "GET /BLA/resoluciones/AUTOS%202015/0233.pdf HTTP/1.1" 200 580420
66.249.64.59 - - [31/Dec/2019:23:08:59 -0500] "GET /BLA/resoluciones/RESOLUCIONES%202015/1952.pdf HTTP/1.1" 200 503500
216.244.66.195 - - [31/Dec/2019:23:09:00 -0500] "GET /BLA/resoluciones/RESOLUCIONES%202013/1914.pdf HTTP/1.1" 200 319834
201.185.142.10 - - [31/Dec/2019:23:09:53 -0500] "GET /galeria/galeria/jquery.fancybox.js?v=2.1.5 HTTP/1.1" 200 48706
201.185.142.10 - - [31/Dec/2019:23:09:53 -0500] "GET /BLA/boletinlegal/js/jquery.scrollShow.js HTTP/1.1" 200 4586
201.185.142.10 - - [31/Dec/2019:23:09:53 -0500] "GET /galeria/galeria/jquery.fancybox.css?v=2.1.5 HTTP/1.1" 200 4895
201.185.142.10 - - [31/Dec/2019:23:09:55 -0500] "GET /BLA/boletinlegal/js/jquery.scrollShow.js HTTP/1.1" 304 -
201.185.142.10 - - [31/Dec/2019:23:09:55 -0500] "GET /galeria/galeria/jquery.fancybox.js?v=2.1.5 HTTP/1.1" 304 -
201.185.142.10 - - [31/Dec/2019:23:09:55 -0500] "GET /galeria/galeria/jquery.fancybox.css?v=2.1.5 HTTP/1.1" 304 -
66.249.64.59 - - [31/Dec/2019:23:10:25 -0500] "GET /BLA/resoluciones/AUTOS%202009/0021.pdf HTTP/1.1" 200 186346
66.249.64.59 - - [31/Dec/2019:23:10:32 -0500] "GET /BLA/resoluciones/RESOLUCIONES%202014/0396.pdf HTTP/1.1" 200 610188
66.249.64.59 - - [31/Dec/2019:23:10:55 -0500] "GET /BLA/resoluciones/AUTOS%202018/0278.pdf HTTP/1.1" 200 289033
69.162.124.232 - - [31/Dec/2019:23:11:17 -0500] "HEAD / HTTP/1.1" 200 -
216.244.66.195 - - [31/Dec/2019:23:11:19 -0500] "GET /BLA/resoluciones/RESOLUCIONES%202013/1929.pdf HTTP/1.1" 200 311966
66.249.64.59 - - [31/Dec/2019:23:11:25 -0500] "GET /BLA/resoluciones/RESOLUCIONES%202011/1032.pdf HTTP/1.1" 200 61533
66.249.64.59 - - [31/Dec/2019:23:11:55 -0500] "GET /BLA/resoluciones/AUTOS%202016/2259.pdf HTTP/1.1" 200 466356
66.249.64.59 - - [31/Dec/2019:23:12:25 -0500] "GET /BLA/resoluciones/RESOLUCIONES%202014/1027.pdf HTTP/1.1" 200 835767
66.249.64.59 - - [31/Dec/2019:23:12:55 -0500] "GET /BLA/resoluciones/AUTOS%202009/1016.pdf HTTP/1.1" 200 112390
66.249.64.59 - - [31/Dec/2019:23:13:25 -0500] "GET /BLA/resoluciones/RESOLUCIONES%202018/0868.pdf HTTP/1.1" 200 376453
216.244.66.195 - - [31/Dec/2019:23:13:39 -0500] "GET /BLA/resoluciones/RESOLUCIONES%202013/2075.pdf HTTP/1.1" 200 545475
66.249.64.29 - - [31/Dec/2019:23:14:01 -0500] "GET /Anexos%20estudio%20Organizacional%20SDA/index.php?dir=ANEXO+No.+1-+NORMAS+LEGALES+DE+ESTRUCTURA+Y+PLANTA%2FDecreto+673+de+1995+Reestructura+el+DAMA_files%2F HTTP/1.1" 200 9347
40.77.167.45 - - [31/Dec/2019:23:14:03 -0500] "GET / HTTP/1.1" 200 9990
66.249.64.29 - - [31/Dec/2019:23:14:25 -0500] "GET /StormSDA/silvicultura1Produccion/ HTTP/1.1" 200 414
216.244.66.195 - - [31/Dec/2019:23:14:29 -0500] "GET /BLA/resoluciones/RESOLUCIONES%202013/2275.pdf HTTP/1.1" 200 660087
66.249.88.25 - - [31/Dec/2019:23:14:39 -0500] "GET /BLA/boletinlegal/js/jquery.scrollShow.js HTTP/1.1" 200 4586
66.249.88.23 - - [31/Dec/2019:23:14:39 -0500] "GET /galeria/galeria/jquery.fancybox.css?v=2.1.5 HTTP/1.1" 200 4895
66.249.88.23 - - [31/Dec/2019:23:14:39 -0500] "GET /galeria/galeria/jquery.fancybox.js?v=2.1.5 HTTP/1.1" 200 48706
66.249.64.59 - - [31/Dec/2019:23:14:55 -0500] "GET /BLA/resoluciones/RESOLUCIONES%202007/RES%202007%201901%20AL%202000/RESOLUCION%201944%20DE%202007.pdf HTTP/1.1" 200 336243
66.249.64.59 - - [31/Dec/2019:23:15:25 -0500] "GET /BLA/resoluciones/RESOLUCIONES%202007/RES%202007%203101%20AL%203200/RESOLUCION%203133%20%20DE%202007.pdf HTTP/1.1" 200 26982
66.249.64.59 - - [31/Dec/2019:23:15:55 -0500] "GET /BLA/resoluciones/AUTOS%202009/2434.pdf HTTP/1.1" 200 101367
66.249.64.28 - - [31/Dec/2019:23:16:01 -0500] "GET /BLA/boletinlegal/Directivas/2011/Directiva%20No.%205%20del%2029%20de%20Agosto%20de%202011.pdf HTTP/1.1" 200 444404
159.138.157.51 - - [31/Dec/2019:23:16:09 -0500] "GET /BLA/resoluciones/index.php?dir=Notificaciones/REGISTROS%2B2019/&sort=date&order=asc HTTP/1.1" 200 12126
69.162.124.232 - - [31/Dec/2019:23:16:17 -0500] "HEAD / HTTP/1.1" 200 -
66.249.88.23 - - [31/Dec/2019:23:16:18 -0500] "GET /galeria/galeria/jquery.fancybox.css?v=2.1.5 HTTP/1.1" 200 4895
66.249.88.19 - - [31/Dec/2019:23:16:18 -0500] "GET /BLA/boletinlegal/js/jquery.scrollShow.js HTTP/1.1" 200 4586
66.249.88.25 - - [31/Dec/2019:23:16:18 -0500] "GET /galeria/galeria/jquery.fancybox.js?v=2.1.5 HTTP/1.1" 200 48706
66.249.64.59 - - [31/Dec/2019:23:16:25 -0500] "GET /BLA/resoluciones/RESOLUCIONES%202007/RES%202007%202701%20AL%202800/RESOLUCION%202752%20DE%202007.pdf HTTP/1.1" 200 254371
216.244.66.195 - - [31/Dec/2019:23:16:49 -0500] "GET /BLA/resoluciones/RESOLUCIONES%202013/2704.pdf HTTP/1.1" 200 2887720
201.245.192.253 - - [31/Dec/2019:23:16:17 -0500] "POST /kwsrmcab/Wsrmcab HTTP/1.1" 200 32479
201.245.192.253 - - [31/Dec/2019:23:16:17 -0500] "POST /kwsrmcab/Wsrmcab HTTP/1.1" 200 32307
66.249.64.59 - - [31/Dec/2019:23:16:55 -0500] "GET /BLA/resoluciones/AUTOS%202015/3311.pdf HTTP/1.1" 200 462349
66.249.64.59 - - [31/Dec/2019:23:17:25 -0500] "GET /BLA/resoluciones/RESOLUCIONES%202014/3397.pdf HTTP/1.1" 200 673201
201.245.192.253 - - [31/Dec/2019:23:16:52 -0500] "POST /kwsrmcab/Wsrmcab HTTP/1.1" 200 32307
66.249.64.59 - - [31/Dec/2019:23:17:55 -0500] "GET /BLA/resoluciones/AUTOS%202013/3389.pdf HTTP/1.1" 200 663272
201.20.106.13 - - [31/Dec/2019:23:17:56 -0500] "GET / HTTP/1.1" 200 9990
66.249.64.59 - - [31/Dec/2019:23:18:06 -0500] "GET /BLA/resoluciones/AUTOS%202009/0464.pdf HTTP/1.1" 200 173375
66.249.64.59 - - [31/Dec/2019:23:18:25 -0500] "GET /BLA/resoluciones/AUTOS%202008/1180.pdf HTTP/1.1" 200 184462
103.99.176.144 - - [31/Dec/2019:23:18:40 -0500] "GET / HTTP/1.0" 200 9990
66.249.64.59 - - [31/Dec/2019:23:18:55 -0500] "GET /BLA/resoluciones/AUTOS%202007/1502.pdf HTTP/1.1" 200 89155
216.244.66.195 - - [31/Dec/2019:23:19:09 -0500] "GET /BLA/resoluciones/RESOLUCIONES%202013/2818.pdf HTTP/1.1" 200 503547
66.249.64.59 - - [31/Dec/2019:23:19:55 -0500] "GET /BLA/resoluciones/AUTOS%202017/2015.pdf HTTP/1.1" 304 -
66.249.64.59 - - [31/Dec/2019:23:20:25 -0500] "GET /BLA/resoluciones/RESOLUCIONES%202009/1558.pdf HTTP/1.1" 200 543381
66.249.64.59 - - [31/Dec/2019:23:20:55 -0500] "GET /BLA/resoluciones/RESOLUCIONES%202016/1700.pdf HTTP/1.1" 200 474664
69.162.124.232 - - [31/Dec/2019:23:21:17 -0500] "HEAD / HTTP/1.1" 200 -
216.244.66.195 - - [31/Dec/2019:23:21:30 -0500] "GET /BLA/resoluciones/RESOLUCIONES%202014/0116.pdf HTTP/1.1" 200 2256349
66.249.64.59 - - [31/Dec/2019:23:21:55 -0500] "GET /BLA/resoluciones/AUTOS%202017/2144.pdf HTTP/1.1" 200 1536906
66.249.88.23 - - [31/Dec/2019:23:21:57 -0500] "GET /galeria/galeria/jquery.fancybox.css?v=2.1.5 HTTP/1.1" 200 4895
66.249.88.25 - - [31/Dec/2019:23:21:57 -0500] "GET /BLA/boletinlegal/js/jquery.scrollShow.js HTTP/1.1" 200 4586
66.249.88.19 - - [31/Dec/2019:23:21:57 -0500] "GET /galeria/galeria/jquery.fancybox.js?v=2.1.5 HTTP/1.1" 200 48706
66.249.64.59 - - [31/Dec/2019:23:22:25 -0500] "GET /BLA/resoluciones/AUTOS%202017/2629.pdf HTTP/1.1" 200 291324
190.182.24.7 - - [31/Dec/2019:23:22:32 -0500] "GET /galeria/galeria/jquery.fancybox.js?v=2.1.5 HTTP/1.1" 200 48706
190.182.24.7 - - [31/Dec/2019:23:22:32 -0500] "GET /galeria/galeria/jquery.fancybox.css?v=2.1.5 HTTP/1.1" 200 4895
190.182.24.7 - - [31/Dec/2019:23:22:32 -0500] "GET /BLA/boletinlegal/js/jquery.scrollShow.js HTTP/1.1" 200 4586
190.182.24.7 - - [31/Dec/2019:23:22:44 -0500] "GET /galeria/galeria/jquery.fancybox.css?v=2.1.5 HTTP/1.1" 304 -
190.182.24.7 - - [31/Dec/2019:23:22:44 -0500] "GET /BLA/boletinlegal/js/jquery.scrollShow.js HTTP/1.1" 304 -
190.182.24.7 - - [31/Dec/2019:23:22:44 -0500] "GET /galeria/galeria/jquery.fancybox.js?v=2.1.5 HTTP/1.1" 304 -
66.249.64.28 - - [31/Dec/2019:23:22:53 -0500] "GET /StormSDA/silvicultura1Produccion/en_construccion.jpg HTTP/1.1" 200 28420
66.249.64.59 - - [31/Dec/2019:23:22:58 -0500] "GET /BLA/resoluciones/RESOLUCIONES%202014/3411.pdf HTTP/1.1" 200 452726
66.249.64.59 - - [31/Dec/2019:23:23:25 -0500] "GET /BLA/resoluciones/Notificaciones/AUTOS%202013/2896.doc HTTP/1.1" 200 251392
216.244.66.195 - - [31/Dec/2019:23:23:53 -0500] "GET /BLA/resoluciones/RESOLUCIONES%202014/0197.pdf HTTP/1.1" 200 4404042
66.249.64.59 - - [31/Dec/2019:23:23:55 -0500] "GET /transparencia/directorioservidores/2016/diciembre2016.xlsx HTTP/1.1" 304 -
159.203.201.112 - - [31/Dec/2019:23:24:20 -0500] "GET / HTTP/1.0" 400 946
66.249.64.59 - - [31/Dec/2019:23:24:25 -0500] "GET /BLA/resoluciones/AUTOS%202018/0944.pdf HTTP/1.1" 200 304549
66.249.64.59 - - [31/Dec/2019:23:24:55 -0500] "GET /BLA/resoluciones/RESOLUCIONES%202018/0260.pdf HTTP/1.1" 200 275781
66.249.64.59 - - [31/Dec/2019:23:25:25 -0500] "GET /BLA/resoluciones/RESOLUCIONES%202018/2032.pdf HTTP/1.1" 200 239979
66.249.64.59 - - [31/Dec/2019:23:25:55 -0500] "GET /BLA/resoluciones/AUTOS%202013/0001.pdf HTTP/1.1" 200 1761500
69.162.124.232 - - [31/Dec/2019:23:26:17 -0500] "HEAD / HTTP/1.1" 200 -
66.249.64.59 - - [31/Dec/2019:23:26:25 -0500] "GET /BLA/resoluciones/AUTOS%202014/2431.pdf HTTP/1.1" 200 662913
201.245.192.253 - - [31/Dec/2019:23:26:17 -0500] "POST /kwsrmcab/Wsrmcab HTTP/1.1" 200 32479
66.249.64.63 - - [31/Dec/2019:23:27:25 -0500] "GET /BLA/resoluciones/AUTOS%202014/4288.pdf HTTP/1.1" 200 521938
66.249.64.61 - - [31/Dec/2019:23:27:55 -0500] "GET /BLA/resoluciones/AUTOS%202014/6334.pdf HTTP/1.1" 200 521696
66.249.64.59 - - [31/Dec/2019:23:28:25 -0500] "GET /BLA/resoluciones/AUTOS%202014/5279.pdf HTTP/1.1" 200 529443
66.249.64.59 - - [31/Dec/2019:23:28:55 -0500] "GET /BLA/resoluciones/AUTOS%202014/5553.pdf HTTP/1.1" 200 274155
190.15.0.65 - - [31/Dec/2019:23:29:17 -0500] "GET /galeria/nivo-slider/demo/images/diciembrecaminatas.png HTTP/1.1" 304 -
66.249.64.59 - - [31/Dec/2019:23:29:25 -0500] "GET /BLA/resoluciones/AUTOS%202014/1535.pdf HTTP/1.1" 200 567998
66.249.64.59 - - [31/Dec/2019:23:29:55 -0500] "GET /BLA/resoluciones/RESOLUCIONES%202008/2407.pdf HTTP/1.1" 200 202831
181.53.12.126 - - [31/Dec/2019:23:30:04 -0500] "GET /galeria/galeria/jquery.fancybox.js?v=2.1.5 HTTP/1.1" 200 48706
181.53.12.126 - - [31/Dec/2019:23:30:04 -0500] "GET /BLA/boletinlegal/js/jquery.scrollShow.js HTTP/1.1" 200 4586
181.53.12.126 - - [31/Dec/2019:23:30:04 -0500] "GET /galeria/galeria/jquery.fancybox.css?v=2.1.5 HTTP/1.1" 200 4895
181.53.12.126 - - [31/Dec/2019:23:30:07 -0500] "GET /galeria/carrusel/Carrusel/jquery.thumbnailScroller.css HTTP/1.1" 200 2066
181.53.12.126 - - [31/Dec/2019:23:30:08 -0500] "GET /galeria/carrusel/Carrusel/jquery.thumbnailScroller.js HTTP/1.1" 200 8157
181.53.12.126 - - [31/Dec/2019:23:30:08 -0500] "GET /galeria/carrusel/Carrusel/jquery-ui-1.8.13.custom.min.js HTTP/1.1" 200 10800
181.53.12.126 - - [31/Dec/2019:23:30:09 -0500] "GET /galeria/nivo-slider/demo/inicio.html HTTP/1.1" 200 4435
181.53.12.126 - - [31/Dec/2019:23:30:12 -0500] "GET /galeria/nivo-slider/themes/default/default.css HTTP/1.1" 200 1569
181.53.12.126 - - [31/Dec/2019:23:30:12 -0500] "GET /galeria/nivo-slider/themes/pascal/pascal.css HTTP/1.1" 200 2258
181.53.12.126 - - [31/Dec/2019:23:30:12 -0500] "GET /galeria/nivo-slider/themes/orman/orman.css HTTP/1.1" 200 2152
181.53.12.126 - - [31/Dec/2019:23:30:12 -0500] "GET /galeria/nivo-slider/demo/style.css HTTP/1.1" 200 2222
181.53.12.126 - - [31/Dec/2019:23:30:12 -0500] "GET /galeria/nivo-slider/nivo-slider.css HTTP/1.1" 200 1507
181.53.12.126 - - [31/Dec/2019:23:30:12 -0500] "GET /galeria/nivo-slider/demo/scripts/jquery-1.7.1.min.js HTTP/1.1" 200 93868
181.53.12.126 - - [31/Dec/2019:23:30:14 -0500] "GET /galeria/nivo-slider/demo/images/Bannercalculadora.jpg HTTP/1.1" 200 313099
181.53.12.126 - - [31/Dec/2019:23:30:15 -0500] "GET /galeria/nivo-slider/jquery.nivo.slider.pack.js HTTP/1.1" 200 11561
181.53.12.126 - - [31/Dec/2019:23:30:15 -0500] "GET /galeria/nivo-slider/demo/images/banneragendamiento.jpg HTTP/1.1" 200 116897
181.53.12.126 - - [31/Dec/2019:23:30:15 -0500] "GET /galeria/nivo-slider/demo/images/bannerwebmusgo.jpg HTTP/1.1" 200 367364
181.53.12.126 - - [31/Dec/2019:23:30:15 -0500] "GET /galeria/nivo-slider/demo/images/bannerjardines.jpg HTTP/1.1" 200 417948
181.53.12.126 - - [31/Dec/2019:23:30:15 -0500] "GET /galeria/nivo-slider/demo/images/4Simple_Slider.png HTTP/1.1" 200 11722
181.53.12.126 - - [31/Dec/2019:23:30:20 -0500] "GET /galeria/nivo-slider/themes/default/loading.gif HTTP/1.1" 200 1737
181.53.12.126 - - [31/Dec/2019:23:30:21 -0500] "GET /galeria/nivo-slider/demo/images/banneriniciativa.jpg HTTP/1.1" 200 200385
181.53.12.126 - - [31/Dec/2019:23:30:22 -0500] "GET /galeria/nivo-slider/demo/images/diciembrecaminatas.png HTTP/1.1" 200 510724
181.53.12.126 - - [31/Dec/2019:23:30:22 -0500] "GET /galeria/nivo-slider/demo/images/Banner%20tinguas.jpg HTTP/1.1" 200 214878
181.53.12.126 - - [31/Dec/2019:23:30:22 -0500] "GET /galeria/nivo-slider/demo/images/Bannerserpiente2019.jpg HTTP/1.1" 200 270374
181.53.12.126 - - [31/Dec/2019:23:30:22 -0500] "GET /galeria/nivo-slider/demo/images/puntos%20atencion%20BANNER.jpg HTTP/1.1" 200 244208
181.53.12.126 - - [31/Dec/2019:23:30:24 -0500] "GET /galeria/nivo-slider/demo/images/Banner%20Visor%20Geografico%20Ambiental.jpg HTTP/1.1" 200 204673
66.249.64.59 - - [31/Dec/2019:23:30:25 -0500] "GET /BLA/resoluciones/AUTOS%202014/0289.pdf HTTP/1.1" 200 855189
181.53.12.126 - - [31/Dec/2019:23:30:26 -0500] "GET /galeria/nivo-slider/demo/images/Banner%20consumo%20sostenible%20final.jpg HTTP/1.1" 200 364746
181.53.12.126 - - [31/Dec/2019:23:30:30 -0500] "GET /galeria/nivo-slider/demo/images/Banner%20RCD.jpg HTTP/1.1" 200 92197
181.53.12.126 - - [31/Dec/2019:23:30:30 -0500] "GET /galeria/nivo-slider/demo/images/Banner%20practicas%20sostenibles.jpg HTTP/1.1" 200 142958
181.53.12.126 - - [31/Dec/2019:23:30:30 -0500] "GET /galeria/nivo-slider/demo/images/Banner%20Conpes.jpg HTTP/1.1" 200 55220
181.53.12.126 - - [31/Dec/2019:23:30:30 -0500] "GET /galeria/nivo-slider/demo/images/Banner%20POT.png HTTP/1.1" 200 418238
181.53.12.126 - - [31/Dec/2019:23:30:31 -0500] "GET /galeria/nivo-slider/demo/images/Banneranonimos.png HTTP/1.1" 200 109388
181.53.12.126 - - [31/Dec/2019:23:30:40 -0500] "GET /galeria/nivo-slider/themes/default/arrows.png HTTP/1.1" 200 824
181.53.12.126 - - [31/Dec/2019:23:30:40 -0500] "GET /galeria/nivo-slider/themes/default/bullets.png HTTP/1.1" 200 1281
66.249.64.59 - - [31/Dec/2019:23:30:55 -0500] "GET /BLA/resoluciones/AUTOS%202014/5640.pdf HTTP/1.1" 200 206044
69.162.124.232 - - [31/Dec/2019:23:31:17 -0500] "HEAD / HTTP/1.1" 200 -
66.249.64.59 - - [31/Dec/2019:23:31:25 -0500] "GET /BLA/resoluciones/AUTOS%202018/1977.pdf HTTP/1.1" 200 328030
186.86.33.20 - - [31/Dec/2019:23:31:58 -0500] "GET /BLA/boletinlegal/js/jquery.scrollShow.js HTTP/1.1" 200 4586
186.86.33.20 - - [31/Dec/2019:23:31:58 -0500] "GET /galeria/galeria/jquery.fancybox.js?v=2.1.5 HTTP/1.1" 200 48706
186.86.33.20 - - [31/Dec/2019:23:31:58 -0500] "GET /galeria/galeria/jquery.fancybox.css?v=2.1.5 HTTP/1.1" 200 4895
186.86.33.20 - - [31/Dec/2019:23:31:58 -0500] "GET /galeria/carrusel/Carrusel/jquery.thumbnailScroller.css HTTP/1.1" 200 2066
186.86.33.20 - - [31/Dec/2019:23:31:58 -0500] "GET /galeria/carrusel/Carrusel/jquery-ui-1.8.13.custom.min.js HTTP/1.1" 200 10800
186.86.33.20 - - [31/Dec/2019:23:31:59 -0500] "GET /galeria/carrusel/Carrusel/jquery.thumbnailScroller.js HTTP/1.1" 200 8157
186.86.33.20 - - [31/Dec/2019:23:32:00 -0500] "GET /galeria/nivo-slider/demo/inicio.html HTTP/1.1" 200 4435
186.86.33.20 - - [31/Dec/2019:23:32:01 -0500] "GET /galeria/nivo-slider/themes/default/default.css HTTP/1.1" 200 1569
186.86.33.20 - - [31/Dec/2019:23:32:01 -0500] "GET /galeria/nivo-slider/themes/pascal/pascal.css HTTP/1.1" 200 2258
186.86.33.20 - - [31/Dec/2019:23:32:01 -0500] "GET /galeria/nivo-slider/themes/orman/orman.css HTTP/1.1" 200 2152
186.86.33.20 - - [31/Dec/2019:23:32:01 -0500] "GET /galeria/nivo-slider/nivo-slider.css HTTP/1.1" 200 1507
186.86.33.20 - - [31/Dec/2019:23:32:01 -0500] "GET /galeria/nivo-slider/demo/images/Bannercalculadora.jpg HTTP/1.1" 200 313099
186.86.33.20 - - [31/Dec/2019:23:32:01 -0500] "GET /galeria/nivo-slider/demo/style.css HTTP/1.1" 200 2222
186.86.33.20 - - [31/Dec/2019:23:32:01 -0500] "GET /galeria/nivo-slider/demo/images/Banner%20RCD.jpg HTTP/1.1" 200 92197
186.86.33.20 - - [31/Dec/2019:23:32:01 -0500] "GET /galeria/nivo-slider/demo/images/Banner%20tinguas.jpg HTTP/1.1" 200 214878
186.86.33.20 - - [31/Dec/2019:23:32:01 -0500] "GET /galeria/nivo-slider/demo/images/puntos%20atencion%20BANNER.jpg HTTP/1.1" 200 244208
186.86.33.20 - - [31/Dec/2019:23:32:01 -0500] "GET /galeria/nivo-slider/demo/images/Banner%20POT.png HTTP/1.1" 200 418238
186.86.33.20 - - [31/Dec/2019:23:32:01 -0500] "GET /galeria/nivo-slider/demo/images/banneragendamiento.jpg HTTP/1.1" 200 116897
186.86.33.20 - - [31/Dec/2019:23:32:02 -0500] "GET /galeria/nivo-slider/demo/images/Banner%20Visor%20Geografico%20Ambiental.jpg HTTP/1.1" 200 204673
186.86.33.20 - - [31/Dec/2019:23:32:02 -0500] "GET /galeria/nivo-slider/demo/images/Bannerserpiente2019.jpg HTTP/1.1" 200 270374
186.86.33.20 - - [31/Dec/2019:23:32:03 -0500] "GET /galeria/nivo-slider/demo/images/diciembrecaminatas.png HTTP/1.1" 200 510724
186.86.33.20 - - [31/Dec/2019:23:32:03 -0500] "GET /galeria/nivo-slider/demo/images/Banner%20consumo%20sostenible%20final.jpg HTTP/1.1" 200 364746
186.86.33.20 - - [31/Dec/2019:23:32:04 -0500] "GET /galeria/nivo-slider/demo/images/Banneranonimos.png HTTP/1.1" 200 109388
186.86.33.20 - - [31/Dec/2019:23:32:04 -0500] "GET /galeria/nivo-slider/demo/images/banneriniciativa.jpg HTTP/1.1" 200 200385
186.86.33.20 - - [31/Dec/2019:23:32:04 -0500] "GET /galeria/nivo-slider/demo/images/Banner%20practicas%20sostenibles.jpg HTTP/1.1" 200 142958
186.86.33.20 - - [31/Dec/2019:23:32:05 -0500] "GET /galeria/nivo-slider/demo/images/bannerjardines.jpg HTTP/1.1" 200 417948
186.86.33.20 - - [31/Dec/2019:23:32:05 -0500] "GET /galeria/nivo-slider/demo/images/bannerwebmusgo.jpg HTTP/1.1" 200 367364
186.86.33.20 - - [31/Dec/2019:23:32:05 -0500] "GET /galeria/nivo-slider/demo/images/Banner%20Conpes.jpg HTTP/1.1" 200 55220
186.86.33.20 - - [31/Dec/2019:23:32:05 -0500] "GET /galeria/nivo-slider/demo/scripts/jquery-1.7.1.min.js HTTP/1.1" 200 93868
186.86.33.20 - - [31/Dec/2019:23:32:06 -0500] "GET /galeria/nivo-slider/themes/default/loading.gif HTTP/1.1" 200 1737
186.86.33.20 - - [31/Dec/2019:23:32:06 -0500] "GET /galeria/nivo-slider/demo/images/4Simple_Slider.png HTTP/1.1" 200 11722
186.86.33.20 - - [31/Dec/2019:23:32:06 -0500] "GET /galeria/nivo-slider/jquery.nivo.slider.pack.js HTTP/1.1" 200 11561
66.249.64.59 - - [31/Dec/2019:23:32:28 -0500] "GET /BLA/resoluciones/AUTOS%202017/2218.pdf HTTP/1.1" 200 335821
66.249.64.59 - - [31/Dec/2019:23:32:55 -0500] "GET /BLA/resoluciones/AUTOS%202015/5338.pdf HTTP/1.1" 200 893691
66.249.64.59 - - [31/Dec/2019:23:33:25 -0500] "GET /BLA/resoluciones/AUTOS%202014/4647.pdf HTTP/1.1" 200 520799
66.249.64.61 - - [31/Dec/2019:23:34:00 -0500] "GET /BLA/resoluciones/RESOLUCIONES%202010/4040.pdf HTTP/1.1" 200 796607
66.249.64.59 - - [31/Dec/2019:23:34:25 -0500] "GET /BLA/resoluciones/RESOLUCIONES%202009/6571.pdf HTTP/1.1" 200 486821
66.249.64.59 - - [31/Dec/2019:23:34:55 -0500] "GET /BLA/resoluciones/RESOLUCIONES%202013/1127.pdf HTTP/1.1" 200 779892
207.46.13.109 - - [31/Dec/2019:23:35:23 -0500] "GET / HTTP/1.1" 200 9990
66.249.64.59 - - [31/Dec/2019:23:35:25 -0500] "GET /BLA/resoluciones/AUTOS%202014/7047.pdf HTTP/1.1" 200 76471
66.249.64.59 - - [31/Dec/2019:23:35:55 -0500] "GET /BLA/resoluciones/RESOLUCIONES%202010/3238.pdf HTTP/1.1" 200 759817
69.162.124.232 - - [31/Dec/2019:23:36:17 -0500] "HEAD / HTTP/1.1" 200 -
66.249.64.59 - - [31/Dec/2019:23:36:25 -0500] "GET /BLA/resoluciones/AUTOS%202018/6127.pdf HTTP/1.1" 200 298744
201.245.192.253 - - [31/Dec/2019:23:36:17 -0500] "POST /kwsrmcab/Wsrmcab HTTP/1.1" 200 32479
66.249.64.59 - - [31/Dec/2019:23:36:55 -0500] "GET /BLA/resoluciones/Notificaciones/AUTOS%202015/4704.doc HTTP/1.1" 200 185344
66.249.64.59 - - [31/Dec/2019:23:37:25 -0500] "GET /BLA/resoluciones/RESOLUCIONES%202018/0265.pdf HTTP/1.1" 200 245073
157.55.39.98 - - [31/Dec/2019:23:38:20 -0500] "GET / HTTP/1.1" 200 9990
186.86.33.20 - - [31/Dec/2019:23:38:37 -0500] "GET /galeria/nivo-slider/themes/default/arrows.png HTTP/1.1" 200 824
186.86.33.20 - - [31/Dec/2019:23:38:37 -0500] "GET /galeria/nivo-slider/themes/default/bullets.png HTTP/1.1" 200 1281
66.249.64.59 - - [31/Dec/2019:23:40:55 -0500] "GET /BLA/resoluciones/RESOLUCIONES%202014/0065.pdf HTTP/1.1" 200 468684
216.244.66.195 - - [31/Dec/2019:23:41:05 -0500] "GET /BLA/resoluciones/RESOLUCIONES%202017/1592.pdf HTTP/1.1" 200 614014
69.162.124.232 - - [31/Dec/2019:23:41:17 -0500] "HEAD / HTTP/1.1" 200 -
66.249.64.59 - - [31/Dec/2019:23:41:25 -0500] "GET /BLA/resoluciones/RESOLUCIONES%202013/0779.pdf HTTP/1.1" 304 -
216.244.66.195 - - [31/Dec/2019:23:42:15 -0500] "GET /BLA/resoluciones/AUTOS%202014/5138.pdf HTTP/1.1" 200 709201
66.249.64.59 - - [31/Dec/2019:23:43:56 -0500] "GET /BLA/resoluciones/AUTOS%202015/2876.pdf HTTP/1.1" 200 918625
207.46.13.199 - - [31/Dec/2019:23:43:56 -0500] "GET /BLA/boletinlegal/Circulares/2018/Circular%20No.%2010%20del%2021%20de%20Septiembre%20de%202018.pdf HTTP/1.1" 200 163426
193.124.188.83 - - [31/Dec/2019:23:44:28 -0500] "HEAD / HTTP/1.1" 200 -
193.124.190.18 - - [31/Dec/2019:23:44:28 -0500] "HEAD / HTTP/1.1" 200 -
193.124.188.188 - - [31/Dec/2019:23:44:28 -0500] "HEAD / HTTP/1.1" 200 -
193.124.191.92 - - [31/Dec/2019:23:44:28 -0500] "HEAD / HTTP/1.1" 200 -
185.5.249.185 - - [31/Dec/2019:23:44:28 -0500] "HEAD / HTTP/1.1" 200 -
216.244.66.195 - - [31/Dec/2019:23:44:45 -0500] "GET /BLA/resoluciones/RESOLUCIONES%202009/7815.pdf HTTP/1.1" 200 500663
66.249.64.59 - - [31/Dec/2019:23:45:25 -0500] "GET /BLA/resoluciones/RESOLUCIONES%202010/6140.pdf HTTP/1.1" 304 -
207.46.13.171 - - [31/Dec/2019:23:45:44 -0500] "GET /BLA/resoluciones/RESOLUCIONES%202010/6425.pdf HTTP/1.1" 200 475869
66.249.64.59 - - [31/Dec/2019:23:45:56 -0500] "GET /BLA/resoluciones/RESOLUCIONES%202009/6688.pdf HTTP/1.1" 304 -
69.162.124.232 - - [31/Dec/2019:23:46:17 -0500] "HEAD / HTTP/1.1" 200 -
66.249.64.63 - - [31/Dec/2019:23:46:25 -0500] "GET /BLA/resoluciones/AUTOS%202016/2971.pdf HTTP/1.1" 304 -
66.249.64.61 - - [31/Dec/2019:23:46:56 -0500] "GET /BLA/resoluciones/AUTOS%202014/5623.pdf HTTP/1.1" 200 561522
40.77.167.45 - - [31/Dec/2019:23:47:03 -0500] "GET /portalsiaccapacitaciones/Listas%20de%20Asistencia%202016/LISTA%20DE%20ASISTENCIA%20MESA%20PIGA%2024%20NOVIEMBRE.pdf HTTP/1.1" 304 -
216.244.66.195 - - [31/Dec/2019:23:47:05 -0500] "GET /BLA/resoluciones/RESOLUCIONES%202007/RES%202007%20801%20AL%20900/RESOLUCION%200848%20%20DE%202007.pdf HTTP/1.1" 200 648285
66.249.64.59 - - [31/Dec/2019:23:48:26 -0500] "GET /BLA/resoluciones/RESOLUCIONES%202011/1561.pdf HTTP/1.1" 304 -
216.244.66.195 - - [31/Dec/2019:23:49:25 -0500] "GET /BLA/resoluciones/AUTOS%202008/2297.pdf HTTP/1.1" 200 180982
69.162.124.232 - - [31/Dec/2019:23:51:17 -0500] "HEAD / HTTP/1.1" 200 -
216.244.66.195 - - [31/Dec/2019:23:51:40 -0500] "GET /BLA/resoluciones/RESOLUCIONES%202010/3286.pdf HTTP/1.1" 200 761589
216.244.66.195 - - [31/Dec/2019:23:52:30 -0500] "GET /BLA/resoluciones/RESOLUCIONES%202011/4967.pdf HTTP/1.1" 200 557533
66.249.64.59 - - [31/Dec/2019:23:52:55 -0500] "GET /BLA/resoluciones/AUTOS%202015/6642.pdf HTTP/1.1" 200 549066
66.249.64.59 - - [31/Dec/2019:23:53:26 -0500] "GET /BLA/resoluciones/AUTOS%202015/6378.pdf HTTP/1.1" 200 708431
66.249.64.59 - - [31/Dec/2019:23:54:25 -0500] "GET /BLA/resoluciones/AUTOS%202017/4243.pdf HTTP/1.1" 200 270417
66.249.64.61 - - [31/Dec/2019:23:55:55 -0500] "GET /BLA/resoluciones/RESOLUCIONES%202014/0523.pdf HTTP/1.1" 200 962489
66.249.64.61 - - [31/Dec/2019:23:56:04 -0500] "GET /BLA/resoluciones/AUTOS%202009/2395.pdf HTTP/1.1" 200 101905
69.162.124.232 - - [31/Dec/2019:23:56:17 -0500] "HEAD / HTTP/1.1" 200 -
66.249.64.61 - - [31/Dec/2019:23:56:26 -0500] "GET /BLA/resoluciones/AUTOS%202014/4151.pdf HTTP/1.1" 200 488320
46.229.168.149 - - [31/Dec/2019:23:56:52 -0500] "GET /robots.txt HTTP/1.1" 404 1019
46.229.168.151 - - [31/Dec/2019:23:56:53 -0500] "GET /Anexos%20estudio%20Organizacional%20SDA/index.php?dir=ANEXO%2BNo.%2B9%2B-%2BRES%C3%83%C2%83%C3%82%C2%83%C3%83%C2%82%C3%82%C2%83%C3%83%C2%83%C3%82%C2%82%C3%83%C2%82%C3%82%C2%83%C3%83%C2%83%C3%82%C2%83%C3%83%C2%82%C3%82%C2%82%C3%83%C2%83%C3%82%C2%82%C3%83%C2%82%C3%82%C2%83%C3%83%C2%83%C3%82%C2%83%C3%83%C2%82%C3%82%C2%83%C3%83%C2%83%C3%82%C2%82%C3%83%C2%82%C3%82%C2%82%C3%83%C2%83%C3%82%C2%83%C3%83%C2%82%C3%82%C2%82%C3%83%C2%83%C3%82%C2%82%C3%83%C2%82%C3%82%C2%9AMENES%2BDE%2BLA%2BMEDICI%C3%83%C2%83%C3%82%C2%83%C3%83%C2%82%C3%82%C2%83%C3%83%C2%83%C3%82%C2%82%C3%83%C2%82%C3%82%C2%83%C3%83%C2%83%C3%82%C2%83%C3%83%C2%82%C3%82%C2%82%C3%83%C2%83%C3%82%C2%82%C3%83%C2%82%C3%82%C2%83%C3%83%C2%83%C3%82%C2%83%C3%83%C2%82%C3%82%C2%83%C3%83%C2%83%C3%82%C2%82%C3%83%C2%82%C3%82%C2%82%C3%83%C2%83%C3%82%C2%83%C3%83%C2%82%C3%82%C2%82%C3%83%C2%83%C3%82%C2%82%C3%83%C2%82%C3%82%C2%93N%2BDE%2BCARGAS%2BLABORALES%2BSDA%2F&order=asc&sort=size HTTP/1.1" 200 6961

:: Command execute ::

Enter:
 
Select:
 

:: Search ::
regexp 

:: Upload ::
 
[ ok ]

:: Make Dir ::
 
[ ok ]
:: Make File ::
 
[ ok ]

:: Go Dir ::
 
:: Go File ::
 

--[ c99shell v. 1.0 pre-release build #13 powered by Captain Crunch Security Team | http://ccteam.ru | Generation time: 1.3572 ]--