66.102.8.187 - - [31/Dec/2019:09:52:41 -0500] "GET /galeria/nivo-slider/themes/default/loading.gif HTTP/1.1" 200 1737
66.102.8.191 - - [31/Dec/2019:09:52:41 -0500] "GET /galeria/nivo-slider/demo/images/4Simple_Slider.png HTTP/1.1" 200 11722
66.102.8.189 - - [31/Dec/2019:09:52:43 -0500] "GET /galeria/nivo-slider/themes/default/arrows.png HTTP/1.1" 200 824
66.102.8.187 - - [31/Dec/2019:09:52:43 -0500] "GET /galeria/nivo-slider/themes/default/bullets.png HTTP/1.1" 200 1281
186.155.29.203 - - [31/Dec/2019:09:52:51 -0500] "GET /autoliquidacion HTTP/1.1" 301 310
186.155.29.203 - - [31/Dec/2019:09:52:51 -0500] "GET /autoliquidacion/ HTTP/1.1" 200 6377
186.155.29.203 - - [31/Dec/2019:09:52:52 -0500] "GET /autoliquidacion/dlf/styles.css HTTP/1.1" 200 3045
186.155.29.203 - - [31/Dec/2019:09:52:52 -0500] "GET /autoliquidacion/dlf/folder.png HTTP/1.1" 200 410
186.155.29.203 - - [31/Dec/2019:09:52:52 -0500] "GET /autoliquidacion/dlf/bg.gif HTTP/1.1" 200 54
66.249.64.59 - - [31/Dec/2019:09:53:21 -0500] "GET /BLA/resoluciones/RESOLUCIONES%202007/RES%202007%20801%20AL%20900/RESOLUCION%200827%20DE%202007.pdf HTTP/1.1" 200 222252
66.249.64.59 - - [31/Dec/2019:09:53:28 -0500] "GET /BLA/resoluciones/AUTOS%202014/6598.pdf HTTP/1.1" 200 518703
66.249.64.59 - - [31/Dec/2019:09:53:36 -0500] "GET /BLA/resoluciones/RESOLUCIONES%202008/2088.pdf HTTP/1.1" 200 47970
66.249.64.59 - - [31/Dec/2019:09:53:42 -0500] "GET /BLA/resoluciones/AUTOS%202017/2063.pdf HTTP/1.1" 304 -
66.249.64.59 - - [31/Dec/2019:09:53:46 -0500] "GET /BLA/resoluciones/AUTOS%202007/2981.pdf HTTP/1.1" 200 196842
66.249.64.59 - - [31/Dec/2019:09:53:57 -0500] "GET /BLA/resoluciones/AUTOS%202015/4830.pdf HTTP/1.1" 200 576648
201.245.192.253 - - [31/Dec/2019:09:53:58 -0500] "GET /BLA/boletinlegal/consulta_actos.php?tipo=resoluciones&no=4742&usuario=&sector=&fecha=2011&resuelve= HTTP/1.1" 200 626
216.244.66.195 - - [31/Dec/2019:09:54:06 -0500] "GET /BLA/resoluciones/RESOLUCIONES%202013/0294.pdf HTTP/1.1" 200 2432385
66.249.64.59 - - [31/Dec/2019:09:54:13 -0500] "GET /BLA/resoluciones/AUTOS%202017/2970.pdf HTTP/1.1" 304 -
192.99.15.199 - - [31/Dec/2019:09:54:35 -0500] "GET /robots.txt HTTP/1.1" 404 1015
192.99.15.199 - - [31/Dec/2019:09:54:38 -0500] "GET /Anexos%20estudio%20Organizacional%20SDA/index.php?dir=ANEXO%20No.%201-%20NORMAS%20LEGALES%20DE%20ESTRUCTURA%20Y%20PLANTA/Decreto%20673%20de%201995%20Reestructura%20el%20DAMA_files/&sort=date&order=desc/ HTTP/1.1" 200 9506
192.99.15.199 - - [31/Dec/2019:09:54:41 -0500] "GET /Anexos%20estudio%20Organizacional%20SDA/index.php?dir=ANEXO%20No.%201-%20NORMAS%20LEGALES%20DE%20ESTRUCTURA%20Y%20PLANTA/Decreto%20distrital%20110%20de%202009%20-%20modifica%20planta%20de%20empleos%20SDA.jsp_files/&sort=size&order=desc/ HTTP/1.1" 200 10993
201.245.192.253 - - [31/Dec/2019:09:53:06 -0500] "GET /BLA/boletinlegal/ HTTP/1.1" 200 68662
66.249.64.59 - - [31/Dec/2019:09:54:44 -0500] "GET /BLA/resoluciones/AUTOS%202014/2382.pdf HTTP/1.1" 200 702477
192.99.15.199 - - [31/Dec/2019:09:54:44 -0500] "GET /Metadatos_final_2014/?C=D;O=D/ HTTP/1.1" 200 3486
192.99.15.199 - - [31/Dec/2019:09:54:47 -0500] "GET /Metadatos_final_2014/?C=M;O=A/ HTTP/1.1" 200 3486
192.99.15.199 - - [31/Dec/2019:09:54:51 -0500] "GET /Metadatos_final_2014/?C=N;O=A/ HTTP/1.1" 200 3486
186.154.10.199 - - [31/Dec/2019:09:54:53 -0500] "GET /galeria/galeria/jquery.fancybox.js?v=2.1.5 HTTP/1.1" 200 48706
186.154.10.199 - - [31/Dec/2019:09:54:53 -0500] "GET /BLA/boletinlegal/js/jquery.scrollShow.js HTTP/1.1" 200 4586
192.99.15.199 - - [31/Dec/2019:09:54:54 -0500] "GET /Metadatos_final_2014/?C=S;O=A/ HTTP/1.1" 200 3486
192.99.15.199 - - [31/Dec/2019:09:54:58 -0500] "GET /PORTAL_SIAC/swf/?C=M;O=D/ HTTP/1.1" 200 6169
192.99.15.199 - - [31/Dec/2019:09:55:00 -0500] "GET /PORTAL_SIAC/swf/?C=S;O=D/ HTTP/1.1" 200 6169
66.249.64.61 - - [31/Dec/2019:09:55:04 -0500] "GET /BLA/resoluciones/RESOLUCIONES%202015/1168.pdf HTTP/1.1" 304 -
192.99.15.199 - - [31/Dec/2019:09:55:05 -0500] "GET /PruebasSTORM/StormSDA_pruebas/lib/win32/?C=D;O=A/ HTTP/1.1" 200 1262
192.99.15.199 - - [31/Dec/2019:09:55:09 -0500] "GET /PruebasSTORM/StormSDA_pruebas/lib/win32/?C=M;O=D/ HTTP/1.1" 200 1262
192.99.15.199 - - [31/Dec/2019:09:55:12 -0500] "GET /PruebasSTORM/StormSDA_pruebas/lib/win32/?C=N;O=D/ HTTP/1.1" 200 1262
200.69.105.200 - - [31/Dec/2019:09:55:14 -0500] "GET /galeria/galeria/jquery.fancybox.css?v=2.1.5 HTTP/1.1" 200 4895
200.69.105.200 - - [31/Dec/2019:09:55:14 -0500] "GET /BLA/boletinlegal/js/jquery.scrollShow.js HTTP/1.1" 200 4586
200.69.105.200 - - [31/Dec/2019:09:55:14 -0500] "GET /galeria/galeria/jquery.fancybox.js?v=2.1.5 HTTP/1.1" 200 48706
192.99.15.199 - - [31/Dec/2019:09:55:16 -0500] "GET /PruebasSTORM/StormSDA_pruebas/lib/win32/?C=S;O=D/ HTTP/1.1" 200 1262
192.99.15.199 - - [31/Dec/2019:09:55:19 -0500] "GET /PruebasSTORM/StormSDA_pruebas/userFiles/?C=D;O=D/ HTTP/1.1" 200 5496
192.99.15.199 - - [31/Dec/2019:09:55:22 -0500] "GET /PruebasSTORM/StormSDA_pruebas/userFiles/?C=M;O=D/ HTTP/1.1" 200 5496
192.99.15.199 - - [31/Dec/2019:09:55:24 -0500] "GET /PruebasSTORM/StormSDA_pruebas/userFiles/?C=N;O=A/ HTTP/1.1" 200 5496
201.217.221.242 - - [31/Dec/2019:09:55:25 -0500] "GET /BLA/boletinlegal/js/jquery.scrollShow.js HTTP/1.1" 200 4586
201.217.221.242 - - [31/Dec/2019:09:55:25 -0500] "GET /galeria/galeria/jquery.fancybox.css?v=2.1.5 HTTP/1.1" 200 4895
201.217.221.242 - - [31/Dec/2019:09:55:25 -0500] "GET /galeria/galeria/jquery.fancybox.js?v=2.1.5 HTTP/1.1" 200 48706
192.99.15.199 - - [31/Dec/2019:09:55:27 -0500] "GET /PruebasSTORM/StormSDA_pruebas/userFiles/?C=S;O=D/ HTTP/1.1" 200 5496
192.99.15.199 - - [31/Dec/2019:09:55:30 -0500] "GET /PruebasSTORM/StormSDA_pruebas/userFiles/user_files/97/?C=D;O=D/ HTTP/1.1" 200 1752
192.99.15.199 - - [31/Dec/2019:09:55:34 -0500] "GET /PruebasSTORM/StormSDA_pruebas/userFiles/user_files/97/?C=M;O=D/ HTTP/1.1" 200 1752
192.99.15.199 - - [31/Dec/2019:09:55:37 -0500] "GET /PruebasSTORM/StormSDA_pruebas/userFiles/user_files/98/?C=N;O=D/ HTTP/1.1" 200 1752
66.249.64.61 - - [31/Dec/2019:09:55:39 -0500] "GET /BLA/resoluciones/RESOLUCIONES%202010/2049.pdf HTTP/1.1" 200 208019
192.99.15.199 - - [31/Dec/2019:09:55:40 -0500] "GET /PruebasSTORM/StormSDA_pruebas/userFiles/user_files/98/?C=S;O=A/ HTTP/1.1" 200 1752
192.99.15.199 - - [31/Dec/2019:09:55:42 -0500] "GET /PruebasSTORM/StormSDA_pruebas/userFiles/user_files/formulas/2/?C=N;O=A/ HTTP/1.1" 200 11396
192.99.15.199 - - [31/Dec/2019:09:55:45 -0500] "GET /PruebasSTORM/StormSDA_pruebas/userFiles/user_files/formulas/4/?C=D;O=D/ HTTP/1.1" 200 901
192.99.15.199 - - [31/Dec/2019:09:55:47 -0500] "GET /PruebasSTORM/StormSDA_pruebas/userFiles/user_files/formulas/4/?C=M;O=D/ HTTP/1.1" 200 901
192.99.15.199 - - [31/Dec/2019:09:55:49 -0500] "GET /PruebasSTORM/StormSDA_pruebas/userFiles/user_files/formulas/4/?C=S;O=D/ HTTP/1.1" 200 901
192.99.15.199 - - [31/Dec/2019:09:55:53 -0500] "GET /PruebasSTORM/StormSDA_pruebas/userFiles/user_files/listas/?C=D;O=A/ HTTP/1.1" 200 49938
192.99.15.199 - - [31/Dec/2019:09:55:56 -0500] "GET /PruebasSTORM/StormSDA_pruebas/userFiles/user_files/listas/?C=D;O=D/ HTTP/1.1" 200 49938
192.99.15.199 - - [31/Dec/2019:09:56:02 -0500] "GET /PruebasSTORM/StormSDA_pruebas/userFiles/user_files/listas/?C=M;O=A/ HTTP/1.1" 200 49938
54.36.148.80 - - [31/Dec/2019:09:56:03 -0500] "GET /BLA/resoluciones/RESOLUCIONES%202002/RES%202002%201401-1450/20021412.tif HTTP/1.1" 200 106702
201.245.192.253 - - [31/Dec/2019:09:56:03 -0500] "GET /BLA/boletinlegal/consulta_actos.php?tipo=resoluciones&no=0038&usuario=&sector=&fecha=2019&resuelve= HTTP/1.1" 200 626
201.245.192.253 - - [31/Dec/2019:09:56:04 -0500] "GET /BLA/boletinlegal/consulta_actos.php?tipo=resoluciones&no=0038&usuario=&sector=&fecha=2019&resuelve= HTTP/1.1" 200 626
186.155.29.203 - - [31/Dec/2019:09:56:04 -0500] "GET /autoliquidacion/ HTTP/1.1" 200 6377
201.245.192.253 - - [31/Dec/2019:09:56:04 -0500] "GET /BLA/boletinlegal/consulta_actos.php?tipo=resoluciones&no=0038&usuario=&sector=&fecha=2019&resuelve= HTTP/1.1" 200 626
201.245.192.253 - - [31/Dec/2019:09:56:04 -0500] "GET /BLA/boletinlegal/consulta_actos.php?tipo=resoluciones&no=0038&usuario=&sector=&fecha=2019&resuelve= HTTP/1.1" 200 626
201.245.192.253 - - [31/Dec/2019:09:56:04 -0500] "GET /BLA/boletinlegal/consulta_actos.php?tipo=resoluciones&no=0038&usuario=&sector=&fecha=2019&resuelve= HTTP/1.1" 200 626
66.249.64.61 - - [31/Dec/2019:09:56:04 -0500] "GET /BLA/resoluciones/AUTOS%202007/3739.pdf HTTP/1.1" 200 254104
192.99.15.199 - - [31/Dec/2019:09:56:06 -0500] "GET /PruebasSTORM/StormSDA_pruebas/userFiles/user_files/listas/?C=M;O=D/ HTTP/1.1" 200 49938
192.99.15.199 - - [31/Dec/2019:09:56:09 -0500] "GET /PruebasSTORM/StormSDA_pruebas/userFiles/user_files/listas/?C=N;O=A/ HTTP/1.1" 200 49938
192.99.15.199 - - [31/Dec/2019:09:56:11 -0500] "GET /PruebasSTORM/StormSDA_pruebas/userFiles/user_files/listas/?C=N;O=D/ HTTP/1.1" 200 49938
192.99.15.199 - - [31/Dec/2019:09:56:15 -0500] "GET /PruebasSTORM/StormSDA_pruebas/userFiles/user_files/listas/?C=S;O=A/ HTTP/1.1" 200 49938
69.162.124.232 - - [31/Dec/2019:09:56:21 -0500] "HEAD / HTTP/1.1" 200 -
192.99.15.199 - - [31/Dec/2019:09:56:22 -0500] "GET /PruebasSTORM/StormSDA_pruebas/userFiles/user_files/listas/?C=S;O=D/ HTTP/1.1" 200 49938
66.249.64.59 - - [31/Dec/2019:09:56:26 -0500] "GET /BLA/resoluciones/RESOLUCIONES%202007/RES%202007%20301%20AL%20400/RESOLUCION%200395%20DE%202007.pdf HTTP/1.1" 200 988106
192.99.15.199 - - [31/Dec/2019:09:56:26 -0500] "GET /PruebasSTORM/silvicultura2Pruebas/?C=D;O=D/ HTTP/1.1" 200 1231
66.249.88.25 - - [31/Dec/2019:09:56:27 -0500] "GET /BLA/boletinlegal/js/jquery.scrollShow.js HTTP/1.1" 200 4586
66.249.88.23 - - [31/Dec/2019:09:56:27 -0500] "GET /galeria/galeria/jquery.fancybox.css?v=2.1.5 HTTP/1.1" 200 4895
66.249.88.19 - - [31/Dec/2019:09:56:27 -0500] "GET /galeria/galeria/jquery.fancybox.js?v=2.1.5 HTTP/1.1" 200 48706
201.245.192.253 - - [31/Dec/2019:09:56:29 -0500] "GET /BLA/boletinlegal/consulta_actos.php?tipo=resoluciones&no=3861&usuario=&sector=&fecha=2009&resuelve= HTTP/1.1" 200 1181
216.244.66.195 - - [31/Dec/2019:09:56:30 -0500] "GET /BLA/resoluciones/RESOLUCIONES%202013/0412.pdf HTTP/1.1" 200 1631887
181.61.205.29 - - [31/Dec/2019:09:56:30 -0500] "GET /BLA/resoluciones/index.php?dir=RESOLUCIONES+2018%2F HTTP/1.1" 200 195770
192.99.15.199 - - [31/Dec/2019:09:56:33 -0500] "GET /PruebasSTORM/silvicultura2Pruebas/?C=N;O=D/ HTTP/1.1" 200 1231
201.245.192.253 - - [31/Dec/2019:09:56:33 -0500] "GET /BLA/resoluciones/RESOLUCIONES%202009/3861.pdf HTTP/1.1" 200 1205969
191.156.73.143 - - [31/Dec/2019:09:56:40 -0500] "GET /BLA/boletinlegal/js/jquery.scrollShow.js HTTP/1.1" 200 4586
191.156.73.143 - - [31/Dec/2019:09:56:40 -0500] "GET /galeria/galeria/jquery.fancybox.js?v=2.1.5 HTTP/1.1" 200 48706
191.156.73.143 - - [31/Dec/2019:09:56:40 -0500] "GET /galeria/galeria/jquery.fancybox.css?v=2.1.5 HTTP/1.1" 200 4895
192.99.15.199 - - [31/Dec/2019:09:56:42 -0500] "GET /PruebasSTORM/silvicultura2Pruebas/?C=S;O=D/ HTTP/1.1" 200 1231
159.138.156.168 - - [31/Dec/2019:09:56:43 -0500] "GET /BLA/resoluciones/index.php?dir=AUTOS%2B2015%2F HTTP/1.1" 200 12052
192.99.15.199 - - [31/Dec/2019:09:56:50 -0500] "GET /StormSDA/?C=D;O=D/ HTTP/1.1" 200 4405
186.29.104.252 - - [31/Dec/2019:09:56:50 -0500] "GET /galeria/galeria/jquery.fancybox.css?v=2.1.5 HTTP/1.1" 200 4895
186.29.104.252 - - [31/Dec/2019:09:56:50 -0500] "GET /BLA/boletinlegal/js/jquery.scrollShow.js HTTP/1.1" 200 4586
186.29.104.252 - - [31/Dec/2019:09:56:50 -0500] "GET /galeria/galeria/jquery.fancybox.js?v=2.1.5 HTTP/1.1" 200 48706
66.249.64.59 - - [31/Dec/2019:09:56:51 -0500] "GET /BLA/resoluciones/RESOLUCIONES%202009/8115.pdf HTTP/1.1" 200 228495
192.99.15.199 - - [31/Dec/2019:09:56:54 -0500] "GET /StormSDA/?C=M;O=D/ HTTP/1.1" 200 4405
186.155.29.203 - - [31/Dec/2019:09:56:55 -0500] "GET /autoliquidacion/index.php?dir=Solicitudes+relacionadas+con+calidad+del+aire+auditiva+y+visual%2F HTTP/1.1" 200 5748
186.155.29.203 - - [31/Dec/2019:09:56:55 -0500] "GET /autoliquidacion/dlf/dirup.png HTTP/1.1" 200 644
192.99.15.199 - - [31/Dec/2019:09:56:59 -0500] "GET /StormSDA/?C=N;O=A/ HTTP/1.1" 200 4405
186.155.29.203 - - [31/Dec/2019:09:57:04 -0500] "GET /autoliquidacion/index.php?dir=Solicitudes+relacionadas+con+calidad+del+aire+auditiva+y+visual%2FRegistro+de+Elementos+de+publicidad+Exterior+Visual%2F HTTP/1.1" 200 4345
186.155.29.203 - - [31/Dec/2019:09:57:04 -0500] "GET /autoliquidacion/dlf/pdf.gif HTTP/1.1" 200 272
186.155.29.203 - - [31/Dec/2019:09:57:04 -0500] "GET /autoliquidacion/dlf/html.gif HTTP/1.1" 200 632
186.155.29.203 - - [31/Dec/2019:09:57:04 -0500] "GET /autoliquidacion/dlf/xls.gif HTTP/1.1" 200 636
186.155.29.203 - - [31/Dec/2019:09:57:07 -0500] "GET /autoliquidacion/Solicitudes%20relacionadas%20con%20calidad%20del%20aire%20auditiva%20y%20visual/Registro%20de%20Elementos%20de%20publicidad%20Exterior%20Visual/2019IE200072%20PM04-PR16.pdf HTTP/1.1" 200 206029
192.99.15.199 - - [31/Dec/2019:09:57:08 -0500] "GET /StormSDA/?C=S;O=D/ HTTP/1.1" 200 4405
179.18.62.255 - - [31/Dec/2019:09:57:12 -0500] "GET /galeria/galeria/jquery.fancybox.js?v=2.1.5 HTTP/1.1" 200 48706
179.18.62.255 - - [31/Dec/2019:09:57:12 -0500] "GET /BLA/boletinlegal/js/jquery.scrollShow.js HTTP/1.1" 200 4586
179.18.62.255 - - [31/Dec/2019:09:57:12 -0500] "GET /galeria/galeria/jquery.fancybox.css?v=2.1.5 HTTP/1.1" 200 4895
66.249.64.59 - - [31/Dec/2019:09:57:14 -0500] "GET /BLA/resoluciones/RESOLUCIONES%202007/RES%202007%201801%20AL%201900/RESOLUCION%201885%20DE%202007.pdf HTTP/1.1" 200 540547
192.99.15.199 - - [31/Dec/2019:09:57:16 -0500] "GET /StormSDA/stormWeb/img/?C=D;O=A/ HTTP/1.1" 200 2921
192.99.15.199 - - [31/Dec/2019:09:57:20 -0500] "GET /StormSDA/stormWeb/img/?C=M;O=A/ HTTP/1.1" 200 2921
192.99.15.199 - - [31/Dec/2019:09:57:24 -0500] "GET /StormSDA/stormWeb/img/?C=N;O=D/ HTTP/1.1" 200 2921
192.99.15.199 - - [31/Dec/2019:09:57:28 -0500] "GET /StormSDA/stormWeb/img/?C=S;O=A/ HTTP/1.1" 200 2921
192.99.15.199 - - [31/Dec/2019:09:57:30 -0500] "GET /StormSDA/storm_silv/?C=D;O=A/ HTTP/1.1" 200 5784
66.249.88.23 - - [31/Dec/2019:09:57:31 -0500] "GET /galeria/carrusel/Carrusel/jquery.thumbnailScroller.css HTTP/1.1" 200 2066
66.249.88.19 - - [31/Dec/2019:09:57:31 -0500] "GET /galeria/carrusel/Carrusel/jquery.thumbnailScroller.js HTTP/1.1" 200 8157
66.249.88.23 - - [31/Dec/2019:09:57:31 -0500] "GET /galeria/carrusel/Carrusel/jquery-ui-1.8.13.custom.min.js HTTP/1.1" 200 10800
66.249.88.25 - - [31/Dec/2019:09:57:31 -0500] "GET /galeria/nivo-slider/demo/inicio.html HTTP/1.1" 200 4435
192.99.15.199 - - [31/Dec/2019:09:57:32 -0500] "GET /StormSDA/storm_silv/?C=M;O=A/ HTTP/1.1" 200 5784
66.249.88.19 - - [31/Dec/2019:09:57:33 -0500] "GET /galeria/nivo-slider/themes/default/default.css HTTP/1.1" 200 1569
66.249.88.25 - - [31/Dec/2019:09:57:33 -0500] "GET /galeria/nivo-slider/themes/orman/orman.css HTTP/1.1" 200 2152
66.249.88.25 - - [31/Dec/2019:09:57:33 -0500] "GET /galeria/nivo-slider/themes/pascal/pascal.css HTTP/1.1" 200 2258
66.249.88.23 - - [31/Dec/2019:09:57:33 -0500] "GET /galeria/nivo-slider/demo/images/Banner%20Visor%20Geografico%20Ambiental.jpg HTTP/1.1" 200 204673
66.249.88.19 - - [31/Dec/2019:09:57:33 -0500] "GET /galeria/nivo-slider/demo/images/Banneranonimos.png HTTP/1.1" 200 109388
66.249.88.25 - - [31/Dec/2019:09:57:33 -0500] "GET /galeria/nivo-slider/demo/images/Bannercalculadora.jpg HTTP/1.1" 200 313099
66.249.88.23 - - [31/Dec/2019:09:57:33 -0500] "GET /galeria/nivo-slider/demo/images/banneragendamiento.jpg HTTP/1.1" 200 116897
66.249.88.25 - - [31/Dec/2019:09:57:33 -0500] "GET /galeria/nivo-slider/demo/images/Bannerserpiente2019.jpg HTTP/1.1" 200 270374
66.249.88.23 - - [31/Dec/2019:09:57:33 -0500] "GET /galeria/nivo-slider/demo/images/Banner%20POT.png HTTP/1.1" 200 418238
66.249.88.23 - - [31/Dec/2019:09:57:33 -0500] "GET /galeria/nivo-slider/demo/images/bannerwebmusgo.jpg HTTP/1.1" 200 367364
66.249.88.19 - - [31/Dec/2019:09:57:33 -0500] "GET /galeria/nivo-slider/nivo-slider.css HTTP/1.1" 200 1507
66.249.88.19 - - [31/Dec/2019:09:57:33 -0500] "GET /galeria/nivo-slider/demo/style.css HTTP/1.1" 200 2222
66.249.88.23 - - [31/Dec/2019:09:57:33 -0500] "GET /galeria/nivo-slider/demo/images/Banner%20practicas%20sostenibles.jpg HTTP/1.1" 200 142958
66.249.88.25 - - [31/Dec/2019:09:57:33 -0500] "GET /galeria/nivo-slider/demo/scripts/jquery-1.7.1.min.js HTTP/1.1" 200 93868
66.249.88.19 - - [31/Dec/2019:09:57:33 -0500] "GET /galeria/nivo-slider/demo/images/Banner%20Conpes.jpg HTTP/1.1" 200 55220
66.249.88.23 - - [31/Dec/2019:09:57:33 -0500] "GET /galeria/nivo-slider/demo/images/Banner%20tinguas.jpg HTTP/1.1" 200 214878
66.249.88.23 - - [31/Dec/2019:09:57:33 -0500] "GET /galeria/nivo-slider/demo/images/bannerjardines.jpg HTTP/1.1" 200 417948
66.249.88.19 - - [31/Dec/2019:09:57:33 -0500] "GET /galeria/nivo-slider/demo/images/diciembrecaminatas.png HTTP/1.1" 200 510724
66.249.88.25 - - [31/Dec/2019:09:57:33 -0500] "GET /galeria/nivo-slider/demo/images/Banner%20consumo%20sostenible%20final.jpg HTTP/1.1" 200 364746
66.249.88.19 - - [31/Dec/2019:09:57:33 -0500] "GET /galeria/nivo-slider/demo/images/Banner%20RCD.jpg HTTP/1.1" 200 92197
66.249.88.19 - - [31/Dec/2019:09:57:33 -0500] "GET /galeria/nivo-slider/demo/images/puntos%20atencion%20BANNER.jpg HTTP/1.1" 200 244208
66.249.88.25 - - [31/Dec/2019:09:57:33 -0500] "GET /galeria/nivo-slider/demo/images/banneriniciativa.jpg HTTP/1.1" 200 200385
192.99.15.199 - - [31/Dec/2019:09:57:34 -0500] "GET /StormSDA/storm_silv/?C=N;O=D/ HTTP/1.1" 200 5784
66.249.88.23 - - [31/Dec/2019:09:57:34 -0500] "GET /galeria/nivo-slider/themes/default/loading.gif HTTP/1.1" 200 1737
66.249.88.23 - - [31/Dec/2019:09:57:34 -0500] "GET /galeria/nivo-slider/demo/images/4Simple_Slider.png HTTP/1.1" 200 11722
186.155.29.203 - - [31/Dec/2019:09:57:36 -0500] "GET /autoliquidacion/ HTTP/1.1" 200 6377
66.249.88.25 - - [31/Dec/2019:09:57:36 -0500] "GET /galeria/nivo-slider/jquery.nivo.slider.pack.js HTTP/1.1" 200 11561
104.6.77.137 - - [31/Dec/2019:09:57:37 -0500] "GET /galeria/galeria/jquery.fancybox.css?v=2.1.5 HTTP/1.1" 200 4895
104.6.77.137 - - [31/Dec/2019:09:57:37 -0500] "GET /BLA/boletinlegal/js/jquery.scrollShow.js HTTP/1.1" 200 4586
104.6.77.137 - - [31/Dec/2019:09:57:37 -0500] "GET /galeria/galeria/jquery.fancybox.js?v=2.1.5 HTTP/1.1" 200 48706
186.155.29.203 - - [31/Dec/2019:09:57:37 -0500] "GET /autoliquidacion/ HTTP/1.1" 200 6377
192.99.15.199 - - [31/Dec/2019:09:57:38 -0500] "GET /StormSDA/storm_silv/?C=S;O=A/ HTTP/1.1" 200 5784
66.249.88.23 - - [31/Dec/2019:09:57:38 -0500] "GET /galeria/nivo-slider/themes/default/arrows.png HTTP/1.1" 200 824
66.249.88.19 - - [31/Dec/2019:09:57:38 -0500] "GET /galeria/nivo-slider/themes/default/bullets.png HTTP/1.1" 200 1281
66.249.64.59 - - [31/Dec/2019:09:57:39 -0500] "GET /BLA/resoluciones/AUTOS%202008/2494.pdf HTTP/1.1" 200 102689
192.99.15.199 - - [31/Dec/2019:09:57:41 -0500] "GET /StormSDA/userFiles%20-%20Copy%2019-07-2012/?C=N;O=D/ HTTP/1.1" 200 5896
186.155.29.203 - - [31/Dec/2019:09:57:41 -0500] "GET /autoliquidacion/index.php?dir=Solicitudes+relacionadas+con+calidad+del+aire+auditiva+y+visual%2F HTTP/1.1" 200 5748
192.99.15.199 - - [31/Dec/2019:09:57:43 -0500] "GET /StormSDA/userFiles%20-%20Copy%2019-07-2012/user_files/87/?C=N;O=D/ HTTP/1.1" 200 873
192.99.15.199 - - [31/Dec/2019:09:57:45 -0500] "GET /StormSDA/userFiles%20-%20Copy%2019-07-2012/user_files/92/?C=N;O=D/ HTTP/1.1" 200 873
186.96.109.46 - - [31/Dec/2019:09:57:46 -0500] "GET /galeria/galeria/jquery.fancybox.css?v=2.1.5 HTTP/1.1" 200 4895
186.96.109.46 - - [31/Dec/2019:09:57:46 -0500] "GET /BLA/boletinlegal/js/jquery.scrollShow.js HTTP/1.1" 200 4586
186.96.109.46 - - [31/Dec/2019:09:57:46 -0500] "GET /galeria/galeria/jquery.fancybox.js?v=2.1.5 HTTP/1.1" 200 48706
192.99.15.199 - - [31/Dec/2019:09:57:48 -0500] "GET /StormSDA/userFiles%20-%20Copy%2019-07-2012/user_files/95/?C=D;O=A/ HTTP/1.1" 200 873
192.99.15.199 - - [31/Dec/2019:09:57:51 -0500] "GET /StormSDA/userFiles%20-%20Copy%2019-07-2012/user_files/95/?C=M;O=A/ HTTP/1.1" 200 873
186.155.29.203 - - [31/Dec/2019:09:57:51 -0500] "GET /autoliquidacion/index.php?dir=Solicitudes+relacionadas+con+calidad+del+aire+auditiva+y+visual%2FRegistro+de+Elementos+de+publicidad+Exterior+Visual%2F HTTP/1.1" 200 4345
186.155.29.203 - - [31/Dec/2019:09:57:53 -0500] "GET /autoliquidacion/Solicitudes%20relacionadas%20con%20calidad%20del%20aire%20auditiva%20y%20visual/Registro%20de%20Elementos%20de%20publicidad%20Exterior%20Visual/Aplicativo.html HTTP/1.1" 200 358
192.99.15.199 - - [31/Dec/2019:09:57:54 -0500] "GET /StormSDA/userFiles%20-%20Copy%2019-07-2012/user_files/95/?C=S;O=A/ HTTP/1.1" 200 873
192.99.15.199 - - [31/Dec/2019:09:57:56 -0500] "GET /StormSDA/userFiles%20-%20Copy%2019-07-2012/user_files/98/?C=N;O=D/ HTTP/1.1" 200 873
181.61.50.211 - - [31/Dec/2019:09:57:58 -0500] "GET /BLA/resoluciones/RESOLUCIONES%202015/1036.pdf HTTP/1.1" 200 591853
192.99.15.199 - - [31/Dec/2019:09:58:01 -0500] "GET /StormSDA/userFiles%20-%20Copy%2019-07-2012/user_files/formatos/eventos/?C=M;O=D/ HTTP/1.1" 200 910
66.249.64.59 - - [31/Dec/2019:09:58:01 -0500] "GET /BLA/resoluciones/RESOLUCIONES%202014/0472.pdf HTTP/1.1" 200 3833465
181.61.50.211 - - [31/Dec/2019:09:58:05 -0500] "GET /favicon.ico HTTP/1.1" 200 7782
192.99.15.199 - - [31/Dec/2019:09:58:08 -0500] "GET /StormSDA/userFiles%20-%20Copy%2019-07-2012/user_files/formatos/eventos/?C=S;O=D/ HTTP/1.1" 200 910
192.99.15.199 - - [31/Dec/2019:09:58:16 -0500] "GET /StormSDA/userFiles%20-%20Copy%2019-07-2012/user_files/listas/?C=S;O=D/ HTTP/1.1" 200 1299
192.99.15.199 - - [31/Dec/2019:09:58:23 -0500] "GET /StormSDA/userFiles/user_files/formatos/?C=D;O=A/ HTTP/1.1" 200 1454
192.99.15.199 - - [31/Dec/2019:09:58:31 -0500] "GET /StormSDA/userFiles/user_files/formatos/?C=M;O=D/ HTTP/1.1" 200 1454
192.99.15.199 - - [31/Dec/2019:09:58:40 -0500] "GET /StormSDA/userFiles/user_files/formatos/?C=N;O=A/ HTTP/1.1" 200 1454
192.99.15.199 - - [31/Dec/2019:09:58:43 -0500] "GET /StormSDA/userFiles/user_files/formatos/?C=N;O=D/ HTTP/1.1" 200 1454
66.102.8.189 - - [31/Dec/2019:09:58:45 -0500] "GET /galeria/galeria/jquery.fancybox.css?v=2.1.5 HTTP/1.1" 304 -
66.102.8.191 - - [31/Dec/2019:09:58:45 -0500] "GET /galeria/galeria/jquery.fancybox.js?v=2.1.5 HTTP/1.1" 304 -
66.102.8.189 - - [31/Dec/2019:09:58:45 -0500] "GET /BLA/boletinlegal/js/jquery.scrollShow.js HTTP/1.1" 304 -
66.102.8.189 - - [31/Dec/2019:09:58:46 -0500] "GET /BLA/boletinlegal/js/jquery.scrollShow.js HTTP/1.1" 200 4586
186.102.9.99 - - [31/Dec/2019:09:58:47 -0500] "GET /galeria/galeria/jquery.fancybox.css?v=2.1.5 HTTP/1.1" 200 4895
186.102.9.99 - - [31/Dec/2019:09:58:47 -0500] "GET /BLA/boletinlegal/js/jquery.scrollShow.js HTTP/1.1" 200 4586
66.102.8.187 - - [31/Dec/2019:09:58:47 -0500] "GET /galeria/galeria/jquery.fancybox.js?v=2.1.5 HTTP/1.1" 304 -
66.102.8.187 - - [31/Dec/2019:09:58:47 -0500] "GET /galeria/galeria/jquery.fancybox.css?v=2.1.5 HTTP/1.1" 304 -
186.102.9.99 - - [31/Dec/2019:09:58:47 -0500] "GET /galeria/galeria/jquery.fancybox.js?v=2.1.5 HTTP/1.1" 200 48706
192.99.15.199 - - [31/Dec/2019:09:58:47 -0500] "GET /StormSDA/userFiles/user_files/formatos/?C=S;O=D/ HTTP/1.1" 200 1454
66.102.8.189 - - [31/Dec/2019:09:58:48 -0500] "GET /galeria/carrusel/Carrusel/jquery.thumbnailScroller.css HTTP/1.1" 200 2066
66.102.8.191 - - [31/Dec/2019:09:58:48 -0500] "GET /galeria/carrusel/Carrusel/jquery-ui-1.8.13.custom.min.js HTTP/1.1" 200 10800
66.102.8.189 - - [31/Dec/2019:09:58:48 -0500] "GET /galeria/carrusel/Carrusel/jquery.thumbnailScroller.js HTTP/1.1" 200 8157
66.102.8.189 - - [31/Dec/2019:09:58:48 -0500] "GET /galeria/nivo-slider/demo/inicio.html HTTP/1.1" 200 4435
66.102.8.189 - - [31/Dec/2019:09:58:48 -0500] "GET /galeria/nivo-slider/themes/default/default.css HTTP/1.1" 200 1569
66.102.8.189 - - [31/Dec/2019:09:58:48 -0500] "GET /galeria/nivo-slider/demo/style.css HTTP/1.1" 200 2222
66.102.8.187 - - [31/Dec/2019:09:58:48 -0500] "GET /galeria/nivo-slider/themes/orman/orman.css HTTP/1.1" 200 2152
66.102.8.187 - - [31/Dec/2019:09:58:48 -0500] "GET /galeria/nivo-slider/jquery.nivo.slider.pack.js HTTP/1.1" 200 11561
66.102.8.191 - - [31/Dec/2019:09:58:48 -0500] "GET /galeria/nivo-slider/demo/images/Banneranonimos.png HTTP/1.1" 200 109388
66.102.8.191 - - [31/Dec/2019:09:58:48 -0500] "GET /galeria/nivo-slider/nivo-slider.css HTTP/1.1" 200 1507
66.102.8.191 - - [31/Dec/2019:09:58:48 -0500] "GET /galeria/nivo-slider/themes/pascal/pascal.css HTTP/1.1" 200 2258
66.102.8.187 - - [31/Dec/2019:09:58:48 -0500] "GET /galeria/nivo-slider/demo/images/Banner%20RCD.jpg HTTP/1.1" 200 92197
66.102.8.189 - - [31/Dec/2019:09:58:48 -0500] "GET /galeria/nivo-slider/demo/scripts/jquery-1.7.1.min.js HTTP/1.1" 200 93868
66.102.8.187 - - [31/Dec/2019:09:58:48 -0500] "GET /galeria/nivo-slider/demo/images/Banner%20tinguas.jpg HTTP/1.1" 200 214878
66.102.8.189 - - [31/Dec/2019:09:58:48 -0500] "GET /galeria/nivo-slider/demo/images/banneragendamiento.jpg HTTP/1.1" 200 116897
66.102.8.191 - - [31/Dec/2019:09:58:48 -0500] "GET /galeria/nivo-slider/demo/images/Banner%20Visor%20Geografico%20Ambiental.jpg HTTP/1.1" 200 204673
66.102.8.189 - - [31/Dec/2019:09:58:48 -0500] "GET /galeria/nivo-slider/demo/images/diciembrecaminatas.png HTTP/1.1" 200 510724
66.102.8.187 - - [31/Dec/2019:09:58:48 -0500] "GET /galeria/nivo-slider/demo/images/bannerwebmusgo.jpg HTTP/1.1" 200 367364
66.102.8.189 - - [31/Dec/2019:09:58:48 -0500] "GET /galeria/nivo-slider/demo/images/Banner%20Conpes.jpg HTTP/1.1" 200 55220
66.102.8.187 - - [31/Dec/2019:09:58:48 -0500] "GET /galeria/nivo-slider/themes/default/loading.gif HTTP/1.1" 200 1737
66.102.8.187 - - [31/Dec/2019:09:58:48 -0500] "GET /galeria/nivo-slider/demo/images/Banner%20POT.png HTTP/1.1" 200 418238
66.102.8.191 - - [31/Dec/2019:09:58:48 -0500] "GET /galeria/nivo-slider/demo/images/Bannercalculadora.jpg HTTP/1.1" 200 313099
66.102.8.187 - - [31/Dec/2019:09:58:48 -0500] "GET /galeria/nivo-slider/demo/images/bannerjardines.jpg HTTP/1.1" 200 417948
66.102.8.191 - - [31/Dec/2019:09:58:48 -0500] "GET /galeria/nivo-slider/demo/images/Banner%20consumo%20sostenible%20final.jpg HTTP/1.1" 200 364746
66.102.8.189 - - [31/Dec/2019:09:58:48 -0500] "GET /galeria/nivo-slider/demo/images/4Simple_Slider.png HTTP/1.1" 200 11722
66.102.8.189 - - [31/Dec/2019:09:58:48 -0500] "GET /galeria/nivo-slider/demo/images/Bannerserpiente2019.jpg HTTP/1.1" 200 270374
66.102.8.191 - - [31/Dec/2019:09:58:48 -0500] "GET /galeria/nivo-slider/themes/default/arrows.png HTTP/1.1" 200 824
66.102.8.189 - - [31/Dec/2019:09:58:48 -0500] "GET /galeria/nivo-slider/themes/default/bullets.png HTTP/1.1" 200 1281
66.102.8.187 - - [31/Dec/2019:09:58:48 -0500] "GET /galeria/nivo-slider/demo/images/Banner%20practicas%20sostenibles.jpg HTTP/1.1" 200 142958
66.102.8.187 - - [31/Dec/2019:09:58:48 -0500] "GET /galeria/nivo-slider/demo/images/banneriniciativa.jpg HTTP/1.1" 200 200385
66.102.8.191 - - [31/Dec/2019:09:58:48 -0500] "GET /galeria/nivo-slider/demo/images/puntos%20atencion%20BANNER.jpg HTTP/1.1" 200 244208
216.244.66.195 - - [31/Dec/2019:09:58:50 -0500] "GET /BLA/resoluciones/RESOLUCIONES%202013/0682.pdf HTTP/1.1" 200 782389
192.99.15.199 - - [31/Dec/2019:09:58:51 -0500] "GET /StormSDA/userFiles/user_files/formatos/eventos/?C=D;O=A/ HTTP/1.1" 200 850
192.99.15.199 - - [31/Dec/2019:09:58:54 -0500] "GET /StormSDA/userFiles/user_files/formatos/eventos/?C=M;O=A/ HTTP/1.1" 200 850
192.99.15.199 - - [31/Dec/2019:09:58:57 -0500] "GET /StormSDA/userFiles/user_files/formatos/eventos/?C=N;O=D/ HTTP/1.1" 200 850
192.99.15.199 - - [31/Dec/2019:09:59:01 -0500] "GET /StormSDA/userFiles/user_files/formatos/eventos/?C=S;O=A/ HTTP/1.1" 200 850
192.99.15.199 - - [31/Dec/2019:09:59:04 -0500] "GET /StormSDA/userFiles/user_files/formulas/2/?C=D;O=D/ HTTP/1.1" 200 838
162.210.196.100 - - [31/Dec/2019:09:59:08 -0500] "GET /robots.txt HTTP/1.1" 404 1019
162.210.196.100 - - [31/Dec/2019:09:59:10 -0500] "GET /SIG/index.php/Comunicaciones/126PG02-PR09.pdf/?dir=&sort=date&order=asc/ HTTP/1.1" 200 5190
192.99.15.199 - - [31/Dec/2019:09:59:10 -0500] "GET /StormSDA/userFiles/user_files/formulas/2/?C=S;O=D/ HTTP/1.1" 200 838
162.210.196.100 - - [31/Dec/2019:09:59:12 -0500] "GET /SIG/index.php/ECS/126PM04-PR60.pdf/?dir=Direccionamiento%20Estrategico// HTTP/1.1" 200 4249
162.210.196.100 - - [31/Dec/2019:09:59:14 -0500] "GET /SIG/index.php/ECS/126PM04-PR64.pdf/?dir=Gestion%20Recursos%20Financieros// HTTP/1.1" 200 9159
192.99.15.199 - - [31/Dec/2019:09:59:15 -0500] "GET /StormSDA/userFiles/user_files/formulas/3/?C=D;O=D/ HTTP/1.1" 200 838
162.210.196.100 - - [31/Dec/2019:09:59:16 -0500] "GET /SIG/index.php/ECS/126PM04-PR65.pdf/?dir=&sort=date&order=asc/ HTTP/1.1" 200 4959
190.130.76.126 - - [31/Dec/2019:09:59:18 -0500] "GET /galeria/galeria/jquery.fancybox.css?v=2.1.5 HTTP/1.1" 200 4895
190.130.76.126 - - [31/Dec/2019:09:59:18 -0500] "GET /BLA/boletinlegal/js/jquery.scrollShow.js HTTP/1.1" 200 4586
190.130.76.126 - - [31/Dec/2019:09:59:18 -0500] "GET /galeria/galeria/jquery.fancybox.js?v=2.1.5 HTTP/1.1" 200 48706
162.210.196.100 - - [31/Dec/2019:09:59:18 -0500] "GET /SIG/index.php/ECS/126PM04-PR65.pdf/?dir=&sort=name&order=desc/ HTTP/1.1" 200 4959
192.99.15.199 - - [31/Dec/2019:09:59:19 -0500] "GET /StormSDA/userFiles/user_files/formulas/3/?C=N;O=A/ HTTP/1.1" 200 838
162.210.196.100 - - [31/Dec/2019:09:59:20 -0500] "GET /SIG/index.php/ECS/126PM04-PR65.pdf/?dir=&sort=size&order=asc/ HTTP/1.1" 200 4959
192.99.15.199 - - [31/Dec/2019:09:59:22 -0500] "GET /StormSDA/userFiles/user_files/formulas/3/?C=N;O=D/ HTTP/1.1" 200 838
162.210.196.100 - - [31/Dec/2019:09:59:23 -0500] "GET /SIG/index.php/ECS/126PM04-PR65.pdf/?dir=Comunicaciones// HTTP/1.1" 200 3186
181.53.12.105 - - [31/Dec/2019:09:59:23 -0500] "GET /galeria/galeria/jquery.fancybox.css?v=2.1.5 HTTP/1.1" 200 4895
181.53.12.105 - - [31/Dec/2019:09:59:23 -0500] "GET /BLA/boletinlegal/js/jquery.scrollShow.js HTTP/1.1" 200 4586
181.53.12.105 - - [31/Dec/2019:09:59:23 -0500] "GET /galeria/galeria/jquery.fancybox.js?v=2.1.5 HTTP/1.1" 200 48706
186.155.29.203 - - [31/Dec/2019:09:59:25 -0500] "GET /autoliquidacion/ HTTP/1.1" 200 6377
192.99.15.199 - - [31/Dec/2019:09:59:25 -0500] "GET /StormSDA/userFiles/user_files/formulas/3/?C=S;O=D/ HTTP/1.1" 200 838
162.210.196.100 - - [31/Dec/2019:09:59:25 -0500] "GET /SIG/index.php/ECS/126PM04-PR65.pdf/?dir=Control%20Disciplinario// HTTP/1.1" 200 2985
201.245.192.253 - - [31/Dec/2019:09:59:27 -0500] "GET /BLA/boletinlegal/actos.php HTTP/1.1" 200 8778
66.102.8.189 - - [31/Dec/2019:09:59:28 -0500] "GET /galeria/galeria/jquery.fancybox.css?v=2.1.5 HTTP/1.1" 304 -
66.102.8.189 - - [31/Dec/2019:09:59:28 -0500] "GET /galeria/galeria/jquery.fancybox.js?v=2.1.5 HTTP/1.1" 304 -
162.210.196.100 - - [31/Dec/2019:09:59:30 -0500] "GET /SIG/index.php/ECS/126PM04-PR65.pdf/?dir=Control%20y%20mejora// HTTP/1.1" 200 3075
66.102.8.189 - - [31/Dec/2019:09:59:31 -0500] "GET /galeria/galeria/jquery.fancybox.js?v=2.1.5 HTTP/1.1" 304 -
66.102.8.187 - - [31/Dec/2019:09:59:31 -0500] "GET /galeria/galeria/jquery.fancybox.css?v=2.1.5 HTTP/1.1" 304 -
192.99.15.199 - - [31/Dec/2019:09:59:31 -0500] "GET /StormSDA/userFiles/user_files/formulas/4/?C=D;O=A/ HTTP/1.1" 200 838
186.155.29.203 - - [31/Dec/2019:09:59:31 -0500] "GET /autoliquidacion/index.php?dir=Solicitudes+relacionadas+con+calidad+del+aire+auditiva+y+visual%2F HTTP/1.1" 200 5748
162.210.196.100 - - [31/Dec/2019:09:59:32 -0500] "GET /SIG/index.php/ECS/126PM04-PR65.pdf/?dir=Direccionamiento%20Estrategico// HTTP/1.1" 200 4249
192.99.15.199 - - [31/Dec/2019:09:59:33 -0500] "GET /StormSDA/userFiles/user_files/formulas/4/?C=M;O=A/ HTTP/1.1" 200 838
186.155.29.203 - - [31/Dec/2019:09:59:34 -0500] "GET /autoliquidacion/index.php?dir=Solicitudes+relacionadas+con+calidad+del+aire+auditiva+y+visual%2FRegistro+de+Elementos+de+publicidad+Exterior+Visual%2F HTTP/1.1" 200 4345
162.210.196.100 - - [31/Dec/2019:09:59:34 -0500] "GET /SIG/index.php/ECS/126PM04-PR65.pdf/?dir=ECS// HTTP/1.1" 200 16895
201.245.192.253 - - [31/Dec/2019:09:59:35 -0500] "GET /BLA/boletinlegal/consulta_actos.php?tipo=resoluciones&no=3728&usuario=&sector=&fecha=2019&resuelve= HTTP/1.1" 200 1129
162.210.196.100 - - [31/Dec/2019:09:59:36 -0500] "GET /SIG/index.php/ECS/126PM04-PR65.pdf/?dir=Gestion%20Documental// HTTP/1.1" 200 5851
201.245.192.253 - - [31/Dec/2019:09:59:37 -0500] "GET /BLA/resoluciones/RESOLUCIONES%202019/3728.pdf HTTP/1.1" 200 285803
186.155.29.203 - - [31/Dec/2019:09:59:38 -0500] "GET /autoliquidacion/Solicitudes%20relacionadas%20con%20calidad%20del%20aire%20auditiva%20y%20visual/Registro%20de%20Elementos%20de%20publicidad%20Exterior%20Visual/Aplicativo%20PEV%202019%20-%20Actualizado.xls HTTP/1.1" 200 58368
162.210.196.100 - - [31/Dec/2019:09:59:39 -0500] "GET /SIG/index.php/ECS/126PM04-PR65.pdf/?dir=Gestion%20Recursos%20Financieros// HTTP/1.1" 200 9159
192.99.15.199 - - [31/Dec/2019:09:59:39 -0500] "GET /StormSDA/userFiles/user_files/formulas/4/?C=N;O=D/ HTTP/1.1" 200 838
162.210.196.100 - - [31/Dec/2019:09:59:41 -0500] "GET /SIG/index.php/ECS/126PM04-PR75.pdf/?dir=&sort=date&order=asc/ HTTP/1.1" 200 4959
186.155.29.203 - - [31/Dec/2019:09:59:42 -0500] "GET /autoliquidacion/Solicitudes%20relacionadas%20con%20calidad%20del%20aire%20auditiva%20y%20visual/Registro%20de%20Elementos%20de%20publicidad%20Exterior%20Visual/PM04PR16F1ListadeChequeoDocumentosSolicituddeRegistroPEV.xls HTTP/1.1" 200 77824
162.210.196.100 - - [31/Dec/2019:09:59:42 -0500] "GET /SIG/index.php/ECS/126PM04-PR75.pdf/?dir=&sort=name&order=desc/ HTTP/1.1" 200 4959
192.99.15.199 - - [31/Dec/2019:09:59:44 -0500] "GET /StormSDA/userFiles/user_files/formulas/4/?C=S;O=A/ HTTP/1.1" 200 838
162.210.196.100 - - [31/Dec/2019:09:59:44 -0500] "GET /SIG/index.php/ECS/126PM04-PR75.pdf/?dir=&sort=size&order=asc/ HTTP/1.1" 200 4959
186.155.29.203 - - [31/Dec/2019:09:59:45 -0500] "GET /autoliquidacion/Solicitudes%20relacionadas%20con%20calidad%20del%20aire%20auditiva%20y%20visual/Registro%20de%20Elementos%20de%20publicidad%20Exterior%20Visual/PM04PR16F2FormularioSolicituddeRegistroPEV.xls HTTP/1.1" 200 3594752
162.210.196.100 - - [31/Dec/2019:09:59:46 -0500] "GET /SIG/index.php/ECS/126PM04-PR75.pdf/?dir=Comunicaciones// HTTP/1.1" 200 3186
162.210.196.100 - - [31/Dec/2019:09:59:48 -0500] "GET /SIG/index.php/ECS/126PM04-PR75.pdf/?dir=Control%20Disciplinario// HTTP/1.1" 200 2985
192.99.15.199 - - [31/Dec/2019:09:59:49 -0500] "GET /StormSDA/userFiles/user_files/formulas/?C=D;O=D/ HTTP/1.1" 200 1440
186.155.29.203 - - [31/Dec/2019:09:59:49 -0500] "GET /favicon.ico HTTP/1.1" 200 7782
162.210.196.100 - - [31/Dec/2019:09:59:50 -0500] "GET /SIG/index.php/ECS/126PM04-PR75.pdf/?dir=Control%20y%20mejora// HTTP/1.1" 200 3075
162.210.196.100 - - [31/Dec/2019:09:59:52 -0500] "GET /SIG/index.php/ECS/126PM04-PR75.pdf/?dir=Direccionamiento%20Estrategico// HTTP/1.1" 200 4249
192.99.15.199 - - [31/Dec/2019:09:59:53 -0500] "GET /StormSDA/userFiles/user_files/formulas/?C=M;O=D/ HTTP/1.1" 200 1440
190.146.84.131 - - [31/Dec/2019:09:59:54 -0500] "GET /galeria/galeria/jquery.fancybox.js?v=2.1.5 HTTP/1.1" 200 48706
190.146.84.131 - - [31/Dec/2019:09:59:54 -0500] "GET /BLA/boletinlegal/js/jquery.scrollShow.js HTTP/1.1" 200 4586
162.210.196.100 - - [31/Dec/2019:09:59:55 -0500] "GET /SIG/index.php/ECS/126PM04-PR75.pdf/?dir=ECS// HTTP/1.1" 200 16895
162.210.196.100 - - [31/Dec/2019:09:59:57 -0500] "GET /SIG/index.php/ECS/126PM04-PR75.pdf/?dir=Gestion%20Documental// HTTP/1.1" 200 5851
192.99.15.199 - - [31/Dec/2019:09:59:58 -0500] "GET /StormSDA/userFiles/user_files/formulas/?C=N;O=A/ HTTP/1.1" 200 1440
162.210.196.100 - - [31/Dec/2019:09:59:59 -0500] "GET /SIG/index.php/ECS/126PM04-PR75.pdf/?dir=Gestion%20Recursos%20Financieros// HTTP/1.1" 200 9159
186.155.29.203 - - [31/Dec/2019:10:00:00 -0500] "GET /autoliquidacion/Solicitudes%20relacionadas%20con%20calidad%20del%20aire%20auditiva%20y%20visual/Registro%20de%20Elementos%20de%20publicidad%20Exterior%20Visual/Aplicativo.html HTTP/1.1" 304 -
186.155.29.203 - - [31/Dec/2019:10:00:00 -0500] "GET /favicon.ico HTTP/1.1" 200 7782
162.210.196.100 - - [31/Dec/2019:10:00:01 -0500] "GET /SIG/index.php/ECS/126PM04-PR76.pdf/?dir=&sort=date&order=asc/ HTTP/1.1" 200 4959
192.99.15.199 - - [31/Dec/2019:10:00:03 -0500] "GET /StormSDA/userFiles/user_files/formulas/?C=N;O=D/ HTTP/1.1" 200 1440
162.210.196.100 - - [31/Dec/2019:10:00:03 -0500] "GET /SIG/index.php/ECS/126PM04-PR76.pdf/?dir=&sort=name&order=desc/ HTTP/1.1" 200 4959
162.210.196.100 - - [31/Dec/2019:10:00:05 -0500] "GET /SIG/index.php/ECS/126PM04-PR76.pdf/?dir=&sort=size&order=asc/ HTTP/1.1" 200 4959
162.210.196.100 - - [31/Dec/2019:10:00:06 -0500] "GET /SIG/index.php/ECS/126PM04-PR76.pdf/?dir=Comunicaciones// HTTP/1.1" 200 3186
192.99.15.199 - - [31/Dec/2019:10:00:07 -0500] "GET /StormSDA/userFiles/user_files/formulas/?C=S;O=D/ HTTP/1.1" 200 1440
162.210.196.100 - - [31/Dec/2019:10:00:08 -0500] "GET /SIG/index.php/ECS/126PM04-PR76.pdf/?dir=Control%20Disciplinario// HTTP/1.1" 200 2985
162.210.196.100 - - [31/Dec/2019:10:00:10 -0500] "GET /SIG/index.php/ECS/126PM04-PR76.pdf/?dir=Control%20y%20mejora// HTTP/1.1" 200 3075
192.99.15.199 - - [31/Dec/2019:10:00:10 -0500] "GET /galeria/carrusel/Carrusel/?C=S;O=D/ HTTP/1.1" 200 2896
162.210.196.100 - - [31/Dec/2019:10:00:12 -0500] "GET /SIG/index.php/ECS/126PM04-PR76.pdf/?dir=Direccionamiento%20Estrategico// HTTP/1.1" 200 4249
162.210.196.100 - - [31/Dec/2019:10:00:14 -0500] "GET /SIG/index.php/ECS/126PM04-PR76.pdf/?dir=ECS// HTTP/1.1" 200 16895
192.99.15.199 - - [31/Dec/2019:10:00:15 -0500] "GET /galeria/nivo-slider/?C=D;O=A/ HTTP/1.1" 200 2703
162.210.196.100 - - [31/Dec/2019:10:00:16 -0500] "GET /SIG/index.php/ECS/126PM04-PR76.pdf/?dir=Gestion%20Documental// HTTP/1.1" 200 5851
162.210.196.100 - - [31/Dec/2019:10:00:19 -0500] "GET /SIG/index.php/ECS/126PM04-PR76.pdf/?dir=Gestion%20Recursos%20Financieros// HTTP/1.1" 200 9159
192.99.15.199 - - [31/Dec/2019:10:00:19 -0500] "GET /galeria/nivo-slider/?C=M;O=A/ HTTP/1.1" 200 2703
162.210.196.100 - - [31/Dec/2019:10:00:21 -0500] "GET /SIG/index.php/ECS/126PM04-PR77.pdf/?dir=&sort=date&order=asc/ HTTP/1.1" 200 4959
192.99.15.199 - - [31/Dec/2019:10:00:23 -0500] "GET /galeria/nivo-slider/demo/?C=N;O=D/ HTTP/1.1" 200 6450
162.210.196.100 - - [31/Dec/2019:10:00:23 -0500] "GET /SIG/index.php/ECS/126PM04-PR77.pdf/?dir=&sort=name&order=desc/ HTTP/1.1" 200 4959
162.210.196.100 - - [31/Dec/2019:10:00:24 -0500] "GET /SIG/index.php/ECS/126PM04-PR77.pdf/?dir=&sort=size&order=asc/ HTTP/1.1" 200 4959
192.99.15.199 - - [31/Dec/2019:10:00:26 -0500] "GET /galeria/nivo-slider/demo/scripts/?C=S;O=D/ HTTP/1.1" 200 1674
162.210.196.100 - - [31/Dec/2019:10:00:27 -0500] "GET /SIG/index.php/ECS/126PM04-PR77.pdf/?dir=Comunicaciones// HTTP/1.1" 200 3186
192.99.15.199 - - [31/Dec/2019:10:00:29 -0500] "GET /galeria/nivo-slider/themes/pascal/?C=N;O=A/ HTTP/1.1" 200 2309
159.203.83.217 - - [31/Dec/2019:10:00:30 -0500] "GET / HTTP/1.0" 200 9990
162.210.196.100 - - [31/Dec/2019:10:00:33 -0500] "GET /SIG/index.php/ECS/126PM04-PR77.pdf/?dir=Control%20Disciplinario// HTTP/1.1" 200 2985
192.99.15.199 - - [31/Dec/2019:10:00:35 -0500] "GET /robots.txt HTTP/1.1" 404 1019
162.210.196.100 - - [31/Dec/2019:10:00:35 -0500] "GET /SIG/index.php/ECS/126PM04-PR77.pdf/?dir=Control%20y%20mejora// HTTP/1.1" 200 3075
192.99.15.199 - - [31/Dec/2019:10:00:37 -0500] "GET /Anexos%20estudio%20Organizacional%20SDA/ANEXO%20No.%201-%20NORMAS%20LEGALES%20DE%20ESTRUCTURA%20Y%20PLANTA/Acuerdo%209%20de%201990%20Concejo%20de%20Bogot%C3%A1..htm/ HTTP/1.1" 404 1019
162.210.196.100 - - [31/Dec/2019:10:00:37 -0500] "GET /SIG/index.php/ECS/126PM04-PR77.pdf/?dir=Direccionamiento%20Estrategico// HTTP/1.1" 200 4249
162.210.196.100 - - [31/Dec/2019:10:00:39 -0500] "GET /SIG/index.php/ECS/126PM04-PR77.pdf/?dir=ECS// HTTP/1.1" 200 16895
192.99.15.199 - - [31/Dec/2019:10:00:40 -0500] "GET /Anexos%20estudio%20Organizacional%20SDA/index.php?dir=/ HTTP/1.1" 200 5843
162.210.196.100 - - [31/Dec/2019:10:00:41 -0500] "GET /SIG/index.php/ECS/126PM04-PR77.pdf/?dir=Gestion%20Documental// HTTP/1.1" 200 5851
192.99.15.199 - - [31/Dec/2019:10:00:42 -0500] "GET /Anexos%20estudio%20Organizacional%20SDA/index.php?dir=ANEXO%20No.%201-%20NORMAS%20LEGALES%20DE%20ESTRUCTURA%20Y%20PLANTA// HTTP/1.1" 200 11251
162.210.196.100 - - [31/Dec/2019:10:00:43 -0500] "GET /SIG/index.php/ECS/126PM04-PR77.pdf/?dir=Gestion%20Recursos%20Financieros// HTTP/1.1" 200 9159
192.99.15.199 - - [31/Dec/2019:10:00:45 -0500] "GET /Anexos%20estudio%20Organizacional%20SDA/index.php?dir=ANEXO%20No.%201-%20NORMAS%20LEGALES%20DE%20ESTRUCTURA%20Y%20PLANTA/Decreto%20561%20de%202006%20-%20Establece%20estructura%20de%20la%20SDA.jsp_files/&sort=size&order=asc/ HTTP/1.1" 200 10603
162.210.196.100 - - [31/Dec/2019:10:00:46 -0500] "GET /SIG/index.php/ECS/126PM04-PR78.pdf/?dir=&sort=date&order=asc/ HTTP/1.1" 200 4959
162.210.196.100 - - [31/Dec/2019:10:00:48 -0500] "GET /SIG/index.php/ECS/126PM04-PR78.pdf/?dir=&sort=name&order=desc/ HTTP/1.1" 200 4959
192.99.15.199 - - [31/Dec/2019:10:00:48 -0500] "GET /Anexos%20estudio%20Organizacional%20SDA/index.php?dir=ANEXO%20No.%201-%20NORMAS%20LEGALES%20DE%20ESTRUCTURA%20Y%20PLANTA/Decreto%20562%20de%202006%20-%20Establece%20planta%20de%20cargos%20de%20SDA.jsp_files/&sort=date&order=asc/ HTTP/1.1" 200 10554
190.145.34.179 - - [31/Dec/2019:10:00:49 -0500] "GET /galeria/galeria/jquery.fancybox.css?v=2.1.5 HTTP/1.1" 200 4895
190.145.34.179 - - [31/Dec/2019:10:00:49 -0500] "GET /galeria/galeria/jquery.fancybox.js?v=2.1.5 HTTP/1.1" 200 48706
190.145.34.179 - - [31/Dec/2019:10:00:49 -0500] "GET /BLA/boletinlegal/js/jquery.scrollShow.js HTTP/1.1" 200 4586
162.210.196.100 - - [31/Dec/2019:10:00:50 -0500] "GET /SIG/index.php/ECS/126PM04-PR78.pdf/?dir=&sort=size&order=asc/ HTTP/1.1" 200 4959
5.62.49.108 - - [31/Dec/2019:10:00:51 -0500] "GET /galeria/galeria/jquery.fancybox.css?v=2.1.5 HTTP/1.1" 200 4895
192.99.15.199 - - [31/Dec/2019:10:00:51 -0500] "GET /Anexos%20estudio%20Organizacional%20SDA/index.php?dir=ANEXO%20No.%201-%20NORMAS%20LEGALES%20DE%20ESTRUCTURA%20Y%20PLANTA/Decreto%20562%20de%202006%20-%20Establece%20planta%20de%20cargos%20de%20SDA.jsp_files/&sort=size&order=asc/ HTTP/1.1" 200 10720
162.210.196.100 - - [31/Dec/2019:10:00:52 -0500] "GET /SIG/index.php/ECS/126PM04-PR78.pdf/?dir=Comunicaciones// HTTP/1.1" 200 3186
192.99.15.199 - - [31/Dec/2019:10:00:53 -0500] "GET /Anexos%20estudio%20Organizacional%20SDA/index.php?dir=ANEXO%20No.%201-%20NORMAS%20LEGALES%20DE%20ESTRUCTURA%20Y%20PLANTA/Decreto%20673%20de%201995%20Reestructura%20el%20DAMA_files/&sort=date&order=asc/ HTTP/1.1" 200 9506
162.210.196.100 - - [31/Dec/2019:10:00:54 -0500] "GET /SIG/index.php/ECS/126PM04-PR78.pdf/?dir=Control%20Disciplinario// HTTP/1.1" 200 2985
162.210.196.100 - - [31/Dec/2019:10:00:56 -0500] "GET /SIG/index.php/ECS/126PM04-PR78.pdf/?dir=Control%20y%20mejora// HTTP/1.1" 200 3075
192.99.15.199 - - [31/Dec/2019:10:00:56 -0500] "GET /Anexos%20estudio%20Organizacional%20SDA/index.php?dir=ANEXO%20No.%201-%20NORMAS%20LEGALES%20DE%20ESTRUCTURA%20Y%20PLANTA/Ley%2099%20de%201993%20-%20Crea%20MimAmbiente_files/&sort=size&order=asc/ HTTP/1.1" 200 10010
162.210.196.100 - - [31/Dec/2019:10:00:58 -0500] "GET /SIG/index.php/ECS/126PM04-PR78.pdf/?dir=Direccionamiento%20Estrategico// HTTP/1.1" 200 4249
192.99.15.199 - - [31/Dec/2019:10:00:59 -0500] "GET /Anexos%20estudio%20Organizacional%20SDA/index.php?dir=ANEXO%20No.%2010%20-%20COSTO%20DETALLADO%20PLANTA%20DE%20CARGOS%20ACTUAL// HTTP/1.1" 200 2614
162.210.196.100 - - [31/Dec/2019:10:01:00 -0500] "GET /SIG/index.php/ECS/126PM04-PR78.pdf/?dir=ECS// HTTP/1.1" 200 16895
192.99.15.199 - - [31/Dec/2019:10:01:01 -0500] "GET /Anexos%20estudio%20Organizacional%20SDA/index.php?dir=ANEXO%20No.%202%20-%20EJECUCIONES%20PRESUPUESTALES%202008-2011%20Y%20PRESUPUESTO%202012// HTTP/1.1" 200 3935
162.210.196.100 - - [31/Dec/2019:10:01:03 -0500] "GET /SIG/index.php/ECS/126PM04-PR78.pdf/?dir=Gestion%20Documental// HTTP/1.1" 200 5851
192.99.15.199 - - [31/Dec/2019:10:01:04 -0500] "GET /Anexos%20estudio%20Organizacional%20SDA/index.php?dir=ANEXO%20No.%205%20-%20ESTUDIO%20Y%20PROPUESTA%20SERAMB%20IENTE/&sort=date&order=asc/ HTTP/1.1" 200 3622
162.210.196.100 - - [31/Dec/2019:10:01:05 -0500] "GET /SIG/index.php/ECS/126PM04-PR78.pdf/?dir=Gestion%20Recursos%20Financieros// HTTP/1.1" 200 9159
162.210.196.100 - - [31/Dec/2019:10:01:08 -0500] "GET /SIG/index.php/ECS/126PM04-PR79.pdf/?dir=&sort=date&order=asc/ HTTP/1.1" 200 4959
192.99.15.199 - - [31/Dec/2019:10:01:08 -0500] "GET /Anexos%20estudio%20Organizacional%20SDA/index.php?dir=ANEXO%20No.%205%20-%20ESTUDIO%20Y%20PROPUESTA%20SERAMB%20IENTE/&sort=name&order=asc/ HTTP/1.1" 200 3622
162.210.196.100 - - [31/Dec/2019:10:01:10 -0500] "GET /SIG/index.php/ECS/126PM04-PR79.pdf/?dir=&sort=name&order=desc/ HTTP/1.1" 200 4959
216.244.66.195 - - [31/Dec/2019:10:01:10 -0500] "GET /BLA/resoluciones/RESOLUCIONES%202013/1096.pdf HTTP/1.1" 200 808726
192.99.15.199 - - [31/Dec/2019:10:01:11 -0500] "GET /Anexos%20estudio%20Organizacional%20SDA/index.php?dir=ANEXO%20No.%205%20-%20ESTUDIO%20Y%20PROPUESTA%20SERAMB%20IENTE/&sort=name&order=desc/ HTTP/1.1" 200 3622
162.210.196.100 - - [31/Dec/2019:10:01:12 -0500] "GET /SIG/index.php/ECS/126PM04-PR79.pdf/?dir=&sort=size&order=asc/ HTTP/1.1" 200 4959
192.99.15.199 - - [31/Dec/2019:10:01:14 -0500] "GET /Anexos%20estudio%20Organizacional%20SDA/index.php?dir=ANEXO%20No.%205%20-%20ESTUDIO%20Y%20PROPUESTA%20SERAMB%20IENTE/&sort=size&order=asc/ HTTP/1.1" 200 3622
162.210.196.100 - - [31/Dec/2019:10:01:15 -0500] "GET /SIG/index.php/ECS/126PM04-PR79.pdf/?dir=Comunicaciones// HTTP/1.1" 200 3186
192.99.15.199 - - [31/Dec/2019:10:01:17 -0500] "GET /Anexos%20estudio%20Organizacional%20SDA/index.php?dir=ANEXO%20No.%207%20-%20PROYECTO%20DE%20DECRETO%20MODIFICATORIO%20DE%20ESTRUCTURA%20DE%20LA%20SDA// HTTP/1.1" 200 2821
162.210.196.100 - - [31/Dec/2019:10:01:18 -0500] "GET /SIG/index.php/ECS/126PM04-PR79.pdf/?dir=Control%20Disciplinario// HTTP/1.1" 200 2985
162.210.196.100 - - [31/Dec/2019:10:01:20 -0500] "GET /SIG/index.php/ECS/126PM04-PR79.pdf/?dir=Control%20y%20mejora// HTTP/1.1" 200 3075
192.99.15.199 - - [31/Dec/2019:10:01:20 -0500] "GET /Anexos%20estudio%20Organizacional%20SDA/index.php?dir=ANEXO%20No.%207%20-%20PROYECTO%20DE%20DECRETO%20MODIFICATORIO%20DE%20ESTRUCTURA%20DE%20LA%20SDA/&sort=date&order=asc/ HTTP/1.1" 200 2593
69.162.124.232 - - [31/Dec/2019:10:01:21 -0500] "HEAD / HTTP/1.1" 200 -
162.210.196.100 - - [31/Dec/2019:10:01:22 -0500] "GET /SIG/index.php/ECS/126PM04-PR79.pdf/?dir=Direccionamiento%20Estrategico// HTTP/1.1" 200 4249
192.99.15.199 - - [31/Dec/2019:10:01:24 -0500] "GET /Anexos%20estudio%20Organizacional%20SDA/index.php?dir=ANEXO%20No.%207%20-%20PROYECTO%20DE%20DECRETO%20MODIFICATORIO%20DE%20ESTRUCTURA%20DE%20LA%20SDA/&sort=name&order=asc/ HTTP/1.1" 200 2593
162.210.196.100 - - [31/Dec/2019:10:01:24 -0500] "GET /SIG/index.php/ECS/126PM04-PR79.pdf/?dir=ECS// HTTP/1.1" 200 16895
162.210.196.100 - - [31/Dec/2019:10:01:29 -0500] "GET /SIG/index.php/ECS/126PM04-PR79.pdf/?dir=Gestion%20Documental// HTTP/1.1" 200 5851
192.99.15.199 - - [31/Dec/2019:10:01:30 -0500] "GET /Anexos%20estudio%20Organizacional%20SDA/index.php?dir=ANEXO%20No.%207%20-%20PROYECTO%20DE%20DECRETO%20MODIFICATORIO%20DE%20ESTRUCTURA%20DE%20LA%20SDA/&sort=size&order=asc/ HTTP/1.1" 200 2593
162.210.196.100 - - [31/Dec/2019:10:01:31 -0500] "GET /SIG/index.php/ECS/126PM04-PR79.pdf/?dir=Gestion%20Recursos%20Financieros// HTTP/1.1" 200 9159
162.210.196.100 - - [31/Dec/2019:10:01:33 -0500] "GET /SIG/index.php/ECS/126PM04-PR80.pdf/?dir=&sort=date&order=asc/ HTTP/1.1" 200 4959
192.99.15.199 - - [31/Dec/2019:10:01:34 -0500] "GET /Autoliquidacion/Grupo%20Forestal%20-%20Industria%20de%20la%20Madera/Instructivo-solicitud-Verificaci%C3%B3n-para-expedici%C3%B3n-SUNL.pdf/ HTTP/1.1" 404 1019
162.210.196.100 - - [31/Dec/2019:10:01:35 -0500] "GET /SIG/index.php/ECS/126PM04-PR80.pdf/?dir=&sort=name&order=desc/ HTTP/1.1" 200 4959
162.210.196.100 - - [31/Dec/2019:10:01:37 -0500] "GET /SIG/index.php/ECS/126PM04-PR80.pdf/?dir=&sort=size&order=asc/ HTTP/1.1" 200 4959
192.99.15.199 - - [31/Dec/2019:10:01:37 -0500] "GET /Autoliquidacion/Grupo%20Forestal%20-%20Silvicultura/FICHA%20T%C3%89CNICA%20DE%20REGISTRO%20-%20FICHA%202-.docx/ HTTP/1.1" 404 1019
162.210.196.100 - - [31/Dec/2019:10:01:39 -0500] "GET /SIG/index.php/ECS/126PM04-PR80.pdf/?dir=Comunicaciones// HTTP/1.1" 200 3186
192.99.15.199 - - [31/Dec/2019:10:01:40 -0500] "GET /Autoliquidacion/Grupo%20Forestal%20-%20Silvicultura/Ficha%20de%20actualizaci%C3%B3n%20del%20catastro%20de%20%C3%A1rboles.xls/ HTTP/1.1" 404 1019
162.210.196.100 - - [31/Dec/2019:10:01:41 -0500] "GET /SIG/index.php/ECS/126PM04-PR80.pdf/?dir=Control%20Disciplinario// HTTP/1.1" 200 2985
162.210.196.100 - - [31/Dec/2019:10:01:43 -0500] "GET /SIG/index.php/ECS/126PM04-PR80.pdf/?dir=Control%20y%20mejora// HTTP/1.1" 200 3075
192.99.15.199 - - [31/Dec/2019:10:01:44 -0500] "GET /Autoliquidacion/Grupo%20Forestal%20-%20Silvicultura/Ficha%20t%C3%A9cnica%20de%20registro%20de%20poda.xlsm/ HTTP/1.1" 404 1019
162.210.196.100 - - [31/Dec/2019:10:01:45 -0500] "GET /SIG/index.php/ECS/126PM04-PR80.pdf/?dir=Direccionamiento%20Estrategico// HTTP/1.1" 200 4249
201.245.192.253 - - [31/Dec/2019:10:01:47 -0500] "GET /BLA/boletinlegal/consulta_actos.php?tipo=resoluciones&no=1359&usuario=&sector=&fecha=2018&resuelve= HTTP/1.1" 200 626
162.210.196.100 - - [31/Dec/2019:10:01:47 -0500] "GET /SIG/index.php/ECS/126PM04-PR80.pdf/?dir=Direccionamiento%20Estrategico//&sort=name&order=desc/ HTTP/1.1" 200 4248
201.245.192.253 - - [31/Dec/2019:10:01:47 -0500] "GET /BLA/boletinlegal/consulta_actos.php?tipo=resoluciones&no=1359&usuario=&sector=&fecha=2018&resuelve= HTTP/1.1" 200 626
201.245.192.253 - - [31/Dec/2019:10:01:49 -0500] "GET /BLA/boletinlegal/consulta_actos.php?tipo=resoluciones&no=1359&usuario=&sector=&fecha=2018&resuelve= HTTP/1.1" 200 626
