198.204.243.138 - - [31/Dec/2019:18:10:09 -0500] "GET /SIG/index.php/ECS/126PM04-PR58.pdf/?dir=&sort=date&order=asc/ HTTP/1.1" 200 4959
198.204.243.138 - - [31/Dec/2019:18:10:12 -0500] "GET /SIG/index.php/ECS/126PM04-PR58.pdf/?dir=&sort=name&order=desc/ HTTP/1.1" 200 4959
198.204.243.138 - - [31/Dec/2019:18:10:15 -0500] "GET /SIG/index.php/ECS/126PM04-PR58.pdf/?dir=&sort=size&order=asc/ HTTP/1.1" 200 4959
66.249.64.59 - - [31/Dec/2019:18:10:18 -0500] "GET /BLA/resoluciones/AUTOS%202017/5294.pdf HTTP/1.1" 200 308354
198.204.243.138 - - [31/Dec/2019:18:10:18 -0500] "GET /SIG/index.php/ECS/126PM04-PR58.pdf/?dir=Comunicaciones// HTTP/1.1" 200 3186
198.204.243.138 - - [31/Dec/2019:18:10:22 -0500] "GET /SIG/index.php/ECS/126PM04-PR58.pdf/?dir=Control%20Disciplinario// HTTP/1.1" 200 2985
198.204.243.138 - - [31/Dec/2019:18:10:26 -0500] "GET /SIG/index.php/ECS/126PM04-PR58.pdf/?dir=Control%20y%20mejora// HTTP/1.1" 200 3075
198.204.243.138 - - [31/Dec/2019:18:10:29 -0500] "GET /SIG/index.php/ECS/126PM04-PR58.pdf/?dir=Direccionamiento%20Estrategico// HTTP/1.1" 200 4249
198.204.243.138 - - [31/Dec/2019:18:10:33 -0500] "GET /SIG/index.php/ECS/126PM04-PR58.pdf/?dir=Direccionamiento%20Estrategico//&sort=size&order=asc/ HTTP/1.1" 200 4248
66.249.64.59 - - [31/Dec/2019:18:10:36 -0500] "GET /BLA/resoluciones/AUTOS%202015/0539.pdf HTTP/1.1" 200 554883
198.204.243.138 - - [31/Dec/2019:18:10:37 -0500] "GET /SIG/index.php/ECS/126PM04-PR58.pdf/?dir=ECS// HTTP/1.1" 200 16895
198.204.243.138 - - [31/Dec/2019:18:10:40 -0500] "GET /SIG/index.php/ECS/126PM04-PR58.pdf/?dir=ECS//&sort=date&order=asc/ HTTP/1.1" 200 16894
198.204.243.138 - - [31/Dec/2019:18:10:45 -0500] "GET /SIG/index.php/ECS/126PM04-PR58.pdf/?dir=ECS//&sort=name&order=desc/ HTTP/1.1" 200 16894
66.249.64.59 - - [31/Dec/2019:18:10:47 -0500] "GET /BLA/resoluciones/AUTOS%202014/6822.pdf HTTP/1.1" 200 368086
198.204.243.138 - - [31/Dec/2019:18:10:48 -0500] "GET /SIG/index.php/ECS/126PM04-PR58.pdf/?dir=ECS//&sort=size&order=asc/ HTTP/1.1" 200 16894
198.204.243.138 - - [31/Dec/2019:18:10:51 -0500] "GET /SIG/index.php/ECS/126PM04-PR58.pdf/?dir=Gestion%20Documental// HTTP/1.1" 200 5851
198.204.243.138 - - [31/Dec/2019:18:10:55 -0500] "GET /SIG/index.php/ECS/126PM04-PR58.pdf/?dir=Gestion%20Recursos%20Financieros// HTTP/1.1" 200 9159
198.204.243.138 - - [31/Dec/2019:18:10:59 -0500] "GET /SIG/index.php/ECS/126PM04-PR59.pdf/?dir=&sort=date&order=asc/ HTTP/1.1" 200 4959
54.36.150.162 - - [31/Dec/2019:18:10:59 -0500] "GET /BLA/resoluciones/RESOLUCIONES%202002/RES%202002%2001-50/2002RES47.tif HTTP/1.1" 200 191952
66.249.64.61 - - [31/Dec/2019:18:11:01 -0500] "GET /BLA/resoluciones/AUTOS%202014/0866.pdf HTTP/1.1" 200 1226869
198.204.243.138 - - [31/Dec/2019:18:11:02 -0500] "GET /SIG/index.php/ECS/126PM04-PR59.pdf/?dir=&sort=name&order=asc/ HTTP/1.1" 200 4959
198.204.243.138 - - [31/Dec/2019:18:11:05 -0500] "GET /SIG/index.php/ECS/126PM04-PR59.pdf/?dir=&sort=name&order=desc/ HTTP/1.1" 200 4959
198.204.243.138 - - [31/Dec/2019:18:11:09 -0500] "GET /SIG/index.php/ECS/126PM04-PR59.pdf/?dir=&sort=size&order=asc/ HTTP/1.1" 200 4959
198.204.243.138 - - [31/Dec/2019:18:11:12 -0500] "GET /SIG/index.php/ECS/126PM04-PR59.pdf/?dir=Comunicaciones// HTTP/1.1" 200 3186
198.204.243.138 - - [31/Dec/2019:18:11:15 -0500] "GET /SIG/index.php/ECS/126PM04-PR59.pdf/?dir=Comunicaciones//&sort=date&order=asc/ HTTP/1.1" 200 3185
198.204.243.138 - - [31/Dec/2019:18:11:18 -0500] "GET /SIG/index.php/ECS/126PM04-PR60.pdf/?dir=&sort=date&order=asc/ HTTP/1.1" 200 4959
69.162.124.232 - - [31/Dec/2019:18:11:19 -0500] "HEAD / HTTP/1.1" 200 -
198.204.243.138 - - [31/Dec/2019:18:11:23 -0500] "GET /SIG/index.php/ECS/126PM04-PR60.pdf/?dir=&sort=name&order=desc/ HTTP/1.1" 200 4959
66.249.64.59 - - [31/Dec/2019:18:11:24 -0500] "GET /BLA/resoluciones/RESOLUCIONES%202016/1159.pdf HTTP/1.1" 200 559815
198.204.243.138 - - [31/Dec/2019:18:11:26 -0500] "GET /SIG/index.php/ECS/126PM04-PR60.pdf/?dir=&sort=size&order=asc/ HTTP/1.1" 200 4959
198.204.243.138 - - [31/Dec/2019:18:11:29 -0500] "GET /SIG/index.php/ECS/126PM04-PR60.pdf/?dir=Comunicaciones// HTTP/1.1" 200 3186
198.204.243.138 - - [31/Dec/2019:18:11:32 -0500] "GET /SIG/index.php/ECS/126PM04-PR60.pdf/?dir=Control%20Disciplinario// HTTP/1.1" 200 2985
198.204.243.138 - - [31/Dec/2019:18:11:35 -0500] "GET /SIG/index.php/ECS/126PM04-PR60.pdf/?dir=Control%20y%20mejora// HTTP/1.1" 200 3075
198.204.243.138 - - [31/Dec/2019:18:11:40 -0500] "GET /SIG/index.php/ECS/126PM04-PR84.pdf/?dir=Direccionamiento%20Estrategico// HTTP/1.1" 200 4249
198.204.243.138 - - [31/Dec/2019:18:11:44 -0500] "GET /SIG/index.php/ECS/126PM04-PR84.pdf/?dir=Gestion%20Documental// HTTP/1.1" 200 5851
198.204.243.138 - - [31/Dec/2019:18:11:47 -0500] "GET /SIG/index.php/ECS/126PM04-PR84.pdf/?dir=Gestion%20Recursos%20Financieros// HTTP/1.1" 200 9159
198.204.243.138 - - [31/Dec/2019:18:11:50 -0500] "GET /SIG/index.php/ECS/126PM04-PR87.pdf/?dir=Control%20y%20mejora// HTTP/1.1" 200 3075
198.204.243.138 - - [31/Dec/2019:18:11:52 -0500] "GET /SIG/index.php/ECS/126PM04-PR87.pdf/?dir=Control%20y%20mejora//&sort=date&order=asc/ HTTP/1.1" 200 3074
218.211.168.178 - - [31/Dec/2019:18:11:55 -0500] "GET / HTTP/1.1" 200 9990
198.204.243.138 - - [31/Dec/2019:18:11:56 -0500] "GET /SIG/index.php/ECS/126PM04-PR87.pdf/?dir=Control%20y%20mejora//&sort=name&order=desc/ HTTP/1.1" 200 3074
198.204.243.138 - - [31/Dec/2019:18:12:00 -0500] "GET /SIG/index.php/ECS/126PM04-PR87.pdf/?dir=Control%20y%20mejora//&sort=size&order=asc/ HTTP/1.1" 200 3074
198.204.243.138 - - [31/Dec/2019:18:12:03 -0500] "GET /SIG/index.php/ECS/126PM04-PR88.pdf/?dir=&sort=date&order=asc/ HTTP/1.1" 200 4959
198.204.243.138 - - [31/Dec/2019:18:12:06 -0500] "GET /SIG/index.php/ECS/126PM04-PR88.pdf/?dir=&sort=name&order=asc/ HTTP/1.1" 200 4959
198.204.243.138 - - [31/Dec/2019:18:12:09 -0500] "GET /SIG/index.php/ECS/126PM04-PR88.pdf/?dir=&sort=name&order=desc/ HTTP/1.1" 200 4959
198.204.243.138 - - [31/Dec/2019:18:12:13 -0500] "GET /SIG/index.php/ECS/126PM04-PR88.pdf/?dir=&sort=size&order=asc/ HTTP/1.1" 200 4959
198.204.243.138 - - [31/Dec/2019:18:12:16 -0500] "GET /SIG/index.php/ECS/126PM04-PR88.pdf/?dir=Comunicaciones// HTTP/1.1" 200 3186
198.204.243.138 - - [31/Dec/2019:18:12:18 -0500] "GET /SIG/index.php/ECS/126PM04-PR88.pdf/?dir=Control%20Disciplinario// HTTP/1.1" 200 2985
198.204.243.138 - - [31/Dec/2019:18:12:21 -0500] "GET /SIG/index.php/ECS/126PM04-PR88.pdf/?dir=Control%20y%20mejora// HTTP/1.1" 200 3075
217.138.199.170 - - [31/Dec/2019:18:12:24 -0500] "GET /galeria/carrusel/Carrusel/jquery.thumbnailScroller.css HTTP/1.1" 200 2066
217.138.199.170 - - [31/Dec/2019:18:12:24 -0500] "GET /galeria/galeria/jquery.fancybox.css?v=2.1.5 HTTP/1.1" 200 4895
217.138.199.170 - - [31/Dec/2019:18:12:24 -0500] "GET /BLA/boletinlegal/js/jquery.scrollShow.js HTTP/1.1" 200 4586
217.138.199.170 - - [31/Dec/2019:18:12:24 -0500] "GET /galeria/galeria/jquery.fancybox.js?v=2.1.5 HTTP/1.1" 200 48706
217.138.199.170 - - [31/Dec/2019:18:12:24 -0500] "GET /galeria/carrusel/Carrusel/jquery-ui-1.8.13.custom.min.js HTTP/1.1" 200 10800
217.138.199.170 - - [31/Dec/2019:18:12:24 -0500] "GET /galeria/carrusel/Carrusel/jquery.thumbnailScroller.js HTTP/1.1" 200 8157
198.204.243.138 - - [31/Dec/2019:18:12:25 -0500] "GET /SIG/index.php/ECS/126PM04-PR88.pdf/?dir=Direccionamiento%20Estrategico// HTTP/1.1" 200 4249
217.138.199.170 - - [31/Dec/2019:18:12:27 -0500] "GET /galeria/nivo-slider/demo/inicio.html HTTP/1.1" 200 4435
217.138.199.170 - - [31/Dec/2019:18:12:27 -0500] "GET /galeria/nivo-slider/themes/default/default.css HTTP/1.1" 200 1569
217.138.199.170 - - [31/Dec/2019:18:12:27 -0500] "GET /galeria/nivo-slider/themes/pascal/pascal.css HTTP/1.1" 200 2258
217.138.199.170 - - [31/Dec/2019:18:12:27 -0500] "GET /galeria/nivo-slider/themes/orman/orman.css HTTP/1.1" 200 2152
217.138.199.170 - - [31/Dec/2019:18:12:27 -0500] "GET /galeria/nivo-slider/nivo-slider.css HTTP/1.1" 200 1507
217.138.199.170 - - [31/Dec/2019:18:12:27 -0500] "GET /galeria/nivo-slider/demo/style.css HTTP/1.1" 200 2222
217.138.199.170 - - [31/Dec/2019:18:12:28 -0500] "GET /galeria/nivo-slider/demo/scripts/jquery-1.7.1.min.js HTTP/1.1" 200 93868
217.138.199.170 - - [31/Dec/2019:18:12:28 -0500] "GET /galeria/nivo-slider/jquery.nivo.slider.pack.js HTTP/1.1" 200 11561
217.138.199.170 - - [31/Dec/2019:18:12:28 -0500] "GET /galeria/nivo-slider/demo/images/bannerjardines.jpg HTTP/1.1" 200 417948
217.138.199.170 - - [31/Dec/2019:18:12:28 -0500] "GET /galeria/nivo-slider/demo/images/Bannercalculadora.jpg HTTP/1.1" 200 313099
217.138.199.170 - - [31/Dec/2019:18:12:28 -0500] "GET /galeria/nivo-slider/demo/images/bannerwebmusgo.jpg HTTP/1.1" 200 367364
217.138.199.170 - - [31/Dec/2019:18:12:28 -0500] "GET /galeria/nivo-slider/demo/images/banneragendamiento.jpg HTTP/1.1" 200 116897
198.204.243.138 - - [31/Dec/2019:18:12:28 -0500] "GET /SIG/index.php/ECS/126PM04-PR88.pdf/?dir=ECS// HTTP/1.1" 200 16895
217.138.199.170 - - [31/Dec/2019:18:12:28 -0500] "GET /galeria/nivo-slider/themes/default/loading.gif HTTP/1.1" 200 1737
217.138.199.170 - - [31/Dec/2019:18:12:28 -0500] "GET /galeria/nivo-slider/demo/images/4Simple_Slider.png HTTP/1.1" 200 11722
217.138.199.170 - - [31/Dec/2019:18:12:28 -0500] "GET /galeria/nivo-slider/demo/images/banneriniciativa.jpg HTTP/1.1" 200 200385
54.36.150.61 - - [31/Dec/2019:18:12:29 -0500] "GET /BLA/resoluciones/RESOLUCIONES%202006/RES%202006%20801-850/00000801.tif HTTP/1.1" 200 35572
217.138.199.170 - - [31/Dec/2019:18:12:29 -0500] "GET /galeria/nivo-slider/demo/images/diciembrecaminatas.png HTTP/1.1" 200 510724
217.138.199.170 - - [31/Dec/2019:18:12:30 -0500] "GET /galeria/nivo-slider/demo/images/Banner%20tinguas.jpg HTTP/1.1" 200 214878
198.204.243.138 - - [31/Dec/2019:18:12:30 -0500] "GET /SIG/index.php/ECS/126PM04-PR88.pdf/?dir=Gestion%20Documental// HTTP/1.1" 200 5851
217.138.199.170 - - [31/Dec/2019:18:12:30 -0500] "GET /galeria/nivo-slider/demo/images/Banner%20Visor%20Geografico%20Ambiental.jpg HTTP/1.1" 200 204673
217.138.199.170 - - [31/Dec/2019:18:12:31 -0500] "GET /galeria/nivo-slider/demo/images/Banner%20consumo%20sostenible%20final.jpg HTTP/1.1" 200 364746
217.138.199.170 - - [31/Dec/2019:18:12:31 -0500] "GET /galeria/nivo-slider/demo/images/Bannerserpiente2019.jpg HTTP/1.1" 200 270374
217.138.199.170 - - [31/Dec/2019:18:12:31 -0500] "GET /galeria/nivo-slider/demo/images/puntos%20atencion%20BANNER.jpg HTTP/1.1" 200 244208
66.249.64.59 - - [31/Dec/2019:18:12:31 -0500] "GET /BLA/resoluciones/AUTOS%202007/2048.pdf HTTP/1.1" 200 174877
217.138.199.170 - - [31/Dec/2019:18:12:31 -0500] "GET /galeria/nivo-slider/demo/images/Banner%20RCD.jpg HTTP/1.1" 200 92197
217.138.199.170 - - [31/Dec/2019:18:12:32 -0500] "GET /galeria/nivo-slider/demo/images/Banner%20Conpes.jpg HTTP/1.1" 200 55220
217.138.199.170 - - [31/Dec/2019:18:12:32 -0500] "GET /galeria/nivo-slider/demo/images/Banner%20POT.png HTTP/1.1" 200 418238
198.204.243.138 - - [31/Dec/2019:18:12:33 -0500] "GET /SIG/index.php/ECS/126PM04-PR88.pdf/?dir=Gestion%20Recursos%20Financieros// HTTP/1.1" 200 9159
198.204.243.138 - - [31/Dec/2019:18:12:36 -0500] "GET /SIG/index.php/ECS/126PM04-PR91.pdf/?dir=&sort=date&order=asc/ HTTP/1.1" 200 4959
198.204.243.138 - - [31/Dec/2019:18:12:41 -0500] "GET /SIG/index.php/ECS/126PM04-PR91.pdf/?dir=&sort=name&order=desc/ HTTP/1.1" 200 4959
198.204.243.138 - - [31/Dec/2019:18:12:45 -0500] "GET /SIG/index.php/ECS/126PM04-PR91.pdf/?dir=&sort=size&order=asc/ HTTP/1.1" 200 4959
198.204.243.138 - - [31/Dec/2019:18:12:48 -0500] "GET /SIG/index.php/ECS/126PM04-PR91.pdf/?dir=Comunicaciones// HTTP/1.1" 200 3186
198.204.243.138 - - [31/Dec/2019:18:12:52 -0500] "GET /SIG/index.php/ECS/126PM04-PR91.pdf/?dir=Control%20Disciplinario// HTTP/1.1" 200 2985
198.204.243.138 - - [31/Dec/2019:18:12:55 -0500] "GET /SIG/index.php/ECS/126PM04-PR91.pdf/?dir=Control%20y%20mejora// HTTP/1.1" 200 3075
198.204.243.138 - - [31/Dec/2019:18:12:58 -0500] "GET /SIG/index.php/ECS/126PM04-PR91.pdf/?dir=Direccionamiento%20Estrategico// HTTP/1.1" 200 4249
198.204.243.138 - - [31/Dec/2019:18:13:01 -0500] "GET /SIG/index.php/ECS/126PM04-PR91.pdf/?dir=ECS// HTTP/1.1" 200 16895
198.204.243.138 - - [31/Dec/2019:18:13:03 -0500] "GET /SIG/index.php/ECS/126PM04-PR91.pdf/?dir=Gestion%20Documental// HTTP/1.1" 200 5851
198.204.243.138 - - [31/Dec/2019:18:13:06 -0500] "GET /SIG/index.php/ECS/126PM04-PR91.pdf/?dir=Gestion%20Recursos%20Financieros// HTTP/1.1" 200 9159
198.204.243.138 - - [31/Dec/2019:18:13:08 -0500] "GET /SIG/index.php/ECS/126PM04-PR92.pdf/?dir=&sort=date&order=asc/ HTTP/1.1" 200 4959
186.102.45.158 - - [31/Dec/2019:18:13:10 -0500] "-" 408 -
198.204.243.138 - - [31/Dec/2019:18:13:11 -0500] "GET /SIG/index.php/ECS/126PM04-PR92.pdf/?dir=&sort=name&order=desc/ HTTP/1.1" 200 4959
198.204.243.138 - - [31/Dec/2019:18:13:13 -0500] "GET /SIG/index.php/ECS/126PM04-PR92.pdf/?dir=&sort=size&order=asc/ HTTP/1.1" 200 4959
198.204.243.138 - - [31/Dec/2019:18:13:15 -0500] "GET /SIG/index.php/ECS/126PM04-PR92.pdf/?dir=Comunicaciones// HTTP/1.1" 200 3186
198.204.243.138 - - [31/Dec/2019:18:13:19 -0500] "GET /SIG/index.php/ECS/126PM04-PR92.pdf/?dir=Control%20Disciplinario// HTTP/1.1" 200 2985
198.204.243.138 - - [31/Dec/2019:18:13:22 -0500] "GET /SIG/index.php/ECS/126PM04-PR92.pdf/?dir=Control%20y%20mejora// HTTP/1.1" 200 3075
198.204.243.138 - - [31/Dec/2019:18:13:24 -0500] "GET /SIG/index.php/ECS/126PM04-PR92.pdf/?dir=Direccionamiento%20Estrategico// HTTP/1.1" 200 4249
198.204.243.138 - - [31/Dec/2019:18:13:26 -0500] "GET /SIG/index.php/ECS/126PM04-PR92.pdf/?dir=ECS// HTTP/1.1" 200 16895
190.15.0.65 - - [31/Dec/2019:18:13:31 -0500] "GET /galeria/nivo-slider/demo/images/banneriniciativa.jpg HTTP/1.1" 304 -
198.204.243.138 - - [31/Dec/2019:18:13:31 -0500] "GET /SIG/index.php/ECS/126PM04-PR92.pdf/?dir=Gestion%20Documental// HTTP/1.1" 200 5851
198.204.243.138 - - [31/Dec/2019:18:13:33 -0500] "GET /SIG/index.php/ECS/126PM04-PR92.pdf/?dir=Gestion%20Recursos%20Financieros// HTTP/1.1" 200 9159
66.249.64.59 - - [31/Dec/2019:18:13:34 -0500] "GET /BLA/resoluciones/RESOLUCIONES%202016/1871.pdf HTTP/1.1" 304 -
198.204.243.138 - - [31/Dec/2019:18:13:36 -0500] "GET /SIG/index.php/ECS/126PM04-PR93.pdf/?dir=&sort=date&order=asc/ HTTP/1.1" 200 4959
66.249.64.59 - - [31/Dec/2019:18:13:36 -0500] "GET /BLA/resoluciones/AUTOS%202010/5127.pdf HTTP/1.1" 200 204736
198.204.243.138 - - [31/Dec/2019:18:13:38 -0500] "GET /SIG/index.php/ECS/126PM04-PR93.pdf/?dir=&sort=name&order=desc/ HTTP/1.1" 200 4959
198.204.243.138 - - [31/Dec/2019:18:13:41 -0500] "GET /SIG/index.php/ECS/126PM04-PR93.pdf/?dir=&sort=size&order=asc/ HTTP/1.1" 200 4959
66.249.64.59 - - [31/Dec/2019:18:13:43 -0500] "GET /BLA/resoluciones/AUTOS%202013/1692.pdf HTTP/1.1" 200 2648493
198.204.243.138 - - [31/Dec/2019:18:13:45 -0500] "GET /SIG/index.php/ECS/126PM04-PR93.pdf/?dir=Control%20y%20mejora// HTTP/1.1" 200 3075
198.204.243.138 - - [31/Dec/2019:18:13:47 -0500] "GET /SIG/index.php/ECS/126PM04-PR93.pdf/?dir=Direccionamiento%20Estrategico// HTTP/1.1" 200 4249
198.204.243.138 - - [31/Dec/2019:18:13:49 -0500] "GET /SIG/index.php/ECS/126PM04-PR93.pdf/?dir=ECS// HTTP/1.1" 200 16895
66.249.64.63 - - [31/Dec/2019:18:13:52 -0500] "GET /BLA/resoluciones/AUTOS%202015/2154.pdf HTTP/1.1" 200 574524
198.204.243.138 - - [31/Dec/2019:18:13:52 -0500] "GET /SIG/index.php/ECS/126PM04-PR93.pdf/?dir=Gestion%20Documental// HTTP/1.1" 200 5851
198.204.243.138 - - [31/Dec/2019:18:13:56 -0500] "GET /SIG/index.php/ECS/126PM04-PR93.pdf/?dir=Gestion%20Recursos%20Financieros// HTTP/1.1" 200 9159
198.204.243.138 - - [31/Dec/2019:18:13:59 -0500] "GET /SIG/index.php/ECS/126PM04-PR94.pdf/?dir=&sort=date&order=asc/ HTTP/1.1" 200 4959
66.249.64.63 - - [31/Dec/2019:18:14:00 -0500] "GET /BLA/resoluciones/RESOLUCIONES%202014/1766.pdf HTTP/1.1" 200 1021626
198.204.243.138 - - [31/Dec/2019:18:14:01 -0500] "GET /SIG/index.php/ECS/126PM04-PR94.pdf/?dir=&sort=name&order=desc/ HTTP/1.1" 200 4959
66.249.64.63 - - [31/Dec/2019:18:14:08 -0500] "GET /BLA/resoluciones/AUTOS%202014/6421.pdf HTTP/1.1" 200 494722
66.249.64.59 - - [31/Dec/2019:18:14:16 -0500] "GET /BLA/resoluciones/RESOLUCIONES%202007/RES%202007%203001%20AL%203100/RESOLUCION%203025%20DE%202007.pdf HTTP/1.1" 200 1264585
186.145.115.89 - - [31/Dec/2019:18:14:20 -0500] "GET /galeria/galeria/jquery.fancybox.css?v=2.1.5 HTTP/1.1" 200 4895
186.145.115.89 - - [31/Dec/2019:18:14:20 -0500] "GET /BLA/boletinlegal/js/jquery.scrollShow.js HTTP/1.1" 200 4586
186.145.115.89 - - [31/Dec/2019:18:14:20 -0500] "GET /galeria/galeria/jquery.fancybox.js?v=2.1.5 HTTP/1.1" 200 48706
66.249.64.59 - - [31/Dec/2019:18:14:21 -0500] "GET /BLA/resoluciones/AUTOS%202009/3188.pdf HTTP/1.1" 200 106079
66.249.64.61 - - [31/Dec/2019:18:14:30 -0500] "GET /BLA/resoluciones/AUTOS%202009/3184.pdf HTTP/1.1" 200 130865
54.91.227.198 - - [31/Dec/2019:18:14:53 -0500] "GET /silvicultura/1.pdf HTTP/1.1" 200 334952
69.162.124.232 - - [31/Dec/2019:18:16:19 -0500] "HEAD / HTTP/1.1" 200 -
201.245.192.253 - - [31/Dec/2019:18:16:19 -0500] "POST /kwsrmcab/Wsrmcab HTTP/1.1" 200 32512
201.245.192.253 - - [31/Dec/2019:18:16:18 -0500] "POST /kwsrmcab/Wsrmcab HTTP/1.1" 200 32484
216.244.66.197 - - [31/Dec/2019:18:17:16 -0500] "GET /Anexos%20estudio%20Organizacional%20SDA/index.php?dir=ANEXO%20No.%208%20-%20MATRICES%20DE%20REGISTRO%20Y%20DE%20SALIDA%20MEDICI%EF%BF%BDN%20CARGAS%20LABORALES%20SDA/1.%20Despacho%20del%20Secretario/&sort=size&order=desc HTTP/1.1" 200 6414
49.7.20.84 - - [31/Dec/2019:18:17:18 -0500] "GET /resoluciones/RESOLUCIONES%202009/0787.pdf HTTP/1.1" 404 1018
66.249.64.59 - - [31/Dec/2019:18:17:20 -0500] "GET /BLA/resoluciones/AUTOS%202007/2267.pdf HTTP/1.1" 200 151386
167.0.233.70 - - [31/Dec/2019:18:17:22 -0500] "GET /galeria/galeria/jquery.fancybox.css?v=2.1.5 HTTP/1.1" 200 4895
167.0.233.70 - - [31/Dec/2019:18:17:22 -0500] "GET /BLA/boletinlegal/js/jquery.scrollShow.js HTTP/1.1" 200 4586
167.0.233.70 - - [31/Dec/2019:18:17:22 -0500] "GET /galeria/galeria/jquery.fancybox.js?v=2.1.5 HTTP/1.1" 200 48706
216.244.66.197 - - [31/Dec/2019:18:17:22 -0500] "GET /Anexos%20estudio%20Organizacional%20SDA/index.php?dir=ANEXO%20No.%208%20-%20MATRICES%20DE%20REGISTRO%20Y%20DE%20SALIDA%20MEDICI%EF%BF%BDN%20CARGAS%20LABORALES%20SDA/1.1%20Oficina%20de%20Control%20Int/&sort=date&order=desc HTTP/1.1" 200 6414
201.245.192.253 - - [31/Dec/2019:18:16:53 -0500] "POST /kwsrmcab/Wsrmcab HTTP/1.1" 200 32484
54.36.150.73 - - [31/Dec/2019:18:17:58 -0500] "GET /BLA/resoluciones/RESOLUCIONES%202003/RES%202003%201901-1950/00001922.tif HTTP/1.1" 200 98062
66.249.64.59 - - [31/Dec/2019:18:18:15 -0500] "GET /BLA/resoluciones/RESOLUCIONES%202017/0067.pdf HTTP/1.1" 200 489613
66.249.64.59 - - [31/Dec/2019:18:18:36 -0500] "GET /BLA/resoluciones/AUTOS%202007/3247.pdf HTTP/1.1" 200 89951
167.0.0.125 - - [31/Dec/2019:18:18:37 -0500] "GET /galeria/galeria/jquery.fancybox.css?v=2.1.5 HTTP/1.1" 200 4895
167.0.0.125 - - [31/Dec/2019:18:18:38 -0500] "GET /BLA/boletinlegal/js/jquery.scrollShow.js HTTP/1.1" 200 4586
167.0.0.125 - - [31/Dec/2019:18:18:38 -0500] "GET /galeria/galeria/jquery.fancybox.js?v=2.1.5 HTTP/1.1" 200 48706
167.0.0.125 - - [31/Dec/2019:18:18:48 -0500] "GET /galeria/carrusel/Carrusel/jquery-ui-1.8.13.custom.min.js HTTP/1.1" 200 10800
66.249.64.59 - - [31/Dec/2019:18:18:49 -0500] "GET /Publicaciones/2019EE35375.pdf HTTP/1.1" 404 227
167.0.0.125 - - [31/Dec/2019:18:18:49 -0500] "GET /galeria/carrusel/Carrusel/jquery.thumbnailScroller.css HTTP/1.1" 200 2066
167.0.0.125 - - [31/Dec/2019:18:18:50 -0500] "GET /galeria/nivo-slider/demo/inicio.html HTTP/1.1" 200 4435
167.0.0.125 - - [31/Dec/2019:18:18:50 -0500] "GET /galeria/carrusel/Carrusel/jquery.thumbnailScroller.js HTTP/1.1" 200 8157
167.0.0.125 - - [31/Dec/2019:18:18:50 -0500] "GET /galeria/nivo-slider/themes/default/default.css HTTP/1.1" 200 1569
167.0.0.125 - - [31/Dec/2019:18:18:50 -0500] "GET /galeria/nivo-slider/themes/pascal/pascal.css HTTP/1.1" 200 2258
167.0.0.125 - - [31/Dec/2019:18:18:50 -0500] "GET /galeria/nivo-slider/themes/orman/orman.css HTTP/1.1" 200 2152
167.0.0.125 - - [31/Dec/2019:18:18:50 -0500] "GET /galeria/nivo-slider/nivo-slider.css HTTP/1.1" 200 1507
167.0.0.125 - - [31/Dec/2019:18:18:52 -0500] "GET /galeria/nivo-slider/demo/scripts/jquery-1.7.1.min.js HTTP/1.1" 200 93868
66.249.64.59 - - [31/Dec/2019:18:18:52 -0500] "GET /BLA/resoluciones/RESOLUCIONES%202010/0207.pdf HTTP/1.1" 200 114742
167.0.0.125 - - [31/Dec/2019:18:18:58 -0500] "GET /galeria/nivo-slider/demo/style.css HTTP/1.1" 200 2222
66.249.64.63 - - [31/Dec/2019:18:19:03 -0500] "GET /BLA/resoluciones/RESOLUCIONES%202009/2317.pdf HTTP/1.1" 200 278775
167.0.0.125 - - [31/Dec/2019:18:19:12 -0500] "GET /galeria/nivo-slider/demo/images/Bannercalculadora.jpg HTTP/1.1" 200 313099
66.249.64.61 - - [31/Dec/2019:18:19:26 -0500] "GET /BLA/resoluciones/AUTOS%202014/6645.pdf HTTP/1.1" 304 -
167.0.0.125 - - [31/Dec/2019:18:19:27 -0500] "GET /galeria/nivo-slider/jquery.nivo.slider.pack.js HTTP/1.1" 200 11561
167.0.0.125 - - [31/Dec/2019:18:19:34 -0500] "GET /galeria/nivo-slider/demo/images/4Simple_Slider.png HTTP/1.1" 200 11722
167.0.0.125 - - [31/Dec/2019:18:19:34 -0500] "GET /galeria/nivo-slider/themes/default/loading.gif HTTP/1.1" 200 1737
167.0.0.125 - - [31/Dec/2019:18:19:36 -0500] "GET /galeria/nivo-slider/demo/images/bannerwebmusgo.jpg HTTP/1.1" 200 367364
40.77.167.74 - - [31/Dec/2019:18:19:40 -0500] "GET /BLA/boletinlegal/Directivas/2009/Directiva%20No.%20del%2023%20de%20Diciembre%20de%202009.pdf HTTP/1.1" 304 -
66.249.64.59 - - [31/Dec/2019:18:19:41 -0500] "GET /BLA/resoluciones/AUTOS%202013/0629.pdf HTTP/1.1" 200 2825123
167.0.0.125 - - [31/Dec/2019:18:19:44 -0500] "GET /galeria/nivo-slider/demo/images/banneragendamiento.jpg HTTP/1.1" 200 116897
167.0.0.125 - - [31/Dec/2019:18:19:44 -0500] "GET /galeria/nivo-slider/demo/images/bannerjardines.jpg HTTP/1.1" 200 417948
167.0.0.125 - - [31/Dec/2019:18:19:48 -0500] "GET /galeria/nivo-slider/demo/images/banneriniciativa.jpg HTTP/1.1" 200 200385
167.0.0.125 - - [31/Dec/2019:18:19:49 -0500] "GET /galeria/nivo-slider/demo/images/diciembrecaminatas.png HTTP/1.1" 200 510724
167.0.0.125 - - [31/Dec/2019:18:19:49 -0500] "GET /galeria/nivo-slider/demo/images/Banner%20tinguas.jpg HTTP/1.1" 200 214878
167.0.0.125 - - [31/Dec/2019:18:19:50 -0500] "GET /galeria/nivo-slider/demo/images/Bannerserpiente2019.jpg HTTP/1.1" 200 270374
167.0.0.125 - - [31/Dec/2019:18:19:50 -0500] "GET /galeria/nivo-slider/demo/images/puntos%20atencion%20BANNER.jpg HTTP/1.1" 200 244208
167.0.0.125 - - [31/Dec/2019:18:19:51 -0500] "GET /galeria/nivo-slider/demo/images/Banner%20Visor%20Geografico%20Ambiental.jpg HTTP/1.1" 200 204673
167.0.0.125 - - [31/Dec/2019:18:19:51 -0500] "GET /galeria/nivo-slider/demo/images/Banner%20consumo%20sostenible%20final.jpg HTTP/1.1" 200 364746
167.0.0.125 - - [31/Dec/2019:18:19:52 -0500] "GET /galeria/nivo-slider/demo/images/Banner%20RCD.jpg HTTP/1.1" 200 92197
167.0.0.125 - - [31/Dec/2019:18:19:52 -0500] "GET /galeria/nivo-slider/demo/images/Banner%20Conpes.jpg HTTP/1.1" 200 55220
167.0.0.125 - - [31/Dec/2019:18:19:52 -0500] "GET /galeria/nivo-slider/demo/images/Banner%20practicas%20sostenibles.jpg HTTP/1.1" 200 142958
167.0.0.125 - - [31/Dec/2019:18:19:52 -0500] "GET /galeria/nivo-slider/demo/images/Banner%20POT.png HTTP/1.1" 200 418238
167.0.0.125 - - [31/Dec/2019:18:19:53 -0500] "GET /galeria/nivo-slider/demo/images/Banneranonimos.png HTTP/1.1" 200 109388
167.0.0.125 - - [31/Dec/2019:18:19:53 -0500] "GET /galeria/nivo-slider/themes/default/arrows.png HTTP/1.1" 200 824
167.0.0.125 - - [31/Dec/2019:18:19:54 -0500] "GET /galeria/nivo-slider/themes/default/bullets.png HTTP/1.1" 200 1281
66.249.64.61 - - [31/Dec/2019:18:20:02 -0500] "GET /BLA/resoluciones/AUTOS%202017/2545.pdf HTTP/1.1" 200 352287
66.249.64.61 - - [31/Dec/2019:18:20:11 -0500] "GET /BLA/resoluciones/AUTOS%202017/0746.pdf HTTP/1.1" 200 540764
66.249.64.59 - - [31/Dec/2019:18:20:21 -0500] "GET /BLA/resoluciones/RESOLUCIONES%202007/RES%202007%20801%20AL%20900/RESOLUCION%200877%20DE%202007.pdf HTTP/1.1" 200 218373
66.249.64.59 - - [31/Dec/2019:18:20:34 -0500] "GET /BLA/resoluciones/RESOLUCIONES%202016/2244.pdf HTTP/1.1" 200 293056
66.249.64.61 - - [31/Dec/2019:18:20:45 -0500] "GET /BLA/resoluciones/AUTOS%202015/5444.pdf HTTP/1.1" 304 -
66.249.64.59 - - [31/Dec/2019:18:21:01 -0500] "GET /BLA/resoluciones/RESOLUCIONES%202013/0570.pdf HTTP/1.1" 200 791234
186.155.83.42 - - [31/Dec/2019:18:21:11 -0500] "GET /BLA/boletinlegal/js/jquery.scrollShow.js HTTP/1.1" 200 4586
186.155.83.42 - - [31/Dec/2019:18:21:11 -0500] "GET /galeria/galeria/jquery.fancybox.js?v=2.1.5 HTTP/1.1" 200 48706
186.155.83.42 - - [31/Dec/2019:18:21:11 -0500] "GET /galeria/galeria/jquery.fancybox.css?v=2.1.5 HTTP/1.1" 200 4895
66.249.64.59 - - [31/Dec/2019:18:21:18 -0500] "GET /BLA/resoluciones/AUTOS%202008/1524.pdf HTTP/1.1" 200 342780
69.162.124.232 - - [31/Dec/2019:18:21:19 -0500] "HEAD / HTTP/1.1" 200 -
66.249.64.59 - - [31/Dec/2019:18:21:35 -0500] "GET /BLA/resoluciones/AUTOS%202009/2985.pdf HTTP/1.1" 200 81648
54.36.149.52 - - [31/Dec/2019:18:23:27 -0500] "GET /BLA/resoluciones/RESOLUCIONES%202003/RES%202003%202001-2051/20032021.tif HTTP/1.1" 200 124390
66.249.64.59 - - [31/Dec/2019:18:23:40 -0500] "GET /BLA/resoluciones/RESOLUCIONES%202009/3572.pdf HTTP/1.1" 200 867477
191.95.52.226 - - [31/Dec/2019:18:23:41 -0500] "GET /galeria/galeria/jquery.fancybox.css?v=2.1.5 HTTP/1.1" 200 4895
181.234.199.24 - - [31/Dec/2019:18:23:41 -0500] "GET /BLA/BOLETINLEGAL/ADMIN/actos/ingresar.php HTTP/1.1" 200 1998
181.234.199.24 - - [31/Dec/2019:18:23:42 -0500] "GET /BLA/BOLETINLEGAL/images/favicon.ico HTTP/1.1" 404 1328
191.95.52.226 - - [31/Dec/2019:18:23:44 -0500] "GET /BLA/boletinlegal/js/jquery.scrollShow.js HTTP/1.1" 200 4586
191.95.52.226 - - [31/Dec/2019:18:23:44 -0500] "GET /galeria/galeria/jquery.fancybox.js?v=2.1.5 HTTP/1.1" 200 48706
191.95.52.226 - - [31/Dec/2019:18:23:44 -0500] "GET /galeria/carrusel/Carrusel/jquery.thumbnailScroller.css HTTP/1.1" 200 2066
191.95.52.226 - - [31/Dec/2019:18:23:45 -0500] "GET /galeria/carrusel/Carrusel/jquery-ui-1.8.13.custom.min.js HTTP/1.1" 200 10800
191.95.52.226 - - [31/Dec/2019:18:23:45 -0500] "GET /galeria/carrusel/Carrusel/jquery.thumbnailScroller.js HTTP/1.1" 200 8157
191.95.52.226 - - [31/Dec/2019:18:23:45 -0500] "GET /galeria/nivo-slider/demo/inicio.html HTTP/1.1" 200 4435
181.234.199.24 - - [31/Dec/2019:18:23:45 -0500] "GET /BLA/BOLETINLEGAL/ADMIN/ HTTP/1.1" 200 2324
191.95.52.226 - - [31/Dec/2019:18:23:45 -0500] "GET /galeria/nivo-slider/themes/default/default.css HTTP/1.1" 200 1569
191.95.52.226 - - [31/Dec/2019:18:23:45 -0500] "GET /galeria/nivo-slider/themes/pascal/pascal.css HTTP/1.1" 200 2258
181.234.199.24 - - [31/Dec/2019:18:23:46 -0500] "GET /favicon.ico HTTP/1.1" 200 7782
191.95.52.226 - - [31/Dec/2019:18:23:46 -0500] "GET /galeria/nivo-slider/themes/orman/orman.css HTTP/1.1" 200 2152
191.95.52.226 - - [31/Dec/2019:18:23:46 -0500] "GET /galeria/nivo-slider/nivo-slider.css HTTP/1.1" 200 1507
191.95.52.226 - - [31/Dec/2019:18:23:47 -0500] "GET /galeria/nivo-slider/demo/style.css HTTP/1.1" 200 2222
191.95.52.226 - - [31/Dec/2019:18:23:47 -0500] "GET /galeria/nivo-slider/demo/scripts/jquery-1.7.1.min.js HTTP/1.1" 200 93868
191.95.52.226 - - [31/Dec/2019:18:23:48 -0500] "GET /galeria/nivo-slider/jquery.nivo.slider.pack.js HTTP/1.1" 200 11561
191.95.52.226 - - [31/Dec/2019:18:23:48 -0500] "GET /galeria/nivo-slider/demo/images/Bannercalculadora.jpg HTTP/1.1" 200 313099
191.95.52.226 - - [31/Dec/2019:18:23:48 -0500] "GET /galeria/nivo-slider/demo/images/bannerwebmusgo.jpg HTTP/1.1" 200 367364
66.249.64.59 - - [31/Dec/2019:18:23:51 -0500] "GET /BLA/resoluciones/AUTOS%202014/0563.pdf HTTP/1.1" 304 -
191.95.52.226 - - [31/Dec/2019:18:23:53 -0500] "GET /galeria/nivo-slider/demo/images/banneragendamiento.jpg HTTP/1.1" 200 116897
191.95.52.226 - - [31/Dec/2019:18:23:54 -0500] "GET /galeria/nivo-slider/demo/images/bannerjardines.jpg HTTP/1.1" 200 417948
66.249.64.59 - - [31/Dec/2019:18:23:54 -0500] "GET /BLA/resoluciones/RESOLUCIONES%202008/3679.pdf HTTP/1.1" 200 89910
191.95.52.226 - - [31/Dec/2019:18:23:54 -0500] "GET /galeria/nivo-slider/demo/images/banneriniciativa.jpg HTTP/1.1" 200 200385
181.234.199.24 - - [31/Dec/2019:18:23:57 -0500] "POST /BLA/BOLETINLEGAL/ADMIN/usuarios/process.php HTTP/1.1" 302 -
191.95.52.226 - - [31/Dec/2019:18:23:58 -0500] "GET /galeria/nivo-slider/demo/images/diciembrecaminatas.png HTTP/1.1" 200 510724
191.95.52.226 - - [31/Dec/2019:18:24:00 -0500] "GET /galeria/nivo-slider/demo/images/4Simple_Slider.png HTTP/1.1" 200 11722
191.95.52.226 - - [31/Dec/2019:18:24:00 -0500] "GET /galeria/nivo-slider/themes/default/loading.gif HTTP/1.1" 200 1737
66.249.64.59 - - [31/Dec/2019:18:24:00 -0500] "GET /BLA/resoluciones/AUTOS%202018/2715.pdf HTTP/1.1" 304 -
191.95.52.226 - - [31/Dec/2019:18:24:01 -0500] "GET /galeria/nivo-slider/demo/images/Banner%20tinguas.jpg HTTP/1.1" 200 214878
191.95.52.226 - - [31/Dec/2019:18:24:01 -0500] "GET /galeria/nivo-slider/demo/images/Bannerserpiente2019.jpg HTTP/1.1" 200 270374
191.95.52.226 - - [31/Dec/2019:18:24:02 -0500] "GET /galeria/nivo-slider/demo/images/puntos%20atencion%20BANNER.jpg HTTP/1.1" 200 244208
186.29.1.89 - - [31/Dec/2019:18:24:02 -0500] "GET /BLA/boletinlegal/js/jquery.scrollShow.js HTTP/1.1" 200 4586
186.29.1.89 - - [31/Dec/2019:18:24:02 -0500] "GET /galeria/galeria/jquery.fancybox.js?v=2.1.5 HTTP/1.1" 200 48706
186.29.1.89 - - [31/Dec/2019:18:24:02 -0500] "GET /galeria/galeria/jquery.fancybox.css?v=2.1.5 HTTP/1.1" 200 4895
186.29.1.89 - - [31/Dec/2019:18:24:02 -0500] "GET /galeria/carrusel/Carrusel/jquery.thumbnailScroller.css HTTP/1.1" 200 2066
191.95.52.226 - - [31/Dec/2019:18:24:03 -0500] "GET /galeria/nivo-slider/demo/images/Banner%20Visor%20Geografico%20Ambiental.jpg HTTP/1.1" 200 204673
186.29.1.89 - - [31/Dec/2019:18:24:03 -0500] "GET /galeria/carrusel/Carrusel/jquery-ui-1.8.13.custom.min.js HTTP/1.1" 200 10800
186.29.1.89 - - [31/Dec/2019:18:24:03 -0500] "GET /galeria/carrusel/Carrusel/jquery.thumbnailScroller.js HTTP/1.1" 200 8157
191.95.52.226 - - [31/Dec/2019:18:24:03 -0500] "GET /galeria/nivo-slider/demo/images/Banner%20consumo%20sostenible%20final.jpg HTTP/1.1" 200 364746
191.95.52.226 - - [31/Dec/2019:18:24:04 -0500] "GET /galeria/nivo-slider/demo/images/Banner%20RCD.jpg HTTP/1.1" 200 92197
191.95.52.226 - - [31/Dec/2019:18:24:04 -0500] "GET /galeria/nivo-slider/demo/images/Banner%20Conpes.jpg HTTP/1.1" 200 55220
191.95.52.226 - - [31/Dec/2019:18:24:05 -0500] "GET /galeria/nivo-slider/demo/images/Banner%20practicas%20sostenibles.jpg HTTP/1.1" 200 142958
191.95.52.226 - - [31/Dec/2019:18:24:05 -0500] "GET /galeria/nivo-slider/demo/images/Banner%20POT.png HTTP/1.1" 200 418238
191.95.52.226 - - [31/Dec/2019:18:24:05 -0500] "GET /galeria/nivo-slider/demo/images/Banneranonimos.png HTTP/1.1" 200 109388
186.29.1.89 - - [31/Dec/2019:18:24:07 -0500] "GET /galeria/nivo-slider/demo/inicio.html HTTP/1.1" 200 4435
186.29.1.89 - - [31/Dec/2019:18:24:08 -0500] "GET /galeria/nivo-slider/themes/default/default.css HTTP/1.1" 200 1569
186.29.1.89 - - [31/Dec/2019:18:24:08 -0500] "GET /galeria/nivo-slider/themes/pascal/pascal.css HTTP/1.1" 200 2258
186.29.1.89 - - [31/Dec/2019:18:24:08 -0500] "GET /galeria/nivo-slider/demo/style.css HTTP/1.1" 200 2222
186.29.1.89 - - [31/Dec/2019:18:24:08 -0500] "GET /galeria/nivo-slider/nivo-slider.css HTTP/1.1" 200 1507
186.29.1.89 - - [31/Dec/2019:18:24:08 -0500] "GET /galeria/nivo-slider/demo/scripts/jquery-1.7.1.min.js HTTP/1.1" 200 93868
186.29.1.89 - - [31/Dec/2019:18:24:08 -0500] "GET /galeria/nivo-slider/themes/orman/orman.css HTTP/1.1" 200 2152
186.29.1.89 - - [31/Dec/2019:18:24:08 -0500] "GET /galeria/nivo-slider/demo/images/Bannercalculadora.jpg HTTP/1.1" 200 313099
186.29.1.89 - - [31/Dec/2019:18:24:08 -0500] "GET /galeria/nivo-slider/jquery.nivo.slider.pack.js HTTP/1.1" 200 11561
186.29.1.89 - - [31/Dec/2019:18:24:08 -0500] "GET /galeria/nivo-slider/demo/images/bannerjardines.jpg HTTP/1.1" 200 417948
186.29.1.89 - - [31/Dec/2019:18:24:08 -0500] "GET /galeria/nivo-slider/demo/images/banneragendamiento.jpg HTTP/1.1" 200 116897
186.29.1.89 - - [31/Dec/2019:18:24:08 -0500] "GET /galeria/nivo-slider/demo/images/bannerwebmusgo.jpg HTTP/1.1" 200 367364
186.29.1.89 - - [31/Dec/2019:18:24:08 -0500] "GET /galeria/nivo-slider/themes/default/loading.gif HTTP/1.1" 200 1737
186.29.1.89 - - [31/Dec/2019:18:24:08 -0500] "GET /galeria/nivo-slider/demo/images/banneriniciativa.jpg HTTP/1.1" 200 200385
186.29.1.89 - - [31/Dec/2019:18:24:08 -0500] "GET /galeria/nivo-slider/demo/images/4Simple_Slider.png HTTP/1.1" 200 11722
186.29.1.89 - - [31/Dec/2019:18:24:08 -0500] "GET /galeria/nivo-slider/demo/images/diciembrecaminatas.png HTTP/1.1" 200 510724
191.95.52.226 - - [31/Dec/2019:18:24:09 -0500] "GET /galeria/nivo-slider/themes/default/arrows.png HTTP/1.1" 200 824
186.29.1.89 - - [31/Dec/2019:18:24:09 -0500] "GET /galeria/nivo-slider/demo/images/Banner%20tinguas.jpg HTTP/1.1" 200 214878
191.95.52.226 - - [31/Dec/2019:18:24:09 -0500] "GET /galeria/nivo-slider/themes/default/bullets.png HTTP/1.1" 200 1281
186.29.1.89 - - [31/Dec/2019:18:24:09 -0500] "GET /galeria/nivo-slider/demo/images/Bannerserpiente2019.jpg HTTP/1.1" 200 270374
186.29.1.89 - - [31/Dec/2019:18:24:09 -0500] "GET /galeria/nivo-slider/demo/images/puntos%20atencion%20BANNER.jpg HTTP/1.1" 200 244208
186.29.1.89 - - [31/Dec/2019:18:24:09 -0500] "GET /galeria/nivo-slider/demo/images/Banner%20consumo%20sostenible%20final.jpg HTTP/1.1" 200 364746
186.29.1.89 - - [31/Dec/2019:18:24:09 -0500] "GET /galeria/nivo-slider/demo/images/Banner%20Visor%20Geografico%20Ambiental.jpg HTTP/1.1" 200 204673
186.29.1.89 - - [31/Dec/2019:18:24:10 -0500] "GET /galeria/nivo-slider/demo/images/Banner%20RCD.jpg HTTP/1.1" 200 92197
186.29.1.89 - - [31/Dec/2019:18:24:10 -0500] "GET /galeria/nivo-slider/demo/images/Banner%20Conpes.jpg HTTP/1.1" 200 55220
186.29.1.89 - - [31/Dec/2019:18:24:10 -0500] "GET /galeria/nivo-slider/demo/images/Banner%20practicas%20sostenibles.jpg HTTP/1.1" 200 142958
186.29.1.89 - - [31/Dec/2019:18:24:10 -0500] "GET /galeria/nivo-slider/demo/images/Banner%20POT.png HTTP/1.1" 200 418238
186.29.1.89 - - [31/Dec/2019:18:24:10 -0500] "GET /galeria/nivo-slider/demo/images/Banneranonimos.png HTTP/1.1" 200 109388
186.29.1.89 - - [31/Dec/2019:18:24:11 -0500] "GET /galeria/nivo-slider/themes/default/arrows.png HTTP/1.1" 200 824
186.29.1.89 - - [31/Dec/2019:18:24:11 -0500] "GET /galeria/nivo-slider/themes/default/bullets.png HTTP/1.1" 200 1281
181.234.199.24 - - [31/Dec/2019:18:23:58 -0500] "GET /BLA/BOLETINLEGAL/ADMIN/index.php HTTP/1.1" 200 15774
181.234.199.24 - - [31/Dec/2019:18:24:15 -0500] "GET /BLA/BOLETINLEGAL/ADMIN/index_files/index_files/tback.gif HTTP/1.1" 404 1334
66.249.64.59 - - [31/Dec/2019:18:25:08 -0500] "GET /BLA/resoluciones/AUTOS%202016/2313.pdf HTTP/1.1" 200 462141
66.249.64.59 - - [31/Dec/2019:18:25:31 -0500] "GET /BLA/resoluciones/AUTOS%202014/4903.pdf HTTP/1.1" 200 226115
181.234.199.24 - - [31/Dec/2019:18:25:35 -0500] "GET /BLA/BOLETINLEGAL/ADMIN/actos/ingresar.php HTTP/1.1" 200 6616
66.249.64.59 - - [31/Dec/2019:18:25:46 -0500] "GET /BLA/resoluciones/AUTOS%202017/2616.pdf HTTP/1.1" 200 284409
186.145.37.27 - - [31/Dec/2019:18:25:46 -0500] "GET /galeria/galeria/jquery.fancybox.css?v=2.1.5 HTTP/1.1" 200 4895
186.145.37.27 - - [31/Dec/2019:18:25:46 -0500] "GET /BLA/boletinlegal/js/jquery.scrollShow.js HTTP/1.1" 200 4586
186.145.37.27 - - [31/Dec/2019:18:25:46 -0500] "GET /galeria/galeria/jquery.fancybox.js?v=2.1.5 HTTP/1.1" 200 48706
66.249.64.59 - - [31/Dec/2019:18:26:02 -0500] "GET /BLA/resoluciones/RESOLUCIONES%202018/2768.pdf HTTP/1.1" 200 252904
66.249.64.59 - - [31/Dec/2019:18:26:12 -0500] "GET /BLA/resoluciones/RESOLUCIONES%202007/RES%202007%201801%20AL%201900/RESOLUCION%201898%20DE%202007.pdf HTTP/1.1" 200 733905
69.162.124.232 - - [31/Dec/2019:18:26:19 -0500] "HEAD / HTTP/1.1" 200 -
66.249.64.59 - - [31/Dec/2019:18:26:26 -0500] "GET /BLA/resoluciones/AUTOS%202015/3208.pdf HTTP/1.1" 200 741100
66.249.64.59 - - [31/Dec/2019:18:26:39 -0500] "GET /BLA/resoluciones/AUTOS%202014/0089.pdf HTTP/1.1" 200 472990
201.245.192.253 - - [31/Dec/2019:18:26:19 -0500] "POST /kwsrmcab/Wsrmcab HTTP/1.1" 200 32512
66.249.64.59 - - [31/Dec/2019:18:26:58 -0500] "GET /BLA/resoluciones/AUTOS%202014/0803.pdf HTTP/1.1" 200 515738
66.249.64.59 - - [31/Dec/2019:18:27:09 -0500] "GET /BLA/resoluciones/RESOLUCIONES%202011/0866.pdf HTTP/1.1" 304 -
66.249.64.59 - - [31/Dec/2019:18:27:23 -0500] "GET /BLA/resoluciones/AUTOS%202018/6653.pdf HTTP/1.1" 200 291249
66.249.64.59 - - [31/Dec/2019:18:27:37 -0500] "GET /BLA/resoluciones/AUTOS%202018/0165.pdf HTTP/1.1" 200 303981
66.249.64.59 - - [31/Dec/2019:18:27:48 -0500] "GET /BLA/resoluciones/AUTOS%202006/AUTOS%202006%20701-800/0785.pdf HTTP/1.1" 200 156844
66.249.64.59 - - [31/Dec/2019:18:28:44 -0500] "GET /BLA/resoluciones/AUTOS%202007/0260.pdf HTTP/1.1" 200 239509
66.249.64.59 - - [31/Dec/2019:18:28:54 -0500] "GET /BLA/resoluciones/AUTOS%202008/0282.pdf HTTP/1.1" 200 226364
66.249.64.59 - - [31/Dec/2019:18:29:01 -0500] "GET /BLA/resoluciones/AUTOS%202014/3076.pdf HTTP/1.1" 304 -
66.249.64.59 - - [31/Dec/2019:18:29:12 -0500] "GET /BLA/resoluciones/RESOLUCIONES%202007/RES%202007%201901%20AL%202000/RESOLUCION%201906%20DE%202007.pdf HTTP/1.1" 200 94477
66.249.64.59 - - [31/Dec/2019:18:29:28 -0500] "GET /BLA/resoluciones/RESOLUCIONES%202007/RES%202007%201201%20AL%201300/RESOLUCION%201286%20DE%202007.pdf HTTP/1.1" 200 295006
66.249.64.59 - - [31/Dec/2019:18:29:38 -0500] "GET /BLA/resoluciones/AUTOS%202013/0293.pdf HTTP/1.1" 200 891023
66.249.64.59 - - [31/Dec/2019:18:29:51 -0500] "GET /BLA/resoluciones/AUTOS%202017/2408.pdf HTTP/1.1" 200 339702
66.249.88.25 - - [31/Dec/2019:18:29:54 -0500] "GET /galeria/galeria/jquery.fancybox.css?v=2.1.5 HTTP/1.1" 200 4895
66.249.88.19 - - [31/Dec/2019:18:29:54 -0500] "GET /BLA/boletinlegal/js/jquery.scrollShow.js HTTP/1.1" 200 4586
66.249.88.25 - - [31/Dec/2019:18:29:54 -0500] "GET /galeria/galeria/jquery.fancybox.js?v=2.1.5 HTTP/1.1" 200 48706
66.249.64.61 - - [31/Dec/2019:18:30:07 -0500] "GET /BLA/resoluciones/RESOLUCIONES%202008/0648.pdf HTTP/1.1" 200 52109
66.249.64.59 - - [31/Dec/2019:18:30:24 -0500] "GET /BLA/resoluciones/AUTOS%202014/7338.pdf HTTP/1.1" 304 -
66.249.64.59 - - [31/Dec/2019:18:30:34 -0500] "GET /BLA/resoluciones/AUTOS%202018/0896.pdf HTTP/1.1" 200 313560
66.249.64.59 - - [31/Dec/2019:18:30:49 -0500] "GET /BLA/resoluciones/AUTOS%202011/0485.pdf HTTP/1.1" 200 94879
66.249.64.63 - - [31/Dec/2019:18:31:04 -0500] "GET /BLA/resoluciones/RESOLUCIONES%202008/5698.pdf HTTP/1.1" 200 239049
69.162.124.232 - - [31/Dec/2019:18:31:19 -0500] "HEAD / HTTP/1.1" 200 -
181.234.199.24 - - [31/Dec/2019:18:31:29 -0500] "POST /BLA/BOLETINLEGAL/ADMIN/actos/ingresar.php HTTP/1.1" 200 6709
66.249.64.59 - - [31/Dec/2019:18:31:30 -0500] "GET /BLA/resoluciones/RESOLUCIONES%202018/1297.pdf HTTP/1.1" 200 412841
207.46.13.171 - - [31/Dec/2019:18:31:58 -0500] "GET /galeria/galeria/jquery.fancybox.js?v=2.1.5 HTTP/1.1" 200 48706
66.249.88.19 - - [31/Dec/2019:18:32:13 -0500] "GET /BLA/boletinlegal/js/jquery.scrollShow.js HTTP/1.1" 200 4586
191.95.52.226 - - [31/Dec/2019:18:32:18 -0500] "-" 408 -
181.234.199.24 - - [31/Dec/2019:18:32:53 -0500] "POST /BLA/BOLETINLEGAL/ADMIN/actos/ingresar.php HTTP/1.1" 200 6709
181.234.199.24 - - [31/Dec/2019:18:33:06 -0500] "GET /BLA/boletinlegal/admin/index.php HTTP/1.1" 200 2324
181.234.199.24 - - [31/Dec/2019:18:33:07 -0500] "GET /favicon.ico HTTP/1.1" 200 7782
181.234.199.24 - - [31/Dec/2019:18:33:12 -0500] "GET /BLA/boletinlegal/actos.php HTTP/1.1" 200 8778
181.234.199.24 - - [31/Dec/2019:18:33:18 -0500] "GET /BLA/boletinlegal/consulta_actos.php?tipo=resoluciones&no=3964&usuario=&sector=&fecha=2019&resuelve= HTTP/1.1" 200 1219
181.234.199.24 - - [31/Dec/2019:18:33:23 -0500] "GET /BLA/boletinlegal/consulta_actos.php?tipo=resoluciones&no=3965&usuario=&sector=&fecha=2019&resuelve= HTTP/1.1" 200 1143
181.234.199.24 - - [31/Dec/2019:18:33:10 -0500] "GET /BLA/boletinlegal/ HTTP/1.1" 200 16331
181.234.199.24 - - [31/Dec/2019:18:33:32 -0500] "GET /BLA/boletinlegal/consulta_actos.php?tipo=resoluciones&no=3964&usuario=&sector=&fecha=2019&resuelve= HTTP/1.1" 200 1219
66.249.88.19 - - [31/Dec/2019:18:33:36 -0500] "GET /galeria/galeria/jquery.fancybox.css?v=2.1.5 HTTP/1.1" 200 4895
66.249.88.19 - - [31/Dec/2019:18:33:36 -0500] "GET /galeria/galeria/jquery.fancybox.js?v=2.1.5 HTTP/1.1" 200 48706
181.234.199.24 - - [31/Dec/2019:18:33:37 -0500] "GET /BLA/BOLETINLEGAL/ADMIN/admin.php HTTP/1.1" 302 -
77.88.5.23 - - [31/Dec/2019:18:33:48 -0500] "GET /PruebasSTORM/StormSDA_pruebas/userFiles/user_files/formulas/3/18.xml HTTP/1.1" 200 1304
66.249.64.59 - - [31/Dec/2019:18:33:49 -0500] "GET /BLA/resoluciones/RESOLUCIONES%202010/7613.pdf HTTP/1.1" 200 340342
181.234.199.24 - - [31/Dec/2019:18:33:37 -0500] "GET /BLA/BOLETINLEGAL/ADMIN/index.php HTTP/1.1" 200 15774
181.234.199.24 - - [31/Dec/2019:18:33:54 -0500] "GET /BLA/BOLETINLEGAL/ADMIN/index_files/index_files/tback.gif HTTP/1.1" 404 1334
66.249.64.61 - - [31/Dec/2019:18:34:04 -0500] "GET /BLA/resoluciones/Notificaciones/RESOLUCIONES%202016/00623.doc HTTP/1.1" 304 -
46.229.168.131 - - [31/Dec/2019:18:34:05 -0500] "GET /robots.txt HTTP/1.1" 404 1019
46.229.168.150 - - [31/Dec/2019:18:34:06 -0500] "GET /Autoliquidacion/index.php?dir=TR%C3%83%C2%83%C3%82%C2%83%C3%83%C2%82%C3%82%C2%81MITES%2BACEITES-RESIDUOS-ESTACIONES%2FREGISTRO%2BCOMO%2BACOPIADOR%2BPRIMARIO%2F&order=desc&sort=name HTTP/1.1" 200 6871
66.249.64.61 - - [31/Dec/2019:18:34:06 -0500] "GET /BLA/resoluciones/RESOLUCIONES%202015/0446.pdf HTTP/1.1" 304 -
66.249.64.61 - - [31/Dec/2019:18:34:17 -0500] "GET /BLA/resoluciones/Notificaciones/AUTOS%202017/01465.pdf HTTP/1.1" 304 -
66.249.64.59 - - [31/Dec/2019:18:34:26 -0500] "GET /BLA/resoluciones/AUTOS%202007/0071.pdf HTTP/1.1" 200 47261
181.234.199.24 - - [31/Dec/2019:18:35:06 -0500] "GET /BLA/boletinlegal/admin/index.php HTTP/1.1" 200 2324
181.234.199.24 - - [31/Dec/2019:18:35:10 -0500] "GET /BLA/boletinlegal HTTP/1.1" 301 313
181.234.199.24 - - [31/Dec/2019:18:35:11 -0500] "GET /BLA/boletinlegal/actos.php HTTP/1.1" 200 8778
181.234.199.24 - - [31/Dec/2019:18:35:17 -0500] "GET /BLA/boletinlegal/consulta_actos.php?tipo=resoluciones&no=3965&usuario=&sector=&fecha=2019&resuelve= HTTP/1.1" 200 1143
181.234.199.24 - - [31/Dec/2019:18:35:10 -0500] "GET /BLA/boletinlegal/ HTTP/1.1" 200 16331
181.234.199.24 - - [31/Dec/2019:18:36:07 -0500] "GET /BLA/boletinlegal/consulta_actos.php?tipo=resoluciones&no=3964&usuario=&sector=&fecha=2019&resuelve= HTTP/1.1" 200 1219
69.162.124.232 - - [31/Dec/2019:18:36:19 -0500] "HEAD / HTTP/1.1" 200 -
194.180.224.249 - - [31/Dec/2019:18:36:17 -0500] "GET / HTTP/1.1\\r\\nHost: balochcampaign.us\\r\\n\\r\\n" 400 291
66.249.64.59 - - [31/Dec/2019:18:36:52 -0500] "GET /BLA/resoluciones/RESOLUCIONES%202009/2917.pdf HTTP/1.1" 200 529235
201.245.192.253 - - [31/Dec/2019:18:36:19 -0500] "POST /kwsrmcab/Wsrmcab HTTP/1.1" 200 32512
66.249.64.61 - - [31/Dec/2019:18:37:03 -0500] "GET /BLA/resoluciones/RESOLUCIONES%202016/0637.pdf HTTP/1.1" 200 527429
66.249.88.23 - - [31/Dec/2019:18:37:27 -0500] "GET /galeria/galeria/jquery.fancybox.css?v=2.1.5 HTTP/1.1" 200 4895
66.249.88.19 - - [31/Dec/2019:18:37:27 -0500] "GET /BLA/boletinlegal/js/jquery.scrollShow.js HTTP/1.1" 200 4586
66.249.88.23 - - [31/Dec/2019:18:37:27 -0500] "GET /galeria/galeria/jquery.fancybox.js?v=2.1.5 HTTP/1.1" 200 48706
66.249.64.61 - - [31/Dec/2019:18:37:30 -0500] "GET /BLA/resoluciones/AUTOS%202014/5570.pdf HTTP/1.1" 200 5119417
66.249.64.33 - - [31/Dec/2019:18:37:44 -0500] "GET /BLA/resoluciones/RESOLUCIONES%202007/RES%202007%201401%20AL%201500/RESOLUCION%201429%20DE%202007.pdf HTTP/1.1" 200 186979
66.249.64.59 - - [31/Dec/2019:18:37:59 -0500] "GET /BLA/resoluciones/AUTOS%202016/1633.pdf HTTP/1.1" 304 -
181.234.199.24 - - [31/Dec/2019:18:38:08 -0500] "GET /BLA/BOLETINLEGAL/ADMIN/usuarios/process.php HTTP/1.1" 302 -
181.234.199.24 - - [31/Dec/2019:18:38:09 -0500] "GET /BLA/BOLETINLEGAL/ADMIN/index.php HTTP/1.1" 200 2324
66.249.64.61 - - [31/Dec/2019:18:38:12 -0500] "GET /BLA/resoluciones/RESOLUCIONES%202017/2444.pdf HTTP/1.1" 200 3063729
66.249.64.61 - - [31/Dec/2019:18:38:23 -0500] "GET /BLA/resoluciones/RESOLUCIONES%202007/RES%202007%203901%20AL%204000/RESOLUCION%203957%20DE%202007.pdf HTTP/1.1" 200 522966
66.249.64.61 - - [31/Dec/2019:18:38:38 -0500] "GET /BLA/resoluciones/AUTOS%202010/1734.pdf HTTP/1.1" 200 100751
66.249.64.63 - - [31/Dec/2019:18:38:55 -0500] "GET /BLA/resoluciones/AUTOS%202014/4581.pdf HTTP/1.1" 200 532009
66.249.88.25 - - [31/Dec/2019:18:38:58 -0500] "GET /galeria/galeria/jquery.fancybox.js?v=2.1.5 HTTP/1.1" 200 48706
66.249.88.19 - - [31/Dec/2019:18:38:58 -0500] "GET /galeria/galeria/jquery.fancybox.css?v=2.1.5 HTTP/1.1" 200 4895
66.249.88.19 - - [31/Dec/2019:18:38:58 -0500] "GET /BLA/boletinlegal/js/jquery.scrollShow.js HTTP/1.1" 200 4586
66.249.64.59 - - [31/Dec/2019:18:39:02 -0500] "GET /BLA/resoluciones/AUTOS%202007/1105.pdf HTTP/1.1" 200 27794
66.249.64.61 - - [31/Dec/2019:18:39:09 -0500] "GET /BLA/resoluciones/RESOLUCIONES%202008/5556.pdf HTTP/1.1" 200 88647
13.66.139.0 - - [31/Dec/2019:18:39:20 -0500] "GET /BLA/boletinlegal/Circulares/2011/Circular%20No.%206%20del%2029%20de%20Julio%20de%202011.pdf HTTP/1.1" 200 262144
66.249.64.59 - - [31/Dec/2019:18:39:24 -0500] "GET /BLA/resoluciones/AUTOS%202007/1081.pdf HTTP/1.1" 200 29764
66.249.64.59 - - [31/Dec/2019:18:39:30 -0500] "GET /BLA/resoluciones/RESOLUCIONES%202011/0672.pdf HTTP/1.1" 200 83793
66.249.64.59 - - [31/Dec/2019:18:39:37 -0500] "GET /BLA/resoluciones/AUTOS%202011/2914.pdf HTTP/1.1" 200 466144
66.249.64.59 - - [31/Dec/2019:18:39:48 -0500] "GET /BLA/resoluciones/AUTOS%202014/1190.pdf HTTP/1.1" 200 357751
40.77.189.19 - - [31/Dec/2019:18:39:58 -0500] "GET /galeria/galeria/jquery.fancybox.css?v=2.1.5 HTTP/1.1" 200 4895
66.249.64.59 - - [31/Dec/2019:18:40:02 -0500] "GET /BLA/resoluciones/AUTOS%202013/0576.pdf HTTP/1.1" 200 209555
66.249.64.59 - - [31/Dec/2019:18:40:21 -0500] "GET /BLA/resoluciones/AUTOS%202015/2714.pdf HTTP/1.1" 200 599231
66.249.64.59 - - [31/Dec/2019:18:40:31 -0500] "GET /BLA/resoluciones/AUTOS%202015/1607.pdf HTTP/1.1" 304 -
66.249.64.59 - - [31/Dec/2019:18:40:46 -0500] "GET /BLA/resoluciones/AUTOS%202014/6431.pdf HTTP/1.1" 304 -
66.249.64.59 - - [31/Dec/2019:18:40:56 -0500] "GET /BLA/resoluciones/AUTOS%202014/0652.pdf HTTP/1.1" 200 305292
66.249.64.59 - - [31/Dec/2019:18:41:03 -0500] "GET /BLA/resoluciones/AUTOS%202018/5633.pdf HTTP/1.1" 200 290158
69.162.124.232 - - [31/Dec/2019:18:41:19 -0500] "HEAD / HTTP/1.1" 200 -
66.249.64.59 - - [31/Dec/2019:18:41:27 -0500] "GET /BLA/resoluciones/RESOLUCIONES%202010/1181.pdf HTTP/1.1" 200 101936
66.249.64.59 - - [31/Dec/2019:18:41:34 -0500] "GET /BLA/resoluciones/AUTOS%202007/2322.pdf HTTP/1.1" 200 49146
66.249.64.59 - - [31/Dec/2019:18:41:43 -0500] "GET /BLA/resoluciones/AUTOS%202015/0179.pdf HTTP/1.1" 200 161293
66.249.64.59 - - [31/Dec/2019:18:41:56 -0500] "GET /BLA/resoluciones/RESOLUCIONES%202010/5707.pdf HTTP/1.1" 200 281567
66.249.64.59 - - [31/Dec/2019:18:42:51 -0500] "GET /BLA/resoluciones/AUTOS%202009/3164.pdf HTTP/1.1" 200 135130
66.249.64.63 - - [31/Dec/2019:18:43:17 -0500] "GET /BLA/resoluciones/AUTOS%202009/1539.pdf HTTP/1.1" 200 117609
66.249.88.19 - - [31/Dec/2019:18:43:48 -0500] "GET /BLA/resoluciones/RESOLUCIONES%202017/3479.pdf HTTP/1.1" 200 354597
66.249.64.59 - - [31/Dec/2019:18:43:51 -0500] "GET /BLA/resoluciones/AUTOS%202017/0825.pdf HTTP/1.1" 304 -
66.249.64.59 - - [31/Dec/2019:18:43:54 -0500] "GET /BLA/resoluciones/AUTOS%202007/2750.pdf HTTP/1.1" 200 88006
66.249.64.59 - - [31/Dec/2019:18:44:01 -0500] "GET /BLA/resoluciones/AUTOS%202015/0597.pdf HTTP/1.1" 304 -
66.249.64.59 - - [31/Dec/2019:18:44:01 -0500] "GET /BLA/resoluciones/AUTOS%202009/2930.pdf HTTP/1.1" 200 99218
66.249.64.61 - - [31/Dec/2019:18:44:09 -0500] "GET /BLA/resoluciones/AUTOS%202018/0165.pdf HTTP/1.1" 200 303981
159.203.201.53 - - [31/Dec/2019:18:44:09 -0500] "GET /manager/html HTTP/1.1" 404 1018
181.234.199.24 - - [31/Dec/2019:18:44:23 -0500] "GET /BLA/boletinlegal/admin/index.php HTTP/1.1" 200 2324
181.234.199.24 - - [31/Dec/2019:18:44:34 -0500] "POST /BLA/boletinlegal/admin/usuarios/process.php HTTP/1.1" 302 -
66.249.64.61 - - [31/Dec/2019:18:44:34 -0500] "GET /BLA/resoluciones/AUTOS%202009/0114.pdf HTTP/1.1" 200 54973
181.234.199.24 - - [31/Dec/2019:18:44:34 -0500] "GET /BLA/boletinlegal/admin/index.php HTTP/1.1" 200 15774
181.234.199.24 - - [31/Dec/2019:18:44:51 -0500] "GET /BLA/boletinlegal/admin/index_files/index_files/tback.gif HTTP/1.1" 404 1337
181.234.199.24 - - [31/Dec/2019:18:44:54 -0500] "GET /BLA/boletinlegal/admin/actos/ingresar.php HTTP/1.1" 200 6616
66.249.64.59 - - [31/Dec/2019:18:44:54 -0500] "GET /BLA/resoluciones/RESOLUCIONES%202009/2305.pdf HTTP/1.1" 304 -
181.234.199.24 - - [31/Dec/2019:18:44:54 -0500] "GET /BLA/boletinlegal/images/favicon.ico HTTP/1.1" 404 1331
66.249.64.59 - - [31/Dec/2019:18:45:22 -0500] "GET /BLA/resoluciones/RESOLUCIONES%202010/0304.pdf HTTP/1.1" 200 531991
66.249.64.59 - - [31/Dec/2019:18:45:36 -0500] "GET /BLA/resoluciones/AUTOS%202015/4061.pdf HTTP/1.1" 200 633015
66.249.64.59 - - [31/Dec/2019:18:45:50 -0500] "GET /BLA/resoluciones/AUTOS%202010/0427.pdf HTTP/1.1" 200 301127
66.249.64.59 - - [31/Dec/2019:18:45:57 -0500] "GET /BLA/resoluciones/AUTOS%202009/3017.pdf HTTP/1.1" 200 185639
66.249.64.59 - - [31/Dec/2019:18:46:07 -0500] "GET /BLA/resoluciones/AUTOS%202014/2580.pdf HTTP/1.1" 200 525077
69.162.124.232 - - [31/Dec/2019:18:46:19 -0500] "HEAD / HTTP/1.1" 200 -
66.249.64.59 - - [31/Dec/2019:18:46:23 -0500] "GET /BLA/resoluciones/AUTOS%202013/0849.pdf HTTP/1.1" 200 3459491
66.249.64.63 - - [31/Dec/2019:18:46:34 -0500] "GET /BLA/resoluciones/AUTOS%202018/0279.pdf HTTP/1.1" 200 274593
66.249.64.59 - - [31/Dec/2019:18:46:55 -0500] "GET /BLA/resoluciones/RESOLUCIONES%202010/0949.pdf HTTP/1.1" 200 116950
