66.102.8.191 - - [31/Dec/2019:19:57:23 -0500] "GET /BLA/boletinlegal/js/jquery.scrollShow.js HTTP/1.1" 304 -
66.102.8.191 - - [31/Dec/2019:19:57:23 -0500] "GET /galeria/galeria/jquery.fancybox.js?v=2.1.5 HTTP/1.1" 304 -
190.159.133.69 - - [31/Dec/2019:19:57:23 -0500] "GET /sendero/? HTTP/1.1" 200 36439
66.102.8.191 - - [31/Dec/2019:19:57:24 -0500] "GET /sendero/? HTTP/1.1" 200 36439
66.102.8.191 - - [31/Dec/2019:19:57:24 -0500] "GET /BLA/boletinlegal/js/jquery.scrollShow.js HTTP/1.1" 304 -
66.102.8.189 - - [31/Dec/2019:19:57:24 -0500] "GET /galeria/galeria/jquery.fancybox.css?v=2.1.5 HTTP/1.1" 304 -
66.102.8.189 - - [31/Dec/2019:19:57:24 -0500] "GET /galeria/galeria/jquery.fancybox.js?v=2.1.5 HTTP/1.1" 304 -
66.102.8.189 - - [31/Dec/2019:19:57:25 -0500] "GET /BLA/boletinlegal/js/jquery.scrollShow.js HTTP/1.1" 304 -
66.102.8.187 - - [31/Dec/2019:19:57:25 -0500] "GET /galeria/galeria/jquery.fancybox.js?v=2.1.5 HTTP/1.1" 304 -
66.102.8.191 - - [31/Dec/2019:19:57:25 -0500] "GET /galeria/galeria/jquery.fancybox.css?v=2.1.5 HTTP/1.1" 304 -
66.249.64.59 - - [31/Dec/2019:19:57:26 -0500] "GET /BLA/resoluciones/AUTOS%202015/1281.pdf HTTP/1.1" 200 598727
190.159.133.69 - - [31/Dec/2019:19:57:26 -0500] "GET /sendero/? HTTP/1.1" 200 36439
66.102.8.189 - - [31/Dec/2019:19:57:27 -0500] "GET /BLA/boletinlegal/js/jquery.scrollShow.js HTTP/1.1" 304 -
66.102.8.187 - - [31/Dec/2019:19:57:27 -0500] "GET /BLA/boletinlegal/js/jquery.scrollShow.js HTTP/1.1" 304 -
66.102.8.189 - - [31/Dec/2019:19:57:27 -0500] "GET /galeria/galeria/jquery.fancybox.js?v=2.1.5 HTTP/1.1" 304 -
66.102.8.191 - - [31/Dec/2019:19:57:27 -0500] "GET /galeria/galeria/jquery.fancybox.css?v=2.1.5 HTTP/1.1" 304 -
66.102.8.191 - - [31/Dec/2019:19:57:27 -0500] "GET /galeria/galeria/jquery.fancybox.js?v=2.1.5 HTTP/1.1" 304 -
190.159.133.69 - - [31/Dec/2019:19:57:35 -0500] "GET /galeria/nivo-slider/demo/images/bannerjardines.jpg HTTP/1.1" 200 417948
190.159.133.69 - - [31/Dec/2019:19:57:36 -0500] "GET /galeria/nivo-slider/demo/images/diciembrecaminatas.png HTTP/1.1" 200 510724
66.249.64.59 - - [31/Dec/2019:19:57:56 -0500] "GET /BLA/resoluciones/RESOLUCIONES%202007/RES%202007%202801%20AL%202900/RESOLUCION%202865%20DE%202007.pdf HTTP/1.1" 200 119764
66.249.64.59 - - [31/Dec/2019:19:58:26 -0500] "GET /BLA/resoluciones/AUTOS%202018/3529.pdf HTTP/1.1" 304 -
66.249.64.59 - - [31/Dec/2019:19:58:56 -0500] "GET /BLA/resoluciones/AUTOS%202015/1354.pdf HTTP/1.1" 200 747797
186.155.122.62 - - [31/Dec/2019:19:59:20 -0500] "GET /galeria/galeria/jquery.fancybox.css?v=2.1.5 HTTP/1.1" 200 4895
186.155.122.62 - - [31/Dec/2019:19:59:20 -0500] "GET /BLA/boletinlegal/js/jquery.scrollShow.js HTTP/1.1" 200 4586
186.155.122.62 - - [31/Dec/2019:19:59:20 -0500] "GET /galeria/galeria/jquery.fancybox.js?v=2.1.5 HTTP/1.1" 200 48706
66.249.64.59 - - [31/Dec/2019:19:59:29 -0500] "GET /BLA/resoluciones/AUTOS%202015/0007.pdf HTTP/1.1" 200 628839
46.229.168.134 - - [31/Dec/2019:19:59:32 -0500] "GET /robots.txt HTTP/1.1" 404 1019
46.229.168.137 - - [31/Dec/2019:19:59:32 -0500] "GET /Autoliquidacion/index.php?dir=Solicitudes%2Brelacionadas%2Bcon%2Bocupaci%C3%83%C2%B3n%2Bde%2Bcauce%2F&order=desc&sort=size HTTP/1.1" 200 6681
66.249.64.59 - - [31/Dec/2019:19:59:57 -0500] "GET /BLA/resoluciones/AUTOS%202015/6648.pdf HTTP/1.1" 200 517578
187.94.41.111 - - [31/Dec/2019:20:00:15 -0500] "GET /BLA/resoluciones/RESOLUCIONES%202007/RES%202007%202801%20AL%202900/RESOLUCION%202843%20DE%202007.pdf HTTP/1.1" 200 661081
66.249.64.59 - - [31/Dec/2019:20:00:26 -0500] "GET /BLA/resoluciones/RESOLUCIONES%202011/0985.pdf HTTP/1.1" 200 71625
66.249.64.59 - - [31/Dec/2019:20:00:56 -0500] "GET /BLA/resoluciones/AUTOS%202016/1741.pdf HTTP/1.1" 200 300841
69.162.124.232 - - [31/Dec/2019:20:01:18 -0500] "HEAD / HTTP/1.1" 200 -
66.249.64.59 - - [31/Dec/2019:20:01:26 -0500] "GET /BLA/resoluciones/RESOLUCIONES%202011/6193.pdf HTTP/1.1" 200 1176595
66.249.64.59 - - [31/Dec/2019:20:01:56 -0500] "GET /BLA/resoluciones/AUTOS%202014/1678.pdf HTTP/1.1" 200 1110321
104.152.52.39 - - [31/Dec/2019:20:02:02 -0500] "GET / HTTP/1.0" 200 9990
66.249.64.59 - - [31/Dec/2019:20:02:26 -0500] "GET /BLA/resoluciones/AUTOS%202009/0220.pdf HTTP/1.1" 200 75197
66.249.64.59 - - [31/Dec/2019:20:02:56 -0500] "GET /BLA/resoluciones/RESOLUCIONES%202008/3105.pdf HTTP/1.1" 200 400584
186.155.122.62 - - [31/Dec/2019:20:03:25 -0500] "GET /galeria/galeria/jquery.fancybox.js?v=2.1.5 HTTP/1.1" 200 48706
186.155.122.62 - - [31/Dec/2019:20:03:25 -0500] "GET /BLA/boletinlegal/js/jquery.scrollShow.js HTTP/1.1" 200 4586
186.155.122.62 - - [31/Dec/2019:20:03:25 -0500] "GET /galeria/galeria/jquery.fancybox.css?v=2.1.5 HTTP/1.1" 200 4895
66.249.64.59 - - [31/Dec/2019:20:03:26 -0500] "GET /BLA/resoluciones/RESOLUCIONES%202018/4349.pdf HTTP/1.1" 200 243983
66.249.64.59 - - [31/Dec/2019:20:03:56 -0500] "GET /BLA/resoluciones/AUTOS%202015/7179.pdf HTTP/1.1" 200 576214
66.249.64.63 - - [31/Dec/2019:20:04:06 -0500] "GET /BLA/resoluciones/AUTOS%202009/3579.pdf HTTP/1.1" 200 207135
66.249.64.61 - - [31/Dec/2019:20:04:26 -0500] "GET /BLA/resoluciones/RESOLUCIONES%202016/0213.pdf HTTP/1.1" 200 581814
66.249.64.59 - - [31/Dec/2019:20:04:56 -0500] "GET /BLA/resoluciones/AUTOS%202014/6370.pdf HTTP/1.1" 200 583655
46.229.168.142 - - [31/Dec/2019:20:05:34 -0500] "GET /Autoliquidacion/index.php?dir=TR%C3%83%C2%83%C3%82%C2%83%C3%83%C2%82%C3%82%C2%83%C3%83%C2%83%C3%82%C2%82%C3%83%C2%82%C3%82%C2%81MITES%2BAGUAS%2BSUPERFICIALES%2F&order=desc&sort=name HTTP/1.1" 200 6708
54.36.150.158 - - [31/Dec/2019:20:05:39 -0500] "GET /BLA/resoluciones/RESOLUCIONES%202003/RES%202003%201151-1200/1182.tif HTTP/1.1" 200 195024
66.249.64.59 - - [31/Dec/2019:20:05:56 -0500] "GET /BLA/resoluciones/RESOLUCIONES%202007/RES%202007%202201%20AL%202300/RESOLUCION%202281%20DE%202007.pdf HTTP/1.1" 200 640008
69.162.124.232 - - [31/Dec/2019:20:06:18 -0500] "HEAD / HTTP/1.1" 200 -
66.249.64.28 - - [31/Dec/2019:20:06:27 -0500] "GET /POT-2013/Cartografia/09 HTTP/1.1" 404 1019
66.249.64.59 - - [31/Dec/2019:20:06:30 -0500] "GET /BLA/resoluciones/AUTOS%202014/3721.pdf HTTP/1.1" 200 240277
66.249.64.59 - - [31/Dec/2019:20:06:56 -0500] "GET /BLA/resoluciones/AUTOS%202014/5794.pdf HTTP/1.1" 200 523942
66.249.64.59 - - [31/Dec/2019:20:07:26 -0500] "GET /BLA/resoluciones/AUTOS%202014/4466.pdf HTTP/1.1" 200 525846
181.57.106.175 - - [31/Dec/2019:20:07:53 -0500] "GET /galeria/nivo-slider/demo/inicio.html HTTP/1.1" 304 -
181.57.106.175 - - [31/Dec/2019:20:07:53 -0500] "GET /galeria/nivo-slider/demo/images/bannerwebmusgo.jpg HTTP/1.1" 304 -
181.57.106.175 - - [31/Dec/2019:20:07:53 -0500] "GET /galeria/nivo-slider/demo/images/Banner%20tinguas.jpg HTTP/1.1" 304 -
181.57.106.175 - - [31/Dec/2019:20:07:53 -0500] "GET /galeria/nivo-slider/demo/images/Bannerserpiente2019.jpg HTTP/1.1" 304 -
66.249.64.59 - - [31/Dec/2019:20:07:56 -0500] "GET /BLA/resoluciones/AUTOS%202018/1020.pdf HTTP/1.1" 200 304972
216.244.66.195 - - [31/Dec/2019:20:08:17 -0500] "GET /BLA/resoluciones/RESOLUCIONES%202011/3752.pdf HTTP/1.1" 200 876344
66.249.64.59 - - [31/Dec/2019:20:08:26 -0500] "GET /BLA/resoluciones/RESOLUCIONES%202018/1946.pdf HTTP/1.1" 200 400031
66.249.64.59 - - [31/Dec/2019:20:08:56 -0500] "GET /BLA/resoluciones/RESOLUCIONES%202008/2088.pdf HTTP/1.1" 200 47970
216.244.66.195 - - [31/Dec/2019:20:09:24 -0500] "GET /BLA/resoluciones/RESOLUCIONES%202010/1812.pdf HTTP/1.1" 200 489195
66.249.64.59 - - [31/Dec/2019:20:09:26 -0500] "GET /BLA/resoluciones/AUTOS%202008/0294.pdf HTTP/1.1" 200 95318
181.54.218.186 - - [31/Dec/2019:20:09:47 -0500] "GET /BLA/boletinlegal/js/jquery.scrollShow.js HTTP/1.1" 200 4586
181.54.218.186 - - [31/Dec/2019:20:09:47 -0500] "GET /galeria/galeria/jquery.fancybox.js?v=2.1.5 HTTP/1.1" 200 48706
181.54.218.186 - - [31/Dec/2019:20:09:47 -0500] "GET /galeria/galeria/jquery.fancybox.css?v=2.1.5 HTTP/1.1" 200 4895
66.249.64.59 - - [31/Dec/2019:20:09:56 -0500] "GET /BLA/resoluciones/RESOLUCIONES%202009/5547.pdf HTTP/1.1" 200 500103
54.36.150.102 - - [31/Dec/2019:20:10:01 -0500] "GET /BLA/resoluciones/RESOLUCIONES%202005/RES%202005%202901-2950/00002901.tif HTTP/1.1" 200 903056
66.249.64.59 - - [31/Dec/2019:20:10:26 -0500] "GET /BLA/resoluciones/RESOLUCIONES%202010/7864.pdf HTTP/1.1" 200 38243
66.249.64.59 - - [31/Dec/2019:20:10:56 -0500] "GET /BLA/resoluciones/AUTOS%202017/4628.pdf HTTP/1.1" 200 1114677
40.77.189.188 - - [31/Dec/2019:20:10:57 -0500] "GET /galeria/galeria/jquery.fancybox.js?v=2.1.5 HTTP/1.1" 200 48706
190.130.66.115 - - [31/Dec/2019:20:11:03 -0500] "GET /BLA/boletinlegal/js/jquery.scrollShow.js HTTP/1.1" 200 4586
190.130.66.115 - - [31/Dec/2019:20:11:03 -0500] "GET /galeria/galeria/jquery.fancybox.js?v=2.1.5 HTTP/1.1" 200 48706
190.130.66.115 - - [31/Dec/2019:20:11:03 -0500] "GET /galeria/galeria/jquery.fancybox.css?v=2.1.5 HTTP/1.1" 200 4895
185.209.20.147 - - [31/Dec/2019:20:11:10 -0500] "HEAD / HTTP/1.1" 200 -
212.86.109.31 - - [31/Dec/2019:20:11:11 -0500] "HEAD / HTTP/1.1" 200 -
69.162.124.232 - - [31/Dec/2019:20:11:18 -0500] "HEAD / HTTP/1.1" 200 -
190.130.66.115 - - [31/Dec/2019:20:11:23 -0500] "GET /BLA/boletinlegal/js/jquery.scrollShow.js HTTP/1.1" 200 4586
190.130.66.115 - - [31/Dec/2019:20:11:23 -0500] "GET /galeria/galeria/jquery.fancybox.css?v=2.1.5 HTTP/1.1" 200 4895
190.130.66.115 - - [31/Dec/2019:20:11:23 -0500] "GET /galeria/galeria/jquery.fancybox.js?v=2.1.5 HTTP/1.1" 200 48706
66.249.64.59 - - [31/Dec/2019:20:11:26 -0500] "GET /BLA/resoluciones/Notificaciones/AUTOS%202015/1544.doc HTTP/1.1" 200 171520
216.244.66.195 - - [31/Dec/2019:20:11:44 -0500] "GET /BLA/resoluciones/RESOLUCIONES%202010/1841.pdf HTTP/1.1" 200 500471
66.249.64.59 - - [31/Dec/2019:20:11:56 -0500] "GET /BLA/resoluciones/AUTOS%202017/2269.pdf HTTP/1.1" 200 349896
66.249.64.59 - - [31/Dec/2019:20:12:29 -0500] "GET /BLA/resoluciones/RESOLUCIONES%202019/0746.pdf HTTP/1.1" 200 369899
66.249.64.59 - - [31/Dec/2019:20:12:57 -0500] "GET /BLA/resoluciones/AUTOS%202007/3436.pdf HTTP/1.1" 200 158204
66.249.64.59 - - [31/Dec/2019:20:13:59 -0500] "GET /BLA/resoluciones/RESOLUCIONES%202013/1454.pdf HTTP/1.1" 200 4301500
216.244.66.195 - - [31/Dec/2019:20:14:04 -0500] "GET /BLA/resoluciones/RESOLUCIONES%202010/1893.pdf HTTP/1.1" 200 641422
66.249.64.63 - - [31/Dec/2019:20:14:06 -0500] "GET /BLA/resoluciones/AUTOS%202007/1704.pdf HTTP/1.1" 200 36375
66.249.64.33 - - [31/Dec/2019:20:14:26 -0500] "GET /BLA/resoluciones/AUTOS%202011/6088.pdf HTTP/1.1" 200 292160
66.102.8.189 - - [31/Dec/2019:20:15:15 -0500] "GET /galeria/carrusel/Carrusel/jquery.thumbnailScroller.css HTTP/1.1" 200 2066
66.102.8.187 - - [31/Dec/2019:20:15:15 -0500] "GET /galeria/carrusel/Carrusel/jquery.thumbnailScroller.js HTTP/1.1" 200 8157
66.102.8.187 - - [31/Dec/2019:20:15:15 -0500] "GET /galeria/carrusel/Carrusel/jquery-ui-1.8.13.custom.min.js HTTP/1.1" 200 10800
66.102.8.191 - - [31/Dec/2019:20:15:15 -0500] "GET /galeria/nivo-slider/demo/inicio.html HTTP/1.1" 200 4435
66.102.8.189 - - [31/Dec/2019:20:15:15 -0500] "GET /galeria/nivo-slider/themes/default/default.css HTTP/1.1" 200 1569
66.102.8.191 - - [31/Dec/2019:20:15:15 -0500] "GET /galeria/nivo-slider/demo/style.css HTTP/1.1" 200 2222
66.102.8.187 - - [31/Dec/2019:20:15:15 -0500] "GET /galeria/nivo-slider/demo/scripts/jquery-1.7.1.min.js HTTP/1.1" 200 93868
66.102.8.187 - - [31/Dec/2019:20:15:15 -0500] "GET /galeria/nivo-slider/demo/images/Banneranonimos.png HTTP/1.1" 200 109388
66.102.8.189 - - [31/Dec/2019:20:15:15 -0500] "GET /galeria/nivo-slider/themes/orman/orman.css HTTP/1.1" 200 2152
66.102.8.189 - - [31/Dec/2019:20:15:15 -0500] "GET /galeria/nivo-slider/themes/pascal/pascal.css HTTP/1.1" 200 2258
66.102.8.191 - - [31/Dec/2019:20:15:15 -0500] "GET /galeria/nivo-slider/nivo-slider.css HTTP/1.1" 200 1507
66.102.8.189 - - [31/Dec/2019:20:15:15 -0500] "GET /galeria/nivo-slider/demo/images/Banner%20RCD.jpg HTTP/1.1" 200 92197
66.102.8.191 - - [31/Dec/2019:20:15:15 -0500] "GET /galeria/nivo-slider/demo/images/Bannercalculadora.jpg HTTP/1.1" 200 313099
66.102.8.191 - - [31/Dec/2019:20:15:15 -0500] "GET /galeria/nivo-slider/demo/images/banneriniciativa.jpg HTTP/1.1" 200 200385
66.102.8.187 - - [31/Dec/2019:20:15:15 -0500] "GET /galeria/nivo-slider/demo/images/Bannerserpiente2019.jpg HTTP/1.1" 200 270374
66.102.8.189 - - [31/Dec/2019:20:15:15 -0500] "GET /galeria/nivo-slider/demo/images/banneragendamiento.jpg HTTP/1.1" 200 116897
66.102.8.191 - - [31/Dec/2019:20:15:15 -0500] "GET /galeria/nivo-slider/demo/images/Banner%20POT.png HTTP/1.1" 200 418238
66.102.8.191 - - [31/Dec/2019:20:15:15 -0500] "GET /galeria/nivo-slider/demo/images/bannerwebmusgo.jpg HTTP/1.1" 200 367364
66.102.8.189 - - [31/Dec/2019:20:15:15 -0500] "GET /galeria/nivo-slider/demo/images/puntos%20atencion%20BANNER.jpg HTTP/1.1" 200 244208
66.102.8.191 - - [31/Dec/2019:20:15:15 -0500] "GET /galeria/nivo-slider/demo/images/Banner%20practicas%20sostenibles.jpg HTTP/1.1" 200 142958
66.102.8.187 - - [31/Dec/2019:20:15:15 -0500] "GET /galeria/nivo-slider/demo/images/Banner%20consumo%20sostenible%20final.jpg HTTP/1.1" 200 364746
66.102.8.189 - - [31/Dec/2019:20:15:15 -0500] "GET /galeria/nivo-slider/demo/images/Banner%20tinguas.jpg HTTP/1.1" 200 214878
66.102.8.191 - - [31/Dec/2019:20:15:15 -0500] "GET /galeria/nivo-slider/jquery.nivo.slider.pack.js HTTP/1.1" 200 11561
66.102.8.191 - - [31/Dec/2019:20:15:15 -0500] "GET /galeria/nivo-slider/demo/images/Banner%20Visor%20Geografico%20Ambiental.jpg HTTP/1.1" 200 204673
66.102.8.191 - - [31/Dec/2019:20:15:15 -0500] "GET /galeria/nivo-slider/demo/images/Banner%20Conpes.jpg HTTP/1.1" 200 55220
66.102.8.189 - - [31/Dec/2019:20:15:15 -0500] "GET /galeria/nivo-slider/demo/images/diciembrecaminatas.png HTTP/1.1" 200 510724
66.102.8.187 - - [31/Dec/2019:20:15:15 -0500] "GET /galeria/nivo-slider/demo/images/bannerjardines.jpg HTTP/1.1" 200 417948
66.102.8.191 - - [31/Dec/2019:20:15:16 -0500] "GET /galeria/nivo-slider/themes/default/loading.gif HTTP/1.1" 200 1737
66.102.8.191 - - [31/Dec/2019:20:15:16 -0500] "GET /galeria/nivo-slider/demo/images/4Simple_Slider.png HTTP/1.1" 200 11722
66.102.8.187 - - [31/Dec/2019:20:15:16 -0500] "GET /galeria/nivo-slider/themes/default/bullets.png HTTP/1.1" 200 1281
66.102.8.187 - - [31/Dec/2019:20:15:16 -0500] "GET /galeria/nivo-slider/themes/default/arrows.png HTTP/1.1" 200 824
66.249.64.61 - - [31/Dec/2019:20:15:26 -0500] "GET /BLA/resoluciones/AUTOS%202014/3956.pdf HTTP/1.1" 304 -
186.84.21.186 - - [31/Dec/2019:20:15:47 -0500] "GET /galeria/galeria/jquery.fancybox.css?v=2.1.5 HTTP/1.1" 200 4895
186.84.21.186 - - [31/Dec/2019:20:15:47 -0500] "GET /BLA/boletinlegal/js/jquery.scrollShow.js HTTP/1.1" 200 4586
186.84.21.186 - - [31/Dec/2019:20:15:47 -0500] "GET /galeria/galeria/jquery.fancybox.js?v=2.1.5 HTTP/1.1" 200 48706
66.249.64.61 - - [31/Dec/2019:20:15:56 -0500] "GET /BLA/resoluciones/AUTOS%202014/7034.pdf HTTP/1.1" 304 -
186.84.21.186 - - [31/Dec/2019:20:16:00 -0500] "GET /BLA/boletinlegal/js/jquery.scrollShow.js HTTP/1.1" 304 -
186.84.21.186 - - [31/Dec/2019:20:16:00 -0500] "GET /galeria/galeria/jquery.fancybox.js?v=2.1.5 HTTP/1.1" 304 -
186.84.21.186 - - [31/Dec/2019:20:16:00 -0500] "GET /galeria/galeria/jquery.fancybox.css?v=2.1.5 HTTP/1.1" 304 -
69.162.124.232 - - [31/Dec/2019:20:16:18 -0500] "HEAD / HTTP/1.1" 200 -
216.244.66.195 - - [31/Dec/2019:20:16:24 -0500] "GET /BLA/resoluciones/RESOLUCIONES%202010/1994.pdf HTTP/1.1" 200 337800
66.249.64.59 - - [31/Dec/2019:20:16:26 -0500] "GET /BLA/resoluciones/AUTOS%202014/1429.pdf HTTP/1.1" 304 -
66.249.64.59 - - [31/Dec/2019:20:16:56 -0500] "GET /BLA/resoluciones/RESOLUCIONES%202017/0140.pdf HTTP/1.1" 304 -
201.245.192.253 - - [31/Dec/2019:20:16:18 -0500] "POST /kwsrmcab/Wsrmcab HTTP/1.1" 200 32312
201.245.192.253 - - [31/Dec/2019:20:16:18 -0500] "POST /kwsrmcab/Wsrmcab HTTP/1.1" 200 32479
66.249.64.59 - - [31/Dec/2019:20:17:26 -0500] "GET /BLA/resoluciones/Notificaciones/AUTOS%202015/0329.doc HTTP/1.1" 304 -
201.245.192.253 - - [31/Dec/2019:20:17:04 -0500] "POST /kwsrmcab/Wsrmcab HTTP/1.1" 200 32312
66.249.64.63 - - [31/Dec/2019:20:18:26 -0500] "GET /BLA/resoluciones/AUTOS%202011/2177.pdf HTTP/1.1" 304 -
216.244.66.195 - - [31/Dec/2019:20:18:44 -0500] "GET /BLA/resoluciones/RESOLUCIONES%202011/1088.pdf HTTP/1.1" 200 768345
186.154.26.11 - - [31/Dec/2019:20:19:12 -0500] "GET /BLA/boletinlegal/js/jquery.scrollShow.js HTTP/1.1" 200 4586
186.154.26.11 - - [31/Dec/2019:20:19:12 -0500] "GET /galeria/galeria/jquery.fancybox.js?v=2.1.5 HTTP/1.1" 200 48706
186.154.26.11 - - [31/Dec/2019:20:19:12 -0500] "GET /galeria/galeria/jquery.fancybox.css?v=2.1.5 HTTP/1.1" 200 4895
186.154.26.11 - - [31/Dec/2019:20:19:16 -0500] "GET /BLA/boletinlegal/js/jquery.scrollShow.js HTTP/1.1" 200 4586
186.154.26.11 - - [31/Dec/2019:20:19:16 -0500] "GET /galeria/galeria/jquery.fancybox.js?v=2.1.5 HTTP/1.1" 200 48706
186.154.26.11 - - [31/Dec/2019:20:19:16 -0500] "GET /galeria/galeria/jquery.fancybox.css?v=2.1.5 HTTP/1.1" 200 4895
66.249.64.61 - - [31/Dec/2019:20:19:26 -0500] "GET /BLA/resoluciones/AUTOS%202015/0281.pdf HTTP/1.1" 304 -
216.244.66.195 - - [31/Dec/2019:20:19:37 -0500] "GET /BLA/resoluciones/RESOLUCIONES%202011/1438.pdf HTTP/1.1" 200 512091
186.154.26.11 - - [31/Dec/2019:20:19:48 -0500] "GET /galeria/carrusel/Carrusel/jquery.thumbnailScroller.css HTTP/1.1" 200 2066
186.154.26.11 - - [31/Dec/2019:20:19:48 -0500] "GET /galeria/carrusel/Carrusel/jquery-ui-1.8.13.custom.min.js HTTP/1.1" 200 10800
186.154.26.11 - - [31/Dec/2019:20:19:48 -0500] "GET /galeria/carrusel/Carrusel/jquery.thumbnailScroller.js HTTP/1.1" 200 8157
186.154.26.11 - - [31/Dec/2019:20:19:48 -0500] "GET /galeria/nivo-slider/demo/inicio.html HTTP/1.1" 200 4435
186.154.26.11 - - [31/Dec/2019:20:19:48 -0500] "GET /galeria/nivo-slider/themes/default/default.css HTTP/1.1" 200 1569
186.154.26.11 - - [31/Dec/2019:20:19:48 -0500] "GET /galeria/nivo-slider/themes/pascal/pascal.css HTTP/1.1" 200 2258
186.154.26.11 - - [31/Dec/2019:20:19:48 -0500] "GET /galeria/nivo-slider/nivo-slider.css HTTP/1.1" 200 1507
186.154.26.11 - - [31/Dec/2019:20:19:48 -0500] "GET /galeria/nivo-slider/themes/orman/orman.css HTTP/1.1" 200 2152
186.154.26.11 - - [31/Dec/2019:20:19:48 -0500] "GET /galeria/nivo-slider/demo/images/bannerwebmusgo.jpg HTTP/1.1" 200 367364
186.154.26.11 - - [31/Dec/2019:20:19:48 -0500] "GET /galeria/nivo-slider/demo/images/banneragendamiento.jpg HTTP/1.1" 200 116897
186.154.26.11 - - [31/Dec/2019:20:19:48 -0500] "GET /galeria/nivo-slider/demo/style.css HTTP/1.1" 200 2222
186.154.26.11 - - [31/Dec/2019:20:19:48 -0500] "GET /galeria/nivo-slider/demo/images/Bannercalculadora.jpg HTTP/1.1" 200 313099
186.154.26.11 - - [31/Dec/2019:20:19:49 -0500] "GET /galeria/nivo-slider/jquery.nivo.slider.pack.js HTTP/1.1" 200 11561
186.154.26.11 - - [31/Dec/2019:20:19:49 -0500] "GET /galeria/nivo-slider/demo/scripts/jquery-1.7.1.min.js HTTP/1.1" 200 93868
186.154.26.11 - - [31/Dec/2019:20:19:49 -0500] "GET /galeria/nivo-slider/demo/images/bannerjardines.jpg HTTP/1.1" 200 417948
186.154.26.11 - - [31/Dec/2019:20:19:49 -0500] "GET /galeria/nivo-slider/demo/images/banneriniciativa.jpg HTTP/1.1" 200 200385
186.154.26.11 - - [31/Dec/2019:20:19:49 -0500] "GET /galeria/nivo-slider/demo/images/4Simple_Slider.png HTTP/1.1" 200 11722
186.154.26.11 - - [31/Dec/2019:20:19:49 -0500] "GET /galeria/nivo-slider/themes/default/loading.gif HTTP/1.1" 200 1737
186.154.26.11 - - [31/Dec/2019:20:19:49 -0500] "GET /galeria/nivo-slider/demo/images/diciembrecaminatas.png HTTP/1.1" 200 510724
186.154.26.11 - - [31/Dec/2019:20:19:49 -0500] "GET /galeria/nivo-slider/demo/images/Banner%20tinguas.jpg HTTP/1.1" 200 214878
186.154.26.11 - - [31/Dec/2019:20:19:50 -0500] "GET /galeria/nivo-slider/demo/images/Bannerserpiente2019.jpg HTTP/1.1" 200 270374
186.154.26.11 - - [31/Dec/2019:20:19:50 -0500] "GET /galeria/nivo-slider/demo/images/Banner%20Visor%20Geografico%20Ambiental.jpg HTTP/1.1" 200 204673
186.154.26.11 - - [31/Dec/2019:20:19:50 -0500] "GET /galeria/nivo-slider/demo/images/puntos%20atencion%20BANNER.jpg HTTP/1.1" 200 244208
186.154.26.11 - - [31/Dec/2019:20:19:50 -0500] "GET /galeria/nivo-slider/demo/images/Banner%20consumo%20sostenible%20final.jpg HTTP/1.1" 200 364746
186.154.26.11 - - [31/Dec/2019:20:19:50 -0500] "GET /galeria/nivo-slider/demo/images/Banner%20Conpes.jpg HTTP/1.1" 200 55220
186.154.26.11 - - [31/Dec/2019:20:19:50 -0500] "GET /galeria/nivo-slider/demo/images/Banner%20RCD.jpg HTTP/1.1" 200 92197
186.154.26.11 - - [31/Dec/2019:20:19:50 -0500] "GET /galeria/nivo-slider/demo/images/Banner%20practicas%20sostenibles.jpg HTTP/1.1" 200 142958
186.154.26.11 - - [31/Dec/2019:20:19:51 -0500] "GET /galeria/nivo-slider/demo/images/Banner%20POT.png HTTP/1.1" 200 418238
186.154.26.11 - - [31/Dec/2019:20:19:51 -0500] "GET /galeria/nivo-slider/demo/images/Banneranonimos.png HTTP/1.1" 200 109388
190.24.59.236 - - [31/Dec/2019:20:19:53 -0500] "GET /galeria/galeria/jquery.fancybox.css?v=2.1.5 HTTP/1.1" 200 4895
190.24.59.236 - - [31/Dec/2019:20:19:53 -0500] "GET /galeria/galeria/jquery.fancybox.js?v=2.1.5 HTTP/1.1" 200 48706
190.24.59.236 - - [31/Dec/2019:20:19:53 -0500] "GET /BLA/boletinlegal/js/jquery.scrollShow.js HTTP/1.1" 200 4586
186.154.26.11 - - [31/Dec/2019:20:19:54 -0500] "GET /galeria/nivo-slider/themes/default/bullets.png HTTP/1.1" 200 1281
191.156.31.86 - - [31/Dec/2019:20:20:23 -0500] "GET /galeria/galeria/jquery.fancybox.css?v=2.1.5 HTTP/1.1" 200 4895
191.156.31.86 - - [31/Dec/2019:20:20:23 -0500] "GET /BLA/boletinlegal/js/jquery.scrollShow.js HTTP/1.1" 200 4586
191.156.31.86 - - [31/Dec/2019:20:20:23 -0500] "GET /galeria/galeria/jquery.fancybox.js?v=2.1.5 HTTP/1.1" 200 48706
69.162.124.232 - - [31/Dec/2019:20:21:18 -0500] "HEAD / HTTP/1.1" 200 -
190.15.0.65 - - [31/Dec/2019:20:21:22 -0500] "GET /galeria/nivo-slider/demo/images/Bannerserpiente2019.jpg HTTP/1.1" 304 -
66.249.64.59 - - [31/Dec/2019:20:21:44 -0500] "GET /BLA/resoluciones/RESOLUCIONES%202009/4052.pdf HTTP/1.1" 200 327027
216.244.66.195 - - [31/Dec/2019:20:21:57 -0500] "GET /BLA/resoluciones/RESOLUCIONES%202012/0432.pdf HTTP/1.1" 200 419882
179.15.108.148 - - [31/Dec/2019:20:22:16 -0500] "GET /BLA/resoluciones/RESOLUCIONES%202007/RES%202007%201401%20AL%201500/RESOLUCION%201409%20DE%202007.pdf HTTP/1.1" 200 276957
179.15.108.148 - - [31/Dec/2019:20:22:16 -0500] "GET /favicon.ico HTTP/1.1" 200 7782
66.249.64.59 - - [31/Dec/2019:20:22:26 -0500] "GET /BLA/resoluciones/AUTOS%202015/1951.pdf HTTP/1.1" 200 654940
181.54.153.78 - - [31/Dec/2019:20:22:26 -0500] "GET /BLA/boletinlegal/js/jquery.scrollShow.js HTTP/1.1" 200 4586
181.54.153.78 - - [31/Dec/2019:20:22:26 -0500] "GET /galeria/galeria/jquery.fancybox.js?v=2.1.5 HTTP/1.1" 200 48706
181.54.153.78 - - [31/Dec/2019:20:22:26 -0500] "GET /galeria/galeria/jquery.fancybox.css?v=2.1.5 HTTP/1.1" 200 4895
181.54.153.78 - - [31/Dec/2019:20:22:26 -0500] "GET /galeria/carrusel/Carrusel/jquery.thumbnailScroller.css HTTP/1.1" 200 2066
181.54.153.78 - - [31/Dec/2019:20:22:26 -0500] "GET /galeria/carrusel/Carrusel/jquery-ui-1.8.13.custom.min.js HTTP/1.1" 200 10800
181.54.153.78 - - [31/Dec/2019:20:22:26 -0500] "GET /galeria/carrusel/Carrusel/jquery.thumbnailScroller.js HTTP/1.1" 200 8157
181.54.153.78 - - [31/Dec/2019:20:22:28 -0500] "GET /galeria/nivo-slider/demo/inicio.html HTTP/1.1" 200 4435
181.54.153.78 - - [31/Dec/2019:20:22:28 -0500] "GET /galeria/nivo-slider/themes/pascal/pascal.css HTTP/1.1" 200 2258
181.54.153.78 - - [31/Dec/2019:20:22:28 -0500] "GET /galeria/nivo-slider/themes/default/default.css HTTP/1.1" 200 1569
181.54.153.78 - - [31/Dec/2019:20:22:28 -0500] "GET /galeria/nivo-slider/themes/orman/orman.css HTTP/1.1" 200 2152
181.54.153.78 - - [31/Dec/2019:20:22:28 -0500] "GET /galeria/nivo-slider/nivo-slider.css HTTP/1.1" 200 1507
181.54.153.78 - - [31/Dec/2019:20:22:28 -0500] "GET /galeria/nivo-slider/demo/style.css HTTP/1.1" 200 2222
181.54.153.78 - - [31/Dec/2019:20:22:28 -0500] "GET /galeria/nivo-slider/demo/scripts/jquery-1.7.1.min.js HTTP/1.1" 200 93868
181.54.153.78 - - [31/Dec/2019:20:22:29 -0500] "GET /galeria/nivo-slider/demo/images/Bannercalculadora.jpg HTTP/1.1" 200 313099
181.54.153.78 - - [31/Dec/2019:20:22:29 -0500] "GET /galeria/nivo-slider/jquery.nivo.slider.pack.js HTTP/1.1" 200 11561
181.54.153.78 - - [31/Dec/2019:20:22:29 -0500] "GET /galeria/nivo-slider/demo/images/bannerwebmusgo.jpg HTTP/1.1" 200 367364
181.54.153.78 - - [31/Dec/2019:20:22:29 -0500] "GET /galeria/nivo-slider/demo/images/banneragendamiento.jpg HTTP/1.1" 200 116897
181.54.153.78 - - [31/Dec/2019:20:22:29 -0500] "GET /galeria/nivo-slider/demo/images/bannerjardines.jpg HTTP/1.1" 200 417948
181.54.153.78 - - [31/Dec/2019:20:22:29 -0500] "GET /galeria/nivo-slider/demo/images/4Simple_Slider.png HTTP/1.1" 200 11722
181.54.153.78 - - [31/Dec/2019:20:22:29 -0500] "GET /galeria/nivo-slider/themes/default/loading.gif HTTP/1.1" 200 1737
181.54.153.78 - - [31/Dec/2019:20:22:29 -0500] "GET /galeria/nivo-slider/demo/images/banneriniciativa.jpg HTTP/1.1" 200 200385
181.54.153.78 - - [31/Dec/2019:20:22:29 -0500] "GET /galeria/nivo-slider/demo/images/diciembrecaminatas.png HTTP/1.1" 200 510724
181.54.153.78 - - [31/Dec/2019:20:22:29 -0500] "GET /galeria/nivo-slider/demo/images/Banner%20tinguas.jpg HTTP/1.1" 200 214878
181.54.153.78 - - [31/Dec/2019:20:22:29 -0500] "GET /galeria/nivo-slider/demo/images/Bannerserpiente2019.jpg HTTP/1.1" 200 270374
181.54.153.78 - - [31/Dec/2019:20:22:30 -0500] "GET /galeria/nivo-slider/demo/images/puntos%20atencion%20BANNER.jpg HTTP/1.1" 200 244208
181.54.153.78 - - [31/Dec/2019:20:22:30 -0500] "GET /galeria/nivo-slider/demo/images/Banner%20Visor%20Geografico%20Ambiental.jpg HTTP/1.1" 200 204673
181.54.153.78 - - [31/Dec/2019:20:22:30 -0500] "GET /galeria/nivo-slider/demo/images/Banner%20consumo%20sostenible%20final.jpg HTTP/1.1" 200 364746
181.54.153.78 - - [31/Dec/2019:20:22:30 -0500] "GET /galeria/nivo-slider/demo/images/Banner%20RCD.jpg HTTP/1.1" 200 92197
181.54.153.78 - - [31/Dec/2019:20:22:30 -0500] "GET /galeria/nivo-slider/demo/images/Banner%20Conpes.jpg HTTP/1.1" 200 55220
181.54.153.78 - - [31/Dec/2019:20:22:30 -0500] "GET /galeria/nivo-slider/demo/images/Banner%20practicas%20sostenibles.jpg HTTP/1.1" 200 142958
181.54.153.78 - - [31/Dec/2019:20:22:30 -0500] "GET /galeria/nivo-slider/demo/images/Banner%20POT.png HTTP/1.1" 200 418238
181.54.153.78 - - [31/Dec/2019:20:22:30 -0500] "GET /galeria/nivo-slider/demo/images/Banneranonimos.png HTTP/1.1" 200 109388
66.249.64.59 - - [31/Dec/2019:20:22:56 -0500] "GET /BLA/resoluciones/AUTOS%202015/6924.pdf HTTP/1.1" 200 348564
66.249.88.25 - - [31/Dec/2019:20:22:59 -0500] "GET /galeria/galeria/jquery.fancybox.css?v=2.1.5 HTTP/1.1" 200 4895
66.249.88.25 - - [31/Dec/2019:20:22:59 -0500] "GET /galeria/galeria/jquery.fancybox.js?v=2.1.5 HTTP/1.1" 200 48706
66.249.88.25 - - [31/Dec/2019:20:23:00 -0500] "GET /galeria/galeria/fotos/Soratama1P.jpg HTTP/1.1" 200 9622
66.249.88.19 - - [31/Dec/2019:20:23:00 -0500] "GET /galeria/galeria/fotos/Soratama2P.jpg HTTP/1.1" 200 10548
66.249.88.19 - - [31/Dec/2019:20:23:00 -0500] "GET /galeria/galeria/fotos/Soratama3P.jpg HTTP/1.1" 200 11298
66.249.88.19 - - [31/Dec/2019:20:23:00 -0500] "GET /galeria/galeria/fotos/Soratama4P.jpg HTTP/1.1" 200 10482
191.156.50.74 - - [31/Dec/2019:20:23:12 -0500] "-" 408 -
191.156.50.74 - - [31/Dec/2019:20:23:12 -0500] "-" 408 -
66.249.88.23 - - [31/Dec/2019:20:23:15 -0500] "GET /galeria/galeria/fotos/Soratama4G.jpg HTTP/1.1" 200 167128
66.249.88.23 - - [31/Dec/2019:20:23:15 -0500] "GET /galeria/galeria/fancybox_sprite@2x.png HTTP/1.1" 200 6553
66.249.88.25 - - [31/Dec/2019:20:23:15 -0500] "GET /galeria/galeria/fancybox_overlay.png HTTP/1.1" 200 1003
66.249.88.25 - - [31/Dec/2019:20:23:15 -0500] "GET /galeria/galeria/fancybox_loading@2x.gif HTTP/1.1" 200 13984
66.249.88.25 - - [31/Dec/2019:20:23:16 -0500] "GET /galeria/galeria/fotos/Soratama3G.jpg HTTP/1.1" 200 159434
66.249.88.23 - - [31/Dec/2019:20:23:16 -0500] "GET /galeria/galeria/fotos/Soratama1G.jpg HTTP/1.1" 200 127762
66.249.88.19 - - [31/Dec/2019:20:23:16 -0500] "GET /galeria/galeria/fotos/Soratama2G.jpg HTTP/1.1" 200 167638
66.249.88.19 - - [31/Dec/2019:20:23:17 -0500] "GET /galeria/galeria/blank.gif HTTP/1.1" 200 43
216.244.66.195 - - [31/Dec/2019:20:24:17 -0500] "GET /BLA/resoluciones/RESOLUCIONES%202012/0625.pdf HTTP/1.1" 200 652709
216.244.66.195 - - [31/Dec/2019:20:25:07 -0500] "GET /BLA/resoluciones/RESOLUCIONES%202012/0679.pdf HTTP/1.1" 200 1126906
181.54.153.78 - - [31/Dec/2019:20:25:11 -0500] "GET /galeria/nivo-slider/demo/images/Banner%20POT.png HTTP/1.1" 206 1
181.54.153.78 - - [31/Dec/2019:20:25:11 -0500] "GET /galeria/nivo-slider/demo/images/Banner%20POT.png HTTP/1.1" 206 253524
181.54.153.78 - - [31/Dec/2019:20:25:11 -0500] "GET /galeria/nivo-slider/themes/default/arrows.png HTTP/1.1" 200 824
181.54.153.78 - - [31/Dec/2019:20:25:11 -0500] "GET /galeria/nivo-slider/themes/default/bullets.png HTTP/1.1" 200 1281
69.162.124.232 - - [31/Dec/2019:20:26:18 -0500] "HEAD / HTTP/1.1" 200 -
201.245.192.253 - - [31/Dec/2019:20:26:18 -0500] "POST /kwsrmcab/Wsrmcab HTTP/1.1" 200 32479
216.244.66.195 - - [31/Dec/2019:20:27:27 -0500] "GET /BLA/resoluciones/RESOLUCIONES%202012/0804.pdf HTTP/1.1" 200 420944
66.249.64.59 - - [31/Dec/2019:20:27:56 -0500] "GET /BLA/resoluciones/AUTOS%202013/0496.pdf HTTP/1.1" 304 -
66.249.64.59 - - [31/Dec/2019:20:28:26 -0500] "GET /BLA/resoluciones/AUTOS%202014/0766.pdf HTTP/1.1" 200 1158700
66.249.64.59 - - [31/Dec/2019:20:29:25 -0500] "GET /BLA/resoluciones/RESOLUCIONES%202009/1968.pdf HTTP/1.1" 200 603812
148.251.120.201 - - [31/Dec/2019:20:29:34 -0500] "GET /robots.txt HTTP/1.1" 404 1015
66.249.64.59 - - [31/Dec/2019:20:29:36 -0500] "GET /BLA/resoluciones/RESOLUCIONES%202007/RES%202007%202401%20AL%202500/RESOLUCION%202497%20DE%202007.pdf HTTP/1.1" 304 -
66.249.64.59 - - [31/Dec/2019:20:29:38 -0500] "GET /BLA/resoluciones/AUTOS%202009/0918.pdf HTTP/1.1" 200 122011
216.244.66.195 - - [31/Dec/2019:20:29:47 -0500] "GET /BLA/resoluciones/RESOLUCIONES%202012/1079.pdf HTTP/1.1" 200 332331
148.251.120.201 - - [31/Dec/2019:20:29:54 -0500] "GET /StormSDA/?C=D;O=A/ HTTP/1.1" 200 4406
66.249.64.59 - - [31/Dec/2019:20:29:56 -0500] "GET /transparencia/financiera/Desagregado%20con%20modificaciones/Vigencia%20actual/1%20ENERO%20DE%202019%20MODIFICACIONES.xlsx HTTP/1.1" 304 -
186.145.4.227 - - [31/Dec/2019:20:29:58 -0500] "GET /BLA/boletinlegal/js/jquery.scrollShow.js HTTP/1.1" 200 4586
186.145.4.227 - - [31/Dec/2019:20:29:58 -0500] "GET /galeria/galeria/jquery.fancybox.css?v=2.1.5 HTTP/1.1" 200 4895
186.145.4.227 - - [31/Dec/2019:20:29:58 -0500] "GET /galeria/galeria/jquery.fancybox.js?v=2.1.5 HTTP/1.1" 200 48706
66.249.64.63 - - [31/Dec/2019:20:30:05 -0500] "GET /BLA/resoluciones/AUTOS%202009/3403.pdf HTTP/1.1" 200 96167
148.251.120.201 - - [31/Dec/2019:20:30:07 -0500] "GET /StormSDA/?C=M;O=A/ HTTP/1.1" 200 4406
66.249.64.61 - - [31/Dec/2019:20:30:26 -0500] "GET /BLA/resoluciones/RESOLUCIONES%202007/RES%202007%201201%20AL%201300/RESOLUCION%201297%20DE%202007.pdf HTTP/1.1" 200 947944
148.251.120.201 - - [31/Dec/2019:20:30:26 -0500] "GET /StormSDA/?C=N;O=D/ HTTP/1.1" 200 4406
148.251.120.201 - - [31/Dec/2019:20:30:41 -0500] "GET /StormSDA/?C=S;O=A/ HTTP/1.1" 200 4406
66.249.88.25 - - [31/Dec/2019:20:30:51 -0500] "GET /galeria/galeria/jquery.fancybox.js?v=2.1.5 HTTP/1.1" 200 48706
66.249.88.19 - - [31/Dec/2019:20:30:51 -0500] "GET /galeria/galeria/jquery.fancybox.css?v=2.1.5 HTTP/1.1" 200 4895
66.249.88.25 - - [31/Dec/2019:20:30:51 -0500] "GET /BLA/boletinlegal/js/jquery.scrollShow.js HTTP/1.1" 200 4586
148.251.120.201 - - [31/Dec/2019:20:30:59 -0500] "GET /StormSDA/userFiles%20-%20Copy%2019-07-2012/?C=S;O=D/ HTTP/1.1" 200 5897
148.251.120.201 - - [31/Dec/2019:20:31:11 -0500] "GET /robots.txt HTTP/1.1" 404 1015
31.192.155.84 - - [31/Dec/2019:20:31:17 -0500] "GET / HTTP/1.1" 200 9990
69.162.124.232 - - [31/Dec/2019:20:31:18 -0500] "HEAD / HTTP/1.1" 200 -
66.249.64.59 - - [31/Dec/2019:20:31:26 -0500] "GET /BLA/resoluciones/RESOLUCIONES%202007/RES%202007%201801%20AL%201900/RESOLUCION%201817%20DE%202007.pdf HTTP/1.1" 200 433926
148.251.120.201 - - [31/Dec/2019:20:31:26 -0500] "GET /StormSDA/userFiles%20-%20Copy%2019-07-2012/user_files/97/?C=M;O=D/ HTTP/1.1" 200 873
148.251.120.201 - - [31/Dec/2019:20:31:45 -0500] "GET /StormSDA/userFiles%20-%20Copy%2019-07-2012/user_files/97/?C=S;O=D/ HTTP/1.1" 200 873
66.249.64.59 - - [31/Dec/2019:20:31:56 -0500] "GET /BLA/resoluciones/AUTOS%202007/1105.pdf HTTP/1.1" 200 27794
148.251.120.201 - - [31/Dec/2019:20:32:00 -0500] "GET /StormSDA/userFiles/?C=S;O=A/ HTTP/1.1" 200 6083
216.244.66.195 - - [31/Dec/2019:20:32:03 -0500] "GET /BLA/resoluciones/RESOLUCIONES%202012/1098.pdf HTTP/1.1" 200 535475
148.251.120.201 - - [31/Dec/2019:20:32:18 -0500] "GET /StormSDA/userFiles/user_files/90/?C=M;O=A/ HTTP/1.1" 200 813
66.249.64.59 - - [31/Dec/2019:20:32:26 -0500] "GET /BLA/resoluciones/AUTOS%202009/0114.pdf HTTP/1.1" 200 54973
148.251.120.201 - - [31/Dec/2019:20:32:33 -0500] "GET /StormSDA/userFiles/user_files/90/?C=M;O=D/ HTTP/1.1" 200 813
66.249.64.59 - - [31/Dec/2019:20:32:38 -0500] "GET /BLA/resoluciones/AUTOS%202007/2157.pdf HTTP/1.1" 200 270794
190.130.121.247 - - [31/Dec/2019:20:32:43 -0500] "GET /galeria/galeria/jquery.fancybox.css?v=2.1.5 HTTP/1.1" 200 4895
190.130.121.247 - - [31/Dec/2019:20:32:43 -0500] "GET /BLA/boletinlegal/js/jquery.scrollShow.js HTTP/1.1" 200 4586
190.130.121.247 - - [31/Dec/2019:20:32:43 -0500] "GET /galeria/galeria/jquery.fancybox.js?v=2.1.5 HTTP/1.1" 200 48706
190.130.121.247 - - [31/Dec/2019:20:32:44 -0500] "GET /galeria/carrusel/Carrusel/jquery.thumbnailScroller.css HTTP/1.1" 200 2066
190.130.121.247 - - [31/Dec/2019:20:32:44 -0500] "GET /galeria/carrusel/Carrusel/jquery-ui-1.8.13.custom.min.js HTTP/1.1" 200 10800
190.130.121.247 - - [31/Dec/2019:20:32:44 -0500] "GET /galeria/carrusel/Carrusel/jquery.thumbnailScroller.js HTTP/1.1" 200 8157
190.130.121.247 - - [31/Dec/2019:20:32:44 -0500] "GET /galeria/nivo-slider/demo/inicio.html HTTP/1.1" 200 4435
190.130.121.247 - - [31/Dec/2019:20:32:46 -0500] "GET /galeria/nivo-slider/themes/default/default.css HTTP/1.1" 200 1569
190.130.121.247 - - [31/Dec/2019:20:32:46 -0500] "GET /galeria/nivo-slider/themes/pascal/pascal.css HTTP/1.1" 200 2258
190.130.121.247 - - [31/Dec/2019:20:32:46 -0500] "GET /galeria/nivo-slider/themes/orman/orman.css HTTP/1.1" 200 2152
190.130.121.247 - - [31/Dec/2019:20:32:46 -0500] "GET /galeria/nivo-slider/demo/style.css HTTP/1.1" 200 2222
190.130.121.247 - - [31/Dec/2019:20:32:46 -0500] "GET /galeria/nivo-slider/nivo-slider.css HTTP/1.1" 200 1507
190.130.121.247 - - [31/Dec/2019:20:32:46 -0500] "GET /galeria/nivo-slider/demo/scripts/jquery-1.7.1.min.js HTTP/1.1" 200 93868
190.130.121.247 - - [31/Dec/2019:20:32:46 -0500] "GET /galeria/nivo-slider/demo/images/Bannercalculadora.jpg HTTP/1.1" 200 313099
190.130.121.247 - - [31/Dec/2019:20:32:46 -0500] "GET /galeria/nivo-slider/jquery.nivo.slider.pack.js HTTP/1.1" 200 11561
190.130.121.247 - - [31/Dec/2019:20:32:46 -0500] "GET /galeria/nivo-slider/demo/images/bannerwebmusgo.jpg HTTP/1.1" 200 367364
190.130.121.247 - - [31/Dec/2019:20:32:46 -0500] "GET /galeria/nivo-slider/demo/images/banneragendamiento.jpg HTTP/1.1" 200 116897
190.130.121.247 - - [31/Dec/2019:20:32:46 -0500] "GET /galeria/nivo-slider/demo/images/bannerjardines.jpg HTTP/1.1" 200 417948
190.130.121.247 - - [31/Dec/2019:20:32:46 -0500] "GET /galeria/nivo-slider/demo/images/banneriniciativa.jpg HTTP/1.1" 200 200385
190.130.121.247 - - [31/Dec/2019:20:32:46 -0500] "GET /galeria/nivo-slider/demo/images/diciembrecaminatas.png HTTP/1.1" 200 510724
190.130.121.247 - - [31/Dec/2019:20:32:47 -0500] "GET /galeria/nivo-slider/themes/default/loading.gif HTTP/1.1" 200 1737
190.130.121.247 - - [31/Dec/2019:20:32:47 -0500] "GET /galeria/nivo-slider/demo/images/4Simple_Slider.png HTTP/1.1" 200 11722
190.130.121.247 - - [31/Dec/2019:20:32:47 -0500] "GET /galeria/nivo-slider/demo/images/Banner%20tinguas.jpg HTTP/1.1" 200 214878
190.130.121.247 - - [31/Dec/2019:20:32:47 -0500] "GET /galeria/nivo-slider/demo/images/Bannerserpiente2019.jpg HTTP/1.1" 200 270374
190.130.121.247 - - [31/Dec/2019:20:32:47 -0500] "GET /galeria/nivo-slider/demo/images/puntos%20atencion%20BANNER.jpg HTTP/1.1" 200 244208
190.130.121.247 - - [31/Dec/2019:20:32:47 -0500] "GET /galeria/nivo-slider/demo/images/Banner%20Visor%20Geografico%20Ambiental.jpg HTTP/1.1" 200 204673
148.251.120.201 - - [31/Dec/2019:20:32:47 -0500] "GET /StormSDA/userFiles/user_files/90/?C=N;O=A/ HTTP/1.1" 200 813
190.130.121.247 - - [31/Dec/2019:20:32:48 -0500] "GET /galeria/nivo-slider/demo/images/Banner%20consumo%20sostenible%20final.jpg HTTP/1.1" 200 364746
190.130.121.247 - - [31/Dec/2019:20:32:48 -0500] "GET /galeria/nivo-slider/demo/images/Banner%20RCD.jpg HTTP/1.1" 200 92197
190.130.121.247 - - [31/Dec/2019:20:32:48 -0500] "GET /galeria/nivo-slider/demo/images/Banner%20Conpes.jpg HTTP/1.1" 200 55220
190.130.121.247 - - [31/Dec/2019:20:32:48 -0500] "GET /galeria/nivo-slider/demo/images/Banner%20practicas%20sostenibles.jpg HTTP/1.1" 200 142958
190.130.121.247 - - [31/Dec/2019:20:32:49 -0500] "GET /galeria/nivo-slider/demo/images/Banner%20POT.png HTTP/1.1" 200 418238
190.130.121.247 - - [31/Dec/2019:20:32:49 -0500] "GET /galeria/nivo-slider/demo/images/Banneranonimos.png HTTP/1.1" 200 109388
190.130.121.247 - - [31/Dec/2019:20:32:53 -0500] "GET /galeria/nivo-slider/themes/default/arrows.png HTTP/1.1" 200 824
190.130.121.247 - - [31/Dec/2019:20:32:53 -0500] "GET /galeria/nivo-slider/themes/default/bullets.png HTTP/1.1" 200 1281
66.249.64.59 - - [31/Dec/2019:20:32:56 -0500] "GET /BLA/resoluciones/AUTOS%202009/2930.pdf HTTP/1.1" 200 99218
148.251.120.201 - - [31/Dec/2019:20:33:01 -0500] "GET /StormSDA/userFiles/user_files/90/?C=N;O=D/ HTTP/1.1" 200 813
148.251.120.201 - - [31/Dec/2019:20:33:16 -0500] "GET /StormSDA/userFiles/user_files/90/?C=S;O=A/ HTTP/1.1" 200 813
66.249.64.59 - - [31/Dec/2019:20:33:26 -0500] "GET /BLA/resoluciones/AUTOS%202009/3164.pdf HTTP/1.1" 200 135130
216.244.66.195 - - [31/Dec/2019:20:33:29 -0500] "GET /BLA/resoluciones/RESOLUCIONES%202012/1112.pdf HTTP/1.1" 200 220939
66.249.64.59 - - [31/Dec/2019:20:33:40 -0500] "GET /BLA/resoluciones/AUTOS%202009/2210.pdf HTTP/1.1" 200 112780
148.251.120.201 - - [31/Dec/2019:20:33:47 -0500] "GET /galeria/juegos/texturesExport/?C=D;O=A/ HTTP/1.1" 200 792
66.249.70.33 - - [31/Dec/2019:20:33:59 -0500] "GET /robots.txt HTTP/1.1" 404 1043
148.251.120.201 - - [31/Dec/2019:20:33:59 -0500] "GET /galeria/juegos/texturesExport/?C=M;O=A/ HTTP/1.1" 200 792
66.249.70.36 - - [31/Dec/2019:20:34:08 -0500] "GET /ads.txt HTTP/1.1" 404 1043
148.251.120.201 - - [31/Dec/2019:20:34:14 -0500] "GET /galeria/juegos/texturesExport/?C=N;O=A/ HTTP/1.1" 200 792
216.244.66.195 - - [31/Dec/2019:20:34:20 -0500] "GET /BLA/resoluciones/RESOLUCIONES%202012/1357.pdf HTTP/1.1" 200 1208477
148.251.120.201 - - [31/Dec/2019:20:34:26 -0500] "GET /galeria/nivo-slider/themes/?C=D;O=D/ HTTP/1.1" 200 1421
148.251.120.201 - - [31/Dec/2019:20:34:41 -0500] "GET /robots.txt HTTP/1.1" 404 1019
148.251.120.201 - - [31/Dec/2019:20:34:54 -0500] "GET /Anexos%20estudio%20Organizacional%20SDA/index.php?dir=ANEXO%20No.%201-%20NORMAS%20LEGALES%20DE%20ESTRUCTURA%20Y%20PLANTA/Decreto%20109%20de%202009%20-%20Modifica%20la%20estructura%20de%20la%20SDA.jsp_files// HTTP/1.1" 200 10837
148.251.120.201 - - [31/Dec/2019:20:35:08 -0500] "GET /Anexos%20estudio%20Organizacional%20SDA/index.php?dir=ANEXO%20No.%201-%20NORMAS%20LEGALES%20DE%20ESTRUCTURA%20Y%20PLANTA/Decreto%20175%20de%202009%20_files/&sort=date&order=desc/ HTTP/1.1" 200 9189
66.249.64.59 - - [31/Dec/2019:20:35:10 -0500] "GET /BLA/resoluciones/Decretos/Decreto%20088%20de%2007%20de%20marzo%20del%202019.pdf HTTP/1.1" 200 419054
148.251.120.201 - - [31/Dec/2019:20:35:22 -0500] "GET /Anexos%20estudio%20Organizacional%20SDA/index.php?dir=ANEXO%20No.%201-%20NORMAS%20LEGALES%20DE%20ESTRUCTURA%20Y%20PLANTA/Decreto%20308%20de%202001%20-%20Modifica%20estructura%20del%20DAMA.jsp_files/&sort=date&order=desc/ HTTP/1.1" 200 10798
69.162.124.232 - - [31/Dec/2019:20:36:18 -0500] "HEAD / HTTP/1.1" 200 -
66.249.64.61 - - [31/Dec/2019:20:36:33 -0500] "GET /BLA/resoluciones/RESOLUCIONES%202008/1587.pdf HTTP/1.1" 200 269525
66.249.64.61 - - [31/Dec/2019:20:36:40 -0500] "GET /BLA/resoluciones/AUTOS%202009/0766.pdf HTTP/1.1" 200 175472
201.245.192.253 - - [31/Dec/2019:20:36:18 -0500] "POST /kwsrmcab/Wsrmcab HTTP/1.1" 200 32479
66.249.64.61 - - [31/Dec/2019:20:37:03 -0500] "GET /BLA/resoluciones/RESOLUCIONES%202007/RES%202007%201001%20AL%201100/RESOLUCION%201036%20DE%202007.pdf HTTP/1.1" 200 496700
66.249.64.61 - - [31/Dec/2019:20:37:33 -0500] "GET /BLA/resoluciones/AUTOS%202007/0868.pdf HTTP/1.1" 200 126365
66.249.64.59 - - [31/Dec/2019:20:37:56 -0500] "GET /BLA/resoluciones/AUTOS%202015/3573.pdf HTTP/1.1" 200 622955
66.249.64.59 - - [31/Dec/2019:20:38:47 -0500] "GET /BLA/resoluciones/AUTOS%202009/1481.pdf HTTP/1.1" 200 194785
66.249.64.59 - - [31/Dec/2019:20:38:56 -0500] "GET /BLA/resoluciones/RESOLUCIONES%202007/RES%202007%20101%20AL%20200/RESOLUCION%200114%20%20DE%202007.pdf HTTP/1.1" 200 348863
159.138.152.13 - - [31/Dec/2019:20:39:22 -0500] "GET / HTTP/1.1" 200 9990
66.249.64.59 - - [31/Dec/2019:20:39:26 -0500] "GET /BLA/resoluciones/AUTOS%202017/2117.pdf HTTP/1.1" 200 1636333
66.249.64.59 - - [31/Dec/2019:20:39:56 -0500] "GET /BLA/resoluciones/RESOLUCIONES%202007/RES%202007%202601%20AL%202700/RESOLUCION%202634%20DE%202007.pdf HTTP/1.1" 200 68296
66.249.64.59 - - [31/Dec/2019:20:40:26 -0500] "GET /BLA/resoluciones/AUTOS%202015/6610.pdf HTTP/1.1" 200 495694
66.249.88.25 - - [31/Dec/2019:20:40:53 -0500] "GET /BLA/boletinlegal/js/jquery.scrollShow.js HTTP/1.1" 200 4586
66.249.88.23 - - [31/Dec/2019:20:40:53 -0500] "GET /galeria/galeria/jquery.fancybox.js?v=2.1.5 HTTP/1.1" 200 48706
66.249.88.19 - - [31/Dec/2019:20:40:53 -0500] "GET /galeria/galeria/jquery.fancybox.css?v=2.1.5 HTTP/1.1" 200 4895
66.249.64.59 - - [31/Dec/2019:20:40:56 -0500] "GET /BLA/resoluciones/AUTOS%202015/1849.pdf HTTP/1.1" 200 680964
148.251.120.201 - - [31/Dec/2019:20:41:00 -0500] "GET /Anexos%20estudio%20Organizacional%20SDA/index.php?dir=ANEXO%20No.%201-%20NORMAS%20LEGALES%20DE%20ESTRUCTURA%20Y%20PLANTA/Decreto%20308%20de%202001%20-%20Modifica%20estructura%20del%20DAMA.jsp_files/&sort=size&order=desc/ HTTP/1.1" 200 10963
148.251.120.201 - - [31/Dec/2019:20:41:04 -0500] "GET /Anexos%20estudio%20Organizacional%20SDA/index.php?dir=ANEXO%20No.%201-%20NORMAS%20LEGALES%20DE%20ESTRUCTURA%20Y%20PLANTA/Decreto%20561%20de%202006%20-%20Establece%20estructura%20de%20la%20SDA.jsp_files/&sort=date&order=desc/ HTTP/1.1" 200 10616
148.251.120.201 - - [31/Dec/2019:20:41:14 -0500] "GET /Anexos%20estudio%20Organizacional%20SDA/index.php?dir=ANEXO%20No.%201-%20NORMAS%20LEGALES%20DE%20ESTRUCTURA%20Y%20PLANTA/Decreto%20561%20de%202006%20-%20Establece%20estructura%20de%20la%20SDA.jsp_files/&sort=name&order=desc/ HTTP/1.1" 200 10434
69.162.124.232 - - [31/Dec/2019:20:41:18 -0500] "HEAD / HTTP/1.1" 200 -
46.229.168.145 - - [31/Dec/2019:20:41:21 -0500] "GET /robots.txt HTTP/1.1" 404 1019
148.251.120.201 - - [31/Dec/2019:20:41:21 -0500] "GET /Anexos%20estudio%20Organizacional%20SDA/index.php?dir=ANEXO%20No.%201-%20NORMAS%20LEGALES%20DE%20ESTRUCTURA%20Y%20PLANTA/Decreto%20561%20de%202006%20-%20Establece%20estructura%20de%20la%20SDA.jsp_files/&sort=size&order=desc/ HTTP/1.1" 200 10603
46.229.168.136 - - [31/Dec/2019:20:41:21 -0500] "GET /Autoliquidacion/index.php?dir=Solicitud%2Bde%2Bexpedici%C3%83%C2%83%C3%82%C2%83%C3%83%C2%82%C3%82%C2%83%C3%83%C2%83%C3%82%C2%82%C3%83%C2%82%C3%82%C2%83%C3%83%C2%83%C3%82%C2%83%C3%83%C2%82%C3%82%C2%82%C3%83%C2%83%C3%82%C2%82%C3%83%C2%82%C3%82%C2%B3n%2Bde%2Bcertificados%2Bde%2Bestado%2Bde%2Bconservaci%C3%83%C2%83%C3%82%C2%83%C3%83%C2%82%C3%82%C2%83%C3%83%C2%83%C3%82%C2%82%C3%83%C2%82%C3%82%C2%83%C3%83%C2%83%C3%82%C2%83%C3%83%C2%82%C3%82%C2%82%C3%83%C2%83%C3%82%C2%82%C3%83%C2%82%C3%82%C2%B3n%2Bambiental%2B%28CECA%29%2F&order=desc&sort=size HTTP/1.1" 200 7155
66.249.64.59 - - [31/Dec/2019:20:41:26 -0500] "GET /BLA/resoluciones/AUTOS%202015/0315.pdf HTTP/1.1" 200 462639
148.251.120.201 - - [31/Dec/2019:20:41:28 -0500] "GET /Anexos%20estudio%20Organizacional%20SDA/index.php?dir=ANEXO%20No.%201-%20NORMAS%20LEGALES%20DE%20ESTRUCTURA%20Y%20PLANTA/Decreto%20562%20de%202006%20-%20Establece%20planta%20de%20cargos%20de%20SDA.jsp_files/&sort=date&order=desc/ HTTP/1.1" 200 10554
148.251.120.201 - - [31/Dec/2019:20:41:37 -0500] "GET /Anexos%20estudio%20Organizacional%20SDA/index.php?dir=ANEXO%20No.%201-%20NORMAS%20LEGALES%20DE%20ESTRUCTURA%20Y%20PLANTA/Decreto%20562%20de%202006%20-%20Establece%20planta%20de%20cargos%20de%20SDA.jsp_files/&sort=size&order=desc/ HTTP/1.1" 200 10720
148.251.120.201 - - [31/Dec/2019:20:41:43 -0500] "GET /Anexos%20estudio%20Organizacional%20SDA/index.php?dir=ANEXO%20No.%201-%20NORMAS%20LEGALES%20DE%20ESTRUCTURA%20Y%20PLANTA/Decreto%20631%20de%202007-%20Modifica%20planta%20de%20SDA.jsp_files// HTTP/1.1" 200 10397
42.156.137.14 - - [31/Dec/2019:20:41:45 -0500] "GET / HTTP/1.1" 200 9990
42.120.161.14 - - [31/Dec/2019:20:41:46 -0500] "GET /css/style.css HTTP/1.1" 200 3610
148.251.120.201 - - [31/Dec/2019:20:41:52 -0500] "GET /Anexos%20estudio%20Organizacional%20SDA/index.php?dir=ANEXO%20No.%201-%20NORMAS%20LEGALES%20DE%20ESTRUCTURA%20Y%20PLANTA/Decreto%20673%20de%201995%20Reestructura%20el%20DAMA_files/&sort=size&order=desc/ HTTP/1.1" 200 9499
66.249.88.25 - - [31/Dec/2019:20:41:53 -0500] "GET /galeria/carrusel/Carrusel/jquery.thumbnailScroller.css HTTP/1.1" 200 2066
66.249.88.25 - - [31/Dec/2019:20:41:53 -0500] "GET /galeria/galeria/jquery.fancybox.css?v=2.1.5 HTTP/1.1" 200 4895
66.249.88.25 - - [31/Dec/2019:20:41:53 -0500] "GET /BLA/boletinlegal/js/jquery.scrollShow.js HTTP/1.1" 200 4586
66.249.88.25 - - [31/Dec/2019:20:41:53 -0500] "GET /galeria/galeria/jquery.fancybox.js?v=2.1.5 HTTP/1.1" 200 48706
66.249.88.23 - - [31/Dec/2019:20:41:53 -0500] "GET /galeria/carrusel/Carrusel/jquery-ui-1.8.13.custom.min.js HTTP/1.1" 200 10800
66.249.88.23 - - [31/Dec/2019:20:41:53 -0500] "GET /galeria/carrusel/Carrusel/jquery.thumbnailScroller.js HTTP/1.1" 200 8157
66.249.88.23 - - [31/Dec/2019:20:41:53 -0500] "GET /galeria/nivo-slider/demo/inicio.html HTTP/1.1" 200 4435
66.249.88.25 - - [31/Dec/2019:20:41:54 -0500] "GET /galeria/nivo-slider/themes/default/default.css HTTP/1.1" 200 1569
66.249.88.23 - - [31/Dec/2019:20:41:54 -0500] "GET /galeria/nivo-slider/demo/style.css HTTP/1.1" 200 2222
66.249.88.23 - - [31/Dec/2019:20:41:54 -0500] "GET /galeria/nivo-slider/nivo-slider.css HTTP/1.1" 200 1507
66.249.88.19 - - [31/Dec/2019:20:41:54 -0500] "GET /galeria/nivo-slider/themes/pascal/pascal.css HTTP/1.1" 200 2258
66.249.88.23 - - [31/Dec/2019:20:41:54 -0500] "GET /galeria/nivo-slider/demo/images/Bannercalculadora.jpg HTTP/1.1" 200 313099
66.249.88.19 - - [31/Dec/2019:20:41:54 -0500] "GET /galeria/nivo-slider/themes/orman/orman.css HTTP/1.1" 200 2152
66.249.88.23 - - [31/Dec/2019:20:41:54 -0500] "GET /galeria/nivo-slider/demo/scripts/jquery-1.7.1.min.js HTTP/1.1" 200 93868
66.249.88.19 - - [31/Dec/2019:20:41:54 -0500] "GET /galeria/nivo-slider/demo/images/bannerwebmusgo.jpg HTTP/1.1" 200 367364
66.249.88.25 - - [31/Dec/2019:20:41:54 -0500] "GET /galeria/nivo-slider/jquery.nivo.slider.pack.js HTTP/1.1" 200 11561
66.249.88.19 - - [31/Dec/2019:20:41:54 -0500] "GET /galeria/nivo-slider/demo/images/bannerjardines.jpg HTTP/1.1" 200 417948
66.249.88.23 - - [31/Dec/2019:20:41:54 -0500] "GET /galeria/nivo-slider/demo/images/banneragendamiento.jpg HTTP/1.1" 200 116897
66.249.88.23 - - [31/Dec/2019:20:41:54 -0500] "GET /galeria/nivo-slider/themes/default/loading.gif HTTP/1.1" 200 1737
66.249.88.19 - - [31/Dec/2019:20:41:54 -0500] "GET /galeria/nivo-slider/demo/images/4Simple_Slider.png HTTP/1.1" 200 11722
66.249.88.19 - - [31/Dec/2019:20:41:55 -0500] "GET /galeria/nivo-slider/demo/images/banneriniciativa.jpg HTTP/1.1" 200 200385
66.249.88.23 - - [31/Dec/2019:20:41:55 -0500] "GET /galeria/nivo-slider/demo/images/diciembrecaminatas.png HTTP/1.1" 200 510724
66.249.88.23 - - [31/Dec/2019:20:41:55 -0500] "GET /galeria/nivo-slider/demo/images/Banner%20tinguas.jpg HTTP/1.1" 200 214878
66.249.88.25 - - [31/Dec/2019:20:41:55 -0500] "GET /galeria/nivo-slider/demo/images/Bannerserpiente2019.jpg HTTP/1.1" 200 270374
66.249.88.25 - - [31/Dec/2019:20:41:56 -0500] "GET /galeria/nivo-slider/demo/images/puntos%20atencion%20BANNER.jpg HTTP/1.1" 200 244208
66.249.88.25 - - [31/Dec/2019:20:41:56 -0500] "GET /galeria/nivo-slider/demo/images/Banner%20Visor%20Geografico%20Ambiental.jpg HTTP/1.1" 200 204673
66.249.64.59 - - [31/Dec/2019:20:41:56 -0500] "GET /BLA/resoluciones/RESOLUCIONES%202007/RES%202007%201401%20AL%201500/RESOLUCION%201414%20DE%202007.pdf HTTP/1.1" 200 355505
66.249.88.23 - - [31/Dec/2019:20:41:56 -0500] "GET /galeria/nivo-slider/demo/images/Banner%20consumo%20sostenible%20final.jpg HTTP/1.1" 200 364746
66.249.88.25 - - [31/Dec/2019:20:41:56 -0500] "GET /galeria/nivo-slider/demo/images/Banner%20RCD.jpg HTTP/1.1" 200 92197
66.249.88.25 - - [31/Dec/2019:20:41:56 -0500] "GET /galeria/nivo-slider/demo/images/Banner%20Conpes.jpg HTTP/1.1" 200 55220
66.249.88.19 - - [31/Dec/2019:20:41:56 -0500] "GET /galeria/nivo-slider/demo/images/Banner%20practicas%20sostenibles.jpg HTTP/1.1" 200 142958
66.249.88.25 - - [31/Dec/2019:20:41:56 -0500] "GET /galeria/nivo-slider/demo/images/Banner%20POT.png HTTP/1.1" 200 418238
66.249.88.19 - - [31/Dec/2019:20:41:57 -0500] "GET /galeria/nivo-slider/demo/images/Banneranonimos.png HTTP/1.1" 200 109388
66.249.88.25 - - [31/Dec/2019:20:42:01 -0500] "GET /galeria/nivo-slider/themes/default/arrows.png HTTP/1.1" 200 824
66.249.88.23 - - [31/Dec/2019:20:42:01 -0500] "GET /galeria/nivo-slider/themes/default/bullets.png HTTP/1.1" 200 1281
148.251.120.201 - - [31/Dec/2019:20:42:02 -0500] "GET /PruebasSTORM/StormSDA_pruebas/lib/?C=D;O=A/ HTTP/1.1" 200 6445
148.251.120.201 - - [31/Dec/2019:20:42:11 -0500] "GET /PruebasSTORM/StormSDA_pruebas/lib/?C=M;O=A/ HTTP/1.1" 200 6445
