5.9.107.211 - - [03/Jan/2020:10:30:46 -0500] "GET /StormSDA/userFiles%20-%20Copy%2019-07-2012/user_files/formatos/?C=N;O=D/ HTTP/1.1" 200 1518
5.9.107.211 - - [03/Jan/2020:10:30:48 -0500] "GET /StormSDA/userFiles%20-%20Copy%2019-07-2012/user_files/formatos/?C=S;O=A/ HTTP/1.1" 200 1518
5.9.107.211 - - [03/Jan/2020:10:30:50 -0500] "GET /StormSDA/userFiles%20-%20Copy%2019-07-2012/user_files/formatos/?C=S;O=D/ HTTP/1.1" 200 1518
5.9.107.211 - - [03/Jan/2020:10:30:51 -0500] "GET /StormSDA/userFiles%20-%20Copy%2019-07-2012/user_files/formatos/eventos/?C=D;O=A/ HTTP/1.1" 200 914
5.9.107.211 - - [03/Jan/2020:10:30:53 -0500] "GET /StormSDA/userFiles%20-%20Copy%2019-07-2012/user_files/formatos/eventos/?C=M;O=A/ HTTP/1.1" 200 914
144.76.186.38 - - [03/Jan/2020:10:30:53 -0500] "GET /StormSDA/userFiles%20-%20Copy%2019-07-2012/user_files/93/?C=M;O=D/ HTTP/1.1" 200 873
5.9.107.211 - - [03/Jan/2020:10:30:55 -0500] "GET /StormSDA/userFiles%20-%20Copy%2019-07-2012/user_files/formatos/eventos/?C=N;O=D/ HTTP/1.1" 200 914
5.9.107.211 - - [03/Jan/2020:10:30:56 -0500] "GET /StormSDA/userFiles%20-%20Copy%2019-07-2012/user_files/formatos/eventos/?C=S;O=A/ HTTP/1.1" 200 914
5.9.107.211 - - [03/Jan/2020:10:30:58 -0500] "GET /StormSDA/userFiles%20-%20Copy%2019-07-2012/user_files/formulas/2/?C=D;O=D/ HTTP/1.1" 200 902
186.154.99.244 - - [03/Jan/2020:10:30:59 -0500] "GET /galeria/galeria/jquery.fancybox.css?v=2.1.5 HTTP/1.1" 200 4895
186.154.99.244 - - [03/Jan/2020:10:30:59 -0500] "GET /galeria/galeria/jquery.fancybox.js?v=2.1.5 HTTP/1.1" 200 48706
186.154.99.244 - - [03/Jan/2020:10:30:59 -0500] "GET /BLA/boletinlegal/js/jquery.scrollShow.js HTTP/1.1" 200 4586
5.9.107.211 - - [03/Jan/2020:10:31:00 -0500] "GET /StormSDA/userFiles%20-%20Copy%2019-07-2012/user_files/formulas/2/?C=M;O=D/ HTTP/1.1" 200 902
66.249.64.61 - - [03/Jan/2020:10:31:00 -0500] "GET /BLA/resoluciones/RESOLUCIONES%202009/4293.pdf HTTP/1.1" 200 535709
5.9.107.211 - - [03/Jan/2020:10:31:01 -0500] "GET /StormSDA/userFiles%20-%20Copy%2019-07-2012/user_files/formulas/2/?C=S;O=D/ HTTP/1.1" 200 902
201.245.192.253 - - [03/Jan/2020:10:31:03 -0500] "GET /galeria/nivo-slider/demo/inicio.html HTTP/1.1" 304 -
5.9.107.211 - - [03/Jan/2020:10:31:03 -0500] "GET /StormSDA/userFiles%20-%20Copy%2019-07-2012/user_files/formulas/4/?C=D;O=A/ HTTP/1.1" 200 902
5.9.107.211 - - [03/Jan/2020:10:31:05 -0500] "GET /StormSDA/userFiles%20-%20Copy%2019-07-2012/user_files/formulas/4/?C=M;O=A/ HTTP/1.1" 200 902
5.9.107.211 - - [03/Jan/2020:10:31:06 -0500] "GET /StormSDA/userFiles%20-%20Copy%2019-07-2012/user_files/formulas/4/?C=N;O=D/ HTTP/1.1" 200 902
190.255.40.74 - - [03/Jan/2020:10:31:07 -0500] "GET /BLA/resoluciones/AUTOS%202015/6581.pdf HTTP/1.1" 200 884947
190.255.40.74 - - [03/Jan/2020:10:31:07 -0500] "GET /favicon.ico HTTP/1.1" 200 7782
5.9.107.211 - - [03/Jan/2020:10:31:08 -0500] "GET /StormSDA/userFiles%20-%20Copy%2019-07-2012/user_files/formulas/4/?C=S;O=A/ HTTP/1.1" 200 902
5.9.107.211 - - [03/Jan/2020:10:31:10 -0500] "GET /StormSDA/userFiles%20-%20Copy%2019-07-2012/user_files/formulas/?C=D;O=D/ HTTP/1.1" 200 1504
144.76.186.38 - - [03/Jan/2020:10:31:10 -0500] "GET /StormSDA/userFiles%20-%20Copy%2019-07-2012/user_files/93/?C=N;O=A/ HTTP/1.1" 200 873
5.9.107.211 - - [03/Jan/2020:10:31:11 -0500] "GET /StormSDA/userFiles/?C=D;O=D/ HTTP/1.1" 200 6087
5.9.107.211 - - [03/Jan/2020:10:31:13 -0500] "GET /StormSDA/userFiles/?C=M;O=D/ HTTP/1.1" 200 6087
5.9.107.211 - - [03/Jan/2020:10:31:15 -0500] "GET /StormSDA/userFiles/?C=N;O=A/ HTTP/1.1" 200 6087
190.144.9.245 - - [03/Jan/2020:10:31:15 -0500] "GET /galeria/galeria/jquery.fancybox.css?v=2.1.5 HTTP/1.1" 200 4895
190.144.9.245 - - [03/Jan/2020:10:31:15 -0500] "GET /BLA/boletinlegal/js/jquery.scrollShow.js HTTP/1.1" 200 4586
190.144.9.245 - - [03/Jan/2020:10:31:15 -0500] "GET /galeria/galeria/jquery.fancybox.js?v=2.1.5 HTTP/1.1" 200 48706
5.9.107.211 - - [03/Jan/2020:10:31:16 -0500] "GET /StormSDA/userFiles/?C=S;O=D/ HTTP/1.1" 200 6087
5.9.107.211 - - [03/Jan/2020:10:31:18 -0500] "GET /StormSDA/userFiles/user_files/86/?C=D;O=D/ HTTP/1.1" 200 817
5.9.107.211 - - [03/Jan/2020:10:31:20 -0500] "GET /StormSDA/userFiles/user_files/86/?C=M;O=D/ HTTP/1.1" 200 817
66.249.64.61 - - [03/Jan/2020:10:31:21 -0500] "GET /BLA/resoluciones/RESOLUCIONES%202013/2276.pdf HTTP/1.1" 200 2361818
5.9.107.211 - - [03/Jan/2020:10:31:21 -0500] "GET /StormSDA/userFiles/user_files/86/?C=N;O=A/ HTTP/1.1" 200 817
5.9.107.211 - - [03/Jan/2020:10:31:23 -0500] "GET /StormSDA/userFiles/user_files/86/?C=S;O=D/ HTTP/1.1" 200 817
5.9.107.211 - - [03/Jan/2020:10:31:25 -0500] "GET /StormSDA/userFiles/user_files/92/?C=D;O=D/ HTTP/1.1" 200 817
144.76.186.38 - - [03/Jan/2020:10:31:26 -0500] "GET /StormSDA/userFiles%20-%20Copy%2019-07-2012/user_files/93/?C=S;O=D/ HTTP/1.1" 200 873
5.9.107.211 - - [03/Jan/2020:10:31:26 -0500] "GET /StormSDA/userFiles/user_files/92/?C=M;O=D/ HTTP/1.1" 200 817
5.9.107.211 - - [03/Jan/2020:10:31:28 -0500] "GET /StormSDA/userFiles/user_files/92/?C=N;O=A/ HTTP/1.1" 200 817
5.9.107.211 - - [03/Jan/2020:10:31:29 -0500] "GET /StormSDA/userFiles/user_files/92/?C=S;O=D/ HTTP/1.1" 200 817
5.9.107.211 - - [03/Jan/2020:10:31:31 -0500] "GET /StormSDA/userFiles/user_files/95/?C=D;O=D/ HTTP/1.1" 200 817
5.9.107.211 - - [03/Jan/2020:10:31:33 -0500] "GET /StormSDA/userFiles/user_files/?C=D;O=A/ HTTP/1.1" 200 8988
5.9.107.211 - - [03/Jan/2020:10:31:35 -0500] "GET /StormSDA/userFiles/user_files/?C=M;O=D/ HTTP/1.1" 200 8988
5.9.107.211 - - [03/Jan/2020:10:31:36 -0500] "GET /StormSDA/userFiles/user_files/?C=S;O=D/ HTTP/1.1" 200 8988
5.9.107.211 - - [03/Jan/2020:10:31:38 -0500] "GET /StormSDA/userFiles/user_files/formatos/?C=N;O=D/ HTTP/1.1" 200 1458
144.76.186.38 - - [03/Jan/2020:10:31:39 -0500] "GET /StormSDA/userFiles/?C=S;O=D/ HTTP/1.1" 200 6083
5.9.107.211 - - [03/Jan/2020:10:31:40 -0500] "GET /StormSDA/userFiles/user_files/formatos/eventos/?C=M;O=D/ HTTP/1.1" 200 854
5.9.107.211 - - [03/Jan/2020:10:31:42 -0500] "GET /StormSDA/userFiles/user_files/formatos/eventos/?C=S;O=D/ HTTP/1.1" 200 854
5.9.107.211 - - [03/Jan/2020:10:31:43 -0500] "GET /StormSDA/userFiles/user_files/formulas/2/?C=N;O=D/ HTTP/1.1" 200 842
54.36.150.6 - - [03/Jan/2020:10:31:44 -0500] "GET /BLA/resoluciones/RESOLUCIONES%202002/RES%202002%201851-1900/20021895.tif HTTP/1.1" 200 135594
5.9.107.211 - - [03/Jan/2020:10:31:45 -0500] "GET /StormSDA/userFiles/user_files/formulas/?C=D;O=D/ HTTP/1.1" 200 1444
5.9.107.211 - - [03/Jan/2020:10:31:47 -0500] "GET /StormSDA/userFiles/user_files/formulas/?C=M;O=D/ HTTP/1.1" 200 1444
5.9.107.211 - - [03/Jan/2020:10:31:48 -0500] "GET /StormSDA/userFiles/user_files/formulas/?C=N;O=A/ HTTP/1.1" 200 1444
5.9.107.211 - - [03/Jan/2020:10:31:50 -0500] "GET /StormSDA/userFiles/user_files/formulas/?C=S;O=D/ HTTP/1.1" 200 1444
5.9.107.211 - - [03/Jan/2020:10:31:52 -0500] "GET /StormSDA/userFiles/user_files/listas/?C=D;O=D/ HTTP/1.1" 200 1243
5.9.107.211 - - [03/Jan/2020:10:31:53 -0500] "GET /StormSDA/userFiles/user_files/listas/?C=M;O=D/ HTTP/1.1" 200 1243
144.76.186.38 - - [03/Jan/2020:10:31:55 -0500] "GET /StormSDA/userFiles/user_files/1/?C=D;O=D/ HTTP/1.1" 200 1687
5.9.107.211 - - [03/Jan/2020:10:31:55 -0500] "GET /StormSDA/userFiles/user_files/listas/?C=N;O=A/ HTTP/1.1" 200 1243
5.9.107.211 - - [03/Jan/2020:10:31:56 -0500] "GET /StormSDA/userFiles/user_files/listas/?C=S;O=D/ HTTP/1.1" 200 1243
5.9.107.211 - - [03/Jan/2020:10:31:58 -0500] "GET /galeria/?C=D;O=D/ HTTP/1.1" 200 3300
5.9.107.211 - - [03/Jan/2020:10:32:00 -0500] "GET /galeria/?C=M;O=D/ HTTP/1.1" 200 3300
5.9.107.211 - - [03/Jan/2020:10:32:01 -0500] "GET /galeria/?C=S;O=D/ HTTP/1.1" 200 3300
5.9.107.211 - - [03/Jan/2020:10:32:03 -0500] "GET /robots.txt HTTP/1.1" 404 1019
190.127.196.243 - - [03/Jan/2020:10:32:04 -0500] "GET /galeria/nivo-slider/demo/images/Bannercalculadora.jpg HTTP/1.1" 304 -
5.9.107.211 - - [03/Jan/2020:10:32:05 -0500] "GET /galeria/Carrusel2/?C=S;O=D/ HTTP/1.1" 200 2148
186.155.145.159 - - [03/Jan/2020:10:32:05 -0500] "GET /BLA/boletinlegal/js/jquery.scrollShow.js HTTP/1.1" 200 4586
186.155.145.159 - - [03/Jan/2020:10:32:05 -0500] "GET /galeria/galeria/jquery.fancybox.js?v=2.1.5 HTTP/1.1" 200 48706
186.155.145.159 - - [03/Jan/2020:10:32:05 -0500] "GET /galeria/galeria/jquery.fancybox.css?v=2.1.5 HTTP/1.1" 200 4895
186.155.145.159 - - [03/Jan/2020:10:32:05 -0500] "GET /galeria/carrusel/Carrusel/jquery.thumbnailScroller.css HTTP/1.1" 200 2066
186.155.145.159 - - [03/Jan/2020:10:32:05 -0500] "GET /galeria/carrusel/Carrusel/jquery-ui-1.8.13.custom.min.js HTTP/1.1" 200 10800
186.155.145.159 - - [03/Jan/2020:10:32:05 -0500] "GET /galeria/carrusel/Carrusel/jquery.thumbnailScroller.js HTTP/1.1" 200 8157
181.143.41.130 - - [03/Jan/2020:10:32:07 -0500] "GET /BLA/resoluciones/RESOLUCIONES%202016/0799.pdf HTTP/1.1" 200 285901
5.9.107.211 - - [03/Jan/2020:10:32:06 -0500] "GET /galeria/galeria/fotos/?C=N;O=D/ HTTP/1.1" 200 101230
181.143.41.130 - - [03/Jan/2020:10:32:07 -0500] "GET /favicon.ico HTTP/1.1" 200 7782
5.9.107.211 - - [03/Jan/2020:10:32:09 -0500] "GET /galeria/galeria/helpers/?C=S;O=D/ HTTP/1.1" 200 2166
5.9.107.211 - - [03/Jan/2020:10:32:10 -0500] "GET /galeria/juegos/s/?C=D;O=A/ HTTP/1.1" 200 770
144.76.186.38 - - [03/Jan/2020:10:32:11 -0500] "GET /StormSDA/userFiles/user_files/1/?C=S;O=D/ HTTP/1.1" 200 1687
5.9.107.211 - - [03/Jan/2020:10:32:12 -0500] "GET /galeria/juegos/s/?C=M;O=A/ HTTP/1.1" 200 770
5.9.107.211 - - [03/Jan/2020:10:32:14 -0500] "GET /galeria/juegos/s/?C=N;O=A/ HTTP/1.1" 200 770
5.9.107.211 - - [03/Jan/2020:10:32:15 -0500] "GET /galeria/juegos/s/?C=S;O=A/ HTTP/1.1" 200 770
186.155.145.159 - - [03/Jan/2020:10:32:16 -0500] "GET /galeria/nivo-slider/demo/inicio.html HTTP/1.1" 200 3203
186.155.145.159 - - [03/Jan/2020:10:32:16 -0500] "GET /galeria/nivo-slider/themes/default/default.css HTTP/1.1" 200 1569
186.155.145.159 - - [03/Jan/2020:10:32:16 -0500] "GET /galeria/nivo-slider/themes/pascal/pascal.css HTTP/1.1" 200 2258
186.155.145.159 - - [03/Jan/2020:10:32:16 -0500] "GET /galeria/nivo-slider/nivo-slider.css HTTP/1.1" 200 1507
186.155.145.159 - - [03/Jan/2020:10:32:16 -0500] "GET /galeria/nivo-slider/demo/scripts/jquery-1.7.1.min.js HTTP/1.1" 200 93868
186.155.145.159 - - [03/Jan/2020:10:32:16 -0500] "GET /galeria/nivo-slider/style.css HTTP/1.1" 200 2104
186.155.145.159 - - [03/Jan/2020:10:32:16 -0500] "GET /galeria/nivo-slider/demo/images/bannercaminatasenero.jpg HTTP/1.1" 200 515042
186.155.145.159 - - [03/Jan/2020:10:32:16 -0500] "GET /galeria/nivo-slider/jquery.nivo.slider.pack.js HTTP/1.1" 200 11561
186.155.145.159 - - [03/Jan/2020:10:32:16 -0500] "GET /galeria/nivo-slider/demo/images/Bannercalculadoraweb.jpg HTTP/1.1" 200 301964
186.155.145.159 - - [03/Jan/2020:10:32:16 -0500] "GET /galeria/nivo-slider/demo/images/bannervisorweb.jpg HTTP/1.1" 200 201837
186.155.145.159 - - [03/Jan/2020:10:32:16 -0500] "GET /galeria/nivo-slider/demo/images/bannertinguaweb.jpg HTTP/1.1" 200 227793
186.155.145.159 - - [03/Jan/2020:10:32:16 -0500] "GET /galeria/nivo-slider/themes/orman/orman.css HTTP/1.1" 200 2152
186.155.145.159 - - [03/Jan/2020:10:32:16 -0500] "GET /galeria/nivo-slider/demo/images/bannercigarrillos.jpg HTTP/1.1" 200 230953
186.155.145.159 - - [03/Jan/2020:10:32:17 -0500] "GET /galeria/nivo-slider/themes/default/loading.gif HTTP/1.1" 200 1737
186.155.145.159 - - [03/Jan/2020:10:32:17 -0500] "GET /galeria/nivo-slider/demo/images/bannerpuntosweb.jpg HTTP/1.1" 200 234282
186.155.145.159 - - [03/Jan/2020:10:32:17 -0500] "GET /galeria/nivo-slider/themes/default/bullets.png HTTP/1.1" 200 1281
5.9.107.211 - - [03/Jan/2020:10:32:17 -0500] "GET /galeria/nivo-slider/demo/images/?C=M;O=D/ HTTP/1.1" 200 284040
186.155.145.159 - - [03/Jan/2020:10:32:20 -0500] "GET /galeria/nivo-slider/themes/default/arrows.png HTTP/1.1" 200 824
5.9.107.211 - - [03/Jan/2020:10:32:20 -0500] "GET /galeria/nivo-slider/themes/?C=N;O=D/ HTTP/1.1" 200 1425
5.9.107.211 - - [03/Jan/2020:10:32:21 -0500] "GET /galeria/nivo-slider/themes/?C=S;O=A/ HTTP/1.1" 200 1425
144.76.186.38 - - [03/Jan/2020:10:32:28 -0500] "GET /StormSDA/userFiles/user_files/95/?C=D;O=D/ HTTP/1.1" 200 813
186.154.131.29 - - [03/Jan/2020:10:32:36 -0500] "GET /galeria/nivo-slider/demo/inicio.html HTTP/1.1" 200 3203
186.154.131.29 - - [03/Jan/2020:10:32:38 -0500] "GET /galeria/nivo-slider/style.css HTTP/1.1" 200 2104
186.154.131.29 - - [03/Jan/2020:10:32:38 -0500] "GET /galeria/nivo-slider/demo/images/bannercaminatasenero.jpg HTTP/1.1" 200 515042
186.154.131.29 - - [03/Jan/2020:10:32:38 -0500] "GET /galeria/nivo-slider/demo/images/bannercigarrillos.jpg HTTP/1.1" 200 230953
186.154.131.29 - - [03/Jan/2020:10:32:38 -0500] "GET /galeria/nivo-slider/demo/images/bannerpuntosweb.jpg HTTP/1.1" 200 234282
186.154.131.29 - - [03/Jan/2020:10:32:38 -0500] "GET /galeria/nivo-slider/demo/images/Bannercalculadoraweb.jpg HTTP/1.1" 200 301964
179.15.53.252 - - [03/Jan/2020:10:32:40 -0500] "GET /galeria/galeria/jquery.fancybox.css?v=2.1.5 HTTP/1.1" 200 4895
179.15.53.252 - - [03/Jan/2020:10:32:40 -0500] "GET /galeria/galeria/jquery.fancybox.js?v=2.1.5 HTTP/1.1" 200 48706
179.15.53.252 - - [03/Jan/2020:10:32:40 -0500] "GET /BLA/boletinlegal/js/jquery.scrollShow.js HTTP/1.1" 200 4586
179.15.53.252 - - [03/Jan/2020:10:32:41 -0500] "GET /galeria/carrusel/Carrusel/jquery.thumbnailScroller.css HTTP/1.1" 200 2066
186.154.131.29 - - [03/Jan/2020:10:32:41 -0500] "GET /galeria/nivo-slider/demo/images/bannervisorweb.jpg HTTP/1.1" 200 201837
179.15.53.252 - - [03/Jan/2020:10:32:41 -0500] "GET /galeria/carrusel/Carrusel/jquery.thumbnailScroller.js HTTP/1.1" 200 8157
179.15.53.252 - - [03/Jan/2020:10:32:41 -0500] "GET /galeria/carrusel/Carrusel/jquery-ui-1.8.13.custom.min.js HTTP/1.1" 200 10800
144.76.186.38 - - [03/Jan/2020:10:32:42 -0500] "GET /StormSDA/userFiles/user_files/95/?C=M;O=A/ HTTP/1.1" 200 813
179.15.53.252 - - [03/Jan/2020:10:32:42 -0500] "GET /galeria/nivo-slider/demo/inicio.html HTTP/1.1" 200 3203
179.15.53.252 - - [03/Jan/2020:10:32:43 -0500] "GET /galeria/nivo-slider/themes/pascal/pascal.css HTTP/1.1" 200 2258
179.15.53.252 - - [03/Jan/2020:10:32:43 -0500] "GET /galeria/nivo-slider/themes/default/default.css HTTP/1.1" 200 1569
179.15.53.252 - - [03/Jan/2020:10:32:43 -0500] "GET /galeria/nivo-slider/themes/orman/orman.css HTTP/1.1" 200 2152
179.15.53.252 - - [03/Jan/2020:10:32:43 -0500] "GET /galeria/nivo-slider/demo/images/bannercaminatasenero.jpg HTTP/1.1" 200 515042
179.15.53.252 - - [03/Jan/2020:10:32:43 -0500] "GET /galeria/nivo-slider/nivo-slider.css HTTP/1.1" 200 1507
179.15.53.252 - - [03/Jan/2020:10:32:43 -0500] "GET /galeria/nivo-slider/style.css HTTP/1.1" 200 2104
179.15.53.252 - - [03/Jan/2020:10:32:45 -0500] "GET /galeria/nivo-slider/demo/images/bannercigarrillos.jpg HTTP/1.1" 200 230953
179.15.53.252 - - [03/Jan/2020:10:32:45 -0500] "GET /galeria/nivo-slider/demo/images/bannertinguaweb.jpg HTTP/1.1" 200 227793
179.15.53.252 - - [03/Jan/2020:10:32:45 -0500] "GET /galeria/nivo-slider/demo/images/bannervisorweb.jpg HTTP/1.1" 200 201837
179.15.53.252 - - [03/Jan/2020:10:32:45 -0500] "GET /galeria/nivo-slider/demo/images/Bannercalculadoraweb.jpg HTTP/1.1" 200 301964
179.15.53.252 - - [03/Jan/2020:10:32:45 -0500] "GET /galeria/nivo-slider/demo/images/bannerpuntosweb.jpg HTTP/1.1" 200 234282
186.154.131.29 - - [03/Jan/2020:10:32:46 -0500] "GET /galeria/nivo-slider/demo/images/bannertinguaweb.jpg HTTP/1.1" 200 227793
179.15.53.252 - - [03/Jan/2020:10:32:49 -0500] "GET /galeria/nivo-slider/demo/scripts/jquery-1.7.1.min.js HTTP/1.1" 200 93868
179.15.53.252 - - [03/Jan/2020:10:32:49 -0500] "GET /galeria/nivo-slider/jquery.nivo.slider.pack.js HTTP/1.1" 200 11561
179.15.53.252 - - [03/Jan/2020:10:32:49 -0500] "GET /galeria/nivo-slider/themes/default/loading.gif HTTP/1.1" 200 1737
179.15.53.252 - - [03/Jan/2020:10:32:52 -0500] "GET /galeria/nivo-slider/themes/default/arrows.png HTTP/1.1" 200 824
179.15.53.252 - - [03/Jan/2020:10:32:52 -0500] "GET /galeria/nivo-slider/themes/default/bullets.png HTTP/1.1" 200 1281
144.76.186.38 - - [03/Jan/2020:10:32:57 -0500] "GET /StormSDA/userFiles/user_files/95/?C=N;O=D/ HTTP/1.1" 200 813
66.249.64.59 - - [03/Jan/2020:10:32:58 -0500] "GET /BLA/resoluciones/AUTOS%202013/1083.pdf HTTP/1.1" 304 -
200.21.21.42 - - [03/Jan/2020:10:32:58 -0500] "GET /BLA/boletinlegal/js/jquery.scrollShow.js HTTP/1.1" 200 4586
200.21.21.42 - - [03/Jan/2020:10:32:58 -0500] "GET /galeria/galeria/jquery.fancybox.js?v=2.1.5 HTTP/1.1" 200 48706
200.21.21.42 - - [03/Jan/2020:10:32:58 -0500] "GET /galeria/galeria/jquery.fancybox.css?v=2.1.5 HTTP/1.1" 200 4895
200.21.21.42 - - [03/Jan/2020:10:32:58 -0500] "GET /galeria/carrusel/Carrusel/jquery.thumbnailScroller.css HTTP/1.1" 200 2066
200.21.21.42 - - [03/Jan/2020:10:32:58 -0500] "GET /galeria/carrusel/Carrusel/jquery-ui-1.8.13.custom.min.js HTTP/1.1" 200 10800
200.21.21.42 - - [03/Jan/2020:10:32:58 -0500] "GET /galeria/carrusel/Carrusel/jquery.thumbnailScroller.js HTTP/1.1" 200 8157
200.21.21.42 - - [03/Jan/2020:10:33:00 -0500] "GET /galeria/nivo-slider/demo/inicio.html HTTP/1.1" 200 3203
200.21.21.42 - - [03/Jan/2020:10:33:01 -0500] "GET /galeria/nivo-slider/themes/default/default.css HTTP/1.1" 200 1569
200.21.21.42 - - [03/Jan/2020:10:33:01 -0500] "GET /galeria/nivo-slider/themes/orman/orman.css HTTP/1.1" 200 2152
200.21.21.42 - - [03/Jan/2020:10:33:01 -0500] "GET /galeria/nivo-slider/themes/pascal/pascal.css HTTP/1.1" 200 2258
200.21.21.42 - - [03/Jan/2020:10:33:01 -0500] "GET /galeria/nivo-slider/style.css HTTP/1.1" 200 2104
200.21.21.42 - - [03/Jan/2020:10:33:01 -0500] "GET /galeria/nivo-slider/nivo-slider.css HTTP/1.1" 200 1507
200.21.21.42 - - [03/Jan/2020:10:33:01 -0500] "GET /galeria/nivo-slider/demo/images/bannercaminatasenero.jpg HTTP/1.1" 200 515042
200.21.21.42 - - [03/Jan/2020:10:33:01 -0500] "GET /galeria/nivo-slider/demo/scripts/jquery-1.7.1.min.js HTTP/1.1" 200 93868
200.21.21.42 - - [03/Jan/2020:10:33:01 -0500] "GET /galeria/nivo-slider/jquery.nivo.slider.pack.js HTTP/1.1" 200 11561
200.21.21.42 - - [03/Jan/2020:10:33:01 -0500] "GET /galeria/nivo-slider/demo/images/bannercigarrillos.jpg HTTP/1.1" 200 230953
200.21.21.42 - - [03/Jan/2020:10:33:01 -0500] "GET /galeria/nivo-slider/demo/images/bannervisorweb.jpg HTTP/1.1" 200 201837
200.21.21.42 - - [03/Jan/2020:10:33:01 -0500] "GET /galeria/nivo-slider/demo/images/Bannercalculadoraweb.jpg HTTP/1.1" 200 301964
200.21.21.42 - - [03/Jan/2020:10:33:01 -0500] "GET /galeria/nivo-slider/demo/images/bannertinguaweb.jpg HTTP/1.1" 200 227793
200.21.21.42 - - [03/Jan/2020:10:33:01 -0500] "GET /galeria/nivo-slider/demo/images/bannerpuntosweb.jpg HTTP/1.1" 200 234282
200.21.21.42 - - [03/Jan/2020:10:33:02 -0500] "GET /galeria/nivo-slider/themes/default/loading.gif HTTP/1.1" 200 1737
200.21.21.42 - - [03/Jan/2020:10:33:04 -0500] "GET /galeria/nivo-slider/themes/default/arrows.png HTTP/1.1" 200 824
200.21.21.42 - - [03/Jan/2020:10:33:04 -0500] "GET /galeria/nivo-slider/themes/default/bullets.png HTTP/1.1" 200 1281
66.249.88.19 - - [03/Jan/2020:10:33:07 -0500] "GET /BLA/resoluciones/AUTOS%202016/2871.pdf HTTP/1.1" 200 411239
144.76.186.38 - - [03/Jan/2020:10:33:15 -0500] "GET /StormSDA/userFiles/user_files/95/?C=S;O=A/ HTTP/1.1" 200 813
66.249.88.19 - - [03/Jan/2020:10:33:15 -0500] "GET /favicon.ico HTTP/1.1" 200 7782
144.76.186.38 - - [03/Jan/2020:10:33:29 -0500] "GET /StormSDA/userFiles/user_files/96/?C=D;O=A/ HTTP/1.1" 200 813
186.155.71.191 - - [03/Jan/2020:10:33:29 -0500] "GET /galeria/galeria/jquery.fancybox.css?v=2.1.5 HTTP/1.1" 200 4895
186.155.71.191 - - [03/Jan/2020:10:33:29 -0500] "GET /BLA/boletinlegal/js/jquery.scrollShow.js HTTP/1.1" 200 4586
186.155.71.191 - - [03/Jan/2020:10:33:29 -0500] "GET /galeria/galeria/jquery.fancybox.js?v=2.1.5 HTTP/1.1" 200 48706
191.95.53.10 - - [03/Jan/2020:10:33:33 -0500] "GET /BLA/boletinlegal/js/jquery.scrollShow.js HTTP/1.1" 200 4586
191.95.53.10 - - [03/Jan/2020:10:33:33 -0500] "GET /galeria/galeria/jquery.fancybox.js?v=2.1.5 HTTP/1.1" 200 48706
191.95.53.10 - - [03/Jan/2020:10:33:34 -0500] "GET /galeria/galeria/jquery.fancybox.css?v=2.1.5 HTTP/1.1" 200 4895
144.76.186.38 - - [03/Jan/2020:10:33:41 -0500] "GET /StormSDA/userFiles/user_files/96/?C=D;O=D/ HTTP/1.1" 200 813
69.162.124.232 - - [03/Jan/2020:10:33:48 -0500] "HEAD / HTTP/1.1" 200 -
191.97.6.19 - - [03/Jan/2020:10:33:49 -0500] "GET /galeria/carrusel/Carrusel/jquery.thumbnailScroller.css HTTP/1.1" 200 2066
191.97.6.19 - - [03/Jan/2020:10:33:49 -0500] "GET /galeria/carrusel/Carrusel/jquery-ui-1.8.13.custom.min.js HTTP/1.1" 200 10800
191.97.6.19 - - [03/Jan/2020:10:33:49 -0500] "GET /galeria/carrusel/Carrusel/jquery.thumbnailScroller.js HTTP/1.1" 200 8157
191.97.6.19 - - [03/Jan/2020:10:33:49 -0500] "GET /galeria/nivo-slider/demo/inicio.html HTTP/1.1" 200 3203
191.97.6.19 - - [03/Jan/2020:10:33:49 -0500] "GET /galeria/nivo-slider/themes/default/default.css HTTP/1.1" 200 1569
191.97.6.19 - - [03/Jan/2020:10:33:49 -0500] "GET /galeria/nivo-slider/themes/pascal/pascal.css HTTP/1.1" 200 2258
191.97.6.19 - - [03/Jan/2020:10:33:49 -0500] "GET /galeria/nivo-slider/themes/orman/orman.css HTTP/1.1" 200 2152
191.97.6.19 - - [03/Jan/2020:10:33:49 -0500] "GET /galeria/nivo-slider/nivo-slider.css HTTP/1.1" 200 1507
191.97.6.19 - - [03/Jan/2020:10:33:49 -0500] "GET /galeria/nivo-slider/style.css HTTP/1.1" 200 2104
191.97.6.19 - - [03/Jan/2020:10:33:49 -0500] "GET /galeria/nivo-slider/demo/images/bannercaminatasenero.jpg HTTP/1.1" 200 515042
191.97.6.19 - - [03/Jan/2020:10:33:49 -0500] "GET /galeria/nivo-slider/demo/images/bannercigarrillos.jpg HTTP/1.1" 200 230953
191.97.6.19 - - [03/Jan/2020:10:33:49 -0500] "GET /galeria/nivo-slider/demo/scripts/jquery-1.7.1.min.js HTTP/1.1" 200 93868
191.97.6.19 - - [03/Jan/2020:10:33:49 -0500] "GET /galeria/nivo-slider/jquery.nivo.slider.pack.js HTTP/1.1" 200 11561
191.97.6.19 - - [03/Jan/2020:10:33:49 -0500] "GET /galeria/nivo-slider/demo/images/Bannercalculadoraweb.jpg HTTP/1.1" 200 301964
191.97.6.19 - - [03/Jan/2020:10:33:49 -0500] "GET /galeria/nivo-slider/demo/images/bannervisorweb.jpg HTTP/1.1" 200 201837
191.97.6.19 - - [03/Jan/2020:10:33:49 -0500] "GET /galeria/nivo-slider/demo/images/bannertinguaweb.jpg HTTP/1.1" 200 227793
191.97.6.19 - - [03/Jan/2020:10:33:49 -0500] "GET /galeria/nivo-slider/demo/images/bannerpuntosweb.jpg HTTP/1.1" 200 234282
191.97.6.19 - - [03/Jan/2020:10:33:50 -0500] "GET /galeria/nivo-slider/themes/default/loading.gif HTTP/1.1" 200 1737
191.97.6.19 - - [03/Jan/2020:10:33:51 -0500] "GET /galeria/nivo-slider/themes/default/arrows.png HTTP/1.1" 200 824
191.97.6.19 - - [03/Jan/2020:10:33:51 -0500] "GET /galeria/nivo-slider/themes/default/bullets.png HTTP/1.1" 200 1281
54.36.149.27 - - [03/Jan/2020:10:33:52 -0500] "GET /BLA/resoluciones/RESOLUCIONES%202003/RES%202003%20051-100/2003RES69.tif HTTP/1.1" 200 206336
191.95.53.10 - - [03/Jan/2020:10:33:52 -0500] "GET /BLA/boletinlegal/js/jquery.scrollShow.js HTTP/1.1" 304 -
191.95.53.10 - - [03/Jan/2020:10:33:53 -0500] "GET /galeria/galeria/jquery.fancybox.js?v=2.1.5 HTTP/1.1" 304 -
191.95.53.10 - - [03/Jan/2020:10:33:53 -0500] "GET /galeria/galeria/jquery.fancybox.css?v=2.1.5 HTTP/1.1" 304 -
144.76.186.38 - - [03/Jan/2020:10:33:55 -0500] "GET /StormSDA/userFiles/user_files/96/?C=M;O=A/ HTTP/1.1" 200 813
144.76.186.38 - - [03/Jan/2020:10:34:07 -0500] "GET /StormSDA/userFiles/user_files/96/?C=M;O=D/ HTTP/1.1" 200 813
201.245.192.253 - - [03/Jan/2020:10:34:11 -0500] "GET /sipse/ HTTP/1.1" 302 -
201.245.192.253 - - [03/Jan/2020:10:34:11 -0500] "GET /sipse/faces/autenticacion.xhtml HTTP/1.1" 200 12178
201.245.192.253 - - [03/Jan/2020:10:34:11 -0500] "GET /sipse/js/disable_browser_buttons.js HTTP/1.1" 200 3230
201.245.192.253 - - [03/Jan/2020:10:34:11 -0500] "GET /sipse/js/funciones.js HTTP/1.1" 200 12592
201.245.192.253 - - [03/Jan/2020:10:34:11 -0500] "GET /sipse/css/custom_css_sg_prime_login.css HTTP/1.1" 200 443
201.245.192.253 - - [03/Jan/2020:10:34:11 -0500] "GET /sipse/css/custom_css_sg.css HTTP/1.1" 200 9694
201.245.192.253 - - [03/Jan/2020:10:34:11 -0500] "GET /sipse/faces/javax.faces.resource/primefaces.css?ln=primefaces&v=4.0 HTTP/1.1" 304 -
201.245.192.253 - - [03/Jan/2020:10:34:11 -0500] "GET /sipse/faces/javax.faces.resource/theme.css?ln=primefaces-sipse HTTP/1.1" 304 -
201.245.192.253 - - [03/Jan/2020:10:34:11 -0500] "GET /sipse/faces/javax.faces.resource/jquery/jquery.js?ln=primefaces&v=4.0 HTTP/1.1" 304 -
201.245.192.253 - - [03/Jan/2020:10:34:11 -0500] "GET /sipse/faces/javax.faces.resource/layout/layout.css?ln=primefaces&v=4.0 HTTP/1.1" 304 -
201.245.192.253 - - [03/Jan/2020:10:34:12 -0500] "GET /sipse/faces/javax.faces.resource/jquery/jquery-plugins.js?ln=primefaces&v=4.0 HTTP/1.1" 304 -
201.245.192.253 - - [03/Jan/2020:10:34:12 -0500] "GET /sipse/faces/javax.faces.resource/primefaces.js?ln=primefaces&v=4.0 HTTP/1.1" 304 -
201.245.192.253 - - [03/Jan/2020:10:34:12 -0500] "GET /sipse/faces/javax.faces.resource/layout/layout.js?ln=primefaces&v=4.0 HTTP/1.1" 304 -
201.245.192.253 - - [03/Jan/2020:10:34:12 -0500] "GET /sipse/css/imagen/logoSDG.png HTTP/1.1" 200 18199
201.245.192.253 - - [03/Jan/2020:10:34:12 -0500] "GET /sipse/faces/javax.faces.resource/images/ui-icons_898989_256x240.png?ln=primefaces-aristo HTTP/1.1" 304 -
201.245.192.253 - - [03/Jan/2020:10:34:12 -0500] "GET /sipse/css/imagen/loginimg.png HTTP/1.1" 200 104836
201.245.192.253 - - [03/Jan/2020:10:34:12 -0500] "GET /sipse/faces/index.xhtml HTTP/1.1" 200 677
201.245.192.253 - - [03/Jan/2020:10:34:12 -0500] "GET /sipse/faces/javax.faces.resource/theme.css?ln=primefaces-sipse HTTP/1.1" 304 -
201.245.192.253 - - [03/Jan/2020:10:34:12 -0500] "GET /sipse/faces/faces/autenticacion.xhtml HTTP/1.1" 200 12178
201.245.192.253 - - [03/Jan/2020:10:34:12 -0500] "GET /sipse/faces/javax.faces.resource/theme.css?ln=primefaces-sipse HTTP/1.1" 304 -
201.245.192.253 - - [03/Jan/2020:10:34:12 -0500] "GET /sipse/faces/javax.faces.resource/layout/layout.css?ln=primefaces&v=4.0 HTTP/1.1" 304 -
201.245.192.253 - - [03/Jan/2020:10:34:12 -0500] "GET /sipse/faces/javax.faces.resource/primefaces.css?ln=primefaces&v=4.0 HTTP/1.1" 304 -
201.245.192.253 - - [03/Jan/2020:10:34:12 -0500] "GET /sipse/faces/javax.faces.resource/jquery/jquery.js?ln=primefaces&v=4.0 HTTP/1.1" 304 -
201.245.192.253 - - [03/Jan/2020:10:34:12 -0500] "GET /sipse/faces/javax.faces.resource/primefaces.js?ln=primefaces&v=4.0 HTTP/1.1" 304 -
201.245.192.253 - - [03/Jan/2020:10:34:12 -0500] "GET /sipse/faces/javax.faces.resource/jquery/jquery-plugins.js?ln=primefaces&v=4.0 HTTP/1.1" 304 -
201.245.192.253 - - [03/Jan/2020:10:34:12 -0500] "GET /sipse/faces/javax.faces.resource/layout/layout.js?ln=primefaces&v=4.0 HTTP/1.1" 304 -
190.216.84.2 - - [03/Jan/2020:10:34:17 -0500] "GET /pot-2013/dts/dts_20feb2013_300pm.pdf HTTP/1.1" 200 10600308
191.97.6.19 - - [03/Jan/2020:10:34:18 -0500] "GET /calculadora/? HTTP/1.1" 200 5879
191.97.6.19 - - [03/Jan/2020:10:34:18 -0500] "GET /calculadora/vendor/bootstrap/css/bootstrap.min.css HTTP/1.1" 200 124962
191.97.6.19 - - [03/Jan/2020:10:34:18 -0500] "GET /calculadora/fonts/Linearicons-Free-v1.0.0/icon-font.min.css HTTP/1.1" 200 7354
191.97.6.19 - - [03/Jan/2020:10:34:18 -0500] "GET /calculadora/fonts/font-awesome-4.7.0/css/font-awesome.min.css HTTP/1.1" 200 31000
191.97.6.19 - - [03/Jan/2020:10:34:18 -0500] "GET /calculadora/vendor/animate/animate.css HTTP/1.1" 200 23848
191.97.6.19 - - [03/Jan/2020:10:34:18 -0500] "GET /calculadora/vendor/css-hamburgers/hamburgers.min.css HTTP/1.1" 200 19686
191.97.6.19 - - [03/Jan/2020:10:34:18 -0500] "GET /calculadora/vendor/animsition/css/animsition.min.css HTTP/1.1" 200 27478
191.97.6.19 - - [03/Jan/2020:10:34:18 -0500] "GET /calculadora/vendor/select2/select2.min.css HTTP/1.1" 200 15196
191.97.6.19 - - [03/Jan/2020:10:34:18 -0500] "GET /calculadora/vendor/daterangepicker/daterangepicker.css HTTP/1.1" 200 8163
191.97.6.19 - - [03/Jan/2020:10:34:18 -0500] "GET /calculadora/css/util.css HTTP/1.1" 200 86814
191.97.6.19 - - [03/Jan/2020:10:34:18 -0500] "GET /calculadora/css/main.css HTTP/1.1" 200 9984
190.216.84.2 - - [03/Jan/2020:10:34:18 -0500] "GET /favicon.ico HTTP/1.1" 200 7782
191.97.6.19 - - [03/Jan/2020:10:34:18 -0500] "GET /calculadora/ajax_calculadora.js HTTP/1.1" 200 1470
191.97.6.19 - - [03/Jan/2020:10:34:18 -0500] "GET /calculadora/js/main.js HTTP/1.1" 200 1424
191.97.6.19 - - [03/Jan/2020:10:34:18 -0500] "GET /calculadora/images/calculadora-solar1.jpg HTTP/1.1" 200 5293505
190.216.84.2 - - [03/Jan/2020:10:34:18 -0500] "GET /pot-2013/dts/dts_20feb2013_300pm.pdf HTTP/1.1" 206 65536
191.97.6.19 - - [03/Jan/2020:10:34:18 -0500] "GET /calculadora/fonts/poppins/Poppins-Regular.ttf HTTP/1.1" 200 145312
191.97.6.19 - - [03/Jan/2020:10:34:18 -0500] "GET /calculadora/fonts/montserrat/Montserrat-Bold.ttf HTTP/1.1" 200 261588
144.76.186.38 - - [03/Jan/2020:10:34:19 -0500] "GET /StormSDA/userFiles/user_files/96/?C=N;O=D/ HTTP/1.1" 200 813
201.245.192.253 - - [03/Jan/2020:10:34:20 -0500] "POST /sipse/faces/autenticacion.xhtml HTTP/1.1" 200 16479
201.245.192.253 - - [03/Jan/2020:10:34:20 -0500] "GET /sipse/css/custom_css_sg_prime.css HTTP/1.1" 200 5201
201.245.192.253 - - [03/Jan/2020:10:34:20 -0500] "GET /sipse/faces/javax.faces.resource/primefaces.css?ln=primefaces&v=4.0 HTTP/1.1" 304 -
201.245.192.253 - - [03/Jan/2020:10:34:20 -0500] "GET /sipse/faces/javax.faces.resource/theme.css?ln=primefaces-sipse HTTP/1.1" 304 -
201.245.192.253 - - [03/Jan/2020:10:34:20 -0500] "GET /sipse/faces/javax.faces.resource/layout/layout.css?ln=primefaces&v=4.0 HTTP/1.1" 304 -
201.245.192.253 - - [03/Jan/2020:10:34:20 -0500] "GET /sipse/js/jquery.min.js HTTP/1.1" 200 85582
201.245.192.253 - - [03/Jan/2020:10:34:20 -0500] "GET /sipse/faces/javax.faces.resource/jquery/jquery.js?ln=primefaces&v=4.0 HTTP/1.1" 304 -
201.245.192.253 - - [03/Jan/2020:10:34:20 -0500] "GET /sipse/faces/javax.faces.resource/jquery/jquery-plugins.js?ln=primefaces&v=4.0 HTTP/1.1" 304 -
190.216.84.2 - - [03/Jan/2020:10:34:20 -0500] "GET /pot-2013/dts/dts_20feb2013_300pm.pdf HTTP/1.1" 206 49012
201.245.192.253 - - [03/Jan/2020:10:34:20 -0500] "GET /sipse/faces/javax.faces.resource/primefaces.js?ln=primefaces&v=4.0 HTTP/1.1" 304 -
201.245.192.253 - - [03/Jan/2020:10:34:20 -0500] "GET /sipse/faces/javax.faces.resource/layout/layout.js?ln=primefaces&v=4.0 HTTP/1.1" 304 -
201.245.192.253 - - [03/Jan/2020:10:34:20 -0500] "GET /sipse/css/imagen/contrasena.png HTTP/1.1" 404 383
201.245.192.253 - - [03/Jan/2020:10:34:20 -0500] "GET /sipse/imagenes/cargando.gif HTTP/1.1" 200 36959
201.245.192.253 - - [03/Jan/2020:10:34:20 -0500] "GET /sipse/faces/javax.faces.resource/messages/messages.png?ln=primefaces&v=4.0 HTTP/1.1" 304 -
201.245.192.253 - - [03/Jan/2020:10:34:20 -0500] "GET /sipse/imagenes/logoAplicacion.jpg HTTP/1.1" 200 155084
201.245.192.253 - - [03/Jan/2020:10:34:22 -0500] "GET /sipse/faces/javax.faces.resource/images/ui-bg_flat_0_2d5972_40x100.png?ln=primefaces-aristo HTTP/1.1" 304 -
201.245.192.253 - - [03/Jan/2020:10:34:22 -0500] "POST /sipse/faces/bienvenido.xhtml HTTP/1.1" 200 3255
190.146.131.72 - - [03/Jan/2020:10:34:22 -0500] "GET /galeria/galeria/jquery.fancybox.css?v=2.1.5 HTTP/1.1" 200 4895
190.146.131.72 - - [03/Jan/2020:10:34:22 -0500] "GET /galeria/galeria/jquery.fancybox.js?v=2.1.5 HTTP/1.1" 200 48706
190.146.131.72 - - [03/Jan/2020:10:34:22 -0500] "GET /BLA/boletinlegal/js/jquery.scrollShow.js HTTP/1.1" 200 4586
66.249.88.25 - - [03/Jan/2020:10:34:23 -0500] "GET /galeria/galeria/jquery.fancybox.css?v=2.1.5 HTTP/1.1" 200 4895
66.249.88.19 - - [03/Jan/2020:10:34:23 -0500] "GET /galeria/galeria/jquery.fancybox.js?v=2.1.5 HTTP/1.1" 200 48706
66.249.88.19 - - [03/Jan/2020:10:34:23 -0500] "GET /BLA/boletinlegal/js/jquery.scrollShow.js HTTP/1.1" 200 4586
190.216.84.2 - - [03/Jan/2020:10:34:23 -0500] "GET /pot-2013/dts/dts_20feb2013_300pm.pdf HTTP/1.1" 206 65536
201.245.192.253 - - [03/Jan/2020:10:34:23 -0500] "POST /sipse/faces/bienvenido.xhtml HTTP/1.1" 200 31270
190.216.84.2 - - [03/Jan/2020:10:34:24 -0500] "GET /pot-2013/dts/dts_20feb2013_300pm.pdf HTTP/1.1" 206 65536
201.245.192.253 - - [03/Jan/2020:10:34:24 -0500] "GET /sipse/faces/javax.faces.resource/primefaces.css?ln=primefaces&v=4.0 HTTP/1.1" 304 -
201.245.192.253 - - [03/Jan/2020:10:34:24 -0500] "GET /sipse/faces/javax.faces.resource/layout/layout.css?ln=primefaces&v=4.0 HTTP/1.1" 304 -
201.245.192.253 - - [03/Jan/2020:10:34:24 -0500] "GET /sipse/faces/javax.faces.resource/theme.css?ln=primefaces-sipse HTTP/1.1" 304 -
201.245.192.253 - - [03/Jan/2020:10:34:24 -0500] "GET /sipse/faces/javax.faces.resource/jquery/jquery.js?ln=primefaces&v=4.0 HTTP/1.1" 304 -
201.245.192.253 - - [03/Jan/2020:10:34:24 -0500] "GET /sipse/faces/javax.faces.resource/jquery/jquery-plugins.js?ln=primefaces&v=4.0 HTTP/1.1" 304 -
201.245.192.253 - - [03/Jan/2020:10:34:24 -0500] "GET /sipse/faces/javax.faces.resource/primefaces.js?ln=primefaces&v=4.0 HTTP/1.1" 304 -
201.245.192.253 - - [03/Jan/2020:10:34:24 -0500] "GET /sipse/faces/javax.faces.resource/layout/layout.js?ln=primefaces&v=4.0 HTTP/1.1" 304 -
190.216.84.2 - - [03/Jan/2020:10:34:24 -0500] "GET /pot-2013/dts/dts_20feb2013_300pm.pdf HTTP/1.1" 206 65536
201.245.192.253 - - [03/Jan/2020:10:34:24 -0500] "POST /sipse/faces/presentacion/financiero/solicitudProceso/listarSolicitudProceso.xhtml HTTP/1.1" 200 1324
190.216.84.2 - - [03/Jan/2020:10:34:25 -0500] "GET /pot-2013/dts/dts_20feb2013_300pm.pdf HTTP/1.1" 206 65536
66.249.88.23 - - [03/Jan/2020:10:34:25 -0500] "GET /galeria/galeria/jquery.fancybox.js?v=2.1.5 HTTP/1.1" 200 48706
190.216.84.2 - - [03/Jan/2020:10:34:27 -0500] "GET /pot-2013/dts/dts_20feb2013_300pm.pdf HTTP/1.1" 206 65536
190.216.84.2 - - [03/Jan/2020:10:34:29 -0500] "GET /pot-2013/dts/dts_20feb2013_300pm.pdf HTTP/1.1" 206 65536
190.216.84.2 - - [03/Jan/2020:10:34:30 -0500] "GET /pot-2013/dts/dts_20feb2013_300pm.pdf HTTP/1.1" 206 65536
144.76.186.38 - - [03/Jan/2020:10:34:31 -0500] "GET /StormSDA/userFiles/user_files/96/?C=S;O=A/ HTTP/1.1" 200 813
190.216.84.2 - - [03/Jan/2020:10:34:31 -0500] "GET /pot-2013/dts/dts_20feb2013_300pm.pdf HTTP/1.1" 206 65536
190.216.84.2 - - [03/Jan/2020:10:34:32 -0500] "GET /pot-2013/dts/dts_20feb2013_300pm.pdf HTTP/1.1" 206 65536
190.216.84.2 - - [03/Jan/2020:10:34:33 -0500] "GET /pot-2013/dts/dts_20feb2013_300pm.pdf HTTP/1.1" 206 65536
190.216.84.2 - - [03/Jan/2020:10:34:34 -0500] "GET /pot-2013/dts/dts_20feb2013_300pm.pdf HTTP/1.1" 206 65536
190.216.84.2 - - [03/Jan/2020:10:34:34 -0500] "GET /pot-2013/dts/dts_20feb2013_300pm.pdf HTTP/1.1" 206 65536
190.216.84.2 - - [03/Jan/2020:10:34:35 -0500] "GET /pot-2013/dts/dts_20feb2013_300pm.pdf HTTP/1.1" 206 65536
66.249.64.63 - - [03/Jan/2020:10:34:35 -0500] "GET /BLA/resoluciones/RESOLUCIONES%202010/1013.pdf HTTP/1.1" 200 106830
190.216.84.2 - - [03/Jan/2020:10:34:36 -0500] "GET /pot-2013/dts/dts_20feb2013_300pm.pdf HTTP/1.1" 206 65536
190.216.84.2 - - [03/Jan/2020:10:34:37 -0500] "GET /pot-2013/dts/dts_20feb2013_300pm.pdf HTTP/1.1" 206 65536
190.216.84.2 - - [03/Jan/2020:10:34:39 -0500] "GET /pot-2013/dts/dts_20feb2013_300pm.pdf HTTP/1.1" 206 65536
190.216.84.2 - - [03/Jan/2020:10:34:42 -0500] "GET /pot-2013/dts/dts_20feb2013_300pm.pdf HTTP/1.1" 206 65536
190.216.84.2 - - [03/Jan/2020:10:34:44 -0500] "GET /pot-2013/dts/dts_20feb2013_300pm.pdf HTTP/1.1" 206 65536
190.216.84.2 - - [03/Jan/2020:10:34:44 -0500] "GET /pot-2013/dts/dts_20feb2013_300pm.pdf HTTP/1.1" 206 65536
190.216.84.2 - - [03/Jan/2020:10:34:45 -0500] "GET /pot-2013/dts/dts_20feb2013_300pm.pdf HTTP/1.1" 206 65536
190.216.84.2 - - [03/Jan/2020:10:34:46 -0500] "GET /pot-2013/dts/dts_20feb2013_300pm.pdf HTTP/1.1" 206 65536
144.76.186.38 - - [03/Jan/2020:10:34:46 -0500] "GET /StormSDA/userFiles/user_files/96/?C=S;O=D/ HTTP/1.1" 200 813
190.216.84.2 - - [03/Jan/2020:10:34:47 -0500] "GET /pot-2013/dts/dts_20feb2013_300pm.pdf HTTP/1.1" 206 65536
190.216.84.2 - - [03/Jan/2020:10:34:48 -0500] "GET /pot-2013/dts/dts_20feb2013_300pm.pdf HTTP/1.1" 206 65536
190.216.84.2 - - [03/Jan/2020:10:34:49 -0500] "GET /pot-2013/dts/dts_20feb2013_300pm.pdf HTTP/1.1" 206 65536
66.249.88.19 - - [03/Jan/2020:10:34:50 -0500] "GET /BLA/boletinlegal/js/jquery.scrollShow.js HTTP/1.1" 200 4586
66.249.88.19 - - [03/Jan/2020:10:34:50 -0500] "GET /galeria/galeria/jquery.fancybox.css?v=2.1.5 HTTP/1.1" 200 4895
66.249.88.23 - - [03/Jan/2020:10:34:50 -0500] "GET /galeria/galeria/jquery.fancybox.js?v=2.1.5 HTTP/1.1" 200 48706
190.216.84.2 - - [03/Jan/2020:10:34:50 -0500] "GET /pot-2013/dts/dts_20feb2013_300pm.pdf HTTP/1.1" 206 65536
190.216.84.2 - - [03/Jan/2020:10:34:52 -0500] "GET /pot-2013/dts/dts_20feb2013_300pm.pdf HTTP/1.1" 206 65536
190.216.84.2 - - [03/Jan/2020:10:34:53 -0500] "GET /pot-2013/dts/dts_20feb2013_300pm.pdf HTTP/1.1" 206 65536
190.216.84.2 - - [03/Jan/2020:10:34:54 -0500] "GET /pot-2013/dts/dts_20feb2013_300pm.pdf HTTP/1.1" 206 65536
190.216.84.2 - - [03/Jan/2020:10:34:55 -0500] "GET /pot-2013/dts/dts_20feb2013_300pm.pdf HTTP/1.1" 206 65536
190.216.84.2 - - [03/Jan/2020:10:34:57 -0500] "GET /pot-2013/dts/dts_20feb2013_300pm.pdf HTTP/1.1" 206 65536
190.216.84.2 - - [03/Jan/2020:10:34:58 -0500] "GET /pot-2013/dts/dts_20feb2013_300pm.pdf HTTP/1.1" 206 65536
144.76.186.38 - - [03/Jan/2020:10:34:59 -0500] "GET /StormSDA/userFiles/user_files/formatos/?C=M;O=A/ HTTP/1.1" 200 1454
190.216.84.2 - - [03/Jan/2020:10:35:00 -0500] "GET /pot-2013/dts/dts_20feb2013_300pm.pdf HTTP/1.1" 206 65536
190.216.84.2 - - [03/Jan/2020:10:35:01 -0500] "GET /pot-2013/dts/dts_20feb2013_300pm.pdf HTTP/1.1" 206 65536
201.245.192.253 - - [03/Jan/2020:10:35:04 -0500] "GET /galeria/nivo-slider/demo/inicio.html HTTP/1.1" 200 3203
201.245.192.253 - - [03/Jan/2020:10:35:05 -0500] "GET /galeria/nivo-slider/style.css HTTP/1.1" 200 2104
201.245.192.253 - - [03/Jan/2020:10:35:05 -0500] "GET /galeria/nivo-slider/demo/images/bannercaminatasenero.jpg HTTP/1.1" 200 515042
201.245.192.253 - - [03/Jan/2020:10:35:05 -0500] "GET /galeria/nivo-slider/demo/images/bannercigarrillos.jpg HTTP/1.1" 200 230953
201.245.192.253 - - [03/Jan/2020:10:35:05 -0500] "GET /galeria/nivo-slider/demo/images/Bannercalculadoraweb.jpg HTTP/1.1" 200 301964
201.245.192.253 - - [03/Jan/2020:10:35:05 -0500] "GET /galeria/nivo-slider/demo/images/bannervisorweb.jpg HTTP/1.1" 200 201837
201.245.192.253 - - [03/Jan/2020:10:35:05 -0500] "GET /galeria/nivo-slider/demo/images/bannertinguaweb.jpg HTTP/1.1" 200 227793
201.245.192.253 - - [03/Jan/2020:10:35:05 -0500] "GET /galeria/nivo-slider/demo/images/bannerpuntosweb.jpg HTTP/1.1" 200 234282
190.70.177.59 - - [03/Jan/2020:10:35:08 -0500] "GET /Residuos/maderas/files/guia_maderas.pdf HTTP/1.1" 200 14225972
190.70.177.59 - - [03/Jan/2020:10:35:10 -0500] "GET /favicon.ico HTTP/1.1" 200 7782
144.76.186.38 - - [03/Jan/2020:10:35:13 -0500] "GET /StormSDA/userFiles/user_files/formatos/?C=S;O=A/ HTTP/1.1" 200 1454
144.76.186.38 - - [03/Jan/2020:10:35:26 -0500] "GET /StormSDA/userFiles/user_files/formulas/3/?C=D;O=A/ HTTP/1.1" 200 838
190.127.196.243 - - [03/Jan/2020:10:35:27 -0500] "GET /galeria/nivo-slider/demo/images/bannerwebmusgo.jpg HTTP/1.1" 200 367364
144.76.186.38 - - [03/Jan/2020:10:35:39 -0500] "GET /StormSDA/userFiles/user_files/formulas/3/?C=M;O=A/ HTTP/1.1" 200 838
201.184.121.162 - - [03/Jan/2020:10:35:41 -0500] "GET /galeria/carrusel/Carrusel/jquery-ui-1.8.13.custom.min.js HTTP/1.1" 200 10800
201.184.121.162 - - [03/Jan/2020:10:35:41 -0500] "GET /galeria/galeria/jquery.fancybox.js?v=2.1.5 HTTP/1.1" 200 48706
201.184.121.162 - - [03/Jan/2020:10:35:41 -0500] "GET /BLA/boletinlegal/js/jquery.scrollShow.js HTTP/1.1" 200 4586
201.184.121.162 - - [03/Jan/2020:10:35:41 -0500] "GET /galeria/carrusel/Carrusel/jquery.thumbnailScroller.js HTTP/1.1" 200 8157
201.184.121.162 - - [03/Jan/2020:10:35:41 -0500] "GET /galeria/carrusel/Carrusel/jquery.thumbnailScroller.css HTTP/1.1" 200 2066
201.184.121.162 - - [03/Jan/2020:10:35:41 -0500] "GET /galeria/galeria/jquery.fancybox.css?v=2.1.5 HTTP/1.1" 200 4895
201.184.121.162 - - [03/Jan/2020:10:35:42 -0500] "GET /galeria/nivo-slider/demo/inicio.html HTTP/1.1" 200 3203
201.184.121.162 - - [03/Jan/2020:10:35:42 -0500] "GET /galeria/nivo-slider/themes/pascal/pascal.css HTTP/1.1" 200 2258
201.184.121.162 - - [03/Jan/2020:10:35:42 -0500] "GET /galeria/nivo-slider/themes/default/default.css HTTP/1.1" 200 1569
201.184.121.162 - - [03/Jan/2020:10:35:42 -0500] "GET /galeria/nivo-slider/themes/orman/orman.css HTTP/1.1" 200 2152
201.184.121.162 - - [03/Jan/2020:10:35:42 -0500] "GET /galeria/nivo-slider/nivo-slider.css HTTP/1.1" 200 1507
201.184.121.162 - - [03/Jan/2020:10:35:42 -0500] "GET /galeria/nivo-slider/style.css HTTP/1.1" 200 2104
201.184.121.162 - - [03/Jan/2020:10:35:42 -0500] "GET /galeria/nivo-slider/demo/scripts/jquery-1.7.1.min.js HTTP/1.1" 200 93868
201.184.121.162 - - [03/Jan/2020:10:35:42 -0500] "GET /galeria/nivo-slider/jquery.nivo.slider.pack.js HTTP/1.1" 200 11561
201.184.121.162 - - [03/Jan/2020:10:35:42 -0500] "GET /galeria/nivo-slider/themes/default/loading.gif HTTP/1.1" 200 1737
201.184.121.162 - - [03/Jan/2020:10:35:42 -0500] "GET /galeria/nivo-slider/demo/images/bannercaminatasenero.jpg HTTP/1.1" 200 515042
201.184.121.162 - - [03/Jan/2020:10:35:42 -0500] "GET /galeria/nivo-slider/demo/images/bannercigarrillos.jpg HTTP/1.1" 200 230953
201.184.121.162 - - [03/Jan/2020:10:35:42 -0500] "GET /galeria/nivo-slider/demo/images/Bannercalculadoraweb.jpg HTTP/1.1" 200 301964
201.184.121.162 - - [03/Jan/2020:10:35:42 -0500] "GET /galeria/nivo-slider/demo/images/bannervisorweb.jpg HTTP/1.1" 200 201837
201.184.121.162 - - [03/Jan/2020:10:35:43 -0500] "GET /galeria/nivo-slider/demo/images/bannertinguaweb.jpg HTTP/1.1" 200 227793
201.184.121.162 - - [03/Jan/2020:10:35:43 -0500] "GET /galeria/nivo-slider/demo/images/bannerpuntosweb.jpg HTTP/1.1" 200 234282
201.184.121.162 - - [03/Jan/2020:10:35:44 -0500] "GET /galeria/nivo-slider/themes/default/arrows.png HTTP/1.1" 200 824
201.184.121.162 - - [03/Jan/2020:10:35:44 -0500] "GET /galeria/nivo-slider/themes/default/bullets.png HTTP/1.1" 200 1281
144.76.186.38 - - [03/Jan/2020:10:35:54 -0500] "GET /StormSDA/userFiles/user_files/formulas/3/?C=S;O=A/ HTTP/1.1" 200 838
190.130.121.143 - - [03/Jan/2020:10:36:04 -0500] "GET /galeria/galeria/jquery.fancybox.css?v=2.1.5 HTTP/1.1" 200 4895
190.130.121.143 - - [03/Jan/2020:10:36:05 -0500] "GET /BLA/boletinlegal/js/jquery.scrollShow.js HTTP/1.1" 200 4586
190.130.121.143 - - [03/Jan/2020:10:36:05 -0500] "GET /galeria/galeria/jquery.fancybox.js?v=2.1.5 HTTP/1.1" 200 48706
144.76.186.38 - - [03/Jan/2020:10:36:09 -0500] "GET /StormSDA/userFiles/user_files/formulas/?C=D;O=A/ HTTP/1.1" 200 1440
186.28.246.122 - - [03/Jan/2020:10:36:10 -0500] "GET /galeria/galeria/jquery.fancybox.css?v=2.1.5 HTTP/1.1" 200 4895
186.28.246.122 - - [03/Jan/2020:10:36:10 -0500] "GET /BLA/boletinlegal/js/jquery.scrollShow.js HTTP/1.1" 304 -
186.28.246.122 - - [03/Jan/2020:10:36:10 -0500] "GET /galeria/carrusel/Carrusel/jquery.thumbnailScroller.css HTTP/1.1" 200 2066
186.28.246.122 - - [03/Jan/2020:10:36:10 -0500] "GET /galeria/galeria/jquery.fancybox.js?v=2.1.5 HTTP/1.1" 304 -
186.28.246.122 - - [03/Jan/2020:10:36:10 -0500] "GET /galeria/carrusel/Carrusel/jquery.thumbnailScroller.js HTTP/1.1" 304 -
186.28.246.122 - - [03/Jan/2020:10:36:10 -0500] "GET /galeria/carrusel/Carrusel/jquery-ui-1.8.13.custom.min.js HTTP/1.1" 304 -
186.28.246.122 - - [03/Jan/2020:10:36:11 -0500] "GET /galeria/nivo-slider/demo/inicio.html HTTP/1.1" 200 3203
186.28.246.122 - - [03/Jan/2020:10:36:11 -0500] "GET /galeria/nivo-slider/themes/orman/orman.css HTTP/1.1" 200 2152
186.28.246.122 - - [03/Jan/2020:10:36:11 -0500] "GET /galeria/nivo-slider/themes/pascal/pascal.css HTTP/1.1" 200 2258
186.28.246.122 - - [03/Jan/2020:10:36:11 -0500] "GET /galeria/nivo-slider/themes/default/default.css HTTP/1.1" 200 1569
186.28.246.122 - - [03/Jan/2020:10:36:11 -0500] "GET /galeria/nivo-slider/nivo-slider.css HTTP/1.1" 200 1507
186.28.246.122 - - [03/Jan/2020:10:36:11 -0500] "GET /galeria/nivo-slider/style.css HTTP/1.1" 200 2104
186.28.246.122 - - [03/Jan/2020:10:36:11 -0500] "GET /galeria/nivo-slider/demo/scripts/jquery-1.7.1.min.js HTTP/1.1" 304 -
186.28.246.122 - - [03/Jan/2020:10:36:11 -0500] "GET /galeria/nivo-slider/jquery.nivo.slider.pack.js HTTP/1.1" 304 -
66.249.64.59 - - [03/Jan/2020:10:36:12 -0500] "GET /BLA/resoluciones/AUTOS%202009/2935.pdf HTTP/1.1" 200 181654
186.28.246.122 - - [03/Jan/2020:10:36:12 -0500] "GET /galeria/nivo-slider/demo/images/bannervisorweb.jpg HTTP/1.1" 200 201837
186.28.246.122 - - [03/Jan/2020:10:36:12 -0500] "GET /galeria/nivo-slider/demo/images/bannercigarrillos.jpg HTTP/1.1" 200 230953
186.28.246.122 - - [03/Jan/2020:10:36:12 -0500] "GET /galeria/nivo-slider/demo/images/bannercaminatasenero.jpg HTTP/1.1" 200 515042
186.28.246.122 - - [03/Jan/2020:10:36:12 -0500] "GET /galeria/nivo-slider/demo/images/bannertinguaweb.jpg HTTP/1.1" 200 227793
186.28.246.122 - - [03/Jan/2020:10:36:12 -0500] "GET /galeria/nivo-slider/demo/images/Bannercalculadoraweb.jpg HTTP/1.1" 200 301964
186.28.246.122 - - [03/Jan/2020:10:36:12 -0500] "GET /galeria/nivo-slider/themes/default/loading.gif HTTP/1.1" 200 1737
186.28.246.122 - - [03/Jan/2020:10:36:13 -0500] "GET /galeria/nivo-slider/demo/images/bannerpuntosweb.jpg HTTP/1.1" 200 234282
190.127.196.243 - - [03/Jan/2020:10:36:21 -0500] "GET /galeria/nivo-slider/demo/images/bannerjardines.jpg HTTP/1.1" 200 417948
144.76.186.38 - - [03/Jan/2020:10:36:22 -0500] "GET /StormSDA/userFiles/user_files/formulas/?C=M;O=A/ HTTP/1.1" 200 1440
144.76.186.38 - - [03/Jan/2020:10:36:38 -0500] "GET /StormSDA/userFiles/user_files/formulas/?C=S;O=A/ HTTP/1.1" 200 1440
201.245.192.253 - - [03/Jan/2020:10:36:06 -0500] "POST /kwsrmcab/Wsrmcab HTTP/1.1" 200 32042
144.76.186.38 - - [03/Jan/2020:10:36:49 -0500] "GET /galeria/?C=N;O=D/ HTTP/1.1" 200 3296
190.127.196.243 - - [03/Jan/2020:10:36:55 -0500] "GET /BLA/boletinlegal/js/jquery.scrollShow.js HTTP/1.1" 304 -
190.127.196.243 - - [03/Jan/2020:10:36:56 -0500] "GET /galeria/galeria/jquery.fancybox.css?v=2.1.5 HTTP/1.1" 304 -
190.127.196.243 - - [03/Jan/2020:10:36:56 -0500] "GET /galeria/galeria/jquery.fancybox.js?v=2.1.5 HTTP/1.1" 304 -
66.249.64.63 - - [03/Jan/2020:10:37:02 -0500] "GET /BLA/resoluciones/AUTOS%202014/6611.pdf HTTP/1.1" 200 616926
190.127.196.243 - - [03/Jan/2020:10:37:05 -0500] "GET /BLA/boletinlegal/js/jquery.scrollShow.js HTTP/1.1" 304 -
190.127.196.243 - - [03/Jan/2020:10:37:05 -0500] "GET /galeria/galeria/jquery.fancybox.css?v=2.1.5 HTTP/1.1" 304 -
190.127.196.243 - - [03/Jan/2020:10:37:05 -0500] "GET /galeria/galeria/jquery.fancybox.js?v=2.1.5 HTTP/1.1" 304 -
144.76.186.38 - - [03/Jan/2020:10:37:06 -0500] "GET /galeria/Carrusel2/?C=S;O=D/ HTTP/1.1" 200 2143
66.249.64.61 - - [03/Jan/2020:10:37:11 -0500] "GET /BLA/resoluciones/RESOLUCIONES%202017/0988.pdf HTTP/1.1" 200 2018943
77.88.5.6 - - [03/Jan/2020:10:37:41 -0500] "GET /robots.txt HTTP/1.1" 404 1019
77.88.5.6 - - [03/Jan/2020:10:37:44 -0500] "GET /PruebasSTORM/StormSDA_pruebas/userFiles/user_files/formulas/3/465.xml HTTP/1.1" 200 1741
66.249.88.19 - - [03/Jan/2020:10:37:46 -0500] "GET /galeria/galeria/jquery.fancybox.js?v=2.1.5 HTTP/1.1" 200 48706
66.249.88.23 - - [03/Jan/2020:10:37:46 -0500] "GET /galeria/galeria/jquery.fancybox.css?v=2.1.5 HTTP/1.1" 200 4895
66.249.88.19 - - [03/Jan/2020:10:37:46 -0500] "GET /BLA/boletinlegal/js/jquery.scrollShow.js HTTP/1.1" 200 4586
66.249.64.61 - - [03/Jan/2020:10:37:48 -0500] "GET /BLA/resoluciones/RESOLUCIONES%202017/2118.pdf HTTP/1.1" 200 2207173
209.17.97.26 - - [03/Jan/2020:10:38:14 -0500] "GET / HTTP/1.1" 200 9990
69.162.124.232 - - [03/Jan/2020:10:38:48 -0500] "HEAD / HTTP/1.1" 200 -
216.244.66.195 - - [03/Jan/2020:10:39:05 -0500] "GET /BLA/resoluciones/RESOLUCIONES%202018/1937.pdf HTTP/1.1" 200 295084
216.244.66.195 - - [03/Jan/2020:10:39:10 -0500] "GET /BLA/resoluciones/RESOLUCIONES%202018/3406.pdf HTTP/1.1" 200 295317
190.255.40.77 - - [03/Jan/2020:10:39:13 -0500] "GET /BLA/resoluciones/RESOLUCIONES%202014/1724.pdf HTTP/1.1" 200 610777
190.255.40.77 - - [03/Jan/2020:10:39:14 -0500] "GET /favicon.ico HTTP/1.1" 200 7782
66.249.64.59 - - [03/Jan/2020:10:39:26 -0500] "GET /BLA/resoluciones/AUTOS%202017/0266.pdf HTTP/1.1" 200 694319
201.245.192.253 - - [03/Jan/2020:10:39:35 -0500] "GET /galeria/nivo-slider/demo/images/bannercigarrillos.jpg HTTP/1.1" 304 -
186.155.71.191 - - [03/Jan/2020:10:39:40 -0500] "GET /galeria/galeria/jquery.fancybox.js?v=2.1.5 HTTP/1.1" 304 -
186.155.71.191 - - [03/Jan/2020:10:39:41 -0500] "GET /galeria/galeria/jquery.fancybox.css?v=2.1.5 HTTP/1.1" 304 -
186.155.71.191 - - [03/Jan/2020:10:39:45 -0500] "GET /BLA/boletinlegal/js/jquery.scrollShow.js HTTP/1.1" 304 -
201.245.192.253 - - [03/Jan/2020:10:39:50 -0500] "GET /BLA/boletinlegal/js/jquery.scrollShow.js HTTP/1.1" 200 4586
201.245.192.253 - - [03/Jan/2020:10:39:50 -0500] "GET /galeria/galeria/jquery.fancybox.js?v=2.1.5 HTTP/1.1" 200 48706
201.245.192.253 - - [03/Jan/2020:10:39:50 -0500] "GET /galeria/galeria/jquery.fancybox.css?v=2.1.5 HTTP/1.1" 200 4895
201.245.192.253 - - [03/Jan/2020:10:39:50 -0500] "GET /galeria/carrusel/Carrusel/jquery.thumbnailScroller.css HTTP/1.1" 200 2066
201.245.192.253 - - [03/Jan/2020:10:39:50 -0500] "GET /galeria/carrusel/Carrusel/jquery-ui-1.8.13.custom.min.js HTTP/1.1" 200 10800
201.245.192.253 - - [03/Jan/2020:10:39:50 -0500] "GET /galeria/carrusel/Carrusel/jquery.thumbnailScroller.js HTTP/1.1" 200 8157
186.155.239.201 - - [03/Jan/2020:10:39:50 -0500] "GET /galeria/galeria/jquery.fancybox.css?v=2.1.5 HTTP/1.1" 200 4895
201.245.192.253 - - [03/Jan/2020:10:39:51 -0500] "GET /galeria/nivo-slider/demo/inicio.html HTTP/1.1" 200 3203
201.245.192.253 - - [03/Jan/2020:10:39:51 -0500] "GET /galeria/nivo-slider/themes/pascal/pascal.css HTTP/1.1" 200 2258
201.245.192.253 - - [03/Jan/2020:10:39:51 -0500] "GET /galeria/nivo-slider/themes/default/default.css HTTP/1.1" 200 1569
201.245.192.253 - - [03/Jan/2020:10:39:51 -0500] "GET /galeria/nivo-slider/style.css HTTP/1.1" 200 2104
201.245.192.253 - - [03/Jan/2020:10:39:51 -0500] "GET /galeria/nivo-slider/themes/orman/orman.css HTTP/1.1" 200 2152
