66.249.64.30 - - [04/Jan/2020:01:40:19 -0500] "GET /BLA/boletinlegal/Directivas/2019/Directiva%20No.%200001%20del%2011%20de%20junio%20de%202019.pdf HTTP/1.1" 200 228190
54.36.148.61 - - [04/Jan/2020:01:40:20 -0500] "GET /BLA/resoluciones/RESOLUCIONES%202005/RES%202005%20151-200/00000187.tif HTTP/1.1" 200 151988
66.249.64.59 - - [04/Jan/2020:01:40:26 -0500] "GET /sig/Gesti%C3%83%C2%B3n%20de%20Recursos%20F%C3%83%C2%ADsicos/126PA04-PR28.pdf HTTP/1.1" 404 1018
40.77.190.17 - - [04/Jan/2020:01:40:35 -0500] "GET /galeria/galeria/jquery.fancybox.js?v=2.1.5 HTTP/1.1" 200 48706
66.249.64.28 - - [04/Jan/2020:01:40:45 -0500] "GET /SIG/Gesti%C3%B3n%20Jur%C3%ADdica/126PA05-PR01.pdf HTTP/1.1" 200 69562
66.249.64.27 - - [04/Jan/2020:01:40:53 -0500] "GET /BLA/boletinlegal/images/screen_1.png HTTP/1.1" 304 -
216.244.66.195 - - [04/Jan/2020:01:41:00 -0500] "GET /BLA/resoluciones/RESOLUCIONES%202011/5061.pdf HTTP/1.1" 200 455963
66.249.64.181 - - [04/Jan/2020:01:41:05 -0500] "GET /PORTAL_SIAC/swf/banner1.swf HTTP/1.1" 200 51752
66.249.64.27 - - [04/Jan/2020:01:41:10 -0500] "GET /hum.pdf HTTP/1.1" 404 1019
66.249.64.177 - - [04/Jan/2020:01:41:12 -0500] "GET /PORTAL_SIAC/swf/banner1.swf HTTP/1.1" 200 51752
66.249.64.59 - - [04/Jan/2020:01:41:34 -0500] "GET /autoliquidacion/TR%C3%81MITES%20ACEITES-RESIDUOS-ESTACIONES/REG.%20GENERADOR/Carta%20Solicitud%20Inscripci%C3%B3n%20RESPEL.doc HTTP/1.1" 304 -
66.249.64.59 - - [04/Jan/2020:01:41:40 -0500] "GET /BLA/resoluciones/AUTOS%202009/3609.pdf HTTP/1.1" 200 245229
66.249.64.28 - - [04/Jan/2020:01:42:22 -0500] "GET /SIG/Gesti%C3%B3n%20Talento%20Humano/126PA01-PR15.pdf HTTP/1.1" 200 49275
66.249.64.30 - - [04/Jan/2020:01:42:37 -0500] "GET /BLA/boletinlegal/jurisprudencia/analisis/G__Jurisp.%20Junio%202014_Sent%20Tutela%20Drumond.docx HTTP/1.1" 200 25380
66.249.64.52 - - [04/Jan/2020:01:42:50 -0500] "GET /BLA/boletinlegal/jurisprudencia/analisis/G__Jurisp.%20Junio%202014_Sent%20Tutela%20Drumond.docx HTTP/1.1" 200 25380
66.249.64.29 - - [04/Jan/2020:01:43:06 -0500] "GET /portalsiaccapacitaciones/Soportes%20Capacitaciones%202017/Presentaci%C3%B3n%20Uso%20eficiente%20de%20Agua%20y%20Energ%C3%ADa.pdf HTTP/1.1" 200 2593869
66.249.64.61 - - [04/Jan/2020:01:43:12 -0500] "GET /BLA/resoluciones/AUTOS%202019/1820.pdf HTTP/1.1" 200 9473097
54.36.150.21 - - [04/Jan/2020:01:43:14 -0500] "GET /BLA/resoluciones/RESOLUCIONES%202005/RES%202005%201351-1400/00001371.tif HTTP/1.1" 200 167152
216.244.66.195 - - [04/Jan/2020:01:43:15 -0500] "GET /BLA/resoluciones/RESOLUCIONES%202011/5407.pdf HTTP/1.1" 200 455857
66.249.64.63 - - [04/Jan/2020:01:43:27 -0500] "GET /BLA/resoluciones/RESOLUCIONES%202016/0625.pdf HTTP/1.1" 200 479315
69.162.124.232 - - [04/Jan/2020:01:43:43 -0500] "HEAD / HTTP/1.1" 200 -
216.244.66.195 - - [04/Jan/2020:01:44:05 -0500] "GET /BLA/resoluciones/RESOLUCIONES%202011/5567.pdf HTTP/1.1" 200 542813
66.249.64.27 - - [04/Jan/2020:01:46:13 -0500] "GET /videos/galeria-cronicas/Caminata.htm HTTP/1.1" 200 3901
216.244.66.195 - - [04/Jan/2020:01:46:26 -0500] "GET /BLA/resoluciones/RESOLUCIONES%202011/5659.pdf HTTP/1.1" 200 537953
66.249.64.59 - - [04/Jan/2020:01:46:32 -0500] "GET /sig/Gesti%C3%83%C2%B3n%20de%20Recursos%20F%C3%83%C2%ADsicos/126PA04-PR34.pdf HTTP/1.1" 404 1018
66.249.64.29 - - [04/Jan/2020:01:47:04 -0500] "GET /SIG/Gesti%C3%B3n%20Talento%20Humano/126PA01-PR28.pdf HTTP/1.1" 200 48068
66.249.64.59 - - [04/Jan/2020:01:47:30 -0500] "GET /BLA/resoluciones/AUTOS%202014/3058.pdf HTTP/1.1" 304 -
54.36.148.125 - - [04/Jan/2020:01:47:54 -0500] "GET /galeria/galeria/fotos/Humedal-Santa-Mar%C3%ADa-del-Lago3G.jpg HTTP/1.1" 200 271832
66.249.64.29 - - [04/Jan/2020:01:47:55 -0500] "GET /portalsiaccapacitaciones/Soportes%20Capacitaciones%202017/Presentacion%20Eficiencia%20energetica%20EEB.pdf HTTP/1.1" 200 1677697
216.244.66.195 - - [04/Jan/2020:01:48:36 -0500] "GET /BLA/resoluciones/RESOLUCIONES%202011/5873.pdf HTTP/1.1" 200 625986
69.162.124.232 - - [04/Jan/2020:01:48:43 -0500] "HEAD / HTTP/1.1" 200 -
200.68.136.178 - - [04/Jan/2020:01:48:54 -0500] "GET /Residuos/cosmeticos/files/guia_cosmeticos-aseo.pdf HTTP/1.1" 200 13926317
54.36.148.140 - - [04/Jan/2020:01:49:10 -0500] "GET /BLA/resoluciones/index.php?dir=RESOLUCIONES+2007%2FRES+2007+901+AL+1000%2F HTTP/1.1" 200 26734
216.244.66.195 - - [04/Jan/2020:01:49:27 -0500] "GET /BLA/resoluciones/RESOLUCIONES%202011/6012.pdf HTTP/1.1" 200 689008
66.249.64.179 - - [04/Jan/2020:01:49:35 -0500] "GET /silvicultura/6.pdf HTTP/1.1" 200 215404
46.229.168.146 - - [04/Jan/2020:01:49:40 -0500] "GET /robots.txt HTTP/1.1" 404 1019
46.229.168.145 - - [04/Jan/2020:01:49:40 -0500] "GET /Anexos%20estudio%20Organizacional%20SDA/index.php?dir=ANEXO%2BNo.%2B9%2B-%2BRES%C3%83%C2%83%C3%82%C2%83%C3%83%C2%82%C3%82%C2%9AMENES%2BDE%2BLA%2BMEDICI%C3%83%C2%83%C3%82%C2%83%C3%83%C2%82%C3%82%C2%93N%2BDE%2BCARGAS%2BLABORALES%2BSDA%2F&order=asc&sort=name HTTP/1.1" 200 6289
66.249.64.59 - - [04/Jan/2020:01:50:00 -0500] "GET /Autoliquidacion/Solicitudes%20relacionadas%20con%20calidad%20del%20aire%20auditiva%20y%20visual/Acompa%C3%B1amiento%20para%20muestreo%20isocin%C3%A9tico%20y%20o%20determinaciones%20de%20emisiones%20a%20fuentes%20fijas/Protocolo%20para%20Monitoreo%20Emisiones%20Atmosfericas.pdf HTTP/1.1" 304 -
40.77.188.167 - - [04/Jan/2020:01:50:24 -0500] "GET /BLA/boletinlegal/js/jquery.scrollShow.js HTTP/1.1" 200 4586
66.249.64.59 - - [04/Jan/2020:01:50:26 -0500] "GET /autoliquidacion/Solicitudes%20relacionadas%20con%20calidad%20del%20aire%20auditiva%20y%20visual/Acompa%C3%B1amiento%20para%20muestreo%20isocin%C3%A9tico%20y%20o%20determinaciones%20de%20emisiones%20a%20fuentes%20fijas/Protocolo%20para%20Monitoreo%20Emisiones%20Atmosfericas.pdf HTTP/1.1" 304 -
66.249.64.59 - - [04/Jan/2020:01:51:23 -0500] "GET /resoluciones/RESOLUCIONES%202008/1457.pdf HTTP/1.1" 404 1018
216.244.66.195 - - [04/Jan/2020:01:51:47 -0500] "GET /BLA/resoluciones/RESOLUCIONES%202011/6068.pdf HTTP/1.1" 200 3388993
66.249.64.30 - - [04/Jan/2020:01:51:52 -0500] "GET /galeria/nivo-slider/demo/bannerwebmusgo.jpg HTTP/1.1" 200 367364
66.249.64.30 - - [04/Jan/2020:01:51:53 -0500] "GET /galeria/nivo-slider/demo/Banner%20Febrero%20caminatas.jpg HTTP/1.1" 200 281690
49.51.10.24 - - [04/Jan/2020:01:51:56 -0500] "GET / HTTP/1.0" 200 9990
49.51.10.24 - - [04/Jan/2020:01:51:56 -0500] "\x16\x03\x01" 400 291
66.249.64.29 - - [04/Jan/2020:01:52:17 -0500] "GET /icons/compressed.gif HTTP/1.1" 200 1038
66.249.64.29 - - [04/Jan/2020:01:52:44 -0500] "GET /galeria/nivo-slider/demo/bannerclimabog.jpg HTTP/1.1" 200 170671
66.249.64.30 - - [04/Jan/2020:01:53:11 -0500] "GET /galeria/nivo-slider/demo/banneriniciativa.jpg HTTP/1.1" 200 200385
66.249.64.29 - - [04/Jan/2020:01:53:40 -0500] "GET /galeria/nivo-slider/demo/bannerperiodista.jpg HTTP/1.1" 200 273481
69.162.124.232 - - [04/Jan/2020:01:53:43 -0500] "HEAD / HTTP/1.1" 200 -
66.249.64.59 - - [04/Jan/2020:01:53:48 -0500] "GET /BLA/resoluciones/RESOLUCIONES%202013/0804.pdf HTTP/1.1" 200 4132423
66.249.64.29 - - [04/Jan/2020:01:54:05 -0500] "GET /galeria/nivo-slider/demo/Bannercalculadora.jpg HTTP/1.1" 200 313099
216.244.66.195 - - [04/Jan/2020:01:54:08 -0500] "GET /BLA/resoluciones/RESOLUCIONES%202011/6413.pdf HTTP/1.1" 200 961578
216.244.66.195 - - [04/Jan/2020:01:54:14 -0500] "GET /BLA/resoluciones/RESOLUCIONES%202011/6890.pdf HTTP/1.1" 200 1820548
66.249.64.61 - - [04/Jan/2020:01:54:14 -0500] "GET /BLA/resoluciones/AUTOS%202014/5733.pdf HTTP/1.1" 200 421288
216.244.66.195 - - [04/Jan/2020:01:54:18 -0500] "GET /BLA/resoluciones/RESOLUCIONES%202011/6923.pdf HTTP/1.1" 200 2555347
66.249.64.29 - - [04/Jan/2020:01:54:33 -0500] "GET /galeria/nivo-slider/demo/diciembrecaminatas.png HTTP/1.1" 200 510724
66.249.64.33 - - [04/Jan/2020:01:54:39 -0500] "GET /BLA/boletinlegal/jurisprudencia/analisis/CUADRO%20SENTENCIA%20C-222%20DE%202011.doc HTTP/1.1" 304 -
66.249.64.30 - - [04/Jan/2020:01:55:04 -0500] "GET /icons/folder.gif HTTP/1.1" 200 225
66.249.64.61 - - [04/Jan/2020:01:55:06 -0500] "GET /BLA/resoluciones/AUTOS%202017/2441.pdf HTTP/1.1" 200 326381
66.249.64.61 - - [04/Jan/2020:01:55:23 -0500] "GET /BLA/resoluciones/AUTOS%202009/2728.pdf HTTP/1.1" 200 80834
66.249.64.29 - - [04/Jan/2020:01:55:30 -0500] "GET /galeria/nivo-slider/demo/Bannerpread.jpg HTTP/1.1" 200 256621
66.249.64.59 - - [04/Jan/2020:01:55:32 -0500] "GET /BLA/resoluciones/RESOLUCIONES%202013/0800.pdf HTTP/1.1" 200 2057306
66.249.64.59 - - [04/Jan/2020:01:55:36 -0500] "GET /BLA/resoluciones/AUTOS%202009/1195.pdf HTTP/1.1" 200 124130
66.249.64.29 - - [04/Jan/2020:01:55:57 -0500] "GET /galeria/nivo-slider/demo/bannerrendicion.jpg HTTP/1.1" 200 153938
66.249.64.59 - - [04/Jan/2020:01:56:11 -0500] "GET /BLA/resoluciones/RESOLUCIONES%202009/0770.pdf HTTP/1.1" 200 478378
66.249.64.29 - - [04/Jan/2020:01:56:31 -0500] "GET /galeria/nivo-slider/demo/bannercapaclimasostenible.jpg HTTP/1.1" 200 103893
66.249.64.59 - - [04/Jan/2020:01:56:36 -0500] "GET /BLA/resoluciones/AUTOS%202009/1555.pdf HTTP/1.1" 200 111512
54.36.150.151 - - [04/Jan/2020:01:56:49 -0500] "GET /BLA/resoluciones/RESOLUCIONES%202001/2001%2001-49.TIF HTTP/1.1" 200 8692410
66.249.64.59 - - [04/Jan/2020:01:56:58 -0500] "GET /BLA/resoluciones/AUTOS%202010/3087.pdf HTTP/1.1" 200 162781
66.249.64.31 - - [04/Jan/2020:01:57:05 -0500] "GET /portel_dama/libreria/php/2006/ECOSISTEMAS%20FINAL%20web_mz27/restauracion/sitio/55_artic/xtras/2.pdf HTTP/1.1" 404 1019
66.249.64.59 - - [04/Jan/2020:01:57:07 -0500] "GET /BLA/resoluciones/AUTOS%202007/0926.pdf HTTP/1.1" 200 215731
66.249.64.59 - - [04/Jan/2020:01:57:17 -0500] "GET /BLA/resoluciones/AUTOS%202009/2946.pdf HTTP/1.1" 200 187742
46.229.168.141 - - [04/Jan/2020:01:57:21 -0500] "GET /Anexos%20estudio%20Organizacional%20SDA/index.php?dir=ANEXO%2BNo.%2B8%2B-%2BMATRICES%2BDE%2BREGISTRO%2BY%2BDE%2BSALIDA%2BMEDICI%C3%83%C2%83%C3%82%C2%83%C3%83%C2%82%C3%82%C2%83%C3%83%C2%83%C3%82%C2%82%C3%83%C2%82%C3%82%C2%83%C3%83%C2%83%C3%82%C2%83%C3%83%C2%82%C3%82%C2%82%C3%83%C2%83%C3%82%C2%82%C3%83%C2%82%C3%82%C2%83%C3%83%C2%83%C3%82%C2%83%C3%83%C2%82%C3%82%C2%83%C3%83%C2%83%C3%82%C2%82%C3%83%C2%82%C3%82%C2%82%C3%83%C2%83%C3%82%C2%83%C3%83%C2%82%C3%82%C2%82%C3%83%C2%83%C3%82%C2%82%C3%83%C2%82%C3%82%C2%83%C3%83%C2%83%C3%82%C2%83%C3%83%C2%82%C3%82%C2%83%C3%83%C2%83%C3%82%C2%82%C3%83%C2%82%C3%82%C2%83%C3%83%C2%83%C3%82%C2%83%C3%83%C2%82%C3%82%C2%82%C3%83%C2%83%C3%82%C2%82%C3%83%C2%82%C3%82%C2%82%C3%83%C2%83%C3%82%C2%83%C3%83%C2%82%C3%82%C2%83%C3%83%C2%83%C3%82%C2%82%C3%83%C2%82%C3%82%C2%82%C3%83%C2%83%C3%82%C2%83%C3%83%C2%82%C3%82%C2%82%C3%83%C2%83%C3%82%C2%82%C3%83%C2%82%C3%82%C2%83%C3%83%C2%83%C3%82%C2%83%C3%83%C2%82%C3%82%C2%83%C3%83%C2%83%C3%82%C2%82%C3%83%C2%82%C3%82%C2%83%C3%83%C2%83%C3%82%C2%83%C3%83%C2%82%C3%82%C2%82%C3%83%C2%83%C3%82%C2%82%C3%83%C2%82%C3%82%C2%83%C3%83%C2%83%C3%82%C2%83%C3%83%C2%82%C3%82%C2%83%C3%83%C2%83%C3%82%C2%82%C3%83%C2%82%C3%82%C2%82%C3%83%C2%83%C3%82%C2%83%C3%83%C2%82%C3%82%C2%82%C3%83%C2%83%C3%82%C2%82%C3%83%C2%82%C3%82%C2%82%C3%83%C2%83%C3%82%C2%83%C3%83%C2%82%C3%82%C2%83%C3%83%C2%83%C3%82%C2%82%C3%83%C2%82%C3%82%C2%83%C3%83%C2%83%C3%82%C2%83%C3%83%C2%82%C3%82%C2%82%C3%83%C2%83%C3%82%C2%82%C3%83%C2%82%C3%82%C2%82%C3%83%C2%83%C3%82%C2%83%C3%83%C2%82%C3%82%C2%83%C3%83%C2%83%C3%82%C2%82%C3%83%C2%82%C3%82%C2%82%C3%83%C2%83%C3%82%C2%83%C3%83%C2%82%C3%82%C2%82%C3%83%C2%83%C3%82%C2%82%C3%83%C2%82%C3%82%C2%93N%2BCARGAS%2BLABORALES%2BSDA%2F&order=desc&sort=size HTTP/1.1" 200 7773
66.249.64.59 - - [04/Jan/2020:01:57:37 -0500] "GET /BLA/resoluciones/AUTOS%202009/3565.pdf HTTP/1.1" 200 218757
54.36.150.189 - - [04/Jan/2020:01:57:51 -0500] "GET /BLA/resoluciones/RESOLUCIONES%202006/RES%202006%20%202901-2950/00002911.tif HTTP/1.1" 200 81372
66.249.64.59 - - [04/Jan/2020:01:58:00 -0500] "GET /BLA/boletinlegal/jurisprudencia/analisis/ANALISIST-257-96.docx HTTP/1.1" 200 19486
66.249.64.61 - - [04/Jan/2020:01:58:27 -0500] "GET /silvicultura/11.pdf HTTP/1.1" 200 672381
69.162.124.232 - - [04/Jan/2020:01:58:42 -0500] "HEAD / HTTP/1.1" 200 -
66.249.64.59 - - [04/Jan/2020:01:58:46 -0500] "GET /autoliquidacion/TR%C3%81MITES%20ACEITES-RESIDUOS-ESTACIONES/REG.%20GENERADOR/Lista%20de%20Chequeo%20Reg%20Generador%20RESPEL.xls HTTP/1.1" 304 -
66.249.64.59 - - [04/Jan/2020:01:59:10 -0500] "GET /BLA/resoluciones/RESOLUCIONES%202014/0933.pdf HTTP/1.1" 304 -
190.239.193.136 - - [04/Jan/2020:01:59:24 -0500] "GET /galeria/galeria/jquery.fancybox.css?v=2.1.5 HTTP/1.1" 200 4895
190.239.193.136 - - [04/Jan/2020:01:59:24 -0500] "GET /BLA/boletinlegal/js/jquery.scrollShow.js HTTP/1.1" 200 4586
190.239.193.136 - - [04/Jan/2020:01:59:24 -0500] "GET /galeria/galeria/jquery.fancybox.js?v=2.1.5 HTTP/1.1" 200 48706
66.249.64.59 - - [04/Jan/2020:01:59:30 -0500] "GET /BLA/resoluciones/Acuerdos/Acuerdo%20N%C2%B0%203%20-2017.pdf HTTP/1.1" 304 -
66.249.64.59 - - [04/Jan/2020:01:59:53 -0500] "GET /BLA/resoluciones/RESOLUCIONES%202007/RES%202007%203801%20AL%203900/RESOLUCION%203846%20DE%202007.pdf HTTP/1.1" 200 770998
46.229.168.149 - - [04/Jan/2020:02:01:11 -0500] "GET /Anexos%20estudio%20Organizacional%20SDA/index.php?dir=ANEXO%2BNo.11-PROYECTO%2BDE%2BDECRETO%2BMODIFICATORIO%2BPLANTA%2BDE%2BCARGOS%2BSDA%2F&order=desc&sort=size HTTP/1.1" 200 6210
66.249.64.59 - - [04/Jan/2020:02:01:40 -0500] "GET /BLA/resoluciones/AUTOS%202009/2253.pdf HTTP/1.1" 200 121790
66.249.64.59 - - [04/Jan/2020:02:02:10 -0500] "GET /sig/Gesti%C3%83%C2%B3n%20de%20Recursos%20F%C3%83%C2%ADsicos/126PA04-PR18.pdf HTTP/1.1" 404 1018
66.249.64.59 - - [04/Jan/2020:02:03:22 -0500] "GET /BLA/resoluciones/AUTOS%202009/3114.pdf HTTP/1.1" 200 100710
66.249.64.59 - - [04/Jan/2020:02:03:28 -0500] "GET /BLA/resoluciones/AUTOS%202014/5569.pdf HTTP/1.1" 200 186777
66.249.64.59 - - [04/Jan/2020:02:03:38 -0500] "GET /BLA/resoluciones/RESOLUCIONES%202008/4251.pdf HTTP/1.1" 200 697376
69.162.124.232 - - [04/Jan/2020:02:03:42 -0500] "HEAD / HTTP/1.1" 200 -
46.229.168.149 - - [04/Jan/2020:02:05:33 -0500] "GET /robots.txt HTTP/1.1" 404 1019
46.229.168.144 - - [04/Jan/2020:02:05:33 -0500] "GET /Autoliquidacion/index.php?dir=Solicitudes%2Brelacionadas%2Bcon%2Bocupaci%C3%83%C2%83%C3%82%C2%83%C3%83%C2%82%C3%82%C2%B3n%2Bde%2Bcauce%2F&order=desc&sort=date HTTP/1.1" 200 6717
66.249.64.59 - - [04/Jan/2020:02:05:42 -0500] "GET /BLA/resoluciones/RESOLUCIONES%202014/0452.pdf HTTP/1.1" 200 479321
66.249.64.59 - - [04/Jan/2020:02:05:48 -0500] "GET /BLA/resoluciones/AUTOS%202009/2618.pdf HTTP/1.1" 200 81918
54.36.150.185 - - [04/Jan/2020:02:06:04 -0500] "GET /BLA/resoluciones/index.php?dir=Notificaciones%2FRESOLUCIONES+2019%2F HTTP/1.1" 200 17750
66.249.64.59 - - [04/Jan/2020:02:06:05 -0500] "GET /BLA/resoluciones/AUTOS%202009/0369.pdf HTTP/1.1" 200 623224
66.249.64.59 - - [04/Jan/2020:02:06:16 -0500] "GET /BLA/resoluciones/AUTOS%202007/1505.pdf HTTP/1.1" 200 83968
54.36.150.175 - - [04/Jan/2020:02:06:16 -0500] "GET /BLA/resoluciones/RESOLUCIONES%202006/RES%202006%201751-1800/00001755.tif HTTP/1.1" 200 166430
66.249.64.59 - - [04/Jan/2020:02:06:36 -0500] "GET /BLA/resoluciones/AUTOS%202009/0974.pdf HTTP/1.1" 200 111206
66.249.64.52 - - [04/Jan/2020:02:07:18 -0500] "GET /portel_dama/libreria/php/2006/ECOSISTEMAS%20FINAL%20web_mz27/x%20restauracion/sitio/55_artic/xtras/10.pdf HTTP/1.1" 404 1018
186.30.72.127 - - [04/Jan/2020:02:08:27 -0500] "GET /BLA/boletinlegal/style.css HTTP/1.1" 200 9406
186.30.72.127 - - [04/Jan/2020:02:08:27 -0500] "GET /BLA/boletinlegal/styles2.css HTTP/1.1" 200 1838
186.30.72.127 - - [04/Jan/2020:02:08:27 -0500] "GET /BLA/boletinlegal/js/jquery.js HTTP/1.1" 200 57254
186.30.72.127 - - [04/Jan/2020:02:08:27 -0500] "GET /BLA/boletinlegal/js/jquery.scrollTo-min.js HTTP/1.1" 200 1150
186.30.72.127 - - [04/Jan/2020:02:08:27 -0500] "GET /BLA/boletinlegal/js/jquery.scrollShow.js HTTP/1.1" 200 4586
186.30.72.127 - - [04/Jan/2020:02:08:27 -0500] "GET /BLA/boletinlegal/images/cabezote%20BLEGAL.jpg HTTP/1.1" 200 118164
186.30.72.127 - - [04/Jan/2020:02:08:27 -0500] "GET /BLA/boletinlegal/images/subscribe-icon-big.png HTTP/1.1" 200 47702
186.30.72.127 - - [04/Jan/2020:02:08:27 -0500] "GET /BLA/boletinlegal/images/historia.png HTTP/1.1" 200 52775
186.30.72.127 - - [04/Jan/2020:02:08:27 -0500] "GET /BLA/boletinlegal/images/registro-usuarios.png HTTP/1.1" 200 8106
186.30.72.127 - - [04/Jan/2020:02:08:27 -0500] "GET /BLA/boletinlegal/images/arr_l.jpg HTTP/1.1" 200 1979
186.30.72.127 - - [04/Jan/2020:02:08:27 -0500] "GET /BLA/boletinlegal/images/screen_1.png HTTP/1.1" 200 202547
186.30.72.127 - - [04/Jan/2020:02:08:27 -0500] "GET /BLA/boletinlegal/images/launch.jpg HTTP/1.1" 200 14577
186.30.72.127 - - [04/Jan/2020:02:08:27 -0500] "GET /BLA/boletinlegal/images/body_bg.jpg HTTP/1.1" 200 1601
186.30.72.127 - - [04/Jan/2020:02:08:27 -0500] "GET /BLA/boletinlegal/images/menu_lft.gif HTTP/1.1" 200 1713
186.30.72.127 - - [04/Jan/2020:02:08:27 -0500] "GET /BLA/boletinlegal/images/menu_rght.gif HTTP/1.1" 200 1627
186.30.72.127 - - [04/Jan/2020:02:08:27 -0500] "GET /BLA/boletinlegal/images/bg_top.jpg HTTP/1.1" 200 522
186.30.72.127 - - [04/Jan/2020:02:08:27 -0500] "GET /BLA/boletinlegal/images/menu_bg.jpg HTTP/1.1" 200 620
186.30.72.127 - - [04/Jan/2020:02:08:27 -0500] "GET /BLA/boletinlegal/images/hover.jpg HTTP/1.1" 200 640
186.30.72.127 - - [04/Jan/2020:02:08:27 -0500] "GET /BLA/boletinlegal/images/text.jpg HTTP/1.1" 200 568
186.30.72.127 - - [04/Jan/2020:02:08:29 -0500] "GET /BLA/boletinlegal/actos.php HTTP/1.1" 200 8832
186.30.72.127 - - [04/Jan/2020:02:08:29 -0500] "GET /BLA/boletinlegal/niceforms-default.css HTTP/1.1" 200 6694
186.30.72.127 - - [04/Jan/2020:02:08:29 -0500] "GET /BLA/boletinlegal/niceforms.js HTTP/1.1" 200 22876
186.30.72.127 - - [04/Jan/2020:02:08:29 -0500] "GET /BLA/boletinlegal/js/lib.js HTTP/1.1" 200 6474
186.30.72.127 - - [04/Jan/2020:02:08:29 -0500] "GET /BLA/boletinlegal/js/ajax_actos.js HTTP/1.1" 200 1322
186.30.72.127 - - [04/Jan/2020:02:08:29 -0500] "GET /BLA/boletinlegal/js/popup.js HTTP/1.1" 200 1270
186.30.72.127 - - [04/Jan/2020:02:08:29 -0500] "GET /BLA/boletinlegal/js/jquery1.js HTTP/1.1" 200 29846
186.30.72.127 - - [04/Jan/2020:02:08:29 -0500] "GET /BLA/boletinlegal/images/green-yellow-blue-pink-th.png HTTP/1.1" 200 7394
186.30.72.127 - - [04/Jan/2020:02:08:29 -0500] "GET /BLA/boletinlegal/images/abajo.png HTTP/1.1" 200 96676
186.30.72.127 - - [04/Jan/2020:02:08:29 -0500] "GET /BLA/boletinlegal/images/tel.png HTTP/1.1" 200 14477
186.30.72.127 - - [04/Jan/2020:02:08:29 -0500] "GET /BLA/boletinlegal/images/icono-email.png HTTP/1.1" 200 5544
186.30.72.127 - - [04/Jan/2020:02:08:29 -0500] "GET /BLA/boletinlegal/images/footer_bg.jpg HTTP/1.1" 200 586
186.30.72.127 - - [04/Jan/2020:02:08:29 -0500] "GET /BLA/boletinlegal/images/footer_bg_l.jpg HTTP/1.1" 200 776
186.30.72.127 - - [04/Jan/2020:02:08:29 -0500] "GET /BLA/boletinlegal/img/0.png HTTP/1.1" 200 110
186.30.72.127 - - [04/Jan/2020:02:08:29 -0500] "GET /BLA/boletinlegal/img/select-right.png HTTP/1.1" 200 44019
186.30.72.127 - - [04/Jan/2020:02:08:29 -0500] "GET /BLA/boletinlegal/img/select-left.png HTTP/1.1" 200 263
186.30.72.127 - - [04/Jan/2020:02:08:29 -0500] "GET /BLA/boletinlegal/img/button-left.png HTTP/1.1" 200 57071
186.30.72.127 - - [04/Jan/2020:02:08:29 -0500] "GET /BLA/boletinlegal/img/button-right.png HTTP/1.1" 200 57878
186.30.72.127 - - [04/Jan/2020:02:08:29 -0500] "GET /BLA/boletinlegal/img/button.png HTTP/1.1" 200 43241
186.30.72.127 - - [04/Jan/2020:02:08:37 -0500] "GET /BLA/boletinlegal/consulta_actos.php?tipo=resoluciones&no=&usuario=&sector=&fecha=2020&resuelve= HTTP/1.1" 200 1036
186.30.72.127 - - [04/Jan/2020:02:08:37 -0500] "GET /BLA/boletinlegal/images/pdf.gif HTTP/1.1" 200 567
186.30.72.127 - - [04/Jan/2020:02:08:26 -0500] "GET /BLA/boletinlegal/ HTTP/1.1" 200 16331
69.162.124.232 - - [04/Jan/2020:02:08:42 -0500] "HEAD / HTTP/1.1" 200 -
186.30.72.127 - - [04/Jan/2020:02:08:49 -0500] "GET /BLA/resoluciones/RESOLUCIONES%202020/0036.pdf HTTP/1.1" 200 248572
186.30.72.127 - - [04/Jan/2020:02:08:49 -0500] "GET /favicon.ico HTTP/1.1" 200 7782
216.244.66.195 - - [04/Jan/2020:02:08:59 -0500] "GET /BLA/resoluciones/RESOLUCIONES%202018/0732.pdf HTTP/1.1" 200 261853
216.244.66.195 - - [04/Jan/2020:02:09:04 -0500] "GET /BLA/resoluciones/RESOLUCIONES%202018/4079.pdf HTTP/1.1" 200 380831
66.249.64.52 - - [04/Jan/2020:02:09:38 -0500] "GET /portel_dama/libreria/php/2006/ECOSISTEMAS%20FINAL%20web_mz27/restauracion/sitio/22_proye/xtras_in/3a.pdf HTTP/1.1" 404 1018
186.30.72.127 - - [04/Jan/2020:02:09:44 -0500] "GET /BLA/boletinlegal/consulta_actos.php?tipo=resoluciones&no=&usuario=&sector=&fecha=2019&resuelve= HTTP/1.1" 200 305258
186.30.72.127 - - [04/Jan/2020:02:09:45 -0500] "GET /BLA/boletinlegal/images/background.gif HTTP/1.1" 200 -
46.229.168.145 - - [04/Jan/2020:02:10:00 -0500] "GET /Autoliquidacion/index.php?dir=TR%C3%83%C2%83%C3%82%C2%83%C3%83%C2%82%C3%82%C2%83%C3%83%C2%83%C3%82%C2%82%C3%83%C2%82%C3%82%C2%83%C3%83%C2%83%C3%82%C2%83%C3%83%C2%82%C3%82%C2%82%C3%83%C2%83%C3%82%C2%82%C3%83%C2%82%C3%82%C2%81MITES%2BACEITES-RESIDUOS-ESTACIONES%2FREGISTRO%2BCOMO%2BACOPIADOR%2BPRIMARIO%2F&order=asc&sort=date HTTP/1.1" 200 7160
66.249.64.59 - - [04/Jan/2020:02:10:20 -0500] "GET /BLA/resoluciones/AUTOS%202011/5846.pdf HTTP/1.1" 200 157826
186.30.72.127 - - [04/Jan/2020:02:10:25 -0500] "GET /BLA/boletinlegal/images/screen_2.png HTTP/1.1" 200 362502
186.30.72.127 - - [04/Jan/2020:02:10:25 -0500] "GET /BLA/boletinlegal/images/screen_3.png HTTP/1.1" 200 210620
186.30.72.127 - - [04/Jan/2020:02:10:25 -0500] "GET /BLA/boletinlegal/images/screen_5.png HTTP/1.1" 200 368876
186.30.72.127 - - [04/Jan/2020:02:10:25 -0500] "GET /BLA/boletinlegal/images/arr_r.jpg HTTP/1.1" 200 1998
186.30.72.127 - - [04/Jan/2020:02:10:18 -0500] "GET /BLA/boletinlegal/index.php HTTP/1.1" 200 20427
186.30.72.127 - - [04/Jan/2020:02:10:48 -0500] "GET / HTTP/1.1" 200 9990
186.30.72.127 - - [04/Jan/2020:02:10:48 -0500] "GET /css/bootstrap.min.css HTTP/1.1" 200 105939
186.30.72.127 - - [04/Jan/2020:02:10:48 -0500] "GET /css/style.css HTTP/1.1" 200 3610
186.30.72.127 - - [04/Jan/2020:02:10:48 -0500] "GET /images/SDA.jpg HTTP/1.1" 200 48976
186.30.72.127 - - [04/Jan/2020:02:10:48 -0500] "GET /images/INTRANET.jpg HTTP/1.1" 200 37297
186.30.72.127 - - [04/Jan/2020:02:10:48 -0500] "GET /js/jquery.js HTTP/1.1" 200 97120
186.30.72.127 - - [04/Jan/2020:02:10:48 -0500] "GET /images/LINEA.jpg HTTP/1.1" 200 33035
186.30.72.127 - - [04/Jan/2020:02:10:48 -0500] "GET /js/bootstrap.min.js HTTP/1.1" 200 28538
186.30.72.127 - - [04/Jan/2020:02:10:48 -0500] "GET /images/INTERNET.jpg HTTP/1.1" 200 34880
186.30.72.127 - - [04/Jan/2020:02:10:48 -0500] "GET /images/NINOS.jpg HTTP/1.1" 200 44828
186.30.72.127 - - [04/Jan/2020:02:10:48 -0500] "GET /images/FOREST.jpg HTTP/1.1" 200 33277
186.30.72.127 - - [04/Jan/2020:02:10:48 -0500] "GET /images/RMCAB.jpg HTTP/1.1" 200 49926
186.30.72.127 - - [04/Jan/2020:02:10:48 -0500] "GET /images/BLA.jpg HTTP/1.1" 200 34672
186.30.72.127 - - [04/Jan/2020:02:10:48 -0500] "GET /images/SDQS.jpg HTTP/1.1" 200 47976
186.30.72.127 - - [04/Jan/2020:02:10:48 -0500] "GET /images/CORREO.jpg HTTP/1.1" 200 39337
186.30.72.127 - - [04/Jan/2020:02:10:48 -0500] "GET /images/FORMATOS.jpg HTTP/1.1" 200 41585
186.30.72.127 - - [04/Jan/2020:02:10:48 -0500] "GET /images/CATALOGO.jpg HTTP/1.1" 200 35661
201.182.248.195 - - [04/Jan/2020:02:10:52 -0500] "-" 408 -
201.182.248.227 - - [04/Jan/2020:02:10:52 -0500] "-" 408 -
66.249.64.59 - - [04/Jan/2020:02:10:49 -0500] "GET /videos/galeria-cronicas/cronicas/Caminata_Secretaria_Mujer.mp4 HTTP/1.1" 200 60877410
186.30.72.127 - - [04/Jan/2020:02:10:55 -0500] "GET /www.ambientebogota.gov.co/ HTTP/1.1" 404 1249
186.30.72.127 - - [04/Jan/2020:02:10:28 -0500] "GET /BLA/boletinlegal/index.php HTTP/1.1" 200 24523
186.30.72.127 - - [04/Jan/2020:02:11:06 -0500] "GET /galeria/galeria/jquery.fancybox.css?v=2.1.5 HTTP/1.1" 200 4895
186.30.72.127 - - [04/Jan/2020:02:11:06 -0500] "GET /BLA/boletinlegal/js/jquery.scrollShow.js HTTP/1.1" 200 4586
186.30.72.127 - - [04/Jan/2020:02:11:06 -0500] "GET /galeria/galeria/jquery.fancybox.js?v=2.1.5 HTTP/1.1" 200 48706
186.30.72.127 - - [04/Jan/2020:02:11:07 -0500] "GET /galeria/carrusel/Carrusel/jquery.thumbnailScroller.css HTTP/1.1" 200 2066
186.30.72.127 - - [04/Jan/2020:02:11:07 -0500] "GET /galeria/carrusel/Carrusel/jquery-ui-1.8.13.custom.min.js HTTP/1.1" 200 10800
186.30.72.127 - - [04/Jan/2020:02:11:07 -0500] "GET /galeria/carrusel/Carrusel/jquery.thumbnailScroller.js HTTP/1.1" 200 8157
186.30.72.127 - - [04/Jan/2020:02:11:07 -0500] "GET /galeria/nivo-slider/demo/inicio.html HTTP/1.1" 200 3203
186.30.72.127 - - [04/Jan/2020:02:11:07 -0500] "GET /galeria/nivo-slider/themes/orman/orman.css HTTP/1.1" 200 2152
186.30.72.127 - - [04/Jan/2020:02:11:07 -0500] "GET /galeria/nivo-slider/themes/default/default.css HTTP/1.1" 200 1569
186.30.72.127 - - [04/Jan/2020:02:11:07 -0500] "GET /galeria/nivo-slider/themes/pascal/pascal.css HTTP/1.1" 200 2258
186.30.72.127 - - [04/Jan/2020:02:11:07 -0500] "GET /galeria/nivo-slider/nivo-slider.css HTTP/1.1" 200 1507
186.30.72.127 - - [04/Jan/2020:02:11:07 -0500] "GET /galeria/nivo-slider/demo/scripts/jquery-1.7.1.min.js HTTP/1.1" 200 93868
186.30.72.127 - - [04/Jan/2020:02:11:07 -0500] "GET /galeria/nivo-slider/style.css HTTP/1.1" 200 2104
186.30.72.127 - - [04/Jan/2020:02:11:08 -0500] "GET /galeria/nivo-slider/demo/images/bannercaminatasenero.jpg HTTP/1.1" 200 515042
186.30.72.127 - - [04/Jan/2020:02:11:08 -0500] "GET /galeria/nivo-slider/jquery.nivo.slider.pack.js HTTP/1.1" 200 11561
186.30.72.127 - - [04/Jan/2020:02:11:08 -0500] "GET /galeria/nivo-slider/demo/images/bannercigarrillos.jpg HTTP/1.1" 200 230953
186.30.72.127 - - [04/Jan/2020:02:11:08 -0500] "GET /galeria/nivo-slider/demo/images/bannervisorweb.jpg HTTP/1.1" 200 201837
186.30.72.127 - - [04/Jan/2020:02:11:08 -0500] "GET /galeria/nivo-slider/demo/images/bannerpuntosweb.jpg HTTP/1.1" 200 234282
186.30.72.127 - - [04/Jan/2020:02:11:08 -0500] "GET /galeria/nivo-slider/demo/images/Bannercalculadoraweb.jpg HTTP/1.1" 200 301964
186.30.72.127 - - [04/Jan/2020:02:11:08 -0500] "GET /galeria/nivo-slider/demo/images/bannertinguaweb.jpg HTTP/1.1" 200 227793
186.30.72.127 - - [04/Jan/2020:02:11:08 -0500] "GET /galeria/nivo-slider/themes/default/loading.gif HTTP/1.1" 200 1737
186.30.72.127 - - [04/Jan/2020:02:11:09 -0500] "GET /galeria/nivo-slider/themes/default/bullets.png HTTP/1.1" 200 1281
186.30.72.127 - - [04/Jan/2020:02:11:09 -0500] "GET /galeria/nivo-slider/themes/default/arrows.png HTTP/1.1" 200 824
66.249.64.68 - - [04/Jan/2020:02:11:51 -0500] "GET /BLA/resoluciones/Notificaciones/AUTOS%202018/4087.pdf HTTP/1.1" 200 250548
66.249.64.59 - - [04/Jan/2020:02:13:28 -0500] "GET /sig/Gesti%C3%83%C2%B3n%20de%20Recursos%20F%C3%83%C2%ADsicos/126PA04-PR37.pdf HTTP/1.1" 404 1018
209.17.97.42 - - [04/Jan/2020:02:13:36 -0500] "GET / HTTP/1.1" 200 9990
69.162.124.232 - - [04/Jan/2020:02:13:42 -0500] "HEAD / HTTP/1.1" 200 -
190.15.0.65 - - [04/Jan/2020:02:13:48 -0500] "GET /galeria/nivo-slider/demo/images/banneriniciativa.jpg HTTP/1.1" 304 -
66.249.64.59 - - [04/Jan/2020:02:13:56 -0500] "GET /BLA/resoluciones/RESOLUCIONES%202009/4389.pdf HTTP/1.1" 200 66610
66.249.64.52 - - [04/Jan/2020:02:14:39 -0500] "GET /portel_dama/libreria/pdf/ecosistemas/restauracion/sitio/22_proye/xtras_in/cni_3.pdf HTTP/1.1" 404 1018
189.157.13.174 - - [04/Jan/2020:02:14:47 -0500] "GET / HTTP/1.1" 400 946
54.36.149.5 - - [04/Jan/2020:02:15:04 -0500] "GET /BLA/resoluciones/RESOLUCIONES%202002/RES%202002%201051-1100/00001084.tif HTTP/1.1" 200 79444
66.249.64.59 - - [04/Jan/2020:02:15:33 -0500] "GET /BLA/boletinlegal/jurisprudencia/analisis/Analisis%20Sentencia%20T-1077,%202%20corregida.doc HTTP/1.1" 304 -
66.249.64.59 - - [04/Jan/2020:02:15:37 -0500] "GET /BLA/resoluciones/AUTOS%202009/0181.pdf HTTP/1.1" 200 211608
216.244.66.195 - - [04/Jan/2020:02:15:40 -0500] "GET /BLA/resoluciones/RESOLUCIONES%202013/1176.pdf HTTP/1.1" 200 783985
66.249.64.59 - - [04/Jan/2020:02:15:44 -0500] "GET /BLA/resoluciones/Decretos/Decreto%20088%20de%2007%20de%20marzo%20del%202019.pdf HTTP/1.1" 200 419054
66.249.64.59 - - [04/Jan/2020:02:16:00 -0500] "GET /BLA/resoluciones/AUTOS%202009/0399.pdf HTTP/1.1" 200 66032
66.249.64.52 - - [04/Jan/2020:02:16:20 -0500] "GET /portel_dama/libreria/php/2006/ECOSISTEMAS%20FINAL%20web_mz27/restauracion/sitio/55_artic/xtras/2.pdf HTTP/1.1" 404 1018
216.244.66.195 - - [04/Jan/2020:02:16:31 -0500] "GET /BLA/resoluciones/RESOLUCIONES%202013/1394.pdf HTTP/1.1" 200 551038
66.249.64.59 - - [04/Jan/2020:02:16:37 -0500] "GET /BLA/resoluciones/AUTOS%202009/0319.pdf HTTP/1.1" 200 101387
201.245.192.253 - - [04/Jan/2020:02:16:03 -0500] "POST /kwsrmcab/Wsrmcab HTTP/1.1" 200 31598
201.245.192.253 - - [04/Jan/2020:02:16:03 -0500] "POST /kwsrmcab/Wsrmcab HTTP/1.1" 200 33303
66.249.64.59 - - [04/Jan/2020:02:17:15 -0500] "GET /BLA/resoluciones/AUTOS%202009/3149.pdf HTTP/1.1" 200 130841
66.249.64.59 - - [04/Jan/2020:02:17:33 -0500] "GET /BLA/resoluciones/AUTOS%202009/2564.pdf HTTP/1.1" 200 104465
201.245.192.253 - - [04/Jan/2020:02:17:03 -0500] "POST /kwsrmcab/Wsrmcab HTTP/1.1" 200 33369
66.249.64.59 - - [04/Jan/2020:02:17:39 -0500] "GET /sig/Gesti%C3%83%C2%B3n%20de%20Recursos%20F%C3%83%C2%ADsicos/126PA04-PR04.pdf HTTP/1.1" 404 1018
66.249.64.59 - - [04/Jan/2020:02:17:45 -0500] "GET /BLA/resoluciones/AUTOS%202007/0424.pdf HTTP/1.1" 200 67512
66.249.64.59 - - [04/Jan/2020:02:18:01 -0500] "GET /BLA/resoluciones/AUTOS%202007/0446.pdf HTTP/1.1" 200 235881
66.249.64.59 - - [04/Jan/2020:02:18:07 -0500] "GET /BLA/resoluciones/AUTOS%202009/2558.pdf HTTP/1.1" 200 101109
66.249.64.59 - - [04/Jan/2020:02:18:14 -0500] "GET /BLA/resoluciones/AUTOS%202009/2889.pdf HTTP/1.1" 200 106300
66.249.64.59 - - [04/Jan/2020:02:18:21 -0500] "GET /BLA/resoluciones/AUTOS%202007/2767.pdf HTTP/1.1" 200 146471
66.249.64.59 - - [04/Jan/2020:02:18:39 -0500] "GET /BLA/resoluciones/RESOLUCIONES%202009/6068.pdf HTTP/1.1" 200 537357
69.162.124.232 - - [04/Jan/2020:02:18:42 -0500] "HEAD / HTTP/1.1" 200 -
216.244.66.195 - - [04/Jan/2020:02:18:51 -0500] "GET /BLA/resoluciones/RESOLUCIONES%202013/1453.pdf HTTP/1.1" 200 1229416
66.249.64.59 - - [04/Jan/2020:02:18:58 -0500] "GET /BLA/resoluciones/RESOLUCIONES%202011/4462.pdf HTTP/1.1" 200 554832
66.249.88.19 - - [04/Jan/2020:02:19:30 -0500] "GET /BLA/resoluciones/RESOLUCIONES%202010/6269.pdf HTTP/1.1" 200 645842
40.77.189.253 - - [04/Jan/2020:02:20:19 -0500] "GET /BLA/boletinlegal/js/jquery.scrollShow.js HTTP/1.1" 200 4586
66.249.64.59 - - [04/Jan/2020:02:20:32 -0500] "GET /BLA/resoluciones/Notificaciones/AUTOS%202019/3408.pdf HTTP/1.1" 200 619864
66.249.64.59 - - [04/Jan/2020:02:20:46 -0500] "GET /BLA/resoluciones/AUTOS%202007/0617.pdf HTTP/1.1" 200 84001
66.249.64.63 - - [04/Jan/2020:02:20:53 -0500] "GET /BLA/resoluciones/AUTOS%202016/2140.pdf HTTP/1.1" 200 289365
66.249.64.59 - - [04/Jan/2020:02:20:59 -0500] "GET /BLA/resoluciones/AUTOS%202011/2031.pdf HTTP/1.1" 200 162195
66.249.64.59 - - [04/Jan/2020:02:21:11 -0500] "GET /BLA/resoluciones/AUTOS%202011/1895.pdf HTTP/1.1" 200 161661
216.244.66.195 - - [04/Jan/2020:02:21:11 -0500] "GET /BLA/resoluciones/RESOLUCIONES%202013/1690.pdf HTTP/1.1" 200 2755175
159.138.154.83 - - [04/Jan/2020:02:21:23 -0500] "GET /galeria/nivo-slider HTTP/1.1" 301 318
159.138.153.188 - - [04/Jan/2020:02:21:25 -0500] "GET /galeria/nivo-slider/ HTTP/1.1" 200 2708
40.77.167.31 - - [04/Jan/2020:02:21:27 -0500] "GET /transparencia/directorioservidores/2017/agosto.xlsx HTTP/1.1" 304 -
66.249.64.59 - - [04/Jan/2020:02:21:48 -0500] "GET /BLA/resoluciones/RESOLUCIONES%202007/RES%202007%201201%20AL%201300/RESOLUCION%201235%20%20DE%202007.pdf HTTP/1.1" 200 191916
46.229.168.150 - - [04/Jan/2020:02:21:55 -0500] "GET /robots.txt HTTP/1.1" 404 1019
46.229.168.146 - - [04/Jan/2020:02:21:56 -0500] "GET /Anexos%20estudio%20Organizacional%20SDA/index.php?dir=ANEXO%2BNo.%2B6%2B-%2BAN%C3%83%C2%83%C3%82%C2%83%C3%83%C2%82%C3%82%C2%83%C3%83%C2%83%C3%82%C2%82%C3%83%C2%82%C3%82%C2%83%C3%83%C2%83%C3%82%C2%83%C3%83%C2%82%C3%82%C2%82%C3%83%C2%83%C3%82%C2%82%C3%83%C2%82%C3%82%C2%83%C3%83%C2%83%C3%82%C2%83%C3%83%C2%82%C3%82%C2%83%C3%83%C2%83%C3%82%C2%82%C3%83%C2%82%C3%82%C2%82%C3%83%C2%83%C3%82%C2%83%C3%83%C2%82%C3%82%C2%82%C3%83%C2%83%C3%82%C2%82%C3%83%C2%82%C3%82%C2%81LISIS%2BCOMPARADO%2BDECRETOS%2B109%2BY%2B175%2B2009%2BVRS.%2BESTUDIO%2BSERAMBIENTE%2F&order=desc&sort=date HTTP/1.1" 200 6636
66.249.64.59 - - [04/Jan/2020:02:22:03 -0500] "GET /BLA/resoluciones/RESOLUCIONES%202011/3325.pdf HTTP/1.1" 200 767058
66.249.64.59 - - [04/Jan/2020:02:22:15 -0500] "GET /resoluciones/RESOLUCIONES%202008/1042.pdf HTTP/1.1" 404 1018
66.249.64.59 - - [04/Jan/2020:02:22:30 -0500] "GET /BLA/resoluciones/RESOLUCIONES%202009/0501.pdf HTTP/1.1" 200 62742
66.249.64.59 - - [04/Jan/2020:02:22:37 -0500] "GET /sig/Gesti%C3%83%C2%B3n%20de%20Recursos%20F%C3%83%C2%ADsicos/126PA04-PR30.pdf HTTP/1.1" 404 1018
66.249.64.59 - - [04/Jan/2020:02:23:20 -0500] "GET /sig/Gesti%C3%83%C2%B3n%20de%20Recursos%20F%C3%83%C2%ADsicos/126PA04-PR32.pdf HTTP/1.1" 404 1018
157.55.39.94 - - [04/Jan/2020:02:23:21 -0500] "GET /galeria/mapa2/humedal.html? HTTP/1.1" 200 11166
66.249.64.59 - - [04/Jan/2020:02:23:31 -0500] "GET /BLA/resoluciones/AUTOS%202009/3559.pdf HTTP/1.1" 200 220777
216.244.66.195 - - [04/Jan/2020:02:23:31 -0500] "GET /BLA/resoluciones/RESOLUCIONES%202013/2128.pdf HTTP/1.1" 200 629389
54.36.149.96 - - [04/Jan/2020:02:23:37 -0500] "GET /BLA/resoluciones/RESOLUCIONES%202003/RES%202003%201351-1400/20031368.tif HTTP/1.1" 200 47924
66.249.64.59 - - [04/Jan/2020:02:23:39 -0500] "GET /BLA/resoluciones/RESOLUCIONES%202007/RES%202007%201901%20AL%202000/RESOLUCION%201978%20DE%202007.pdf HTTP/1.1" 200 53293
69.162.124.232 - - [04/Jan/2020:02:23:42 -0500] "HEAD / HTTP/1.1" 200 -
66.249.64.59 - - [04/Jan/2020:02:23:47 -0500] "GET /BLA/resoluciones/AUTOS%202014/5443.pdf HTTP/1.1" 304 -
66.249.64.31 - - [04/Jan/2020:02:23:53 -0500] "GET /Autoliquidacion/index.php?dir=TR%C1MITES%20VERTIMIENTOS/PERMISOS%20DE%20VERTIMIENTOS/&sort=date&order=desc HTTP/1.1" 200 3691
66.249.64.59 - - [04/Jan/2020:02:24:13 -0500] "GET /BLA/resoluciones/AUTOS%202009/1637.pdf HTTP/1.1" 200 251849
161.10.38.5 - - [04/Jan/2020:02:24:26 -0500] "GET /galeria/galeria/jquery.fancybox.css?v=2.1.5 HTTP/1.1" 200 4895
161.10.38.5 - - [04/Jan/2020:02:24:26 -0500] "GET /galeria/galeria/jquery.fancybox.js?v=2.1.5 HTTP/1.1" 200 48706
161.10.38.5 - - [04/Jan/2020:02:24:26 -0500] "GET /BLA/boletinlegal/js/jquery.scrollShow.js HTTP/1.1" 200 4586
66.249.64.59 - - [04/Jan/2020:02:25:07 -0500] "GET /sig/Gesti%C3%83%C2%B3n%20de%20Recursos%20F%C3%83%C2%ADsicos/126PA04-PR20.pdf HTTP/1.1" 404 1018
66.249.64.59 - - [04/Jan/2020:02:25:38 -0500] "GET /BLA/resoluciones/AUTOS%202009/1776.pdf HTTP/1.1" 200 97571
66.249.64.59 - - [04/Jan/2020:02:25:44 -0500] "GET /BLA/resoluciones/AUTOS%202009/3609.pdf HTTP/1.1" 200 245229
216.244.66.195 - - [04/Jan/2020:02:25:51 -0500] "GET /BLA/resoluciones/RESOLUCIONES%202013/2217.pdf HTTP/1.1" 200 295334
66.249.64.59 - - [04/Jan/2020:02:25:54 -0500] "GET /BLA/resoluciones/Autos%202008/1802.pdf HTTP/1.1" 200 128487
66.249.64.59 - - [04/Jan/2020:02:26:01 -0500] "GET /BLA/resoluciones/AUTOS%202014/5196.pdf HTTP/1.1" 200 624388
66.249.93.91 - - [04/Jan/2020:02:26:10 -0500] "GET /galeria/galeria/jquery.fancybox.css?v=2.1.5 HTTP/1.1" 200 4895
66.249.93.93 - - [04/Jan/2020:02:26:10 -0500] "GET /galeria/carrusel/Carrusel/jquery.thumbnailScroller.css HTTP/1.1" 200 2066
66.249.93.93 - - [04/Jan/2020:02:26:10 -0500] "GET /BLA/boletinlegal/js/jquery.scrollShow.js HTTP/1.1" 200 4586
66.249.93.95 - - [04/Jan/2020:02:26:10 -0500] "GET /galeria/galeria/jquery.fancybox.js?v=2.1.5 HTTP/1.1" 200 48706
66.249.64.59 - - [04/Jan/2020:02:26:10 -0500] "GET /BLA/resoluciones/AUTOS%202009/2618.pdf HTTP/1.1" 200 81918
66.249.93.93 - - [04/Jan/2020:02:26:10 -0500] "GET /galeria/carrusel/Carrusel/jquery-ui-1.8.13.custom.min.js HTTP/1.1" 200 10800
66.249.93.93 - - [04/Jan/2020:02:26:10 -0500] "GET /galeria/carrusel/Carrusel/jquery.thumbnailScroller.js HTTP/1.1" 200 8157
66.249.93.95 - - [04/Jan/2020:02:26:11 -0500] "GET /galeria/nivo-slider/demo/inicio.html HTTP/1.1" 200 3203
66.249.93.91 - - [04/Jan/2020:02:26:12 -0500] "GET /galeria/nivo-slider/themes/default/default.css HTTP/1.1" 200 1569
66.249.93.93 - - [04/Jan/2020:02:26:12 -0500] "GET /galeria/nivo-slider/style.css HTTP/1.1" 200 2104
66.249.93.93 - - [04/Jan/2020:02:26:12 -0500] "GET /galeria/nivo-slider/nivo-slider.css HTTP/1.1" 200 1507
66.249.93.95 - - [04/Jan/2020:02:26:12 -0500] "GET /galeria/nivo-slider/themes/orman/orman.css HTTP/1.1" 200 2152
66.249.93.91 - - [04/Jan/2020:02:26:12 -0500] "GET /galeria/nivo-slider/demo/images/bannercaminatasenero.jpg HTTP/1.1" 200 515042
66.249.93.93 - - [04/Jan/2020:02:26:12 -0500] "GET /galeria/nivo-slider/demo/scripts/jquery-1.7.1.min.js HTTP/1.1" 200 93868
66.249.93.93 - - [04/Jan/2020:02:26:12 -0500] "GET /galeria/nivo-slider/themes/pascal/pascal.css HTTP/1.1" 200 2258
66.249.93.93 - - [04/Jan/2020:02:26:12 -0500] "GET /galeria/nivo-slider/jquery.nivo.slider.pack.js HTTP/1.1" 200 11561
66.249.93.95 - - [04/Jan/2020:02:26:12 -0500] "GET /galeria/nivo-slider/demo/images/bannercigarrillos.jpg HTTP/1.1" 200 230953
66.249.93.93 - - [04/Jan/2020:02:26:12 -0500] "GET /galeria/nivo-slider/demo/images/Bannercalculadoraweb.jpg HTTP/1.1" 200 301964
66.249.93.93 - - [04/Jan/2020:02:26:12 -0500] "GET /galeria/nivo-slider/demo/images/bannervisorweb.jpg HTTP/1.1" 200 201837
66.249.93.95 - - [04/Jan/2020:02:26:12 -0500] "GET /galeria/nivo-slider/demo/images/bannertinguaweb.jpg HTTP/1.1" 200 227793
66.249.93.95 - - [04/Jan/2020:02:26:13 -0500] "GET /galeria/nivo-slider/themes/default/loading.gif HTTP/1.1" 200 1737
66.249.93.95 - - [04/Jan/2020:02:26:13 -0500] "GET /galeria/nivo-slider/demo/images/bannerpuntosweb.jpg HTTP/1.1" 200 234282
66.249.93.93 - - [04/Jan/2020:02:26:18 -0500] "GET /galeria/nivo-slider/themes/default/arrows.png HTTP/1.1" 200 824
66.249.93.91 - - [04/Jan/2020:02:26:18 -0500] "GET /galeria/nivo-slider/themes/default/bullets.png HTTP/1.1" 200 1281
66.249.64.59 - - [04/Jan/2020:02:26:24 -0500] "GET /BLA/resoluciones/Autos%202008/1137.pdf HTTP/1.1" 200 63018
34.70.191.46 - - [04/Jan/2020:02:26:30 -0500] "GET / HTTP/1.1" 200 9990
34.70.191.46 - - [04/Jan/2020:02:26:30 -0500] "GET /wp-includes/js/jquery/jquery.js HTTP/1.1" 404 1015
34.70.191.46 - - [04/Jan/2020:02:26:31 -0500] "GET /administrator/help/en-GB/toc.json HTTP/1.1" 404 1015
34.70.191.46 - - [04/Jan/2020:02:26:31 -0500] "GET /administrator/language/en-GB/install.xml HTTP/1.1" 404 1015
34.70.191.46 - - [04/Jan/2020:02:26:31 -0500] "GET /plugins/system/debug/debug.xml HTTP/1.1" 404 1015
34.70.191.46 - - [04/Jan/2020:02:26:31 -0500] "GET /administrator/ HTTP/1.1" 404 1015
34.70.191.46 - - [04/Jan/2020:02:26:31 -0500] "GET /misc/ajax.js HTTP/1.1" 404 1015
34.70.191.46 - - [04/Jan/2020:02:26:32 -0500] "GET / HTTP/1.1" 200 9990
34.70.191.46 - - [04/Jan/2020:02:26:32 -0500] "GET /admin/view/javascript/common.js HTTP/1.1" 404 1015
34.70.191.46 - - [04/Jan/2020:02:26:32 -0500] "GET /admin/includes/general.js HTTP/1.1" 404 1015
34.70.191.46 - - [04/Jan/2020:02:26:32 -0500] "GET /images/editor/separator.gif HTTP/1.1" 404 1015
34.70.191.46 - - [04/Jan/2020:02:26:32 -0500] "GET /js/header-rollup-554.js HTTP/1.1" 404 1015
34.70.191.46 - - [04/Jan/2020:02:26:33 -0500] "GET /vendor/phpunit/phpunit/build.xml HTTP/1.1" 404 1015
34.70.191.46 - - [04/Jan/2020:02:26:33 -0500] "GET /fckeditor/editor/filemanager/connectors/php/upload.php?Type=Media HTTP/1.1" 404 1015
34.70.191.46 - - [04/Jan/2020:02:26:33 -0500] "GET /.env HTTP/1.1" 404 1015
201.245.192.253 - - [04/Jan/2020:02:26:02 -0500] "POST /kwsrmcab/Wsrmcab HTTP/1.1" 200 31664
201.245.192.253 - - [04/Jan/2020:02:26:03 -0500] "POST /kwsrmcab/Wsrmcab HTTP/1.1" 200 33369
66.249.64.61 - - [04/Jan/2020:02:26:49 -0500] "GET /BLA/resoluciones/RESOLUCIONES%202011/0202.pdf HTTP/1.1" 200 270360
66.249.64.59 - - [04/Jan/2020:02:27:38 -0500] "GET /BLA/resoluciones/RESOLUCIONES%202007/RES%202007%201201%20AL%201300/RESOLUCION%201272%20DE%202007.pdf HTTP/1.1" 200 304172
54.36.150.0 - - [04/Jan/2020:02:27:53 -0500] "GET /BLA/resoluciones/RESOLUCIONES%202004/RES%202004%20351-400/00000357.tif HTTP/1.1" 200 117536
190.26.135.124 - - [04/Jan/2020:02:27:56 -0500] "GET /galeria/galeria/jquery.fancybox.css?v=2.1.5 HTTP/1.1" 200 4895
190.26.135.124 - - [04/Jan/2020:02:27:56 -0500] "GET /galeria/carrusel/Carrusel/jquery.thumbnailScroller.css HTTP/1.1" 200 2066
190.26.135.124 - - [04/Jan/2020:02:27:56 -0500] "GET /BLA/boletinlegal/js/jquery.scrollShow.js HTTP/1.1" 200 4586
190.26.135.124 - - [04/Jan/2020:02:27:56 -0500] "GET /galeria/galeria/jquery.fancybox.js?v=2.1.5 HTTP/1.1" 200 48706
190.26.135.124 - - [04/Jan/2020:02:27:56 -0500] "GET /galeria/carrusel/Carrusel/jquery.thumbnailScroller.js HTTP/1.1" 200 8157
190.26.135.124 - - [04/Jan/2020:02:27:56 -0500] "GET /galeria/carrusel/Carrusel/jquery-ui-1.8.13.custom.min.js HTTP/1.1" 200 10800
190.26.135.124 - - [04/Jan/2020:02:27:57 -0500] "GET /galeria/nivo-slider/demo/inicio.html HTTP/1.1" 200 3203
190.26.135.124 - - [04/Jan/2020:02:27:57 -0500] "GET /galeria/nivo-slider/themes/orman/orman.css HTTP/1.1" 200 2152
190.26.135.124 - - [04/Jan/2020:02:27:57 -0500] "GET /galeria/nivo-slider/themes/default/default.css HTTP/1.1" 200 1569
190.26.135.124 - - [04/Jan/2020:02:27:57 -0500] "GET /galeria/nivo-slider/nivo-slider.css HTTP/1.1" 200 1507
190.26.135.124 - - [04/Jan/2020:02:27:57 -0500] "GET /galeria/nivo-slider/themes/pascal/pascal.css HTTP/1.1" 200 2258
190.26.135.124 - - [04/Jan/2020:02:27:57 -0500] "GET /galeria/nivo-slider/style.css HTTP/1.1" 200 2104
190.26.135.124 - - [04/Jan/2020:02:27:57 -0500] "GET /galeria/nivo-slider/demo/scripts/jquery-1.7.1.min.js HTTP/1.1" 200 93868
190.26.135.124 - - [04/Jan/2020:02:27:57 -0500] "GET /galeria/nivo-slider/jquery.nivo.slider.pack.js HTTP/1.1" 200 11561
190.26.135.124 - - [04/Jan/2020:02:27:57 -0500] "GET /galeria/nivo-slider/demo/images/bannercaminatasenero.jpg HTTP/1.1" 200 515042
190.26.135.124 - - [04/Jan/2020:02:27:57 -0500] "GET /galeria/nivo-slider/demo/images/bannercigarrillos.jpg HTTP/1.1" 200 230953
190.26.135.124 - - [04/Jan/2020:02:27:57 -0500] "GET /galeria/nivo-slider/demo/images/Bannercalculadoraweb.jpg HTTP/1.1" 200 301964
190.26.135.124 - - [04/Jan/2020:02:27:57 -0500] "GET /galeria/nivo-slider/demo/images/bannervisorweb.jpg HTTP/1.1" 200 201837
190.26.135.124 - - [04/Jan/2020:02:27:57 -0500] "GET /galeria/nivo-slider/demo/images/bannertinguaweb.jpg HTTP/1.1" 200 227793
190.26.135.124 - - [04/Jan/2020:02:27:57 -0500] "GET /galeria/nivo-slider/demo/images/bannerpuntosweb.jpg HTTP/1.1" 200 234282
190.26.135.124 - - [04/Jan/2020:02:27:57 -0500] "GET /galeria/nivo-slider/themes/default/loading.gif HTTP/1.1" 200 1737
190.26.135.124 - - [04/Jan/2020:02:27:59 -0500] "GET /galeria/nivo-slider/themes/default/arrows.png HTTP/1.1" 200 824
190.26.135.124 - - [04/Jan/2020:02:27:59 -0500] "GET /galeria/nivo-slider/themes/default/bullets.png HTTP/1.1" 200 1281
216.244.66.195 - - [04/Jan/2020:02:28:08 -0500] "GET /BLA/resoluciones/RESOLUCIONES%202013/2278.pdf HTTP/1.1" 200 330203
66.249.64.59 - - [04/Jan/2020:02:28:26 -0500] "GET /sig/Gesti%C3%83%C2%B3n%20de%20Recursos%20F%C3%83%C2%ADsicos/126PA04-PR38.pdf HTTP/1.1" 404 1018
66.249.64.59 - - [04/Jan/2020:02:28:27 -0500] "GET /BLA/resoluciones/AUTOS%202011/2261.pdf HTTP/1.1" 200 157779
66.249.64.59 - - [04/Jan/2020:02:28:32 -0500] "GET /BLA/resoluciones/AUTOS%202011/0261.pdf HTTP/1.1" 200 154321
66.249.64.59 - - [04/Jan/2020:02:28:41 -0500] "GET /BLA/resoluciones/RESOLUCIONES%202010/6548.pdf HTTP/1.1" 200 1649292
69.162.124.232 - - [04/Jan/2020:02:28:42 -0500] "HEAD / HTTP/1.1" 200 -
20.36.244.102 - - [04/Jan/2020:02:29:07 -0500] "GET /noticias/rssambiente.php HTTP/1.1" 200 10585
66.249.64.59 - - [04/Jan/2020:02:29:09 -0500] "GET /BLA/resoluciones/AUTOS%202009/2082.pdf HTTP/1.1" 200 95532
46.229.168.152 - - [04/Jan/2020:02:29:15 -0500] "GET /Autoliquidacion/index.php?dir=Permiso%2Bde%2Bocupaci%C3%83%C2%83%C3%82%C2%83%C3%83%C2%82%C3%82%C2%83%C3%83%C2%83%C3%82%C2%82%C3%83%C2%82%C3%82%C2%B3n%2Bde%2Bcauce%2F&order=asc&sort=size HTTP/1.1" 200 6712
66.249.64.59 - - [04/Jan/2020:02:29:23 -0500] "GET /BLA/resoluciones/AUTOS%202011/1825.pdf HTTP/1.1" 200 202557
66.249.64.59 - - [04/Jan/2020:02:30:06 -0500] "GET /BLA/resoluciones/Autos%202008/2259.pdf HTTP/1.1" 200 234680
66.249.64.59 - - [04/Jan/2020:02:30:26 -0500] "GET /BLA/resoluciones/Autos%202008/3124.pdf HTTP/1.1" 200 67525
216.244.66.195 - - [04/Jan/2020:02:30:28 -0500] "GET /BLA/resoluciones/RESOLUCIONES%202013/2359.pdf HTTP/1.1" 200 795952
66.249.64.59 - - [04/Jan/2020:02:31:02 -0500] "GET /BLA/resoluciones/AUTOS%202011/2313.pdf HTTP/1.1" 200 120804
216.244.66.195 - - [04/Jan/2020:02:31:18 -0500] "GET /BLA/resoluciones/RESOLUCIONES%202013/2399.pdf HTTP/1.1" 200 576183
66.249.64.59 - - [04/Jan/2020:02:31:36 -0500] "GET /BLA/resoluciones/Autos%202008/1899.pdf HTTP/1.1" 200 79982
154.126.177.56 - - [04/Jan/2020:02:31:53 -0500] "GET / HTTP/1.1" 200 9990
66.249.64.61 - - [04/Jan/2020:02:32:53 -0500] "GET /BLA/resoluciones/Autos%202008/0845.pdf HTTP/1.1" 200 95028
66.249.64.59 - - [04/Jan/2020:02:32:59 -0500] "GET /BLA/resoluciones/AUTOS%202009/1561.pdf HTTP/1.1" 200 123600
66.249.64.61 - - [04/Jan/2020:02:33:06 -0500] "GET /BLA/resoluciones/Autos%202008/2032.pdf HTTP/1.1" 200 148168
66.249.64.59 - - [04/Jan/2020:02:33:13 -0500] "GET /BLA/resoluciones/Autos%202008/2377.pdf HTTP/1.1" 200 98609
66.249.64.59 - - [04/Jan/2020:02:33:25 -0500] "GET /BLA/resoluciones/AUTOS%202014/6027.pdf HTTP/1.1" 304 -
216.244.66.195 - - [04/Jan/2020:02:33:38 -0500] "GET /BLA/resoluciones/RESOLUCIONES%202013/2497.pdf HTTP/1.1" 200 838249
66.249.64.59 - - [04/Jan/2020:02:33:41 -0500] "GET /BLA/resoluciones/AUTOS%202011/1504.pdf HTTP/1.1" 200 128034
69.162.124.232 - - [04/Jan/2020:02:33:42 -0500] "HEAD / HTTP/1.1" 200 -
66.249.64.59 - - [04/Jan/2020:02:33:59 -0500] "GET /BLA/resoluciones/AUTOS%202011/0939.pdf HTTP/1.1" 200 157913
66.249.64.59 - - [04/Jan/2020:02:34:05 -0500] "GET /BLA/resoluciones/RESOLUCIONES%202010/5314.pdf HTTP/1.1" 200 755333
54.36.149.71 - - [04/Jan/2020:02:34:47 -0500] "GET /BLA/resoluciones/RESOLUCIONES%202006/RES%202006%202351-2400/00002392.tif HTTP/1.1" 200 221564
190.24.126.57 - - [04/Jan/2020:02:35:06 -0500] "GET /galeria/galeria/jquery.fancybox.css?v=2.1.5 HTTP/1.1" 200 4895
190.24.126.57 - - [04/Jan/2020:02:35:06 -0500] "GET /BLA/boletinlegal/js/jquery.scrollShow.js HTTP/1.1" 200 4586
190.24.126.57 - - [04/Jan/2020:02:35:06 -0500] "GET /galeria/galeria/jquery.fancybox.js?v=2.1.5 HTTP/1.1" 200 48706
190.24.126.57 - - [04/Jan/2020:02:35:14 -0500] "GET /BLA/boletinlegal/js/jquery.scrollShow.js HTTP/1.1" 304 -
190.24.126.57 - - [04/Jan/2020:02:35:14 -0500] "GET /galeria/galeria/jquery.fancybox.css?v=2.1.5 HTTP/1.1" 304 -
190.24.126.57 - - [04/Jan/2020:02:35:14 -0500] "GET /galeria/galeria/jquery.fancybox.js?v=2.1.5 HTTP/1.1" 304 -
216.244.66.195 - - [04/Jan/2020:02:35:58 -0500] "GET /BLA/resoluciones/RESOLUCIONES%202013/2643.pdf HTTP/1.1" 200 1965711
66.102.7.123 - - [04/Jan/2020:02:36:15 -0500] "GET /sig/MECI/DOCUMENTOS/Informe%20de%20Gestion/INFORME%20DE%20GESTION%202008%202010VersionFinal.pdf HTTP/1.1" 404 1018
66.249.64.59 - - [04/Jan/2020:02:36:25 -0500] "GET /BLA/resoluciones/Autos%202008/3068.pdf HTTP/1.1" 200 62913
66.249.64.59 - - [04/Jan/2020:02:36:33 -0500] "GET /BLA/resoluciones/Autos%202008/1226.pdf HTTP/1.1" 200 104737
201.245.192.253 - - [04/Jan/2020:02:36:03 -0500] "POST /kwsrmcab/Wsrmcab HTTP/1.1" 200 31664
66.249.64.59 - - [04/Jan/2020:02:36:40 -0500] "GET /BLA/resoluciones/Autos%202008/1183.pdf HTTP/1.1" 200 184395
66.249.64.59 - - [04/Jan/2020:02:36:48 -0500] "GET /BLA/resoluciones/AUTOS%202007/3405.pdf HTTP/1.1" 200 203504
66.249.64.59 - - [04/Jan/2020:02:36:59 -0500] "GET /BLA/resoluciones/AUTOS%202013/3166.pdf HTTP/1.1" 200 880479
66.249.64.59 - - [04/Jan/2020:02:37:15 -0500] "GET /BLA/resoluciones/Autos%202008/3096.pdf HTTP/1.1" 200 120539
66.249.64.59 - - [04/Jan/2020:02:37:22 -0500] "GET /BLA/resoluciones/Autos%202008/1985.pdf HTTP/1.1" 200 68098
186.28.243.42 - - [04/Jan/2020:02:37:29 -0500] "-" 408 -
66.249.64.59 - - [04/Jan/2020:02:37:33 -0500] "GET /BLA/resoluciones/AUTOS%202009/2205.pdf HTTP/1.1" 200 112317
66.249.64.61 - - [04/Jan/2020:02:37:40 -0500] "GET /BLA/resoluciones/Autos%202008/2781.pdf HTTP/1.1" 200 110195
66.249.64.61 - - [04/Jan/2020:02:37:47 -0500] "GET /BLA/resoluciones/Autos%202008/2333.pdf HTTP/1.1" 200 151037
66.249.64.59 - - [04/Jan/2020:02:37:59 -0500] "GET /BLA/resoluciones/RESOLUCIONES%202010/7074.pdf HTTP/1.1" 200 811051
103.109.3.24 - - [04/Jan/2020:02:38:15 -0500] "GET / HTTP/1.1" 200 9990
66.249.64.59 - - [04/Jan/2020:02:38:15 -0500] "GET /BLA/resoluciones/Autos%202008/2054.pdf HTTP/1.1" 200 194508
66.249.64.59 - - [04/Jan/2020:02:38:22 -0500] "GET /BLA/resoluciones/RESOLUCIONES%202010/6260.pdf HTTP/1.1" 200 596645
66.249.64.59 - - [04/Jan/2020:02:38:30 -0500] "GET /BLA/resoluciones/AUTOS%202009/3418.pdf HTTP/1.1" 200 98044
66.249.64.59 - - [04/Jan/2020:02:38:37 -0500] "GET /BLA/resoluciones/RESOLUCIONES%202010/5947.pdf HTTP/1.1" 200 275838
69.162.124.232 - - [04/Jan/2020:02:38:42 -0500] "HEAD / HTTP/1.1" 200 -
66.249.64.59 - - [04/Jan/2020:02:39:14 -0500] "GET /BLA/resoluciones/AUTOS%202011/1666.pdf HTTP/1.1" 200 282408
66.249.64.59 - - [04/Jan/2020:02:39:22 -0500] "GET /BLA/resoluciones/RESOLUCIONES%202007/RES%202007%202901%20AL%203000/RESOLUCION%202955%20DE%202007.pdf HTTP/1.1" 200 203461
66.249.64.59 - - [04/Jan/2020:02:39:42 -0500] "GET /BLA/resoluciones/Autos%202008/2606.pdf HTTP/1.1" 200 81788
66.249.64.59 - - [04/Jan/2020:02:39:49 -0500] "GET /BLA/resoluciones/Autos%202008/0524.pdf HTTP/1.1" 200 96439
66.249.64.59 - - [04/Jan/2020:02:40:01 -0500] "GET /BLA/resoluciones/Autos%202008/3498.pdf HTTP/1.1" 200 132726
66.249.64.59 - - [04/Jan/2020:02:41:16 -0500] "GET /BLA/resoluciones/RESOLUCIONES%202010/5837.pdf HTTP/1.1" 200 445768
66.249.64.59 - - [04/Jan/2020:02:42:49 -0500] "GET /BLA/resoluciones/Autos%202008/2140.pdf HTTP/1.1" 200 106661
