181.51.34.127 - - [02/Feb/2020:13:01:52 -0500] "GET /galeria/galeria/jquery.fancybox.js?v=2.1.5 HTTP/1.1" 200 48706
181.51.34.127 - - [02/Feb/2020:13:01:52 -0500] "GET /galeria/galeria/jquery.fancybox.css?v=2.1.5 HTTP/1.1" 200 4895
181.51.34.127 - - [02/Feb/2020:13:01:52 -0500] "GET /BLA/boletinlegal/js/jquery.scrollShow.js HTTP/1.1" 200 4586
192.99.36.166 - - [02/Feb/2020:13:01:59 -0500] "GET /StormSDA/userFiles%20-%20Copy%2019-07-2012/user_files/94/?C=N;O=A/ HTTP/1.1" 200 581
66.249.88.221 - - [02/Feb/2020:13:02:11 -0500] "GET /galeria/galeria/jquery.fancybox.css?v=2.1.5 HTTP/1.1" 200 4895
66.249.88.219 - - [02/Feb/2020:13:02:11 -0500] "GET /BLA/boletinlegal/js/jquery.scrollShow.js HTTP/1.1" 200 4586
66.249.88.221 - - [02/Feb/2020:13:02:11 -0500] "GET /galeria/galeria/jquery.fancybox.js?v=2.1.5 HTTP/1.1" 200 48706
192.99.36.166 - - [02/Feb/2020:13:02:21 -0500] "GET /StormSDA/userFiles%20-%20Copy%2019-07-2012/user_files/94/?C=S;O=D/ HTTP/1.1" 200 581
66.249.65.199 - - [02/Feb/2020:13:02:24 -0500] "-" 408 -
192.99.36.166 - - [02/Feb/2020:13:02:33 -0500] "GET /StormSDA/userFiles%20-%20Copy%2019-07-2012/user_files/95/?C=D;O=D/ HTTP/1.1" 200 581
69.162.124.232 - - [02/Feb/2020:13:02:42 -0500] "HEAD / HTTP/1.1" 200 -
192.99.36.166 - - [02/Feb/2020:13:02:43 -0500] "GET /StormSDA/userFiles%20-%20Copy%2019-07-2012/user_files/95/?C=M;O=D/ HTTP/1.1" 200 581
192.99.36.166 - - [02/Feb/2020:13:02:54 -0500] "GET /StormSDA/userFiles%20-%20Copy%2019-07-2012/user_files/95/?C=N;O=A/ HTTP/1.1" 200 581
66.102.8.187 - - [02/Feb/2020:13:03:02 -0500] "GET /galeria/galeria/jquery.fancybox.js?v=2.1.5 HTTP/1.1" 304 -
66.102.8.189 - - [02/Feb/2020:13:03:02 -0500] "GET /galeria/galeria/jquery.fancybox.css?v=2.1.5 HTTP/1.1" 304 -
66.102.8.189 - - [02/Feb/2020:13:03:02 -0500] "GET /BLA/boletinlegal/js/jquery.scrollShow.js HTTP/1.1" 304 -
66.249.88.219 - - [02/Feb/2020:13:03:02 -0500] "GET /galeria/galeria/jquery.fancybox.css?v=2.1.5 HTTP/1.1" 200 4895
66.249.88.221 - - [02/Feb/2020:13:03:02 -0500] "GET /BLA/boletinlegal/js/jquery.scrollShow.js HTTP/1.1" 200 4586
66.249.88.223 - - [02/Feb/2020:13:03:02 -0500] "GET /galeria/galeria/jquery.fancybox.js?v=2.1.5 HTTP/1.1" 200 48706
190.130.65.152 - - [02/Feb/2020:13:03:03 -0500] "GET /galeria/galeria/fotos/Jaboque2G.jpg HTTP/1.1" 200 322400
66.249.88.219 - - [02/Feb/2020:13:03:03 -0500] "GET /galeria/galeria/jquery.fancybox.js?v=2.1.5 HTTP/1.1" 304 -
66.249.88.223 - - [02/Feb/2020:13:03:03 -0500] "GET /galeria/galeria/jquery.fancybox.css?v=2.1.5 HTTP/1.1" 304 -
192.99.36.166 - - [02/Feb/2020:13:03:09 -0500] "GET /StormSDA/userFiles%20-%20Copy%2019-07-2012/user_files/95/?C=S;O=D/ HTTP/1.1" 200 581
192.99.4.163 - - [02/Feb/2020:13:03:15 -0500] "GET /robots.txt HTTP/1.1" 404 1015
192.99.36.166 - - [02/Feb/2020:13:03:19 -0500] "GET /StormSDA/userFiles%20-%20Copy%2019-07-2012/user_files/96/?C=D;O=D/ HTTP/1.1" 200 581
66.249.73.43 - - [02/Feb/2020:13:03:20 -0500] "-" 408 -
192.99.36.166 - - [02/Feb/2020:13:03:24 -0500] "GET /StormSDA/userFiles%20-%20Copy%2019-07-2012/user_files/96/?C=M;O=D/ HTTP/1.1" 200 581
66.249.79.31 - - [02/Feb/2020:13:03:30 -0500] "GET /Autoliquidacion/index.php?dir=Solicitudes+relacionadas+con+calidad+del+aire+auditiva+y+visual%2FEvaluaci%F3n+de+permisos+de+emisi%F3n+para+fuentes+fijas%2F HTTP/1.1" 200 3663
192.99.4.163 - - [02/Feb/2020:13:03:30 -0500] "GET /StormSDA/userFiles%20-%20Copy%2019-07-2012/user_files/85/?C=D;O=A/ HTTP/1.1" 200 581
192.99.36.166 - - [02/Feb/2020:13:03:38 -0500] "GET /StormSDA/userFiles%20-%20Copy%2019-07-2012/user_files/96/?C=N;O=A/ HTTP/1.1" 200 581
192.99.36.166 - - [02/Feb/2020:13:03:47 -0500] "GET /StormSDA/userFiles%20-%20Copy%2019-07-2012/user_files/97/?C=M;O=D/ HTTP/1.1" 200 581
192.99.4.163 - - [02/Feb/2020:13:03:51 -0500] "GET /StormSDA/userFiles%20-%20Copy%2019-07-2012/user_files/85/?C=M;O=A/ HTTP/1.1" 200 581
192.99.36.166 - - [02/Feb/2020:13:04:00 -0500] "GET /StormSDA/userFiles%20-%20Copy%2019-07-2012/user_files/97/?C=S;O=D/ HTTP/1.1" 200 581
192.99.4.163 - - [02/Feb/2020:13:04:05 -0500] "GET /StormSDA/userFiles%20-%20Copy%2019-07-2012/user_files/85/?C=N;O=D/ HTTP/1.1" 200 581
192.99.36.166 - - [02/Feb/2020:13:04:19 -0500] "GET /StormSDA/userFiles%20-%20Copy%2019-07-2012/user_files/98/?C=D;O=D/ HTTP/1.1" 200 581
192.168.175.104 - - [02/Feb/2020:13:04:25 -0500] "GET / HTTP/1.0" 200 9990
192.99.36.166 - - [02/Feb/2020:13:04:30 -0500] "GET /StormSDA/userFiles%20-%20Copy%2019-07-2012/user_files/98/?C=S;O=D/ HTTP/1.1" 200 581
192.99.4.163 - - [02/Feb/2020:13:04:30 -0500] "GET /StormSDA/userFiles%20-%20Copy%2019-07-2012/user_files/92/?C=S;O=D/ HTTP/1.1" 200 581
192.99.4.163 - - [02/Feb/2020:13:04:36 -0500] "GET /StormSDA/userFiles%20-%20Copy%2019-07-2012/user_files/93/?C=D;O=D/ HTTP/1.1" 200 581
66.249.79.29 - - [02/Feb/2020:13:04:43 -0500] "GET /Autoliquidacion/index.php?dir=Solicitudes%20relacionadas%20con%20calidad%20del%20aire%20auditiva%20y%20visual/&sort=name&order=desc HTTP/1.1" 200 5747
192.99.36.166 - - [02/Feb/2020:13:04:44 -0500] "GET /StormSDA/userFiles%20-%20Copy%2019-07-2012/user_files/formatos/eventos/?C=N;O=D/ HTTP/1.1" 200 609
192.99.4.163 - - [02/Feb/2020:13:04:52 -0500] "GET /StormSDA/userFiles%20-%20Copy%2019-07-2012/user_files/93/?C=M;O=D/ HTTP/1.1" 200 581
192.99.4.163 - - [02/Feb/2020:13:05:00 -0500] "GET /StormSDA/userFiles%20-%20Copy%2019-07-2012/user_files/93/?C=N;O=A/ HTTP/1.1" 200 581
192.99.4.163 - - [02/Feb/2020:13:05:12 -0500] "GET /StormSDA/userFiles%20-%20Copy%2019-07-2012/user_files/93/?C=S;O=A/ HTTP/1.1" 200 581
192.99.36.166 - - [02/Feb/2020:13:05:19 -0500] "GET /StormSDA/userFiles%20-%20Copy%2019-07-2012/user_files/formulas/?C=D;O=D/ HTTP/1.1" 200 593
192.99.36.166 - - [02/Feb/2020:13:05:26 -0500] "GET /StormSDA/userFiles%20-%20Copy%2019-07-2012/user_files/formulas/?C=M;O=D/ HTTP/1.1" 200 593
192.99.4.163 - - [02/Feb/2020:13:05:26 -0500] "GET /StormSDA/userFiles%20-%20Copy%2019-07-2012/user_files/93/?C=S;O=D/ HTTP/1.1" 200 581
192.99.36.166 - - [02/Feb/2020:13:05:33 -0500] "GET /StormSDA/userFiles%20-%20Copy%2019-07-2012/user_files/listas/?C=N;O=A/ HTTP/1.1" 200 589
207.46.13.179 - - [02/Feb/2020:13:05:35 -0500] "-" 408 -
192.99.4.163 - - [02/Feb/2020:13:05:40 -0500] "GET /StormSDA/userFiles%20-%20Copy%2019-07-2012/user_files/94/?C=D;O=D/ HTTP/1.1" 200 581
192.99.36.166 - - [02/Feb/2020:13:05:44 -0500] "GET /StormSDA/userFiles%20-%20Copy%2019-07-2012/user_files/listas/?C=S;O=D/ HTTP/1.1" 200 589
77.75.77.36 - - [02/Feb/2020:13:05:47 -0500] "-" 408 -
66.249.65.230 - - [02/Feb/2020:13:05:52 -0500] "-" 408 -
66.249.65.218 - - [02/Feb/2020:13:05:52 -0500] "-" 408 -
192.99.36.166 - - [02/Feb/2020:13:05:58 -0500] "GET /StormSDA/userFiles/user_files/85/?C=M;O=A/ HTTP/1.1" 200 545
40.77.167.136 - - [02/Feb/2020:13:06:06 -0500] "-" 408 -
192.99.36.166 - - [02/Feb/2020:13:06:11 -0500] "GET /StormSDA/userFiles/user_files/85/?C=N;O=A/ HTTP/1.1" 200 545
181.56.5.113 - - [02/Feb/2020:13:06:14 -0500] "GET /BLA/boletinlegal/js/jquery.scrollShow.js HTTP/1.1" 200 4586
181.56.5.113 - - [02/Feb/2020:13:06:14 -0500] "GET /galeria/galeria/jquery.fancybox.css?v=2.1.5 HTTP/1.1" 200 4895
181.56.5.113 - - [02/Feb/2020:13:06:14 -0500] "GET /galeria/galeria/jquery.fancybox.js?v=2.1.5 HTTP/1.1" 200 48706
192.99.4.163 - - [02/Feb/2020:13:06:16 -0500] "GET /StormSDA/userFiles%20-%20Copy%2019-07-2012/user_files/94/?C=S;O=D/ HTTP/1.1" 200 581
181.56.5.113 - - [02/Feb/2020:13:06:17 -0500] "GET /BLA/boletinlegal/js/jquery.scrollShow.js HTTP/1.1" 304 -
181.56.5.113 - - [02/Feb/2020:13:06:17 -0500] "GET /galeria/galeria/jquery.fancybox.css?v=2.1.5 HTTP/1.1" 304 -
181.56.5.113 - - [02/Feb/2020:13:06:17 -0500] "GET /galeria/galeria/jquery.fancybox.js?v=2.1.5 HTTP/1.1" 304 -
192.99.4.163 - - [02/Feb/2020:13:06:28 -0500] "GET /StormSDA/userFiles%20-%20Copy%2019-07-2012/user_files/95/?C=D;O=D/ HTTP/1.1" 200 581
181.234.229.64 - - [02/Feb/2020:13:06:28 -0500] "GET /galeria/galeria/jquery.fancybox.css?v=2.1.5 HTTP/1.1" 200 4895
181.234.229.64 - - [02/Feb/2020:13:06:28 -0500] "GET /BLA/boletinlegal/js/jquery.scrollShow.js HTTP/1.1" 200 4586
181.234.229.64 - - [02/Feb/2020:13:06:28 -0500] "GET /galeria/galeria/jquery.fancybox.js?v=2.1.5 HTTP/1.1" 200 48706
192.99.36.166 - - [02/Feb/2020:13:06:29 -0500] "GET /StormSDA/userFiles/user_files/85/?C=S;O=A/ HTTP/1.1" 200 545
192.99.36.166 - - [02/Feb/2020:13:06:34 -0500] "GET /StormSDA/userFiles/user_files/88/?C=D;O=D/ HTTP/1.1" 200 545
192.99.4.163 - - [02/Feb/2020:13:06:35 -0500] "GET /StormSDA/userFiles%20-%20Copy%2019-07-2012/user_files/95/?C=M;O=D/ HTTP/1.1" 200 581
192.168.175.104 - - [02/Feb/2020:13:06:41 -0500] "GET / HTTP/1.1" 200 9990
192.99.36.166 - - [02/Feb/2020:13:06:45 -0500] "GET /StormSDA/userFiles/user_files/88/?C=N;O=A/ HTTP/1.1" 200 545
192.99.4.163 - - [02/Feb/2020:13:06:47 -0500] "GET /StormSDA/userFiles%20-%20Copy%2019-07-2012/user_files/95/?C=N;O=A/ HTTP/1.1" 200 581
66.249.65.77 - - [02/Feb/2020:13:06:48 -0500] "-" 408 -
192.99.4.163 - - [02/Feb/2020:13:06:56 -0500] "GET /StormSDA/userFiles%20-%20Copy%2019-07-2012/user_files/95/?C=S;O=D/ HTTP/1.1" 200 581
192.99.36.166 - - [02/Feb/2020:13:06:57 -0500] "GET /StormSDA/userFiles/user_files/88/?C=S;O=D/ HTTP/1.1" 200 545
66.249.65.250 - - [02/Feb/2020:13:07:02 -0500] "-" 408 -
192.99.4.163 - - [02/Feb/2020:13:07:07 -0500] "GET /StormSDA/userFiles%20-%20Copy%2019-07-2012/user_files/96/?C=D;O=D/ HTTP/1.1" 200 581
192.99.36.166 - - [02/Feb/2020:13:07:09 -0500] "GET /StormSDA/userFiles/user_files/89/?C=M;O=D/ HTTP/1.1" 200 545
192.99.4.163 - - [02/Feb/2020:13:07:19 -0500] "GET /StormSDA/userFiles%20-%20Copy%2019-07-2012/user_files/96/?C=M;O=D/ HTTP/1.1" 200 581
192.99.36.166 - - [02/Feb/2020:13:07:23 -0500] "GET /StormSDA/userFiles/user_files/90/?C=M;O=D/ HTTP/1.1" 200 545
192.99.36.166 - - [02/Feb/2020:13:07:30 -0500] "GET /StormSDA/userFiles/user_files/90/?C=N;O=A/ HTTP/1.1" 200 545
192.99.4.163 - - [02/Feb/2020:13:07:31 -0500] "GET /StormSDA/userFiles%20-%20Copy%2019-07-2012/user_files/96/?C=N;O=A/ HTTP/1.1" 200 581
192.99.4.163 - - [02/Feb/2020:13:07:40 -0500] "GET /StormSDA/userFiles%20-%20Copy%2019-07-2012/user_files/97/?C=M;O=D/ HTTP/1.1" 200 581
192.99.36.166 - - [02/Feb/2020:13:07:42 -0500] "GET /StormSDA/userFiles/user_files/90/?C=S;O=D/ HTTP/1.1" 200 545
69.162.124.232 - - [02/Feb/2020:13:07:42 -0500] "HEAD / HTTP/1.1" 200 -
192.99.4.163 - - [02/Feb/2020:13:07:49 -0500] "GET /StormSDA/userFiles%20-%20Copy%2019-07-2012/user_files/97/?C=S;O=D/ HTTP/1.1" 200 581
192.99.36.166 - - [02/Feb/2020:13:07:50 -0500] "GET /StormSDA/userFiles/user_files/91/?C=D;O=D/ HTTP/1.1" 200 545
190.157.164.99 - - [02/Feb/2020:13:07:58 -0500] "GET /galeria/galeria/jquery.fancybox.css?v=2.1.5 HTTP/1.1" 200 4895
190.157.164.99 - - [02/Feb/2020:13:07:58 -0500] "GET /BLA/boletinlegal/js/jquery.scrollShow.js HTTP/1.1" 200 4586
190.157.164.99 - - [02/Feb/2020:13:07:58 -0500] "GET /galeria/galeria/jquery.fancybox.js?v=2.1.5 HTTP/1.1" 200 48706
190.157.164.99 - - [02/Feb/2020:13:07:59 -0500] "GET /galeria/carrusel/Carrusel/jquery.thumbnailScroller.css HTTP/1.1" 200 2066
190.157.164.99 - - [02/Feb/2020:13:07:59 -0500] "GET /galeria/carrusel/Carrusel/jquery-ui-1.8.13.custom.min.js HTTP/1.1" 200 10800
190.157.164.99 - - [02/Feb/2020:13:07:59 -0500] "GET /galeria/carrusel/Carrusel/jquery.thumbnailScroller.js HTTP/1.1" 200 8157
190.157.164.99 - - [02/Feb/2020:13:07:59 -0500] "GET /galeria/nivo-slider/demo/inicio.html HTTP/1.1" 200 2975
190.157.164.99 - - [02/Feb/2020:13:08:00 -0500] "GET /galeria/nivo-slider/themes/default/default.css HTTP/1.1" 200 1569
190.157.164.99 - - [02/Feb/2020:13:08:00 -0500] "GET /galeria/nivo-slider/themes/pascal/pascal.css HTTP/1.1" 200 2258
190.157.164.99 - - [02/Feb/2020:13:08:00 -0500] "GET /galeria/nivo-slider/themes/orman/orman.css HTTP/1.1" 200 2152
190.157.164.99 - - [02/Feb/2020:13:08:00 -0500] "GET /galeria/nivo-slider/nivo-slider.css HTTP/1.1" 200 1507
190.157.164.99 - - [02/Feb/2020:13:08:00 -0500] "GET /galeria/nivo-slider/demo/style.css HTTP/1.1" 200 2222
190.157.164.99 - - [02/Feb/2020:13:08:00 -0500] "GET /galeria/nivo-slider/demo/scripts/jquery-1.7.1.min.js HTTP/1.1" 200 93868
190.157.164.99 - - [02/Feb/2020:13:08:00 -0500] "GET /galeria/nivo-slider/demo/images/febrero.jpg HTTP/1.1" 200 562920
190.157.164.99 - - [02/Feb/2020:13:08:00 -0500] "GET /galeria/nivo-slider/jquery.nivo.slider.pack.js HTTP/1.1" 200 11561
190.157.164.99 - - [02/Feb/2020:13:08:00 -0500] "GET /galeria/nivo-slider/demo/images/Bannerpread2020.jpg HTTP/1.1" 200 114485
190.157.164.99 - - [02/Feb/2020:13:08:00 -0500] "GET /galeria/nivo-slider/demo/images/Bannerwebhumedales.jpg HTTP/1.1" 200 193559
190.157.164.99 - - [02/Feb/2020:13:08:00 -0500] "GET /galeria/nivo-slider/demo/images/sincarro.jpg HTTP/1.1" 200 333645
190.157.164.99 - - [02/Feb/2020:13:08:01 -0500] "GET /galeria/nivo-slider/demo/images/Bannercalculadoraweb.jpg HTTP/1.1" 200 301964
190.157.164.99 - - [02/Feb/2020:13:08:01 -0500] "GET /galeria/nivo-slider/demo/images/4Simple_Slider.png HTTP/1.1" 200 11722
190.157.164.99 - - [02/Feb/2020:13:08:01 -0500] "GET /galeria/nivo-slider/themes/default/loading.gif HTTP/1.1" 200 1737
190.157.164.99 - - [02/Feb/2020:13:08:01 -0500] "GET /galeria/nivo-slider/demo/images/bannervisorweb.jpg HTTP/1.1" 200 201837
190.157.164.99 - - [02/Feb/2020:13:08:01 -0500] "GET /galeria/nivo-slider/demo/images/bannerpuntosweb.jpg HTTP/1.1" 200 234282
190.157.164.99 - - [02/Feb/2020:13:08:01 -0500] "GET /galeria/nivo-slider/demo/images/bannertinguaweb.jpg HTTP/1.1" 200 227793
192.99.4.163 - - [02/Feb/2020:13:08:02 -0500] "GET /StormSDA/userFiles%20-%20Copy%2019-07-2012/user_files/98/?C=D;O=D/ HTTP/1.1" 200 581
190.157.164.99 - - [02/Feb/2020:13:08:06 -0500] "GET /galeria/nivo-slider/themes/default/arrows.png HTTP/1.1" 200 824
190.157.164.99 - - [02/Feb/2020:13:08:06 -0500] "GET /galeria/nivo-slider/themes/default/bullets.png HTTP/1.1" 200 1281
192.99.36.166 - - [02/Feb/2020:13:08:08 -0500] "GET /StormSDA/userFiles/user_files/91/?C=M;O=D/ HTTP/1.1" 200 545
192.99.4.163 - - [02/Feb/2020:13:08:12 -0500] "GET /StormSDA/userFiles%20-%20Copy%2019-07-2012/user_files/98/?C=S;O=D/ HTTP/1.1" 200 581
66.249.79.29 - - [02/Feb/2020:13:08:25 -0500] "GET /Autoliquidacion/index.php?dir=Solicitudes%20relacionadas%20con%20calidad%20del%20aire%20auditiva%20y%20visual/Evaluaci%F3n%20de%20permisos%20de%20emisi%F3n%20para%20fuentes%20fijas/&sort=size&order=asc HTTP/1.1" 200 3663
192.99.36.166 - - [02/Feb/2020:13:08:29 -0500] "GET /StormSDA/userFiles/user_files/91/?C=N;O=A/ HTTP/1.1" 200 545
192.99.36.166 - - [02/Feb/2020:13:08:42 -0500] "GET /StormSDA/userFiles/user_files/91/?C=S;O=D/ HTTP/1.1" 200 545
192.99.36.166 - - [02/Feb/2020:13:09:03 -0500] "GET /StormSDA/userFiles/user_files/92/?C=D;O=A/ HTTP/1.1" 200 545
66.249.88.221 - - [02/Feb/2020:13:09:13 -0500] "GET /galeria/galeria/jquery.fancybox.css?v=2.1.5 HTTP/1.1" 200 4895
66.249.88.221 - - [02/Feb/2020:13:09:14 -0500] "GET /BLA/boletinlegal/js/jquery.scrollShow.js HTTP/1.1" 200 4586
66.249.88.219 - - [02/Feb/2020:13:09:14 -0500] "GET /galeria/galeria/jquery.fancybox.js?v=2.1.5 HTTP/1.1" 200 48706
192.99.36.166 - - [02/Feb/2020:13:09:14 -0500] "GET /StormSDA/userFiles/user_files/92/?C=D;O=D/ HTTP/1.1" 200 545
190.156.75.156 - - [02/Feb/2020:13:09:23 -0500] "GET /galeria/galeria/jquery.fancybox.css?v=2.1.5 HTTP/1.1" 200 4895
190.156.75.156 - - [02/Feb/2020:13:09:23 -0500] "GET /BLA/boletinlegal/js/jquery.scrollShow.js HTTP/1.1" 200 4586
190.156.75.156 - - [02/Feb/2020:13:09:23 -0500] "GET /galeria/galeria/jquery.fancybox.js?v=2.1.5 HTTP/1.1" 200 48706
192.168.175.104 - - [02/Feb/2020:13:09:24 -0500] "GET / HTTP/1.0" 200 9990
66.249.73.51 - - [02/Feb/2020:13:09:34 -0500] "-" 408 -
190.25.100.216 - - [02/Feb/2020:13:09:36 -0500] "GET /BLA/resoluciones/RESOLUCIONES%202011/1239.pdf HTTP/1.1" 200 147215
190.25.100.216 - - [02/Feb/2020:13:09:37 -0500] "GET /favicon.ico HTTP/1.1" 200 7782
191.156.41.176 - - [02/Feb/2020:13:09:43 -0500] "GET /BLA/boletinlegal/js/jquery.scrollShow.js HTTP/1.1" 200 4586
191.156.45.161 - - [02/Feb/2020:13:09:43 -0500] "GET /galeria/galeria/jquery.fancybox.js?v=2.1.5 HTTP/1.1" 200 48706
191.156.33.68 - - [02/Feb/2020:13:09:43 -0500] "GET /galeria/galeria/jquery.fancybox.css?v=2.1.5 HTTP/1.1" 200 4895
192.99.36.166 - - [02/Feb/2020:13:09:46 -0500] "GET /StormSDA/userFiles/user_files/92/?C=M;O=D/ HTTP/1.1" 200 545
191.156.38.76 - - [02/Feb/2020:13:09:49 -0500] "GET /BLA/boletinlegal/js/jquery.scrollShow.js HTTP/1.1" 304 -
191.156.33.143 - - [02/Feb/2020:13:09:49 -0500] "GET /galeria/galeria/jquery.fancybox.js?v=2.1.5 HTTP/1.1" 304 -
191.156.38.76 - - [02/Feb/2020:13:09:49 -0500] "GET /galeria/galeria/jquery.fancybox.css?v=2.1.5 HTTP/1.1" 304 -
192.99.36.166 - - [02/Feb/2020:13:09:59 -0500] "GET /StormSDA/userFiles/user_files/92/?C=N;O=A/ HTTP/1.1" 200 545
191.72.37.106 - - [02/Feb/2020:13:10:00 -0500] "GET /BLA/boletinlegal/js/jquery.scrollShow.js HTTP/1.1" 200 4586
191.72.37.106 - - [02/Feb/2020:13:10:00 -0500] "GET /galeria/galeria/jquery.fancybox.js?v=2.1.5 HTTP/1.1" 200 48706
191.72.37.106 - - [02/Feb/2020:13:10:00 -0500] "GET /galeria/galeria/jquery.fancybox.css?v=2.1.5 HTTP/1.1" 200 4895
186.85.233.144 - - [02/Feb/2020:13:10:04 -0500] "GET /galeria/galeria/jquery.fancybox.css?v=2.1.5 HTTP/1.1" 200 4895
186.85.233.144 - - [02/Feb/2020:13:10:04 -0500] "GET /galeria/galeria/jquery.fancybox.js?v=2.1.5 HTTP/1.1" 200 48706
186.85.233.144 - - [02/Feb/2020:13:10:04 -0500] "GET /BLA/boletinlegal/js/jquery.scrollShow.js HTTP/1.1" 200 4586
192.99.36.166 - - [02/Feb/2020:13:10:09 -0500] "GET /StormSDA/userFiles/user_files/92/?C=S;O=D/ HTTP/1.1" 200 545
66.249.79.27 - - [02/Feb/2020:13:10:10 -0500] "GET /Autoliquidacion/index.php?dir=Solicitudes%20relacionadas%20con%20calidad%20del%20aire%20auditiva%20y%20visual/&sort=name&order=asc HTTP/1.1" 200 5748
191.72.37.106 - - [02/Feb/2020:13:10:12 -0500] "GET /galeria/galeria/jquery.fancybox.css?v=2.1.5 HTTP/1.1" 304 -
191.72.37.106 - - [02/Feb/2020:13:10:12 -0500] "GET /BLA/boletinlegal/js/jquery.scrollShow.js HTTP/1.1" 304 -
191.72.37.106 - - [02/Feb/2020:13:10:12 -0500] "GET /galeria/galeria/jquery.fancybox.js?v=2.1.5 HTTP/1.1" 304 -
192.99.36.166 - - [02/Feb/2020:13:10:20 -0500] "GET /StormSDA/userFiles/user_files/93/?C=D;O=A/ HTTP/1.1" 200 545
181.140.108.19 - - [02/Feb/2020:13:10:29 -0500] "GET /galeria/galeria/jquery.fancybox.css?v=2.1.5 HTTP/1.1" 200 4895
181.140.108.19 - - [02/Feb/2020:13:10:29 -0500] "GET /BLA/boletinlegal/js/jquery.scrollShow.js HTTP/1.1" 200 4586
181.140.108.19 - - [02/Feb/2020:13:10:29 -0500] "GET /galeria/galeria/jquery.fancybox.js?v=2.1.5 HTTP/1.1" 200 48706
192.99.36.166 - - [02/Feb/2020:13:10:33 -0500] "GET /StormSDA/userFiles/user_files/93/?C=D;O=D/ HTTP/1.1" 200 545
192.99.36.166 - - [02/Feb/2020:13:10:48 -0500] "GET /StormSDA/userFiles/user_files/93/?C=M;O=A/ HTTP/1.1" 200 545
192.99.36.166 - - [02/Feb/2020:13:11:02 -0500] "GET /StormSDA/userFiles/user_files/93/?C=M;O=D/ HTTP/1.1" 200 545
66.249.79.29 - - [02/Feb/2020:13:11:03 -0500] "GET /Autoliquidacion/index.php?dir=Solicitudes%20relacionadas%20con%20calidad%20del%20aire%20auditiva%20y%20visual/Evaluaci%F3n%20de%20permisos%20de%20emisi%F3n%20para%20fuentes%20fijas/&sort=name&order=desc HTTP/1.1" 200 3662
192.99.36.166 - - [02/Feb/2020:13:11:21 -0500] "GET /StormSDA/userFiles/user_files/93/?C=N;O=A/ HTTP/1.1" 200 545
186.84.20.106 - - [02/Feb/2020:13:11:29 -0500] "GET /BLA/boletinlegal/js/jquery.scrollShow.js HTTP/1.1" 200 4586
186.84.20.106 - - [02/Feb/2020:13:11:29 -0500] "GET /galeria/galeria/jquery.fancybox.js?v=2.1.5 HTTP/1.1" 200 48706
186.84.20.106 - - [02/Feb/2020:13:11:29 -0500] "GET /galeria/galeria/jquery.fancybox.css?v=2.1.5 HTTP/1.1" 200 4895
186.84.20.106 - - [02/Feb/2020:13:11:29 -0500] "GET /galeria/carrusel/Carrusel/jquery-ui-1.8.13.custom.min.js HTTP/1.1" 200 10800
186.84.20.106 - - [02/Feb/2020:13:11:29 -0500] "GET /galeria/carrusel/Carrusel/jquery.thumbnailScroller.css HTTP/1.1" 200 2066
186.84.20.106 - - [02/Feb/2020:13:11:29 -0500] "GET /galeria/carrusel/Carrusel/jquery.thumbnailScroller.js HTTP/1.1" 200 8157
186.84.20.106 - - [02/Feb/2020:13:11:29 -0500] "GET /galeria/nivo-slider/demo/inicio.html HTTP/1.1" 200 2975
186.84.20.106 - - [02/Feb/2020:13:11:30 -0500] "GET /galeria/nivo-slider/themes/default/default.css HTTP/1.1" 200 1569
186.84.20.106 - - [02/Feb/2020:13:11:30 -0500] "GET /galeria/nivo-slider/themes/pascal/pascal.css HTTP/1.1" 200 2258
186.84.20.106 - - [02/Feb/2020:13:11:30 -0500] "GET /galeria/nivo-slider/themes/orman/orman.css HTTP/1.1" 200 2152
186.84.20.106 - - [02/Feb/2020:13:11:30 -0500] "GET /galeria/nivo-slider/nivo-slider.css HTTP/1.1" 200 1507
186.84.20.106 - - [02/Feb/2020:13:11:30 -0500] "GET /galeria/nivo-slider/demo/style.css HTTP/1.1" 200 2222
186.84.20.106 - - [02/Feb/2020:13:11:30 -0500] "GET /galeria/nivo-slider/jquery.nivo.slider.pack.js HTTP/1.1" 200 11561
186.84.20.106 - - [02/Feb/2020:13:11:30 -0500] "GET /galeria/nivo-slider/demo/scripts/jquery-1.7.1.min.js HTTP/1.1" 200 93868
186.84.20.106 - - [02/Feb/2020:13:11:30 -0500] "GET /galeria/nivo-slider/demo/images/sincarro.jpg HTTP/1.1" 200 333645
186.84.20.106 - - [02/Feb/2020:13:11:30 -0500] "GET /galeria/nivo-slider/demo/images/Bannerwebhumedales.jpg HTTP/1.1" 200 193559
186.84.20.106 - - [02/Feb/2020:13:11:30 -0500] "GET /galeria/nivo-slider/demo/images/Bannerpread2020.jpg HTTP/1.1" 200 114485
186.84.20.106 - - [02/Feb/2020:13:11:30 -0500] "GET /galeria/nivo-slider/demo/images/febrero.jpg HTTP/1.1" 200 562920
186.84.20.106 - - [02/Feb/2020:13:11:30 -0500] "GET /galeria/nivo-slider/demo/images/Bannercalculadoraweb.jpg HTTP/1.1" 200 301964
186.84.20.106 - - [02/Feb/2020:13:11:31 -0500] "GET /galeria/nivo-slider/demo/images/bannervisorweb.jpg HTTP/1.1" 200 201837
186.84.20.106 - - [02/Feb/2020:13:11:31 -0500] "GET /galeria/nivo-slider/demo/images/bannertinguaweb.jpg HTTP/1.1" 200 227793
186.84.20.106 - - [02/Feb/2020:13:11:31 -0500] "GET /galeria/nivo-slider/demo/images/bannerpuntosweb.jpg HTTP/1.1" 200 234282
186.84.20.106 - - [02/Feb/2020:13:11:31 -0500] "GET /galeria/nivo-slider/themes/default/loading.gif HTTP/1.1" 200 1737
186.84.20.106 - - [02/Feb/2020:13:11:31 -0500] "GET /galeria/nivo-slider/demo/images/4Simple_Slider.png HTTP/1.1" 200 11722
192.99.36.166 - - [02/Feb/2020:13:11:33 -0500] "GET /StormSDA/userFiles/user_files/93/?C=S;O=A/ HTTP/1.1" 200 545
186.84.20.106 - - [02/Feb/2020:13:11:33 -0500] "GET /galeria/nivo-slider/themes/default/arrows.png HTTP/1.1" 200 824
186.84.20.106 - - [02/Feb/2020:13:11:33 -0500] "GET /galeria/nivo-slider/themes/default/bullets.png HTTP/1.1" 200 1281
186.30.56.234 - - [02/Feb/2020:13:11:36 -0500] "GET /BLA/boletinlegal/js/jquery.scrollShow.js HTTP/1.1" 200 4586
186.30.56.234 - - [02/Feb/2020:13:11:36 -0500] "GET /galeria/galeria/jquery.fancybox.css?v=2.1.5 HTTP/1.1" 200 4895
186.30.56.234 - - [02/Feb/2020:13:11:36 -0500] "GET /galeria/galeria/jquery.fancybox.js?v=2.1.5 HTTP/1.1" 200 48706
66.249.65.232 - - [02/Feb/2020:13:11:39 -0500] "-" 408 -
192.99.36.166 - - [02/Feb/2020:13:11:40 -0500] "GET /StormSDA/userFiles/user_files/93/?C=S;O=D/ HTTP/1.1" 200 545
192.168.175.104 - - [02/Feb/2020:13:11:40 -0500] "GET / HTTP/1.1" 200 9990
186.30.56.234 - - [02/Feb/2020:13:11:41 -0500] "GET /galeria/galeria/jquery.fancybox.css?v=2.1.5 HTTP/1.1" 304 -
186.30.56.234 - - [02/Feb/2020:13:11:41 -0500] "GET /galeria/galeria/jquery.fancybox.js?v=2.1.5 HTTP/1.1" 304 -
186.30.56.234 - - [02/Feb/2020:13:11:41 -0500] "GET /BLA/boletinlegal/js/jquery.scrollShow.js HTTP/1.1" 304 -
192.99.36.166 - - [02/Feb/2020:13:11:50 -0500] "GET /StormSDA/userFiles/user_files/94/?C=D;O=A/ HTTP/1.1" 200 545
192.99.36.166 - - [02/Feb/2020:13:12:04 -0500] "GET /StormSDA/userFiles/user_files/94/?C=D;O=D/ HTTP/1.1" 200 545
192.99.36.166 - - [02/Feb/2020:13:12:17 -0500] "GET /StormSDA/userFiles/user_files/94/?C=M;O=A/ HTTP/1.1" 200 545
66.249.73.43 - - [02/Feb/2020:13:12:20 -0500] "-" 408 -
192.99.36.166 - - [02/Feb/2020:13:12:26 -0500] "GET /StormSDA/userFiles/user_files/94/?C=M;O=D/ HTTP/1.1" 200 545
66.249.65.77 - - [02/Feb/2020:13:12:35 -0500] "-" 408 -
192.99.36.166 - - [02/Feb/2020:13:12:39 -0500] "GET /StormSDA/userFiles/user_files/94/?C=N;O=A/ HTTP/1.1" 200 545
69.162.124.232 - - [02/Feb/2020:13:12:42 -0500] "HEAD / HTTP/1.1" 200 -
192.99.36.166 - - [02/Feb/2020:13:12:48 -0500] "GET /StormSDA/userFiles/user_files/94/?C=S;O=D/ HTTP/1.1" 200 545
186.30.190.176 - - [02/Feb/2020:13:12:49 -0500] "GET /galeria/galeria/jquery.fancybox.css?v=2.1.5 HTTP/1.1" 200 4895
186.30.190.176 - - [02/Feb/2020:13:12:49 -0500] "GET /BLA/boletinlegal/js/jquery.scrollShow.js HTTP/1.1" 200 4586
186.30.190.176 - - [02/Feb/2020:13:12:49 -0500] "GET /galeria/galeria/jquery.fancybox.js?v=2.1.5 HTTP/1.1" 200 48706
40.77.167.123 - - [02/Feb/2020:13:13:06 -0500] "-" 408 -
192.99.36.166 - - [02/Feb/2020:13:13:10 -0500] "GET /StormSDA/userFiles/user_files/95/?C=D;O=D/ HTTP/1.1" 200 545
192.99.36.166 - - [02/Feb/2020:13:13:21 -0500] "GET /StormSDA/userFiles/user_files/95/?C=N;O=A/ HTTP/1.1" 200 545
192.99.36.166 - - [02/Feb/2020:13:13:35 -0500] "GET /StormSDA/userFiles/user_files/95/?C=S;O=A/ HTTP/1.1" 200 545
192.99.36.166 - - [02/Feb/2020:13:13:42 -0500] "GET /StormSDA/userFiles/user_files/95/?C=S;O=D/ HTTP/1.1" 200 545
192.99.36.166 - - [02/Feb/2020:13:13:48 -0500] "GET /StormSDA/userFiles/user_files/96/?C=D;O=A/ HTTP/1.1" 200 545
111.206.198.11 - - [02/Feb/2020:13:13:54 -0500] "GET /galeria/carrusel/Carrusel/jquery-ui-1.8.13.custom.min.js HTTP/1.1" 200 10800
66.249.65.250 - - [02/Feb/2020:13:13:55 -0500] "-" 408 -
192.99.36.166 - - [02/Feb/2020:13:13:56 -0500] "GET /StormSDA/userFiles/user_files/96/?C=D;O=D/ HTTP/1.1" 200 545
66.249.88.219 - - [02/Feb/2020:13:14:00 -0500] "GET /galeria/carrusel/Carrusel/jquery.thumbnailScroller.css HTTP/1.1" 200 2066
66.249.88.219 - - [02/Feb/2020:13:14:00 -0500] "GET /galeria/carrusel/Carrusel/jquery-ui-1.8.13.custom.min.js HTTP/1.1" 200 10800
66.249.88.221 - - [02/Feb/2020:13:14:00 -0500] "GET /galeria/carrusel/Carrusel/jquery.thumbnailScroller.js HTTP/1.1" 200 8157
66.249.88.221 - - [02/Feb/2020:13:14:01 -0500] "GET /galeria/nivo-slider/demo/inicio.html HTTP/1.1" 200 2975
66.249.88.221 - - [02/Feb/2020:13:14:01 -0500] "GET /galeria/nivo-slider/demo/scripts/jquery-1.7.1.min.js HTTP/1.1" 200 93868
66.249.88.223 - - [02/Feb/2020:13:14:01 -0500] "GET /galeria/nivo-slider/demo/style.css HTTP/1.1" 200 2222
66.249.88.223 - - [02/Feb/2020:13:14:01 -0500] "GET /galeria/nivo-slider/themes/orman/orman.css HTTP/1.1" 200 2152
66.249.88.223 - - [02/Feb/2020:13:14:01 -0500] "GET /galeria/nivo-slider/nivo-slider.css HTTP/1.1" 200 1507
66.249.88.221 - - [02/Feb/2020:13:14:01 -0500] "GET /galeria/nivo-slider/themes/pascal/pascal.css HTTP/1.1" 200 2258
66.249.88.223 - - [02/Feb/2020:13:14:01 -0500] "GET /galeria/nivo-slider/themes/default/default.css HTTP/1.1" 200 1569
66.249.88.223 - - [02/Feb/2020:13:14:01 -0500] "GET /galeria/nivo-slider/demo/images/febrero.jpg HTTP/1.1" 200 562920
66.249.88.221 - - [02/Feb/2020:13:14:02 -0500] "GET /galeria/nivo-slider/jquery.nivo.slider.pack.js HTTP/1.1" 200 11561
66.249.88.221 - - [02/Feb/2020:13:14:02 -0500] "GET /galeria/nivo-slider/demo/images/4Simple_Slider.png HTTP/1.1" 200 11722
66.249.88.221 - - [02/Feb/2020:13:14:02 -0500] "GET /galeria/nivo-slider/themes/default/loading.gif HTTP/1.1" 200 1737
66.249.88.223 - - [02/Feb/2020:13:14:02 -0500] "GET /galeria/nivo-slider/demo/images/Bannerpread2020.jpg HTTP/1.1" 200 114485
66.249.88.221 - - [02/Feb/2020:13:14:02 -0500] "GET /galeria/nivo-slider/demo/images/sincarro.jpg HTTP/1.1" 200 333645
66.249.88.221 - - [02/Feb/2020:13:14:02 -0500] "GET /galeria/nivo-slider/demo/images/Bannerwebhumedales.jpg HTTP/1.1" 200 193559
66.249.88.221 - - [02/Feb/2020:13:14:02 -0500] "GET /galeria/nivo-slider/demo/images/Bannercalculadoraweb.jpg HTTP/1.1" 200 301964
66.249.88.221 - - [02/Feb/2020:13:14:02 -0500] "GET /galeria/nivo-slider/demo/images/bannervisorweb.jpg HTTP/1.1" 200 201837
66.249.88.223 - - [02/Feb/2020:13:14:03 -0500] "GET /galeria/nivo-slider/demo/images/bannertinguaweb.jpg HTTP/1.1" 200 227793
66.249.88.219 - - [02/Feb/2020:13:14:03 -0500] "GET /galeria/nivo-slider/demo/images/bannerpuntosweb.jpg HTTP/1.1" 200 234282
66.249.88.219 - - [02/Feb/2020:13:14:05 -0500] "GET /galeria/nivo-slider/themes/default/arrows.png HTTP/1.1" 200 824
66.249.88.221 - - [02/Feb/2020:13:14:05 -0500] "GET /galeria/nivo-slider/themes/default/bullets.png HTTP/1.1" 200 1281
192.99.36.166 - - [02/Feb/2020:13:14:07 -0500] "GET /StormSDA/userFiles/user_files/96/?C=M;O=A/ HTTP/1.1" 200 545
106.38.241.164 - - [02/Feb/2020:13:14:08 -0500] "-" 408 -
192.99.36.166 - - [02/Feb/2020:13:14:20 -0500] "GET /StormSDA/userFiles/user_files/96/?C=M;O=D/ HTTP/1.1" 200 545
192.168.175.104 - - [02/Feb/2020:13:14:22 -0500] "GET / HTTP/1.0" 200 9990
186.145.99.254 - - [02/Feb/2020:13:14:24 -0500] "GET /galeria/galeria/jquery.fancybox.css?v=2.1.5 HTTP/1.1" 200 4895
186.145.99.254 - - [02/Feb/2020:13:14:24 -0500] "GET /galeria/galeria/jquery.fancybox.js?v=2.1.5 HTTP/1.1" 200 48706
186.145.99.254 - - [02/Feb/2020:13:14:24 -0500] "GET /BLA/boletinlegal/js/jquery.scrollShow.js HTTP/1.1" 200 4586
186.145.99.254 - - [02/Feb/2020:13:14:24 -0500] "GET /galeria/carrusel/Carrusel/jquery.thumbnailScroller.css HTTP/1.1" 200 2066
186.145.99.254 - - [02/Feb/2020:13:14:24 -0500] "GET /galeria/carrusel/Carrusel/jquery-ui-1.8.13.custom.min.js HTTP/1.1" 200 10800
186.145.99.254 - - [02/Feb/2020:13:14:24 -0500] "GET /galeria/carrusel/Carrusel/jquery.thumbnailScroller.js HTTP/1.1" 200 8157
186.145.99.254 - - [02/Feb/2020:13:14:25 -0500] "GET /galeria/nivo-slider/demo/demo.html HTTP/1.1" 404 1552
192.99.4.163 - - [02/Feb/2020:13:14:30 -0500] "GET /robots.txt HTTP/1.1" 404 1015
192.99.36.166 - - [02/Feb/2020:13:14:35 -0500] "GET /StormSDA/userFiles/user_files/96/?C=N;O=A/ HTTP/1.1" 200 545
192.99.4.163 - - [02/Feb/2020:13:14:39 -0500] "GET /StormSDA/userFiles%20-%20Copy%2019-07-2012/user_files/formatos/eventos/?C=N;O=D/ HTTP/1.1" 200 609
66.249.65.218 - - [02/Feb/2020:13:14:40 -0500] "-" 408 -
192.99.36.166 - - [02/Feb/2020:13:14:47 -0500] "GET /StormSDA/userFiles/user_files/96/?C=S;O=D/ HTTP/1.1" 200 545
190.25.29.29 - - [02/Feb/2020:13:14:53 -0500] "GET /galeria/galeria/jquery.fancybox.css?v=2.1.5 HTTP/1.1" 200 4895
190.25.29.29 - - [02/Feb/2020:13:14:53 -0500] "GET /BLA/boletinlegal/js/jquery.scrollShow.js HTTP/1.1" 200 4586
190.25.29.29 - - [02/Feb/2020:13:14:53 -0500] "GET /galeria/galeria/jquery.fancybox.js?v=2.1.5 HTTP/1.1" 200 48706
190.25.29.29 - - [02/Feb/2020:13:14:54 -0500] "GET /galeria/carrusel/Carrusel/jquery.thumbnailScroller.css HTTP/1.1" 200 2066
190.25.29.29 - - [02/Feb/2020:13:14:54 -0500] "GET /galeria/carrusel/Carrusel/jquery-ui-1.8.13.custom.min.js HTTP/1.1" 200 10800
190.25.29.29 - - [02/Feb/2020:13:14:54 -0500] "GET /galeria/carrusel/Carrusel/jquery.thumbnailScroller.js HTTP/1.1" 200 8157
190.25.29.29 - - [02/Feb/2020:13:14:55 -0500] "GET /galeria/nivo-slider/demo/inicio.html HTTP/1.1" 200 2975
190.25.29.29 - - [02/Feb/2020:13:14:56 -0500] "GET /galeria/nivo-slider/themes/default/default.css HTTP/1.1" 200 1569
190.25.29.29 - - [02/Feb/2020:13:14:56 -0500] "GET /galeria/nivo-slider/themes/orman/orman.css HTTP/1.1" 200 2152
190.25.29.29 - - [02/Feb/2020:13:14:56 -0500] "GET /galeria/nivo-slider/demo/scripts/jquery-1.7.1.min.js HTTP/1.1" 200 93868
190.25.29.29 - - [02/Feb/2020:13:14:56 -0500] "GET /galeria/nivo-slider/nivo-slider.css HTTP/1.1" 200 1507
190.25.29.29 - - [02/Feb/2020:13:14:56 -0500] "GET /galeria/nivo-slider/demo/style.css HTTP/1.1" 200 2222
190.25.29.29 - - [02/Feb/2020:13:14:56 -0500] "GET /galeria/nivo-slider/themes/pascal/pascal.css HTTP/1.1" 200 2258
190.25.29.29 - - [02/Feb/2020:13:14:56 -0500] "GET /galeria/nivo-slider/demo/images/febrero.jpg HTTP/1.1" 200 562920
190.25.29.29 - - [02/Feb/2020:13:14:58 -0500] "GET /galeria/nivo-slider/jquery.nivo.slider.pack.js HTTP/1.1" 200 11561
190.25.29.29 - - [02/Feb/2020:13:14:58 -0500] "GET /galeria/nivo-slider/demo/images/Bannerpread2020.jpg HTTP/1.1" 200 114485
192.99.36.166 - - [02/Feb/2020:13:14:59 -0500] "GET /StormSDA/userFiles/user_files/97/?C=D;O=D/ HTTP/1.1" 200 545
190.25.29.29 - - [02/Feb/2020:13:15:20 -0500] "GET /galeria/nivo-slider/themes/orman/orman.css HTTP/1.1" 200 2152
190.25.29.29 - - [02/Feb/2020:13:15:21 -0500] "GET /galeria/nivo-slider/demo/scripts/jquery-1.7.1.min.js HTTP/1.1" 200 93868
190.25.29.29 - - [02/Feb/2020:13:15:21 -0500] "GET /galeria/nivo-slider/demo/images/febrero.jpg HTTP/1.1" 200 562920
190.25.29.29 - - [02/Feb/2020:13:15:21 -0500] "GET /galeria/nivo-slider/demo/images/Bannerwebhumedales.jpg HTTP/1.1" 200 193559
190.25.29.29 - - [02/Feb/2020:13:15:22 -0500] "GET /galeria/nivo-slider/demo/images/Bannerpread2020.jpg HTTP/1.1" 206 1
190.25.29.29 - - [02/Feb/2020:13:15:23 -0500] "GET /galeria/nivo-slider/demo/images/Bannerpread2020.jpg HTTP/1.1" 206 98780
190.25.29.29 - - [02/Feb/2020:13:15:23 -0500] "GET /galeria/nivo-slider/demo/images/sincarro.jpg HTTP/1.1" 200 333645
190.25.29.29 - - [02/Feb/2020:13:15:23 -0500] "GET /galeria/nivo-slider/demo/images/Bannercalculadoraweb.jpg HTTP/1.1" 200 301964
190.25.29.29 - - [02/Feb/2020:13:15:24 -0500] "GET /galeria/nivo-slider/demo/images/4Simple_Slider.png HTTP/1.1" 200 11722
190.25.29.29 - - [02/Feb/2020:13:15:24 -0500] "GET /galeria/nivo-slider/themes/default/loading.gif HTTP/1.1" 200 1737
192.99.36.166 - - [02/Feb/2020:13:15:24 -0500] "GET /StormSDA/userFiles/user_files/97/?C=M;O=D/ HTTP/1.1" 200 545
190.25.29.29 - - [02/Feb/2020:13:15:25 -0500] "GET /galeria/nivo-slider/demo/images/bannervisorweb.jpg HTTP/1.1" 200 201837
190.25.29.29 - - [02/Feb/2020:13:15:25 -0500] "GET /galeria/nivo-slider/demo/images/bannertinguaweb.jpg HTTP/1.1" 200 227793
190.25.29.29 - - [02/Feb/2020:13:15:26 -0500] "GET /galeria/nivo-slider/demo/images/bannerpuntosweb.jpg HTTP/1.1" 200 234282
190.25.29.29 - - [02/Feb/2020:13:15:26 -0500] "GET /galeria/nivo-slider/themes/default/arrows.png HTTP/1.1" 200 824
190.25.29.29 - - [02/Feb/2020:13:15:26 -0500] "GET /galeria/nivo-slider/themes/default/bullets.png HTTP/1.1" 200 1281
40.77.167.128 - - [02/Feb/2020:13:15:32 -0500] "-" 408 -
192.99.36.166 - - [02/Feb/2020:13:15:33 -0500] "GET /StormSDA/userFiles/user_files/97/?C=N;O=A/ HTTP/1.1" 200 545
192.99.36.166 - - [02/Feb/2020:13:15:45 -0500] "GET /StormSDA/userFiles/user_files/97/?C=S;O=D/ HTTP/1.1" 200 545
192.99.36.166 - - [02/Feb/2020:13:15:54 -0500] "GET /StormSDA/userFiles/user_files/98/?C=D;O=D/ HTTP/1.1" 200 545
201.236.211.31 - - [02/Feb/2020:13:16:06 -0500] "GET /galeria/galeria/jquery.fancybox.js?v=2.1.5 HTTP/1.1" 200 48706
201.236.211.31 - - [02/Feb/2020:13:16:06 -0500] "GET /galeria/galeria/jquery.fancybox.css?v=2.1.5 HTTP/1.1" 200 4895
201.236.211.31 - - [02/Feb/2020:13:16:06 -0500] "GET /BLA/boletinlegal/js/jquery.scrollShow.js HTTP/1.1" 200 4586
192.99.36.166 - - [02/Feb/2020:13:16:10 -0500] "GET /StormSDA/userFiles/user_files/98/?C=M;O=D/ HTTP/1.1" 200 545
192.99.36.166 - - [02/Feb/2020:13:16:22 -0500] "GET /StormSDA/userFiles/user_files/98/?C=N;O=A/ HTTP/1.1" 200 545
201.245.192.253 - - [02/Feb/2020:13:15:50 -0500] "POST /kwsrmcab/Wsrmcab HTTP/1.1" 200 33552
201.245.192.253 - - [02/Feb/2020:13:15:50 -0500] "POST /kwsrmcab/Wsrmcab HTTP/1.1" 200 1875
191.95.58.109 - - [02/Feb/2020:13:16:28 -0500] "GET /galeria/galeria/jquery.fancybox.js?v=2.1.5 HTTP/1.1" 200 48706
191.95.58.109 - - [02/Feb/2020:13:16:28 -0500] "GET /galeria/carrusel/Carrusel/jquery-ui-1.8.13.custom.min.js HTTP/1.1" 200 10800
191.95.58.109 - - [02/Feb/2020:13:16:28 -0500] "GET /galeria/galeria/jquery.fancybox.css?v=2.1.5 HTTP/1.1" 200 4895
191.95.58.109 - - [02/Feb/2020:13:16:28 -0500] "GET /galeria/carrusel/Carrusel/jquery.thumbnailScroller.css HTTP/1.1" 200 2066
191.95.58.109 - - [02/Feb/2020:13:16:28 -0500] "GET /galeria/carrusel/Carrusel/jquery.thumbnailScroller.js HTTP/1.1" 200 8157
191.95.58.109 - - [02/Feb/2020:13:16:29 -0500] "GET /galeria/nivo-slider/demo/inicio.html HTTP/1.1" 200 2975
66.249.79.29 - - [02/Feb/2020:13:16:30 -0500] "GET /Autoliquidacion/index.php?dir=Solicitudes%20relacionadas%20con%20calidad%20del%20aire%20auditiva%20y%20visual/Evaluaci%F3n%20de%20permisos%20de%20emisi%F3n%20para%20fuentes%20fijas/&sort=date&order=asc HTTP/1.1" 200 3663
191.95.58.109 - - [02/Feb/2020:13:16:30 -0500] "GET /galeria/nivo-slider/themes/pascal/pascal.css HTTP/1.1" 200 2258
191.95.58.109 - - [02/Feb/2020:13:16:30 -0500] "GET /galeria/nivo-slider/themes/default/default.css HTTP/1.1" 200 1569
191.95.58.109 - - [02/Feb/2020:13:16:30 -0500] "GET /galeria/nivo-slider/themes/orman/orman.css HTTP/1.1" 200 2152
191.95.58.109 - - [02/Feb/2020:13:16:30 -0500] "GET /galeria/nivo-slider/nivo-slider.css HTTP/1.1" 200 1507
191.95.58.109 - - [02/Feb/2020:13:16:30 -0500] "GET /galeria/nivo-slider/demo/style.css HTTP/1.1" 200 2222
191.95.58.109 - - [02/Feb/2020:13:16:30 -0500] "GET /galeria/nivo-slider/jquery.nivo.slider.pack.js HTTP/1.1" 200 11561
191.95.58.109 - - [02/Feb/2020:13:16:30 -0500] "GET /galeria/nivo-slider/demo/scripts/jquery-1.7.1.min.js HTTP/1.1" 200 93868
191.95.58.109 - - [02/Feb/2020:13:16:30 -0500] "GET /galeria/nivo-slider/demo/images/Bannerwebhumedales.jpg HTTP/1.1" 200 193559
191.95.58.109 - - [02/Feb/2020:13:16:30 -0500] "GET /galeria/nivo-slider/demo/images/febrero.jpg HTTP/1.1" 200 562920
191.95.58.109 - - [02/Feb/2020:13:16:31 -0500] "GET /galeria/nivo-slider/demo/images/Bannerpread2020.jpg HTTP/1.1" 200 114485
192.99.36.166 - - [02/Feb/2020:13:16:31 -0500] "GET /StormSDA/userFiles/user_files/98/?C=N;O=D/ HTTP/1.1" 200 545
191.95.58.109 - - [02/Feb/2020:13:16:32 -0500] "GET /galeria/nivo-slider/demo/images/sincarro.jpg HTTP/1.1" 200 333645
191.95.58.109 - - [02/Feb/2020:13:16:32 -0500] "GET /galeria/nivo-slider/demo/images/Bannercalculadoraweb.jpg HTTP/1.1" 200 301964
191.95.58.109 - - [02/Feb/2020:13:16:34 -0500] "GET /galeria/nivo-slider/demo/images/bannervisorweb.jpg HTTP/1.1" 200 201837
191.95.58.109 - - [02/Feb/2020:13:16:35 -0500] "GET /galeria/nivo-slider/demo/images/bannertinguaweb.jpg HTTP/1.1" 200 227793
191.95.58.109 - - [02/Feb/2020:13:16:36 -0500] "GET /galeria/nivo-slider/demo/images/bannerpuntosweb.jpg HTTP/1.1" 200 234282
192.99.36.166 - - [02/Feb/2020:13:16:38 -0500] "GET /StormSDA/userFiles/user_files/98/?C=S;O=A/ HTTP/1.1" 200 545
192.168.175.104 - - [02/Feb/2020:13:16:39 -0500] "GET / HTTP/1.1" 200 9990
192.99.36.166 - - [02/Feb/2020:13:16:50 -0500] "GET /StormSDA/userFiles/user_files/98/?C=S;O=D/ HTTP/1.1" 200 545
66.249.79.27 - - [02/Feb/2020:13:16:55 -0500] "GET /BLA/boletinlegal/Directivas/2013/Directiva%20No.%201%20del%2004%20de%20Abril%20de%202013.pdf HTTP/1.1" 200 472003
192.99.4.163 - - [02/Feb/2020:13:16:58 -0500] "GET /StormSDA/userFiles%20-%20Copy%2019-07-2012/user_files/formulas/?C=D;O=D/ HTTP/1.1" 200 593
201.245.192.253 - - [02/Feb/2020:13:16:27 -0500] "POST /kwsrmcab/Wsrmcab HTTP/1.1" 200 1875
192.99.4.163 - - [02/Feb/2020:13:17:09 -0500] "GET /StormSDA/userFiles%20-%20Copy%2019-07-2012/user_files/formulas/?C=M;O=D/ HTTP/1.1" 200 593
66.249.65.187 - - [02/Feb/2020:13:17:13 -0500] "-" 408 -
192.99.36.166 - - [02/Feb/2020:13:17:19 -0500] "GET /StormSDA/userFiles/user_files/formatos/?C=D;O=D/ HTTP/1.1" 200 557
66.249.65.199 - - [02/Feb/2020:13:17:26 -0500] "-" 408 -
192.99.4.163 - - [02/Feb/2020:13:17:27 -0500] "GET /StormSDA/userFiles%20-%20Copy%2019-07-2012/user_files/listas/?C=N;O=A/ HTTP/1.1" 200 589
191.95.61.8 - - [02/Feb/2020:13:17:32 -0500] "GET /galeria/galeria/jquery.fancybox.css?v=2.1.5 HTTP/1.1" 200 4895
191.95.61.8 - - [02/Feb/2020:13:17:33 -0500] "GET /BLA/boletinlegal/js/jquery.scrollShow.js HTTP/1.1" 200 4586
191.95.61.8 - - [02/Feb/2020:13:17:33 -0500] "GET /galeria/galeria/jquery.fancybox.js?v=2.1.5 HTTP/1.1" 200 48706
35.139.102.152 - - [02/Feb/2020:13:17:38 -0500] "GET / HTTP/1.1" 200 9990
66.249.65.230 - - [02/Feb/2020:13:17:39 -0500] "-" 408 -
191.95.61.8 - - [02/Feb/2020:13:17:41 -0500] "GET /galeria/carrusel/Carrusel/jquery.thumbnailScroller.css HTTP/1.1" 200 2066
69.162.124.232 - - [02/Feb/2020:13:17:42 -0500] "HEAD / HTTP/1.1" 200 -
191.95.61.8 - - [02/Feb/2020:13:17:42 -0500] "GET /galeria/carrusel/Carrusel/jquery-ui-1.8.13.custom.min.js HTTP/1.1" 200 10800
191.95.61.8 - - [02/Feb/2020:13:17:42 -0500] "GET /galeria/carrusel/Carrusel/jquery.thumbnailScroller.js HTTP/1.1" 200 8157
191.95.61.8 - - [02/Feb/2020:13:17:43 -0500] "GET /galeria/nivo-slider/demo/demo.html HTTP/1.1" 404 1552
192.99.4.163 - - [02/Feb/2020:13:17:52 -0500] "GET /StormSDA/userFiles%20-%20Copy%2019-07-2012/user_files/listas/?C=S;O=D/ HTTP/1.1" 200 589
192.99.4.163 - - [02/Feb/2020:13:18:10 -0500] "GET /StormSDA/userFiles/user_files/85/?C=M;O=A/ HTTP/1.1" 200 545
186.102.39.18 - - [02/Feb/2020:13:18:13 -0500] "GET /BLA/boletinlegal/js/jquery.scrollShow.js HTTP/1.1" 200 4586
186.102.39.18 - - [02/Feb/2020:13:18:13 -0500] "GET /galeria/galeria/jquery.fancybox.js?v=2.1.5 HTTP/1.1" 200 48706
186.102.39.18 - - [02/Feb/2020:13:18:13 -0500] "GET /galeria/galeria/jquery.fancybox.css?v=2.1.5 HTTP/1.1" 200 4895
186.102.39.18 - - [02/Feb/2020:13:18:16 -0500] "GET /BLA/boletinlegal/js/jquery.scrollShow.js HTTP/1.1" 304 -
186.102.39.18 - - [02/Feb/2020:13:18:16 -0500] "GET /galeria/galeria/jquery.fancybox.js?v=2.1.5 HTTP/1.1" 304 -
186.102.39.18 - - [02/Feb/2020:13:18:16 -0500] "GET /galeria/galeria/jquery.fancybox.css?v=2.1.5 HTTP/1.1" 304 -
192.99.4.163 - - [02/Feb/2020:13:18:16 -0500] "GET /StormSDA/userFiles/user_files/85/?C=N;O=A/ HTTP/1.1" 200 545
66.249.65.79 - - [02/Feb/2020:13:18:22 -0500] "-" 408 -
192.99.4.163 - - [02/Feb/2020:13:18:26 -0500] "GET /StormSDA/userFiles/user_files/85/?C=S;O=A/ HTTP/1.1" 200 545
192.99.4.163 - - [02/Feb/2020:13:18:38 -0500] "GET /StormSDA/userFiles/user_files/88/?C=D;O=D/ HTTP/1.1" 200 545
186.84.20.153 - - [02/Feb/2020:13:18:42 -0500] "GET /galeria/galeria/jquery.fancybox.css?v=2.1.5 HTTP/1.1" 200 4895
186.84.20.153 - - [02/Feb/2020:13:18:42 -0500] "GET /galeria/galeria/jquery.fancybox.js?v=2.1.5 HTTP/1.1" 200 48706
186.84.20.153 - - [02/Feb/2020:13:18:42 -0500] "GET /BLA/boletinlegal/js/jquery.scrollShow.js HTTP/1.1" 200 4586
186.84.20.153 - - [02/Feb/2020:13:18:42 -0500] "GET /galeria/carrusel/Carrusel/jquery.thumbnailScroller.css HTTP/1.1" 200 2066
186.84.20.153 - - [02/Feb/2020:13:18:42 -0500] "GET /galeria/carrusel/Carrusel/jquery-ui-1.8.13.custom.min.js HTTP/1.1" 200 10800
186.84.20.153 - - [02/Feb/2020:13:18:42 -0500] "GET /galeria/carrusel/Carrusel/jquery.thumbnailScroller.js HTTP/1.1" 200 8157
186.84.20.153 - - [02/Feb/2020:13:18:43 -0500] "GET /galeria/nivo-slider/demo/inicio.html HTTP/1.1" 200 2975
186.84.20.153 - - [02/Feb/2020:13:18:47 -0500] "GET /galeria/nivo-slider/nivo-slider.css HTTP/1.1" 200 1507
186.84.20.153 - - [02/Feb/2020:13:18:47 -0500] "GET /galeria/nivo-slider/themes/pascal/pascal.css HTTP/1.1" 200 2258
186.84.20.153 - - [02/Feb/2020:13:18:47 -0500] "GET /galeria/nivo-slider/demo/style.css HTTP/1.1" 200 2222
186.84.20.153 - - [02/Feb/2020:13:18:47 -0500] "GET /galeria/nivo-slider/themes/orman/orman.css HTTP/1.1" 200 2152
186.84.20.153 - - [02/Feb/2020:13:18:47 -0500] "GET /galeria/nivo-slider/demo/scripts/jquery-1.7.1.min.js HTTP/1.1" 200 93868
186.84.20.153 - - [02/Feb/2020:13:18:47 -0500] "GET /galeria/nivo-slider/themes/default/default.css HTTP/1.1" 200 1569
186.84.20.153 - - [02/Feb/2020:13:18:48 -0500] "GET /galeria/nivo-slider/demo/images/bannertinguaweb.jpg HTTP/1.1" 200 227793
186.84.20.153 - - [02/Feb/2020:13:18:48 -0500] "GET /galeria/nivo-slider/demo/images/Bannerpread2020.jpg HTTP/1.1" 200 114485
186.84.20.153 - - [02/Feb/2020:13:18:48 -0500] "GET /galeria/nivo-slider/demo/images/Bannercalculadoraweb.jpg HTTP/1.1" 200 301964
186.84.20.153 - - [02/Feb/2020:13:18:48 -0500] "GET /galeria/nivo-slider/demo/images/sincarro.jpg HTTP/1.1" 200 333645
186.84.20.153 - - [02/Feb/2020:13:18:48 -0500] "GET /galeria/nivo-slider/demo/images/bannervisorweb.jpg HTTP/1.1" 200 201837
186.84.20.153 - - [02/Feb/2020:13:18:50 -0500] "GET /galeria/nivo-slider/demo/images/bannerpuntosweb.jpg HTTP/1.1" 200 234282
186.84.20.153 - - [02/Feb/2020:13:18:50 -0500] "GET /galeria/nivo-slider/demo/images/Bannerwebhumedales.jpg HTTP/1.1" 200 193559
192.99.4.163 - - [02/Feb/2020:13:18:50 -0500] "GET /StormSDA/userFiles/user_files/88/?C=N;O=A/ HTTP/1.1" 200 545
186.84.20.153 - - [02/Feb/2020:13:18:51 -0500] "GET /galeria/nivo-slider/demo/images/4Simple_Slider.png HTTP/1.1" 200 11722
186.84.20.153 - - [02/Feb/2020:13:18:51 -0500] "GET /galeria/nivo-slider/themes/default/loading.gif HTTP/1.1" 200 1737
186.84.20.153 - - [02/Feb/2020:13:18:51 -0500] "GET /galeria/nivo-slider/jquery.nivo.slider.pack.js HTTP/1.1" 200 11561
186.84.20.153 - - [02/Feb/2020:13:18:51 -0500] "GET /galeria/nivo-slider/demo/images/febrero.jpg HTTP/1.1" 200 562920
186.84.20.153 - - [02/Feb/2020:13:18:54 -0500] "GET /galeria/nivo-slider/themes/default/arrows.png HTTP/1.1" 200 824
186.84.20.153 - - [02/Feb/2020:13:18:54 -0500] "GET /galeria/nivo-slider/themes/default/bullets.png HTTP/1.1" 200 1281
192.99.4.163 - - [02/Feb/2020:13:19:09 -0500] "GET /StormSDA/userFiles/user_files/88/?C=S;O=D/ HTTP/1.1" 200 545
192.168.175.104 - - [02/Feb/2020:13:19:21 -0500] "GET / HTTP/1.0" 200 9990
192.99.4.163 - - [02/Feb/2020:13:19:22 -0500] "GET /StormSDA/userFiles/user_files/89/?C=M;O=D/ HTTP/1.1" 200 545
192.99.4.163 - - [02/Feb/2020:13:19:29 -0500] "GET /StormSDA/userFiles/user_files/90/?C=M;O=D/ HTTP/1.1" 200 545
192.99.4.163 - - [02/Feb/2020:13:19:41 -0500] "GET /StormSDA/userFiles/user_files/90/?C=N;O=A/ HTTP/1.1" 200 545
192.99.4.163 - - [02/Feb/2020:13:19:49 -0500] "GET /StormSDA/userFiles/user_files/90/?C=S;O=D/ HTTP/1.1" 200 545
190.24.56.49 - - [02/Feb/2020:13:19:59 -0500] "GET /galeria/galeria/jquery.fancybox.css?v=2.1.5 HTTP/1.1" 200 4895
190.24.56.49 - - [02/Feb/2020:13:19:59 -0500] "GET /BLA/boletinlegal/js/jquery.scrollShow.js HTTP/1.1" 200 4586
190.24.56.49 - - [02/Feb/2020:13:19:59 -0500] "GET /galeria/galeria/jquery.fancybox.js?v=2.1.5 HTTP/1.1" 200 48706
192.99.4.163 - - [02/Feb/2020:13:19:59 -0500] "GET /StormSDA/userFiles/user_files/91/?C=D;O=D/ HTTP/1.1" 200 545
192.99.4.163 - - [02/Feb/2020:13:20:07 -0500] "GET /StormSDA/userFiles/user_files/91/?C=M;O=D/ HTTP/1.1" 200 545
192.99.4.163 - - [02/Feb/2020:13:20:12 -0500] "GET /StormSDA/userFiles/user_files/91/?C=N;O=A/ HTTP/1.1" 200 545
186.84.20.130 - - [02/Feb/2020:13:20:22 -0500] "GET /BLA/boletinlegal/js/jquery.scrollShow.js HTTP/1.1" 200 4586
186.84.20.130 - - [02/Feb/2020:13:20:22 -0500] "GET /galeria/galeria/jquery.fancybox.css?v=2.1.5 HTTP/1.1" 200 4895
186.84.20.130 - - [02/Feb/2020:13:20:22 -0500] "GET /galeria/galeria/jquery.fancybox.js?v=2.1.5 HTTP/1.1" 200 48706
186.84.20.130 - - [02/Feb/2020:13:20:22 -0500] "GET /galeria/carrusel/Carrusel/jquery.thumbnailScroller.css HTTP/1.1" 200 2066
186.84.20.130 - - [02/Feb/2020:13:20:22 -0500] "GET /galeria/carrusel/Carrusel/jquery-ui-1.8.13.custom.min.js HTTP/1.1" 200 10800
186.84.20.130 - - [02/Feb/2020:13:20:22 -0500] "GET /galeria/carrusel/Carrusel/jquery.thumbnailScroller.js HTTP/1.1" 200 8157
186.84.20.130 - - [02/Feb/2020:13:20:23 -0500] "GET /galeria/nivo-slider/demo/demo.html HTTP/1.1" 404 1552
192.99.4.163 - - [02/Feb/2020:13:20:25 -0500] "GET /StormSDA/userFiles/user_files/91/?C=S;O=D/ HTTP/1.1" 200 545
66.249.65.218 - - [02/Feb/2020:13:20:27 -0500] "-" 408 -
192.99.4.163 - - [02/Feb/2020:13:20:37 -0500] "GET /StormSDA/userFiles/user_files/92/?C=D;O=A/ HTTP/1.1" 200 545
192.99.4.163 - - [02/Feb/2020:13:20:47 -0500] "GET /StormSDA/userFiles/user_files/92/?C=D;O=D/ HTTP/1.1" 200 545
66.249.79.209 - - [02/Feb/2020:13:20:51 -0500] "GET /Autoliquidacion/TR%C3%81MITES%20ACEITES-RESIDUOS-ESTACIONES/REGISTRO%20COMO%20ACOPIADOR%20PRIMARIO/Solicitud%20de%20inscripci%C3%B3n%20como%20acopiador%20primario%20de%20aceites%20usados.doc HTTP/1.1" 200 2184192
40.77.167.128 - - [02/Feb/2020:13:20:56 -0500] "-" 408 -
192.99.4.163 - - [02/Feb/2020:13:21:09 -0500] "GET /StormSDA/userFiles/user_files/92/?C=M;O=D/ HTTP/1.1" 200 545
192.99.4.163 - - [02/Feb/2020:13:21:13 -0500] "GET /StormSDA/userFiles/user_files/92/?C=N;O=A/ HTTP/1.1" 200 545
66.249.79.31 - - [02/Feb/2020:13:21:17 -0500] "GET /Autoliquidacion/index.php?dir=Solicitudes%20relacionadas%20con%20calidad%20del%20aire%20auditiva%20y%20visual/Evaluaci%F3n%20de%20permisos%20de%20emisi%F3n%20para%20fuentes%20fijas/&sort=date&order=desc HTTP/1.1" 200 3662
192.99.4.163 - - [02/Feb/2020:13:21:23 -0500] "GET /StormSDA/userFiles/user_files/92/?C=S;O=D/ HTTP/1.1" 200 545
192.99.4.163 - - [02/Feb/2020:13:21:34 -0500] "GET /StormSDA/userFiles/user_files/93/?C=D;O=A/ HTTP/1.1" 200 545
192.168.175.104 - - [02/Feb/2020:13:21:38 -0500] "GET / HTTP/1.1" 200 9990
192.99.4.163 - - [02/Feb/2020:13:21:45 -0500] "GET /StormSDA/userFiles/user_files/93/?C=D;O=D/ HTTP/1.1" 200 545
66.249.88.221 - - [02/Feb/2020:13:21:46 -0500] "GET /galeria/galeria/jquery.fancybox.css?v=2.1.5 HTTP/1.1" 200 4895
66.249.88.221 - - [02/Feb/2020:13:21:46 -0500] "GET /BLA/boletinlegal/js/jquery.scrollShow.js HTTP/1.1" 200 4586
66.249.88.219 - - [02/Feb/2020:13:21:46 -0500] "GET /galeria/galeria/jquery.fancybox.js?v=2.1.5 HTTP/1.1" 200 48706
66.249.65.250 - - [02/Feb/2020:13:21:47 -0500] "-" 408 -
66.249.88.219 - - [02/Feb/2020:13:21:52 -0500] "GET /galeria/galeria/jquery.fancybox.js?v=2.1.5 HTTP/1.1" 200 48706
66.249.88.219 - - [02/Feb/2020:13:21:52 -0500] "GET /galeria/carrusel/Carrusel/jquery-ui-1.8.13.custom.min.js HTTP/1.1" 200 10800
66.249.88.223 - - [02/Feb/2020:13:21:52 -0500] "GET /galeria/carrusel/Carrusel/jquery.thumbnailScroller.js HTTP/1.1" 200 8157
66.249.88.219 - - [02/Feb/2020:13:21:52 -0500] "GET /galeria/carrusel/Carrusel/jquery.thumbnailScroller.css HTTP/1.1" 200 2066
66.249.88.223 - - [02/Feb/2020:13:21:52 -0500] "GET /galeria/nivo-slider/demo/inicio.html HTTP/1.1" 200 2975
66.249.88.219 - - [02/Feb/2020:13:21:52 -0500] "GET /galeria/nivo-slider/themes/orman/orman.css HTTP/1.1" 200 2152
66.249.88.221 - - [02/Feb/2020:13:21:52 -0500] "GET /galeria/nivo-slider/nivo-slider.css HTTP/1.1" 200 1507
