66.249.65.250 - - [05/Feb/2020:01:21:47 -0500] "GET /BLA/resoluciones/AUTOS%202011/3116.pdf HTTP/1.1" 200 287523
66.249.65.250 - - [05/Feb/2020:01:21:55 -0500] "GET /BLA/resoluciones/RESOLUCIONES%202011/2089.pdf HTTP/1.1" 200 369774
66.249.65.250 - - [05/Feb/2020:01:22:03 -0500] "GET /BLA/resoluciones/RESOLUCIONES%202010/6918.pdf HTTP/1.1" 200 1281285
179.13.163.127 - - [05/Feb/2020:01:22:03 -0500] "-" 408 -
66.249.88.219 - - [05/Feb/2020:01:22:08 -0500] "GET /BLA/boletinlegal/js/jquery.scrollShow.js HTTP/1.1" 200 4586
66.249.88.221 - - [05/Feb/2020:01:22:08 -0500] "GET /galeria/galeria/jquery.fancybox.css?v=2.1.5 HTTP/1.1" 200 4895
66.249.88.223 - - [05/Feb/2020:01:22:08 -0500] "GET /galeria/galeria/jquery.fancybox.js?v=2.1.5 HTTP/1.1" 200 48706
66.249.65.252 - - [05/Feb/2020:01:22:10 -0500] "GET /BLA/resoluciones/RESOLUCIONES%202018/0961.pdf HTTP/1.1" 200 333539
66.249.65.250 - - [05/Feb/2020:01:22:18 -0500] "GET /BLA/resoluciones/RESOLUCIONES%202016/2327.pdf HTTP/1.1" 200 596438
66.249.65.252 - - [05/Feb/2020:01:22:24 -0500] "GET /BLA/resoluciones/Autos%202008/2402.pdf HTTP/1.1" 200 98549
66.249.65.252 - - [05/Feb/2020:01:22:31 -0500] "GET /BLA/resoluciones/Autos%202008/1223.pdf HTTP/1.1" 200 157440
66.249.65.252 - - [05/Feb/2020:01:22:39 -0500] "GET /BLA/resoluciones/Autos%202008/2127.pdf HTTP/1.1" 200 128227
66.249.65.185 - - [05/Feb/2020:01:22:39 -0500] "-" 408 -
66.249.65.252 - - [05/Feb/2020:01:22:52 -0500] "GET /BLA/resoluciones/RESOLUCIONES%202007/RES%202007%203901%20AL%204000/RESOLUCION%203935%20DE%202007.pdf HTTP/1.1" 200 290190
66.249.65.232 - - [05/Feb/2020:01:22:59 -0500] "-" 408 -
66.249.65.250 - - [05/Feb/2020:01:23:00 -0500] "GET /BLA/resoluciones/AUTOS%202017/0546.pdf HTTP/1.1" 200 372103
66.249.65.250 - - [05/Feb/2020:01:23:07 -0500] "GET /BLA/resoluciones/Autos%202008/0197.pdf HTTP/1.1" 200 188305
66.249.65.250 - - [05/Feb/2020:01:23:14 -0500] "GET /BLA/resoluciones/RESOLUCIONES%202016/2361.pdf HTTP/1.1" 200 393665
66.249.65.250 - - [05/Feb/2020:01:23:22 -0500] "GET /BLA/resoluciones/RESOLUCIONES%202018/3091.pdf HTTP/1.1" 200 219838
192.168.175.104 - - [05/Feb/2020:01:23:24 -0500] "GET / HTTP/1.1" 200 9990
66.249.65.250 - - [05/Feb/2020:01:23:30 -0500] "GET /BLA/resoluciones/Autos%202008/0295.pdf HTTP/1.1" 200 92804
66.249.65.243 - - [05/Feb/2020:01:23:38 -0500] "GET /POT-2013/Cartografia/26_Espacio_Publico_2013_V1.pdf HTTP/1.1" 200 3519741
66.249.65.250 - - [05/Feb/2020:01:23:44 -0500] "GET /BLA/resoluciones/Autos%202008/2549.pdf HTTP/1.1" 200 243465
66.249.65.252 - - [05/Feb/2020:01:23:52 -0500] "GET /BLA/resoluciones/RESOLUCIONES%202009/RESOLUCION%203665%20DE%202009.PDF HTTP/1.1" 200 59235
66.249.65.245 - - [05/Feb/2020:01:23:59 -0500] "GET /POT-2013/Cartografia/05_Remocion_V1_2013.pdf HTTP/1.1" 200 4650227
66.249.65.225 - - [05/Feb/2020:01:24:05 -0500] "GET /BLA/resoluciones/RESOLUCIONES%202007/RES%202007%201201%20AL%201300/RESOLUCION%201232%20DE%202007.pdf HTTP/1.1" 200 205071
66.249.65.254 - - [05/Feb/2020:01:24:18 -0500] "GET /BLA/resoluciones/RESOLUCIONES%202009/RESOLUCION%204085%20DE%202009.PDF HTTP/1.1" 200 129023
66.249.65.252 - - [05/Feb/2020:01:24:25 -0500] "GET /BLA/resoluciones/RESOLUCIONES%202019/2362.pdf HTTP/1.1" 200 225496
66.249.65.252 - - [05/Feb/2020:01:24:37 -0500] "GET /BLA/resoluciones/RESOLUCIONES%202011/4211.pdf HTTP/1.1" 200 434140
66.249.65.250 - - [05/Feb/2020:01:24:45 -0500] "GET /BLA/resoluciones/AUTOS%202016/0255.pdf HTTP/1.1" 200 571528
69.162.124.232 - - [05/Feb/2020:01:25:01 -0500] "HEAD / HTTP/1.1" 200 -
66.249.65.254 - - [05/Feb/2020:01:25:02 -0500] "GET /Publicaciones/2020EE00750.pdf HTTP/1.1" 503 1020
66.249.73.43 - - [05/Feb/2020:01:25:07 -0500] "-" 408 -
66.249.65.250 - - [05/Feb/2020:01:25:07 -0500] "GET /BLA/resoluciones/AUTOS%202014/4807.pdf HTTP/1.1" 200 490646
66.249.65.250 - - [05/Feb/2020:01:25:14 -0500] "GET /BLA/resoluciones/RESOLUCIONES%202019/2952.pdf HTTP/1.1" 200 221636
186.31.147.189 - - [05/Feb/2020:01:25:16 -0500] "GET /galeria/galeria/jquery.fancybox.css?v=2.1.5 HTTP/1.1" 200 4895
186.31.147.189 - - [05/Feb/2020:01:25:16 -0500] "GET /BLA/boletinlegal/js/jquery.scrollShow.js HTTP/1.1" 200 4586
186.31.147.189 - - [05/Feb/2020:01:25:16 -0500] "GET /galeria/galeria/jquery.fancybox.js?v=2.1.5 HTTP/1.1" 200 48706
66.249.65.250 - - [05/Feb/2020:01:25:21 -0500] "GET /BLA/resoluciones/RESOLUCIONES%202019/1780.pdf HTTP/1.1" 200 321587
66.249.65.250 - - [05/Feb/2020:01:25:29 -0500] "GET /BLA/resoluciones/RESOLUCIONES%202019/0553.pdf HTTP/1.1" 200 304277
66.249.65.250 - - [05/Feb/2020:01:25:37 -0500] "GET /BLA/resoluciones/AUTOS%202011/0137.pdf HTTP/1.1" 200 393146
66.249.65.252 - - [05/Feb/2020:01:25:46 -0500] "GET /BLA/resoluciones/AUTOS%202012/2410.pdf HTTP/1.1" 200 619946
66.249.65.252 - - [05/Feb/2020:01:25:57 -0500] "GET /BLA/resoluciones/RESOLUCIONES%202016/1917.pdf HTTP/1.1" 200 370234
66.249.65.250 - - [05/Feb/2020:01:26:04 -0500] "GET /BLA/resoluciones/AUTOS%202017/0251.pdf HTTP/1.1" 200 367835
192.168.175.104 - - [05/Feb/2020:01:26:07 -0500] "GET / HTTP/1.0" 200 9990
201.245.192.253 - - [05/Feb/2020:01:25:39 -0500] "POST /kwsrmcab/Wsrmcab HTTP/1.1" 200 33012
66.249.65.250 - - [05/Feb/2020:01:26:13 -0500] "GET /BLA/resoluciones/RESOLUCIONES%202007/RES%202007%201001%20AL%201100/RESOLUCION%201071%20DE%202007.pdf HTTP/1.1" 200 216222
66.249.65.250 - - [05/Feb/2020:01:26:20 -0500] "GET /BLA/resoluciones/AUTOS%202016/0549.pdf HTTP/1.1" 200 530842
66.249.65.250 - - [05/Feb/2020:01:26:29 -0500] "GET /BLA/resoluciones/RESOLUCIONES%202019/1384.pdf HTTP/1.1" 200 425007
66.249.65.250 - - [05/Feb/2020:01:26:37 -0500] "GET /BLA/resoluciones/RESOLUCIONES%202010/5047.pdf HTTP/1.1" 200 755367
66.249.65.252 - - [05/Feb/2020:01:26:46 -0500] "GET /BLA/resoluciones/RESOLUCIONES%202007/RES%202007%20901%20AL%201000/RESOLUCION%200915%20DE%202007.pdf HTTP/1.1" 200 280134
201.245.192.253 - - [05/Feb/2020:01:26:13 -0500] "POST /kwsrmcab/Wsrmcab HTTP/1.1" 200 30967
66.249.65.252 - - [05/Feb/2020:01:26:54 -0500] "GET /BLA/resoluciones/AUTOS%202017/0565.pdf HTTP/1.1" 200 498412
66.249.65.250 - - [05/Feb/2020:01:27:02 -0500] "GET /BLA/resoluciones/Notificaciones/AUTOS%202017/4173.pdf HTTP/1.1" 200 262520
66.249.65.250 - - [05/Feb/2020:01:27:10 -0500] "GET /BLA/resoluciones/RESOLUCIONES%202016/1812.pdf HTTP/1.1" 200 311403
66.249.73.51 - - [05/Feb/2020:01:27:16 -0500] "-" 408 -
66.249.65.250 - - [05/Feb/2020:01:27:18 -0500] "GET /BLA/resoluciones/AUTOS%202016/0099.pdf HTTP/1.1" 200 704532
66.249.65.250 - - [05/Feb/2020:01:27:27 -0500] "GET /BLA/resoluciones/AUTOS%202015/5733.pdf HTTP/1.1" 200 463289
66.249.65.250 - - [05/Feb/2020:01:27:36 -0500] "GET /BLA/resoluciones/AUTOS%202017/4001.pdf HTTP/1.1" 200 825354
207.46.13.120 - - [05/Feb/2020:01:27:41 -0500] "-" 408 -
66.249.65.252 - - [05/Feb/2020:01:27:50 -0500] "GET /BLA/resoluciones/AUTOS%202014/5635.pdf HTTP/1.1" 200 533522
66.249.65.218 - - [05/Feb/2020:01:27:53 -0500] "-" 408 -
186.84.223.46 - - [05/Feb/2020:01:27:53 -0500] "-" 408 -
186.84.223.46 - - [05/Feb/2020:01:27:53 -0500] "-" 408 -
186.84.223.46 - - [05/Feb/2020:01:27:53 -0500] "-" 408 -
66.249.65.252 - - [05/Feb/2020:01:27:59 -0500] "GET /BLA/boletinlegal/Directivas/2013/Directiva%20No.%203%20del%2016%20de%20julio%20de%202013.pdf HTTP/1.1" 200 127414
66.249.65.250 - - [05/Feb/2020:01:28:07 -0500] "GET /BLA/resoluciones/RESOLUCIONES%202016/1989.pdf HTTP/1.1" 200 363038
192.168.175.104 - - [05/Feb/2020:01:28:22 -0500] "GET / HTTP/1.1" 200 9990
66.249.65.77 - - [05/Feb/2020:01:28:30 -0500] "-" 408 -
66.249.65.250 - - [05/Feb/2020:01:28:30 -0500] "GET /BLA/resoluciones/RESOLUCIONES%202016/2091.pdf HTTP/1.1" 200 288246
212.142.160.5 - - [05/Feb/2020:01:28:33 -0500] "GET /galeria/galeria/jquery.fancybox.js?v=2.1.5 HTTP/1.1" 200 48706
212.142.160.5 - - [05/Feb/2020:01:28:33 -0500] "GET /BLA/boletinlegal/js/jquery.scrollShow.js HTTP/1.1" 200 4586
212.142.160.5 - - [05/Feb/2020:01:28:33 -0500] "GET /galeria/galeria/jquery.fancybox.css?v=2.1.5 HTTP/1.1" 200 4895
66.249.65.250 - - [05/Feb/2020:01:28:44 -0500] "GET /BLA/resoluciones/AUTOS%202007/3298.pdf HTTP/1.1" 200 236453
212.142.160.5 - - [05/Feb/2020:01:28:45 -0500] "GET /galeria/galeria/jquery.fancybox.css?v=2.1.5 HTTP/1.1" 304 -
212.142.160.5 - - [05/Feb/2020:01:28:45 -0500] "GET /galeria/galeria/jquery.fancybox.js?v=2.1.5 HTTP/1.1" 304 -
212.142.160.5 - - [05/Feb/2020:01:28:45 -0500] "GET /BLA/boletinlegal/js/jquery.scrollShow.js HTTP/1.1" 304 -
207.46.13.132 - - [05/Feb/2020:01:28:46 -0500] "GET /catalogoisis/imagenes/br3c1.gif HTTP/1.1" 200 177
66.249.65.230 - - [05/Feb/2020:01:28:48 -0500] "-" 408 -
66.249.65.252 - - [05/Feb/2020:01:28:58 -0500] "GET /BLA/resoluciones/Notificaciones/AUTOS%202018/1452.pdf HTTP/1.1" 200 785900
66.249.65.250 - - [05/Feb/2020:01:29:10 -0500] "GET /BLA/resoluciones/Autos%202008/0935.pdf HTTP/1.1" 200 271426
66.249.65.252 - - [05/Feb/2020:01:29:17 -0500] "GET /BLA/resoluciones/RESOLUCIONES%202019/2143.pdf HTTP/1.1" 200 283469
66.249.65.250 - - [05/Feb/2020:01:29:23 -0500] "GET /BLA/resoluciones/AUTOS%202007/0654.pdf HTTP/1.1" 200 143795
66.249.65.250 - - [05/Feb/2020:01:29:32 -0500] "GET /BLA/resoluciones/RESOLUCIONES%202007/RES%202007%202501%20AL%202600/RESOLUCION%202589%20DE%202007.pdf HTTP/1.1" 200 478394
66.249.65.250 - - [05/Feb/2020:01:29:43 -0500] "GET /BLA/resoluciones/AUTOS%202015/4653.pdf HTTP/1.1" 200 657582
66.249.65.254 - - [05/Feb/2020:01:30:00 -0500] "GET /BLA/resoluciones/RESOLUCIONES%202011/2347.pdf HTTP/1.1" 200 531974
69.162.124.232 - - [05/Feb/2020:01:30:01 -0500] "HEAD / HTTP/1.1" 200 -
66.249.65.199 - - [05/Feb/2020:01:30:02 -0500] "-" 408 -
66.249.65.250 - - [05/Feb/2020:01:30:07 -0500] "GET /BLA/resoluciones/Autos%202008/0444.pdf HTTP/1.1" 200 396329
66.249.65.250 - - [05/Feb/2020:01:30:15 -0500] "GET /BLA/resoluciones/RESOLUCIONES%202010/5218.pdf HTTP/1.1" 200 782419
66.249.65.250 - - [05/Feb/2020:01:30:24 -0500] "GET /BLA/resoluciones/AUTOS%202015/1288.pdf HTTP/1.1" 200 547387
66.249.65.252 - - [05/Feb/2020:01:30:32 -0500] "GET /BLA/resoluciones/Autos%202008/0932.pdf HTTP/1.1" 200 76973
66.249.65.252 - - [05/Feb/2020:01:30:40 -0500] "GET /BLA/resoluciones/RESOLUCIONES%202019/2214.pdf HTTP/1.1" 200 622032
66.249.65.252 - - [05/Feb/2020:01:30:49 -0500] "GET /BLA/resoluciones/RESOLUCIONES%202007/RES%202007%201801%20AL%201900/RESOLUCION%201804%20DE%202007.pdf HTTP/1.1" 200 312962
66.249.65.252 - - [05/Feb/2020:01:30:57 -0500] "GET /BLA/resoluciones/AUTOS%202015/7179.pdf HTTP/1.1" 200 576214
192.168.175.104 - - [05/Feb/2020:01:31:05 -0500] "GET / HTTP/1.0" 200 9990
66.249.73.81 - - [05/Feb/2020:01:31:06 -0500] "GET /BLA/boletinlegal/Circulares/2012/Circular%20No.%2016%20del%2022%20de%20octubre%20de%202012.pdf HTTP/1.1" 200 381186
66.249.65.250 - - [05/Feb/2020:01:31:12 -0500] "GET /BLA/resoluciones/RESOLUCIONES%202009/6665.pdf HTTP/1.1" 200 411858
198.27.70.196 - - [05/Feb/2020:01:31:18 -0500] "GET /robots.txt HTTP/1.1" 404 1019
192.99.7.182 - - [05/Feb/2020:01:31:21 -0500] "GET /robots.txt HTTP/1.1" 404 1019
66.249.65.250 - - [05/Feb/2020:01:31:26 -0500] "GET /BLA/resoluciones/Autos%202008/0433.pdf HTTP/1.1" 200 157275
66.249.65.250 - - [05/Feb/2020:01:31:33 -0500] "GET /BLA/resoluciones/RESOLUCIONES%202016/1282.pdf HTTP/1.1" 200 582106
66.249.68.27 - - [05/Feb/2020:01:31:42 -0500] "GET /Publicaciones/2019EE305693.pdf HTTP/1.1" 503 1020
207.46.13.69 - - [05/Feb/2020:01:31:46 -0500] "GET /BLA/resoluciones/RESOLUCIONES%202010/6639.pdf HTTP/1.1" 200 261230
66.249.65.252 - - [05/Feb/2020:01:31:48 -0500] "GET /BLA/resoluciones/RESOLUCIONES%202007/RES%202007%204001%20AL%204100/RESOLUCION%204044%20DE%202007.pdf HTTP/1.1" 200 632667
66.249.73.138 - - [05/Feb/2020:01:31:49 -0500] "-" 408 -
198.27.70.196 - - [05/Feb/2020:01:31:51 -0500] "GET /galeria/galeria/helpers/?C=S;O=D/ HTTP/1.1" 200 527
207.46.13.69 - - [05/Feb/2020:01:31:53 -0500] "GET /BLA/resoluciones/RESOLUCIONES%202010/6470.pdf HTTP/1.1" 200 285488
66.249.65.252 - - [05/Feb/2020:01:31:59 -0500] "GET /BLA/resoluciones/RESOLUCIONES%202019/0399.pdf HTTP/1.1" 200 215423
66.249.65.252 - - [05/Feb/2020:01:32:06 -0500] "GET /BLA/resoluciones/RESOLUCIONES%202014/2542.pdf HTTP/1.1" 200 817215
66.249.65.250 - - [05/Feb/2020:01:32:22 -0500] "GET /BLA/resoluciones/RESOLUCIONES%202007/RES%202007%203701%20AL%203800/RESOLUCION%203734%20DE%202007.pdf HTTP/1.1" 200 517372
66.249.65.252 - - [05/Feb/2020:01:32:29 -0500] "GET /BLA/resoluciones/RESOLUCIONES%202009/RESOLUCION%207226%20DE%202009.PDF HTTP/1.1" 200 76534
66.249.65.252 - - [05/Feb/2020:01:32:36 -0500] "GET /BLA/resoluciones/AUTOS%202007/0726.pdf HTTP/1.1" 200 63152
66.249.73.43 - - [05/Feb/2020:01:32:41 -0500] "-" 408 -
66.249.65.250 - - [05/Feb/2020:01:32:43 -0500] "GET /BLA/resoluciones/RESOLUCIONES%202019/1598.pdf HTTP/1.1" 200 293554
157.55.39.143 - - [05/Feb/2020:01:32:46 -0500] "GET /siipev/Diseno%20de%20Elementos%20de%20Mobiliario%20Urbano/Otros%20Elementos/Infografia/Parte2/M-141.png HTTP/1.1" 200 22886
157.55.39.143 - - [05/Feb/2020:01:32:46 -0500] "GET /BLA/resoluciones/RESOLUCIONES%202010/7174.pdf HTTP/1.1" 200 40554
157.55.39.143 - - [05/Feb/2020:01:32:46 -0500] "GET /galeria/galeria/fotos/Soratama2G.jpg HTTP/1.1" 200 167638
157.55.39.143 - - [05/Feb/2020:01:32:47 -0500] "GET /galeria/galeria/fotos/Humedal-la-conejera3G.jpg HTTP/1.1" 200 373974
157.55.39.143 - - [05/Feb/2020:01:32:48 -0500] "GET /BLA/resoluciones/RESOLUCIONES%202010/5890.pdf HTTP/1.1" 200 74872
157.55.39.143 - - [05/Feb/2020:01:32:48 -0500] "GET /BLA/resoluciones/RESOLUCIONES%202010/4109.pdf HTTP/1.1" 200 98542
66.249.65.252 - - [05/Feb/2020:01:32:50 -0500] "GET /BLA/resoluciones/Autos%202008/1430.pdf HTTP/1.1" 200 173536
66.249.65.252 - - [05/Feb/2020:01:32:57 -0500] "GET /BLA/resoluciones/AUTOS%202015/6446.pdf HTTP/1.1" 200 296212
66.249.65.254 - - [05/Feb/2020:01:33:05 -0500] "GET /BLA/resoluciones/AUTOS%202015/1732.pdf HTTP/1.1" 200 669030
192.168.175.104 - - [05/Feb/2020:01:33:21 -0500] "GET / HTTP/1.1" 200 9990
66.249.65.201 - - [05/Feb/2020:01:33:14 -0500] "GET /BLA/boletinlegal/actas/466-2017.pdf HTTP/1.1" 200 9170724
66.249.65.252 - - [05/Feb/2020:01:33:25 -0500] "GET /BLA/resoluciones/RESOLUCIONES%202011/2618.pdf HTTP/1.1" 200 746359
66.249.65.254 - - [05/Feb/2020:01:33:37 -0500] "GET /BLA/resoluciones/AUTOS%202014/0061.pdf HTTP/1.1" 200 615366
5.101.0.209 - - [05/Feb/2020:01:33:39 -0500] "POST /vendor/phpunit/phpunit/src/Util/PHP/eval-stdin.php HTTP/1.1" 404 1018
66.249.65.218 - - [05/Feb/2020:01:33:41 -0500] "-" 408 -
66.249.73.83 - - [05/Feb/2020:01:33:48 -0500] "GET /POT-2013/index.php?dir=Cartografia/&sort=size&order=asc HTTP/1.1" 200 11465
66.249.65.254 - - [05/Feb/2020:01:33:55 -0500] "GET /BLA/resoluciones/RESOLUCIONES%202007/RES%202007%202501%20AL%202600/RESOLUCION%202571%20DE%202007.pdf HTTP/1.1" 200 475838
192.99.7.182 - - [05/Feb/2020:01:34:05 -0500] "GET /robots.txt HTTP/1.0" 404 1019
66.249.65.225 - - [05/Feb/2020:01:34:14 -0500] "GET /BLA/resoluciones/RESOLUCIONES%202014/0127.pdf HTTP/1.1" 200 874452
66.249.65.252 - - [05/Feb/2020:01:34:23 -0500] "GET /BLA/resoluciones/RESOLUCIONES%202009/RESOLUCION%208820%20DE%202009.PDF HTTP/1.1" 200 37514
66.249.65.230 - - [05/Feb/2020:01:34:27 -0500] "-" 408 -
66.249.65.250 - - [05/Feb/2020:01:34:31 -0500] "GET /BLA/resoluciones/RESOLUCIONES%202009/RESOLUCION%203692%20DE%202009.PDF HTTP/1.1" 200 39436
66.249.65.250 - - [05/Feb/2020:01:34:38 -0500] "GET /BLA/resoluciones/AUTOS%202016/1964.pdf HTTP/1.1" 200 333764
66.249.65.77 - - [05/Feb/2020:01:34:39 -0500] "-" 408 -
66.249.65.250 - - [05/Feb/2020:01:34:46 -0500] "GET /BLA/resoluciones/RESOLUCIONES%202009/RESOLUCION%203756%20DE%202009.PDF HTTP/1.1" 200 27832
66.249.65.250 - - [05/Feb/2020:01:34:54 -0500] "GET /BLA/resoluciones/RESOLUCIONES%202016/2405.pdf HTTP/1.1" 200 486694
69.162.124.232 - - [05/Feb/2020:01:35:01 -0500] "HEAD / HTTP/1.1" 200 -
66.249.65.254 - - [05/Feb/2020:01:35:03 -0500] "GET /BLA/resoluciones/AUTOS%202014/4615.pdf HTTP/1.1" 200 578645
66.249.65.252 - - [05/Feb/2020:01:35:14 -0500] "GET /BLA/resoluciones/RESOLUCIONES%202019/3703.pdf HTTP/1.1" 200 4855722
66.249.65.254 - - [05/Feb/2020:01:35:28 -0500] "GET /BLA/resoluciones/AUTOS%202007/2501.pdf HTTP/1.1" 200 198532
66.249.73.89 - - [05/Feb/2020:01:35:35 -0500] "-" 408 -
66.249.65.254 - - [05/Feb/2020:01:35:41 -0500] "GET /BLA/resoluciones/RESOLUCIONES%202009/RESOLUCION%206941%20DE%202009.PDF HTTP/1.1" 200 52160
66.249.65.254 - - [05/Feb/2020:01:35:48 -0500] "GET /BLA/resoluciones/RESOLUCIONES%202009/RESOLUCION%201374%20DE%202009.PDF HTTP/1.1" 200 160860
66.249.65.250 - - [05/Feb/2020:01:35:56 -0500] "GET /BLA/resoluciones/RESOLUCIONES%202010/5045.pdf HTTP/1.1" 200 757449
201.245.192.253 - - [05/Feb/2020:01:35:38 -0500] "POST /kwsrmcab/Wsrmcab HTTP/1.1" 502 1155
201.245.192.253 - - [05/Feb/2020:01:36:00 -0500] "POST /kwsrmcab/Wsrmcab HTTP/1.1" 503 1020
192.168.175.104 - - [05/Feb/2020:01:36:04 -0500] "GET / HTTP/1.0" 200 9990
157.55.39.143 - - [05/Feb/2020:01:36:05 -0500] "GET /BLA/resoluciones/RESOLUCIONES%202010/7119.pdf HTTP/1.1" 200 128862
66.249.65.254 - - [05/Feb/2020:01:36:07 -0500] "GET /BLA/resoluciones/RESOLUCIONES%202007/RES%202007%203901%20AL%204000/RESOLUCION%203965%20DE%202007.pdf HTTP/1.1" 200 256320
157.55.39.143 - - [05/Feb/2020:01:36:12 -0500] "GET /BLA/resoluciones/RESOLUCIONES%202010/7406.pdf HTTP/1.1" 200 491895
66.249.65.252 - - [05/Feb/2020:01:36:21 -0500] "GET /BLA/resoluciones/Autos%202008/1791.pdf HTTP/1.1" 200 229947
66.249.65.250 - - [05/Feb/2020:01:36:27 -0500] "GET /BLA/resoluciones/RESOLUCIONES%202016/1807.pdf HTTP/1.1" 200 444425
66.249.65.185 - - [05/Feb/2020:01:36:30 -0500] "-" 408 -
66.249.65.250 - - [05/Feb/2020:01:36:40 -0500] "GET /BLA/resoluciones/RESOLUCIONES%202016/2492.pdf HTTP/1.1" 200 423446
66.249.65.199 - - [05/Feb/2020:01:36:49 -0500] "GET /BLA/boletinlegal/Circulares/2011/Circular%20No.%204%20del%2014%20de%20Julio%20de%202011.pdf HTTP/1.1" 200 399895
66.249.65.250 - - [05/Feb/2020:01:36:54 -0500] "GET /BLA/resoluciones/AUTOS%202012/2157.pdf HTTP/1.1" 200 1745478
176.9.54.68 - - [05/Feb/2020:01:36:32 -0500] "GET /BLA/boletinlegal/index.php HTTP/1.1" 200 20427
66.249.65.252 - - [05/Feb/2020:01:36:59 -0500] "GET /BLA/resoluciones/RESOLUCIONES%202019/1156.pdf HTTP/1.1" 200 328378
35.210.40.148 - - [05/Feb/2020:01:37:04 -0500] "-" 408 -
66.249.65.250 - - [05/Feb/2020:01:37:06 -0500] "GET /BLA/resoluciones/AUTOS%202007/0382.pdf HTTP/1.1" 200 552319
66.249.88.223 - - [05/Feb/2020:01:37:12 -0500] "GET /BLA/boletinlegal/js/jquery.scrollShow.js HTTP/1.1" 200 4586
66.249.88.219 - - [05/Feb/2020:01:37:12 -0500] "GET /galeria/galeria/jquery.fancybox.css?v=2.1.5 HTTP/1.1" 200 4895
66.249.88.223 - - [05/Feb/2020:01:37:12 -0500] "GET /galeria/galeria/jquery.fancybox.js?v=2.1.5 HTTP/1.1" 200 48706
66.249.65.250 - - [05/Feb/2020:01:37:15 -0500] "GET /BLA/resoluciones/Notificaciones/AUTOS%202017/1194.pdf HTTP/1.1" 200 321632
66.249.65.250 - - [05/Feb/2020:01:37:20 -0500] "GET /BLA/resoluciones/RESOLUCIONES%202018/3745.pdf HTTP/1.1" 200 301674
66.249.65.252 - - [05/Feb/2020:01:37:32 -0500] "GET /BLA/resoluciones/RESOLUCIONES%202010/6783.pdf HTTP/1.1" 200 191241
66.249.65.252 - - [05/Feb/2020:01:37:39 -0500] "GET /BLA/resoluciones/RESOLUCIONES%202018/0912.pdf HTTP/1.1" 200 401115
66.249.65.250 - - [05/Feb/2020:01:37:49 -0500] "GET /BLA/resoluciones/RESOLUCIONES%202011/3771.pdf HTTP/1.1" 200 355884
66.249.65.250 - - [05/Feb/2020:01:37:55 -0500] "GET /BLA/resoluciones/Autos%202008/2084.pdf HTTP/1.1" 200 145326
40.77.167.84 - - [05/Feb/2020:01:38:00 -0500] "GET /BLA/boletinlegal/Directivas/2016/Directiva%20No.%2002%20del%2019%20de%20Abril%20de%202016.pdf HTTP/1.1" 200 11898321
66.249.65.252 - - [05/Feb/2020:01:38:03 -0500] "GET /BLA/resoluciones/AUTOS%202016/2179.pdf HTTP/1.1" 200 342210
66.249.65.252 - - [05/Feb/2020:01:38:09 -0500] "GET /BLA/resoluciones/RESOLUCIONES%202018/0670.pdf HTTP/1.1" 200 392878
190.24.58.27 - - [05/Feb/2020:01:38:13 -0500] "GET /BLA/boletinlegal/actos.php HTTP/1.1" 200 8832
190.24.58.27 - - [05/Feb/2020:01:38:15 -0500] "GET /BLA/resoluciones/ HTTP/1.1" 200 12275
66.249.65.250 - - [05/Feb/2020:01:38:18 -0500] "GET /BLA/resoluciones/AUTOS%202015/2009.pdf HTTP/1.1" 200 868657
192.168.175.104 - - [05/Feb/2020:01:38:19 -0500] "GET / HTTP/1.1" 200 9990
190.24.58.27 - - [05/Feb/2020:01:38:19 -0500] "GET /BLA/resoluciones/index.php?dir=RESOLUCIONES+2019%2F HTTP/1.1" 200 116833
66.249.65.250 - - [05/Feb/2020:01:38:36 -0500] "GET /BLA/resoluciones/AUTOS%202017/1810.pdf HTTP/1.1" 200 350669
190.24.58.27 - - [05/Feb/2020:01:38:37 -0500] "GET /BLA/resoluciones/ HTTP/1.1" 200 12275
190.24.58.27 - - [05/Feb/2020:01:38:41 -0500] "GET /BLA/resoluciones/index.php?dir=RESOLUCIONES+2017%2F HTTP/1.1" 200 247201
66.249.65.250 - - [05/Feb/2020:01:38:43 -0500] "GET /BLA/resoluciones/RESOLUCIONES%202007/RES%202007%201201%20AL%201300/RESOLUCION%201234%20%20DE%202007.pdf HTTP/1.1" 200 201095
190.25.110.14 - - [05/Feb/2020:01:38:48 -0500] "GET /BLA/boletinlegal/consulta_actos.php?tipo=autos&no=2237&usuario=&sector=&fecha=2016&resuelve= HTTP/1.1" 200 1062
66.249.65.250 - - [05/Feb/2020:01:38:50 -0500] "GET /BLA/resoluciones/RESOLUCIONES%202007/RES%202007%201401%20AL%201500/RESOLUCION%201492%20DE%202007.pdf HTTP/1.1" 200 241492
190.25.110.14 - - [05/Feb/2020:01:38:54 -0500] "GET /BLA/resoluciones/AUTOS%202016/2237.pdf HTTP/1.1" 200 408891
66.249.65.252 - - [05/Feb/2020:01:38:58 -0500] "GET /BLA/resoluciones/RESOLUCIONES%202009/RESOLUCION%203903%20DE%202009.PDF HTTP/1.1" 200 145936
66.249.65.254 - - [05/Feb/2020:01:39:05 -0500] "GET /BLA/resoluciones/AUTOS%202010/5439.pdf HTTP/1.1" 200 196287
66.249.65.252 - - [05/Feb/2020:01:39:12 -0500] "GET /BLA/resoluciones/RESOLUCIONES%202016/0933.pdf HTTP/1.1" 200 484403
66.249.73.51 - - [05/Feb/2020:01:39:16 -0500] "-" 408 -
66.249.65.250 - - [05/Feb/2020:01:39:20 -0500] "GET /BLA/resoluciones/AUTOS%202015/4011.pdf HTTP/1.1" 200 580895
54.37.67.60 - - [05/Feb/2020:01:39:20 -0500] "HEAD /BLA/resoluciones/AUTOS%202014/0643.pdf HTTP/1.1" 200 -
181.56.225.234 - - [05/Feb/2020:01:39:27 -0500] "GET /galeria/galeria/jquery.fancybox.css?v=2.1.5 HTTP/1.1" 200 4895
66.249.65.250 - - [05/Feb/2020:01:39:31 -0500] "GET /BLA/resoluciones/Notificaciones/AUTOS%202019/3210.pdf HTTP/1.1" 200 613369
49.7.20.84 - - [05/Feb/2020:01:39:31 -0500] "GET /resoluciones/RESOLUCIONES%202009/0651.pdf HTTP/1.1" 404 1018
66.249.65.252 - - [05/Feb/2020:01:39:39 -0500] "GET /BLA/resoluciones/AUTOS%202007/0757.pdf HTTP/1.1" 200 192002
157.55.39.3 - - [05/Feb/2020:01:39:38 -0500] "GET /BLA/boletinlegal/Circulares/2011/Circular%20No.%201%20del%2023%20de%20Febrero%20de%202011.pdf HTTP/1.1" 200 540140
66.249.65.250 - - [05/Feb/2020:01:39:47 -0500] "GET /BLA/resoluciones/RESOLUCIONES%202016/2500.pdf HTTP/1.1" 200 498136
66.249.65.252 - - [05/Feb/2020:01:39:54 -0500] "GET /BLA/resoluciones/RESOLUCIONES%202014/0495.pdf HTTP/1.1" 200 1514106
69.162.124.232 - - [05/Feb/2020:01:40:01 -0500] "HEAD / HTTP/1.1" 200 -
66.249.65.252 - - [05/Feb/2020:01:40:01 -0500] "GET /BLA/resoluciones/RESOLUCIONES%202012/1558.pdf HTTP/1.1" 200 2186959
66.249.65.250 - - [05/Feb/2020:01:40:08 -0500] "GET /BLA/resoluciones/RESOLUCIONES%202019/0044.pdf HTTP/1.1" 200 308622
66.249.65.250 - - [05/Feb/2020:01:40:14 -0500] "GET /BLA/resoluciones/AUTOS%202016/0671.pdf HTTP/1.1" 200 485774
66.249.65.250 - - [05/Feb/2020:01:40:23 -0500] "GET /BLA/resoluciones/Autos%202008/0977.pdf HTTP/1.1" 200 219917
40.77.167.218 - - [05/Feb/2020:01:40:33 -0500] "-" 408 -
66.249.65.254 - - [05/Feb/2020:01:40:37 -0500] "GET /BLA/resoluciones/AUTOS%202010/0107.pdf HTTP/1.1" 200 309201
66.249.65.218 - - [05/Feb/2020:01:40:40 -0500] "-" 408 -
66.249.65.254 - - [05/Feb/2020:01:40:43 -0500] "GET /BLA/resoluciones/AUTOS%202017/3214.pdf HTTP/1.1" 200 875418
40.77.167.218 - - [05/Feb/2020:01:40:55 -0500] "GET /BLA/resoluciones/RESOLUCIONES%202010/5751.pdf HTTP/1.1" 200 364728
66.249.65.254 - - [05/Feb/2020:01:40:59 -0500] "GET /BLA/resoluciones/AUTOS%202007/0627.pdf HTTP/1.1" 200 66570
192.168.175.104 - - [05/Feb/2020:01:41:02 -0500] "GET / HTTP/1.0" 200 9990
66.249.65.250 - - [05/Feb/2020:01:41:06 -0500] "GET /BLA/resoluciones/RESOLUCIONES%202019/1380.pdf HTTP/1.1" 200 301015
66.249.65.252 - - [05/Feb/2020:01:41:12 -0500] "GET /BLA/resoluciones/AUTOS%202017/1047.pdf HTTP/1.1" 200 549146
190.25.110.14 - - [05/Feb/2020:01:41:17 -0500] "GET /BLA/boletinlegal/consulta_actos.php?tipo=resoluciones&no=2237&usuario=&sector=&fecha=2020&resuelve= HTTP/1.1" 200 626
66.249.65.250 - - [05/Feb/2020:01:41:23 -0500] "GET /BLA/resoluciones/RESOLUCIONES%202016/2317.pdf HTTP/1.1" 200 358476
66.249.65.77 - - [05/Feb/2020:01:41:25 -0500] "-" 408 -
190.25.110.14 - - [05/Feb/2020:01:41:28 -0500] "GET /BLA/boletinlegal/consulta_actos.php?tipo=resoluciones&no=2237&usuario=&sector=&fecha=2019&resuelve= HTTP/1.1" 200 626
66.249.65.250 - - [05/Feb/2020:01:41:30 -0500] "GET /BLA/resoluciones/RESOLUCIONES%202019/0041.pdf HTTP/1.1" 200 545192
66.249.65.250 - - [05/Feb/2020:01:41:38 -0500] "GET /BLA/resoluciones/RESOLUCIONES%202016/2426.pdf HTTP/1.1" 200 514768
190.25.110.14 - - [05/Feb/2020:01:41:38 -0500] "GET /BLA/boletinlegal/consulta_actos.php?tipo=resoluciones&no=&usuario=&sector=&fecha=2020&resuelve= HTTP/1.1" 200 3199
66.249.65.250 - - [05/Feb/2020:01:41:47 -0500] "GET /BLA/resoluciones/RESOLUCIONES%202019/1625.pdf HTTP/1.1" 200 377053
190.25.110.14 - - [05/Feb/2020:01:41:53 -0500] "GET /BLA/resoluciones/RESOLUCIONES%202020/0083.pdf HTTP/1.1" 200 281197
66.249.65.250 - - [05/Feb/2020:01:41:55 -0500] "GET /BLA/resoluciones/RESOLUCIONES%202010/7526.pdf HTTP/1.1" 200 456255
209.17.96.242 - - [05/Feb/2020:01:41:56 -0500] "GET / HTTP/1.1" 200 9990
66.249.65.250 - - [05/Feb/2020:01:42:03 -0500] "GET /BLA/resoluciones/RESOLUCIONES%202018/3816.pdf HTTP/1.1" 200 371679
66.249.65.252 - - [05/Feb/2020:01:42:11 -0500] "GET /BLA/resoluciones/RESOLUCIONES%202016/0748.pdf HTTP/1.1" 200 245669
66.249.65.250 - - [05/Feb/2020:01:42:19 -0500] "GET /BLA/resoluciones/Autos%202008/2931.pdf HTTP/1.1" 200 67910
66.249.73.136 - - [05/Feb/2020:01:42:21 -0500] "-" 408 -
66.249.65.250 - - [05/Feb/2020:01:42:27 -0500] "GET /BLA/resoluciones/RESOLUCIONES%202019/1710.pdf HTTP/1.1" 200 281679
157.55.39.132 - - [05/Feb/2020:01:42:29 -0500] "GET /BLA/resoluciones/RESOLUCIONES%202010/6535.pdf HTTP/1.1" 200 333919
66.249.65.250 - - [05/Feb/2020:01:42:34 -0500] "GET /BLA/resoluciones/AUTOS%202014/0255.pdf HTTP/1.1" 200 519155
66.249.65.234 - - [05/Feb/2020:01:42:40 -0500] "-" 408 -
157.55.39.143 - - [05/Feb/2020:01:42:48 -0500] "GET /siipev/Diseno%20de%20Elementos%20de%20Mobiliario%20Urbano/Otros%20Elementos/Infografia/Parte2/M-120.png HTTP/1.1" 200 14640
157.55.39.143 - - [05/Feb/2020:01:42:49 -0500] "GET /BLA/resoluciones/RESOLUCIONES%202010/7557.pdf HTTP/1.1" 200 471950
66.249.65.252 - - [05/Feb/2020:01:42:50 -0500] "GET /BLA/resoluciones/Autos%202008/2228.pdf HTTP/1.1" 200 69324
157.55.39.143 - - [05/Feb/2020:01:42:50 -0500] "GET /BLA/resoluciones/RESOLUCIONES%202010/7417.pdf HTTP/1.1" 200 38859
157.55.39.143 - - [05/Feb/2020:01:42:50 -0500] "GET /BLA/resoluciones/RESOLUCIONES%202010/4330.pdf HTTP/1.1" 200 50206
157.55.39.143 - - [05/Feb/2020:01:42:51 -0500] "GET /BLA/resoluciones/RESOLUCIONES%202010/7815.pdf HTTP/1.1" 200 414678
66.249.65.250 - - [05/Feb/2020:01:42:57 -0500] "GET /BLA/resoluciones/RESOLUCIONES%202016/0016.pdf HTTP/1.1" 200 936226
157.55.39.250 - - [05/Feb/2020:01:43:02 -0500] "GET /BLA/boletinlegal/Circulares/2014/Circular%20No.%201%20del%2008%20de%20Mayo%20de%202014.pdf HTTP/1.1" 200 180124
66.249.65.250 - - [05/Feb/2020:01:43:09 -0500] "GET /BLA/resoluciones/RESOLUCIONES%202008/1896.pdf HTTP/1.1" 200 196190
66.249.65.250 - - [05/Feb/2020:01:43:16 -0500] "GET /BLA/resoluciones/AUTOS%202016/2332.pdf HTTP/1.1" 200 556108
192.168.175.104 - - [05/Feb/2020:01:43:18 -0500] "GET / HTTP/1.1" 200 9990
66.249.65.250 - - [05/Feb/2020:01:43:25 -0500] "GET /BLA/resoluciones/RESOLUCIONES%202016/2026.pdf HTTP/1.1" 200 460548
66.249.65.252 - - [05/Feb/2020:01:43:34 -0500] "GET /BLA/resoluciones/RESOLUCIONES%202018/1073.pdf HTTP/1.1" 200 412889
66.249.65.252 - - [05/Feb/2020:01:43:41 -0500] "GET /BLA/resoluciones/AUTOS%202012/2222.pdf HTTP/1.1" 200 403537
66.249.65.252 - - [05/Feb/2020:01:43:49 -0500] "GET /BLA/resoluciones/RESOLUCIONES%202019/3131.pdf HTTP/1.1" 200 340536
66.249.65.252 - - [05/Feb/2020:01:43:57 -0500] "GET /BLA/resoluciones/RESOLUCIONES%202009/RESOLUCION%203956%20DE%202009.PDF HTTP/1.1" 200 157144
66.249.65.250 - - [05/Feb/2020:01:44:05 -0500] "GET /BLA/resoluciones/RESOLUCIONES%202019/1501.pdf HTTP/1.1" 200 255263
66.249.65.250 - - [05/Feb/2020:01:44:16 -0500] "GET /BLA/resoluciones/RESOLUCIONES%202016/2420.pdf HTTP/1.1" 200 733998
207.46.13.120 - - [05/Feb/2020:01:44:29 -0500] "-" 408 -
198.27.70.196 - - [05/Feb/2020:01:44:38 -0500] "GET /robots.txt HTTP/1.0" 404 1019
66.249.65.250 - - [05/Feb/2020:01:44:39 -0500] "GET /BLA/resoluciones/AUTOS%202014/4643.pdf HTTP/1.1" 200 513126
66.249.65.250 - - [05/Feb/2020:01:44:48 -0500] "GET /BLA/resoluciones/RESOLUCIONES%202018/0077.pdf HTTP/1.1" 200 302780
66.249.65.252 - - [05/Feb/2020:01:44:56 -0500] "GET /BLA/resoluciones/AUTOS%202017/2203.pdf HTTP/1.1" 200 275473
186.84.223.46 - - [05/Feb/2020:01:44:59 -0500] "-" 408 -
69.162.124.232 - - [05/Feb/2020:01:45:01 -0500] "HEAD / HTTP/1.1" 200 -
66.249.65.250 - - [05/Feb/2020:01:45:04 -0500] "GET /BLA/resoluciones/AUTOS%202007/0973.pdf HTTP/1.1" 200 532572
186.84.223.46 - - [05/Feb/2020:01:45:10 -0500] "-" 408 -
66.249.65.250 - - [05/Feb/2020:01:45:12 -0500] "GET /BLA/resoluciones/AUTOS%202018/0784.pdf HTTP/1.1" 200 290533
157.55.39.132 - - [05/Feb/2020:01:45:18 -0500] "GET /siipev/Diseno%20de%20Elementos%20de%20Mobiliario%20Urbano/Otros%20Elementos/Infografia/Parte2/M-91.png HTTP/1.1" 200 13700
66.249.65.250 - - [05/Feb/2020:01:45:20 -0500] "GET /BLA/resoluciones/AUTOS%202018/1119.pdf HTTP/1.1" 200 718379
66.249.65.250 - - [05/Feb/2020:01:45:28 -0500] "GET /BLA/resoluciones/RESOLUCIONES%202016/0196.pdf HTTP/1.1" 200 1009008
198.27.70.196 - - [05/Feb/2020:01:45:30 -0500] "GET /robots.txt HTTP/1.1" 404 1019
66.249.65.250 - - [05/Feb/2020:01:45:38 -0500] "GET /BLA/resoluciones/RESOLUCIONES%202010/6189.pdf HTTP/1.1" 200 943380
66.249.73.51 - - [05/Feb/2020:01:45:45 -0500] "-" 408 -
186.84.223.46 - - [05/Feb/2020:01:45:55 -0500] "-" 408 -
66.249.65.252 - - [05/Feb/2020:01:45:55 -0500] "GET /BLA/resoluciones/RESOLUCIONES%202011/5415.pdf HTTP/1.1" 200 567815
192.168.175.104 - - [05/Feb/2020:01:46:00 -0500] "GET / HTTP/1.0" 200 9990
66.249.65.252 - - [05/Feb/2020:01:46:05 -0500] "GET /BLA/resoluciones/RESOLUCIONES%202016/0909.pdf HTTP/1.1" 200 601724
66.249.65.250 - - [05/Feb/2020:01:46:13 -0500] "GET /BLA/resoluciones/RESOLUCIONES%202019/2601.pdf HTTP/1.1" 200 282638
66.249.65.250 - - [05/Feb/2020:01:46:21 -0500] "GET /BLA/resoluciones/RESOLUCIONES%202018/3161.pdf HTTP/1.1" 200 393273
66.249.65.250 - - [05/Feb/2020:01:46:29 -0500] "GET /BLA/resoluciones/RESOLUCIONES%202019/2828.pdf HTTP/1.1" 200 794083
66.249.65.250 - - [05/Feb/2020:01:46:38 -0500] "GET /BLA/resoluciones/RESOLUCIONES%202016/1797.pdf HTTP/1.1" 200 687637
66.249.65.250 - - [05/Feb/2020:01:46:47 -0500] "GET /BLA/resoluciones/RESOLUCIONES%202019/2265.pdf HTTP/1.1" 200 248672
66.249.65.250 - - [05/Feb/2020:01:46:56 -0500] "GET /BLA/resoluciones/RESOLUCIONES%202009/8095.pdf HTTP/1.1" 200 531743
66.249.65.254 - - [05/Feb/2020:01:47:04 -0500] "GET /BLA/resoluciones/RESOLUCIONES%202010/5003.pdf HTTP/1.1" 200 740847
159.138.110.21 - - [05/Feb/2020:01:47:11 -0500] "-" 408 -
66.249.65.252 - - [05/Feb/2020:01:47:13 -0500] "GET /Autoliquidacion/Solicitud%20de%20Licencia%20Ambiental/Solicitud%20de%20licencia%20ambiental.....pdf HTTP/1.1" 200 99744
191.88.214.147 - - [05/Feb/2020:01:47:19 -0500] "GET /galeria/galeria/jquery.fancybox.js?v=2.1.5 HTTP/1.1" 200 48706
191.88.214.147 - - [05/Feb/2020:01:47:19 -0500] "GET /galeria/galeria/jquery.fancybox.css?v=2.1.5 HTTP/1.1" 200 4895
191.88.214.147 - - [05/Feb/2020:01:47:19 -0500] "GET /galeria/galeria/fotos/MeandrodelSay1P.jpg HTTP/1.1" 200 27908
191.88.214.147 - - [05/Feb/2020:01:47:20 -0500] "GET /galeria/galeria/fotos/MeandrodelSay2P.jpg HTTP/1.1" 200 30394
191.88.214.147 - - [05/Feb/2020:01:47:20 -0500] "GET /galeria/galeria/fotos/MeandrodelSay3P.jpg HTTP/1.1" 200 32353
191.88.214.147 - - [05/Feb/2020:01:47:20 -0500] "GET /galeria/galeria/fotos/MeandrodelSay4P.jpg HTTP/1.1" 200 32545
66.249.65.250 - - [05/Feb/2020:01:47:22 -0500] "GET /BLA/resoluciones/AUTOS%202015/4639.pdf HTTP/1.1" 200 587408
66.249.65.250 - - [05/Feb/2020:01:47:32 -0500] "GET /BLA/resoluciones/RESOLUCIONES%202011/5576.pdf HTTP/1.1" 200 456847
66.249.65.201 - - [05/Feb/2020:01:47:35 -0500] "-" 408 -
66.249.65.252 - - [05/Feb/2020:01:47:41 -0500] "GET /BLA/resoluciones/AUTOS%202017/5148.pdf HTTP/1.1" 200 318389
66.249.88.221 - - [05/Feb/2020:01:47:43 -0500] "GET /BLA/boletinlegal/js/jquery.scrollShow.js HTTP/1.1" 200 4586
66.249.88.221 - - [05/Feb/2020:01:47:43 -0500] "GET /galeria/galeria/jquery.fancybox.css?v=2.1.5 HTTP/1.1" 200 4895
66.249.88.221 - - [05/Feb/2020:01:47:43 -0500] "GET /galeria/galeria/jquery.fancybox.js?v=2.1.5 HTTP/1.1" 200 48706
54.236.1.12 - - [05/Feb/2020:01:47:45 -0500] "-" 408 -
66.249.65.250 - - [05/Feb/2020:01:47:49 -0500] "GET /BLA/resoluciones/RESOLUCIONES%202016/0641.pdf HTTP/1.1" 200 483885
191.88.214.147 - - [05/Feb/2020:01:47:50 -0500] "GET /galeria/mapa/humedal.html? HTTP/1.1" 200 13190
191.88.214.147 - - [05/Feb/2020:01:47:50 -0500] "GET /galeria/mapa/humedal2017.jpg HTTP/1.1" 200 644667
191.88.214.147 - - [05/Feb/2020:01:47:50 -0500] "GET /galeria/mapa/TORCA12.jpg HTTP/1.1" 200 24337
191.88.214.147 - - [05/Feb/2020:01:47:50 -0500] "GET /galeria/mapa/CONEJERA12.jpg HTTP/1.1" 200 21841
191.88.214.147 - - [05/Feb/2020:01:47:50 -0500] "GET /galeria/mapa/Guaymaral12.jpg HTTP/1.1" 200 53686
191.88.214.147 - - [05/Feb/2020:01:47:50 -0500] "GET /galeria/mapa/CORDOBA12.jpg HTTP/1.1" 200 23380
191.88.214.147 - - [05/Feb/2020:01:47:50 -0500] "GET /galeria/mapa/JUANAMARILLO12.jpg HTTP/1.1" 200 21131
191.88.214.147 - - [05/Feb/2020:01:47:50 -0500] "GET /galeria/mapa/SANTAMARIA22.jpg HTTP/1.1" 200 22321
191.88.214.147 - - [05/Feb/2020:01:47:50 -0500] "GET /galeria/mapa/JABOQUE12.jpg HTTP/1.1" 200 21815
191.88.214.147 - - [05/Feb/2020:01:47:50 -0500] "GET /galeria/mapa/capellania12.jpg HTTP/1.1" 200 22811
191.88.214.147 - - [05/Feb/2020:01:47:50 -0500] "GET /galeria/mapa/MEANDRO12.jpg HTTP/1.1" 200 22732
191.88.214.147 - - [05/Feb/2020:01:47:50 -0500] "GET /galeria/mapa/TECHO12.jpg HTTP/1.1" 200 27716
191.88.214.147 - - [05/Feb/2020:01:47:50 -0500] "GET /galeria/mapa/BURRO12.jpg HTTP/1.1" 200 24169
191.88.214.147 - - [05/Feb/2020:01:47:50 -0500] "GET /galeria/mapa/VACA12.jpg HTTP/1.1" 200 22491
191.88.214.147 - - [05/Feb/2020:01:47:50 -0500] "GET /galeria/mapa/TIBANICA12.jpg HTTP/1.1" 200 23039
191.88.214.147 - - [05/Feb/2020:01:47:50 -0500] "GET /galeria/mapa/Aula-Soratama.jpg HTTP/1.1" 200 51270
191.88.214.147 - - [05/Feb/2020:01:47:50 -0500] "GET /galeria/mapa/Aula-Nevados.jpg HTTP/1.1" 200 64761
191.88.214.147 - - [05/Feb/2020:01:47:50 -0500] "GET /galeria/mapa/Montana-Entrenubes.jpg HTTP/1.1" 200 42011
191.88.214.147 - - [05/Feb/2020:01:47:50 -0500] "GET /galeria/mapa/aulaSantaM.jpg HTTP/1.1" 200 69216
191.88.214.147 - - [05/Feb/2020:01:47:50 -0500] "GET /galeria/mapa/Humedal-salitre2.jpg HTTP/1.1" 200 58520
191.88.214.147 - - [05/Feb/2020:01:47:50 -0500] "GET /galeria/mapa/1Humedal-La-Isla.jpg HTTP/1.1" 200 60370
191.88.214.147 - - [05/Feb/2020:01:47:50 -0500] "GET /galeria/mapa/Humedal-tunjo.jpg HTTP/1.1" 200 46098
66.249.65.77 - - [05/Feb/2020:01:47:53 -0500] "-" 408 -
66.249.65.218 - - [05/Feb/2020:01:47:54 -0500] "-" 408 -
66.249.65.250 - - [05/Feb/2020:01:47:57 -0500] "GET /BLA/resoluciones/RESOLUCIONES%202016/1876.pdf HTTP/1.1" 200 361274
40.77.167.57 - - [05/Feb/2020:01:47:57 -0500] "GET /catalogoisis/imagenes/limpiar1.gif HTTP/1.1" 200 606
66.249.73.136 - - [05/Feb/2020:01:48:00 -0500] "-" 408 -
66.249.65.252 - - [05/Feb/2020:01:48:05 -0500] "GET /BLA/resoluciones/RESOLUCIONES%202019/0501.pdf HTTP/1.1" 200 365546
216.194.126.124 - - [05/Feb/2020:01:48:09 -0500] "GET /BLA/boletinlegal/js/jquery.scrollShow.js HTTP/1.1" 200 4586
216.194.126.124 - - [05/Feb/2020:01:48:09 -0500] "GET /galeria/galeria/jquery.fancybox.css?v=2.1.5 HTTP/1.1" 200 4895
216.194.126.124 - - [05/Feb/2020:01:48:09 -0500] "GET /galeria/galeria/jquery.fancybox.js?v=2.1.5 HTTP/1.1" 200 48706
190.25.110.14 - - [05/Feb/2020:01:48:12 -0500] "GET /BLA/boletinlegal/consulta_actos.php?tipo=resoluciones&no=&usuario=&sector=&fecha=2019&resuelve= HTTP/1.1" 200 425178
66.249.65.250 - - [05/Feb/2020:01:48:13 -0500] "GET /BLA/resoluciones/AUTOS%202012/1078.pdf HTTP/1.1" 200 248319
192.168.175.104 - - [05/Feb/2020:01:48:17 -0500] "GET / HTTP/1.1" 200 9990
216.194.126.124 - - [05/Feb/2020:01:48:20 -0500] "GET /BLA/boletinlegal/js/jquery.scrollShow.js HTTP/1.1" 200 4586
216.194.126.124 - - [05/Feb/2020:01:48:20 -0500] "GET /galeria/galeria/jquery.fancybox.js?v=2.1.5 HTTP/1.1" 200 48706
216.194.126.124 - - [05/Feb/2020:01:48:21 -0500] "GET /galeria/galeria/jquery.fancybox.css?v=2.1.5 HTTP/1.1" 200 4895
66.249.68.27 - - [05/Feb/2020:01:48:21 -0500] "GET /BLA/resoluciones/RESOLUCIONES%202011/3684.pdf HTTP/1.1" 200 338005
66.249.65.250 - - [05/Feb/2020:01:48:28 -0500] "GET /BLA/resoluciones/AUTOS%202007/3102.pdf HTTP/1.1" 200 173929
66.249.65.185 - - [05/Feb/2020:01:48:30 -0500] "-" 408 -
66.249.65.250 - - [05/Feb/2020:01:48:36 -0500] "GET /BLA/resoluciones/AUTOS%202014/1558.pdf HTTP/1.1" 200 327794
191.88.214.147 - - [05/Feb/2020:01:48:44 -0500] "GET /galeria/galeria/fotos/1humedal-Burro1P.jpg HTTP/1.1" 200 7921
191.88.214.147 - - [05/Feb/2020:01:48:44 -0500] "GET /galeria/galeria/fotos/2humedal-Burro2P.jpg HTTP/1.1" 200 8996
191.88.214.147 - - [05/Feb/2020:01:48:44 -0500] "GET /galeria/galeria/fotos/3humedal-Burro3P.jpg HTTP/1.1" 200 8564
191.88.214.147 - - [05/Feb/2020:01:48:44 -0500] "GET /galeria/galeria/fotos/4humedal-Burro4P.jpg HTTP/1.1" 200 7980
34.231.171.213 - - [05/Feb/2020:01:48:47 -0500] "GET /SIG/Gestion%20Recursos%20Financieros/126PA02-PR20%20REGISTRO%20DE%20DIFERIDOS.pdf HTTP/1.1" 200 231681
66.249.65.252 - - [05/Feb/2020:01:48:58 -0500] "GET /BLA/resoluciones/AUTOS%202014/6338.pdf HTTP/1.1" 200 564302
190.25.110.14 - - [05/Feb/2020:01:49:01 -0500] "GET /BLA/resoluciones/RESOLUCIONES%202019/1156.pdf HTTP/1.1" 200 328378
190.25.110.14 - - [05/Feb/2020:01:49:02 -0500] "GET /BLA/resoluciones/RESOLUCIONES%202019/1156.pdf HTTP/1.1" 206 102400
66.249.65.254 - - [05/Feb/2020:01:49:08 -0500] "GET /BLA/resoluciones/AUTOS%202007/0603.pdf HTTP/1.1" 200 32576
66.249.65.252 - - [05/Feb/2020:01:49:16 -0500] "GET /BLA/resoluciones/Autos%202008/3207.pdf HTTP/1.1" 200 123899
40.77.167.218 - - [05/Feb/2020:01:49:17 -0500] "GET /BLA/resoluciones/RESOLUCIONES%202010/6976.pdf HTTP/1.1" 200 353818
93.158.161.142 - - [05/Feb/2020:01:49:21 -0500] "-" 408 -
66.249.65.250 - - [05/Feb/2020:01:49:24 -0500] "GET /BLA/resoluciones/RESOLUCIONES%202007/RES%202007%20501%20AL%20600/RESOLUCION%200598%20DE%202007.pdf HTTP/1.1" 200 228301
66.249.65.250 - - [05/Feb/2020:01:49:38 -0500] "GET /BLA/resoluciones/RESOLUCIONES%202011/1961.pdf HTTP/1.1" 200 412869
66.249.65.232 - - [05/Feb/2020:01:49:44 -0500] "-" 408 -
114.119.146.67 - - [05/Feb/2020:01:49:46 -0500] "-" 408 -
66.249.65.250 - - [05/Feb/2020:01:49:46 -0500] "GET /BLA/resoluciones/RESOLUCIONES%202007/RES%202007%201401%20AL%201500/RESOLUCION%201409%20DE%202007.pdf HTTP/1.1" 200 276957
190.25.110.14 - - [05/Feb/2020:01:49:53 -0500] "GET /BLA/boletinlegal/consulta_actos.php?tipo=resoluciones&no=&usuario=&sector=&fecha=2018&resuelve= HTTP/1.1" 200 697910
66.249.65.250 - - [05/Feb/2020:01:49:54 -0500] "GET /BLA/resoluciones/RESOLUCIONES%202016/2306.pdf HTTP/1.1" 200 365126
69.162.124.232 - - [05/Feb/2020:01:50:01 -0500] "HEAD / HTTP/1.1" 200 -
66.249.65.250 - - [05/Feb/2020:01:50:03 -0500] "GET /BLA/resoluciones/RESOLUCIONES%202019/0951.pdf HTTP/1.1" 200 2653011
66.249.65.252 - - [05/Feb/2020:01:50:10 -0500] "GET /BLA/resoluciones/RESOLUCIONES%202011/1934.pdf HTTP/1.1" 200 348285
66.249.65.254 - - [05/Feb/2020:01:50:17 -0500] "GET /BLA/resoluciones/RESOLUCIONES%202019/1784.pdf HTTP/1.1" 200 319476
66.249.65.254 - - [05/Feb/2020:01:50:24 -0500] "GET /BLA/resoluciones/Notificaciones/AUTOS%202019/4361.pdf HTTP/1.1" 200 236295
66.249.65.250 - - [05/Feb/2020:01:50:31 -0500] "GET /BLA/resoluciones/RESOLUCIONES%202016/2558.pdf HTTP/1.1" 200 443700
66.249.65.254 - - [05/Feb/2020:01:50:45 -0500] "GET /BLA/resoluciones/RESOLUCIONES%202019/1764.pdf HTTP/1.1" 200 735723
66.249.65.254 - - [05/Feb/2020:01:50:56 -0500] "GET /BLA/resoluciones/AUTOS%202007/1891.pdf HTTP/1.1" 200 124700
192.168.175.104 - - [05/Feb/2020:01:50:58 -0500] "GET / HTTP/1.0" 200 9990
66.249.65.252 - - [05/Feb/2020:01:51:03 -0500] "GET /BLA/resoluciones/RESOLUCIONES%202009/RESOLUCION%208607%20DE%202009.PDF HTTP/1.1" 200 23059
66.249.65.250 - - [05/Feb/2020:01:51:10 -0500] "GET /BLA/resoluciones/RESOLUCIONES%202007/RES%202007%204201%20AL%204300/RESOLUCION%204217%20DE%202007.pdf HTTP/1.1" 200 256200
191.100.11.16 - - [05/Feb/2020:01:51:11 -0500] "GET / HTTP/1.1" 200 9990
66.249.65.250 - - [05/Feb/2020:01:51:17 -0500] "GET /BLA/resoluciones/AUTOS%202019/1951.pdf HTTP/1.1" 200 269008
66.249.65.250 - - [05/Feb/2020:01:51:25 -0500] "GET /BLA/resoluciones/RESOLUCIONES%202010/7208.pdf HTTP/1.1" 200 111024
66.249.65.250 - - [05/Feb/2020:01:51:32 -0500] "GET /BLA/resoluciones/RESOLUCIONES%202010/6904.pdf HTTP/1.1" 200 225845
66.249.65.250 - - [05/Feb/2020:01:51:40 -0500] "GET /Publicaciones/2019EE306248.pdf HTTP/1.1" 503 1020
190.25.110.14 - - [05/Feb/2020:01:51:43 -0500] "GET /BLA/resoluciones/RESOLUCIONES%202018/4416.pdf HTTP/1.1" 200 371225
190.25.110.14 - - [05/Feb/2020:01:51:44 -0500] "GET /BLA/resoluciones/RESOLUCIONES%202018/4416.pdf HTTP/1.1" 206 102400
66.249.65.250 - - [05/Feb/2020:01:51:46 -0500] "GET /BLA/resoluciones/RESOLUCIONES%202018/1067.pdf HTTP/1.1" 200 348317
66.249.65.250 - - [05/Feb/2020:01:51:53 -0500] "GET /BLA/resoluciones/RESOLUCIONES%202009/RESOLUCION%203674%20DE%202009.PDF HTTP/1.1" 200 42551
66.249.65.250 - - [05/Feb/2020:01:52:00 -0500] "GET /BLA/resoluciones/AUTOS%202007/0415.pdf HTTP/1.1" 200 59347
66.249.65.250 - - [05/Feb/2020:01:52:07 -0500] "GET /BLA/resoluciones/RESOLUCIONES%202011/4487.pdf HTTP/1.1" 200 481112
114.119.153.150 - - [05/Feb/2020:01:52:09 -0500] "-" 408 -
66.249.65.250 - - [05/Feb/2020:01:52:22 -0500] "GET /BLA/resoluciones/AUTOS%202007/1014.pdf HTTP/1.1" 200 119674
66.249.65.250 - - [05/Feb/2020:01:52:29 -0500] "GET /BLA/resoluciones/AUTOS%202012/0111.pdf HTTP/1.1" 200 811490
66.249.73.51 - - [05/Feb/2020:01:52:30 -0500] "-" 408 -
40.77.167.218 - - [05/Feb/2020:01:52:31 -0500] "GET /BLA/resoluciones/RESOLUCIONES%202010/7627.pdf HTTP/1.1" 200 364118
66.249.65.250 - - [05/Feb/2020:01:52:39 -0500] "GET /BLA/resoluciones/RESOLUCIONES%202016/0400.pdf HTTP/1.1" 200 766210
66.249.65.252 - - [05/Feb/2020:01:52:48 -0500] "GET /BLA/resoluciones/AUTOS%202015/2410.pdf HTTP/1.1" 200 515349
66.249.65.250 - - [05/Feb/2020:01:52:55 -0500] "GET /BLA/resoluciones/AUTOS%202015/5189.pdf HTTP/1.1" 200 437574
66.249.65.250 - - [05/Feb/2020:01:53:02 -0500] "GET /BLA/resoluciones/RESOLUCIONES%202011/3359.pdf HTTP/1.1" 200 526211
192.168.175.104 - - [05/Feb/2020:01:53:15 -0500] "GET / HTTP/1.1" 200 9990
66.249.65.250 - - [05/Feb/2020:01:53:17 -0500] "GET /BLA/resoluciones/RESOLUCIONES%202019/0695.pdf HTTP/1.1" 200 312272
66.249.65.250 - - [05/Feb/2020:01:53:25 -0500] "GET /BLA/resoluciones/RESOLUCIONES%202019/2129.pdf HTTP/1.1" 200 328813
66.249.65.250 - - [05/Feb/2020:01:53:34 -0500] "GET /BLA/resoluciones/Autos%202008/0792.pdf HTTP/1.1" 200 68805
66.249.65.252 - - [05/Feb/2020:01:53:41 -0500] "GET /BLA/resoluciones/RESOLUCIONES%202010/7039.pdf HTTP/1.1" 200 959138
66.249.65.77 - - [05/Feb/2020:01:53:44 -0500] "-" 408 -
66.249.65.252 - - [05/Feb/2020:01:53:53 -0500] "GET /BLA/resoluciones/Autos%202008/1590.pdf HTTP/1.1" 200 97418
66.249.65.250 - - [05/Feb/2020:01:54:01 -0500] "GET /BLA/resoluciones/AUTOS%202015/5206.pdf HTTP/1.1" 200 430226
66.249.65.250 - - [05/Feb/2020:01:54:08 -0500] "GET /BLA/resoluciones/RESOLUCIONES%202007/RES%202007%203401%20AL%203500/RESOLUCION%203458%20DE%202007.pdf HTTP/1.1" 200 251566
66.249.65.250 - - [05/Feb/2020:01:54:16 -0500] "GET /BLA/resoluciones/RESOLUCIONES%202018/2221.pdf HTTP/1.1" 200 327168
66.249.65.250 - - [05/Feb/2020:01:54:24 -0500] "GET /BLA/resoluciones/AUTOS%202015/7299.pdf HTTP/1.1" 200 585920
66.249.65.250 - - [05/Feb/2020:01:54:32 -0500] "GET /BLA/resoluciones/Autos%202008/2582.pdf HTTP/1.1" 200 82054
66.249.65.250 - - [05/Feb/2020:01:54:47 -0500] "GET /BLA/resoluciones/RESOLUCIONES%202010/5561.pdf HTTP/1.1" 200 310700
66.249.65.252 - - [05/Feb/2020:01:54:55 -0500] "GET /BLA/resoluciones/RESOLUCIONES%202018/1053.pdf HTTP/1.1" 200 905400
69.162.124.232 - - [05/Feb/2020:01:55:01 -0500] "HEAD / HTTP/1.1" 200 -
66.249.65.250 - - [05/Feb/2020:01:55:07 -0500] "GET /BLA/resoluciones/RESOLUCIONES%202009/RESOLUCION%204955%20DE%202009.PDF HTTP/1.1" 200 162830
66.249.65.250 - - [05/Feb/2020:01:55:14 -0500] "GET /BLA/resoluciones/RESOLUCIONES%202016/2515.pdf HTTP/1.1" 200 450991
66.249.65.218 - - [05/Feb/2020:01:55:16 -0500] "-" 408 -
66.249.65.250 - - [05/Feb/2020:01:55:23 -0500] "GET /BLA/resoluciones/Notificaciones/AUTOS%202019/4413.pdf HTTP/1.1" 200 274961
66.249.65.250 - - [05/Feb/2020:01:55:31 -0500] "GET /BLA/resoluciones/RESOLUCIONES%202018/0342.pdf HTTP/1.1" 200 408644
66.249.65.230 - - [05/Feb/2020:01:55:35 -0500] "-" 408 -
66.249.65.252 - - [05/Feb/2020:01:55:40 -0500] "GET /BLA/resoluciones/AUTOS%202009/1212.pdf HTTP/1.1" 200 126163
66.249.65.250 - - [05/Feb/2020:01:55:47 -0500] "GET /BLA/resoluciones/RESOLUCIONES%202016/1161.pdf HTTP/1.1" 200 448556
66.249.65.250 - - [05/Feb/2020:01:55:55 -0500] "GET /BLA/resoluciones/RESOLUCIONES%202011/2719.pdf HTTP/1.1" 200 754484
192.168.175.104 - - [05/Feb/2020:01:55:57 -0500] "GET / HTTP/1.0" 200 9990
66.249.65.254 - - [05/Feb/2020:01:56:04 -0500] "GET /BLA/resoluciones/AUTOS%202017/1975.pdf HTTP/1.1" 200 286476
66.249.73.87 - - [05/Feb/2020:01:56:11 -0500] "-" 408 -
66.249.65.245 - - [05/Feb/2020:01:56:12 -0500] "GET /POT-2013/Cartografia/07_Incendios_V1_2013.pdf HTTP/1.1" 200 4039665
66.249.65.254 - - [05/Feb/2020:01:56:19 -0500] "GET /BLA/resoluciones/RESOLUCIONES%202011/3649.pdf HTTP/1.1" 200 586159
66.249.65.225 - - [05/Feb/2020:01:56:28 -0500] "GET /BLA/resoluciones/AUTOS%202007/1700.pdf HTTP/1.1" 200 109513
66.249.65.252 - - [05/Feb/2020:01:56:35 -0500] "GET /BLA/resoluciones/AUTOS%202007/0887.pdf HTTP/1.1" 200 271806
66.249.65.225 - - [05/Feb/2020:01:56:42 -0500] "GET /BLA/resoluciones/RESOLUCIONES%202016/1977.pdf HTTP/1.1" 200 359944
66.249.65.250 - - [05/Feb/2020:01:56:51 -0500] "GET /BLA/resoluciones/RESOLUCIONES%202010/7112.pdf HTTP/1.1" 200 70493
66.249.65.254 - - [05/Feb/2020:01:56:58 -0500] "GET /BLA/resoluciones/RESOLUCIONES%202007/RES%202007%203701%20AL%203800/RESOLUCION%203726%20DE%202007.pdf HTTP/1.1" 200 568583
40.77.167.218 - - [05/Feb/2020:01:57:15 -0500] "GET /BLA/resoluciones/RESOLUCIONES%202010/6976.pdf HTTP/1.1" 200 353818
66.249.65.225 - - [05/Feb/2020:01:57:15 -0500] "GET /BLA/resoluciones/AUTOS%202017/2568.pdf HTTP/1.1" 200 278213
66.249.65.252 - - [05/Feb/2020:01:57:22 -0500] "GET /BLA/resoluciones/Autos%202008/0360.pdf HTTP/1.1" 200 218099
66.249.65.250 - - [05/Feb/2020:01:57:35 -0500] "GET /BLA/resoluciones/AUTOS%202015/7060.pdf HTTP/1.1" 200 510392
66.249.65.250 - - [05/Feb/2020:01:57:42 -0500] "GET /BLA/resoluciones/RESOLUCIONES%202018/4066.pdf HTTP/1.1" 200 448967
173.212.241.58 - - [05/Feb/2020:01:57:43 -0500] "GET /robots.txt HTTP/1.1" 404 1022
66.249.65.185 - - [05/Feb/2020:01:57:44 -0500] "-" 408 -
66.249.65.252 - - [05/Feb/2020:01:57:50 -0500] "GET /BLA/resoluciones/RESOLUCIONES%202010/5159.pdf HTTP/1.1" 200 1025990
66.249.65.250 - - [05/Feb/2020:01:58:02 -0500] "GET /BLA/resoluciones/RESOLUCIONES%202013/2650.pdf HTTP/1.1" 200 637563
66.249.65.252 - - [05/Feb/2020:01:58:14 -0500] "GET /BLA/resoluciones/RESOLUCIONES%202002/RES%202002%20151-200/RESOLUCION%20171%20DE%202002.pdf HTTP/1.1" 200 184904
192.168.175.104 - - [05/Feb/2020:01:58:15 -0500] "GET / HTTP/1.1" 200 9990
66.249.73.136 - - [05/Feb/2020:01:58:21 -0500] "-" 408 -
66.249.65.250 - - [05/Feb/2020:01:58:21 -0500] "GET /BLA/resoluciones/RESOLUCIONES%202010/7832.pdf HTTP/1.1" 200 715776
40.77.167.57 - - [05/Feb/2020:01:58:22 -0500] "GET /SIG/Gesti%C3%B3n%20de%20Recursos%20F%C3%ADsicos/126PA04-PR24.pdf HTTP/1.1" 200 60685
40.77.167.57 - - [05/Feb/2020:01:58:23 -0500] "GET /BLA/boletinlegal/Directivas/2016/Directiva%20No.%2003%20del%2026%20de%20Julio%20de%202016.pdf HTTP/1.1" 200 370200
173.212.241.58 - - [05/Feb/2020:01:58:32 -0500] "GET /robots.txt HTTP/1.0" 404 1022
66.249.65.252 - - [05/Feb/2020:01:58:33 -0500] "GET /BLA/resoluciones/RESOLUCIONES%202009/8199.pdf HTTP/1.1" 200 992178
66.249.65.252 - - [05/Feb/2020:01:58:53 -0500] "GET /BLA/resoluciones/RESOLUCIONES%202016/1884.pdf HTTP/1.1" 200 366814
66.249.65.250 - - [05/Feb/2020:01:59:01 -0500] "GET /BLA/resoluciones/RESOLUCIONES%202016/1981.pdf HTTP/1.1" 200 369927
66.249.65.250 - - [05/Feb/2020:01:59:08 -0500] "GET /BLA/resoluciones/RESOLUCIONES%202016/2307.pdf HTTP/1.1" 200 362310
66.249.65.250 - - [05/Feb/2020:01:59:23 -0500] "GET /BLA/resoluciones/RESOLUCIONES%202007/RES%202007%202001%20AL%202100/RESOLUCION%202034%20DE%202007.pdf HTTP/1.1" 200 439997
66.249.65.250 - - [05/Feb/2020:01:59:32 -0500] "GET /BLA/resoluciones/RESOLUCIONES%202019/1671.pdf HTTP/1.1" 200 292526
66.249.65.250 - - [05/Feb/2020:01:59:40 -0500] "GET /BLA/resoluciones/AUTOS%202007/0125.pdf HTTP/1.1" 200 45915
66.249.65.252 - - [05/Feb/2020:01:59:47 -0500] "GET /BLA/resoluciones/RESOLUCIONES%202007/RES%202007%20101%20AL%20200/RESOLUCION%200149%20DE%202007.pdf HTTP/1.1" 200 191930
66.249.65.250 - - [05/Feb/2020:01:59:54 -0500] "GET /BLA/resoluciones/AUTOS%202017/3492.pdf HTTP/1.1" 200 743177
