69.162.124.232 - - [05/Feb/2020:02:00:01 -0500] "HEAD / HTTP/1.1" 200 -
207.46.13.132 - - [05/Feb/2020:02:00:01 -0500] "GET /catalogoisis/imagenes/br3c1.gif HTTP/1.1" 200 177
66.249.65.254 - - [05/Feb/2020:02:00:03 -0500] "GET /BLA/resoluciones/RESOLUCIONES%202019/1948.pdf HTTP/1.1" 200 286081
66.249.65.252 - - [05/Feb/2020:02:00:10 -0500] "GET /BLA/resoluciones/RESOLUCIONES%202018/1916.pdf HTTP/1.1" 200 287807
66.249.65.77 - - [05/Feb/2020:02:00:11 -0500] "-" 408 -
66.249.65.250 - - [05/Feb/2020:02:00:18 -0500] "GET /BLA/resoluciones/RESOLUCIONES%202008/4389.pdf HTTP/1.1" 304 -
66.249.65.250 - - [05/Feb/2020:02:00:18 -0500] "GET /BLA/resoluciones/AUTOS%202014/5282.pdf HTTP/1.1" 200 563610
66.249.65.250 - - [05/Feb/2020:02:00:29 -0500] "GET /BLA/resoluciones/AUTOS%202014/1709.pdf HTTP/1.1" 200 248793
66.249.65.252 - - [05/Feb/2020:02:00:36 -0500] "GET /BLA/resoluciones/AUTOS%202007/0107.pdf HTTP/1.1" 200 47486
66.249.65.250 - - [05/Feb/2020:02:00:43 -0500] "GET /BLA/resoluciones/RESOLUCIONES%202009/RESOLUCION%208363%20DE%202009.PDF HTTP/1.1" 200 79294
66.249.65.199 - - [05/Feb/2020:02:00:48 -0500] "-" 408 -
66.249.65.243 - - [05/Feb/2020:02:00:50 -0500] "GET /Autoliquidacion/Solicitudes%20relacionadas%20con%20calidad%20del%20aire%20auditiva%20y%20visual/Evaluaci%C3%B3n%20de%20permisos%20de%20emisi%C3%B3n%20para%20fuentes%20fijas/Industrias,%20obras%20o%20actividades%20que%20requieren%20permiso%20emisi%C3%B3n.pdf HTTP/1.1" 200 31380
66.249.65.250 - - [05/Feb/2020:02:00:55 -0500] "GET /BLA/resoluciones/RESOLUCIONES%202019/1950.pdf HTTP/1.1" 200 227704
192.168.175.104 - - [05/Feb/2020:02:00:56 -0500] "GET / HTTP/1.0" 200 9990
66.249.65.254 - - [05/Feb/2020:02:01:03 -0500] "GET /BLA/resoluciones/Autos%202008/3300.pdf HTTP/1.1" 200 49756
66.249.65.252 - - [05/Feb/2020:02:01:09 -0500] "GET /BLA/resoluciones/RESOLUCIONES%202010/7578.pdf HTTP/1.1" 200 918848
66.249.65.250 - - [05/Feb/2020:02:01:21 -0500] "GET /galeria/mapa/humedal2017.jpg HTTP/1.1" 200 644667
66.249.65.250 - - [05/Feb/2020:02:01:33 -0500] "GET /BLA/resoluciones/RESOLUCIONES%202007/RES%202007%202501%20AL%202600/RESOLUCION%202588%20%20DE%202007.pdf HTTP/1.1" 200 696957
207.46.13.120 - - [05/Feb/2020:02:01:34 -0500] "-" 408 -
66.249.65.252 - - [05/Feb/2020:02:01:38 -0500] "GET /BLA/resoluciones/AUTOS%202012/0880.pdf HTTP/1.1" 200 335567
66.249.65.252 - - [05/Feb/2020:02:01:44 -0500] "GET /BLA/resoluciones/RESOLUCIONES%202008/4389.pdf HTTP/1.1" 200 555998
207.46.13.69 - - [05/Feb/2020:02:01:51 -0500] "GET /siipev/Diseno%20de%20Elementos%20de%20Mobiliario%20Urbano/Otros%20Elementos/Infografia/Parte2/M-21.PNG HTTP/1.1" 200 5682
66.249.65.250 - - [05/Feb/2020:02:01:53 -0500] "GET /BLA/resoluciones/AUTOS%202015/2206.pdf HTTP/1.1" 200 747364
66.249.65.232 - - [05/Feb/2020:02:02:03 -0500] "-" 408 -
207.46.13.120 - - [05/Feb/2020:02:02:06 -0500] "-" 408 -
66.249.65.250 - - [05/Feb/2020:02:02:10 -0500] "GET /BLA/resoluciones/Notificaciones/AUTOS%202019/4612.pdf HTTP/1.1" 200 298234
66.249.65.250 - - [05/Feb/2020:02:02:17 -0500] "GET /BLA/resoluciones/RESOLUCIONES%202007/RES%202007%203701%20AL%203800/RESOLUCION%203792%20DE%202007.pdf HTTP/1.1" 200 460821
66.249.65.250 - - [05/Feb/2020:02:02:25 -0500] "GET /BLA/resoluciones/RESOLUCIONES%202007/RES%202007%20601%20AL%20700/RESOLUCION%200697%20DE%202007.pdf HTTP/1.1" 200 208208
66.249.65.252 - - [05/Feb/2020:02:02:33 -0500] "GET /BLA/resoluciones/AUTOS%202007/0351.pdf HTTP/1.1" 200 188991
66.249.65.218 - - [05/Feb/2020:02:02:37 -0500] "-" 408 -
66.249.65.250 - - [05/Feb/2020:02:02:40 -0500] "GET /BLA/resoluciones/AUTOS%202016/2806.pdf HTTP/1.1" 200 386951
66.249.65.250 - - [05/Feb/2020:02:02:48 -0500] "GET /BLA/resoluciones/RESOLUCIONES%202016/1993.pdf HTTP/1.1" 200 363037
66.249.65.252 - - [05/Feb/2020:02:02:56 -0500] "GET /BLA/resoluciones/AUTOS%202016/2808.pdf HTTP/1.1" 200 394568
66.249.65.250 - - [05/Feb/2020:02:03:03 -0500] "GET /BLA/resoluciones/Autos%202008/0425.pdf HTTP/1.1" 200 308790
66.249.65.250 - - [05/Feb/2020:02:03:11 -0500] "GET /BLA/resoluciones/RESOLUCIONES%202009/RESOLUCION%205195%20DE%202009.PDF HTTP/1.1" 200 204697
192.168.175.104 - - [05/Feb/2020:02:03:14 -0500] "GET / HTTP/1.1" 200 9990
66.249.73.87 - - [05/Feb/2020:02:03:16 -0500] "-" 408 -
66.249.65.250 - - [05/Feb/2020:02:03:19 -0500] "GET /BLA/resoluciones/RESOLUCIONES%202011/4252.pdf HTTP/1.1" 200 426176
66.249.65.250 - - [05/Feb/2020:02:03:27 -0500] "GET /BLA/resoluciones/Autos%202008/2810.pdf HTTP/1.1" 200 113632
66.249.65.250 - - [05/Feb/2020:02:03:41 -0500] "GET /BLA/resoluciones/RESOLUCIONES%202016/0660.pdf HTTP/1.1" 200 1086357
66.249.65.252 - - [05/Feb/2020:02:03:47 -0500] "GET /BLA/resoluciones/AUTOS%202015/1653.pdf HTTP/1.1" 200 519989
157.55.39.3 - - [05/Feb/2020:02:03:49 -0500] "GET /BLA/boletinlegal/Circulares/2011/Circular%20No.%201%20del%2023%20de%20Febrero%20de%202011.pdf HTTP/1.1" 200 540140
66.249.65.252 - - [05/Feb/2020:02:03:53 -0500] "GET /BLA/resoluciones/RESOLUCIONES%202018/4148.pdf HTTP/1.1" 200 270911
66.249.65.250 - - [05/Feb/2020:02:04:01 -0500] "GET /BLA/resoluciones/RESOLUCIONES%202019/2825.pdf HTTP/1.1" 200 326907
66.249.65.250 - - [05/Feb/2020:02:04:08 -0500] "GET /BLA/resoluciones/RESOLUCIONES%202009/1421.pdf HTTP/1.1" 200 415406
66.249.65.185 - - [05/Feb/2020:02:04:11 -0500] "-" 408 -
66.249.65.250 - - [05/Feb/2020:02:04:22 -0500] "GET /BLA/resoluciones/RESOLUCIONES%202009/RESOLUCION%204367%20DE%202009.PDF HTTP/1.1" 200 37581
66.249.65.250 - - [05/Feb/2020:02:04:29 -0500] "GET /BLA/resoluciones/AUTOS%202007/1829.pdf HTTP/1.1" 200 30212
66.249.65.250 - - [05/Feb/2020:02:04:36 -0500] "GET /BLA/resoluciones/AUTOS%202007/0939.pdf HTTP/1.1" 200 56939
66.249.65.250 - - [05/Feb/2020:02:04:43 -0500] "GET /BLA/resoluciones/RESOLUCIONES%202016/1385.pdf HTTP/1.1" 200 280509
66.249.65.250 - - [05/Feb/2020:02:04:51 -0500] "GET /BLA/resoluciones/AUTOS%202019/0325.pdf HTTP/1.1" 200 239749
66.249.65.250 - - [05/Feb/2020:02:04:59 -0500] "GET /BLA/resoluciones/RESOLUCIONES%202011/5926.pdf HTTP/1.1" 200 631942
69.162.124.232 - - [05/Feb/2020:02:05:00 -0500] "HEAD / HTTP/1.1" 200 -
66.249.65.250 - - [05/Feb/2020:02:05:08 -0500] "GET /BLA/resoluciones/RESOLUCIONES%202016/2025.pdf HTTP/1.1" 200 731950
66.249.65.250 - - [05/Feb/2020:02:05:17 -0500] "GET /BLA/resoluciones/AUTOS%202016/1643.pdf HTTP/1.1" 200 742050
66.249.65.250 - - [05/Feb/2020:02:05:32 -0500] "GET /BLA/resoluciones/AUTOS%202014/0143.pdf HTTP/1.1" 200 661553
157.55.39.132 - - [05/Feb/2020:02:05:37 -0500] "GET /BLA/resoluciones/RESOLUCIONES%202010/6535.pdf HTTP/1.1" 200 333919
181.62.181.146 - - [05/Feb/2020:02:05:43 -0500] "GET /galeria/galeria/jquery.fancybox.js?v=2.1.5 HTTP/1.1" 200 48706
181.62.181.146 - - [05/Feb/2020:02:05:43 -0500] "GET /BLA/boletinlegal/js/jquery.scrollShow.js HTTP/1.1" 200 4586
181.62.181.146 - - [05/Feb/2020:02:05:43 -0500] "GET /galeria/galeria/jquery.fancybox.css?v=2.1.5 HTTP/1.1" 200 4895
66.249.65.250 - - [05/Feb/2020:02:05:48 -0500] "GET /BLA/resoluciones/RESOLUCIONES%202007/RES%202007%201001%20AL%201100/RESOLUCION%201045%20DE%202007.pdf HTTP/1.1" 200 227457
40.77.189.61 - - [05/Feb/2020:02:05:49 -0500] "GET /galeria/galeria/jquery.fancybox.js?v=2.1.5 HTTP/1.1" 200 48706
192.168.175.104 - - [05/Feb/2020:02:05:54 -0500] "GET / HTTP/1.0" 200 9990
66.249.65.252 - - [05/Feb/2020:02:05:56 -0500] "GET /BLA/resoluciones/RESOLUCIONES%202012/1781.pdf HTTP/1.1" 200 441587
66.249.65.250 - - [05/Feb/2020:02:06:03 -0500] "GET /BLA/resoluciones/RESOLUCIONES%202010/5026.pdf HTTP/1.1" 200 773763
66.249.65.250 - - [05/Feb/2020:02:06:12 -0500] "GET /BLA/resoluciones/AUTOS%202018/3095.pdf HTTP/1.1" 200 579518
66.249.65.250 - - [05/Feb/2020:02:06:21 -0500] "GET /BLA/resoluciones/RESOLUCIONES%202018/3764.pdf HTTP/1.1" 200 356774
66.249.65.250 - - [05/Feb/2020:02:06:29 -0500] "GET /BLA/resoluciones/RESOLUCIONES%202009/RESOLUCION%203739%20DE%202009.PDF HTTP/1.1" 200 23308
66.249.65.250 - - [05/Feb/2020:02:06:36 -0500] "GET /BLA/resoluciones/RESOLUCIONES%202009/4026.pdf HTTP/1.1" 200 527473
66.249.65.250 - - [05/Feb/2020:02:06:45 -0500] "GET /BLA/resoluciones/RESOLUCIONES%202011/2352.pdf HTTP/1.1" 200 537734
66.249.65.252 - - [05/Feb/2020:02:06:53 -0500] "GET /BLA/resoluciones/RESOLUCIONES%202018/2174.pdf HTTP/1.1" 200 310380
66.249.65.252 - - [05/Feb/2020:02:07:04 -0500] "GET /BLA/resoluciones/Autos%202008/3346.pdf HTTP/1.1" 200 63715
66.249.65.252 - - [05/Feb/2020:02:07:12 -0500] "GET /BLA/resoluciones/RESOLUCIONES%202010/6543.pdf HTTP/1.1" 200 342475
66.249.73.85 - - [05/Feb/2020:02:07:20 -0500] "GET /POT-2013/index.php?dir=&sort=date&order=asc HTTP/1.1" 200 2679
66.249.65.250 - - [05/Feb/2020:02:07:27 -0500] "GET /BLA/resoluciones/RESOLUCIONES%202011/2651.pdf HTTP/1.1" 200 750588
66.249.65.250 - - [05/Feb/2020:02:07:45 -0500] "GET /BLA/resoluciones/RESOLUCIONES%202007/RES%202007%203701%20AL%203800/RESOLUCION%203702%20DE%202007.pdf HTTP/1.1" 200 903495
66.249.65.230 - - [05/Feb/2020:02:07:53 -0500] "-" 408 -
66.249.65.250 - - [05/Feb/2020:02:08:04 -0500] "GET /BLA/resoluciones/RESOLUCIONES%202016/2321.pdf HTTP/1.1" 200 359278
66.249.65.252 - - [05/Feb/2020:02:08:11 -0500] "GET /BLA/resoluciones/RESOLUCIONES%202018/0176.pdf HTTP/1.1" 200 292030
192.168.175.104 - - [05/Feb/2020:02:08:12 -0500] "GET / HTTP/1.1" 200 9990
66.249.65.252 - - [05/Feb/2020:02:08:23 -0500] "GET /BLA/resoluciones/AUTOS%202015/1838.pdf HTTP/1.1" 200 633163
66.249.65.250 - - [05/Feb/2020:02:08:32 -0500] "GET /BLA/resoluciones/RESOLUCIONES%202016/2135.pdf HTTP/1.1" 200 331894
66.249.65.250 - - [05/Feb/2020:02:08:39 -0500] "GET /BLA/resoluciones/AUTOS%202015/1943.pdf HTTP/1.1" 200 636837
66.249.65.250 - - [05/Feb/2020:02:08:48 -0500] "GET /BLA/resoluciones/AUTOS%202017/0925.pdf HTTP/1.1" 200 1557066
66.249.65.250 - - [05/Feb/2020:02:08:54 -0500] "GET /BLA/resoluciones/AUTOS%202007/2561.pdf HTTP/1.1" 200 48597
66.249.65.252 - - [05/Feb/2020:02:09:00 -0500] "GET /BLA/resoluciones/RESOLUCIONES%202007/RES%202007%203201%20AL%203300/RESOLUCION%203204%20DE%202007.pdf HTTP/1.1" 200 48748
45.170.125.2 - - [05/Feb/2020:02:09:01 -0500] "GET /galeria/galeria/jquery.fancybox.css?v=2.1.5 HTTP/1.1" 200 4895
45.170.125.2 - - [05/Feb/2020:02:09:01 -0500] "GET /galeria/galeria/jquery.fancybox.js?v=2.1.5 HTTP/1.1" 200 48706
45.170.125.2 - - [05/Feb/2020:02:09:01 -0500] "GET /BLA/boletinlegal/js/jquery.scrollShow.js HTTP/1.1" 200 4586
66.249.65.250 - - [05/Feb/2020:02:09:07 -0500] "GET /BLA/resoluciones/RESOLUCIONES%202009/7309.pdf HTTP/1.1" 200 341342
66.249.65.252 - - [05/Feb/2020:02:09:12 -0500] "GET /BLA/resoluciones/AUTOS%202014/1375.pdf HTTP/1.1" 200 619008
66.249.65.250 - - [05/Feb/2020:02:09:20 -0500] "GET /BLA/resoluciones/Autos%202008/0770.pdf HTTP/1.1" 200 183964
66.249.65.250 - - [05/Feb/2020:02:09:25 -0500] "GET /BLA/resoluciones/RESOLUCIONES%202009/RESOLUCION%206469%20DE%202009.PDF HTTP/1.1" 200 32838
207.46.13.120 - - [05/Feb/2020:02:09:28 -0500] "-" 408 -
66.249.65.250 - - [05/Feb/2020:02:09:29 -0500] "GET /BLA/resoluciones/Notificaciones/AUTOS%202019/2547.pdf HTTP/1.1" 200 257944
66.249.65.250 - - [05/Feb/2020:02:09:35 -0500] "GET /BLA/resoluciones/AUTOS%202017/1158.pdf HTTP/1.1" 200 281088
66.249.65.252 - - [05/Feb/2020:02:09:41 -0500] "GET /BLA/resoluciones/Autos%202008/0115.pdf HTTP/1.1" 200 164543
66.249.65.250 - - [05/Feb/2020:02:09:48 -0500] "GET /BLA/resoluciones/Autos%202008/0651.pdf HTTP/1.1" 200 266976
66.249.65.250 - - [05/Feb/2020:02:09:54 -0500] "GET /Autoliquidacion/Solicitudes%20relacionadas%20con%20calidad%20del%20aire%20auditiva%20y%20visual/Registro%20de%20Elementos%20de%20publicidad%20Exterior%20Visual/2019IE200072%20PM04-PR16.pdf HTTP/1.1" 200 206029
69.162.124.232 - - [05/Feb/2020:02:10:00 -0500] "HEAD / HTTP/1.1" 200 -
66.249.65.250 - - [05/Feb/2020:02:10:01 -0500] "GET /BLA/resoluciones/AUTOS%202018/1268.pdf HTTP/1.1" 200 312932
66.249.65.250 - - [05/Feb/2020:02:10:07 -0500] "GET /BLA/resoluciones/AUTOS%202014/4413.pdf HTTP/1.1" 200 480357
66.249.65.250 - - [05/Feb/2020:02:10:13 -0500] "GET /BLA/resoluciones/AUTOS%202019/0931.pdf HTTP/1.1" 200 317216
66.249.65.250 - - [05/Feb/2020:02:10:19 -0500] "GET /BLA/resoluciones/RESOLUCIONES%202016/2403.pdf HTTP/1.1" 200 353618
66.249.65.250 - - [05/Feb/2020:02:10:25 -0500] "GET /BLA/resoluciones/Autos%202008/3178.pdf HTTP/1.1" 200 175530
66.249.65.252 - - [05/Feb/2020:02:10:31 -0500] "GET /BLA/resoluciones/RESOLUCIONES%202009/RESOLUCION%20%207233%20DE%202009.PDF HTTP/1.1" 200 90580
66.249.65.252 - - [05/Feb/2020:02:10:38 -0500] "GET /BLA/resoluciones/AUTOS%202018/1043.pdf HTTP/1.1" 200 298443
66.249.65.185 - - [05/Feb/2020:02:10:45 -0500] "-" 408 -
66.249.65.252 - - [05/Feb/2020:02:10:46 -0500] "GET /BLA/resoluciones/RESOLUCIONES%202007/RES%202007%203701%20AL%203800/RESOLUCION%203723%20DE%202007.pdf HTTP/1.1" 200 509034
192.168.175.104 - - [05/Feb/2020:02:10:52 -0500] "GET / HTTP/1.0" 200 9990
66.249.65.250 - - [05/Feb/2020:02:10:55 -0500] "GET /BLA/resoluciones/RESOLUCIONES%202018/3838.pdf HTTP/1.1" 200 273986
66.249.73.47 - - [05/Feb/2020:02:10:58 -0500] "-" 408 -
66.249.65.250 - - [05/Feb/2020:02:11:02 -0500] "GET /BLA/resoluciones/RESOLUCIONES%202018/0796.pdf HTTP/1.1" 200 490309
66.249.65.250 - - [05/Feb/2020:02:11:10 -0500] "GET /BLA/resoluciones/RESOLUCIONES%202009/RESOLUCION%206954%20DE%202009.PDF HTTP/1.1" 200 49666
66.249.65.250 - - [05/Feb/2020:02:11:17 -0500] "GET /BLA/resoluciones/RESOLUCIONES%202016/0539.pdf HTTP/1.1" 200 482178
66.249.65.250 - - [05/Feb/2020:02:11:26 -0500] "GET /BLA/resoluciones/Autos%202008/2966.pdf HTTP/1.1" 200 151480
66.249.65.250 - - [05/Feb/2020:02:11:34 -0500] "GET /BLA/resoluciones/AUTOS%202017/6493.pdf HTTP/1.1" 200 1349532
66.249.73.51 - - [05/Feb/2020:02:11:35 -0500] "-" 408 -
79.110.73.74 - - [05/Feb/2020:02:11:38 -0500] "GET /BLA/resoluciones/RESOLUCIONES%202012/1221.pdf HTTP/1.1" 200 780810
66.249.65.250 - - [05/Feb/2020:02:11:39 -0500] "GET /BLA/resoluciones/RESOLUCIONES%202019/0534.pdf HTTP/1.1" 200 296145
66.249.65.218 - - [05/Feb/2020:02:11:41 -0500] "-" 408 -
66.249.65.252 - - [05/Feb/2020:02:11:44 -0500] "GET /BLA/resoluciones/Notificaciones/AUTOS%202018/05887.pdf HTTP/1.1" 200 275273
66.249.73.136 - - [05/Feb/2020:02:11:48 -0500] "-" 408 -
66.249.65.250 - - [05/Feb/2020:02:11:51 -0500] "GET /BLA/resoluciones/AUTOS%202007/0421.pdf HTTP/1.1" 200 61981
66.249.73.87 - - [05/Feb/2020:02:11:53 -0500] "-" 408 -
66.249.65.250 - - [05/Feb/2020:02:11:55 -0500] "GET /BLA/resoluciones/RESOLUCIONES%202009/RESOLUCION%20838%20DE%202009.PDF HTTP/1.1" 200 90730
66.249.65.250 - - [05/Feb/2020:02:11:59 -0500] "GET /BLA/resoluciones/RESOLUCIONES%202007/RES%202007%203701%20AL%203800/RESOLUCION%203768%20DE%202007.pdf HTTP/1.1" 200 28277
66.249.65.250 - - [05/Feb/2020:02:12:04 -0500] "GET /BLA/resoluciones/AUTOS%202017/0242.pdf HTTP/1.1" 200 344006
66.249.65.250 - - [05/Feb/2020:02:12:10 -0500] "GET /BLA/resoluciones/Autos%202008/2611.pdf HTTP/1.1" 200 56117
66.249.65.250 - - [05/Feb/2020:02:12:16 -0500] "GET /BLA/resoluciones/RESOLUCIONES%202019/2135.pdf HTTP/1.1" 200 288970
66.249.65.250 - - [05/Feb/2020:02:12:21 -0500] "GET /BLA/resoluciones/RESOLUCIONES%202007/RES%202007%202401%20AL%202500/RESOLUCION%202417%20DE%202007.pdf HTTP/1.1" 200 380250
66.249.65.250 - - [05/Feb/2020:02:12:27 -0500] "GET /BLA/resoluciones/Autos%202008/2872.pdf HTTP/1.1" 200 262234
66.249.65.250 - - [05/Feb/2020:02:12:33 -0500] "GET /BLA/resoluciones/RESOLUCIONES%202019/2650.pdf HTTP/1.1" 200 320265
66.249.65.250 - - [05/Feb/2020:02:12:38 -0500] "GET /BLA/resoluciones/RESOLUCIONES%202011/5046.pdf HTTP/1.1" 200 479907
66.249.65.252 - - [05/Feb/2020:02:12:44 -0500] "GET /BLA/resoluciones/RESOLUCIONES%202019/1403.pdf HTTP/1.1" 200 346940
66.249.65.77 - - [05/Feb/2020:02:12:48 -0500] "-" 408 -
66.249.65.252 - - [05/Feb/2020:02:12:51 -0500] "GET /BLA/resoluciones/RESOLUCIONES%202011/2348.pdf HTTP/1.1" 200 528724
66.249.65.252 - - [05/Feb/2020:02:12:59 -0500] "GET /BLA/resoluciones/RESOLUCIONES%202011/2212.pdf HTTP/1.1" 200 533540
66.249.65.252 - - [05/Feb/2020:02:13:08 -0500] "GET /BLA/resoluciones/RESOLUCIONES%202019/0596.pdf HTTP/1.1" 200 308032
192.168.175.104 - - [05/Feb/2020:02:13:11 -0500] "GET / HTTP/1.1" 200 9990
66.249.65.250 - - [05/Feb/2020:02:13:16 -0500] "GET /BLA/resoluciones/RESOLUCIONES%202009/RESOLUCION%20880%20DE%202009.PDF HTTP/1.1" 200 10180916
66.249.65.250 - - [05/Feb/2020:02:13:24 -0500] "GET /BLA/resoluciones/AUTOS%202019/0128.pdf HTTP/1.1" 200 16766230
66.249.65.225 - - [05/Feb/2020:02:13:33 -0500] "GET /BLA/resoluciones/RESOLUCIONES%202011/2619.pdf HTTP/1.1" 200 747986
66.249.65.252 - - [05/Feb/2020:02:13:43 -0500] "GET /BLA/resoluciones/RESOLUCIONES%202016/2577.pdf HTTP/1.1" 200 356833
66.249.65.230 - - [05/Feb/2020:02:13:49 -0500] "GET /BLA/resoluciones/RESOLUCIONES%202009/RESOLUCION%20824%20DE%202009.PDF HTTP/1.1" 200 87750
66.249.65.240 - - [05/Feb/2020:02:13:56 -0500] "GET /BLA/resoluciones/Autos%202008/2520.pdf HTTP/1.1" 200 193171
66.249.65.254 - - [05/Feb/2020:02:14:03 -0500] "GET /BLA/resoluciones/RESOLUCIONES%202011/3500.pdf HTTP/1.1" 200 445209
66.249.65.232 - - [05/Feb/2020:02:14:10 -0500] "GET /BLA/resoluciones/AUTOS%202017/4136.pdf HTTP/1.1" 200 1447575
66.249.65.225 - - [05/Feb/2020:02:14:16 -0500] "GET /BLA/resoluciones/RESOLUCIONES%202011/5018.pdf HTTP/1.1" 200 376090
40.77.167.218 - - [05/Feb/2020:02:14:21 -0500] "GET /siipev/Diseno%20de%20Elementos%20de%20Mobiliario%20Urbano/Otros%20Elementos/Infografia/Parte2/M-72.png HTTP/1.1" 200 25370
66.249.65.234 - - [05/Feb/2020:02:14:21 -0500] "-" 408 -
40.77.167.218 - - [05/Feb/2020:02:14:22 -0500] "GET /BLA/resoluciones/RESOLUCIONES%202010/3816.pdf HTTP/1.1" 200 135484
66.249.65.225 - - [05/Feb/2020:02:14:23 -0500] "GET /BLA/resoluciones/RESOLUCIONES%202016/2316.pdf HTTP/1.1" 200 364655
66.249.65.250 - - [05/Feb/2020:02:14:32 -0500] "GET /BLA/resoluciones/AUTOS%202018/3100.pdf HTTP/1.1" 200 278169
66.249.65.250 - - [05/Feb/2020:02:14:38 -0500] "GET /BLA/resoluciones/RESOLUCIONES%202007/RES%202007%20301%20AL%20400/RESOLUCION%200342%20DE%202007.pdf HTTP/1.1" 200 331081
66.249.65.250 - - [05/Feb/2020:02:14:46 -0500] "GET /BLA/resoluciones/RESOLUCIONES%202019/0754.pdf HTTP/1.1" 200 315204
66.249.65.250 - - [05/Feb/2020:02:14:54 -0500] "GET /BLA/resoluciones/Autos%202008/0442.pdf HTTP/1.1" 200 305760
69.162.124.232 - - [05/Feb/2020:02:15:00 -0500] "HEAD / HTTP/1.1" 200 -
66.249.65.250 - - [05/Feb/2020:02:15:02 -0500] "GET /BLA/resoluciones/Autos%202008/1640.pdf HTTP/1.1" 200 62668
66.249.65.250 - - [05/Feb/2020:02:15:09 -0500] "GET /BLA/resoluciones/AUTOS%202007/0448.pdf HTTP/1.1" 200 164473
66.249.65.250 - - [05/Feb/2020:02:15:16 -0500] "GET /BLA/resoluciones/AUTOS%202014/1781.pdf HTTP/1.1" 200 135676
66.249.65.250 - - [05/Feb/2020:02:15:24 -0500] "GET /BLA/resoluciones/AUTOS%202017/3600.pdf HTTP/1.1" 200 293029
66.249.65.250 - - [05/Feb/2020:02:15:32 -0500] "GET /BLA/resoluciones/RESOLUCIONES%202016/0737.pdf HTTP/1.1" 200 247532
66.249.65.250 - - [05/Feb/2020:02:15:46 -0500] "GET /BLA/resoluciones/AUTOS%202017/1853.pdf HTTP/1.1" 200 296229
192.168.175.104 - - [05/Feb/2020:02:15:50 -0500] "GET / HTTP/1.0" 200 9990
66.249.65.250 - - [05/Feb/2020:02:15:54 -0500] "GET /BLA/resoluciones/RESOLUCIONES%202010/5094.pdf HTTP/1.1" 200 754727
66.249.65.252 - - [05/Feb/2020:02:16:03 -0500] "GET /BLA/resoluciones/RESOLUCIONES%202007/RES%202007%202001%20AL%202100/RESOLUCION%202076%20DE%202007.pdf HTTP/1.1" 200 305785
66.249.65.252 - - [05/Feb/2020:02:16:10 -0500] "GET /Publicaciones/2018EE290988.pdf HTTP/1.1" 503 1020
66.249.65.199 - - [05/Feb/2020:02:16:11 -0500] "-" 408 -
66.249.65.250 - - [05/Feb/2020:02:16:16 -0500] "GET /BLA/resoluciones/AUTOS%202018/5475.pdf HTTP/1.1" 200 286696
46.229.168.143 - - [05/Feb/2020:02:16:17 -0500] "-" 408 -
66.249.65.250 - - [05/Feb/2020:02:16:23 -0500] "GET /BLA/resoluciones/Autos%202008/1120.pdf HTTP/1.1" 200 170032
46.229.168.143 - - [05/Feb/2020:02:16:32 -0500] "-" 408 -
66.249.65.250 - - [05/Feb/2020:02:16:33 -0500] "GET /BLA/resoluciones/AUTOS%202015/2582.pdf HTTP/1.1" 200 836665
66.249.65.252 - - [05/Feb/2020:02:16:42 -0500] "GET /BLA/resoluciones/Notificaciones/RESOLUCIONES%202019/3159.pdf HTTP/1.1" 200 2879759
201.245.192.253 - - [05/Feb/2020:02:15:38 -0500] "POST /kwsrmcab/Wsrmcab HTTP/1.1" 200 2009
201.245.192.253 - - [05/Feb/2020:02:15:38 -0500] "POST /kwsrmcab/Wsrmcab HTTP/1.1" 200 33007
66.249.88.219 - - [05/Feb/2020:02:16:48 -0500] "GET /galeria/galeria/jquery.fancybox.js?v=2.1.5 HTTP/1.1" 200 48706
66.249.88.221 - - [05/Feb/2020:02:16:48 -0500] "GET /galeria/galeria/jquery.fancybox.css?v=2.1.5 HTTP/1.1" 200 4895
66.249.88.219 - - [05/Feb/2020:02:16:48 -0500] "GET /BLA/boletinlegal/js/jquery.scrollShow.js HTTP/1.1" 200 4586
66.249.65.250 - - [05/Feb/2020:02:16:49 -0500] "GET /BLA/resoluciones/AUTOS%202007/0761.pdf HTTP/1.1" 200 188414
66.249.65.252 - - [05/Feb/2020:02:16:55 -0500] "GET /BLA/resoluciones/AUTOS%202013/0242.pdf HTTP/1.1" 200 1897124
66.249.65.250 - - [05/Feb/2020:02:17:01 -0500] "GET /BLA/resoluciones/Notificaciones/AUTOS%202019/4371.pdf HTTP/1.1" 200 350362
66.249.88.223 - - [05/Feb/2020:02:17:01 -0500] "GET /galeria/galeria/jquery.fancybox.css?v=2.1.5 HTTP/1.1" 200 4895
66.249.88.219 - - [05/Feb/2020:02:17:02 -0500] "GET /BLA/boletinlegal/js/jquery.scrollShow.js HTTP/1.1" 200 4586
66.249.88.221 - - [05/Feb/2020:02:17:02 -0500] "GET /galeria/galeria/jquery.fancybox.js?v=2.1.5 HTTP/1.1" 200 48706
66.249.65.250 - - [05/Feb/2020:02:17:10 -0500] "GET /BLA/resoluciones/AUTOS%202014/5494.pdf HTTP/1.1" 200 515158
201.245.192.253 - - [05/Feb/2020:02:16:38 -0500] "POST /kwsrmcab/Wsrmcab HTTP/1.1" 200 2009
66.249.65.250 - - [05/Feb/2020:02:17:18 -0500] "GET /BLA/resoluciones/Autos%202008/3152.pdf HTTP/1.1" 200 143711
66.249.65.250 - - [05/Feb/2020:02:17:25 -0500] "GET /BLA/resoluciones/RESOLUCIONES%202016/2132.pdf HTTP/1.1" 200 4494355
66.249.65.250 - - [05/Feb/2020:02:17:32 -0500] "GET /BLA/resoluciones/AUTOS%202014/0321.pdf HTTP/1.1" 200 618576
66.249.65.254 - - [05/Feb/2020:02:17:38 -0500] "GET /BLA/resoluciones/RESOLUCIONES%202018/2031.pdf HTTP/1.1" 200 274502
66.249.65.225 - - [05/Feb/2020:02:17:45 -0500] "GET /BLA/resoluciones/RESOLUCIONES%202015/0928.pdf HTTP/1.1" 200 361779
66.249.65.250 - - [05/Feb/2020:02:17:52 -0500] "GET /BLA/resoluciones/RESOLUCIONES%202019/1890.pdf HTTP/1.1" 200 283853
66.249.65.225 - - [05/Feb/2020:02:17:59 -0500] "GET /BLA/resoluciones/AUTOS%202016/2084.pdf HTTP/1.1" 200 1464318
192.168.175.104 - - [05/Feb/2020:02:18:09 -0500] "GET / HTTP/1.1" 200 9990
66.249.65.252 - - [05/Feb/2020:02:18:10 -0500] "GET /BLA/resoluciones/RESOLUCIONES%202016/1381.pdf HTTP/1.1" 200 676130
40.77.167.218 - - [05/Feb/2020:02:18:11 -0500] "GET /BLA/resoluciones/RESOLUCIONES%202010/6297.pdf HTTP/1.1" 200 78944
66.249.65.250 - - [05/Feb/2020:02:18:21 -0500] "GET /BLA/resoluciones/RESOLUCIONES%202009/4004.pdf HTTP/1.1" 200 499351
66.249.65.250 - - [05/Feb/2020:02:18:28 -0500] "GET /BLA/resoluciones/Autos%202008/2255.pdf HTTP/1.1" 200 192201
66.249.65.254 - - [05/Feb/2020:02:18:35 -0500] "GET /BLA/resoluciones/RESOLUCIONES%202018/3514.pdf HTTP/1.1" 200 365963
66.249.65.79 - - [05/Feb/2020:02:18:37 -0500] "-" 408 -
66.249.65.250 - - [05/Feb/2020:02:18:48 -0500] "GET /Publicaciones/2019EE305957.pdf HTTP/1.1" 503 1020
66.249.65.254 - - [05/Feb/2020:02:18:53 -0500] "GET /BLA/resoluciones/RESOLUCIONES%202016/1804.pdf HTTP/1.1" 200 295976
40.77.167.84 - - [05/Feb/2020:02:18:54 -0500] "GET /catalogoisis/ HTTP/1.1" 200 8575
66.249.65.197 - - [05/Feb/2020:02:19:00 -0500] "GET /Autoliquidacion/index.php?dir=Solicitudes%20relacionadas%20con%20calidad%20del%20aire%20auditiva%20y%20visual/Solicitudes%20relacionadas%20a%20Programa%20de%20Autorregulaci%F3n%20Ambiental/&sort=size&order=desc HTTP/1.1" 200 3759
66.249.65.250 - - [05/Feb/2020:02:19:05 -0500] "GET /BLA/resoluciones/RESOLUCIONES%202016/2533.pdf HTTP/1.1" 200 384783
66.249.65.250 - - [05/Feb/2020:02:19:12 -0500] "GET /BLA/resoluciones/AUTOS%202007/0425.pdf HTTP/1.1" 200 64851
157.55.39.132 - - [05/Feb/2020:02:19:15 -0500] "GET /BLA/boletinlegal/js/jquery.scrollShow.js HTTP/1.1" 200 4586
66.249.65.218 - - [05/Feb/2020:02:19:16 -0500] "-" 408 -
66.249.65.250 - - [05/Feb/2020:02:19:19 -0500] "GET /BLA/resoluciones/AUTOS%202015/5398.pdf HTTP/1.1" 200 442911
66.249.65.250 - - [05/Feb/2020:02:19:27 -0500] "GET /BLA/resoluciones/AUTOS%202015/5207.pdf HTTP/1.1" 200 460168
66.249.65.250 - - [05/Feb/2020:02:19:35 -0500] "GET /BLA/resoluciones/AUTOS%202017/1970.pdf HTTP/1.1" 200 288091
66.249.65.252 - - [05/Feb/2020:02:19:43 -0500] "GET /BLA/resoluciones/AUTOS%202012/0115.pdf HTTP/1.1" 200 353093
66.249.65.197 - - [05/Feb/2020:02:19:50 -0500] "GET /Autoliquidacion/index.php?dir=Solicitudes%20relacionadas%20con%20calidad%20del%20aire%20auditiva%20y%20visual/Solicitudes%20relacionadas%20a%20Programa%20de%20Autorregulaci%F3n%20Ambiental/&sort=size&order=asc HTTP/1.1" 200 3760
66.249.65.197 - - [05/Feb/2020:02:19:56 -0500] "GET /Autoliquidacion/Solicitudes%20relacionadas%20con%20calidad%20del%20aire%20auditiva%20y%20visual/Solicitudes%20relacionadas%20a%20Programa%20de%20Autorregulaci%C3%B3n%20Ambiental/Aplicativo.html HTTP/1.1" 200 359
69.162.124.232 - - [05/Feb/2020:02:20:01 -0500] "HEAD / HTTP/1.1" 200 -
66.249.65.252 - - [05/Feb/2020:02:20:01 -0500] "GET /BLA/resoluciones/Autos%202008/1090.pdf HTTP/1.1" 200 97369
66.249.65.254 - - [05/Feb/2020:02:20:08 -0500] "GET /BLA/resoluciones/RESOLUCIONES%202018/0879.pdf HTTP/1.1" 200 302498
66.249.65.252 - - [05/Feb/2020:02:20:14 -0500] "GET /BLA/resoluciones/Autos%202008/2446.pdf HTTP/1.1" 200 419387
66.249.65.250 - - [05/Feb/2020:02:20:23 -0500] "GET /BLA/resoluciones/RESOLUCIONES%202016/0654.pdf HTTP/1.1" 200 983219
66.249.65.250 - - [05/Feb/2020:02:20:35 -0500] "GET /BLA/resoluciones/RESOLUCIONES%202015/0293.pdf HTTP/1.1" 200 654447
66.249.65.252 - - [05/Feb/2020:02:20:42 -0500] "GET /BLA/resoluciones/Autos%202008/1493.pdf HTTP/1.1" 200 448745
192.168.175.104 - - [05/Feb/2020:02:20:48 -0500] "GET / HTTP/1.0" 200 9990
66.249.73.45 - - [05/Feb/2020:02:20:48 -0500] "-" 408 -
66.249.65.252 - - [05/Feb/2020:02:20:49 -0500] "GET /BLA/resoluciones/RESOLUCIONES%202007/RES%202007%20301%20AL%20400/RESOLUCION%200395%20DE%202007.pdf HTTP/1.1" 200 988106
66.249.65.250 - - [05/Feb/2020:02:20:59 -0500] "GET /BLA/resoluciones/RESOLUCIONES%202009/8328.pdf HTTP/1.1" 200 413358
66.249.65.250 - - [05/Feb/2020:02:21:06 -0500] "GET /BLA/resoluciones/AUTOS%202011/6315.pdf HTTP/1.1" 200 379635
66.249.65.250 - - [05/Feb/2020:02:21:14 -0500] "GET /BLA/resoluciones/Autos%202008/3049.pdf HTTP/1.1" 200 60261
66.249.65.250 - - [05/Feb/2020:02:21:22 -0500] "GET /BLA/resoluciones/RESOLUCIONES%202016/0823.pdf HTTP/1.1" 200 339407
66.249.65.230 - - [05/Feb/2020:02:21:25 -0500] "-" 408 -
66.249.65.252 - - [05/Feb/2020:02:21:36 -0500] "GET /BLA/resoluciones/RESOLUCIONES%202007/RES%202007%20401%20AL%20500/RESOLUCION%200433%20DE%202007.pdf HTTP/1.1" 200 160882
66.249.88.221 - - [05/Feb/2020:02:21:43 -0500] "GET /BLA/boletinlegal/js/jquery.scrollShow.js HTTP/1.1" 200 4586
66.249.88.219 - - [05/Feb/2020:02:21:43 -0500] "GET /galeria/galeria/jquery.fancybox.css?v=2.1.5 HTTP/1.1" 200 4895
66.249.88.223 - - [05/Feb/2020:02:21:43 -0500] "GET /galeria/galeria/jquery.fancybox.js?v=2.1.5 HTTP/1.1" 200 48706
66.249.65.252 - - [05/Feb/2020:02:21:43 -0500] "GET /BLA/resoluciones/Autos%202008/1559.pdf HTTP/1.1" 200 96621
66.249.65.252 - - [05/Feb/2020:02:21:50 -0500] "GET /BLA/resoluciones/AUTOS%202007/0325.pdf HTTP/1.1" 200 121899
66.249.65.252 - - [05/Feb/2020:02:21:58 -0500] "GET /BLA/resoluciones/RESOLUCIONES%202011/2349.pdf HTTP/1.1" 200 526083
66.249.65.254 - - [05/Feb/2020:02:22:06 -0500] "GET /BLA/resoluciones/RESOLUCIONES%202009/RESOLUCION%207227%20DE%202009.PDF HTTP/1.1" 200 79002
66.249.65.250 - - [05/Feb/2020:02:22:13 -0500] "GET /BLA/resoluciones/Autos%202008/3384.pdf HTTP/1.1" 200 98009
66.249.65.250 - - [05/Feb/2020:02:22:20 -0500] "GET /BLA/resoluciones/RESOLUCIONES%202016/2031.pdf HTTP/1.1" 200 456219
66.249.65.250 - - [05/Feb/2020:02:22:29 -0500] "GET /BLA/resoluciones/RESOLUCIONES%202016/2490.pdf HTTP/1.1" 200 427511
66.249.65.250 - - [05/Feb/2020:02:22:37 -0500] "GET /BLA/resoluciones/RESOLUCIONES%202019/1365.pdf HTTP/1.1" 200 883353
66.249.65.250 - - [05/Feb/2020:02:22:46 -0500] "GET /BLA/resoluciones/RESOLUCIONES%202010/6170.pdf HTTP/1.1" 200 640622
66.249.65.252 - - [05/Feb/2020:02:22:55 -0500] "GET /BLA/resoluciones/AUTOS%202016/0330.pdf HTTP/1.1" 200 506340
66.249.65.250 - - [05/Feb/2020:02:23:03 -0500] "GET /BLA/resoluciones/RESOLUCIONES%202011/5454.pdf HTTP/1.1" 200 580734
192.168.175.104 - - [05/Feb/2020:02:23:08 -0500] "GET / HTTP/1.1" 200 9990
35.210.130.240 - - [05/Feb/2020:02:23:12 -0500] "-" 408 -
66.249.65.250 - - [05/Feb/2020:02:23:14 -0500] "GET /BLA/resoluciones/RESOLUCIONES%202019/0660.pdf HTTP/1.1" 200 1906578
66.249.65.250 - - [05/Feb/2020:02:23:21 -0500] "GET /BLA/resoluciones/RESOLUCIONES%202007/RES%202007%204301%20AL%204352/RESOLUCION%204331%20DE%202007.pdf HTTP/1.1" 200 249557
66.249.65.254 - - [05/Feb/2020:02:23:28 -0500] "GET /BLA/resoluciones/RESOLUCIONES%202009/8395.pdf HTTP/1.1" 200 452729
66.249.65.254 - - [05/Feb/2020:02:23:35 -0500] "GET /BLA/resoluciones/Autos%202008/2899.pdf HTTP/1.1" 200 81787
66.249.65.250 - - [05/Feb/2020:02:23:42 -0500] "GET /BLA/resoluciones/AUTOS%202016/0435.pdf HTTP/1.1" 200 469135
66.249.65.252 - - [05/Feb/2020:02:23:49 -0500] "GET /BLA/resoluciones/Autos%202008/2021.pdf HTTP/1.1" 200 74692
66.249.65.252 - - [05/Feb/2020:02:23:56 -0500] "GET /BLA/resoluciones/RESOLUCIONES%202010/5719.pdf HTTP/1.1" 200 49281
66.249.65.252 - - [05/Feb/2020:02:24:03 -0500] "GET /BLA/resoluciones/Autos%202008/1716.pdf HTTP/1.1" 200 89168
66.249.65.250 - - [05/Feb/2020:02:24:10 -0500] "GET /BLA/resoluciones/AUTOS%202014/1693.pdf HTTP/1.1" 200 524482
66.249.65.250 - - [05/Feb/2020:02:24:23 -0500] "GET /BLA/resoluciones/RESOLUCIONES%202016/2309.pdf HTTP/1.1" 200 366258
66.249.65.250 - - [05/Feb/2020:02:24:31 -0500] "GET /BLA/resoluciones/RESOLUCIONES%202019/1696.pdf HTTP/1.1" 200 287559
66.249.65.250 - - [05/Feb/2020:02:24:39 -0500] "GET /BLA/resoluciones/RESOLUCIONES%202007/RES%202007%203701%20AL%203800/RESOLUCION%203781%20DE%202007.pdf HTTP/1.1" 200 28307
66.249.65.250 - - [05/Feb/2020:02:24:46 -0500] "GET /BLA/resoluciones/RESOLUCIONES%202009/RESOLUCION%204334%20DE%202009.PDF HTTP/1.1" 200 31514
66.249.65.250 - - [05/Feb/2020:02:24:53 -0500] "GET /BLA/resoluciones/RESOLUCIONES%202010/6660.pdf HTTP/1.1" 200 581386
69.162.124.232 - - [05/Feb/2020:02:25:00 -0500] "HEAD / HTTP/1.1" 200 -
66.249.65.201 - - [05/Feb/2020:02:25:01 -0500] "GET /Autoliquidacion/index.php?dir=Solicitudes%20relacionadas%20con%20calidad%20del%20aire%20auditiva%20y%20visual/Solicitudes%20relacionadas%20a%20Programa%20de%20Autorregulaci%F3n%20Ambiental/&sort=date&order=asc HTTP/1.1" 200 3760
66.249.65.250 - - [05/Feb/2020:02:25:07 -0500] "GET /BLA/resoluciones/Notificaciones/AUTOS%202019/4358.pdf HTTP/1.1" 200 296841
66.249.65.77 - - [05/Feb/2020:02:25:09 -0500] "-" 408 -
66.249.65.250 - - [05/Feb/2020:02:25:15 -0500] "GET /BLA/resoluciones/RESOLUCIONES%202009/5405.pdf HTTP/1.1" 200 497207
66.249.65.250 - - [05/Feb/2020:02:25:24 -0500] "GET /BLA/resoluciones/Autos%202008/2340.pdf HTTP/1.1" 200 114313
66.249.65.250 - - [05/Feb/2020:02:25:37 -0500] "GET /BLA/resoluciones/AUTOS%202007/0187.pdf HTTP/1.1" 200 130639
157.55.39.0 - - [05/Feb/2020:02:25:37 -0500] "-" 408 -
13.52.252.189 - - [05/Feb/2020:02:25:40 -0500] "GET / HTTP/1.1" 200 9990
66.249.65.250 - - [05/Feb/2020:02:25:44 -0500] "GET /BLA/resoluciones/Autos%202008/2493.pdf HTTP/1.1" 200 124967
192.168.175.104 - - [05/Feb/2020:02:25:46 -0500] "GET / HTTP/1.0" 200 9990
66.249.65.252 - - [05/Feb/2020:02:25:51 -0500] "GET /BLA/resoluciones/Autos%202008/1286.pdf HTTP/1.1" 200 153204
66.249.65.252 - - [05/Feb/2020:02:25:58 -0500] "GET /BLA/resoluciones/Autos%202008/2603.pdf HTTP/1.1" 200 68049
66.249.65.250 - - [05/Feb/2020:02:26:05 -0500] "GET /BLA/resoluciones/Autos%202008/2183.pdf HTTP/1.1" 200 80980
66.249.65.252 - - [05/Feb/2020:02:26:12 -0500] "GET /BLA/resoluciones/RESOLUCIONES%202009/2525.pdf HTTP/1.1" 200 433047
201.245.192.253 - - [05/Feb/2020:02:25:38 -0500] "POST /kwsrmcab/Wsrmcab HTTP/1.1" 200 32980
201.245.192.253 - - [05/Feb/2020:02:25:38 -0500] "POST /kwsrmcab/Wsrmcab HTTP/1.1" 200 33007
66.249.65.250 - - [05/Feb/2020:02:26:20 -0500] "GET /BLA/resoluciones/AUTOS%202016/2774.pdf HTTP/1.1" 200 544904
66.249.65.250 - - [05/Feb/2020:02:26:29 -0500] "GET /BLA/resoluciones/AUTOS%202016/3091.pdf HTTP/1.1" 200 603547
66.249.65.250 - - [05/Feb/2020:02:26:37 -0500] "GET /BLA/resoluciones/AUTOS%202011/7268.pdf HTTP/1.1" 200 135752
91.214.87.235 - - [05/Feb/2020:02:26:38 -0500] "GET /wp-admin/admin-ajax.php?action=ave_publishPost&title=random&short=1&term=1&thumb=../wp-config.php HTTP/1.1" 404 1047
91.214.87.235 - - [05/Feb/2020:02:26:38 -0500] "GET /wp-admin/admin-ajax.php?action=ave_publishPost&title=random&short=1&term=1&thumb=../wp-config.php HTTP/1.1" 404 1043
66.249.65.252 - - [05/Feb/2020:02:26:45 -0500] "GET /BLA/resoluciones/RESOLUCIONES%202019/3964.pdf HTTP/1.1" 200 293557
66.249.65.250 - - [05/Feb/2020:02:26:52 -0500] "GET /BLA/resoluciones/RESOLUCIONES%202009/RESOLUCION%20832%20DE%202009.PDF HTTP/1.1" 200 71430
201.245.192.253 - - [05/Feb/2020:02:26:17 -0500] "POST /kwsrmcab/Wsrmcab HTTP/1.1" 200 32980
66.249.65.250 - - [05/Feb/2020:02:27:06 -0500] "GET /siipev/Diseno%20de%20Elementos%20de%20Mobiliario%20Urbano/Otros%20Elementos/Infografia/Parte2/M-72.png HTTP/1.1" 200 25370
66.249.65.250 - - [05/Feb/2020:02:27:11 -0500] "GET /BLA/resoluciones/AUTOS%202015/3398.pdf HTTP/1.1" 200 495615
66.249.65.250 - - [05/Feb/2020:02:27:16 -0500] "GET /BLA/resoluciones/AUTOS%202015/2479.pdf HTTP/1.1" 200 632834
66.249.65.250 - - [05/Feb/2020:02:27:21 -0500] "GET /BLA/resoluciones/Autos%202008/1431.pdf HTTP/1.1" 200 599843
66.249.65.250 - - [05/Feb/2020:02:27:25 -0500] "GET /BLA/resoluciones/RESOLUCIONES%202011/2354.pdf HTTP/1.1" 200 537817
66.249.65.199 - - [05/Feb/2020:02:27:31 -0500] "GET /Autoliquidacion/index.php?dir=Solicitudes%20relacionadas%20con%20calidad%20del%20aire%20auditiva%20y%20visual/Solicitudes%20relacionadas%20a%20Programa%20de%20Autorregulaci%F3n%20Ambiental/&sort=date&order=desc HTTP/1.1" 200 3759
66.249.65.250 - - [05/Feb/2020:02:27:36 -0500] "GET /BLA/resoluciones/AUTOS%202015/5637.pdf HTTP/1.1" 200 532340
66.249.65.252 - - [05/Feb/2020:02:27:42 -0500] "GET /BLA/resoluciones/RESOLUCIONES%202010/6062.pdf HTTP/1.1" 200 641594
66.249.65.230 - - [05/Feb/2020:02:27:53 -0500] "-" 408 -
66.249.65.250 - - [05/Feb/2020:02:27:53 -0500] "GET /BLA/resoluciones/RESOLUCIONES%202018/1288.pdf HTTP/1.1" 200 255576
66.249.65.252 - - [05/Feb/2020:02:28:00 -0500] "GET /BLA/resoluciones/Autos%202008/1760.pdf HTTP/1.1" 200 161579
192.168.175.104 - - [05/Feb/2020:02:28:06 -0500] "GET / HTTP/1.1" 200 9990
66.249.65.250 - - [05/Feb/2020:02:28:07 -0500] "GET /BLA/resoluciones/Autos%202008/1445.pdf HTTP/1.1" 200 242896
207.46.13.69 - - [05/Feb/2020:02:28:13 -0500] "GET /BLA/resoluciones/RESOLUCIONES%202010/7817.pdf HTTP/1.1" 200 432803
66.249.65.250 - - [05/Feb/2020:02:28:15 -0500] "GET /BLA/resoluciones/RESOLUCIONES%202016/1918.pdf HTTP/1.1" 200 370532
66.249.65.250 - - [05/Feb/2020:02:28:23 -0500] "GET /BLA/resoluciones/AUTOS%202017/1189.pdf HTTP/1.1" 200 381928
66.249.65.250 - - [05/Feb/2020:02:28:31 -0500] "GET /BLA/resoluciones/RESOLUCIONES%202010/7447.pdf HTTP/1.1" 200 574140
66.249.65.250 - - [05/Feb/2020:02:28:40 -0500] "GET /BLA/resoluciones/RESOLUCIONES%202019/0974.pdf HTTP/1.1" 200 381713
66.249.65.250 - - [05/Feb/2020:02:28:48 -0500] "GET /BLA/resoluciones/RESOLUCIONES%202016/1976.pdf HTTP/1.1" 200 358380
66.249.65.250 - - [05/Feb/2020:02:28:56 -0500] "GET /BLA/resoluciones/RESOLUCIONES%202009/4780.pdf HTTP/1.1" 200 391210
66.249.65.252 - - [05/Feb/2020:02:29:05 -0500] "GET /BLA/resoluciones/AUTOS%202015/7079.pdf HTTP/1.1" 200 537454
66.249.65.218 - - [05/Feb/2020:02:29:07 -0500] "-" 408 -
66.249.65.252 - - [05/Feb/2020:02:29:12 -0500] "GET /BLA/resoluciones/RESOLUCIONES%202009/9755.pdf HTTP/1.1" 200 293075
66.249.65.250 - - [05/Feb/2020:02:29:19 -0500] "GET /BLA/resoluciones/AUTOS%202017/2784.pdf HTTP/1.1" 200 538613
66.249.65.197 - - [05/Feb/2020:02:29:27 -0500] "GET /BLA/boletinlegal/jurisprudencia/analisis/SENTENCIA%20C-703%20DE%202010.xls HTTP/1.1" 200 38912
66.249.65.252 - - [05/Feb/2020:02:29:32 -0500] "GET /BLA/resoluciones/AUTOS%202016/1306.pdf HTTP/1.1" 200 437425
66.249.65.252 - - [05/Feb/2020:02:29:39 -0500] "GET /BLA/resoluciones/RESOLUCIONES%202010/5181.pdf HTTP/1.1" 200 1411519
66.249.65.254 - - [05/Feb/2020:02:29:45 -0500] "GET /BLA/resoluciones/AUTOS%202015/2319.pdf HTTP/1.1" 200 724639
20.36.244.102 - - [05/Feb/2020:02:29:50 -0500] "GET /noticias/rssambiente.php HTTP/1.1" 200 10301
66.249.65.254 - - [05/Feb/2020:02:29:54 -0500] "GET /BLA/resoluciones/Autos%202008/1857.pdf HTTP/1.1" 200 285798
69.162.124.232 - - [05/Feb/2020:02:30:00 -0500] "HEAD / HTTP/1.1" 200 -
66.249.65.252 - - [05/Feb/2020:02:30:01 -0500] "GET /BLA/resoluciones/AUTOS%202018/5071.pdf HTTP/1.1" 200 489285
66.249.65.252 - - [05/Feb/2020:02:30:08 -0500] "GET /BLA/resoluciones/AUTOS%202007/3264.pdf HTTP/1.1" 200 170425
66.249.65.250 - - [05/Feb/2020:02:30:16 -0500] "GET /BLA/resoluciones/RESOLUCIONES%202011/0975.pdf HTTP/1.1" 200 72897
66.249.65.250 - - [05/Feb/2020:02:30:23 -0500] "GET /BLA/resoluciones/AUTOS%202015/2947.pdf HTTP/1.1" 200 746302
66.249.65.250 - - [05/Feb/2020:02:30:32 -0500] "GET /BLA/resoluciones/Autos%202008/2783.pdf HTTP/1.1" 200 104800
66.249.65.252 - - [05/Feb/2020:02:30:39 -0500] "GET /siipev/Diseno%20de%20Elementos%20de%20Mobiliario%20Urbano/Diseno%20pertenecientes%20al%20mobiliario%20urbano%20M10-M160/PARTE%20A/Dise%C3%B1o%20de%20Elementos%20M-130.pdf HTTP/1.1" 200 1571005
192.168.175.104 - - [05/Feb/2020:02:30:45 -0500] "GET / HTTP/1.0" 200 9990
66.249.65.254 - - [05/Feb/2020:02:30:46 -0500] "GET /BLA/resoluciones/RESOLUCIONES%202016/1182.pdf HTTP/1.1" 200 266990
66.249.65.250 - - [05/Feb/2020:02:30:52 -0500] "GET /BLA/resoluciones/RESOLUCIONES%202018/0117.pdf HTTP/1.1" 200 301982
66.249.65.252 - - [05/Feb/2020:02:30:59 -0500] "GET /BLA/resoluciones/RESOLUCIONES%202009/RESOLUCION%204102%20DE%202009.PDF HTTP/1.1" 200 342274
66.249.65.252 - - [05/Feb/2020:02:31:06 -0500] "GET /BLA/resoluciones/RESOLUCIONES%202018/1937.pdf HTTP/1.1" 200 295084
66.249.65.250 - - [05/Feb/2020:02:31:14 -0500] "GET /BLA/resoluciones/Autos%202008/0831.pdf HTTP/1.1" 200 284318
66.249.65.250 - - [05/Feb/2020:02:31:21 -0500] "GET /BLA/resoluciones/Autos%202008/2299.pdf HTTP/1.1" 200 84199
66.249.65.250 - - [05/Feb/2020:02:31:28 -0500] "GET /BLA/resoluciones/AUTOS%202018/1031.pdf HTTP/1.1" 200 287821
66.249.65.250 - - [05/Feb/2020:02:31:36 -0500] "GET /BLA/resoluciones/Autos%202008/1230.pdf HTTP/1.1" 200 79364
66.249.65.250 - - [05/Feb/2020:02:31:43 -0500] "GET /Publicaciones/2018EE290989.pdf HTTP/1.1" 503 1020
66.249.65.252 - - [05/Feb/2020:02:31:49 -0500] "GET /BLA/resoluciones/AUTOS%202015/3983.pdf HTTP/1.1" 200 497716
66.249.65.252 - - [05/Feb/2020:02:31:56 -0500] "GET /BLA/resoluciones/Autos%202008/3222.pdf HTTP/1.1" 200 68836
66.249.65.252 - - [05/Feb/2020:02:32:03 -0500] "GET /BLA/resoluciones/RESOLUCIONES%202009/6215.pdf HTTP/1.1" 200 910223
66.249.65.250 - - [05/Feb/2020:02:32:13 -0500] "GET /BLA/resoluciones/AUTOS%202013/2238.pdf HTTP/1.1" 200 641166
66.249.65.250 - - [05/Feb/2020:02:32:24 -0500] "GET /BLA/resoluciones/RESOLUCIONES%202018/2686.pdf HTTP/1.1" 200 430460
66.249.65.250 - - [05/Feb/2020:02:32:38 -0500] "GET /BLA/resoluciones/AUTOS%202019/0795.pdf HTTP/1.1" 200 208313
66.249.65.252 - - [05/Feb/2020:02:32:46 -0500] "GET /BLA/resoluciones/AUTOS%202012/3008.pdf HTTP/1.1" 200 389628
66.249.65.252 - - [05/Feb/2020:02:32:52 -0500] "GET /BLA/resoluciones/RESOLUCIONES%202007/RES%202007%201301%20AL%201400/RESOLUCION%201344%20DE%202007.pdf HTTP/1.1" 200 39334
66.249.65.250 - - [05/Feb/2020:02:32:59 -0500] "GET /BLA/resoluciones/AUTOS%202007/3384.pdf HTTP/1.1" 200 162314
46.229.168.147 - - [05/Feb/2020:02:33:00 -0500] "-" 408 -
192.168.175.104 - - [05/Feb/2020:02:33:04 -0500] "GET / HTTP/1.1" 200 9990
66.249.65.250 - - [05/Feb/2020:02:33:06 -0500] "GET /BLA/resoluciones/Acuerdos/Acuerdo%20N%C2%B0%202%20-2017.pdf HTTP/1.1" 200 14985318
46.229.168.147 - - [05/Feb/2020:02:33:15 -0500] "-" 408 -
66.249.65.250 - - [05/Feb/2020:02:33:17 -0500] "GET /BLA/resoluciones/Autos%202008/3373.pdf HTTP/1.1" 200 161184
66.249.65.252 - - [05/Feb/2020:02:33:24 -0500] "GET /BLA/resoluciones/RESOLUCIONES%202011/5353.pdf HTTP/1.1" 200 409255
66.249.65.230 - - [05/Feb/2020:02:33:31 -0500] "GET /BLA/resoluciones/AUTOS%202017/2370.pdf HTTP/1.1" 200 286352
66.249.65.254 - - [05/Feb/2020:02:33:39 -0500] "GET /BLA/resoluciones/AUTOS%202010/5486.pdf HTTP/1.1" 200 139575
66.249.65.230 - - [05/Feb/2020:02:33:44 -0500] "-" 408 -
66.249.65.203 - - [05/Feb/2020:02:33:45 -0500] "-" 408 -
66.249.65.230 - - [05/Feb/2020:02:33:46 -0500] "GET /BLA/resoluciones/AUTOS%202010/0084.pdf HTTP/1.1" 200 156722
195.60.190.156 - - [05/Feb/2020:02:33:49 -0500] "GET / HTTP/1.1" 200 9990
66.249.65.250 - - [05/Feb/2020:02:33:53 -0500] "GET /BLA/resoluciones/AUTOS%202017/3622.pdf HTTP/1.1" 200 278203
66.249.65.225 - - [05/Feb/2020:02:34:00 -0500] "GET /BLA/resoluciones/AUTOS%202015/5774.pdf HTTP/1.1" 200 515503
66.249.73.53 - - [05/Feb/2020:02:34:02 -0500] "-" 408 -
66.249.65.252 - - [05/Feb/2020:02:34:07 -0500] "GET /BLA/resoluciones/RESOLUCIONES%202016/2406.pdf HTTP/1.1" 200 1054962
66.249.65.250 - - [05/Feb/2020:02:34:14 -0500] "GET /BLA/resoluciones/RESOLUCIONES%202016/1144.pdf HTTP/1.1" 200 278254
66.249.65.250 - - [05/Feb/2020:02:34:20 -0500] "GET /BLA/resoluciones/AUTOS%202017/1363.pdf HTTP/1.1" 200 381264
66.249.65.250 - - [05/Feb/2020:02:34:28 -0500] "GET /BLA/resoluciones/RESOLUCIONES%202016/2450.pdf HTTP/1.1" 200 620179
66.249.73.89 - - [05/Feb/2020:02:34:30 -0500] "-" 408 -
66.249.65.252 - - [05/Feb/2020:02:34:37 -0500] "GET /BLA/resoluciones/RESOLUCIONES%202014/0698.pdf HTTP/1.1" 200 377510
66.249.65.254 - - [05/Feb/2020:02:34:51 -0500] "GET /BLA/resoluciones/AUTOS%202017/2418.pdf HTTP/1.1" 200 365978
66.249.65.254 - - [05/Feb/2020:02:34:58 -0500] "GET /BLA/resoluciones/AUTOS%202014/4928.pdf HTTP/1.1" 200 195875
69.162.124.232 - - [05/Feb/2020:02:34:59 -0500] "HEAD / HTTP/1.1" 200 -
66.249.65.250 - - [05/Feb/2020:02:35:05 -0500] "GET /BLA/resoluciones/RESOLUCIONES%202019/1727.pdf HTTP/1.1" 200 283262
66.249.65.250 - - [05/Feb/2020:02:35:12 -0500] "GET /BLA/resoluciones/Autos%202008/1796.pdf HTTP/1.1" 200 172614
66.249.65.250 - - [05/Feb/2020:02:35:19 -0500] "GET /BLA/resoluciones/AUTOS%202014/6657.pdf HTTP/1.1" 200 565351
157.55.39.143 - - [05/Feb/2020:02:35:23 -0500] "GET /galeria/galeria/fotos/Pacto_Madera3G.jpg HTTP/1.1" 200 89638
157.55.39.143 - - [05/Feb/2020:02:35:24 -0500] "GET /siipev/Diseno%20de%20Elementos%20de%20Mobiliario%20Urbano/Otros%20Elementos/Infografia/Parte2/M-120.png HTTP/1.1" 200 14640
157.55.39.143 - - [05/Feb/2020:02:35:24 -0500] "GET /galeria/galeria/fotos/Humedal-la-conejera3G.jpg HTTP/1.1" 200 373974
157.55.39.143 - - [05/Feb/2020:02:35:26 -0500] "GET /BLA/resoluciones/RESOLUCIONES%202010/7174.pdf HTTP/1.1" 200 40554
157.55.39.143 - - [05/Feb/2020:02:35:27 -0500] "GET /BLA/resoluciones/RESOLUCIONES%202010/5890.pdf HTTP/1.1" 200 74872
66.249.65.250 - - [05/Feb/2020:02:35:28 -0500] "GET /BLA/resoluciones/RESOLUCIONES%202016/2556.pdf HTTP/1.1" 200 507415
157.55.39.143 - - [05/Feb/2020:02:35:34 -0500] "GET /BLA/resoluciones/RESOLUCIONES%202010/7406.pdf HTTP/1.1" 200 491895
66.249.65.250 - - [05/Feb/2020:02:35:37 -0500] "GET /BLA/resoluciones/AUTOS%202014/0215.pdf HTTP/1.1" 200 317109
192.168.175.104 - - [05/Feb/2020:02:35:43 -0500] "GET / HTTP/1.0" 200 9990
66.249.65.250 - - [05/Feb/2020:02:35:45 -0500] "GET /BLA/resoluciones/RESOLUCIONES%202009/2568.pdf HTTP/1.1" 200 442846
66.249.65.252 - - [05/Feb/2020:02:35:53 -0500] "GET /BLA/resoluciones/AUTOS%202014/0218.pdf HTTP/1.1" 200 708946
66.249.65.218 - - [05/Feb/2020:02:36:00 -0500] "-" 408 -
66.249.65.250 - - [05/Feb/2020:02:36:04 -0500] "GET /BLA/resoluciones/Autos%202008/1689.pdf HTTP/1.1" 200 157621
66.249.65.250 - - [05/Feb/2020:02:36:12 -0500] "GET /BLA/resoluciones/RESOLUCIONES%202009/RESOLUCION%209630%20DE%202009.PDF HTTP/1.1" 200 97726
201.245.192.253 - - [05/Feb/2020:02:35:38 -0500] "POST /kwsrmcab/Wsrmcab HTTP/1.1" 200 33007
66.249.65.250 - - [05/Feb/2020:02:36:20 -0500] "GET /BLA/resoluciones/Autos%202008/2471.pdf HTTP/1.1" 200 177545
66.249.65.250 - - [05/Feb/2020:02:36:28 -0500] "GET /BLA/resoluciones/RESOLUCIONES%202016/1509.pdf HTTP/1.1" 200 602603
66.249.65.250 - - [05/Feb/2020:02:36:36 -0500] "GET /BLA/resoluciones/RESOLUCIONES%202019/1183.pdf HTTP/1.1" 200 239597
66.249.65.252 - - [05/Feb/2020:02:36:44 -0500] "GET /BLA/resoluciones/AUTOS%202016/2468.pdf HTTP/1.1" 200 492271
201.245.192.253 - - [05/Feb/2020:02:36:14 -0500] "POST /kwsrmcab/Wsrmcab HTTP/1.1" 200 32980
66.249.65.254 - - [05/Feb/2020:02:36:59 -0500] "GET /BLA/resoluciones/AUTOS%202010/1155.pdf HTTP/1.1" 200 151236
66.249.65.252 - - [05/Feb/2020:02:37:06 -0500] "GET /BLA/resoluciones/RESOLUCIONES%202018/2015.pdf HTTP/1.1" 200 281261
66.249.65.250 - - [05/Feb/2020:02:37:13 -0500] "GET /BLA/resoluciones/RESOLUCIONES%202010/7668.pdf HTTP/1.1" 200 422047
66.249.65.250 - - [05/Feb/2020:02:37:19 -0500] "GET /BLA/resoluciones/RESOLUCIONES%202014/0130.pdf HTTP/1.1" 200 522364
66.249.65.77 - - [05/Feb/2020:02:37:25 -0500] "-" 408 -
66.249.65.250 - - [05/Feb/2020:02:37:28 -0500] "GET /BLA/resoluciones/RESOLUCIONES%202011/2569.pdf HTTP/1.1" 200 414514
66.249.65.250 - - [05/Feb/2020:02:37:36 -0500] "GET /BLA/resoluciones/RESOLUCIONES%202009/2911.pdf HTTP/1.1" 200 1055551
66.249.65.252 - - [05/Feb/2020:02:37:43 -0500] "GET /BLA/resoluciones/AUTOS%202017/2941.pdf HTTP/1.1" 200 219984
66.249.65.252 - - [05/Feb/2020:02:37:50 -0500] "GET /BLA/resoluciones/RESOLUCIONES%202011/2614.pdf HTTP/1.1" 200 761436
66.249.65.250 - - [05/Feb/2020:02:37:59 -0500] "GET /BLA/resoluciones/RESOLUCIONES%202019/2534.pdf HTTP/1.1" 200 469835
192.168.175.104 - - [05/Feb/2020:02:38:01 -0500] "GET / HTTP/1.1" 200 9990
66.249.65.250 - - [05/Feb/2020:02:38:12 -0500] "GET /BLA/resoluciones/AUTOS%202007/0544.pdf HTTP/1.1" 200 231291
66.249.65.252 - - [05/Feb/2020:02:38:26 -0500] "GET /BLA/resoluciones/RESOLUCIONES%202007/RES%202007%204201%20AL%204300/RESOLUCION%204229%20DE%202007.pdf HTTP/1.1" 200 268511
66.249.65.250 - - [05/Feb/2020:02:38:33 -0500] "GET /BLA/resoluciones/RESOLUCIONES%202011/0461.pdf HTTP/1.1" 200 833913
66.249.65.250 - - [05/Feb/2020:02:38:44 -0500] "GET /BLA/resoluciones/RESOLUCIONES%202009/2510.pdf HTTP/1.1" 200 289204
66.249.65.252 - - [05/Feb/2020:02:38:51 -0500] "GET /BLA/resoluciones/RESOLUCIONES%202011/1160.pdf HTTP/1.1" 200 514316
66.249.65.250 - - [05/Feb/2020:02:38:58 -0500] "GET /BLA/resoluciones/Autos%202008/1998.pdf HTTP/1.1" 200 146199
207.46.13.120 - - [05/Feb/2020:02:38:59 -0500] "-" 408 -
66.249.65.250 - - [05/Feb/2020:02:39:06 -0500] "GET /BLA/resoluciones/Autos%202008/0030.pdf HTTP/1.1" 200 178431
66.249.65.250 - - [05/Feb/2020:02:39:13 -0500] "GET /BLA/resoluciones/RESOLUCIONES%202009/7009.pdf HTTP/1.1" 200 724513
66.249.65.250 - - [05/Feb/2020:02:39:22 -0500] "GET /BLA/resoluciones/RESOLUCIONES%202019/1665.pdf HTTP/1.1" 200 282809
66.249.65.230 - - [05/Feb/2020:02:39:28 -0500] "-" 408 -
66.249.65.250 - - [05/Feb/2020:02:39:30 -0500] "GET /BLA/resoluciones/Autos%202008/0957.pdf HTTP/1.1" 200 168513
66.249.65.250 - - [05/Feb/2020:02:39:38 -0500] "GET /BLA/resoluciones/RESOLUCIONES%202007/RES%202007%202501%20AL%202600/RESOLUCION%202567%20DE%202007.pdf HTTP/1.1" 200 1451072
66.249.65.254 - - [05/Feb/2020:02:39:45 -0500] "GET /BLA/resoluciones/RESOLUCIONES%202014/3803.pdf HTTP/1.1" 200 734171
66.249.65.250 - - [05/Feb/2020:02:39:54 -0500] "GET /BLA/resoluciones/RESOLUCIONES%202011/3739.pdf HTTP/1.1" 200 292102
69.162.124.232 - - [05/Feb/2020:02:39:59 -0500] "HEAD / HTTP/1.1" 200 -
66.249.65.250 - - [05/Feb/2020:02:40:01 -0500] "GET /BLA/resoluciones/AUTOS%202014/4898.pdf HTTP/1.1" 200 564955
66.249.65.250 - - [05/Feb/2020:02:40:16 -0500] "GET /BLA/resoluciones/Autos%202008/0732.pdf HTTP/1.1" 200 204115
66.249.65.250 - - [05/Feb/2020:02:40:24 -0500] "GET /BLA/resoluciones/RESOLUCIONES%202016/0132.pdf HTTP/1.1" 200 270653
66.249.65.250 - - [05/Feb/2020:02:40:32 -0500] "GET /BLA/resoluciones/Autos%202008/1859.pdf HTTP/1.1" 200 262713
192.168.175.104 - - [05/Feb/2020:02:40:41 -0500] "GET / HTTP/1.0" 200 9990
40.77.167.218 - - [05/Feb/2020:02:40:45 -0500] "-" 408 -
66.249.73.51 - - [05/Feb/2020:02:41:08 -0500] "-" 408 -
66.249.73.136 - - [05/Feb/2020:02:41:21 -0500] "-" 408 -
66.249.73.45 - - [05/Feb/2020:02:41:44 -0500] "-" 408 -
192.168.175.104 - - [05/Feb/2020:02:42:59 -0500] "GET / HTTP/1.1" 200 9990
66.249.65.77 - - [05/Feb/2020:02:43:05 -0500] "-" 408 -
46.229.168.162 - - [05/Feb/2020:02:43:28 -0500] "-" 408 -
66.249.65.185 - - [05/Feb/2020:02:43:34 -0500] "-" 408 -
46.229.168.162 - - [05/Feb/2020:02:43:43 -0500] "-" 408 -
66.249.65.218 - - [05/Feb/2020:02:43:53 -0500] "-" 408 -
69.162.124.232 - - [05/Feb/2020:02:44:59 -0500] "HEAD / HTTP/1.1" 200 -
192.168.175.104 - - [05/Feb/2020:02:45:40 -0500] "GET / HTTP/1.0" 200 9990
66.249.65.230 - - [05/Feb/2020:02:45:44 -0500] "-" 408 -
66.249.73.51 - - [05/Feb/2020:02:47:00 -0500] "-" 408 -
192.168.175.104 - - [05/Feb/2020:02:47:58 -0500] "GET / HTTP/1.1" 200 9990
159.138.149.52 - - [05/Feb/2020:02:48:22 -0500] "GET /dama/libreria/php/frame_detalle.php?patron=&h_id=576&inicio_2=1 HTTP/1.1" 404 1019
207.46.13.69 - - [05/Feb/2020:02:49:06 -0500] "GET /BLA/resoluciones/RESOLUCIONES%202010/7876.pdf HTTP/1.1" 200 191890
186.0.67.244 - - [05/Feb/2020:02:49:15 -0500] "GET /galeria/galeria/jquery.fancybox.css?v=2.1.5 HTTP/1.1" 200 4895
186.0.67.244 - - [05/Feb/2020:02:49:17 -0500] "GET /BLA/boletinlegal/js/jquery.scrollShow.js HTTP/1.1" 200 4586
186.0.67.244 - - [05/Feb/2020:02:49:17 -0500] "GET /galeria/galeria/jquery.fancybox.js?v=2.1.5 HTTP/1.1" 200 48706
