186.84.88.213 - - [28/Jul/2020:00:32:44 -0500] "GET /sipse/faces/javax.faces.resource/primefaces.js?ln=primefaces&v=4.0 HTTP/1.1" 304 -
186.84.88.213 - - [28/Jul/2020:00:32:44 -0500] "GET /sipse/imagenes/cargando.gif HTTP/1.1" 304 -
186.84.88.213 - - [28/Jul/2020:00:32:45 -0500] "POST /sipse/faces/presentacion/financiero/solicitudProceso/listarSolicitudProceso.xhtml HTTP/1.1" 200 1344
186.84.88.213 - - [28/Jul/2020:00:32:46 -0500] "POST /sipse/faces/presentacion/financiero/solicitudProceso/listarSolicitudProceso.xhtml HTTP/1.1" 200 1344
190.27.245.107 - - [28/Jul/2020:00:32:48 -0500] "GET /sipse/ HTTP/1.1" 302 -
186.84.22.0 - - [28/Jul/2020:00:32:48 -0500] "GET /sipse/faces/autenticacion.xhtml HTTP/1.1" 200 12170
186.84.22.0 - - [28/Jul/2020:00:32:48 -0500] "GET /sipse/js/disable_browser_buttons.js HTTP/1.1" 200 3230
186.84.22.0 - - [28/Jul/2020:00:32:48 -0500] "GET /sipse/css/custom_css_sg.css HTTP/1.1" 200 9694
186.84.22.0 - - [28/Jul/2020:00:32:48 -0500] "GET /sipse/css/custom_css_sg_prime_login.css HTTP/1.1" 200 443
186.84.22.0 - - [28/Jul/2020:00:32:48 -0500] "GET /sipse/faces/javax.faces.resource/theme.css?ln=primefaces-sipse HTTP/1.1" 304 -
186.84.22.0 - - [28/Jul/2020:00:32:48 -0500] "GET /sipse/faces/javax.faces.resource/primefaces.css?ln=primefaces&v=4.0 HTTP/1.1" 304 -
186.84.22.0 - - [28/Jul/2020:00:32:48 -0500] "GET /sipse/faces/javax.faces.resource/layout/layout.css?ln=primefaces&v=4.0 HTTP/1.1" 304 -
186.84.22.0 - - [28/Jul/2020:00:32:48 -0500] "GET /sipse/js/funciones.js HTTP/1.1" 200 12592
186.84.22.0 - - [28/Jul/2020:00:32:48 -0500] "GET /sipse/faces/javax.faces.resource/jquery/jquery.js?ln=primefaces&v=4.0 HTTP/1.1" 304 -
186.84.22.0 - - [28/Jul/2020:00:32:48 -0500] "GET /sipse/faces/javax.faces.resource/jquery/jquery-plugins.js?ln=primefaces&v=4.0 HTTP/1.1" 304 -
186.84.22.0 - - [28/Jul/2020:00:32:48 -0500] "GET /sipse/faces/javax.faces.resource/layout/layout.js?ln=primefaces&v=4.0 HTTP/1.1" 304 -
186.84.22.0 - - [28/Jul/2020:00:32:48 -0500] "GET /sipse/faces/javax.faces.resource/primefaces.js?ln=primefaces&v=4.0 HTTP/1.1" 304 -
186.84.22.0 - - [28/Jul/2020:00:32:48 -0500] "GET /sipse/faces/javax.faces.resource/images/ui-icons_898989_256x240.png?ln=primefaces-aristo HTTP/1.1" 304 -
186.84.22.0 - - [28/Jul/2020:00:32:48 -0500] "GET /sipse/css/imagen/logoSDG.png HTTP/1.1" 200 53064
186.84.22.0 - - [28/Jul/2020:00:32:48 -0500] "GET /sipse/css/imagen/loginimg.png HTTP/1.1" 200 71635
186.84.22.0 - - [28/Jul/2020:00:32:48 -0500] "GET /sipse/faces/index.xhtml HTTP/1.1" 200 677
186.84.22.0 - - [28/Jul/2020:00:32:48 -0500] "GET /sipse/faces/javax.faces.resource/theme.css?ln=primefaces-sipse HTTP/1.1" 304 -
186.84.22.0 - - [28/Jul/2020:00:32:49 -0500] "GET /sipse/faces/faces/autenticacion.xhtml HTTP/1.1" 200 12170
186.84.22.0 - - [28/Jul/2020:00:32:49 -0500] "GET /sipse/faces/javax.faces.resource/theme.css?ln=primefaces-sipse HTTP/1.1" 304 -
186.84.22.0 - - [28/Jul/2020:00:32:49 -0500] "GET /sipse/faces/javax.faces.resource/primefaces.css?ln=primefaces&v=4.0 HTTP/1.1" 304 -
186.84.22.0 - - [28/Jul/2020:00:32:49 -0500] "GET /sipse/faces/javax.faces.resource/layout/layout.css?ln=primefaces&v=4.0 HTTP/1.1" 304 -
186.84.22.0 - - [28/Jul/2020:00:32:49 -0500] "GET /sipse/faces/javax.faces.resource/jquery/jquery.js?ln=primefaces&v=4.0 HTTP/1.1" 304 -
186.84.22.0 - - [28/Jul/2020:00:32:49 -0500] "GET /sipse/faces/javax.faces.resource/jquery/jquery-plugins.js?ln=primefaces&v=4.0 HTTP/1.1" 304 -
186.84.22.0 - - [28/Jul/2020:00:32:49 -0500] "GET /sipse/faces/javax.faces.resource/primefaces.js?ln=primefaces&v=4.0 HTTP/1.1" 304 -
186.84.22.0 - - [28/Jul/2020:00:32:49 -0500] "GET /sipse/faces/javax.faces.resource/layout/layout.js?ln=primefaces&v=4.0 HTTP/1.1" 304 -
66.249.79.107 - - [28/Jul/2020:00:32:51 -0500] "GET /BLA/resoluciones/AUTOS%202010/6722.pdf HTTP/1.1" 200 219971
201.245.192.253 - - [28/Jul/2020:00:32:20 -0500] "POST /kwsrmcab/Wsrmcab HTTP/1.1" 200 30956
186.84.88.213 - - [28/Jul/2020:00:32:50 -0500] "POST /sipse/faces/presentacion/financiero/solicitudProceso/listarSolicitudProceso.xhtml HTTP/1.1" 200 34323
186.84.88.213 - - [28/Jul/2020:00:32:53 -0500] "POST /sipse/faces/presentacion/financiero/solicitudProceso/listarSolicitudProceso.xhtml HTTP/1.1" 200 14761
186.84.88.213 - - [28/Jul/2020:00:32:54 -0500] "POST /sipse/faces/presentacion/financiero/solicitudProceso/listarSolicitudProceso.xhtml HTTP/1.1" 200 14781
186.84.88.213 - - [28/Jul/2020:00:32:56 -0500] "POST /sipse/faces/presentacion/financiero/solicitudProceso/listarSolicitudProceso.xhtml HTTP/1.1" 200 14761
186.84.88.213 - - [28/Jul/2020:00:32:57 -0500] "POST /sipse/faces/presentacion/financiero/solicitudProceso/listarSolicitudProceso.xhtml HTTP/1.1" 200 8926
186.84.22.0 - - [28/Jul/2020:00:32:58 -0500] "POST /sipse/faces/autenticacion.xhtml HTTP/1.1" 200 15855
186.84.22.0 - - [28/Jul/2020:00:32:58 -0500] "GET /sipse/css/custom_css_sg_prime.css HTTP/1.1" 200 5201
186.84.22.0 - - [28/Jul/2020:00:32:58 -0500] "GET /sipse/faces/javax.faces.resource/primefaces.css?ln=primefaces&v=4.0 HTTP/1.1" 304 -
186.84.22.0 - - [28/Jul/2020:00:32:58 -0500] "GET /sipse/faces/javax.faces.resource/theme.css?ln=primefaces-sipse HTTP/1.1" 304 -
186.84.22.0 - - [28/Jul/2020:00:32:58 -0500] "GET /sipse/faces/javax.faces.resource/layout/layout.css?ln=primefaces&v=4.0 HTTP/1.1" 304 -
186.84.22.0 - - [28/Jul/2020:00:32:58 -0500] "GET /sipse/js/jquery.min.js HTTP/1.1" 200 85582
66.249.79.109 - - [28/Jul/2020:00:32:58 -0500] "GET /BLA/resoluciones/AUTOS%202012/1832.pdf HTTP/1.1" 200 308912
186.84.22.0 - - [28/Jul/2020:00:32:58 -0500] "GET /sipse/faces/javax.faces.resource/jquery/jquery.js?ln=primefaces&v=4.0 HTTP/1.1" 304 -
186.84.22.0 - - [28/Jul/2020:00:32:58 -0500] "GET /sipse/faces/javax.faces.resource/jquery/jquery-plugins.js?ln=primefaces&v=4.0 HTTP/1.1" 304 -
186.84.22.0 - - [28/Jul/2020:00:32:58 -0500] "GET /sipse/faces/javax.faces.resource/primefaces.js?ln=primefaces&v=4.0 HTTP/1.1" 304 -
186.84.22.0 - - [28/Jul/2020:00:32:58 -0500] "GET /sipse/faces/javax.faces.resource/layout/layout.js?ln=primefaces&v=4.0 HTTP/1.1" 304 -
186.84.22.0 - - [28/Jul/2020:00:32:58 -0500] "GET /sipse/css/imagen/contrasena.png HTTP/1.1" 404 383
186.84.22.0 - - [28/Jul/2020:00:32:58 -0500] "GET /sipse/imagenes/cargando.gif HTTP/1.1" 200 36959
186.84.22.0 - - [28/Jul/2020:00:32:58 -0500] "GET /sipse/imagenes/logoAplicacion.jpg HTTP/1.1" 200 155084
186.84.22.0 - - [28/Jul/2020:00:32:59 -0500] "GET /sipse/faces/javax.faces.resource/messages/messages.png?ln=primefaces&v=4.0 HTTP/1.1" 304 -
186.84.22.0 - - [28/Jul/2020:00:33:00 -0500] "POST /sipse/faces/presentacion/financiero/solicitudProceso/consultarSolicitudProceso.xhtml HTTP/1.1" 200 78420
186.84.22.0 - - [28/Jul/2020:00:33:02 -0500] "GET /sipse/faces/javax.faces.resource/images/ui-bg_flat_0_2d5972_40x100.png?ln=primefaces-aristo HTTP/1.1" 304 -
186.84.22.0 - - [28/Jul/2020:00:33:02 -0500] "POST /sipse/faces/bienvenido.xhtml HTTP/1.1" 200 1471
186.84.88.213 - - [28/Jul/2020:00:33:00 -0500] "POST /sipse/faces/presentacion/financiero/solicitudProceso/listarSolicitudProceso.xhtml HTTP/1.1" 200 126320
186.84.88.213 - - [28/Jul/2020:00:33:04 -0500] "GET /sipse/faces/javax.faces.resource/theme.css?ln=primefaces-sipse HTTP/1.1" 304 -
186.84.88.213 - - [28/Jul/2020:00:33:04 -0500] "GET /sipse/faces/javax.faces.resource/layout/layout.css?ln=primefaces&v=4.0 HTTP/1.1" 304 -
186.84.88.213 - - [28/Jul/2020:00:33:04 -0500] "GET /sipse/faces/javax.faces.resource/primefaces.css?ln=primefaces&v=4.0 HTTP/1.1" 304 -
186.84.88.213 - - [28/Jul/2020:00:33:04 -0500] "GET /sipse/faces/javax.faces.resource/jquery/jquery.js?ln=primefaces&v=4.0 HTTP/1.1" 304 -
186.84.22.0 - - [28/Jul/2020:00:33:04 -0500] "POST /sipse/faces/bienvenido.xhtml HTTP/1.1" 200 51033
186.84.22.0 - - [28/Jul/2020:00:33:04 -0500] "GET /sipse/faces/javax.faces.resource/layout/layout.css?ln=primefaces&v=4.0 HTTP/1.1" 304 -
186.84.22.0 - - [28/Jul/2020:00:33:04 -0500] "GET /sipse/faces/javax.faces.resource/theme.css?ln=primefaces-sipse HTTP/1.1" 304 -
186.84.22.0 - - [28/Jul/2020:00:33:04 -0500] "GET /sipse/faces/javax.faces.resource/primefaces.css?ln=primefaces&v=4.0 HTTP/1.1" 304 -
186.84.22.0 - - [28/Jul/2020:00:33:04 -0500] "GET /sipse/faces/javax.faces.resource/jquery/jquery.js?ln=primefaces&v=4.0 HTTP/1.1" 304 -
186.84.22.0 - - [28/Jul/2020:00:33:04 -0500] "GET /sipse/faces/javax.faces.resource/jquery/jquery-plugins.js?ln=primefaces&v=4.0 HTTP/1.1" 304 -
186.84.22.0 - - [28/Jul/2020:00:33:04 -0500] "GET /sipse/faces/javax.faces.resource/primefaces.js?ln=primefaces&v=4.0 HTTP/1.1" 304 -
186.84.22.0 - - [28/Jul/2020:00:33:04 -0500] "GET /sipse/faces/javax.faces.resource/layout/layout.js?ln=primefaces&v=4.0 HTTP/1.1" 304 -
186.84.22.0 - - [28/Jul/2020:00:33:04 -0500] "POST /sipse/faces/presentacion/financiero/solicitudProceso/listarSolicitudProceso.xhtml HTTP/1.1" 200 1440
186.84.88.213 - - [28/Jul/2020:00:33:05 -0500] "GET /sipse/faces/javax.faces.resource/jquery/jquery-plugins.js?ln=primefaces&v=4.0 HTTP/1.1" 304 -
186.84.22.0 - - [28/Jul/2020:00:33:05 -0500] "POST /sipse/faces/presentacion/financiero/solicitudProceso/consultarSolicitudProceso.xhtml HTTP/1.1" 200 95186
66.249.79.107 - - [28/Jul/2020:00:33:05 -0500] "GET /BLA/resoluciones/RESOLUCIONES%202009/3540.pdf HTTP/1.1" 200 662764
186.84.88.213 - - [28/Jul/2020:00:33:06 -0500] "GET /sipse/faces/javax.faces.resource/primefaces.js?ln=primefaces&v=4.0 HTTP/1.1" 304 -
186.84.88.213 - - [28/Jul/2020:00:33:06 -0500] "GET /sipse/faces/javax.faces.resource/layout/layout.js?ln=primefaces&v=4.0 HTTP/1.1" 304 -
186.84.88.213 - - [28/Jul/2020:00:33:06 -0500] "GET /sipse/faces/javax.faces.resource/dynamiccontent.properties?ln=primefaces&pfdrid=XjOR5%2F%2FfPAZAuY9TpWQeCiM0BhlXxYRBGKi%2FQcXXfeA%3D&pfdrid_c=false HTTP/1.1" 500 383
186.84.88.213 - - [28/Jul/2020:00:33:06 -0500] "POST /sipse/faces/presentacion/financiero/solicitudProceso/consultarSolicitudProceso.xhtml HTTP/1.1" 200 3964
40.77.167.215 - - [28/Jul/2020:00:33:08 -0500] "-" 408 -
66.249.79.107 - - [28/Jul/2020:00:33:15 -0500] "GET /BLA/resoluciones/RESOLUCIONES%202012/0965.pdf HTTP/1.1" 200 541813
186.84.88.213 - - [28/Jul/2020:00:33:19 -0500] "POST /sipse/faces/presentacion/financiero/solicitudProceso/consultarSolicitudProceso.xhtml HTTP/1.1" 200 5491
190.27.245.107 - - [28/Jul/2020:00:33:20 -0500] "GET /reportes_sipse/sdg/ServletReporte?reporte=solicitud_cdp&Solicitud=10175&pfdrid_c=false HTTP/1.1" 200 93476
201.245.192.253 - - [28/Jul/2020:00:32:52 -0500] "POST /kwsrmcab/Wsrmcab HTTP/1.1" 200 29292
66.249.79.107 - - [28/Jul/2020:00:33:24 -0500] "GET /BLA/resoluciones/RESOLUCIONES%202009/5080.pdf HTTP/1.1" 200 520205
66.249.79.109 - - [28/Jul/2020:00:33:34 -0500] "GET /BLA/resoluciones/RESOLUCIONES%202010/1727.pdf HTTP/1.1" 200 553241
66.249.79.109 - - [28/Jul/2020:00:33:41 -0500] "GET /BLA/resoluciones/RESOLUCIONES%202009/4363.pdf HTTP/1.1" 200 558653
66.249.79.111 - - [28/Jul/2020:00:33:51 -0500] "GET /BLA/resoluciones/AUTOS%202012/0950.pdf HTTP/1.1" 200 171296
66.249.79.107 - - [28/Jul/2020:00:33:59 -0500] "GET /BLA/resoluciones/AUTOS%202013/3705.pdf HTTP/1.1" 200 666061
66.249.79.107 - - [28/Jul/2020:00:34:06 -0500] "GET /BLA/resoluciones/RESOLUCIONES%202009/8676.pdf HTTP/1.1" 200 480541
66.249.79.107 - - [28/Jul/2020:00:34:16 -0500] "GET /BLA/resoluciones/RESOLUCIONES%202008/1500.pdf HTTP/1.1" 200 157079
186.84.22.0 - - [28/Jul/2020:00:34:24 -0500] "GET /sipse/faces/javax.faces.resource/images/ui-icons_898989_256x240.png?ln=primefaces-aristo HTTP/1.1" 304 -
66.249.79.107 - - [28/Jul/2020:00:34:24 -0500] "GET /BLA/resoluciones/RESOLUCIONES%202008/3704.pdf HTTP/1.1" 200 243044
186.84.22.0 - - [28/Jul/2020:00:34:24 -0500] "POST /sipse/faces/presentacion/financiero/solicitudProceso/listarSolicitudProceso.xhtml HTTP/1.1" 200 138517
186.84.22.0 - - [28/Jul/2020:00:34:25 -0500] "GET /sipse/faces/javax.faces.resource/theme.css?ln=primefaces-sipse HTTP/1.1" 304 -
186.84.22.0 - - [28/Jul/2020:00:34:25 -0500] "GET /sipse/faces/javax.faces.resource/primefaces.css?ln=primefaces&v=4.0 HTTP/1.1" 304 -
186.84.22.0 - - [28/Jul/2020:00:34:25 -0500] "GET /sipse/faces/javax.faces.resource/jquery/jquery.js?ln=primefaces&v=4.0 HTTP/1.1" 304 -
186.84.22.0 - - [28/Jul/2020:00:34:25 -0500] "GET /sipse/faces/javax.faces.resource/layout/layout.css?ln=primefaces&v=4.0 HTTP/1.1" 304 -
186.84.22.0 - - [28/Jul/2020:00:34:25 -0500] "GET /sipse/faces/javax.faces.resource/jquery/jquery-plugins.js?ln=primefaces&v=4.0 HTTP/1.1" 304 -
186.84.22.0 - - [28/Jul/2020:00:34:25 -0500] "GET /sipse/faces/javax.faces.resource/primefaces.js?ln=primefaces&v=4.0 HTTP/1.1" 304 -
186.84.22.0 - - [28/Jul/2020:00:34:25 -0500] "GET /sipse/faces/javax.faces.resource/layout/layout.js?ln=primefaces&v=4.0 HTTP/1.1" 304 -
190.27.245.107 - - [28/Jul/2020:00:34:25 -0500] "GET /reportes_sipse/sdg/ServletReporte?reporte=solicitud_cdp&Solicitud=10175&pfdrid_c=false HTTP/1.1" 200 93476
181.61.108.137 - - [28/Jul/2020:00:34:27 -0500] "GET /appsia/controlador HTTP/1.1" 200 4799
181.61.108.137 - - [28/Jul/2020:00:34:27 -0500] "GET /appsia/scripts/validarIngreso.js HTTP/1.1" 200 851
181.61.108.137 - - [28/Jul/2020:00:34:27 -0500] "GET /appsia/css/estilos.css HTTP/1.1" 200 4804
181.61.108.137 - - [28/Jul/2020:00:34:27 -0500] "GET /appsia/images/logo_bogota_p.png HTTP/1.1" 200 14951
181.61.108.137 - - [28/Jul/2020:00:34:27 -0500] "GET /appsia/images/cabezoteHojaVida.png HTTP/1.1" 200 32493
181.61.108.137 - - [28/Jul/2020:00:34:27 -0500] "GET /favicon.ico HTTP/1.1" 200 7782
66.249.79.107 - - [28/Jul/2020:00:34:32 -0500] "GET /siipev/Diseno%20de%20Elementos%20de%20Mobiliario%20Urbano/Otros%20Elementos/PARTE%20B/Dise%C3%83%C2%B1o%20de%20Elementos%20M31.pdf HTTP/1.1" 404 1018
66.249.79.109 - - [28/Jul/2020:00:34:39 -0500] "GET /galeria/nivo-slider/demo/demo.html HTTP/1.1" 404 2130
66.249.79.107 - - [28/Jul/2020:00:34:44 -0500] "GET /BLA/resoluciones/RESOLUCIONES%202010/1798.pdf HTTP/1.1" 200 520167
66.249.79.111 - - [28/Jul/2020:00:34:50 -0500] "GET /BLA/resoluciones/AUTOS%202016/0247.pdf HTTP/1.1" 200 692704
181.61.108.137 - - [28/Jul/2020:00:34:57 -0500] "POST /appsia/controlador HTTP/1.1" 200 4900
66.249.79.111 - - [28/Jul/2020:00:34:57 -0500] "GET /BLA/resoluciones/RESOLUCIONES%202009/5957.pdf HTTP/1.1" 200 529953
181.61.108.137 - - [28/Jul/2020:00:35:04 -0500] "POST /appsia/controlador HTTP/1.1" 200 9931
181.61.108.137 - - [28/Jul/2020:00:35:04 -0500] "GET /appsia/images/logo_escudo.png HTTP/1.1" 200 36965
66.249.79.107 - - [28/Jul/2020:00:35:06 -0500] "GET /BLA/resoluciones/RESOLUCIONES%202008/1266.pdf HTTP/1.1" 200 372631
66.249.79.109 - - [28/Jul/2020:00:35:13 -0500] "GET /BLA/resoluciones/RESOLUCIONES%202008/2550.pdf HTTP/1.1" 200 412027
66.249.79.109 - - [28/Jul/2020:00:35:20 -0500] "GET /BLA/resoluciones/RESOLUCIONES%202008/4313.pdf HTTP/1.1" 200 269040
66.249.79.107 - - [28/Jul/2020:00:35:29 -0500] "GET /BLA/resoluciones/RESOLUCIONES%202009/2045.pdf HTTP/1.1" 200 697159
66.249.79.107 - - [28/Jul/2020:00:35:36 -0500] "GET /BLA/resoluciones/RESOLUCIONES%202007/RES%202007%201726%20AL%201800/RESOLUCION%201736%20DE%202007.pdf HTTP/1.1" 200 860303
66.249.79.109 - - [28/Jul/2020:00:35:46 -0500] "GET /POT-2013/Res.%200124-2013%20CAR.pdf HTTP/1.1" 200 100587796
66.249.79.111 - - [28/Jul/2020:00:36:17 -0500] "GET /BLA/resoluciones/RESOLUCIONES%202009/2282.pdf HTTP/1.1" 200 379908
66.249.79.228 - - [28/Jul/2020:00:36:27 -0500] "GET /BLA/resoluciones/RESOLUCIONES%202008/4884.pdf HTTP/1.1" 200 251379
186.84.22.0 - - [28/Jul/2020:00:36:28 -0500] "POST /sipse/faces/presentacion/financiero/solicitudProceso/consultarSolicitudProceso.xhtml HTTP/1.1" 200 2600576
69.162.124.227 - - [28/Jul/2020:00:36:35 -0500] "HEAD / HTTP/1.1" 200 -
186.84.22.0 - - [28/Jul/2020:00:36:36 -0500] "POST /sipse/faces/presentacion/financiero/solicitudProceso/consultarSolicitudProceso.xhtml HTTP/1.1" 200 659560
66.249.68.57 - - [28/Jul/2020:00:36:37 -0500] "GET /BLA/resoluciones/AUTOS%202010/3311.pdf HTTP/1.1" 200 1445188
186.84.22.0 - - [28/Jul/2020:00:36:37 -0500] "POST /sipse/faces/presentacion/financiero/solicitudProceso/consultarSolicitudProceso.xhtml HTTP/1.1" 200 1212371
186.84.22.0 - - [28/Jul/2020:00:36:39 -0500] "POST /sipse/faces/presentacion/financiero/solicitudProceso/consultarSolicitudProceso.xhtml HTTP/1.1" 200 1534026
66.249.68.17 - - [28/Jul/2020:00:36:46 -0500] "GET /BLA/resoluciones/RESOLUCIONES%202009/5773.pdf HTTP/1.1" 200 1011341
66.249.79.31 - - [28/Jul/2020:00:37:01 -0500] "GET /BLA/resoluciones/RESOLUCIONES%202008/0504.pdf HTTP/1.1" 200 809257
66.249.79.212 - - [28/Jul/2020:00:37:07 -0500] "-" 408 -
66.249.79.129 - - [28/Jul/2020:00:37:09 -0500] "GET /BLA/resoluciones/AUTOS%202012/0524.pdf HTTP/1.1" 200 194980
66.249.79.105 - - [28/Jul/2020:00:37:16 -0500] "GET /BLA/resoluciones/RESOLUCIONES%202008/5696.pdf HTTP/1.1" 200 241676
66.249.79.117 - - [28/Jul/2020:00:37:23 -0500] "GET /BLA/resoluciones/RESOLUCIONES%202009/2108.pdf HTTP/1.1" 200 437581
66.249.79.103 - - [28/Jul/2020:00:37:30 -0500] "GET /BLA/resoluciones/RESOLUCIONES%202008/5554.pdf HTTP/1.1" 200 57590
66.249.79.109 - - [28/Jul/2020:00:37:37 -0500] "GET /BLA/resoluciones/RESOLUCIONES%202008/1135.pdf HTTP/1.1" 200 370025
66.249.79.125 - - [28/Jul/2020:00:37:45 -0500] "GET /BLA/resoluciones/RESOLUCIONES%202009/4042.pdf HTTP/1.1" 200 65546
186.116.198.109 - - [28/Jul/2020:00:37:46 -0500] "GET /galeria/galeria/jquery.fancybox.css?v=2.1.5 HTTP/1.1" 200 4895
186.116.198.109 - - [28/Jul/2020:00:37:46 -0500] "GET /galeria/galeria/jquery.fancybox.js?v=2.1.5 HTTP/1.1" 200 48706
186.116.198.109 - - [28/Jul/2020:00:37:46 -0500] "GET /BLA/boletinlegal/js/jquery.scrollShow.js HTTP/1.1" 200 4586
66.249.79.115 - - [28/Jul/2020:00:37:52 -0500] "GET /BLA/resoluciones/RESOLUCIONES%202008/0818.pdf HTTP/1.1" 200 108776
66.249.79.117 - - [28/Jul/2020:00:37:59 -0500] "GET /BLA/resoluciones/RESOLUCIONES%202008/5395.pdf HTTP/1.1" 200 211267
66.249.79.115 - - [28/Jul/2020:00:38:06 -0500] "GET /BLA/resoluciones/RESOLUCIONES%202009/4970.pdf HTTP/1.1" 200 353498
66.249.79.111 - - [28/Jul/2020:00:38:14 -0500] "GET /BLA/resoluciones/RESOLUCIONES%202012/0859.pdf HTTP/1.1" 200 323932
66.249.79.109 - - [28/Jul/2020:00:38:22 -0500] "GET /BLA/resoluciones/RESOLUCIONES%202008/0381.pdf HTTP/1.1" 200 324305
66.249.79.109 - - [28/Jul/2020:00:38:29 -0500] "GET /BLA/resoluciones/AUTOS%202010/2793.pdf HTTP/1.1" 200 129013
66.249.79.107 - - [28/Jul/2020:00:38:37 -0500] "GET /BLA/resoluciones/RESOLUCIONES%202009/9351.pdf HTTP/1.1" 200 500493
181.50.184.129 - - [28/Jul/2020:00:38:40 -0500] "-" 408 -
66.249.79.107 - - [28/Jul/2020:00:38:44 -0500] "GET /BLA/resoluciones/RESOLUCIONES%202009/5823.pdf HTTP/1.1" 200 119528
66.249.79.107 - - [28/Jul/2020:00:38:52 -0500] "GET /BLA/resoluciones/RESOLUCIONES%202008/2040.pdf HTTP/1.1" 200 319356
66.249.79.107 - - [28/Jul/2020:00:39:00 -0500] "GET /BLA/resoluciones/RESOLUCIONES%202009/4919.pdf HTTP/1.1" 200 49598
186.84.88.213 - - [28/Jul/2020:00:39:00 -0500] "POST /sipse/faces/presentacion/financiero/solicitudProceso/consultarSolicitudProceso.xhtml HTTP/1.1" 200 91010
66.249.79.107 - - [28/Jul/2020:00:39:08 -0500] "GET /BLA/resoluciones/RESOLUCIONES%202009/6070.pdf HTTP/1.1" 200 113494
186.84.232.207 - - [28/Jul/2020:00:39:11 -0500] "POST /sipse/faces/presentacion/financiero/solicitudProceso/listarSolicitudProceso.xhtml HTTP/1.1" 302 -
186.84.232.207 - - [28/Jul/2020:00:39:11 -0500] "GET /sipse/faces/autenticacion.xhtml HTTP/1.1" 200 1099
186.84.232.207 - - [28/Jul/2020:00:39:11 -0500] "POST /sipse/faces/presentacion/financiero/solicitudProceso/listarSolicitudProceso.xhtml HTTP/1.1" 302 -
186.84.232.207 - - [28/Jul/2020:00:39:11 -0500] "GET /sipse/faces/autenticacion.xhtml HTTP/1.1" 200 1099
186.84.232.207 - - [28/Jul/2020:00:39:11 -0500] "POST /sipse/faces/presentacion/financiero/solicitudProceso/listarSolicitudProceso.xhtml HTTP/1.1" 302 -
186.84.232.207 - - [28/Jul/2020:00:39:11 -0500] "GET /sipse/faces/autenticacion.xhtml HTTP/1.1" 200 1099
186.84.232.207 - - [28/Jul/2020:00:39:11 -0500] "POST /sipse/faces/presentacion/financiero/solicitudProceso/listarSolicitudProceso.xhtml HTTP/1.1" 302 -
186.84.232.207 - - [28/Jul/2020:00:39:11 -0500] "GET /sipse/faces/autenticacion.xhtml HTTP/1.1" 200 1099
186.84.232.207 - - [28/Jul/2020:00:39:11 -0500] "POST /sipse/faces/presentacion/financiero/solicitudProceso/listarSolicitudProceso.xhtml HTTP/1.1" 302 -
186.84.232.207 - - [28/Jul/2020:00:39:11 -0500] "GET /sipse/faces/autenticacion.xhtml HTTP/1.1" 200 1099
186.84.232.207 - - [28/Jul/2020:00:39:11 -0500] "POST /sipse/faces/presentacion/financiero/solicitudProceso/listarSolicitudProceso.xhtml HTTP/1.1" 302 -
186.84.232.207 - - [28/Jul/2020:00:39:11 -0500] "GET /sipse/faces/autenticacion.xhtml HTTP/1.1" 200 1099
66.249.79.107 - - [28/Jul/2020:00:39:16 -0500] "GET /BLA/resoluciones/RESOLUCIONES%202008/4663.pdf HTTP/1.1" 200 503415
186.155.18.73 - - [28/Jul/2020:00:39:17 -0500] "GET /galeria/galeria/jquery.fancybox.css?v=2.1.5 HTTP/1.1" 200 4895
186.155.18.73 - - [28/Jul/2020:00:39:17 -0500] "GET /BLA/boletinlegal/js/jquery.scrollShow.js HTTP/1.1" 200 4586
186.155.18.73 - - [28/Jul/2020:00:39:17 -0500] "GET /galeria/galeria/jquery.fancybox.js?v=2.1.5 HTTP/1.1" 200 48706
186.84.232.207 - - [28/Jul/2020:00:39:22 -0500] "POST /sipse/faces/presentacion/financiero/solicitudProceso/listarSolicitudProceso.xhtml HTTP/1.1" 302 -
186.84.232.207 - - [28/Jul/2020:00:39:22 -0500] "GET /sipse/faces/autenticacion.xhtml HTTP/1.1" 200 1099
186.84.232.207 - - [28/Jul/2020:00:39:22 -0500] "POST /sipse/faces/presentacion/financiero/solicitudProceso/listarSolicitudProceso.xhtml HTTP/1.1" 302 -
186.84.232.207 - - [28/Jul/2020:00:39:22 -0500] "GET /sipse/faces/autenticacion.xhtml HTTP/1.1" 200 1099
186.84.232.207 - - [28/Jul/2020:00:39:22 -0500] "POST /sipse/faces/presentacion/financiero/solicitudProceso/listarSolicitudProceso.xhtml HTTP/1.1" 302 -
186.84.232.207 - - [28/Jul/2020:00:39:22 -0500] "GET /sipse/faces/autenticacion.xhtml HTTP/1.1" 200 1099
186.84.232.207 - - [28/Jul/2020:00:39:22 -0500] "POST /sipse/faces/presentacion/financiero/solicitudProceso/listarSolicitudProceso.xhtml HTTP/1.1" 302 -
186.84.232.207 - - [28/Jul/2020:00:39:22 -0500] "GET /sipse/faces/autenticacion.xhtml HTTP/1.1" 200 1099
186.84.232.207 - - [28/Jul/2020:00:39:22 -0500] "POST /sipse/faces/presentacion/financiero/solicitudProceso/listarSolicitudProceso.xhtml HTTP/1.1" 302 -
186.84.232.207 - - [28/Jul/2020:00:39:22 -0500] "GET /sipse/faces/autenticacion.xhtml HTTP/1.1" 200 1099
186.84.232.207 - - [28/Jul/2020:00:39:22 -0500] "POST /sipse/faces/presentacion/financiero/solicitudProceso/listarSolicitudProceso.xhtml HTTP/1.1" 302 -
186.84.232.207 - - [28/Jul/2020:00:39:22 -0500] "GET /sipse/faces/autenticacion.xhtml HTTP/1.1" 200 1099
186.84.232.207 - - [28/Jul/2020:00:39:23 -0500] "POST /sipse/faces/presentacion/financiero/solicitudProceso/listarSolicitudProceso.xhtml HTTP/1.1" 302 -
186.84.232.207 - - [28/Jul/2020:00:39:23 -0500] "GET /sipse/faces/autenticacion.xhtml HTTP/1.1" 200 1099
186.84.232.207 - - [28/Jul/2020:00:39:23 -0500] "POST /sipse/faces/presentacion/financiero/solicitudProceso/listarSolicitudProceso.xhtml HTTP/1.1" 302 -
186.84.232.207 - - [28/Jul/2020:00:39:23 -0500] "GET /sipse/faces/autenticacion.xhtml HTTP/1.1" 200 1099
186.84.232.207 - - [28/Jul/2020:00:39:23 -0500] "POST /sipse/faces/presentacion/financiero/solicitudProceso/listarSolicitudProceso.xhtml HTTP/1.1" 302 -
186.84.232.207 - - [28/Jul/2020:00:39:23 -0500] "GET /sipse/faces/autenticacion.xhtml HTTP/1.1" 200 1099
186.84.232.207 - - [28/Jul/2020:00:39:23 -0500] "POST /sipse/faces/presentacion/financiero/solicitudProceso/listarSolicitudProceso.xhtml HTTP/1.1" 302 -
186.84.232.207 - - [28/Jul/2020:00:39:23 -0500] "GET /sipse/faces/autenticacion.xhtml HTTP/1.1" 200 1099
186.84.232.207 - - [28/Jul/2020:00:39:23 -0500] "POST /sipse/faces/presentacion/financiero/solicitudProceso/listarSolicitudProceso.xhtml HTTP/1.1" 302 -
186.84.232.207 - - [28/Jul/2020:00:39:23 -0500] "GET /sipse/faces/autenticacion.xhtml HTTP/1.1" 200 1099
186.84.232.207 - - [28/Jul/2020:00:39:23 -0500] "POST /sipse/faces/presentacion/financiero/solicitudProceso/listarSolicitudProceso.xhtml HTTP/1.1" 302 -
186.84.232.207 - - [28/Jul/2020:00:39:23 -0500] "GET /sipse/faces/autenticacion.xhtml HTTP/1.1" 200 1099
66.249.79.107 - - [28/Jul/2020:00:39:25 -0500] "GET /BLA/resoluciones/RESOLUCIONES%202009/6267.pdf HTTP/1.1" 200 434969
66.249.79.107 - - [28/Jul/2020:00:39:34 -0500] "GET /BLA/resoluciones/RESOLUCIONES%202009/8597.pdf HTTP/1.1" 200 527183
66.249.79.109 - - [28/Jul/2020:00:39:43 -0500] "GET /BLA/resoluciones/RESOLUCIONES%202012/0887.pdf HTTP/1.1" 200 481726
66.249.79.107 - - [28/Jul/2020:00:39:51 -0500] "GET /BLA/resoluciones/RESOLUCIONES%202009/7522.pdf HTTP/1.1" 200 528357
66.249.79.107 - - [28/Jul/2020:00:39:59 -0500] "GET /BLA/resoluciones/RESOLUCIONES%202009/8763.pdf HTTP/1.1" 200 45304
66.249.79.107 - - [28/Jul/2020:00:40:07 -0500] "GET /BLA/resoluciones/RESOLUCIONES%202009/2585.pdf HTTP/1.1" 200 172097
66.249.79.107 - - [28/Jul/2020:00:40:14 -0500] "GET /BLA/resoluciones/RESOLUCIONES%202009/1519.pdf HTTP/1.1" 200 456404
66.249.79.107 - - [28/Jul/2020:00:40:24 -0500] "GET /BLA/resoluciones/RESOLUCIONES%202008/4023.pdf HTTP/1.1" 200 361395
66.249.79.109 - - [28/Jul/2020:00:40:33 -0500] "GET /BLA/resoluciones/RESOLUCIONES%202010/5720.pdf HTTP/1.1" 200 146366
66.249.79.107 - - [28/Jul/2020:00:40:41 -0500] "GET /BLA/resoluciones/RESOLUCIONES%202008/1659.pdf HTTP/1.1" 200 68967
66.249.79.107 - - [28/Jul/2020:00:40:57 -0500] "GET /BLA/resoluciones/RESOLUCIONES%202009/4395.pdf HTTP/1.1" 200 351765
66.249.79.109 - - [28/Jul/2020:00:41:04 -0500] "GET /BLA/resoluciones/RESOLUCIONES%202008/1715.pdf HTTP/1.1" 200 249204
66.249.79.107 - - [28/Jul/2020:00:41:20 -0500] "GET /BLA/resoluciones/RESOLUCIONES%202008/4157.pdf HTTP/1.1" 200 554645
66.249.79.107 - - [28/Jul/2020:00:41:28 -0500] "GET /BLA/resoluciones/RESOLUCIONES%202008/1453.pdf HTTP/1.1" 200 298070
69.162.124.227 - - [28/Jul/2020:00:41:35 -0500] "HEAD / HTTP/1.1" 200 -
66.249.79.107 - - [28/Jul/2020:00:41:36 -0500] "GET /BLA/resoluciones/AUTOS%202007/1551.pdf HTTP/1.1" 200 31099
186.84.232.207 - - [28/Jul/2020:00:41:40 -0500] "GET /sipse/faces/index.xhtml HTTP/1.1" 200 677
186.84.232.207 - - [28/Jul/2020:00:41:41 -0500] "GET /sipse/faces/javax.faces.resource/theme.css?ln=primefaces-sipse HTTP/1.1" 304 -
186.84.232.207 - - [28/Jul/2020:00:41:41 -0500] "GET /sipse/faces/faces/autenticacion.xhtml HTTP/1.1" 200 12170
186.84.232.207 - - [28/Jul/2020:00:41:42 -0500] "GET /sipse/faces/javax.faces.resource/theme.css?ln=primefaces-sipse HTTP/1.1" 304 -
186.84.232.207 - - [28/Jul/2020:00:41:42 -0500] "GET /sipse/css/custom_css_sg_prime_login.css HTTP/1.1" 200 443
186.84.232.207 - - [28/Jul/2020:00:41:42 -0500] "GET /sipse/faces/javax.faces.resource/primefaces.css?ln=primefaces&v=4.0 HTTP/1.1" 304 -
186.84.232.207 - - [28/Jul/2020:00:41:42 -0500] "GET /sipse/faces/javax.faces.resource/primefaces.js?ln=primefaces&v=4.0 HTTP/1.1" 304 -
186.84.232.207 - - [28/Jul/2020:00:41:42 -0500] "GET /sipse/faces/javax.faces.resource/jquery/jquery.js?ln=primefaces&v=4.0 HTTP/1.1" 304 -
186.84.232.207 - - [28/Jul/2020:00:41:42 -0500] "GET /sipse/faces/javax.faces.resource/layout/layout.css?ln=primefaces&v=4.0 HTTP/1.1" 304 -
186.84.232.207 - - [28/Jul/2020:00:41:42 -0500] "GET /sipse/faces/javax.faces.resource/jquery/jquery-plugins.js?ln=primefaces&v=4.0 HTTP/1.1" 304 -
186.84.232.207 - - [28/Jul/2020:00:41:42 -0500] "GET /sipse/faces/javax.faces.resource/layout/layout.js?ln=primefaces&v=4.0 HTTP/1.1" 304 -
186.84.232.207 - - [28/Jul/2020:00:41:42 -0500] "GET /sipse/faces/javax.faces.resource/images/ui-icons_898989_256x240.png?ln=primefaces-aristo HTTP/1.1" 304 -
186.84.232.207 - - [28/Jul/2020:00:41:42 -0500] "GET /sipse/css/imagen/loginimg.png HTTP/1.1" 200 71635
186.84.232.207 - - [28/Jul/2020:00:41:42 -0500] "GET /sipse/css/imagen/logoSDG.png HTTP/1.1" 200 53064
66.249.79.107 - - [28/Jul/2020:00:41:44 -0500] "GET /BLA/resoluciones/RESOLUCIONES%202009/2691.pdf HTTP/1.1" 200 983537
66.249.79.109 - - [28/Jul/2020:00:41:55 -0500] "GET /BLA/resoluciones/AUTOS%202007/3345.pdf HTTP/1.1" 200 104180
66.249.79.107 - - [28/Jul/2020:00:42:03 -0500] "GET /BLA/resoluciones/RESOLUCIONES%202009/0054.pdf HTTP/1.1" 200 67909
66.249.79.107 - - [28/Jul/2020:00:42:11 -0500] "GET /BLA/resoluciones/RESOLUCIONES%202009/2103.pdf HTTP/1.1" 200 466805
66.249.79.107 - - [28/Jul/2020:00:42:20 -0500] "GET /BLA/resoluciones/AUTOS%202010/6878.pdf HTTP/1.1" 200 172953
186.84.232.207 - - [28/Jul/2020:00:42:24 -0500] "POST /sipse/faces/autenticacion.xhtml HTTP/1.1" 200 2216
186.84.232.207 - - [28/Jul/2020:00:42:24 -0500] "GET /sipse/faces/javax.faces.resource/messages/messages.png?ln=primefaces&v=4.0 HTTP/1.1" 304 -
186.84.232.207 - - [28/Jul/2020:00:42:26 -0500] "POST /sipse/faces/autenticacion.xhtml HTTP/1.1" 200 16052
186.84.232.207 - - [28/Jul/2020:00:42:26 -0500] "GET /sipse/faces/javax.faces.resource/theme.css?ln=primefaces-sipse HTTP/1.1" 304 -
186.84.232.207 - - [28/Jul/2020:00:42:26 -0500] "GET /sipse/faces/javax.faces.resource/primefaces.css?ln=primefaces&v=4.0 HTTP/1.1" 304 -
186.84.232.207 - - [28/Jul/2020:00:42:26 -0500] "GET /sipse/faces/javax.faces.resource/layout/layout.css?ln=primefaces&v=4.0 HTTP/1.1" 304 -
186.84.232.207 - - [28/Jul/2020:00:42:27 -0500] "GET /sipse/faces/javax.faces.resource/jquery/jquery.js?ln=primefaces&v=4.0 HTTP/1.1" 304 -
186.84.232.207 - - [28/Jul/2020:00:42:27 -0500] "GET /sipse/faces/javax.faces.resource/jquery/jquery-plugins.js?ln=primefaces&v=4.0 HTTP/1.1" 304 -
186.84.232.207 - - [28/Jul/2020:00:42:27 -0500] "GET /sipse/faces/javax.faces.resource/primefaces.js?ln=primefaces&v=4.0 HTTP/1.1" 304 -
186.84.232.207 - - [28/Jul/2020:00:42:27 -0500] "GET /sipse/faces/javax.faces.resource/layout/layout.js?ln=primefaces&v=4.0 HTTP/1.1" 304 -
186.84.232.207 - - [28/Jul/2020:00:42:27 -0500] "GET /sipse/css/imagen/contrasena.png HTTP/1.1" 404 383
186.84.232.207 - - [28/Jul/2020:00:42:27 -0500] "GET /sipse/imagenes/cargando.gif HTTP/1.1" 200 36959
186.84.232.207 - - [28/Jul/2020:00:42:27 -0500] "GET /sipse/imagenes/logoAplicacion.jpg HTTP/1.1" 200 155084
66.249.79.109 - - [28/Jul/2020:00:42:28 -0500] "GET /BLA/resoluciones/RESOLUCIONES%202009/7210.pdf HTTP/1.1" 200 2022049
66.249.79.107 - - [28/Jul/2020:00:42:35 -0500] "GET /BLA/resoluciones/RESOLUCIONES%202008/5229.pdf HTTP/1.1" 200 337319
66.249.79.107 - - [28/Jul/2020:00:42:44 -0500] "GET /BLA/resoluciones/RESOLUCIONES%202010/0223.pdf HTTP/1.1" 200 276112
186.84.232.207 - - [28/Jul/2020:00:42:44 -0500] "POST /sipse/faces/bienvenido.xhtml HTTP/1.1" 200 6185
186.84.232.207 - - [28/Jul/2020:00:42:45 -0500] "GET /sipse/faces/javax.faces.resource/images/ui-bg_flat_0_2d5972_40x100.png?ln=primefaces-aristo HTTP/1.1" 304 -
186.84.232.207 - - [28/Jul/2020:00:42:47 -0500] "POST /sipse/faces/bienvenido.xhtml HTTP/1.1" 200 29963
186.84.232.207 - - [28/Jul/2020:00:42:47 -0500] "GET /sipse/faces/javax.faces.resource/theme.css?ln=primefaces-sipse HTTP/1.1" 304 -
186.84.232.207 - - [28/Jul/2020:00:42:47 -0500] "GET /sipse/faces/javax.faces.resource/primefaces.css?ln=primefaces&v=4.0 HTTP/1.1" 304 -
186.84.232.207 - - [28/Jul/2020:00:42:47 -0500] "GET /sipse/faces/javax.faces.resource/layout/layout.css?ln=primefaces&v=4.0 HTTP/1.1" 304 -
186.84.232.207 - - [28/Jul/2020:00:42:47 -0500] "GET /sipse/faces/javax.faces.resource/jquery/jquery.js?ln=primefaces&v=4.0 HTTP/1.1" 304 -
186.84.232.207 - - [28/Jul/2020:00:42:47 -0500] "GET /sipse/faces/javax.faces.resource/jquery/jquery-plugins.js?ln=primefaces&v=4.0 HTTP/1.1" 304 -
186.84.232.207 - - [28/Jul/2020:00:42:47 -0500] "GET /sipse/faces/javax.faces.resource/primefaces.js?ln=primefaces&v=4.0 HTTP/1.1" 304 -
186.84.232.207 - - [28/Jul/2020:00:42:47 -0500] "GET /sipse/faces/javax.faces.resource/layout/layout.js?ln=primefaces&v=4.0 HTTP/1.1" 304 -
186.84.232.207 - - [28/Jul/2020:00:42:51 -0500] "POST /sipse/faces/presentacion/sistema/reporte/listarReportes.xhtml HTTP/1.1" 200 23182
186.84.232.207 - - [28/Jul/2020:00:42:51 -0500] "GET /sipse/faces/javax.faces.resource/theme.css?ln=primefaces-sipse HTTP/1.1" 304 -
186.84.232.207 - - [28/Jul/2020:00:42:51 -0500] "GET /sipse/faces/javax.faces.resource/primefaces.css?ln=primefaces&v=4.0 HTTP/1.1" 304 -
186.84.232.207 - - [28/Jul/2020:00:42:51 -0500] "GET /sipse/faces/javax.faces.resource/layout/layout.css?ln=primefaces&v=4.0 HTTP/1.1" 304 -
186.84.232.207 - - [28/Jul/2020:00:42:51 -0500] "GET /sipse/faces/javax.faces.resource/jquery/jquery.js?ln=primefaces&v=4.0 HTTP/1.1" 304 -
186.84.232.207 - - [28/Jul/2020:00:42:51 -0500] "GET /sipse/faces/javax.faces.resource/jquery/jquery-plugins.js?ln=primefaces&v=4.0 HTTP/1.1" 304 -
186.84.232.207 - - [28/Jul/2020:00:42:51 -0500] "GET /sipse/faces/javax.faces.resource/primefaces.js?ln=primefaces&v=4.0 HTTP/1.1" 304 -
186.84.232.207 - - [28/Jul/2020:00:42:51 -0500] "GET /sipse/faces/javax.faces.resource/layout/layout.js?ln=primefaces&v=4.0 HTTP/1.1" 304 -
190.27.245.107 - - [28/Jul/2020:00:42:51 -0500] "GET /reportes_sipse/sdg/ServletReporte?reporte=saldo_actividades_detallado HTTP/1.1" 200 6265
190.27.245.107 - - [28/Jul/2020:00:42:52 -0500] "GET /reportes_sipse/css/estilos.css HTTP/1.1" 200 9135
190.27.245.107 - - [28/Jul/2020:00:42:52 -0500] "GET /reportes_sipse/js/funciones.js HTTP/1.1" 200 4709
190.27.245.107 - - [28/Jul/2020:00:42:52 -0500] "GET /reportes_sipse/js/date-picker.js HTTP/1.1" 200 16768
190.27.245.107 - - [28/Jul/2020:00:42:52 -0500] "GET /reportes_sipse/imagenes/logoAplicacion.jpg HTTP/1.1" 200 26872
190.27.245.107 - - [28/Jul/2020:00:42:52 -0500] "GET /reportes_sipse/imagenes/calendario.gif HTTP/1.1" 200 1387
66.249.79.107 - - [28/Jul/2020:00:42:52 -0500] "GET /BLA/resoluciones/RESOLUCIONES%202013/0185.pdf HTTP/1.1" 200 2066018
190.27.245.107 - - [28/Jul/2020:00:42:53 -0500] "GET /reportes_sipse/imagenes/excel.gif HTTP/1.1" 200 613
190.27.245.107 - - [28/Jul/2020:00:42:53 -0500] "GET /reportes_sipse/imagenes/pdf.gif HTTP/1.1" 200 598
190.27.245.107 - - [28/Jul/2020:00:42:53 -0500] "GET /reportes_sipse/imagenes/fondo.jpg HTTP/1.1" 200 20235
66.249.79.109 - - [28/Jul/2020:00:43:00 -0500] "GET /BLA/resoluciones/RESOLUCIONES%202008/5710.pdf HTTP/1.1" 200 212979
66.249.79.107 - - [28/Jul/2020:00:43:07 -0500] "GET /BLA/resoluciones/AUTOS%202013/0856.pdf HTTP/1.1" 200 1605036
190.27.245.107 - - [28/Jul/2020:00:43:09 -0500] "GET /reportes_sipse/imagenes/avanzaMes.gif HTTP/1.1" 200 660
190.27.245.107 - - [28/Jul/2020:00:43:09 -0500] "GET /reportes_sipse/imagenes/avanzaAgno.gif HTTP/1.1" 200 779
190.27.245.107 - - [28/Jul/2020:00:43:09 -0500] "GET /reportes_sipse/imagenes/retrocedeAgno.gif HTTP/1.1" 200 781
190.27.245.107 - - [28/Jul/2020:00:43:09 -0500] "GET /reportes_sipse/imagenes/retrocedeMes.gif HTTP/1.1" 200 459
66.249.79.109 - - [28/Jul/2020:00:43:14 -0500] "GET /BLA/resoluciones/RESOLUCIONES%202009/6878.pdf HTTP/1.1" 200 328048
66.249.79.111 - - [28/Jul/2020:00:43:22 -0500] "GET /BLA/resoluciones/AUTOS%202012/0502.pdf HTTP/1.1" 200 338062
190.27.245.107 - - [28/Jul/2020:00:43:14 -0500] "POST /reportes_sipse/sdg/ServletControlador HTTP/1.1" 200 1728512
66.249.79.111 - - [28/Jul/2020:00:43:29 -0500] "GET /BLA/resoluciones/RESOLUCIONES%202009/7523.pdf HTTP/1.1" 200 538408
186.84.22.0 - - [28/Jul/2020:00:43:31 -0500] "POST /sipse/faces/presentacion/financiero/solicitudProceso/consultarSolicitudProceso.xhtml HTTP/1.1" 200 591611
66.249.79.109 - - [28/Jul/2020:00:43:39 -0500] "GET /BLA/resoluciones/AUTOS%202018/5071.pdf HTTP/1.1" 200 489285
186.84.22.0 - - [28/Jul/2020:00:43:38 -0500] "POST /sipse/faces/presentacion/financiero/solicitudProceso/consultarSolicitudProceso.xhtml HTTP/1.1" 200 2812581
186.84.22.0 - - [28/Jul/2020:00:43:42 -0500] "POST /sipse/faces/presentacion/financiero/solicitudProceso/consultarSolicitudProceso.xhtml HTTP/1.1" 200 110176
186.84.22.0 - - [28/Jul/2020:00:43:43 -0500] "POST /sipse/faces/presentacion/financiero/solicitudProceso/consultarSolicitudProceso.xhtml HTTP/1.1" 200 51044
66.249.79.111 - - [28/Jul/2020:00:43:46 -0500] "GET /BLA/resoluciones/RESOLUCIONES%202009/4637.pdf HTTP/1.1" 200 643385
186.84.89.132 - - [28/Jul/2020:00:43:53 -0500] "-" 408 -
66.249.79.107 - - [28/Jul/2020:00:43:53 -0500] "GET /BLA/resoluciones/RESOLUCIONES%202019/0210.pdf HTTP/1.1" 200 217006
66.249.79.107 - - [28/Jul/2020:00:44:00 -0500] "GET /BLA/resoluciones/RESOLUCIONES%202009/4582.pdf HTTP/1.1" 200 639739
66.249.79.107 - - [28/Jul/2020:00:44:10 -0500] "GET /portalsiaccapacitaciones/Listas%20de%20Asistencia%202017/Lista%20Asistencia%20Cambio%20Clim%C3%A1tico%20%2001%2009%202017.pdf HTTP/1.1" 200 1822150
66.249.79.107 - - [28/Jul/2020:00:44:18 -0500] "GET /BLA/resoluciones/RESOLUCIONES%202010/4117.pdf HTTP/1.1" 200 758147
66.249.79.109 - - [28/Jul/2020:00:44:24 -0500] "GET /BLA/resoluciones/RESOLUCIONES%202008/5111.pdf HTTP/1.1" 200 451787
186.84.22.0 - - [28/Jul/2020:00:44:28 -0500] "POST /sipse/faces/presentacion/financiero/solicitudProceso/consultarSolicitudProceso.xhtml HTTP/1.1" 200 110176
66.249.79.109 - - [28/Jul/2020:00:44:31 -0500] "GET /BLA/resoluciones/RESOLUCIONES%202008/1522.pdf HTTP/1.1" 200 324675
186.84.22.0 - - [28/Jul/2020:00:44:38 -0500] "POST /sipse/faces/presentacion/financiero/solicitudProceso/consultarSolicitudProceso.xhtml HTTP/1.1" 200 51044
66.249.79.113 - - [28/Jul/2020:00:44:40 -0500] "GET /BLA/resoluciones/RESOLUCIONES%202009/0245.pdf HTTP/1.1" 200 563534
66.249.79.113 - - [28/Jul/2020:00:44:47 -0500] "GET /BLA/resoluciones/RESOLUCIONES%202008/3580.pdf HTTP/1.1" 200 281775
66.249.79.107 - - [28/Jul/2020:00:44:56 -0500] "GET /BLA/resoluciones/RESOLUCIONES%202009/9369.pdf HTTP/1.1" 200 537453
66.249.79.107 - - [28/Jul/2020:00:45:03 -0500] "GET /BLA/resoluciones/RESOLUCIONES%202009/6220.pdf HTTP/1.1" 200 1014679
66.249.79.107 - - [28/Jul/2020:00:45:13 -0500] "GET /BLA/resoluciones/RESOLUCIONES%202009/2119.pdf HTTP/1.1" 200 558517
186.84.22.0 - - [28/Jul/2020:00:45:18 -0500] "POST /sipse/faces/presentacion/financiero/solicitudProceso/consultarSolicitudProceso.xhtml HTTP/1.1" 200 78420
186.84.22.0 - - [28/Jul/2020:00:45:20 -0500] "POST /sipse/faces/presentacion/financiero/solicitudProceso/consultarSolicitudProceso.xhtml HTTP/1.1" 200 662231
66.249.79.107 - - [28/Jul/2020:00:45:23 -0500] "GET /BLA/resoluciones/RESOLUCIONES%202009/1209.pdf HTTP/1.1" 200 419196
181.58.225.99 - - [28/Jul/2020:00:45:30 -0500] "GET /galeria/galeria/jquery.fancybox.css?v=2.1.5 HTTP/1.1" 200 4895
181.58.225.99 - - [28/Jul/2020:00:45:30 -0500] "GET /BLA/boletinlegal/js/jquery.scrollShow.js HTTP/1.1" 200 4586
181.58.225.99 - - [28/Jul/2020:00:45:31 -0500] "GET /galeria/galeria/jquery.fancybox.js?v=2.1.5 HTTP/1.1" 200 48706
66.249.79.109 - - [28/Jul/2020:00:45:32 -0500] "GET /BLA/resoluciones/RESOLUCIONES%202013/2057.pdf HTTP/1.1" 200 415095
66.249.79.111 - - [28/Jul/2020:00:45:40 -0500] "GET /BLA/resoluciones/RESOLUCIONES%202008/5074.pdf HTTP/1.1" 200 241706
66.249.79.111 - - [28/Jul/2020:00:45:47 -0500] "GET /BLA/resoluciones/RESOLUCIONES%202009/3743.pdf HTTP/1.1" 200 423816
190.27.245.107 - - [28/Jul/2020:00:45:52 -0500] "POST /reportes_sipse/sdg/ServletControlador HTTP/1.1" 200 204800
66.249.79.111 - - [28/Jul/2020:00:45:56 -0500] "GET /BLA/resoluciones/RESOLUCIONES%202008/5411.pdf HTTP/1.1" 200 687552
186.31.212.187 - - [28/Jul/2020:00:46:05 -0500] "GET /galeria/galeria/jquery.fancybox.css?v=2.1.5 HTTP/1.1" 200 4895
186.31.212.187 - - [28/Jul/2020:00:46:05 -0500] "GET /BLA/boletinlegal/js/jquery.scrollShow.js HTTP/1.1" 200 4586
186.31.212.187 - - [28/Jul/2020:00:46:05 -0500] "GET /galeria/galeria/jquery.fancybox.js?v=2.1.5 HTTP/1.1" 200 48706
66.249.79.109 - - [28/Jul/2020:00:46:06 -0500] "GET /BLA/resoluciones/RESOLUCIONES%202009/2731.pdf HTTP/1.1" 200 769836
181.55.227.130 - - [28/Jul/2020:00:46:08 -0500] "-" 408 -
66.249.79.109 - - [28/Jul/2020:00:46:14 -0500] "GET /BLA/resoluciones/RESOLUCIONES%202009/5431.pdf HTTP/1.1" 200 288361
66.249.79.109 - - [28/Jul/2020:00:46:23 -0500] "GET /BLA/resoluciones/AUTOS%202013/0762.pdf HTTP/1.1" 200 1599862
186.84.232.207 - - [28/Jul/2020:00:46:27 -0500] "POST /sipse/faces/presentacion/sistema/reporte/ventanaVerReporteParametros.xhtml HTTP/1.1" 200 2073
186.84.232.207 - - [28/Jul/2020:00:46:28 -0500] "POST /sipse/faces/presentacion/sistema/reporte/ventanaVerReporteParametros.xhtml HTTP/1.1" 200 44047
186.84.232.207 - - [28/Jul/2020:00:46:28 -0500] "GET /sipse/faces/javax.faces.resource/theme.css?ln=primefaces-sipse HTTP/1.1" 304 -
186.84.232.207 - - [28/Jul/2020:00:46:28 -0500] "GET /sipse/faces/javax.faces.resource/primefaces.css?ln=primefaces&v=4.0 HTTP/1.1" 304 -
186.84.232.207 - - [28/Jul/2020:00:46:28 -0500] "GET /sipse/faces/javax.faces.resource/layout/layout.css?ln=primefaces&v=4.0 HTTP/1.1" 304 -
186.84.232.207 - - [28/Jul/2020:00:46:28 -0500] "GET /sipse/faces/javax.faces.resource/jquery/jquery.js?ln=primefaces&v=4.0 HTTP/1.1" 304 -
186.84.232.207 - - [28/Jul/2020:00:46:28 -0500] "GET /sipse/faces/javax.faces.resource/jquery/jquery-plugins.js?ln=primefaces&v=4.0 HTTP/1.1" 304 -
186.84.232.207 - - [28/Jul/2020:00:46:29 -0500] "GET /sipse/faces/javax.faces.resource/primefaces.js?ln=primefaces&v=4.0 HTTP/1.1" 304 -
186.84.232.207 - - [28/Jul/2020:00:46:29 -0500] "GET /sipse/faces/javax.faces.resource/layout/layout.js?ln=primefaces&v=4.0 HTTP/1.1" 304 -
66.249.79.109 - - [28/Jul/2020:00:46:31 -0500] "GET /BLA/resoluciones/RESOLUCIONES%202009/7738.pdf HTTP/1.1" 200 559256
69.162.124.227 - - [28/Jul/2020:00:46:35 -0500] "HEAD / HTTP/1.1" 200 -
186.84.232.207 - - [28/Jul/2020:00:46:35 -0500] "POST /sipse/faces/presentacion/financiero/solicitudProceso/consultar.xhtml HTTP/1.1" 200 12818
66.249.79.111 - - [28/Jul/2020:00:46:37 -0500] "GET /BLA/resoluciones/RESOLUCIONES%202009/2950.pdf HTTP/1.1" 200 540597
66.249.79.109 - - [28/Jul/2020:00:46:45 -0500] "GET /BLA/resoluciones/RESOLUCIONES%202009/6427.pdf HTTP/1.1" 200 98337
186.84.232.207 - - [28/Jul/2020:00:46:46 -0500] "POST /sipse/faces/presentacion/financiero/solicitudProceso/consultar.xhtml HTTP/1.1" 200 154349
186.84.232.207 - - [28/Jul/2020:00:46:47 -0500] "GET /sipse/faces/javax.faces.resource/theme.css?ln=primefaces-sipse HTTP/1.1" 304 -
186.84.232.207 - - [28/Jul/2020:00:46:47 -0500] "GET /sipse/faces/javax.faces.resource/primefaces.css?ln=primefaces&v=4.0 HTTP/1.1" 304 -
186.84.232.207 - - [28/Jul/2020:00:46:47 -0500] "GET /sipse/faces/javax.faces.resource/layout/layout.css?ln=primefaces&v=4.0 HTTP/1.1" 304 -
186.84.232.207 - - [28/Jul/2020:00:46:47 -0500] "GET /sipse/faces/javax.faces.resource/jquery/jquery.js?ln=primefaces&v=4.0 HTTP/1.1" 304 -
186.84.232.207 - - [28/Jul/2020:00:46:47 -0500] "GET /sipse/faces/javax.faces.resource/jquery/jquery-plugins.js?ln=primefaces&v=4.0 HTTP/1.1" 304 -
186.84.232.207 - - [28/Jul/2020:00:46:47 -0500] "GET /sipse/faces/javax.faces.resource/primefaces.js?ln=primefaces&v=4.0 HTTP/1.1" 304 -
186.84.232.207 - - [28/Jul/2020:00:46:47 -0500] "GET /sipse/faces/javax.faces.resource/layout/layout.js?ln=primefaces&v=4.0 HTTP/1.1" 304 -
190.27.245.107 - - [28/Jul/2020:00:46:48 -0500] "GET /reportes_sipse/sdg/ServletReporte?reporte=solicitud_cdp&Solicitud=10175&pfdrid_c=false HTTP/1.1" 200 93476
66.249.79.109 - - [28/Jul/2020:00:46:50 -0500] "GET /BLA/resoluciones/RESOLUCIONES%202009/3602.pdf HTTP/1.1" 200 54412
186.84.232.207 - - [28/Jul/2020:00:46:55 -0500] "POST /sipse/faces/presentacion/financiero/solicitudProceso/consultarSolicitudProceso.xhtml HTTP/1.1" 200 86980
66.249.79.109 - - [28/Jul/2020:00:46:55 -0500] "GET /BLA/resoluciones/RESOLUCIONES%202008/4351.pdf HTTP/1.1" 200 588953
66.249.79.107 - - [28/Jul/2020:00:47:00 -0500] "GET /BLA/resoluciones/AUTOS%202012/0451.pdf HTTP/1.1" 200 373184
66.249.79.107 - - [28/Jul/2020:00:47:07 -0500] "GET /BLA/resoluciones/RESOLUCIONES%202009/0250.pdf HTTP/1.1" 200 567279
66.249.79.107 - - [28/Jul/2020:00:47:16 -0500] "GET /BLA/resoluciones/AUTOS%202010/6814.pdf HTTP/1.1" 200 135485
66.249.79.107 - - [28/Jul/2020:00:47:24 -0500] "GET /BLA/resoluciones/RESOLUCIONES%202009/3167.pdf HTTP/1.1" 200 474375
66.249.79.107 - - [28/Jul/2020:00:47:34 -0500] "GET /BLA/resoluciones/RESOLUCIONES%202008/2739.pdf HTTP/1.1" 200 255592
66.249.79.109 - - [28/Jul/2020:00:47:42 -0500] "GET /BLA/resoluciones/AUTOS%202007/3807.pdf HTTP/1.1" 200 75644
186.84.88.213 - - [28/Jul/2020:00:47:44 -0500] "GET /sipse/faces/javax.faces.resource/theme.css?ln=primefaces-sipse HTTP/1.1" 304 -
186.84.88.213 - - [28/Jul/2020:00:47:43 -0500] "POST /sipse/faces/presentacion/financiero/solicitudProceso/consultarSolicitudProceso.xhtml HTTP/1.1" 200 38118
186.84.88.213 - - [28/Jul/2020:00:47:44 -0500] "GET /sipse/faces/javax.faces.resource/jquery/jquery-plugins.js?ln=primefaces&v=4.0 HTTP/1.1" 304 -
186.84.88.213 - - [28/Jul/2020:00:47:44 -0500] "GET /sipse/faces/javax.faces.resource/jquery/jquery.js?ln=primefaces&v=4.0 HTTP/1.1" 304 -
186.84.88.213 - - [28/Jul/2020:00:47:44 -0500] "GET /sipse/faces/javax.faces.resource/primefaces.js?ln=primefaces&v=4.0 HTTP/1.1" 304 -
186.84.88.213 - - [28/Jul/2020:00:47:44 -0500] "GET /sipse/faces/javax.faces.resource/primefaces.css?ln=primefaces&v=4.0 HTTP/1.1" 304 -
186.84.88.213 - - [28/Jul/2020:00:47:44 -0500] "GET /sipse/faces/javax.faces.resource/layout/layout.css?ln=primefaces&v=4.0 HTTP/1.1" 304 -
186.84.88.213 - - [28/Jul/2020:00:47:44 -0500] "GET /sipse/faces/javax.faces.resource/layout/layout.js?ln=primefaces&v=4.0 HTTP/1.1" 304 -
186.84.88.213 - - [28/Jul/2020:00:47:45 -0500] "GET /sipse/imagenes/cargando.gif HTTP/1.1" 304 -
186.84.88.213 - - [28/Jul/2020:00:47:45 -0500] "POST /sipse/faces/presentacion/financiero/solicitudProceso/listarSolicitudProceso.xhtml HTTP/1.1" 200 1344
186.84.88.213 - - [28/Jul/2020:00:47:46 -0500] "POST /sipse/faces/presentacion/financiero/solicitudProceso/listarSolicitudProceso.xhtml HTTP/1.1" 200 1344
66.249.79.107 - - [28/Jul/2020:00:47:49 -0500] "GET /BLA/resoluciones/RESOLUCIONES%202009/4098.pdf HTTP/1.1" 200 393436
40.77.167.182 - - [28/Jul/2020:00:47:54 -0500] "-" 408 -
66.249.79.107 - - [28/Jul/2020:00:47:58 -0500] "GET /BLA/resoluciones/RESOLUCIONES%202007/RES%202007%201726%20AL%201800/RESOLUCION%201738%20DE%202007.pdf HTTP/1.1" 200 1108955
186.84.88.213 - - [28/Jul/2020:00:48:02 -0500] "POST /sipse/faces/presentacion/financiero/solicitudProceso/listarSolicitudProceso.xhtml HTTP/1.1" 200 34323
186.84.88.213 - - [28/Jul/2020:00:48:02 -0500] "POST /sipse/faces/presentacion/financiero/solicitudProceso/listarSolicitudProceso.xhtml HTTP/1.1" 200 34299
66.249.79.109 - - [28/Jul/2020:00:48:04 -0500] "GET /BLA/resoluciones/RESOLUCIONES%202009/5557.pdf HTTP/1.1" 200 674561
186.84.88.213 - - [28/Jul/2020:00:48:03 -0500] "POST /sipse/faces/presentacion/financiero/solicitudProceso/listarSolicitudProceso.xhtml HTTP/1.1" 200 34319
186.84.88.213 - - [28/Jul/2020:00:48:05 -0500] "POST /sipse/faces/presentacion/financiero/solicitudProceso/listarSolicitudProceso.xhtml HTTP/1.1" 200 34299
186.84.88.213 - - [28/Jul/2020:00:48:08 -0500] "POST /sipse/faces/presentacion/financiero/solicitudProceso/listarSolicitudProceso.xhtml HTTP/1.1" 200 34319
181.48.255.7 - - [28/Jul/2020:00:48:10 -0500] "GET /galeria/galeria/jquery.fancybox.css?v=2.1.5 HTTP/1.1" 200 4895
181.48.255.7 - - [28/Jul/2020:00:48:10 -0500] "GET /galeria/galeria/jquery.fancybox.js?v=2.1.5 HTTP/1.1" 200 48706
181.48.255.7 - - [28/Jul/2020:00:48:10 -0500] "GET /BLA/boletinlegal/js/jquery.scrollShow.js HTTP/1.1" 200 4586
66.249.79.109 - - [28/Jul/2020:00:48:11 -0500] "GET /BLA/resoluciones/RESOLUCIONES%202009/1743.pdf HTTP/1.1" 200 513868
186.84.88.213 - - [28/Jul/2020:00:48:11 -0500] "POST /sipse/faces/presentacion/financiero/solicitudProceso/listarSolicitudProceso.xhtml HTTP/1.1" 200 33864
186.84.88.213 - - [28/Jul/2020:00:48:14 -0500] "POST /sipse/faces/presentacion/financiero/solicitudProceso/listarSolicitudProceso.xhtml HTTP/1.1" 200 17164
186.84.88.213 - - [28/Jul/2020:00:48:16 -0500] "POST /sipse/faces/presentacion/financiero/solicitudProceso/listarSolicitudProceso.xhtml HTTP/1.1" 200 8768
181.48.255.7 - - [28/Jul/2020:00:48:16 -0500] "GET /galeria/galeria/jquery.fancybox.css?v=2.1.5 HTTP/1.1" 304 -
181.48.255.7 - - [28/Jul/2020:00:48:16 -0500] "GET /galeria/galeria/jquery.fancybox.js?v=2.1.5 HTTP/1.1" 304 -
181.48.255.7 - - [28/Jul/2020:00:48:16 -0500] "GET /BLA/boletinlegal/js/jquery.scrollShow.js HTTP/1.1" 304 -
186.84.88.213 - - [28/Jul/2020:00:48:18 -0500] "POST /sipse/faces/presentacion/financiero/solicitudProceso/listarSolicitudProceso.xhtml HTTP/1.1" 200 125785
186.84.88.213 - - [28/Jul/2020:00:48:19 -0500] "GET /sipse/faces/javax.faces.resource/layout/layout.css?ln=primefaces&v=4.0 HTTP/1.1" 304 -
186.84.88.213 - - [28/Jul/2020:00:48:19 -0500] "GET /sipse/faces/javax.faces.resource/theme.css?ln=primefaces-sipse HTTP/1.1" 304 -
186.84.88.213 - - [28/Jul/2020:00:48:19 -0500] "GET /sipse/faces/javax.faces.resource/primefaces.css?ln=primefaces&v=4.0 HTTP/1.1" 304 -
186.84.88.213 - - [28/Jul/2020:00:48:20 -0500] "GET /sipse/faces/javax.faces.resource/jquery/jquery.js?ln=primefaces&v=4.0 HTTP/1.1" 304 -
186.84.88.213 - - [28/Jul/2020:00:48:20 -0500] "GET /sipse/faces/javax.faces.resource/jquery/jquery-plugins.js?ln=primefaces&v=4.0 HTTP/1.1" 304 -
186.84.88.213 - - [28/Jul/2020:00:48:20 -0500] "GET /sipse/faces/javax.faces.resource/primefaces.js?ln=primefaces&v=4.0 HTTP/1.1" 304 -
186.84.88.213 - - [28/Jul/2020:00:48:20 -0500] "GET /sipse/faces/javax.faces.resource/layout/layout.js?ln=primefaces&v=4.0 HTTP/1.1" 304 -
186.84.88.213 - - [28/Jul/2020:00:48:20 -0500] "POST /sipse/faces/presentacion/financiero/solicitudProceso/consultarSolicitudProceso.xhtml HTTP/1.1" 200 3964
66.249.79.107 - - [28/Jul/2020:00:48:21 -0500] "GET /BLA/resoluciones/RESOLUCIONES%202007/RES%202007%203001%20AL%203100/RESOLUCION%203034%20DE%202007.pdf HTTP/1.1" 200 558546
190.27.245.107 - - [28/Jul/2020:00:48:22 -0500] "GET /reportes_sipse/sdg/ServletReporte?reporte=solicitud_cdp&Solicitud=10175&pfdrid_c=false HTTP/1.1" 200 93476
