190.27.245.107 - - [28/Jul/2020:00:14:20 -0500] "GET /reportes_sipse/sdg/ServletReporte?reporte=solicitud_cdp&Solicitud=10160&pfdrid_c=false HTTP/1.1" 200 93553
66.249.79.107 - - [28/Jul/2020:00:14:23 -0500] "GET /BLA/resoluciones/RESOLUCIONES%202009/2396.pdf HTTP/1.1" 200 424417
186.30.27.254 - - [28/Jul/2020:00:14:35 -0500] "POST /sipse/faces/presentacion/financiero/solicitudProceso/consultarSolicitudProceso.xhtml HTTP/1.1" 200 503973
66.249.79.107 - - [28/Jul/2020:00:14:41 -0500] "GET /BLA/resoluciones/AUTOS%202007/1613.pdf HTTP/1.1" 200 31303
191.91.161.170 - - [28/Jul/2020:00:14:44 -0500] "GET /galeria/galeria/jquery.fancybox.css?v=2.1.5 HTTP/1.1" 200 4895
191.91.161.170 - - [28/Jul/2020:00:14:44 -0500] "GET /BLA/boletinlegal/js/jquery.scrollShow.js HTTP/1.1" 200 4586
191.91.161.170 - - [28/Jul/2020:00:14:44 -0500] "GET /galeria/galeria/jquery.fancybox.js?v=2.1.5 HTTP/1.1" 200 48706
40.77.167.182 - - [28/Jul/2020:00:14:45 -0500] "-" 408 -
66.249.79.109 - - [28/Jul/2020:00:14:57 -0500] "GET /BLA/resoluciones/RESOLUCIONES%202009/8671.pdf HTTP/1.1" 200 118698
190.130.65.187 - - [28/Jul/2020:00:14:58 -0500] "GET /BLA/boletinlegal/js/jquery.scrollShow.js HTTP/1.1" 200 4586
190.130.65.187 - - [28/Jul/2020:00:14:58 -0500] "GET /galeria/galeria/jquery.fancybox.js?v=2.1.5 HTTP/1.1" 200 48706
190.130.65.187 - - [28/Jul/2020:00:14:58 -0500] "GET /galeria/galeria/jquery.fancybox.css?v=2.1.5 HTTP/1.1" 200 4895
190.130.65.187 - - [28/Jul/2020:00:15:00 -0500] "GET /galeria/galeria/jquery.fancybox.css?v=2.1.5 HTTP/1.1" 304 -
190.130.65.187 - - [28/Jul/2020:00:15:00 -0500] "GET /BLA/boletinlegal/js/jquery.scrollShow.js HTTP/1.1" 304 -
190.130.65.187 - - [28/Jul/2020:00:15:00 -0500] "GET /galeria/galeria/jquery.fancybox.js?v=2.1.5 HTTP/1.1" 304 -
40.77.167.182 - - [28/Jul/2020:00:15:09 -0500] "-" 408 -
66.249.79.107 - - [28/Jul/2020:00:15:12 -0500] "GET /BLA/resoluciones/RESOLUCIONES%202009/2941.pdf HTTP/1.1" 200 442181
66.249.79.107 - - [28/Jul/2020:00:15:25 -0500] "GET /BLA/resoluciones/RESOLUCIONES%202008/3376.pdf HTTP/1.1" 200 335887
66.249.79.107 - - [28/Jul/2020:00:15:38 -0500] "GET /BLA/resoluciones/RESOLUCIONES%202008/3415.pdf HTTP/1.1" 200 260803
186.84.88.75 - - [28/Jul/2020:00:15:39 -0500] "GET /BLA/boletinlegal/js/jquery.scrollShow.js HTTP/1.1" 200 4586
186.84.88.75 - - [28/Jul/2020:00:15:39 -0500] "GET /galeria/galeria/jquery.fancybox.js?v=2.1.5 HTTP/1.1" 200 48706
186.84.88.75 - - [28/Jul/2020:00:15:39 -0500] "GET /galeria/galeria/jquery.fancybox.css?v=2.1.5 HTTP/1.1" 200 4895
186.84.88.75 - - [28/Jul/2020:00:15:39 -0500] "GET /galeria/carrusel/Carrusel/jquery.thumbnailScroller.css HTTP/1.1" 200 2066
186.84.88.75 - - [28/Jul/2020:00:15:39 -0500] "GET /galeria/carrusel/Carrusel/jquery-ui-1.8.13.custom.min.js HTTP/1.1" 200 10800
186.115.21.58 - - [28/Jul/2020:00:15:39 -0500] "GET /galeria/galeria/jquery.fancybox.css?v=2.1.5 HTTP/1.1" 200 4895
186.115.21.58 - - [28/Jul/2020:00:15:39 -0500] "GET /BLA/boletinlegal/js/jquery.scrollShow.js HTTP/1.1" 200 4586
186.115.21.58 - - [28/Jul/2020:00:15:39 -0500] "GET /galeria/galeria/jquery.fancybox.js?v=2.1.5 HTTP/1.1" 200 48706
186.84.88.75 - - [28/Jul/2020:00:15:39 -0500] "GET /galeria/carrusel/Carrusel/jquery.thumbnailScroller.js HTTP/1.1" 200 8157
66.249.79.107 - - [28/Jul/2020:00:15:47 -0500] "GET /BLA/resoluciones/RESOLUCIONES%202009/9277.pdf HTTP/1.1" 200 512818
66.249.79.109 - - [28/Jul/2020:00:15:56 -0500] "GET /BLA/resoluciones/RESOLUCIONES%202008/2936.pdf HTTP/1.1" 200 199368
66.249.79.107 - - [28/Jul/2020:00:16:03 -0500] "GET /BLA/resoluciones/AUTOS%202012/0732.pdf HTTP/1.1" 200 159255
66.249.79.107 - - [28/Jul/2020:00:16:10 -0500] "GET /BLA/resoluciones/AUTOS%202010/6899.pdf HTTP/1.1" 200 211808
66.249.79.107 - - [28/Jul/2020:00:16:18 -0500] "GET /BLA/resoluciones/RESOLUCIONES%202009/5571.pdf HTTP/1.1" 200 270433
66.249.79.107 - - [28/Jul/2020:00:16:26 -0500] "GET /BLA/resoluciones/RESOLUCIONES%202008/2124.pdf HTTP/1.1" 200 213376
66.249.79.107 - - [28/Jul/2020:00:16:35 -0500] "GET /siipev/Diseno%20de%20Elementos%20de%20Mobiliario%20Urbano/Otros%20Elementos/PARTE%20B/Dise%C3%83%C2%B1o%20de%20Elementos%20M-142-M146.pdf HTTP/1.1" 404 1018
69.162.124.227 - - [28/Jul/2020:00:16:35 -0500] "HEAD / HTTP/1.1" 200 -
66.249.79.107 - - [28/Jul/2020:00:16:37 -0500] "GET /BLA/resoluciones/AUTOS%202013/0658.pdf HTTP/1.1" 200 1264860
66.249.79.109 - - [28/Jul/2020:00:16:45 -0500] "GET /BLA/resoluciones/AUTOS%202011/6954.pdf HTTP/1.1" 200 189423
66.249.79.107 - - [28/Jul/2020:00:16:52 -0500] "GET /BLA/resoluciones/RESOLUCIONES%202008/4696.pdf HTTP/1.1" 200 326581
66.249.79.107 - - [28/Jul/2020:00:16:59 -0500] "GET /BLA/boletinlegal/notificaciones.php HTTP/1.1" 200 3351
66.249.79.107 - - [28/Jul/2020:00:17:06 -0500] "GET /BLA/boletinlegal/js/jquery.js HTTP/1.1" 200 57254
66.249.79.107 - - [28/Jul/2020:00:17:13 -0500] "GET /BLA/boletinlegal/js/jquery.scrollTo-min.js HTTP/1.1" 200 1150
186.84.22.0 - - [28/Jul/2020:00:17:20 -0500] "POST /sipse/faces/presentacion/financiero/solicitudProceso/consultarSolicitudProceso.xhtml HTTP/1.1" 302 -
186.84.22.0 - - [28/Jul/2020:00:17:20 -0500] "GET /sipse/faces/javax.faces.resource/images/ui-bg_flat_0_2d5972_40x100.png?ln=primefaces-aristo HTTP/1.1" 304 -
186.84.22.0 - - [28/Jul/2020:00:17:20 -0500] "GET /sipse/faces/autenticacion.xhtml HTTP/1.1" 200 1099
66.249.79.107 - - [28/Jul/2020:00:17:21 -0500] "GET /BLA/boletinlegal/styles2.css HTTP/1.1" 200 1838
66.249.79.107 - - [28/Jul/2020:00:17:28 -0500] "GET /BLA/resoluciones/RESOLUCIONES%202008/5147.pdf HTTP/1.1" 200 4764567
66.249.79.111 - - [28/Jul/2020:00:17:35 -0500] "GET /BLA/resoluciones/RESOLUCIONES%202009/6311.pdf HTTP/1.1" 200 386346
131.161.81.130 - - [28/Jul/2020:00:17:36 -0500] "GET /galeria/galeria/jquery.fancybox.css?v=2.1.5 HTTP/1.1" 200 4895
131.161.81.130 - - [28/Jul/2020:00:17:36 -0500] "GET /BLA/boletinlegal/js/jquery.scrollShow.js HTTP/1.1" 200 4586
131.161.81.130 - - [28/Jul/2020:00:17:36 -0500] "GET /galeria/galeria/jquery.fancybox.js?v=2.1.5 HTTP/1.1" 200 48706
186.84.22.0 - - [28/Jul/2020:00:17:36 -0500] "POST /sipse/faces/presentacion/financiero/solicitudProceso/consultarSolicitudProceso.xhtml HTTP/1.1" 302 -
186.84.22.0 - - [28/Jul/2020:00:17:36 -0500] "GET /sipse/faces/autenticacion.xhtml HTTP/1.1" 200 1099
66.249.79.111 - - [28/Jul/2020:00:17:41 -0500] "GET /BLA/resoluciones/RESOLUCIONES%202009/1926.pdf HTTP/1.1" 200 613423
186.84.22.0 - - [28/Jul/2020:00:17:45 -0500] "POST /sipse/faces/presentacion/financiero/solicitudProceso/consultarSolicitudProceso.xhtml HTTP/1.1" 302 -
186.84.22.0 - - [28/Jul/2020:00:17:45 -0500] "GET /sipse/faces/autenticacion.xhtml HTTP/1.1" 200 1099
186.84.22.0 - - [28/Jul/2020:00:17:49 -0500] "POST /sipse/faces/presentacion/financiero/solicitudProceso/consultarSolicitudProceso.xhtml HTTP/1.1" 302 -
186.84.22.0 - - [28/Jul/2020:00:17:49 -0500] "GET /sipse/faces/autenticacion.xhtml HTTP/1.1" 200 1099
66.249.79.107 - - [28/Jul/2020:00:17:51 -0500] "GET /Anexos%20estudio%20Organizacional%20SDA/ANEXO%20No.%202%20-%20EJECUCIONES%20PRESUPUESTALES%202008-2011%20Y%20PRESUPUESTO%202012/Ejecuci%C3%B3n%20presupuestal%202011%20.pdf HTTP/1.1" 200 47380
66.249.79.109 - - [28/Jul/2020:00:17:58 -0500] "GET /BLA/resoluciones/RESOLUCIONES%202008/4133.pdf HTTP/1.1" 200 374204
66.249.79.107 - - [28/Jul/2020:00:18:05 -0500] "GET /BLA/resoluciones/RESOLUCIONES%202009/2717.pdf HTTP/1.1" 200 728246
186.84.22.0 - - [28/Jul/2020:00:18:07 -0500] "POST /sipse/faces/presentacion/financiero/solicitudProceso/consultarSolicitudProceso.xhtml HTTP/1.1" 302 -
186.84.22.0 - - [28/Jul/2020:00:18:07 -0500] "GET /sipse/faces/autenticacion.xhtml HTTP/1.1" 200 1099
66.249.79.107 - - [28/Jul/2020:00:18:15 -0500] "GET /BLA/resoluciones/RESOLUCIONES%202009/1172.pdf HTTP/1.1" 200 1007733
186.84.22.0 - - [28/Jul/2020:00:18:19 -0500] "POST /sipse/faces/presentacion/financiero/solicitudProceso/consultarSolicitudProceso.xhtml HTTP/1.1" 302 -
186.84.22.0 - - [28/Jul/2020:00:18:19 -0500] "GET /sipse/faces/autenticacion.xhtml HTTP/1.1" 200 1099
186.84.22.0 - - [28/Jul/2020:00:18:23 -0500] "POST /sipse/faces/presentacion/financiero/solicitudProceso/consultarSolicitudProceso.xhtml HTTP/1.1" 302 -
186.84.22.0 - - [28/Jul/2020:00:18:23 -0500] "GET /sipse/faces/autenticacion.xhtml HTTP/1.1" 200 1099
66.249.79.107 - - [28/Jul/2020:00:18:25 -0500] "GET /BLA/resoluciones/RESOLUCIONES%202007/RES%202007%203001%20AL%203100/RESOLUCION%203015%20DE%202007.pdf HTTP/1.1" 200 1538621
66.249.79.109 - - [28/Jul/2020:00:18:31 -0500] "GET /BLA/resoluciones/AUTOS%202010/3089.pdf HTTP/1.1" 200 188487
66.249.79.109 - - [28/Jul/2020:00:18:38 -0500] "GET /BLA/resoluciones/RESOLUCIONES%202009/5383.pdf HTTP/1.1" 200 591963
186.84.22.0 - - [28/Jul/2020:00:18:48 -0500] "POST /sipse/faces/presentacion/financiero/solicitudProceso/consultarSolicitudProceso.xhtml HTTP/1.1" 302 -
66.249.79.109 - - [28/Jul/2020:00:18:48 -0500] "GET /BLA/resoluciones/RESOLUCIONES%202009/5252.pdf HTTP/1.1" 200 563893
186.84.22.0 - - [28/Jul/2020:00:18:48 -0500] "GET /sipse/faces/autenticacion.xhtml HTTP/1.1" 200 1099
66.249.79.111 - - [28/Jul/2020:00:18:57 -0500] "GET /BLA/resoluciones/AUTOS%202012/0953.pdf HTTP/1.1" 200 175211
66.249.79.107 - - [28/Jul/2020:00:19:04 -0500] "GET /BLA/resoluciones/RESOLUCIONES%202008/2480.pdf HTTP/1.1" 200 739606
66.249.79.107 - - [28/Jul/2020:00:19:12 -0500] "GET /BLA/resoluciones/RESOLUCIONES%202008/4874.pdf HTTP/1.1" 200 257437
66.249.79.107 - - [28/Jul/2020:00:19:20 -0500] "GET /BLA/resoluciones/RESOLUCIONES%202008/2559.pdf HTTP/1.1" 200 206267
190.27.245.107 - - [28/Jul/2020:00:19:24 -0500] "GET /sipse/ HTTP/1.1" 302 -
186.84.22.0 - - [28/Jul/2020:00:19:24 -0500] "GET /sipse/faces/autenticacion.xhtml HTTP/1.1" 200 12170
186.84.22.0 - - [28/Jul/2020:00:19:24 -0500] "GET /sipse/faces/javax.faces.resource/theme.css?ln=primefaces-sipse HTTP/1.1" 304 -
186.84.22.0 - - [28/Jul/2020:00:19:24 -0500] "GET /sipse/faces/javax.faces.resource/layout/layout.css?ln=primefaces&v=4.0 HTTP/1.1" 304 -
186.84.22.0 - - [28/Jul/2020:00:19:24 -0500] "GET /sipse/faces/javax.faces.resource/primefaces.css?ln=primefaces&v=4.0 HTTP/1.1" 304 -
186.84.22.0 - - [28/Jul/2020:00:19:24 -0500] "GET /sipse/faces/javax.faces.resource/jquery/jquery.js?ln=primefaces&v=4.0 HTTP/1.1" 304 -
186.84.22.0 - - [28/Jul/2020:00:19:24 -0500] "GET /sipse/css/custom_css_sg_prime_login.css HTTP/1.1" 200 443
186.84.22.0 - - [28/Jul/2020:00:19:24 -0500] "GET /sipse/faces/javax.faces.resource/jquery/jquery-plugins.js?ln=primefaces&v=4.0 HTTP/1.1" 304 -
186.84.22.0 - - [28/Jul/2020:00:19:24 -0500] "GET /sipse/faces/javax.faces.resource/primefaces.js?ln=primefaces&v=4.0 HTTP/1.1" 304 -
186.84.22.0 - - [28/Jul/2020:00:19:24 -0500] "GET /sipse/faces/javax.faces.resource/layout/layout.js?ln=primefaces&v=4.0 HTTP/1.1" 304 -
186.84.22.0 - - [28/Jul/2020:00:19:25 -0500] "GET /sipse/faces/javax.faces.resource/images/ui-icons_898989_256x240.png?ln=primefaces-aristo HTTP/1.1" 304 -
186.84.22.0 - - [28/Jul/2020:00:19:25 -0500] "GET /sipse/css/imagen/logoSDG.png HTTP/1.1" 200 53064
186.84.22.0 - - [28/Jul/2020:00:19:25 -0500] "GET /sipse/css/imagen/loginimg.png HTTP/1.1" 200 71635
186.84.22.0 - - [28/Jul/2020:00:19:25 -0500] "GET /sipse/faces/index.xhtml HTTP/1.1" 200 677
186.84.22.0 - - [28/Jul/2020:00:19:25 -0500] "GET /sipse/faces/javax.faces.resource/theme.css?ln=primefaces-sipse HTTP/1.1" 304 -
186.84.22.0 - - [28/Jul/2020:00:19:25 -0500] "GET /sipse/faces/faces/autenticacion.xhtml HTTP/1.1" 200 12170
186.84.22.0 - - [28/Jul/2020:00:19:25 -0500] "GET /sipse/faces/javax.faces.resource/layout/layout.css?ln=primefaces&v=4.0 HTTP/1.1" 304 -
186.84.22.0 - - [28/Jul/2020:00:19:25 -0500] "GET /sipse/faces/javax.faces.resource/theme.css?ln=primefaces-sipse HTTP/1.1" 304 -
186.84.22.0 - - [28/Jul/2020:00:19:25 -0500] "GET /sipse/faces/javax.faces.resource/primefaces.css?ln=primefaces&v=4.0 HTTP/1.1" 304 -
186.84.22.0 - - [28/Jul/2020:00:19:25 -0500] "GET /sipse/faces/javax.faces.resource/jquery/jquery-plugins.js?ln=primefaces&v=4.0 HTTP/1.1" 304 -
186.84.22.0 - - [28/Jul/2020:00:19:25 -0500] "GET /sipse/faces/javax.faces.resource/jquery/jquery.js?ln=primefaces&v=4.0 HTTP/1.1" 304 -
186.84.22.0 - - [28/Jul/2020:00:19:25 -0500] "GET /sipse/faces/javax.faces.resource/primefaces.js?ln=primefaces&v=4.0 HTTP/1.1" 304 -
186.84.22.0 - - [28/Jul/2020:00:19:25 -0500] "GET /sipse/faces/javax.faces.resource/layout/layout.js?ln=primefaces&v=4.0 HTTP/1.1" 304 -
66.249.79.107 - - [28/Jul/2020:00:19:29 -0500] "GET /BLA/resoluciones/AUTOS%202017/2849.pdf HTTP/1.1" 200 628516
186.84.22.0 - - [28/Jul/2020:00:19:34 -0500] "POST /sipse/faces/autenticacion.xhtml HTTP/1.1" 200 15855
186.84.22.0 - - [28/Jul/2020:00:19:34 -0500] "GET /sipse/faces/javax.faces.resource/theme.css?ln=primefaces-sipse HTTP/1.1" 304 -
186.84.22.0 - - [28/Jul/2020:00:19:34 -0500] "GET /sipse/faces/javax.faces.resource/layout/layout.css?ln=primefaces&v=4.0 HTTP/1.1" 304 -
186.84.22.0 - - [28/Jul/2020:00:19:34 -0500] "GET /sipse/faces/javax.faces.resource/primefaces.css?ln=primefaces&v=4.0 HTTP/1.1" 304 -
186.84.22.0 - - [28/Jul/2020:00:19:34 -0500] "GET /sipse/faces/javax.faces.resource/jquery/jquery.js?ln=primefaces&v=4.0 HTTP/1.1" 304 -
186.84.22.0 - - [28/Jul/2020:00:19:35 -0500] "GET /sipse/faces/javax.faces.resource/jquery/jquery-plugins.js?ln=primefaces&v=4.0 HTTP/1.1" 304 -
186.84.22.0 - - [28/Jul/2020:00:19:35 -0500] "GET /sipse/faces/javax.faces.resource/primefaces.js?ln=primefaces&v=4.0 HTTP/1.1" 304 -
186.84.22.0 - - [28/Jul/2020:00:19:35 -0500] "GET /sipse/faces/javax.faces.resource/layout/layout.js?ln=primefaces&v=4.0 HTTP/1.1" 304 -
186.84.22.0 - - [28/Jul/2020:00:19:35 -0500] "GET /sipse/css/imagen/contrasena.png HTTP/1.1" 404 383
186.84.22.0 - - [28/Jul/2020:00:19:35 -0500] "GET /sipse/imagenes/cargando.gif HTTP/1.1" 200 36959
186.84.22.0 - - [28/Jul/2020:00:19:35 -0500] "GET /sipse/faces/javax.faces.resource/messages/messages.png?ln=primefaces&v=4.0 HTTP/1.1" 304 -
186.84.22.0 - - [28/Jul/2020:00:19:35 -0500] "GET /sipse/imagenes/logoAplicacion.jpg HTTP/1.1" 200 155084
186.84.22.0 - - [28/Jul/2020:00:19:36 -0500] "GET /sipse/faces/javax.faces.resource/images/ui-bg_flat_0_2d5972_40x100.png?ln=primefaces-aristo HTTP/1.1" 304 -
186.84.22.0 - - [28/Jul/2020:00:19:36 -0500] "POST /sipse/faces/bienvenido.xhtml HTTP/1.1" 200 8798
186.84.22.0 - - [28/Jul/2020:00:19:38 -0500] "POST /sipse/faces/bienvenido.xhtml HTTP/1.1" 200 1471
66.249.79.109 - - [28/Jul/2020:00:19:38 -0500] "GET /BLA/resoluciones/RESOLUCIONES%202009/6798.pdf HTTP/1.1" 200 733564
186.84.22.0 - - [28/Jul/2020:00:19:38 -0500] "POST /sipse/faces/bienvenido.xhtml HTTP/1.1" 200 53859
186.84.22.0 - - [28/Jul/2020:00:19:39 -0500] "GET /sipse/faces/javax.faces.resource/theme.css?ln=primefaces-sipse HTTP/1.1" 304 -
186.84.22.0 - - [28/Jul/2020:00:19:39 -0500] "GET /sipse/faces/javax.faces.resource/primefaces.css?ln=primefaces&v=4.0 HTTP/1.1" 304 -
186.84.22.0 - - [28/Jul/2020:00:19:39 -0500] "GET /sipse/faces/javax.faces.resource/layout/layout.css?ln=primefaces&v=4.0 HTTP/1.1" 304 -
186.84.22.0 - - [28/Jul/2020:00:19:39 -0500] "GET /sipse/faces/javax.faces.resource/jquery/jquery.js?ln=primefaces&v=4.0 HTTP/1.1" 304 -
186.84.22.0 - - [28/Jul/2020:00:19:39 -0500] "GET /sipse/faces/javax.faces.resource/jquery/jquery-plugins.js?ln=primefaces&v=4.0 HTTP/1.1" 304 -
186.84.22.0 - - [28/Jul/2020:00:19:39 -0500] "GET /sipse/faces/javax.faces.resource/primefaces.js?ln=primefaces&v=4.0 HTTP/1.1" 304 -
186.84.22.0 - - [28/Jul/2020:00:19:39 -0500] "GET /sipse/faces/javax.faces.resource/layout/layout.js?ln=primefaces&v=4.0 HTTP/1.1" 304 -
186.84.22.0 - - [28/Jul/2020:00:19:39 -0500] "POST /sipse/faces/presentacion/financiero/solicitudProceso/listarSolicitudProceso.xhtml HTTP/1.1" 200 1452
186.84.22.0 - - [28/Jul/2020:00:19:42 -0500] "GET /sipse/faces/javax.faces.resource/images/ui-icons_898989_256x240.png?ln=primefaces-aristo HTTP/1.1" 304 -
186.84.22.0 - - [28/Jul/2020:00:19:43 -0500] "POST /sipse/faces/presentacion/financiero/solicitudProceso/listarSolicitudProceso.xhtml HTTP/1.1" 200 140422
186.84.22.0 - - [28/Jul/2020:00:19:43 -0500] "GET /sipse/faces/javax.faces.resource/primefaces.css?ln=primefaces&v=4.0 HTTP/1.1" 304 -
186.84.22.0 - - [28/Jul/2020:00:19:43 -0500] "GET /sipse/faces/javax.faces.resource/theme.css?ln=primefaces-sipse HTTP/1.1" 304 -
186.84.22.0 - - [28/Jul/2020:00:19:43 -0500] "GET /sipse/faces/javax.faces.resource/layout/layout.css?ln=primefaces&v=4.0 HTTP/1.1" 304 -
186.84.22.0 - - [28/Jul/2020:00:19:43 -0500] "GET /sipse/faces/javax.faces.resource/jquery/jquery.js?ln=primefaces&v=4.0 HTTP/1.1" 304 -
186.84.22.0 - - [28/Jul/2020:00:19:44 -0500] "GET /sipse/faces/javax.faces.resource/jquery/jquery-plugins.js?ln=primefaces&v=4.0 HTTP/1.1" 304 -
186.84.22.0 - - [28/Jul/2020:00:19:44 -0500] "GET /sipse/faces/javax.faces.resource/primefaces.js?ln=primefaces&v=4.0 HTTP/1.1" 304 -
186.84.22.0 - - [28/Jul/2020:00:19:44 -0500] "GET /sipse/faces/javax.faces.resource/layout/layout.js?ln=primefaces&v=4.0 HTTP/1.1" 304 -
190.27.245.107 - - [28/Jul/2020:00:19:44 -0500] "GET /reportes_sipse/sdg/ServletReporte?reporte=solicitud_cdp&Solicitud=10160&pfdrid_c=false HTTP/1.1" 200 93553
66.249.79.111 - - [28/Jul/2020:00:19:46 -0500] "GET /BLA/resoluciones/RESOLUCIONES%202008/4016.pdf HTTP/1.1" 200 291619
186.84.22.0 - - [28/Jul/2020:00:19:49 -0500] "POST /sipse/faces/presentacion/financiero/solicitudProceso/consultarSolicitudProceso.xhtml HTTP/1.1" 200 5497
190.27.245.107 - - [28/Jul/2020:00:19:49 -0500] "GET /reportes_sipse/sdg/ServletReporte?reporte=experienia_idoneidad&solicitud=9758&pfdrid_c=false HTTP/1.1" 200 168699
66.249.79.107 - - [28/Jul/2020:00:19:54 -0500] "GET /BLA/resoluciones/RESOLUCIONES%202008/3251.pdf HTTP/1.1" 200 497559
66.249.79.107 - - [28/Jul/2020:00:20:02 -0500] "GET /BLA/resoluciones/RESOLUCIONES%202008/4618.pdf HTTP/1.1" 200 249940
66.249.79.107 - - [28/Jul/2020:00:20:10 -0500] "GET /BLA/resoluciones/RESOLUCIONES%202008/5327.pdf HTTP/1.1" 200 430548
179.51.101.44 - - [28/Jul/2020:00:20:15 -0500] "GET /galeria/galeria/jquery.fancybox.css?v=2.1.5 HTTP/1.1" 200 4895
179.51.101.44 - - [28/Jul/2020:00:20:15 -0500] "GET /BLA/boletinlegal/js/jquery.scrollShow.js HTTP/1.1" 200 4586
179.51.101.44 - - [28/Jul/2020:00:20:15 -0500] "GET /galeria/galeria/jquery.fancybox.js?v=2.1.5 HTTP/1.1" 200 48706
66.249.79.107 - - [28/Jul/2020:00:20:19 -0500] "GET /BLA/resoluciones/RESOLUCIONES%202013/0495.pdf HTTP/1.1" 200 1623153
66.249.79.111 - - [28/Jul/2020:00:20:27 -0500] "GET /BLA/resoluciones/RESOLUCIONES%202009/5822.pdf HTTP/1.1" 200 118170
66.249.79.107 - - [28/Jul/2020:00:20:34 -0500] "GET /BLA/resoluciones/RESOLUCIONES%202008/0450.pdf HTTP/1.1" 200 265177
66.249.79.111 - - [28/Jul/2020:00:20:40 -0500] "GET /BLA/resoluciones/RESOLUCIONES%202008/3683.pdf HTTP/1.1" 200 456787
66.249.79.107 - - [28/Jul/2020:00:20:55 -0500] "GET /BLA/resoluciones/RESOLUCIONES%202008/0483.pdf HTTP/1.1" 200 264917
66.249.79.107 - - [28/Jul/2020:00:21:02 -0500] "GET /BLA/resoluciones/RESOLUCIONES%202009/8195.pdf HTTP/1.1" 200 136912
66.249.79.107 - - [28/Jul/2020:00:21:10 -0500] "GET /BLA/resoluciones/RESOLUCIONES%202009/0628.pdf HTTP/1.1" 200 374789
66.249.79.107 - - [28/Jul/2020:00:21:19 -0500] "GET /BLA/resoluciones/RESOLUCIONES%202008/2529.pdf HTTP/1.1" 200 244708
66.249.79.107 - - [28/Jul/2020:00:21:27 -0500] "GET /BLA/resoluciones/RESOLUCIONES%202009/3208.pdf HTTP/1.1" 200 319799
186.84.88.213 - - [28/Jul/2020:00:21:31 -0500] "POST /sipse/faces/presentacion/financiero/solicitudProceso/consultarSolicitudProceso.xhtml HTTP/1.1" 200 38222
186.84.88.213 - - [28/Jul/2020:00:21:32 -0500] "GET /sipse/faces/javax.faces.resource/theme.css?ln=primefaces-sipse HTTP/1.1" 304 -
186.84.88.213 - - [28/Jul/2020:00:21:32 -0500] "GET /sipse/faces/javax.faces.resource/primefaces.css?ln=primefaces&v=4.0 HTTP/1.1" 304 -
186.84.88.213 - - [28/Jul/2020:00:21:32 -0500] "GET /sipse/faces/javax.faces.resource/layout/layout.js?ln=primefaces&v=4.0 HTTP/1.1" 304 -
186.84.88.213 - - [28/Jul/2020:00:21:32 -0500] "GET /sipse/faces/javax.faces.resource/jquery/jquery.js?ln=primefaces&v=4.0 HTTP/1.1" 304 -
186.84.88.213 - - [28/Jul/2020:00:21:32 -0500] "GET /sipse/faces/javax.faces.resource/jquery/jquery-plugins.js?ln=primefaces&v=4.0 HTTP/1.1" 304 -
186.84.88.213 - - [28/Jul/2020:00:21:32 -0500] "GET /sipse/faces/javax.faces.resource/layout/layout.css?ln=primefaces&v=4.0 HTTP/1.1" 304 -
186.84.88.213 - - [28/Jul/2020:00:21:32 -0500] "GET /sipse/faces/javax.faces.resource/primefaces.js?ln=primefaces&v=4.0 HTTP/1.1" 304 -
186.84.88.213 - - [28/Jul/2020:00:21:33 -0500] "GET /sipse/imagenes/cargando.gif HTTP/1.1" 304 -
186.84.88.213 - - [28/Jul/2020:00:21:34 -0500] "POST /sipse/faces/presentacion/financiero/solicitudProceso/listarSolicitudProceso.xhtml HTTP/1.1" 200 1344
186.84.88.213 - - [28/Jul/2020:00:21:35 -0500] "POST /sipse/faces/presentacion/financiero/solicitudProceso/listarSolicitudProceso.xhtml HTTP/1.1" 200 1344
69.162.124.227 - - [28/Jul/2020:00:21:35 -0500] "HEAD / HTTP/1.1" 200 -
66.249.79.107 - - [28/Jul/2020:00:21:36 -0500] "GET /BLA/resoluciones/RESOLUCIONES%202009/0685.pdf HTTP/1.1" 200 425734
66.249.79.107 - - [28/Jul/2020:00:21:45 -0500] "GET /BLA/resoluciones/AUTOS%202015/3949.pdf HTTP/1.1" 200 439182
186.84.88.213 - - [28/Jul/2020:00:21:49 -0500] "POST /sipse/faces/presentacion/financiero/solicitudProceso/listarSolicitudProceso.xhtml HTTP/1.1" 200 34307
186.84.88.213 - - [28/Jul/2020:00:21:52 -0500] "POST /sipse/faces/presentacion/financiero/solicitudProceso/listarSolicitudProceso.xhtml HTTP/1.1" 200 8935
66.249.79.111 - - [28/Jul/2020:00:21:54 -0500] "GET /BLA/resoluciones/RESOLUCIONES%202008/4971.pdf HTTP/1.1" 200 225183
186.84.88.213 - - [28/Jul/2020:00:21:54 -0500] "POST /sipse/faces/presentacion/financiero/solicitudProceso/listarSolicitudProceso.xhtml HTTP/1.1" 200 126364
186.84.88.213 - - [28/Jul/2020:00:21:58 -0500] "GET /sipse/faces/javax.faces.resource/theme.css?ln=primefaces-sipse HTTP/1.1" 304 -
186.84.88.213 - - [28/Jul/2020:00:21:58 -0500] "GET /sipse/faces/javax.faces.resource/layout/layout.css?ln=primefaces&v=4.0 HTTP/1.1" 304 -
186.84.88.213 - - [28/Jul/2020:00:21:58 -0500] "GET /sipse/faces/javax.faces.resource/primefaces.css?ln=primefaces&v=4.0 HTTP/1.1" 304 -
186.84.88.213 - - [28/Jul/2020:00:21:58 -0500] "GET /sipse/faces/javax.faces.resource/jquery/jquery.js?ln=primefaces&v=4.0 HTTP/1.1" 304 -
186.84.88.213 - - [28/Jul/2020:00:21:59 -0500] "GET /sipse/faces/javax.faces.resource/jquery/jquery-plugins.js?ln=primefaces&v=4.0 HTTP/1.1" 304 -
186.84.88.213 - - [28/Jul/2020:00:21:59 -0500] "GET /sipse/faces/javax.faces.resource/primefaces.js?ln=primefaces&v=4.0 HTTP/1.1" 304 -
186.84.88.213 - - [28/Jul/2020:00:21:59 -0500] "GET /sipse/faces/javax.faces.resource/layout/layout.js?ln=primefaces&v=4.0 HTTP/1.1" 304 -
186.84.88.213 - - [28/Jul/2020:00:22:00 -0500] "POST /sipse/faces/presentacion/financiero/solicitudProceso/consultarSolicitudProceso.xhtml HTTP/1.1" 200 3964
66.249.79.109 - - [28/Jul/2020:00:22:01 -0500] "GET /BLA/resoluciones/RESOLUCIONES%202008/1148.pdf HTTP/1.1" 200 304206
190.27.245.107 - - [28/Jul/2020:00:22:00 -0500] "GET /reportes_sipse/sdg/ServletReporte?reporte=experienia_idoneidad&solicitud=9758&pfdrid_c=false HTTP/1.1" 200 168699
66.249.79.107 - - [28/Jul/2020:00:22:09 -0500] "GET /BLA/resoluciones/RESOLUCIONES%202009/8479.pdf HTTP/1.1" 200 46836
186.84.88.213 - - [28/Jul/2020:00:22:11 -0500] "POST /sipse/faces/presentacion/financiero/solicitudProceso/consultarSolicitudProceso.xhtml HTTP/1.1" 200 5491
190.27.245.107 - - [28/Jul/2020:00:22:12 -0500] "GET /reportes_sipse/sdg/ServletReporte?reporte=solicitud_cdp&Solicitud=10155&pfdrid_c=false HTTP/1.1" 200 93494
66.249.79.107 - - [28/Jul/2020:00:22:16 -0500] "GET /BLA/resoluciones/RESOLUCIONES%202009/0783.pdf HTTP/1.1" 200 326343
66.249.79.107 - - [28/Jul/2020:00:22:25 -0500] "GET /BLA/resoluciones/RESOLUCIONES%202009/7653.pdf HTTP/1.1" 200 518990
66.249.79.107 - - [28/Jul/2020:00:22:34 -0500] "GET /BLA/resoluciones/RESOLUCIONES%202009/0283.pdf HTTP/1.1" 200 1149559
66.249.79.111 - - [28/Jul/2020:00:22:42 -0500] "GET /BLA/resoluciones/RESOLUCIONES%202017/3428.pdf HTTP/1.1" 200 503603
66.249.79.111 - - [28/Jul/2020:00:22:49 -0500] "GET /BLA/resoluciones/RESOLUCIONES%202009/9568.pdf HTTP/1.1" 200 491770
201.245.192.253 - - [28/Jul/2020:00:22:20 -0500] "POST /kwsrmcab/Wsrmcab HTTP/1.1" 200 30956
66.249.79.109 - - [28/Jul/2020:00:22:58 -0500] "GET /BLA/resoluciones/RESOLUCIONES%202008/0572.pdf HTTP/1.1" 200 115308
66.249.79.109 - - [28/Jul/2020:00:23:06 -0500] "GET /BLA/resoluciones/RESOLUCIONES%202009/5997.pdf HTTP/1.1" 200 646558
66.249.79.107 - - [28/Jul/2020:00:23:16 -0500] "GET /BLA/resoluciones/RESOLUCIONES%202008/0681.pdf HTTP/1.1" 200 322037
66.249.79.107 - - [28/Jul/2020:00:23:23 -0500] "GET /BLA/resoluciones/RESOLUCIONES%202009/6491.pdf HTTP/1.1" 200 431013
201.245.192.253 - - [28/Jul/2020:00:22:54 -0500] "POST /kwsrmcab/Wsrmcab HTTP/1.1" 200 29292
181.52.58.143 - - [28/Jul/2020:00:23:27 -0500] "GET /sipse/faces/faces/autenticacion.xhtml HTTP/1.1" 200 12492
181.52.58.143 - - [28/Jul/2020:00:23:29 -0500] "GET /sipse/faces/javax.faces.resource/layout/layout.css;jsessionid=8ztIhAPrqiGc2EfFLNs--xst.undefined?ln=primefaces&v=4.0 HTTP/1.1" 200 542
181.52.58.143 - - [28/Jul/2020:00:23:29 -0500] "GET /sipse/css/custom_css_sg_prime_login.css HTTP/1.1" 200 443
181.52.58.143 - - [28/Jul/2020:00:23:29 -0500] "GET /sipse/faces/javax.faces.resource/theme.css?ln=primefaces-sipse HTTP/1.1" 304 -
181.52.58.143 - - [28/Jul/2020:00:23:29 -0500] "GET /sipse/css/custom_css_sg.css HTTP/1.1" 200 9694
181.52.58.143 - - [28/Jul/2020:00:23:29 -0500] "GET /sipse/faces/javax.faces.resource/primefaces.css;jsessionid=8ztIhAPrqiGc2EfFLNs--xst.undefined?ln=primefaces&v=4.0 HTTP/1.1" 200 53295
181.52.58.143 - - [28/Jul/2020:00:23:29 -0500] "GET /sipse/js/funciones.js HTTP/1.1" 200 12592
181.52.58.143 - - [28/Jul/2020:00:23:29 -0500] "GET /sipse/js/disable_browser_buttons.js HTTP/1.1" 200 3230
181.52.58.143 - - [28/Jul/2020:00:23:29 -0500] "GET /sipse/faces/javax.faces.resource/layout/layout.js;jsessionid=8ztIhAPrqiGc2EfFLNs--xst.undefined?ln=primefaces&v=4.0 HTTP/1.1" 200 87560
181.52.58.143 - - [28/Jul/2020:00:23:29 -0500] "GET /sipse/faces/javax.faces.resource/jquery/jquery.js;jsessionid=8ztIhAPrqiGc2EfFLNs--xst.undefined?ln=primefaces&v=4.0 HTTP/1.1" 200 105384
181.52.58.143 - - [28/Jul/2020:00:23:29 -0500] "GET /sipse/faces/javax.faces.resource/jquery/jquery-plugins.js;jsessionid=8ztIhAPrqiGc2EfFLNs--xst.undefined?ln=primefaces&v=4.0 HTTP/1.1" 200 220526
181.52.58.143 - - [28/Jul/2020:00:23:29 -0500] "GET /sipse/faces/javax.faces.resource/primefaces.js;jsessionid=8ztIhAPrqiGc2EfFLNs--xst.undefined?ln=primefaces&v=4.0 HTTP/1.1" 200 276924
181.52.58.143 - - [28/Jul/2020:00:23:29 -0500] "GET /sipse/css/imagen/logoSDG.png HTTP/1.1" 200 53064
181.52.58.143 - - [28/Jul/2020:00:23:29 -0500] "GET /sipse/faces/javax.faces.resource/images/ui-icons_898989_256x240.png?ln=primefaces-aristo HTTP/1.1" 304 -
181.52.58.143 - - [28/Jul/2020:00:23:29 -0500] "GET /sipse/css/imagen/loginimg.png HTTP/1.1" 200 71635
181.52.58.143 - - [28/Jul/2020:00:23:30 -0500] "GET /sipse/faces/faces/index.xhtml HTTP/1.1" 200 677
181.52.58.143 - - [28/Jul/2020:00:23:30 -0500] "GET /sipse/faces/javax.faces.resource/theme.css?ln=primefaces-sipse HTTP/1.1" 304 -
181.52.58.143 - - [28/Jul/2020:00:23:30 -0500] "GET /sipse/faces/faces/faces/autenticacion.xhtml HTTP/1.1" 200 12170
181.52.58.143 - - [28/Jul/2020:00:23:30 -0500] "GET /sipse/faces/javax.faces.resource/theme.css?ln=primefaces-sipse HTTP/1.1" 304 -
181.52.58.143 - - [28/Jul/2020:00:23:30 -0500] "GET /sipse/faces/javax.faces.resource/primefaces.js?ln=primefaces&v=4.0 HTTP/1.1" 304 -
181.52.58.143 - - [28/Jul/2020:00:23:30 -0500] "GET /sipse/faces/javax.faces.resource/layout/layout.css?ln=primefaces&v=4.0 HTTP/1.1" 304 -
181.52.58.143 - - [28/Jul/2020:00:23:30 -0500] "GET /sipse/faces/javax.faces.resource/primefaces.css?ln=primefaces&v=4.0 HTTP/1.1" 304 -
181.52.58.143 - - [28/Jul/2020:00:23:30 -0500] "GET /sipse/faces/javax.faces.resource/jquery/jquery-plugins.js?ln=primefaces&v=4.0 HTTP/1.1" 304 -
181.52.58.143 - - [28/Jul/2020:00:23:30 -0500] "GET /sipse/faces/javax.faces.resource/jquery/jquery.js?ln=primefaces&v=4.0 HTTP/1.1" 304 -
181.52.58.143 - - [28/Jul/2020:00:23:30 -0500] "GET /sipse/faces/javax.faces.resource/layout/layout.js?ln=primefaces&v=4.0 HTTP/1.1" 304 -
66.249.79.107 - - [28/Jul/2020:00:23:32 -0500] "GET /BLA/resoluciones/RESOLUCIONES%202008/3729.pdf HTTP/1.1" 200 208398
66.249.79.109 - - [28/Jul/2020:00:23:41 -0500] "GET /BLA/resoluciones/AUTOS%202007/1597.pdf HTTP/1.1" 200 46849
66.249.79.109 - - [28/Jul/2020:00:23:48 -0500] "GET /BLA/resoluciones/AUTOS%202015/0271.pdf HTTP/1.1" 200 739854
66.249.79.107 - - [28/Jul/2020:00:23:58 -0500] "GET /BLA/resoluciones/RESOLUCIONES%202009/8664.pdf HTTP/1.1" 200 610507
66.249.79.109 - - [28/Jul/2020:00:24:06 -0500] "GET /BLA/resoluciones/AUTOS%202010/2487.pdf HTTP/1.1" 200 254120
181.52.58.143 - - [28/Jul/2020:00:24:10 -0500] "POST /sipse/faces/autenticacion.xhtml HTTP/1.1" 200 2216
181.52.58.143 - - [28/Jul/2020:00:24:11 -0500] "GET /sipse/faces/javax.faces.resource/messages/messages.png?ln=primefaces&v=4.0 HTTP/1.1" 304 -
66.249.79.107 - - [28/Jul/2020:00:24:14 -0500] "GET /BLA/resoluciones/AUTOS%202012/1820.pdf HTTP/1.1" 200 276015
181.52.58.143 - - [28/Jul/2020:00:24:16 -0500] "GET /sipse/faces/javax.faces.resource/images/ui-icons_898989_256x240.png?ln=primefaces-aristo HTTP/1.1" 304 -
181.52.58.143 - - [28/Jul/2020:00:24:16 -0500] "POST /sipse/faces/autenticacion.xhtml HTTP/1.1" 200 16036
181.52.58.143 - - [28/Jul/2020:00:24:16 -0500] "GET /sipse/css/custom_css_sg_prime.css HTTP/1.1" 200 5201
181.52.58.143 - - [28/Jul/2020:00:24:16 -0500] "GET /sipse/faces/javax.faces.resource/theme.css?ln=primefaces-sipse HTTP/1.1" 304 -
181.52.58.143 - - [28/Jul/2020:00:24:16 -0500] "GET /sipse/faces/javax.faces.resource/primefaces.css?ln=primefaces&v=4.0 HTTP/1.1" 304 -
181.52.58.143 - - [28/Jul/2020:00:24:16 -0500] "GET /sipse/faces/javax.faces.resource/layout/layout.css?ln=primefaces&v=4.0 HTTP/1.1" 304 -
181.52.58.143 - - [28/Jul/2020:00:24:16 -0500] "GET /sipse/js/jquery.min.js HTTP/1.1" 200 85582
181.52.58.143 - - [28/Jul/2020:00:24:17 -0500] "GET /sipse/faces/javax.faces.resource/jquery/jquery.js?ln=primefaces&v=4.0 HTTP/1.1" 304 -
181.52.58.143 - - [28/Jul/2020:00:24:17 -0500] "GET /sipse/faces/javax.faces.resource/jquery/jquery-plugins.js?ln=primefaces&v=4.0 HTTP/1.1" 304 -
181.52.58.143 - - [28/Jul/2020:00:24:17 -0500] "GET /sipse/faces/javax.faces.resource/primefaces.js?ln=primefaces&v=4.0 HTTP/1.1" 304 -
181.52.58.143 - - [28/Jul/2020:00:24:17 -0500] "GET /sipse/faces/javax.faces.resource/layout/layout.js?ln=primefaces&v=4.0 HTTP/1.1" 304 -
181.52.58.143 - - [28/Jul/2020:00:24:17 -0500] "GET /sipse/css/imagen/contrasena.png HTTP/1.1" 404 383
181.52.58.143 - - [28/Jul/2020:00:24:17 -0500] "GET /sipse/imagenes/cargando.gif HTTP/1.1" 200 36959
181.52.58.143 - - [28/Jul/2020:00:24:17 -0500] "GET /sipse/imagenes/logoAplicacion.jpg HTTP/1.1" 200 155084
66.249.79.107 - - [28/Jul/2020:00:24:22 -0500] "GET /BLA/resoluciones/RESOLUCIONES%202008/3734.pdf HTTP/1.1" 200 235179
66.249.79.109 - - [28/Jul/2020:00:24:30 -0500] "GET /BLA/resoluciones/RESOLUCIONES%202012/0972.pdf HTTP/1.1" 200 520890
66.249.79.109 - - [28/Jul/2020:00:24:38 -0500] "GET /BLA/boletinlegal/circulares/2-2012-SDA.pdf HTTP/1.1" 200 113666
66.249.79.107 - - [28/Jul/2020:00:24:46 -0500] "GET /BLA/resoluciones/RESOLUCIONES%202009/1028.pdf HTTP/1.1" 200 202621
66.249.79.107 - - [28/Jul/2020:00:24:53 -0500] "GET /BLA/resoluciones/AUTOS%202012/0459.pdf HTTP/1.1" 200 261179
66.249.79.107 - - [28/Jul/2020:00:25:02 -0500] "GET /BLA/resoluciones/AUTOS%202010/6810.pdf HTTP/1.1" 200 142620
66.249.79.107 - - [28/Jul/2020:00:25:10 -0500] "GET /BLA/resoluciones/RESOLUCIONES%202009/0105.pdf HTTP/1.1" 200 286465
161.18.114.164 - - [28/Jul/2020:00:25:10 -0500] "GET /appsia/controlador HTTP/1.1" 200 4799
161.18.114.164 - - [28/Jul/2020:00:25:10 -0500] "GET /appsia/css/estilos.css HTTP/1.1" 200 4804
161.18.114.164 - - [28/Jul/2020:00:25:10 -0500] "GET /appsia/scripts/validarIngreso.js HTTP/1.1" 200 851
161.18.114.164 - - [28/Jul/2020:00:25:10 -0500] "GET /appsia/images/logo_bogota_p.png HTTP/1.1" 200 14951
161.18.114.164 - - [28/Jul/2020:00:25:10 -0500] "GET /appsia/images/cabezoteHojaVida.png HTTP/1.1" 200 32493
161.18.114.164 - - [28/Jul/2020:00:25:10 -0500] "GET /favicon.ico HTTP/1.1" 200 7782
66.249.79.107 - - [28/Jul/2020:00:25:18 -0500] "GET /BLA/resoluciones/RESOLUCIONES%202008/2851.pdf HTTP/1.1" 200 198974
66.249.79.107 - - [28/Jul/2020:00:25:26 -0500] "GET /BLA/resoluciones/RESOLUCIONES%202009/7583.pdf HTTP/1.1" 200 496879
66.249.79.107 - - [28/Jul/2020:00:25:35 -0500] "GET /siipev/Diseno%20de%20Elementos%20de%20Mobiliario%20Urbano/Otros%20Elementos/PARTE%20B/Dise%C3%83%C2%B1o%20de%20Elementos%20M-82.pdf HTTP/1.1" 404 1018
66.249.79.107 - - [28/Jul/2020:00:25:42 -0500] "GET /BLA/resoluciones/RESOLUCIONES%202009/2586.pdf HTTP/1.1" 200 1051373
66.249.79.111 - - [28/Jul/2020:00:25:49 -0500] "GET /BLA/resoluciones/RESOLUCIONES%202010/1243.pdf HTTP/1.1" 200 115840
66.249.79.109 - - [28/Jul/2020:00:25:56 -0500] "GET /BLA/resoluciones/RESOLUCIONES%202009/6530.pdf HTTP/1.1" 200 435651
66.249.79.109 - - [28/Jul/2020:00:26:03 -0500] "GET /BLA/resoluciones/RESOLUCIONES%202009/4391.pdf HTTP/1.1" 200 593410
181.114.124.201 - - [28/Jul/2020:00:26:07 -0500] "GET /BLA/boletinlegal/js/jquery.scrollShow.js HTTP/1.1" 200 4586
181.114.124.201 - - [28/Jul/2020:00:26:07 -0500] "GET /galeria/galeria/jquery.fancybox.css?v=2.1.5 HTTP/1.1" 200 4895
181.114.124.201 - - [28/Jul/2020:00:26:07 -0500] "GET /galeria/galeria/jquery.fancybox.js?v=2.1.5 HTTP/1.1" 200 48706
66.249.79.107 - - [28/Jul/2020:00:26:12 -0500] "GET /BLA/resoluciones/RESOLUCIONES%202008/1065.pdf HTTP/1.1" 200 511643
66.249.79.107 - - [28/Jul/2020:00:26:19 -0500] "GET /BLA/resoluciones/RESOLUCIONES%202014/3653.pdf HTTP/1.1" 200 1687850
66.249.79.109 - - [28/Jul/2020:00:26:26 -0500] "GET /BLA/resoluciones/RESOLUCIONES%202018/4313.pdf HTTP/1.1" 200 322442
191.95.174.94 - - [28/Jul/2020:00:26:29 -0500] "-" 408 -
181.114.124.201 - - [28/Jul/2020:00:26:31 -0500] "GET /galeria/galeria/jquery.fancybox.css?v=2.1.5 HTTP/1.1" 200 4895
181.114.124.201 - - [28/Jul/2020:00:26:31 -0500] "GET /BLA/boletinlegal/js/jquery.scrollShow.js HTTP/1.1" 200 4586
181.114.124.201 - - [28/Jul/2020:00:26:31 -0500] "GET /galeria/galeria/jquery.fancybox.js?v=2.1.5 HTTP/1.1" 200 48706
66.249.79.111 - - [28/Jul/2020:00:26:33 -0500] "GET /BLA/resoluciones/RESOLUCIONES%202009/5282.pdf HTTP/1.1" 200 539993
69.162.124.227 - - [28/Jul/2020:00:26:35 -0500] "HEAD / HTTP/1.1" 200 -
66.249.79.107 - - [28/Jul/2020:00:26:40 -0500] "GET /BLA/resoluciones/RESOLUCIONES%202008/3656.pdf HTTP/1.1" 200 730428
66.249.79.109 - - [28/Jul/2020:00:26:48 -0500] "GET /BLA/resoluciones/RESOLUCIONES%202009/4413.pdf HTTP/1.1" 200 683266
181.61.216.157 - - [28/Jul/2020:00:26:52 -0500] "-" 408 -
66.249.79.109 - - [28/Jul/2020:00:26:55 -0500] "GET /BLA/resoluciones/AUTOS%202007/3099.pdf HTTP/1.1" 200 194698
66.249.79.109 - - [28/Jul/2020:00:27:03 -0500] "GET /BLA/resoluciones/RESOLUCIONES%202009/9595.pdf HTTP/1.1" 200 408838
66.249.79.107 - - [28/Jul/2020:00:27:12 -0500] "GET /BLA/resoluciones/RESOLUCIONES%202008/1249.pdf HTTP/1.1" 200 1083963
66.249.79.107 - - [28/Jul/2020:00:27:18 -0500] "GET /BLA/resoluciones/AUTOS%202013/0307.pdf HTTP/1.1" 200 1858923
66.249.79.107 - - [28/Jul/2020:00:27:24 -0500] "GET /BLA/resoluciones/AUTOS%202010/6715.pdf HTTP/1.1" 200 209866
66.249.79.111 - - [28/Jul/2020:00:27:29 -0500] "GET /BLA/resoluciones/RESOLUCIONES%202012/0973.pdf HTTP/1.1" 200 506012
66.249.79.107 - - [28/Jul/2020:00:27:36 -0500] "GET /BLA/resoluciones/RESOLUCIONES%202009/3260.pdf HTTP/1.1" 200 657312
181.63.94.46 - - [28/Jul/2020:00:27:38 -0500] "GET /galeria/galeria/jquery.fancybox.css?v=2.1.5 HTTP/1.1" 200 4895
66.249.79.111 - - [28/Jul/2020:00:27:41 -0500] "GET /BLA/resoluciones/RESOLUCIONES%202013/0983.pdf HTTP/1.1" 200 566481
66.249.79.111 - - [28/Jul/2020:00:27:50 -0500] "GET /BLA/resoluciones/RESOLUCIONES%202009/7645.pdf HTTP/1.1" 200 491173
66.249.79.107 - - [28/Jul/2020:00:27:59 -0500] "GET /BLA/resoluciones/RESOLUCIONES%202008/3649.pdf HTTP/1.1" 200 454455
66.249.79.107 - - [28/Jul/2020:00:28:06 -0500] "GET /BLA/resoluciones/RESOLUCIONES%202009/9575.pdf HTTP/1.1" 200 444801
186.84.88.213 - - [28/Jul/2020:00:28:09 -0500] "POST /sipse/faces/presentacion/financiero/solicitudProceso/consultarSolicitudProceso.xhtml HTTP/1.1" 200 92017
66.249.79.107 - - [28/Jul/2020:00:28:15 -0500] "GET /BLA/resoluciones/AUTOS%202010/6710.pdf HTTP/1.1" 200 274755
66.249.79.107 - - [28/Jul/2020:00:28:24 -0500] "GET /BLA/resoluciones/RESOLUCIONES%202009/5078.pdf HTTP/1.1" 200 489381
66.249.79.107 - - [28/Jul/2020:00:28:33 -0500] "GET /BLA/resoluciones/RESOLUCIONES%202009/7999.pdf HTTP/1.1" 200 140824
66.249.79.107 - - [28/Jul/2020:00:28:41 -0500] "GET /BLA/resoluciones/RESOLUCIONES%202012/1469.pdf HTTP/1.1" 200 712740
66.249.79.109 - - [28/Jul/2020:00:28:51 -0500] "GET /BLA/resoluciones/AUTOS%202012/0156.pdf HTTP/1.1" 200 743776
66.249.79.7 - - [28/Jul/2020:00:28:57 -0500] "-" 408 -
66.249.79.107 - - [28/Jul/2020:00:28:58 -0500] "GET /BLA/resoluciones/AUTOS%202010/3861.pdf HTTP/1.1" 200 137399
66.249.79.107 - - [28/Jul/2020:00:29:06 -0500] "GET /BLA/resoluciones/RESOLUCIONES%202009/7115.pdf HTTP/1.1" 200 514707
66.249.79.109 - - [28/Jul/2020:00:29:15 -0500] "GET /BLA/resoluciones/RESOLUCIONES%202008/1728.pdf HTTP/1.1" 200 343215
66.249.79.107 - - [28/Jul/2020:00:29:23 -0500] "GET /BLA/resoluciones/RESOLUCIONES%202009/4225.pdf HTTP/1.1" 200 513213
66.249.79.109 - - [28/Jul/2020:00:29:30 -0500] "GET /BLA/resoluciones/RESOLUCIONES%202008/0851.pdf HTTP/1.1" 200 174669
186.84.22.0 - - [28/Jul/2020:00:29:33 -0500] "POST /sipse/faces/presentacion/financiero/solicitudProceso/consultarSolicitudProceso.xhtml HTTP/1.1" 200 5517
186.84.22.0 - - [28/Jul/2020:00:29:33 -0500] "GET /sipse/faces/javax.faces.resource/dynamiccontent.properties?ln=primefaces&pfdrid=XjOR5%2F%2FfPAZAuY9TpWQeCiM0BhlXxYRBGKi%2FQcXXfeA%3D&pfdrid_c=false HTTP/1.1" 200 126297
66.249.79.107 - - [28/Jul/2020:00:29:38 -0500] "GET /BLA/resoluciones/RESOLUCIONES%202009/0441.pdf HTTP/1.1" 200 205979
66.249.79.109 - - [28/Jul/2020:00:29:47 -0500] "GET /BLA/resoluciones/AUTOS%202014/0700.pdf HTTP/1.1" 200 1215566
66.249.79.111 - - [28/Jul/2020:00:29:54 -0500] "GET /BLA/resoluciones/RESOLUCIONES%202009/0611.pdf HTTP/1.1" 200 306016
66.249.68.33 - - [28/Jul/2020:00:29:59 -0500] "-" 408 -
66.249.79.109 - - [28/Jul/2020:00:30:01 -0500] "GET /BLA/resoluciones/RESOLUCIONES%202009/9448.pdf HTTP/1.1" 200 454769
66.249.79.109 - - [28/Jul/2020:00:30:06 -0500] "GET /BLA/resoluciones/RESOLUCIONES%202009/0316.pdf HTTP/1.1" 200 261855
66.249.79.107 - - [28/Jul/2020:00:30:11 -0500] "GET /BLA/resoluciones/RESOLUCIONES%202009/5064.pdf HTTP/1.1" 200 514486
186.84.22.0 - - [28/Jul/2020:00:30:17 -0500] "POST /sipse/faces/presentacion/financiero/solicitudProceso/consultarSolicitudProceso.xhtml HTTP/1.1" 200 95200
66.249.79.107 - - [28/Jul/2020:00:30:19 -0500] "GET /BLA/resoluciones/RESOLUCIONES%202009/5058.pdf HTTP/1.1" 200 492067
66.249.79.109 - - [28/Jul/2020:00:30:28 -0500] "GET /POT-2013/index.php?dir=expediente%2F HTTP/1.1" 200 1903
186.84.22.0 - - [28/Jul/2020:00:30:33 -0500] "POST /sipse/faces/presentacion/financiero/solicitudProceso/consultarSolicitudProceso.xhtml HTTP/1.1" 200 103737
66.249.79.107 - - [28/Jul/2020:00:30:33 -0500] "GET /POT-2013/dlf/styles.css HTTP/1.1" 200 3045
66.249.79.107 - - [28/Jul/2020:00:30:37 -0500] "GET /BLA/resoluciones/RESOLUCIONES%202009/1056.pdf HTTP/1.1" 200 213497
66.249.79.109 - - [28/Jul/2020:00:30:42 -0500] "GET /BLA/resoluciones/RESOLUCIONES%202009/9161.pdf HTTP/1.1" 200 436823
66.249.79.109 - - [28/Jul/2020:00:30:49 -0500] "GET /BLA/resoluciones/RESOLUCIONES%202008/4596.pdf HTTP/1.1" 200 166837
186.30.27.254 - - [28/Jul/2020:00:30:50 -0500] "POST /sipse/faces/presentacion/financiero/solicitudProceso/consultarSolicitudProceso.xhtml HTTP/1.1" 200 4661
186.84.22.0 - - [28/Jul/2020:00:30:49 -0500] "POST /sipse/faces/presentacion/financiero/solicitudProceso/consultarSolicitudProceso.xhtml HTTP/1.1" 200 51521
186.84.22.0 - - [28/Jul/2020:00:30:51 -0500] "GET /sipse/faces/javax.faces.resource/theme.css?ln=primefaces-sipse HTTP/1.1" 304 -
186.84.22.0 - - [28/Jul/2020:00:30:51 -0500] "GET /sipse/faces/javax.faces.resource/primefaces.css?ln=primefaces&v=4.0 HTTP/1.1" 304 -
186.84.22.0 - - [28/Jul/2020:00:30:51 -0500] "GET /sipse/faces/javax.faces.resource/jquery/jquery.js?ln=primefaces&v=4.0 HTTP/1.1" 304 -
186.84.22.0 - - [28/Jul/2020:00:30:51 -0500] "GET /sipse/faces/javax.faces.resource/layout/layout.css?ln=primefaces&v=4.0 HTTP/1.1" 304 -
186.84.22.0 - - [28/Jul/2020:00:30:51 -0500] "GET /sipse/faces/javax.faces.resource/jquery/jquery-plugins.js?ln=primefaces&v=4.0 HTTP/1.1" 304 -
186.84.22.0 - - [28/Jul/2020:00:30:51 -0500] "GET /sipse/css/imagen/logoSDG.png HTTP/1.1" 304 -
186.84.22.0 - - [28/Jul/2020:00:30:51 -0500] "GET /sipse/css/imagen/contrasena.png HTTP/1.1" 404 383
186.84.22.0 - - [28/Jul/2020:00:30:51 -0500] "GET /sipse/faces/javax.faces.resource/primefaces.js?ln=primefaces&v=4.0 HTTP/1.1" 304 -
186.84.22.0 - - [28/Jul/2020:00:30:51 -0500] "GET /sipse/faces/javax.faces.resource/layout/layout.js?ln=primefaces&v=4.0 HTTP/1.1" 304 -
186.84.22.0 - - [28/Jul/2020:00:30:51 -0500] "POST /sipse/faces/presentacion/financiero/solicitudProceso/listarSolicitudProceso.xhtml HTTP/1.1" 200 1440
186.30.27.254 - - [28/Jul/2020:00:30:51 -0500] "POST /sipse/faces/presentacion/financiero/solicitudProceso/consultarSolicitudProceso.xhtml HTTP/1.1" 200 40604
186.30.27.254 - - [28/Jul/2020:00:30:52 -0500] "GET /sipse/faces/javax.faces.resource/theme.css?ln=primefaces-sipse HTTP/1.1" 304 -
186.30.27.254 - - [28/Jul/2020:00:30:52 -0500] "GET /sipse/faces/javax.faces.resource/primefaces.css?ln=primefaces&v=4.0 HTTP/1.1" 304 -
186.30.27.254 - - [28/Jul/2020:00:30:52 -0500] "GET /sipse/faces/javax.faces.resource/layout/layout.css?ln=primefaces&v=4.0 HTTP/1.1" 304 -
186.30.27.254 - - [28/Jul/2020:00:30:52 -0500] "GET /sipse/faces/javax.faces.resource/jquery/jquery.js?ln=primefaces&v=4.0 HTTP/1.1" 304 -
186.30.27.254 - - [28/Jul/2020:00:30:52 -0500] "GET /sipse/faces/javax.faces.resource/jquery/jquery-plugins.js?ln=primefaces&v=4.0 HTTP/1.1" 304 -
186.30.27.254 - - [28/Jul/2020:00:30:52 -0500] "GET /sipse/faces/javax.faces.resource/primefaces.js?ln=primefaces&v=4.0 HTTP/1.1" 304 -
186.30.27.254 - - [28/Jul/2020:00:30:52 -0500] "GET /sipse/faces/javax.faces.resource/layout/layout.js?ln=primefaces&v=4.0 HTTP/1.1" 304 -
186.30.27.254 - - [28/Jul/2020:00:30:52 -0500] "POST /sipse/faces/presentacion/financiero/solicitudProceso/consultar.xhtml HTTP/1.1" 200 33895
186.30.27.254 - - [28/Jul/2020:00:30:53 -0500] "POST /sipse/faces/presentacion/financiero/solicitudProceso/consultar.xhtml HTTP/1.1" 200 33895
186.30.27.254 - - [28/Jul/2020:00:30:54 -0500] "POST /sipse/faces/presentacion/financiero/solicitudProceso/consultar.xhtml HTTP/1.1" 200 33895
186.30.27.254 - - [28/Jul/2020:00:30:54 -0500] "POST /sipse/faces/presentacion/financiero/solicitudProceso/consultar.xhtml HTTP/1.1" 200 33895
66.249.79.107 - - [28/Jul/2020:00:30:57 -0500] "GET /BLA/resoluciones/RESOLUCIONES%202008/4246.pdf HTTP/1.1" 200 592071
66.249.79.107 - - [28/Jul/2020:00:31:05 -0500] "GET /BLA/resoluciones/RESOLUCIONES%202009/7404.pdf HTTP/1.1" 200 681541
186.30.27.254 - - [28/Jul/2020:00:31:09 -0500] "POST /sipse/faces/presentacion/financiero/solicitudProceso/consultar.xhtml HTTP/1.1" 200 12905
66.249.79.107 - - [28/Jul/2020:00:31:14 -0500] "GET /BLA/resoluciones/RESOLUCIONES%202008/3427.pdf HTTP/1.1" 200 250809
66.249.79.107 - - [28/Jul/2020:00:31:22 -0500] "GET /BLA/resoluciones/RESOLUCIONES%202008/2611.pdf HTTP/1.1" 200 206397
186.30.27.254 - - [28/Jul/2020:00:31:23 -0500] "POST /sipse/faces/presentacion/financiero/solicitudProceso/consultar.xhtml HTTP/1.1" 200 156667
186.30.27.254 - - [28/Jul/2020:00:31:24 -0500] "GET /sipse/faces/javax.faces.resource/theme.css?ln=primefaces-sipse HTTP/1.1" 304 -
186.30.27.254 - - [28/Jul/2020:00:31:24 -0500] "GET /sipse/faces/javax.faces.resource/primefaces.css?ln=primefaces&v=4.0 HTTP/1.1" 304 -
186.30.27.254 - - [28/Jul/2020:00:31:24 -0500] "GET /sipse/faces/javax.faces.resource/layout/layout.css?ln=primefaces&v=4.0 HTTP/1.1" 304 -
186.30.27.254 - - [28/Jul/2020:00:31:24 -0500] "GET /sipse/faces/javax.faces.resource/jquery/jquery.js?ln=primefaces&v=4.0 HTTP/1.1" 304 -
186.30.27.254 - - [28/Jul/2020:00:31:24 -0500] "GET /sipse/faces/javax.faces.resource/jquery/jquery-plugins.js?ln=primefaces&v=4.0 HTTP/1.1" 304 -
186.30.27.254 - - [28/Jul/2020:00:31:24 -0500] "GET /sipse/faces/javax.faces.resource/primefaces.js?ln=primefaces&v=4.0 HTTP/1.1" 304 -
186.30.27.254 - - [28/Jul/2020:00:31:24 -0500] "GET /sipse/faces/javax.faces.resource/layout/layout.js?ln=primefaces&v=4.0 HTTP/1.1" 304 -
186.30.27.254 - - [28/Jul/2020:00:31:26 -0500] "GET /sipse/faces/javax.faces.resource/dynamiccontent.properties?ln=primefaces&pfdrid=XjOR5%2F%2FfPAZAuY9TpWQeCiM0BhlXxYRBGKi%2FQcXXfeA%3D&pfdrid_c=false HTTP/1.1" 500 383
66.249.79.107 - - [28/Jul/2020:00:31:31 -0500] "GET /BLA/resoluciones/RESOLUCIONES%202009/5379.pdf HTTP/1.1" 200 533053
186.30.27.254 - - [28/Jul/2020:00:31:33 -0500] "POST /sipse/faces/presentacion/financiero/solicitudProceso/consultarSolicitudProceso.xhtml HTTP/1.1" 200 712202
69.162.124.227 - - [28/Jul/2020:00:31:35 -0500] "HEAD / HTTP/1.1" 200 -
66.249.79.109 - - [28/Jul/2020:00:31:40 -0500] "GET /BLA/resoluciones/RESOLUCIONES%202008/4966.pdf HTTP/1.1" 200 212438
66.249.79.111 - - [28/Jul/2020:00:31:47 -0500] "GET /BLA/resoluciones/RESOLUCIONES%202008/3747.pdf HTTP/1.1" 200 524787
66.249.79.111 - - [28/Jul/2020:00:31:54 -0500] "GET /BLA/resoluciones/RESOLUCIONES%202009/8562.pdf HTTP/1.1" 200 557127
66.249.79.109 - - [28/Jul/2020:00:32:04 -0500] "GET /BLA/resoluciones/RESOLUCIONES%202009/5298.pdf HTTP/1.1" 200 540015
120.32.41.195 - - [28/Jul/2020:00:32:04 -0500] "GET /attachment/download.html?id=../.../.././../.../.././../.../.././../.../.././../.../.././../.../.././etc/passwd&name=1.txt HTTP/1.1" 404 1019
120.32.41.195 - - [28/Jul/2020:00:32:04 -0500] "GET /img.asp?url=C:%5CWINDOWS%5Csystem32%5Cdrivers%5Cetc%5Chosts HTTP/1.1" 404 1019
120.32.41.195 - - [28/Jul/2020:00:32:05 -0500] "GET /templet_pro.do?key=%E5%85%B3%E9%94%AE%E5%AD%97...&siteid=2cf91836-f5d4-4d7b-a40f-8570959714a7&templetPath=../../WEB-INF/web.xml HTTP/1.1" 404 1019
120.32.41.195 - - [28/Jul/2020:00:32:06 -0500] "GET /CGWeb/uploadApp/download?filePath=../../../../../../../../../../etc/passwd HTTP/1.1" 404 1019
66.249.79.109 - - [28/Jul/2020:00:32:11 -0500] "GET /POT-2013/index.php?dir=DTS%2F HTTP/1.1" 200 1771
186.84.22.0 - - [28/Jul/2020:00:32:13 -0500] "POST /sipse/faces/presentacion/financiero/solicitudProceso/listarSolicitudProceso.xhtml HTTP/1.1" 200 142001
186.84.22.0 - - [28/Jul/2020:00:32:15 -0500] "GET /sipse/faces/javax.faces.resource/theme.css?ln=primefaces-sipse HTTP/1.1" 304 -
186.84.22.0 - - [28/Jul/2020:00:32:15 -0500] "GET /sipse/faces/javax.faces.resource/layout/layout.css?ln=primefaces&v=4.0 HTTP/1.1" 304 -
186.84.22.0 - - [28/Jul/2020:00:32:15 -0500] "GET /sipse/faces/javax.faces.resource/primefaces.css?ln=primefaces&v=4.0 HTTP/1.1" 304 -
186.84.22.0 - - [28/Jul/2020:00:32:15 -0500] "GET /sipse/faces/javax.faces.resource/jquery/jquery.js?ln=primefaces&v=4.0 HTTP/1.1" 304 -
186.84.22.0 - - [28/Jul/2020:00:32:15 -0500] "GET /sipse/faces/javax.faces.resource/jquery/jquery-plugins.js?ln=primefaces&v=4.0 HTTP/1.1" 304 -
186.84.22.0 - - [28/Jul/2020:00:32:15 -0500] "GET /sipse/faces/javax.faces.resource/primefaces.js?ln=primefaces&v=4.0 HTTP/1.1" 304 -
186.84.22.0 - - [28/Jul/2020:00:32:15 -0500] "GET /sipse/faces/javax.faces.resource/layout/layout.js?ln=primefaces&v=4.0 HTTP/1.1" 304 -
186.84.22.0 - - [28/Jul/2020:00:32:15 -0500] "GET /sipse/css/imagen/contrasena.png HTTP/1.1" 404 383
186.84.22.0 - - [28/Jul/2020:00:32:15 -0500] "GET /sipse/faces/javax.faces.resource/dynamiccontent.properties?ln=primefaces&pfdrid=XjOR5%2F%2FfPAZAuY9TpWQeCiM0BhlXxYRBGKi%2FQcXXfeA%3D&pfdrid_c=false HTTP/1.1" 500 383
66.249.79.107 - - [28/Jul/2020:00:32:17 -0500] "GET /BLA/resoluciones/RESOLUCIONES%202008/0964.pdf HTTP/1.1" 200 198044
66.249.79.107 - - [28/Jul/2020:00:32:25 -0500] "GET /POT-2013/dlf/styles.css HTTP/1.1" 200 3045
66.249.79.107 - - [28/Jul/2020:00:32:30 -0500] "GET /BLA/resoluciones/AUTOS%202010/3312.pdf HTTP/1.1" 200 1516864
66.249.79.111 - - [28/Jul/2020:00:32:36 -0500] "GET /BLA/resoluciones/RESOLUCIONES%202008/1297.pdf HTTP/1.1" 200 416064
66.249.79.111 - - [28/Jul/2020:00:32:43 -0500] "GET /BLA/resoluciones/RESOLUCIONES%202008/1546.pdf HTTP/1.1" 200 224476
186.84.88.213 - - [28/Jul/2020:00:32:43 -0500] "GET /sipse/faces/javax.faces.resource/theme.css?ln=primefaces-sipse HTTP/1.1" 304 -
186.84.88.213 - - [28/Jul/2020:00:32:43 -0500] "GET /sipse/faces/javax.faces.resource/layout/layout.css?ln=primefaces&v=4.0 HTTP/1.1" 304 -
186.84.88.213 - - [28/Jul/2020:00:32:42 -0500] "POST /sipse/faces/presentacion/financiero/solicitudProceso/consultarSolicitudProceso.xhtml HTTP/1.1" 200 38147
186.84.88.213 - - [28/Jul/2020:00:32:43 -0500] "GET /sipse/faces/javax.faces.resource/primefaces.css?ln=primefaces&v=4.0 HTTP/1.1" 304 -
186.84.88.213 - - [28/Jul/2020:00:32:44 -0500] "GET /sipse/faces/javax.faces.resource/jquery/jquery.js?ln=primefaces&v=4.0 HTTP/1.1" 304 -
186.84.88.213 - - [28/Jul/2020:00:32:44 -0500] "GET /sipse/faces/javax.faces.resource/jquery/jquery-plugins.js?ln=primefaces&v=4.0 HTTP/1.1" 304 -
186.84.88.213 - - [28/Jul/2020:00:32:44 -0500] "GET /sipse/faces/javax.faces.resource/layout/layout.js?ln=primefaces&v=4.0 HTTP/1.1" 304 -
