66.249.79.107 - - [28/Jul/2020:02:08:03 -0500] "GET /BLA/resoluciones/RESOLUCIONES%202007/RES%202007%202301%20AL%202400/RESOLUCION%202321%20DE%202007.pdf HTTP/1.1" 200 598947
186.84.232.207 - - [28/Jul/2020:02:08:06 -0500] "POST /sipse/faces/presentacion/financiero/solicitudProceso/crearModificarSolicitudProceso.xhtml HTTP/1.1" 200 41070
186.84.232.207 - - [28/Jul/2020:02:08:09 -0500] "GET /sipse/faces/javax.faces.resource/theme.css?ln=primefaces-sipse HTTP/1.1" 304 -
186.84.232.207 - - [28/Jul/2020:02:08:09 -0500] "GET /sipse/faces/javax.faces.resource/primefaces.css?ln=primefaces&v=4.0 HTTP/1.1" 304 -
186.84.232.207 - - [28/Jul/2020:02:08:09 -0500] "GET /sipse/faces/javax.faces.resource/layout/layout.css?ln=primefaces&v=4.0 HTTP/1.1" 304 -
186.84.232.207 - - [28/Jul/2020:02:08:09 -0500] "GET /sipse/faces/javax.faces.resource/jquery/jquery.js?ln=primefaces&v=4.0 HTTP/1.1" 304 -
186.84.232.207 - - [28/Jul/2020:02:08:09 -0500] "GET /sipse/faces/javax.faces.resource/jquery/jquery-plugins.js?ln=primefaces&v=4.0 HTTP/1.1" 304 -
186.84.232.207 - - [28/Jul/2020:02:08:09 -0500] "GET /sipse/faces/javax.faces.resource/primefaces.js?ln=primefaces&v=4.0 HTTP/1.1" 304 -
186.84.232.207 - - [28/Jul/2020:02:08:09 -0500] "GET /sipse/faces/javax.faces.resource/layout/layout.js?ln=primefaces&v=4.0 HTTP/1.1" 304 -
186.84.232.207 - - [28/Jul/2020:02:08:09 -0500] "POST /sipse/faces/presentacion/financiero/solicitudProceso/listarSolicitudProceso.xhtml HTTP/1.1" 200 1344
66.249.79.107 - - [28/Jul/2020:02:08:12 -0500] "GET /BLA/resoluciones/RESOLUCIONES%202009/1490.pdf HTTP/1.1" 200 426822
186.84.232.207 - - [28/Jul/2020:02:08:13 -0500] "POST /sipse/faces/presentacion/financiero/solicitudProceso/listarSolicitudProceso.xhtml HTTP/1.1" 200 126399
186.84.232.207 - - [28/Jul/2020:02:08:13 -0500] "GET /sipse/faces/javax.faces.resource/theme.css?ln=primefaces-sipse HTTP/1.1" 304 -
186.84.232.207 - - [28/Jul/2020:02:08:13 -0500] "GET /sipse/faces/javax.faces.resource/primefaces.css?ln=primefaces&v=4.0 HTTP/1.1" 304 -
186.84.232.207 - - [28/Jul/2020:02:08:13 -0500] "GET /sipse/faces/javax.faces.resource/layout/layout.css?ln=primefaces&v=4.0 HTTP/1.1" 304 -
186.84.232.207 - - [28/Jul/2020:02:08:13 -0500] "GET /sipse/faces/javax.faces.resource/jquery/jquery.js?ln=primefaces&v=4.0 HTTP/1.1" 304 -
186.84.232.207 - - [28/Jul/2020:02:08:14 -0500] "GET /sipse/faces/javax.faces.resource/jquery/jquery-plugins.js?ln=primefaces&v=4.0 HTTP/1.1" 304 -
186.84.232.207 - - [28/Jul/2020:02:08:14 -0500] "GET /sipse/faces/javax.faces.resource/primefaces.js?ln=primefaces&v=4.0 HTTP/1.1" 304 -
186.84.232.207 - - [28/Jul/2020:02:08:14 -0500] "GET /sipse/faces/javax.faces.resource/layout/layout.js?ln=primefaces&v=4.0 HTTP/1.1" 304 -
190.27.245.107 - - [28/Jul/2020:02:08:14 -0500] "GET /reportes_sipse/sdg/ServletReporte?reporte=experienia_idoneidad&solicitud=9946&pfdrid_c=false HTTP/1.1" 200 182569
186.84.232.207 - - [28/Jul/2020:02:08:18 -0500] "POST /sipse/faces/presentacion/financiero/solicitudProceso/consultarSolicitudProceso.xhtml HTTP/1.1" 200 40615
186.84.232.207 - - [28/Jul/2020:02:08:18 -0500] "GET /sipse/faces/javax.faces.resource/theme.css?ln=primefaces-sipse HTTP/1.1" 304 -
186.84.232.207 - - [28/Jul/2020:02:08:18 -0500] "GET /sipse/faces/javax.faces.resource/layout/layout.css?ln=primefaces&v=4.0 HTTP/1.1" 304 -
186.84.232.207 - - [28/Jul/2020:02:08:18 -0500] "GET /sipse/faces/javax.faces.resource/primefaces.css?ln=primefaces&v=4.0 HTTP/1.1" 304 -
186.84.232.207 - - [28/Jul/2020:02:08:18 -0500] "GET /sipse/faces/javax.faces.resource/jquery/jquery.js?ln=primefaces&v=4.0 HTTP/1.1" 304 -
186.84.232.207 - - [28/Jul/2020:02:08:18 -0500] "GET /sipse/faces/javax.faces.resource/jquery/jquery-plugins.js?ln=primefaces&v=4.0 HTTP/1.1" 304 -
186.84.232.207 - - [28/Jul/2020:02:08:18 -0500] "GET /sipse/faces/javax.faces.resource/primefaces.js?ln=primefaces&v=4.0 HTTP/1.1" 304 -
186.84.232.207 - - [28/Jul/2020:02:08:18 -0500] "GET /sipse/faces/javax.faces.resource/layout/layout.js?ln=primefaces&v=4.0 HTTP/1.1" 304 -
186.84.232.207 - - [28/Jul/2020:02:08:18 -0500] "POST /sipse/faces/presentacion/financiero/solicitudProceso/listarSolicitudProceso.xhtml HTTP/1.1" 200 33844
186.84.232.207 - - [28/Jul/2020:02:08:18 -0500] "POST /sipse/faces/presentacion/financiero/solicitudProceso/listarSolicitudProceso.xhtml HTTP/1.1" 200 33844
186.84.232.207 - - [28/Jul/2020:02:08:19 -0500] "POST /sipse/faces/presentacion/financiero/solicitudProceso/listarSolicitudProceso.xhtml HTTP/1.1" 200 1344
186.84.232.207 - - [28/Jul/2020:02:08:19 -0500] "POST /sipse/faces/presentacion/financiero/solicitudProceso/listarSolicitudProceso.xhtml HTTP/1.1" 200 1344
186.84.232.207 - - [28/Jul/2020:02:08:19 -0500] "POST /sipse/faces/presentacion/financiero/solicitudProceso/listarSolicitudProceso.xhtml HTTP/1.1" 200 1344
66.249.79.109 - - [28/Jul/2020:02:08:22 -0500] "GET /BLA/resoluciones/RESOLUCIONES%202008/1180.pdf HTTP/1.1" 200 55089
186.84.232.207 - - [28/Jul/2020:02:08:23 -0500] "POST /sipse/faces/presentacion/financiero/solicitudProceso/listarSolicitudProceso.xhtml HTTP/1.1" 200 13738
186.84.232.207 - - [28/Jul/2020:02:08:24 -0500] "POST /sipse/faces/presentacion/financiero/solicitudProceso/listarSolicitudProceso.xhtml HTTP/1.1" 200 8093
66.249.79.107 - - [28/Jul/2020:02:08:31 -0500] "GET /BLA/resoluciones/RESOLUCIONES%202008/0905.pdf HTTP/1.1" 200 246689
186.84.232.207 - - [28/Jul/2020:02:08:33 -0500] "POST /sipse/faces/presentacion/financiero/solicitudProceso/listarSolicitudProceso.xhtml HTTP/1.1" 200 126145
186.84.232.207 - - [28/Jul/2020:02:08:33 -0500] "GET /sipse/faces/javax.faces.resource/theme.css?ln=primefaces-sipse HTTP/1.1" 304 -
186.84.232.207 - - [28/Jul/2020:02:08:33 -0500] "GET /sipse/faces/javax.faces.resource/primefaces.css?ln=primefaces&v=4.0 HTTP/1.1" 304 -
186.84.232.207 - - [28/Jul/2020:02:08:33 -0500] "GET /sipse/faces/javax.faces.resource/layout/layout.css?ln=primefaces&v=4.0 HTTP/1.1" 304 -
186.84.232.207 - - [28/Jul/2020:02:08:33 -0500] "GET /sipse/faces/javax.faces.resource/jquery/jquery.js?ln=primefaces&v=4.0 HTTP/1.1" 304 -
186.84.232.207 - - [28/Jul/2020:02:08:33 -0500] "GET /sipse/faces/javax.faces.resource/jquery/jquery-plugins.js?ln=primefaces&v=4.0 HTTP/1.1" 304 -
186.84.232.207 - - [28/Jul/2020:02:08:33 -0500] "GET /sipse/faces/javax.faces.resource/primefaces.js?ln=primefaces&v=4.0 HTTP/1.1" 304 -
186.84.232.207 - - [28/Jul/2020:02:08:33 -0500] "GET /sipse/faces/javax.faces.resource/layout/layout.js?ln=primefaces&v=4.0 HTTP/1.1" 304 -
190.27.245.107 - - [28/Jul/2020:02:08:34 -0500] "GET /reportes_sipse/sdg/ServletReporte?reporte=experienia_idoneidad&solicitud=9946&pfdrid_c=false HTTP/1.1" 200 182569
66.249.79.107 - - [28/Jul/2020:02:08:39 -0500] "GET /BLA/resoluciones/RESOLUCIONES%202008/3003.pdf HTTP/1.1" 200 199487
66.249.79.109 - - [28/Jul/2020:02:08:48 -0500] "GET /BLA/resoluciones/RESOLUCIONES%202009/5449.pdf HTTP/1.1" 200 528643
207.46.13.207 - - [28/Jul/2020:02:08:50 -0500] "GET /PORTAL_SIAC/?C=N;O=D HTTP/1.1" 200 503
186.84.232.207 - - [28/Jul/2020:02:08:51 -0500] "POST /sipse/faces/presentacion/financiero/solicitudProceso/consultarSolicitudProceso.xhtml HTTP/1.1" 200 28461
186.84.232.207 - - [28/Jul/2020:02:08:51 -0500] "GET /sipse/faces/javax.faces.resource/primefaces.css?ln=primefaces&v=4.0 HTTP/1.1" 304 -
186.84.232.207 - - [28/Jul/2020:02:08:51 -0500] "GET /sipse/faces/javax.faces.resource/theme.css?ln=primefaces-sipse HTTP/1.1" 304 -
186.84.232.207 - - [28/Jul/2020:02:08:51 -0500] "GET /sipse/faces/javax.faces.resource/layout/layout.css?ln=primefaces&v=4.0 HTTP/1.1" 304 -
186.84.232.207 - - [28/Jul/2020:02:08:51 -0500] "GET /sipse/faces/javax.faces.resource/jquery/jquery.js?ln=primefaces&v=4.0 HTTP/1.1" 304 -
186.84.232.207 - - [28/Jul/2020:02:08:51 -0500] "GET /sipse/faces/javax.faces.resource/fileupload/fileupload.css?ln=primefaces&v=4.0 HTTP/1.1" 304 -
186.84.232.207 - - [28/Jul/2020:02:08:51 -0500] "GET /sipse/faces/javax.faces.resource/jquery/jquery-plugins.js?ln=primefaces&v=4.0 HTTP/1.1" 304 -
186.84.232.207 - - [28/Jul/2020:02:08:51 -0500] "GET /sipse/faces/javax.faces.resource/primefaces.js?ln=primefaces&v=4.0 HTTP/1.1" 304 -
186.84.232.207 - - [28/Jul/2020:02:08:51 -0500] "GET /sipse/faces/javax.faces.resource/layout/layout.js?ln=primefaces&v=4.0 HTTP/1.1" 304 -
186.84.232.207 - - [28/Jul/2020:02:08:51 -0500] "GET /sipse/faces/javax.faces.resource/fileupload/fileupload.js?ln=primefaces&v=4.0 HTTP/1.1" 304 -
190.26.217.120 - - [28/Jul/2020:02:08:52 -0500] "GET /galeria/galeria/jquery.fancybox.css?v=2.1.5 HTTP/1.1" 200 4895
190.26.217.120 - - [28/Jul/2020:02:08:52 -0500] "GET /BLA/boletinlegal/js/jquery.scrollShow.js HTTP/1.1" 200 4586
190.26.217.120 - - [28/Jul/2020:02:08:52 -0500] "GET /galeria/galeria/jquery.fancybox.js?v=2.1.5 HTTP/1.1" 200 48706
66.249.79.107 - - [28/Jul/2020:02:08:56 -0500] "GET /BLA/resoluciones/RESOLUCIONES%202009/8992.pdf HTTP/1.1" 200 558060
186.84.232.207 - - [28/Jul/2020:02:09:04 -0500] "GET /sipse/faces/javax.faces.resource/theme.css?ln=primefaces-sipse HTTP/1.1" 304 -
186.84.232.207 - - [28/Jul/2020:02:09:03 -0500] "POST /sipse/faces/presentacion/sistema/anexos/cargarAnexoSolicitudProceso.xhtml HTTP/1.1" 200 175165
186.84.232.207 - - [28/Jul/2020:02:09:04 -0500] "GET /sipse/faces/javax.faces.resource/primefaces.css?ln=primefaces&v=4.0 HTTP/1.1" 304 -
186.84.232.207 - - [28/Jul/2020:02:09:04 -0500] "GET /sipse/faces/javax.faces.resource/layout/layout.css?ln=primefaces&v=4.0 HTTP/1.1" 304 -
186.84.232.207 - - [28/Jul/2020:02:09:04 -0500] "GET /sipse/faces/javax.faces.resource/jquery/jquery.js?ln=primefaces&v=4.0 HTTP/1.1" 304 -
186.84.232.207 - - [28/Jul/2020:02:09:04 -0500] "GET /sipse/faces/javax.faces.resource/jquery/jquery-plugins.js?ln=primefaces&v=4.0 HTTP/1.1" 304 -
186.84.232.207 - - [28/Jul/2020:02:09:04 -0500] "GET /sipse/faces/javax.faces.resource/primefaces.js?ln=primefaces&v=4.0 HTTP/1.1" 304 -
186.84.232.207 - - [28/Jul/2020:02:09:04 -0500] "GET /sipse/faces/javax.faces.resource/layout/layout.js?ln=primefaces&v=4.0 HTTP/1.1" 304 -
66.249.79.107 - - [28/Jul/2020:02:09:04 -0500] "GET /BLA/resoluciones/RESOLUCIONES%202009/7157.pdf HTTP/1.1" 200 490617
190.27.245.107 - - [28/Jul/2020:02:09:04 -0500] "GET /reportes_sipse/sdg/ServletReporte?reporte=experienia_idoneidad&solicitud=9946&pfdrid_c=false HTTP/1.1" 200 182569
186.84.232.207 - - [28/Jul/2020:02:09:09 -0500] "POST /sipse/faces/presentacion/financiero/solicitudProceso/consultarSolicitudProceso.xhtml HTTP/1.1" 200 28461
186.84.232.207 - - [28/Jul/2020:02:09:09 -0500] "GET /sipse/faces/javax.faces.resource/layout/layout.css?ln=primefaces&v=4.0 HTTP/1.1" 304 -
186.84.232.207 - - [28/Jul/2020:02:09:09 -0500] "GET /sipse/faces/javax.faces.resource/theme.css?ln=primefaces-sipse HTTP/1.1" 304 -
186.84.232.207 - - [28/Jul/2020:02:09:09 -0500] "GET /sipse/faces/javax.faces.resource/primefaces.css?ln=primefaces&v=4.0 HTTP/1.1" 304 -
186.84.232.207 - - [28/Jul/2020:02:09:09 -0500] "GET /sipse/faces/javax.faces.resource/primefaces.js?ln=primefaces&v=4.0 HTTP/1.1" 304 -
186.84.232.207 - - [28/Jul/2020:02:09:09 -0500] "GET /sipse/faces/javax.faces.resource/jquery/jquery-plugins.js?ln=primefaces&v=4.0 HTTP/1.1" 304 -
186.84.232.207 - - [28/Jul/2020:02:09:09 -0500] "GET /sipse/faces/javax.faces.resource/jquery/jquery.js?ln=primefaces&v=4.0 HTTP/1.1" 304 -
186.84.232.207 - - [28/Jul/2020:02:09:09 -0500] "GET /sipse/faces/javax.faces.resource/fileupload/fileupload.css?ln=primefaces&v=4.0 HTTP/1.1" 304 -
186.84.232.207 - - [28/Jul/2020:02:09:09 -0500] "GET /sipse/faces/javax.faces.resource/layout/layout.js?ln=primefaces&v=4.0 HTTP/1.1" 304 -
186.84.232.207 - - [28/Jul/2020:02:09:09 -0500] "GET /sipse/faces/javax.faces.resource/fileupload/fileupload.js?ln=primefaces&v=4.0 HTTP/1.1" 304 -
66.249.79.107 - - [28/Jul/2020:02:09:14 -0500] "GET /BLA/resoluciones/RESOLUCIONES%202008/0793.pdf HTTP/1.1" 200 117982
186.84.232.207 - - [28/Jul/2020:02:09:16 -0500] "GET /sipse/faces/javax.faces.resource/theme.css?ln=primefaces-sipse HTTP/1.1" 304 -
186.84.232.207 - - [28/Jul/2020:02:09:16 -0500] "GET /sipse/faces/javax.faces.resource/primefaces.css?ln=primefaces&v=4.0 HTTP/1.1" 304 -
186.84.232.207 - - [28/Jul/2020:02:09:16 -0500] "GET /sipse/faces/javax.faces.resource/jquery/jquery.js?ln=primefaces&v=4.0 HTTP/1.1" 304 -
186.84.232.207 - - [28/Jul/2020:02:09:16 -0500] "GET /sipse/faces/javax.faces.resource/layout/layout.css?ln=primefaces&v=4.0 HTTP/1.1" 304 -
186.84.232.207 - - [28/Jul/2020:02:09:16 -0500] "GET /sipse/faces/javax.faces.resource/jquery/jquery-plugins.js?ln=primefaces&v=4.0 HTTP/1.1" 304 -
186.84.232.207 - - [28/Jul/2020:02:09:16 -0500] "GET /sipse/faces/javax.faces.resource/layout/layout.js?ln=primefaces&v=4.0 HTTP/1.1" 304 -
186.84.232.207 - - [28/Jul/2020:02:09:16 -0500] "GET /sipse/faces/javax.faces.resource/primefaces.js?ln=primefaces&v=4.0 HTTP/1.1" 304 -
186.84.232.207 - - [28/Jul/2020:02:09:16 -0500] "POST /sipse/faces/presentacion/sistema/anexos/cargarAnexoSolicitudProceso.xhtml HTTP/1.1" 200 176995
190.27.245.107 - - [28/Jul/2020:02:09:16 -0500] "GET /reportes_sipse/sdg/ServletReporte?reporte=experienia_idoneidad&solicitud=9946&pfdrid_c=false HTTP/1.1" 200 182569
66.249.79.109 - - [28/Jul/2020:02:09:22 -0500] "GET /BLA/resoluciones/RESOLUCIONES%202009/7287.pdf HTTP/1.1" 200 278245
186.84.232.207 - - [28/Jul/2020:02:09:23 -0500] "POST /sipse/faces/presentacion/financiero/solicitudProceso/consultarSolicitudProceso.xhtml HTTP/1.1" 200 54017
186.84.232.207 - - [28/Jul/2020:02:09:24 -0500] "GET /sipse/faces/javax.faces.resource/theme.css?ln=primefaces-sipse HTTP/1.1" 304 -
186.84.232.207 - - [28/Jul/2020:02:09:24 -0500] "GET /sipse/faces/javax.faces.resource/primefaces.css?ln=primefaces&v=4.0 HTTP/1.1" 304 -
186.84.232.207 - - [28/Jul/2020:02:09:24 -0500] "GET /sipse/faces/javax.faces.resource/layout/layout.css?ln=primefaces&v=4.0 HTTP/1.1" 304 -
186.84.232.207 - - [28/Jul/2020:02:09:24 -0500] "GET /sipse/faces/javax.faces.resource/jquery/jquery.js?ln=primefaces&v=4.0 HTTP/1.1" 304 -
186.84.232.207 - - [28/Jul/2020:02:09:24 -0500] "GET /sipse/faces/javax.faces.resource/jquery/jquery-plugins.js?ln=primefaces&v=4.0 HTTP/1.1" 304 -
186.84.232.207 - - [28/Jul/2020:02:09:24 -0500] "GET /sipse/faces/javax.faces.resource/primefaces.js?ln=primefaces&v=4.0 HTTP/1.1" 304 -
186.84.232.207 - - [28/Jul/2020:02:09:24 -0500] "GET /sipse/faces/javax.faces.resource/layout/layout.js?ln=primefaces&v=4.0 HTTP/1.1" 304 -
66.249.79.109 - - [28/Jul/2020:02:09:30 -0500] "GET /BLA/resoluciones/RESOLUCIONES%202008/0856.pdf HTTP/1.1" 200 286986
66.249.79.107 - - [28/Jul/2020:02:09:38 -0500] "GET /BLA/resoluciones/RESOLUCIONES%202007/RES%202007%202801%20AL%202900/RESOLUCION%202898%20DE%202007.pdf HTTP/1.1" 200 388153
186.84.232.207 - - [28/Jul/2020:02:09:43 -0500] "POST /sipse/faces/presentacion/financiero/estudioPrevio/personalSolicitado/personalSolicitadoSolicitudProceso.xhtml HTTP/1.1" 200 36889
186.84.232.207 - - [28/Jul/2020:02:09:43 -0500] "GET /sipse/faces/javax.faces.resource/theme.css?ln=primefaces-sipse HTTP/1.1" 304 -
186.84.232.207 - - [28/Jul/2020:02:09:43 -0500] "GET /sipse/faces/javax.faces.resource/primefaces.css?ln=primefaces&v=4.0 HTTP/1.1" 304 -
186.84.232.207 - - [28/Jul/2020:02:09:43 -0500] "GET /sipse/faces/javax.faces.resource/layout/layout.css?ln=primefaces&v=4.0 HTTP/1.1" 304 -
186.84.232.207 - - [28/Jul/2020:02:09:43 -0500] "GET /sipse/faces/javax.faces.resource/jquery/jquery.js?ln=primefaces&v=4.0 HTTP/1.1" 304 -
186.84.232.207 - - [28/Jul/2020:02:09:43 -0500] "GET /sipse/faces/javax.faces.resource/jquery/jquery-plugins.js?ln=primefaces&v=4.0 HTTP/1.1" 304 -
186.84.232.207 - - [28/Jul/2020:02:09:43 -0500] "GET /sipse/faces/javax.faces.resource/primefaces.js?ln=primefaces&v=4.0 HTTP/1.1" 304 -
186.84.232.207 - - [28/Jul/2020:02:09:43 -0500] "GET /sipse/faces/javax.faces.resource/layout/layout.js?ln=primefaces&v=4.0 HTTP/1.1" 304 -
66.249.79.109 - - [28/Jul/2020:02:09:46 -0500] "GET /BLA/resoluciones/AUTOS%202010/6605.pdf HTTP/1.1" 200 167911
186.84.232.207 - - [28/Jul/2020:02:09:50 -0500] "POST /sipse/faces/presentacion/financiero/estudioPrevio/personalSolicitado/asociarProfesionPersonalSolicitado.xhtml HTTP/1.1" 200 21395
186.84.232.207 - - [28/Jul/2020:02:09:50 -0500] "POST /sipse/faces/presentacion/financiero/estudioPrevio/personalSolicitado/asociarProfesionPersonalSolicitado.xhtml HTTP/1.1" 200 21391
186.84.232.207 - - [28/Jul/2020:02:09:54 -0500] "POST /sipse/faces/presentacion/financiero/estudioPrevio/personalSolicitado/asociarProfesionPersonalSolicitado.xhtml HTTP/1.1" 200 60894
186.84.232.207 - - [28/Jul/2020:02:09:54 -0500] "GET /sipse/faces/javax.faces.resource/theme.css?ln=primefaces-sipse HTTP/1.1" 304 -
186.84.232.207 - - [28/Jul/2020:02:09:54 -0500] "GET /sipse/faces/javax.faces.resource/primefaces.css?ln=primefaces&v=4.0 HTTP/1.1" 304 -
186.84.232.207 - - [28/Jul/2020:02:09:54 -0500] "GET /sipse/faces/javax.faces.resource/layout/layout.css?ln=primefaces&v=4.0 HTTP/1.1" 304 -
186.84.232.207 - - [28/Jul/2020:02:09:54 -0500] "GET /sipse/faces/javax.faces.resource/jquery/jquery.js?ln=primefaces&v=4.0 HTTP/1.1" 304 -
186.84.232.207 - - [28/Jul/2020:02:09:54 -0500] "GET /sipse/faces/javax.faces.resource/jquery/jquery-plugins.js?ln=primefaces&v=4.0 HTTP/1.1" 304 -
186.84.232.207 - - [28/Jul/2020:02:09:54 -0500] "GET /sipse/faces/javax.faces.resource/primefaces.js?ln=primefaces&v=4.0 HTTP/1.1" 304 -
186.84.232.207 - - [28/Jul/2020:02:09:54 -0500] "GET /sipse/faces/javax.faces.resource/layout/layout.js?ln=primefaces&v=4.0 HTTP/1.1" 304 -
186.84.232.207 - - [28/Jul/2020:02:09:55 -0500] "POST /sipse/faces/presentacion/financiero/estudioPrevio/personalSolicitado/personalSolicitadoSolicitudProceso.xhtml HTTP/1.1" 200 36892
186.84.232.207 - - [28/Jul/2020:02:09:56 -0500] "GET /sipse/faces/javax.faces.resource/theme.css?ln=primefaces-sipse HTTP/1.1" 304 -
186.84.232.207 - - [28/Jul/2020:02:09:56 -0500] "GET /sipse/faces/javax.faces.resource/primefaces.css?ln=primefaces&v=4.0 HTTP/1.1" 304 -
186.84.232.207 - - [28/Jul/2020:02:09:56 -0500] "GET /sipse/faces/javax.faces.resource/layout/layout.css?ln=primefaces&v=4.0 HTTP/1.1" 304 -
186.84.232.207 - - [28/Jul/2020:02:09:56 -0500] "GET /sipse/faces/javax.faces.resource/jquery/jquery.js?ln=primefaces&v=4.0 HTTP/1.1" 304 -
186.84.232.207 - - [28/Jul/2020:02:09:56 -0500] "GET /sipse/faces/javax.faces.resource/jquery/jquery-plugins.js?ln=primefaces&v=4.0 HTTP/1.1" 304 -
186.84.232.207 - - [28/Jul/2020:02:09:56 -0500] "GET /sipse/faces/javax.faces.resource/primefaces.js?ln=primefaces&v=4.0 HTTP/1.1" 304 -
186.84.232.207 - - [28/Jul/2020:02:09:56 -0500] "GET /sipse/faces/javax.faces.resource/layout/layout.js?ln=primefaces&v=4.0 HTTP/1.1" 304 -
66.249.79.107 - - [28/Jul/2020:02:10:02 -0500] "GET /BLA/resoluciones/RESOLUCIONES%202009/8309.pdf HTTP/1.1" 200 435352
186.84.232.207 - - [28/Jul/2020:02:10:02 -0500] "POST /sipse/faces/presentacion/financiero/estudioPrevio/personalSolicitado/asociarProfesionPersonalSolicitado.xhtml HTTP/1.1" 200 21075
186.84.232.207 - - [28/Jul/2020:02:10:05 -0500] "POST /sipse/faces/presentacion/financiero/estudioPrevio/personalSolicitado/asociarProfesionPersonalSolicitado.xhtml HTTP/1.1" 200 62169
186.84.232.207 - - [28/Jul/2020:02:10:05 -0500] "GET /sipse/faces/javax.faces.resource/theme.css?ln=primefaces-sipse HTTP/1.1" 304 -
186.84.232.207 - - [28/Jul/2020:02:10:05 -0500] "GET /sipse/faces/javax.faces.resource/primefaces.css?ln=primefaces&v=4.0 HTTP/1.1" 304 -
186.84.232.207 - - [28/Jul/2020:02:10:05 -0500] "GET /sipse/faces/javax.faces.resource/layout/layout.css?ln=primefaces&v=4.0 HTTP/1.1" 304 -
186.84.232.207 - - [28/Jul/2020:02:10:05 -0500] "GET /sipse/faces/javax.faces.resource/jquery/jquery.js?ln=primefaces&v=4.0 HTTP/1.1" 304 -
186.84.232.207 - - [28/Jul/2020:02:10:05 -0500] "GET /sipse/faces/javax.faces.resource/jquery/jquery-plugins.js?ln=primefaces&v=4.0 HTTP/1.1" 304 -
186.84.232.207 - - [28/Jul/2020:02:10:05 -0500] "GET /sipse/faces/javax.faces.resource/primefaces.js?ln=primefaces&v=4.0 HTTP/1.1" 304 -
186.84.232.207 - - [28/Jul/2020:02:10:05 -0500] "GET /sipse/faces/javax.faces.resource/layout/layout.js?ln=primefaces&v=4.0 HTTP/1.1" 304 -
186.84.232.207 - - [28/Jul/2020:02:10:07 -0500] "POST /sipse/faces/presentacion/financiero/estudioPrevio/personalSolicitado/personalSolicitadoSolicitudProceso.xhtml HTTP/1.1" 200 36897
186.84.232.207 - - [28/Jul/2020:02:10:07 -0500] "GET /sipse/faces/javax.faces.resource/theme.css?ln=primefaces-sipse HTTP/1.1" 304 -
186.84.232.207 - - [28/Jul/2020:02:10:07 -0500] "GET /sipse/faces/javax.faces.resource/primefaces.css?ln=primefaces&v=4.0 HTTP/1.1" 304 -
186.84.232.207 - - [28/Jul/2020:02:10:07 -0500] "GET /sipse/faces/javax.faces.resource/layout/layout.css?ln=primefaces&v=4.0 HTTP/1.1" 304 -
186.84.232.207 - - [28/Jul/2020:02:10:07 -0500] "GET /sipse/faces/javax.faces.resource/jquery/jquery.js?ln=primefaces&v=4.0 HTTP/1.1" 304 -
186.84.232.207 - - [28/Jul/2020:02:10:07 -0500] "GET /sipse/faces/javax.faces.resource/jquery/jquery-plugins.js?ln=primefaces&v=4.0 HTTP/1.1" 304 -
186.84.232.207 - - [28/Jul/2020:02:10:07 -0500] "GET /sipse/faces/javax.faces.resource/primefaces.js?ln=primefaces&v=4.0 HTTP/1.1" 304 -
186.84.232.207 - - [28/Jul/2020:02:10:07 -0500] "GET /sipse/faces/javax.faces.resource/layout/layout.js?ln=primefaces&v=4.0 HTTP/1.1" 304 -
66.249.79.107 - - [28/Jul/2020:02:10:10 -0500] "GET /BLA/resoluciones/RESOLUCIONES%202008/1121.pdf HTTP/1.1" 200 128076
66.249.79.107 - - [28/Jul/2020:02:10:18 -0500] "GET /BLA/resoluciones/RESOLUCIONES%202010/1846.pdf HTTP/1.1" 200 373300
186.84.232.207 - - [28/Jul/2020:02:10:20 -0500] "POST /sipse/faces/presentacion/financiero/estudioPrevio/personalSolicitado/asociarProfesionPersonalSolicitado.xhtml HTTP/1.1" 200 21314
66.249.79.107 - - [28/Jul/2020:02:10:26 -0500] "GET /BLA/resoluciones/RESOLUCIONES%202008/2784.pdf HTTP/1.1" 200 264195
200.118.130.50 - - [28/Jul/2020:02:10:28 -0500] "GET /BLA/boletinlegal/js/jquery.scrollShow.js HTTP/1.1" 200 4586
200.118.130.50 - - [28/Jul/2020:02:10:28 -0500] "GET /galeria/galeria/jquery.fancybox.js?v=2.1.5 HTTP/1.1" 200 48706
200.118.130.50 - - [28/Jul/2020:02:10:28 -0500] "GET /galeria/galeria/jquery.fancybox.css?v=2.1.5 HTTP/1.1" 200 4895
186.84.232.207 - - [28/Jul/2020:02:10:31 -0500] "GET /sipse/faces/javax.faces.resource/theme.css?ln=primefaces-sipse HTTP/1.1" 304 -
186.84.232.207 - - [28/Jul/2020:02:10:31 -0500] "POST /sipse/faces/presentacion/financiero/estudioPrevio/personalSolicitado/asociarProfesionPersonalSolicitado.xhtml HTTP/1.1" 200 63442
186.84.232.207 - - [28/Jul/2020:02:10:31 -0500] "GET /sipse/faces/javax.faces.resource/primefaces.css?ln=primefaces&v=4.0 HTTP/1.1" 304 -
186.84.232.207 - - [28/Jul/2020:02:10:31 -0500] "GET /sipse/faces/javax.faces.resource/layout/layout.css?ln=primefaces&v=4.0 HTTP/1.1" 304 -
186.84.232.207 - - [28/Jul/2020:02:10:31 -0500] "GET /sipse/faces/javax.faces.resource/primefaces.js?ln=primefaces&v=4.0 HTTP/1.1" 304 -
186.84.232.207 - - [28/Jul/2020:02:10:31 -0500] "GET /sipse/faces/javax.faces.resource/jquery/jquery.js?ln=primefaces&v=4.0 HTTP/1.1" 304 -
186.84.232.207 - - [28/Jul/2020:02:10:31 -0500] "GET /sipse/faces/javax.faces.resource/jquery/jquery-plugins.js?ln=primefaces&v=4.0 HTTP/1.1" 304 -
186.84.232.207 - - [28/Jul/2020:02:10:31 -0500] "GET /sipse/faces/javax.faces.resource/layout/layout.js?ln=primefaces&v=4.0 HTTP/1.1" 304 -
186.84.232.207 - - [28/Jul/2020:02:10:31 -0500] "GET /sipse/imagenes/cargando.gif HTTP/1.1" 304 -
66.249.79.107 - - [28/Jul/2020:02:10:35 -0500] "GET /BLA/resoluciones/RESOLUCIONES%202017/0129.pdf HTTP/1.1" 200 464241
186.84.232.207 - - [28/Jul/2020:02:10:38 -0500] "POST /sipse/faces/presentacion/financiero/estudioPrevio/personalSolicitado/personalSolicitadoSolicitudProceso.xhtml HTTP/1.1" 200 36902
186.84.232.207 - - [28/Jul/2020:02:10:38 -0500] "GET /sipse/faces/javax.faces.resource/theme.css?ln=primefaces-sipse HTTP/1.1" 304 -
186.84.232.207 - - [28/Jul/2020:02:10:38 -0500] "GET /sipse/faces/javax.faces.resource/primefaces.css?ln=primefaces&v=4.0 HTTP/1.1" 304 -
186.84.232.207 - - [28/Jul/2020:02:10:38 -0500] "GET /sipse/faces/javax.faces.resource/layout/layout.css?ln=primefaces&v=4.0 HTTP/1.1" 304 -
186.84.232.207 - - [28/Jul/2020:02:10:38 -0500] "GET /sipse/faces/javax.faces.resource/jquery/jquery.js?ln=primefaces&v=4.0 HTTP/1.1" 304 -
186.84.232.207 - - [28/Jul/2020:02:10:38 -0500] "GET /sipse/faces/javax.faces.resource/jquery/jquery-plugins.js?ln=primefaces&v=4.0 HTTP/1.1" 304 -
186.84.232.207 - - [28/Jul/2020:02:10:38 -0500] "GET /sipse/faces/javax.faces.resource/primefaces.js?ln=primefaces&v=4.0 HTTP/1.1" 304 -
186.84.232.207 - - [28/Jul/2020:02:10:38 -0500] "GET /sipse/faces/javax.faces.resource/layout/layout.js?ln=primefaces&v=4.0 HTTP/1.1" 304 -
186.84.232.207 - - [28/Jul/2020:02:10:43 -0500] "POST /sipse/faces/presentacion/financiero/estudioPrevio/personalSolicitado/asociarProfesionPersonalSolicitado.xhtml HTTP/1.1" 200 21346
66.249.79.107 - - [28/Jul/2020:02:10:44 -0500] "GET /BLA/resoluciones/RESOLUCIONES%202009/3146.pdf HTTP/1.1" 200 475351
186.84.232.207 - - [28/Jul/2020:02:10:50 -0500] "POST /sipse/faces/presentacion/financiero/estudioPrevio/personalSolicitado/asociarProfesionPersonalSolicitado.xhtml HTTP/1.1" 200 64725
186.84.232.207 - - [28/Jul/2020:02:10:51 -0500] "GET /sipse/faces/javax.faces.resource/theme.css?ln=primefaces-sipse HTTP/1.1" 304 -
186.84.232.207 - - [28/Jul/2020:02:10:51 -0500] "GET /sipse/faces/javax.faces.resource/primefaces.css?ln=primefaces&v=4.0 HTTP/1.1" 304 -
186.84.232.207 - - [28/Jul/2020:02:10:51 -0500] "GET /sipse/faces/javax.faces.resource/layout/layout.css?ln=primefaces&v=4.0 HTTP/1.1" 304 -
186.84.232.207 - - [28/Jul/2020:02:10:51 -0500] "GET /sipse/faces/javax.faces.resource/jquery/jquery.js?ln=primefaces&v=4.0 HTTP/1.1" 304 -
186.84.232.207 - - [28/Jul/2020:02:10:51 -0500] "GET /sipse/faces/javax.faces.resource/jquery/jquery-plugins.js?ln=primefaces&v=4.0 HTTP/1.1" 304 -
186.84.232.207 - - [28/Jul/2020:02:10:51 -0500] "GET /sipse/faces/javax.faces.resource/primefaces.js?ln=primefaces&v=4.0 HTTP/1.1" 304 -
186.84.232.207 - - [28/Jul/2020:02:10:51 -0500] "GET /sipse/faces/javax.faces.resource/layout/layout.js?ln=primefaces&v=4.0 HTTP/1.1" 304 -
66.249.79.111 - - [28/Jul/2020:02:10:53 -0500] "GET /BLA/resoluciones/RESOLUCIONES%202009/3379.pdf HTTP/1.1" 200 473233
186.84.232.207 - - [28/Jul/2020:02:10:59 -0500] "POST /sipse/faces/presentacion/financiero/estudioPrevio/personalSolicitado/personalSolicitadoSolicitudProceso.xhtml HTTP/1.1" 200 36906
186.84.232.207 - - [28/Jul/2020:02:11:00 -0500] "GET /sipse/faces/javax.faces.resource/theme.css?ln=primefaces-sipse HTTP/1.1" 304 -
186.84.232.207 - - [28/Jul/2020:02:11:00 -0500] "GET /sipse/faces/javax.faces.resource/primefaces.css?ln=primefaces&v=4.0 HTTP/1.1" 304 -
186.84.232.207 - - [28/Jul/2020:02:11:00 -0500] "GET /sipse/faces/javax.faces.resource/layout/layout.css?ln=primefaces&v=4.0 HTTP/1.1" 304 -
186.84.232.207 - - [28/Jul/2020:02:11:00 -0500] "GET /sipse/faces/javax.faces.resource/jquery/jquery.js?ln=primefaces&v=4.0 HTTP/1.1" 304 -
186.84.232.207 - - [28/Jul/2020:02:11:00 -0500] "GET /sipse/faces/javax.faces.resource/jquery/jquery-plugins.js?ln=primefaces&v=4.0 HTTP/1.1" 304 -
186.84.232.207 - - [28/Jul/2020:02:11:00 -0500] "GET /sipse/faces/javax.faces.resource/primefaces.js?ln=primefaces&v=4.0 HTTP/1.1" 304 -
186.84.232.207 - - [28/Jul/2020:02:11:00 -0500] "GET /sipse/faces/javax.faces.resource/layout/layout.js?ln=primefaces&v=4.0 HTTP/1.1" 304 -
66.249.79.107 - - [28/Jul/2020:02:11:01 -0500] "GET /BLA/resoluciones/RESOLUCIONES%202009/3232.pdf HTTP/1.1" 200 415630
186.84.232.207 - - [28/Jul/2020:02:11:04 -0500] "POST /sipse/faces/presentacion/financiero/estudioPrevio/personalSolicitado/asociarProfesionPersonalSolicitado.xhtml HTTP/1.1" 200 21367
186.84.232.207 - - [28/Jul/2020:02:11:07 -0500] "POST /sipse/faces/presentacion/financiero/estudioPrevio/personalSolicitado/asociarProfesionPersonalSolicitado.xhtml HTTP/1.1" 200 65996
186.84.232.207 - - [28/Jul/2020:02:11:07 -0500] "GET /sipse/faces/javax.faces.resource/theme.css?ln=primefaces-sipse HTTP/1.1" 304 -
186.84.232.207 - - [28/Jul/2020:02:11:07 -0500] "GET /sipse/faces/javax.faces.resource/primefaces.css?ln=primefaces&v=4.0 HTTP/1.1" 304 -
186.84.232.207 - - [28/Jul/2020:02:11:07 -0500] "GET /sipse/faces/javax.faces.resource/layout/layout.css?ln=primefaces&v=4.0 HTTP/1.1" 304 -
186.84.232.207 - - [28/Jul/2020:02:11:07 -0500] "GET /sipse/faces/javax.faces.resource/jquery/jquery.js?ln=primefaces&v=4.0 HTTP/1.1" 304 -
186.84.232.207 - - [28/Jul/2020:02:11:07 -0500] "GET /sipse/faces/javax.faces.resource/jquery/jquery-plugins.js?ln=primefaces&v=4.0 HTTP/1.1" 304 -
186.84.232.207 - - [28/Jul/2020:02:11:07 -0500] "GET /sipse/faces/javax.faces.resource/primefaces.js?ln=primefaces&v=4.0 HTTP/1.1" 304 -
186.84.232.207 - - [28/Jul/2020:02:11:07 -0500] "GET /sipse/faces/javax.faces.resource/layout/layout.js?ln=primefaces&v=4.0 HTTP/1.1" 304 -
66.249.79.107 - - [28/Jul/2020:02:11:09 -0500] "GET /BLA/resoluciones/RESOLUCIONES%202012/0958.pdf HTTP/1.1" 200 468764
186.84.232.207 - - [28/Jul/2020:02:11:09 -0500] "POST /sipse/faces/presentacion/financiero/estudioPrevio/personalSolicitado/personalSolicitadoSolicitudProceso.xhtml HTTP/1.1" 200 36910
186.84.232.207 - - [28/Jul/2020:02:11:09 -0500] "GET /sipse/faces/javax.faces.resource/primefaces.css?ln=primefaces&v=4.0 HTTP/1.1" 304 -
186.84.232.207 - - [28/Jul/2020:02:11:09 -0500] "GET /sipse/faces/javax.faces.resource/theme.css?ln=primefaces-sipse HTTP/1.1" 304 -
186.84.232.207 - - [28/Jul/2020:02:11:09 -0500] "GET /sipse/faces/javax.faces.resource/layout/layout.css?ln=primefaces&v=4.0 HTTP/1.1" 304 -
186.84.232.207 - - [28/Jul/2020:02:11:09 -0500] "GET /sipse/faces/javax.faces.resource/jquery/jquery.js?ln=primefaces&v=4.0 HTTP/1.1" 304 -
186.84.232.207 - - [28/Jul/2020:02:11:09 -0500] "GET /sipse/faces/javax.faces.resource/jquery/jquery-plugins.js?ln=primefaces&v=4.0 HTTP/1.1" 304 -
186.84.232.207 - - [28/Jul/2020:02:11:09 -0500] "GET /sipse/faces/javax.faces.resource/primefaces.js?ln=primefaces&v=4.0 HTTP/1.1" 304 -
186.84.232.207 - - [28/Jul/2020:02:11:10 -0500] "GET /sipse/faces/javax.faces.resource/layout/layout.js?ln=primefaces&v=4.0 HTTP/1.1" 304 -
186.84.232.207 - - [28/Jul/2020:02:11:12 -0500] "POST /sipse/faces/presentacion/financiero/estudioPrevio/personalSolicitado/asociarProfesionPersonalSolicitado.xhtml HTTP/1.1" 200 1419
186.84.232.207 - - [28/Jul/2020:02:11:14 -0500] "POST /sipse/faces/presentacion/financiero/estudioPrevio/personalSolicitado/asociarProfesionPersonalSolicitado.xhtml HTTP/1.1" 200 21212
186.84.232.207 - - [28/Jul/2020:02:11:15 -0500] "POST /sipse/faces/presentacion/financiero/estudioPrevio/personalSolicitado/asociarProfesionPersonalSolicitado.xhtml HTTP/1.1" 200 21216
66.249.79.107 - - [28/Jul/2020:02:11:18 -0500] "GET /BLA/resoluciones/RESOLUCIONES%202009/2112.pdf HTTP/1.1" 200 290529
66.249.79.107 - - [28/Jul/2020:02:11:26 -0500] "GET /BLA/resoluciones/RESOLUCIONES%202009/9678.pdf HTTP/1.1" 200 533107
186.84.22.0 - - [28/Jul/2020:02:11:29 -0500] "POST /sipse/faces/presentacion/financiero/solicitudProceso/consultarSolicitudProceso.xhtml HTTP/1.1" 200 1550840
69.162.124.227 - - [28/Jul/2020:02:11:35 -0500] "HEAD / HTTP/1.1" 200 -
66.249.79.109 - - [28/Jul/2020:02:11:36 -0500] "GET /BLA/resoluciones/RESOLUCIONES%202008/3102.pdf HTTP/1.1" 200 234583
186.84.232.207 - - [28/Jul/2020:02:11:36 -0500] "POST /sipse/faces/presentacion/financiero/estudioPrevio/personalSolicitado/asociarProfesionPersonalSolicitado.xhtml HTTP/1.1" 200 66066
186.84.232.207 - - [28/Jul/2020:02:11:36 -0500] "GET /sipse/faces/javax.faces.resource/primefaces.css?ln=primefaces&v=4.0 HTTP/1.1" 304 -
186.84.232.207 - - [28/Jul/2020:02:11:36 -0500] "GET /sipse/faces/javax.faces.resource/theme.css?ln=primefaces-sipse HTTP/1.1" 304 -
186.84.232.207 - - [28/Jul/2020:02:11:36 -0500] "GET /sipse/faces/javax.faces.resource/jquery/jquery.js?ln=primefaces&v=4.0 HTTP/1.1" 304 -
186.84.232.207 - - [28/Jul/2020:02:11:36 -0500] "GET /sipse/faces/javax.faces.resource/layout/layout.css?ln=primefaces&v=4.0 HTTP/1.1" 304 -
186.84.232.207 - - [28/Jul/2020:02:11:36 -0500] "GET /sipse/faces/javax.faces.resource/jquery/jquery-plugins.js?ln=primefaces&v=4.0 HTTP/1.1" 304 -
186.84.232.207 - - [28/Jul/2020:02:11:36 -0500] "GET /sipse/faces/javax.faces.resource/primefaces.js?ln=primefaces&v=4.0 HTTP/1.1" 304 -
186.84.232.207 - - [28/Jul/2020:02:11:36 -0500] "GET /sipse/faces/javax.faces.resource/layout/layout.js?ln=primefaces&v=4.0 HTTP/1.1" 304 -
186.84.232.207 - - [28/Jul/2020:02:11:42 -0500] "POST /sipse/faces/presentacion/financiero/estudioPrevio/personalSolicitado/personalSolicitadoSolicitudProceso.xhtml HTTP/1.1" 200 36914
186.84.232.207 - - [28/Jul/2020:02:11:42 -0500] "GET /sipse/faces/javax.faces.resource/theme.css?ln=primefaces-sipse HTTP/1.1" 304 -
186.84.232.207 - - [28/Jul/2020:02:11:42 -0500] "GET /sipse/faces/javax.faces.resource/primefaces.css?ln=primefaces&v=4.0 HTTP/1.1" 304 -
186.84.232.207 - - [28/Jul/2020:02:11:42 -0500] "GET /sipse/faces/javax.faces.resource/layout/layout.css?ln=primefaces&v=4.0 HTTP/1.1" 304 -
186.84.232.207 - - [28/Jul/2020:02:11:42 -0500] "GET /sipse/faces/javax.faces.resource/jquery/jquery.js?ln=primefaces&v=4.0 HTTP/1.1" 304 -
186.84.232.207 - - [28/Jul/2020:02:11:42 -0500] "GET /sipse/faces/javax.faces.resource/jquery/jquery-plugins.js?ln=primefaces&v=4.0 HTTP/1.1" 304 -
186.84.232.207 - - [28/Jul/2020:02:11:42 -0500] "GET /sipse/faces/javax.faces.resource/primefaces.js?ln=primefaces&v=4.0 HTTP/1.1" 304 -
186.84.232.207 - - [28/Jul/2020:02:11:42 -0500] "GET /sipse/faces/javax.faces.resource/layout/layout.js?ln=primefaces&v=4.0 HTTP/1.1" 304 -
66.249.79.107 - - [28/Jul/2020:02:11:44 -0500] "GET /BLA/resoluciones/RESOLUCIONES%202009/3772.pdf HTTP/1.1" 200 62262
186.84.232.207 - - [28/Jul/2020:02:11:45 -0500] "POST /sipse/faces/presentacion/financiero/estudioPrevio/personalSolicitado/asociarProfesionPersonalSolicitado.xhtml HTTP/1.1" 200 21350
186.84.232.207 - - [28/Jul/2020:02:11:48 -0500] "POST /sipse/faces/presentacion/financiero/estudioPrevio/personalSolicitado/asociarProfesionPersonalSolicitado.xhtml HTTP/1.1" 200 66066
186.84.232.207 - - [28/Jul/2020:02:11:48 -0500] "GET /sipse/faces/javax.faces.resource/primefaces.css?ln=primefaces&v=4.0 HTTP/1.1" 304 -
186.84.232.207 - - [28/Jul/2020:02:11:48 -0500] "GET /sipse/faces/javax.faces.resource/theme.css?ln=primefaces-sipse HTTP/1.1" 304 -
186.84.232.207 - - [28/Jul/2020:02:11:48 -0500] "GET /sipse/faces/javax.faces.resource/layout/layout.css?ln=primefaces&v=4.0 HTTP/1.1" 304 -
186.84.232.207 - - [28/Jul/2020:02:11:48 -0500] "GET /sipse/faces/javax.faces.resource/jquery/jquery-plugins.js?ln=primefaces&v=4.0 HTTP/1.1" 304 -
186.84.232.207 - - [28/Jul/2020:02:11:48 -0500] "GET /sipse/faces/javax.faces.resource/jquery/jquery.js?ln=primefaces&v=4.0 HTTP/1.1" 304 -
186.84.232.207 - - [28/Jul/2020:02:11:48 -0500] "GET /sipse/faces/javax.faces.resource/primefaces.js?ln=primefaces&v=4.0 HTTP/1.1" 304 -
186.84.232.207 - - [28/Jul/2020:02:11:48 -0500] "GET /sipse/faces/javax.faces.resource/layout/layout.js?ln=primefaces&v=4.0 HTTP/1.1" 304 -
186.84.232.207 - - [28/Jul/2020:02:11:50 -0500] "POST /sipse/faces/presentacion/financiero/estudioPrevio/personalSolicitado/personalSolicitadoSolicitudProceso.xhtml HTTP/1.1" 200 36917
186.84.232.207 - - [28/Jul/2020:02:11:50 -0500] "GET /sipse/faces/javax.faces.resource/theme.css?ln=primefaces-sipse HTTP/1.1" 304 -
186.84.232.207 - - [28/Jul/2020:02:11:50 -0500] "GET /sipse/faces/javax.faces.resource/primefaces.css?ln=primefaces&v=4.0 HTTP/1.1" 304 -
186.84.232.207 - - [28/Jul/2020:02:11:50 -0500] "GET /sipse/faces/javax.faces.resource/layout/layout.css?ln=primefaces&v=4.0 HTTP/1.1" 304 -
186.84.232.207 - - [28/Jul/2020:02:11:50 -0500] "GET /sipse/faces/javax.faces.resource/jquery/jquery.js?ln=primefaces&v=4.0 HTTP/1.1" 304 -
186.84.232.207 - - [28/Jul/2020:02:11:50 -0500] "GET /sipse/faces/javax.faces.resource/jquery/jquery-plugins.js?ln=primefaces&v=4.0 HTTP/1.1" 304 -
186.84.232.207 - - [28/Jul/2020:02:11:50 -0500] "GET /sipse/faces/javax.faces.resource/primefaces.js?ln=primefaces&v=4.0 HTTP/1.1" 304 -
186.84.232.207 - - [28/Jul/2020:02:11:50 -0500] "GET /sipse/faces/javax.faces.resource/layout/layout.js?ln=primefaces&v=4.0 HTTP/1.1" 304 -
66.249.79.107 - - [28/Jul/2020:02:11:52 -0500] "GET /BLA/resoluciones/RESOLUCIONES%202008/0124.pdf HTTP/1.1" 200 286191
186.84.232.207 - - [28/Jul/2020:02:11:52 -0500] "POST /sipse/faces/presentacion/financiero/estudioPrevio/personalSolicitado/asociarProfesionPersonalSolicitado.xhtml HTTP/1.1" 200 21231
186.84.232.207 - - [28/Jul/2020:02:11:53 -0500] "POST /sipse/faces/presentacion/financiero/estudioPrevio/personalSolicitado/asociarProfesionPersonalSolicitado.xhtml HTTP/1.1" 200 1415
186.84.232.207 - - [28/Jul/2020:02:11:55 -0500] "POST /sipse/faces/presentacion/financiero/estudioPrevio/personalSolicitado/asociarProfesionPersonalSolicitado.xhtml HTTP/1.1" 200 21231
186.84.232.207 - - [28/Jul/2020:02:11:57 -0500] "POST /sipse/faces/presentacion/financiero/estudioPrevio/personalSolicitado/asociarProfesionPersonalSolicitado.xhtml HTTP/1.1" 200 1415
186.84.232.207 - - [28/Jul/2020:02:11:59 -0500] "POST /sipse/faces/presentacion/financiero/estudioPrevio/personalSolicitado/asociarProfesionPersonalSolicitado.xhtml HTTP/1.1" 200 21231
186.84.232.207 - - [28/Jul/2020:02:12:00 -0500] "POST /sipse/faces/presentacion/financiero/estudioPrevio/personalSolicitado/asociarProfesionPersonalSolicitado.xhtml HTTP/1.1" 200 21232
66.249.79.107 - - [28/Jul/2020:02:12:00 -0500] "GET /BLA/resoluciones/RESOLUCIONES%202009/8658.pdf HTTP/1.1" 200 96458
186.84.232.207 - - [28/Jul/2020:02:12:01 -0500] "POST /sipse/faces/presentacion/financiero/estudioPrevio/personalSolicitado/asociarProfesionPersonalSolicitado.xhtml HTTP/1.1" 200 21243
186.84.232.207 - - [28/Jul/2020:02:12:01 -0500] "POST /sipse/faces/presentacion/financiero/estudioPrevio/personalSolicitado/asociarProfesionPersonalSolicitado.xhtml HTTP/1.1" 200 21315
186.84.232.207 - - [28/Jul/2020:02:12:02 -0500] "POST /sipse/faces/presentacion/financiero/estudioPrevio/personalSolicitado/asociarProfesionPersonalSolicitado.xhtml HTTP/1.1" 200 21319
186.84.232.207 - - [28/Jul/2020:02:12:05 -0500] "POST /sipse/faces/presentacion/financiero/estudioPrevio/personalSolicitado/asociarProfesionPersonalSolicitado.xhtml HTTP/1.1" 200 66066
186.84.232.207 - - [28/Jul/2020:02:12:05 -0500] "GET /sipse/faces/javax.faces.resource/theme.css?ln=primefaces-sipse HTTP/1.1" 304 -
186.84.232.207 - - [28/Jul/2020:02:12:05 -0500] "GET /sipse/faces/javax.faces.resource/primefaces.css?ln=primefaces&v=4.0 HTTP/1.1" 304 -
186.84.232.207 - - [28/Jul/2020:02:12:05 -0500] "GET /sipse/faces/javax.faces.resource/layout/layout.css?ln=primefaces&v=4.0 HTTP/1.1" 304 -
186.84.232.207 - - [28/Jul/2020:02:12:05 -0500] "GET /sipse/faces/javax.faces.resource/primefaces.js?ln=primefaces&v=4.0 HTTP/1.1" 304 -
186.84.232.207 - - [28/Jul/2020:02:12:05 -0500] "GET /sipse/faces/javax.faces.resource/jquery/jquery.js?ln=primefaces&v=4.0 HTTP/1.1" 304 -
186.84.232.207 - - [28/Jul/2020:02:12:05 -0500] "GET /sipse/faces/javax.faces.resource/jquery/jquery-plugins.js?ln=primefaces&v=4.0 HTTP/1.1" 304 -
186.84.232.207 - - [28/Jul/2020:02:12:05 -0500] "GET /sipse/faces/javax.faces.resource/layout/layout.js?ln=primefaces&v=4.0 HTTP/1.1" 304 -
66.249.79.107 - - [28/Jul/2020:02:12:08 -0500] "GET /BLA/resoluciones/RESOLUCIONES%202009/8522.pdf HTTP/1.1" 200 102588
186.84.232.207 - - [28/Jul/2020:02:12:09 -0500] "POST /sipse/faces/presentacion/financiero/estudioPrevio/personalSolicitado/personalSolicitadoSolicitudProceso.xhtml HTTP/1.1" 200 36922
186.84.232.207 - - [28/Jul/2020:02:12:10 -0500] "GET /sipse/faces/javax.faces.resource/theme.css?ln=primefaces-sipse HTTP/1.1" 304 -
186.84.232.207 - - [28/Jul/2020:02:12:10 -0500] "GET /sipse/faces/javax.faces.resource/primefaces.css?ln=primefaces&v=4.0 HTTP/1.1" 304 -
186.84.232.207 - - [28/Jul/2020:02:12:10 -0500] "GET /sipse/faces/javax.faces.resource/layout/layout.css?ln=primefaces&v=4.0 HTTP/1.1" 304 -
186.84.232.207 - - [28/Jul/2020:02:12:10 -0500] "GET /sipse/faces/javax.faces.resource/jquery/jquery.js?ln=primefaces&v=4.0 HTTP/1.1" 304 -
186.84.232.207 - - [28/Jul/2020:02:12:10 -0500] "GET /sipse/faces/javax.faces.resource/jquery/jquery-plugins.js?ln=primefaces&v=4.0 HTTP/1.1" 304 -
186.84.232.207 - - [28/Jul/2020:02:12:10 -0500] "GET /sipse/faces/javax.faces.resource/primefaces.js?ln=primefaces&v=4.0 HTTP/1.1" 304 -
186.84.232.207 - - [28/Jul/2020:02:12:10 -0500] "GET /sipse/faces/javax.faces.resource/layout/layout.js?ln=primefaces&v=4.0 HTTP/1.1" 304 -
186.84.22.0 - - [28/Jul/2020:02:12:11 -0500] "POST /sipse/faces/presentacion/financiero/solicitudProceso/consultarSolicitudProceso.xhtml HTTP/1.1" 200 3076148
186.84.232.207 - - [28/Jul/2020:02:12:13 -0500] "POST /sipse/faces/presentacion/financiero/estudioPrevio/personalSolicitado/asociarProfesionPersonalSolicitado.xhtml HTTP/1.1" 200 21145
66.249.79.107 - - [28/Jul/2020:02:12:16 -0500] "GET /BLA/resoluciones/RESOLUCIONES%202008/1195.pdf HTTP/1.1" 200 312851
201.245.192.253 - - [28/Jul/2020:02:12:20 -0500] "GET /kwsrmcab/Wsrmcab?wsdl HTTP/1.1" 200 5118
40.77.167.182 - - [28/Jul/2020:02:12:21 -0500] "-" 408 -
66.249.79.107 - - [28/Jul/2020:02:12:25 -0500] "GET /BLA/resoluciones/RESOLUCIONES%202009/3876.pdf HTTP/1.1" 200 1114870
186.84.232.207 - - [28/Jul/2020:02:12:31 -0500] "POST /sipse/faces/presentacion/financiero/estudioPrevio/personalSolicitado/asociarProfesionPersonalSolicitado.xhtml HTTP/1.1" 200 66066
186.84.232.207 - - [28/Jul/2020:02:12:31 -0500] "GET /sipse/faces/javax.faces.resource/theme.css?ln=primefaces-sipse HTTP/1.1" 304 -
186.84.232.207 - - [28/Jul/2020:02:12:31 -0500] "GET /sipse/faces/javax.faces.resource/primefaces.css?ln=primefaces&v=4.0 HTTP/1.1" 304 -
186.84.232.207 - - [28/Jul/2020:02:12:31 -0500] "GET /sipse/faces/javax.faces.resource/layout/layout.css?ln=primefaces&v=4.0 HTTP/1.1" 304 -
186.84.232.207 - - [28/Jul/2020:02:12:31 -0500] "GET /sipse/faces/javax.faces.resource/jquery/jquery.js?ln=primefaces&v=4.0 HTTP/1.1" 304 -
186.84.232.207 - - [28/Jul/2020:02:12:31 -0500] "GET /sipse/faces/javax.faces.resource/primefaces.js?ln=primefaces&v=4.0 HTTP/1.1" 304 -
186.84.232.207 - - [28/Jul/2020:02:12:31 -0500] "GET /sipse/faces/javax.faces.resource/jquery/jquery-plugins.js?ln=primefaces&v=4.0 HTTP/1.1" 304 -
186.84.232.207 - - [28/Jul/2020:02:12:31 -0500] "GET /sipse/faces/javax.faces.resource/layout/layout.js?ln=primefaces&v=4.0 HTTP/1.1" 304 -
66.249.79.109 - - [28/Jul/2020:02:12:32 -0500] "GET /BLA/resoluciones/AUTOS%202012/1842.pdf HTTP/1.1" 200 643788
186.84.22.0 - - [28/Jul/2020:02:12:12 -0500] "POST /sipse/faces/presentacion/financiero/solicitudProceso/consultarSolicitudProceso.xhtml HTTP/1.1" 200 3076148
186.84.22.0 - - [28/Jul/2020:02:12:31 -0500] "POST /sipse/faces/presentacion/financiero/solicitudProceso/consultarSolicitudProceso.xhtml HTTP/1.1" 200 2620461
186.84.22.0 - - [28/Jul/2020:02:12:26 -0500] "POST /sipse/faces/presentacion/financiero/solicitudProceso/consultarSolicitudProceso.xhtml HTTP/1.1" 200 2620461
186.84.22.0 - - [28/Jul/2020:02:12:29 -0500] "POST /sipse/faces/presentacion/financiero/solicitudProceso/consultarSolicitudProceso.xhtml HTTP/1.1" 200 2620461
66.249.79.109 - - [28/Jul/2020:02:12:40 -0500] "GET /BLA/resoluciones/RESOLUCIONES%202008/4935.pdf HTTP/1.1" 200 215285
66.249.68.33 - - [28/Jul/2020:02:12:42 -0500] "-" 408 -
66.249.79.109 - - [28/Jul/2020:02:12:48 -0500] "GET /BLA/resoluciones/RESOLUCIONES%202009/8617.pdf HTTP/1.1" 200 101825
66.249.79.109 - - [28/Jul/2020:02:12:56 -0500] "GET /BLA/resoluciones/RESOLUCIONES%202009/9092.pdf HTTP/1.1" 200 473577
66.249.79.107 - - [28/Jul/2020:02:13:05 -0500] "GET /BLA/resoluciones/RESOLUCIONES%202009/1651.pdf HTTP/1.1" 200 438389
186.84.232.207 - - [28/Jul/2020:02:13:13 -0500] "GET /sipse/faces/javax.faces.resource/theme.css?ln=primefaces-sipse HTTP/1.1" 304 -
186.84.232.207 - - [28/Jul/2020:02:13:12 -0500] "POST /sipse/faces/presentacion/financiero/estudioPrevio/personalSolicitado/personalSolicitadoSolicitudProceso.xhtml HTTP/1.1" 200 186770
186.84.232.207 - - [28/Jul/2020:02:13:13 -0500] "GET /sipse/faces/javax.faces.resource/primefaces.css?ln=primefaces&v=4.0 HTTP/1.1" 304 -
186.84.232.207 - - [28/Jul/2020:02:13:13 -0500] "GET /sipse/faces/javax.faces.resource/layout/layout.css?ln=primefaces&v=4.0 HTTP/1.1" 304 -
186.84.232.207 - - [28/Jul/2020:02:13:13 -0500] "GET /sipse/faces/javax.faces.resource/jquery/jquery.js?ln=primefaces&v=4.0 HTTP/1.1" 304 -
186.84.232.207 - - [28/Jul/2020:02:13:13 -0500] "GET /sipse/faces/javax.faces.resource/jquery/jquery-plugins.js?ln=primefaces&v=4.0 HTTP/1.1" 304 -
186.84.232.207 - - [28/Jul/2020:02:13:13 -0500] "GET /sipse/faces/javax.faces.resource/primefaces.js?ln=primefaces&v=4.0 HTTP/1.1" 304 -
186.84.232.207 - - [28/Jul/2020:02:13:13 -0500] "GET /sipse/faces/javax.faces.resource/layout/layout.js?ln=primefaces&v=4.0 HTTP/1.1" 304 -
190.27.245.107 - - [28/Jul/2020:02:13:13 -0500] "GET /reportes_sipse/sdg/ServletReporte?reporte=experienia_idoneidad&solicitud=9946&pfdrid_c=false HTTP/1.1" 200 182569
66.249.79.107 - - [28/Jul/2020:02:13:19 -0500] "GET /BLA/resoluciones/AUTOS%202013/0761.pdf HTTP/1.1" 200 1680685
201.245.192.253 - - [28/Jul/2020:02:12:20 -0500] "POST /kwsrmcab/Wsrmcab HTTP/1.1" 200 30790
201.245.192.253 - - [28/Jul/2020:02:12:20 -0500] "POST /kwsrmcab/Wsrmcab HTTP/1.1" 200 29300
66.249.79.107 - - [28/Jul/2020:02:13:26 -0500] "GET /BLA/resoluciones/RESOLUCIONES%202008/1698.pdf HTTP/1.1" 200 204743
186.84.232.207 - - [28/Jul/2020:02:13:25 -0500] "POST /sipse/faces/presentacion/financiero/solicitudProceso/consultarSolicitudProceso.xhtml HTTP/1.1" 200 44025
186.84.232.207 - - [28/Jul/2020:02:13:28 -0500] "GET /sipse/faces/javax.faces.resource/theme.css?ln=primefaces-sipse HTTP/1.1" 304 -
186.84.232.207 - - [28/Jul/2020:02:13:28 -0500] "GET /sipse/faces/javax.faces.resource/primefaces.css?ln=primefaces&v=4.0 HTTP/1.1" 304 -
186.84.232.207 - - [28/Jul/2020:02:13:28 -0500] "GET /sipse/faces/javax.faces.resource/layout/layout.css?ln=primefaces&v=4.0 HTTP/1.1" 304 -
186.84.232.207 - - [28/Jul/2020:02:13:28 -0500] "GET /sipse/faces/javax.faces.resource/jquery/jquery.js?ln=primefaces&v=4.0 HTTP/1.1" 304 -
186.84.232.207 - - [28/Jul/2020:02:13:28 -0500] "GET /sipse/faces/javax.faces.resource/jquery/jquery-plugins.js?ln=primefaces&v=4.0 HTTP/1.1" 304 -
186.84.232.207 - - [28/Jul/2020:02:13:28 -0500] "GET /sipse/faces/javax.faces.resource/primefaces.js?ln=primefaces&v=4.0 HTTP/1.1" 304 -
186.84.232.207 - - [28/Jul/2020:02:13:28 -0500] "GET /sipse/faces/javax.faces.resource/layout/layout.js?ln=primefaces&v=4.0 HTTP/1.1" 304 -
186.84.232.207 - - [28/Jul/2020:02:13:28 -0500] "POST /sipse/faces/presentacion/financiero/solicitudProceso/listarSolicitudProceso.xhtml HTTP/1.1" 200 1356
66.249.79.109 - - [28/Jul/2020:02:13:31 -0500] "GET /BLA/resoluciones/RESOLUCIONES%202008/0211.pdf HTTP/1.1" 200 278415
66.249.79.111 - - [28/Jul/2020:02:13:38 -0500] "GET /BLA/resoluciones/RESOLUCIONES%202008/3911.pdf HTTP/1.1" 200 234193
186.84.232.207 - - [28/Jul/2020:02:13:38 -0500] "POST /sipse/faces/presentacion/financiero/solicitudProceso/listarSolicitudProceso.xhtml HTTP/1.1" 200 911
186.84.232.207 - - [28/Jul/2020:02:13:41 -0500] "GET /sipse/faces/presentacion/financiero/estudioPrevio/personalSolicitado/faces/autenticacion HTTP/1.1" 302 -
186.84.232.207 - - [28/Jul/2020:02:13:41 -0500] "GET /sipse/faces/autenticacion.xhtml HTTP/1.1" 200 12170
186.84.232.207 - - [28/Jul/2020:02:13:41 -0500] "GET /sipse/faces/javax.faces.resource/theme.css?ln=primefaces-sipse HTTP/1.1" 304 -
186.84.232.207 - - [28/Jul/2020:02:13:41 -0500] "GET /sipse/faces/javax.faces.resource/primefaces.css?ln=primefaces&v=4.0 HTTP/1.1" 304 -
186.84.232.207 - - [28/Jul/2020:02:13:41 -0500] "GET /sipse/faces/javax.faces.resource/layout/layout.css?ln=primefaces&v=4.0 HTTP/1.1" 304 -
186.84.232.207 - - [28/Jul/2020:02:13:41 -0500] "GET /sipse/faces/javax.faces.resource/jquery/jquery-plugins.js?ln=primefaces&v=4.0 HTTP/1.1" 304 -
186.84.232.207 - - [28/Jul/2020:02:13:41 -0500] "GET /sipse/css/custom_css_sg_prime_login.css HTTP/1.1" 304 -
186.84.232.207 - - [28/Jul/2020:02:13:41 -0500] "GET /sipse/faces/javax.faces.resource/jquery/jquery.js?ln=primefaces&v=4.0 HTTP/1.1" 304 -
186.84.232.207 - - [28/Jul/2020:02:13:41 -0500] "GET /sipse/faces/javax.faces.resource/primefaces.js?ln=primefaces&v=4.0 HTTP/1.1" 304 -
186.84.232.207 - - [28/Jul/2020:02:13:41 -0500] "GET /sipse/faces/javax.faces.resource/layout/layout.js?ln=primefaces&v=4.0 HTTP/1.1" 304 -
186.84.232.207 - - [28/Jul/2020:02:13:41 -0500] "GET /sipse/css/imagen/loginimg.png HTTP/1.1" 304 -
40.77.167.215 - - [28/Jul/2020:02:13:44 -0500] "-" 408 -
66.249.79.111 - - [28/Jul/2020:02:13:45 -0500] "GET /BLA/resoluciones/RESOLUCIONES%202009/0424.pdf HTTP/1.1" 200 198426
186.84.22.0 - - [28/Jul/2020:02:13:46 -0500] "POST /sipse/faces/presentacion/financiero/solicitudProceso/consultarSolicitudProceso.xhtml HTTP/1.1" 200 99423
186.84.232.207 - - [28/Jul/2020:02:13:51 -0500] "POST /sipse/faces/autenticacion.xhtml HTTP/1.1" 200 16480
186.84.232.207 - - [28/Jul/2020:02:13:51 -0500] "GET /sipse/faces/javax.faces.resource/theme.css?ln=primefaces-sipse HTTP/1.1" 304 -
186.84.232.207 - - [28/Jul/2020:02:13:51 -0500] "GET /sipse/faces/javax.faces.resource/primefaces.css?ln=primefaces&v=4.0 HTTP/1.1" 304 -
186.84.232.207 - - [28/Jul/2020:02:13:51 -0500] "GET /sipse/faces/javax.faces.resource/layout/layout.css?ln=primefaces&v=4.0 HTTP/1.1" 304 -
186.84.232.207 - - [28/Jul/2020:02:13:52 -0500] "GET /sipse/faces/javax.faces.resource/jquery/jquery.js?ln=primefaces&v=4.0 HTTP/1.1" 304 -
186.84.232.207 - - [28/Jul/2020:02:13:52 -0500] "GET /sipse/faces/javax.faces.resource/jquery/jquery-plugins.js?ln=primefaces&v=4.0 HTTP/1.1" 304 -
