!C99Shell v. 1.0 pre-release build #13!

Software: Apache. PHP/5.5.15 

uname -a: Windows NT SVR-DMZ 6.1 build 7600 (Windows Server 2008 R2 Enterprise Edition) i586 

SYSTEM 

Safe-mode: OFF (not secure)

E:\nuevo\apache\logs\   drwxrwxrwx
Free 9.41 GB of 239.26 GB (3.93%)
Detected drives: [ a ] [ c ] [ d ] [ e ] [ f ]
Home    Back    Forward    UPDIR    Refresh    Search    Buffer    Encoder    Tools    Proc.    FTP brute    Sec.    SQL    PHP-code    Update    Feedback    Self remove    Logout    


Viewing file:     access.2020.07.28.log (20.22 MB)      -rw-rw-rw-
Select action/file-type:
(+) | (+) | (+) | Code (+) | Session (+) | (+) | SDB (+) | (+) | (+) | (+) | (+) | (+) |
66.249.79.107 - - [28/Jul/2020:00:00:00 -0500] "GET /BLA/resoluciones/RESOLUCIONES%202009/2081.pdf HTTP/1.1" 200 561575
66.249.79.107 - - [28/Jul/2020:00:00:09 -0500] "GET /BLA/resoluciones/AUTOS%202010/6404.pdf HTTP/1.1" 200 103650
66.249.79.107 - - [28/Jul/2020:00:00:17 -0500] "GET /BLA/resoluciones/RESOLUCIONES%202009/3485.pdf HTTP/1.1" 200 680212
66.249.79.109 - - [28/Jul/2020:00:00:27 -0500] "GET /BLA/resoluciones/AUTOS%202012/1710.pdf HTTP/1.1" 200 211910
66.249.79.107 - - [28/Jul/2020:00:00:33 -0500] "GET /BLA/resoluciones/AUTOS%202017/0325.pdf HTTP/1.1" 200 300743
66.249.79.109 - - [28/Jul/2020:00:00:40 -0500] "GET /BLA/resoluciones/RESOLUCIONES%202010/4631.pdf HTTP/1.1" 200 336226
66.249.79.107 - - [28/Jul/2020:00:00:49 -0500] "GET /BLA/resoluciones/RESOLUCIONES%202009/2565.pdf HTTP/1.1" 200 422760
66.249.79.111 - - [28/Jul/2020:00:00:58 -0500] "GET /BLA/resoluciones/RESOLUCIONES%202009/5830.pdf HTTP/1.1" 200 518723
66.249.79.107 - - [28/Jul/2020:00:01:05 -0500] "GET /BLA/resoluciones/RESOLUCIONES%202009/8103.pdf HTTP/1.1" 200 492141
186.85.92.4 - - [28/Jul/2020:00:01:08 -0500] "GET /BLA/boletinlegal/js/jquery.scrollShow.js HTTP/1.1" 200 4586
186.85.92.4 - - [28/Jul/2020:00:01:08 -0500] "GET /galeria/galeria/jquery.fancybox.js?v=2.1.5 HTTP/1.1" 200 48706
186.85.92.4 - - [28/Jul/2020:00:01:08 -0500] "GET /galeria/galeria/jquery.fancybox.css?v=2.1.5 HTTP/1.1" 200 4895
66.249.79.107 - - [28/Jul/2020:00:01:12 -0500] "GET /BLA/resoluciones/RESOLUCIONES%202008/0737.pdf HTTP/1.1" 200 400065
66.249.79.107 - - [28/Jul/2020:00:01:21 -0500] "GET /BLA/resoluciones/AUTOS%202013/3366.pdf HTTP/1.1" 200 464642
181.60.39.228 - - [28/Jul/2020:00:01:25 -0500] "-" 408 -
66.249.79.107 - - [28/Jul/2020:00:01:30 -0500] "GET /BLA/resoluciones/RESOLUCIONES%202009/2530.pdf HTTP/1.1" 200 484704
69.162.124.227 - - [28/Jul/2020:00:01:35 -0500] "HEAD / HTTP/1.1" 200 -
66.249.79.107 - - [28/Jul/2020:00:01:39 -0500] "GET /BLA/resoluciones/RESOLUCIONES%202009/0089.pdf HTTP/1.1" 200 186518
181.60.39.228 - - [28/Jul/2020:00:01:45 -0500] "-" 408 -
66.249.79.107 - - [28/Jul/2020:00:01:47 -0500] "GET /BLA/resoluciones/RESOLUCIONES%202012/1142.pdf HTTP/1.1" 200 682270
66.249.79.111 - - [28/Jul/2020:00:01:57 -0500] "GET /BLA/resoluciones/RESOLUCIONES%202009/3047.pdf HTTP/1.1" 200 379120
190.226.235.58 - - [28/Jul/2020:00:02:03 -0500] "GET /galeria/galeria/jquery.fancybox.css?v=2.1.5 HTTP/1.1" 200 4895
190.226.235.58 - - [28/Jul/2020:00:02:03 -0500] "GET /BLA/boletinlegal/js/jquery.scrollShow.js HTTP/1.1" 200 4586
190.226.235.58 - - [28/Jul/2020:00:02:03 -0500] "GET /galeria/galeria/jquery.fancybox.js?v=2.1.5 HTTP/1.1" 200 48706
66.249.79.109 - - [28/Jul/2020:00:02:11 -0500] "GET /BLA/resoluciones/RESOLUCIONES%202007/RES%202007%202201%20AL%202300/RESOLUCION%202252%20DE%202007.pdf HTTP/1.1" 200 417497
66.249.79.107 - - [28/Jul/2020:00:02:18 -0500] "GET /BLA/resoluciones/RESOLUCIONES%202012/1594.pdf HTTP/1.1" 200 465026
66.249.79.107 - - [28/Jul/2020:00:02:25 -0500] "GET /BLA/resoluciones/RESOLUCIONES%202008/3582.pdf HTTP/1.1" 200 333707
181.60.39.228 - - [28/Jul/2020:00:02:25 -0500] "-" 408 -
66.249.79.109 - - [28/Jul/2020:00:02:34 -0500] "GET /BLA/resoluciones/RESOLUCIONES%202009/8022.pdf HTTP/1.1" 200 1716701
66.249.79.107 - - [28/Jul/2020:00:02:40 -0500] "GET /BLA/resoluciones/AUTOS%202012/1856.pdf HTTP/1.1" 200 264609
66.249.79.107 - - [28/Jul/2020:00:02:48 -0500] "GET /BLA/resoluciones/RESOLUCIONES%202009/7580.pdf HTTP/1.1" 200 496075
66.249.79.111 - - [28/Jul/2020:00:02:58 -0500] "GET /BLA/resoluciones/RESOLUCIONES%202007/RES%202007%201301%20AL%201400/RESOLUCION%201302%20DE%202007.pdf HTTP/1.1" 200 389529
190.237.31.2 - - [28/Jul/2020:00:03:00 -0500] "GET /galeria/galeria/jquery.fancybox.css?v=2.1.5 HTTP/1.1" 200 4895
190.237.31.2 - - [28/Jul/2020:00:03:00 -0500] "GET /BLA/boletinlegal/js/jquery.scrollShow.js HTTP/1.1" 200 4586
190.237.31.2 - - [28/Jul/2020:00:03:00 -0500] "GET /galeria/galeria/jquery.fancybox.js?v=2.1.5 HTTP/1.1" 200 48706
66.249.79.107 - - [28/Jul/2020:00:03:05 -0500] "GET /BLA/resoluciones/RESOLUCIONES%202008/3892.pdf HTTP/1.1" 200 421364
66.249.79.107 - - [28/Jul/2020:00:03:12 -0500] "GET /BLA/resoluciones/RESOLUCIONES%202008/0561.pdf HTTP/1.1" 200 113684
66.249.79.107 - - [28/Jul/2020:00:03:19 -0500] "GET /BLA/resoluciones/RESOLUCIONES%202009/6100.pdf HTTP/1.1" 200 180472
66.249.79.107 - - [28/Jul/2020:00:03:27 -0500] "GET /BLA/resoluciones/RESOLUCIONES%202009/8462.pdf HTTP/1.1" 200 49374
190.156.27.141 - - [28/Jul/2020:00:03:33 -0500] "GET /galeria/galeria/jquery.fancybox.css?v=2.1.5 HTTP/1.1" 200 4895
190.156.27.141 - - [28/Jul/2020:00:03:33 -0500] "GET /BLA/boletinlegal/js/jquery.scrollShow.js HTTP/1.1" 200 4586
190.156.27.141 - - [28/Jul/2020:00:03:33 -0500] "GET /galeria/galeria/jquery.fancybox.js?v=2.1.5 HTTP/1.1" 200 48706
66.249.79.107 - - [28/Jul/2020:00:03:35 -0500] "GET /BLA/resoluciones/RESOLUCIONES%202008/3930.pdf HTTP/1.1" 200 517227
132.251.3.52 - - [28/Jul/2020:00:03:39 -0500] "GET /galeria/galeria/jquery.fancybox.css?v=2.1.5 HTTP/1.1" 200 4895
132.251.3.52 - - [28/Jul/2020:00:03:39 -0500] "GET /BLA/boletinlegal/js/jquery.scrollShow.js HTTP/1.1" 200 4586
132.251.3.52 - - [28/Jul/2020:00:03:39 -0500] "GET /galeria/galeria/jquery.fancybox.js?v=2.1.5 HTTP/1.1" 200 48706
66.249.79.109 - - [28/Jul/2020:00:03:44 -0500] "GET /BLA/resoluciones/AUTOS%202010/6916.pdf HTTP/1.1" 200 215425
186.84.88.213 - - [28/Jul/2020:00:03:45 -0500] "POST /sipse/faces/presentacion/financiero/solicitudProceso/consultarSolicitudProceso.xhtml HTTP/1.1" 302 -
186.84.88.213 - - [28/Jul/2020:00:03:45 -0500] "GET /sipse/faces/autenticacion.xhtml HTTP/1.1" 200 1099
66.249.79.107 - - [28/Jul/2020:00:03:51 -0500] "GET /BLA/resoluciones/RESOLUCIONES%202008/2928.pdf HTTP/1.1" 200 315345
66.249.79.107 - - [28/Jul/2020:00:03:59 -0500] "GET /BLA/resoluciones/RESOLUCIONES%202012/0834.pdf HTTP/1.1" 200 542591
66.249.79.107 - - [28/Jul/2020:00:04:08 -0500] "GET /BLA/resoluciones/RESOLUCIONES%202008/0155.pdf HTTP/1.1" 200 58896
186.84.88.213 - - [28/Jul/2020:00:04:10 -0500] "POST /sipse/faces/presentacion/financiero/solicitudProceso/consultarSolicitudProceso.xhtml HTTP/1.1" 302 -
186.84.88.213 - - [28/Jul/2020:00:04:10 -0500] "GET /sipse/faces/autenticacion.xhtml HTTP/1.1" 200 1099
186.84.88.213 - - [28/Jul/2020:00:04:11 -0500] "POST /sipse/faces/presentacion/financiero/solicitudProceso/consultarSolicitudProceso.xhtml HTTP/1.1" 302 -
186.84.88.213 - - [28/Jul/2020:00:04:12 -0500] "GET /sipse/faces/autenticacion.xhtml HTTP/1.1" 200 1099
186.84.88.213 - - [28/Jul/2020:00:04:12 -0500] "POST /sipse/faces/presentacion/financiero/solicitudProceso/consultarSolicitudProceso.xhtml HTTP/1.1" 302 -
186.84.88.213 - - [28/Jul/2020:00:04:13 -0500] "GET /sipse/faces/autenticacion.xhtml HTTP/1.1" 200 1099
186.84.88.213 - - [28/Jul/2020:00:04:13 -0500] "POST /sipse/faces/presentacion/financiero/solicitudProceso/consultarSolicitudProceso.xhtml HTTP/1.1" 302 -
186.84.88.213 - - [28/Jul/2020:00:04:14 -0500] "GET /sipse/faces/autenticacion.xhtml HTTP/1.1" 200 1099
186.84.88.213 - - [28/Jul/2020:00:04:14 -0500] "POST /sipse/faces/presentacion/financiero/solicitudProceso/consultarSolicitudProceso.xhtml HTTP/1.1" 302 -
186.84.88.213 - - [28/Jul/2020:00:04:15 -0500] "GET /sipse/faces/autenticacion.xhtml HTTP/1.1" 200 1099
66.249.79.107 - - [28/Jul/2020:00:04:16 -0500] "GET /BLA/resoluciones/RESOLUCIONES%202008/4733.pdf HTTP/1.1" 200 333393
186.84.88.213 - - [28/Jul/2020:00:04:15 -0500] "POST /sipse/faces/presentacion/financiero/solicitudProceso/consultarSolicitudProceso.xhtml HTTP/1.1" 302 -
186.84.88.213 - - [28/Jul/2020:00:04:16 -0500] "GET /sipse/faces/autenticacion.xhtml HTTP/1.1" 200 1099
186.84.88.213 - - [28/Jul/2020:00:04:16 -0500] "POST /sipse/faces/presentacion/financiero/solicitudProceso/consultarSolicitudProceso.xhtml HTTP/1.1" 302 -
186.84.88.213 - - [28/Jul/2020:00:04:17 -0500] "GET /sipse/faces/autenticacion.xhtml HTTP/1.1" 200 1099
186.84.88.213 - - [28/Jul/2020:00:04:17 -0500] "POST /sipse/faces/presentacion/financiero/solicitudProceso/consultarSolicitudProceso.xhtml HTTP/1.1" 302 -
186.84.88.213 - - [28/Jul/2020:00:04:18 -0500] "GET /sipse/faces/autenticacion.xhtml HTTP/1.1" 200 1099
186.84.88.213 - - [28/Jul/2020:00:04:18 -0500] "POST /sipse/faces/presentacion/financiero/solicitudProceso/consultarSolicitudProceso.xhtml HTTP/1.1" 302 -
186.84.88.213 - - [28/Jul/2020:00:04:19 -0500] "GET /sipse/faces/autenticacion.xhtml HTTP/1.1" 200 1099
186.84.88.213 - - [28/Jul/2020:00:04:19 -0500] "POST /sipse/faces/presentacion/financiero/solicitudProceso/consultarSolicitudProceso.xhtml HTTP/1.1" 302 -
186.84.88.213 - - [28/Jul/2020:00:04:20 -0500] "GET /sipse/faces/autenticacion.xhtml HTTP/1.1" 200 1099
186.84.88.213 - - [28/Jul/2020:00:04:20 -0500] "POST /sipse/faces/presentacion/financiero/solicitudProceso/consultarSolicitudProceso.xhtml HTTP/1.1" 302 -
186.84.88.213 - - [28/Jul/2020:00:04:21 -0500] "GET /sipse/faces/autenticacion.xhtml HTTP/1.1" 200 1099
186.84.88.213 - - [28/Jul/2020:00:04:21 -0500] "POST /sipse/faces/presentacion/financiero/solicitudProceso/consultarSolicitudProceso.xhtml HTTP/1.1" 302 -
186.84.88.213 - - [28/Jul/2020:00:04:21 -0500] "GET /sipse/faces/autenticacion.xhtml HTTP/1.1" 200 1099
186.84.88.213 - - [28/Jul/2020:00:04:22 -0500] "POST /sipse/faces/presentacion/financiero/solicitudProceso/consultarSolicitudProceso.xhtml HTTP/1.1" 302 -
186.84.88.213 - - [28/Jul/2020:00:04:22 -0500] "GET /sipse/faces/autenticacion.xhtml HTTP/1.1" 200 1099
186.84.88.213 - - [28/Jul/2020:00:04:22 -0500] "POST /sipse/faces/presentacion/financiero/solicitudProceso/consultarSolicitudProceso.xhtml HTTP/1.1" 302 -
186.84.88.213 - - [28/Jul/2020:00:04:22 -0500] "GET /sipse/faces/autenticacion.xhtml HTTP/1.1" 200 1099
186.84.88.213 - - [28/Jul/2020:00:04:22 -0500] "POST /sipse/faces/presentacion/financiero/solicitudProceso/consultarSolicitudProceso.xhtml HTTP/1.1" 302 -
186.84.88.213 - - [28/Jul/2020:00:04:22 -0500] "GET /sipse/faces/autenticacion.xhtml HTTP/1.1" 200 1099
186.84.88.213 - - [28/Jul/2020:00:04:22 -0500] "POST /sipse/faces/presentacion/financiero/solicitudProceso/consultarSolicitudProceso.xhtml HTTP/1.1" 302 -
186.84.88.213 - - [28/Jul/2020:00:04:23 -0500] "GET /sipse/faces/autenticacion.xhtml HTTP/1.1" 200 1099
186.30.27.254 - - [28/Jul/2020:00:04:24 -0500] "POST /sipse/faces/presentacion/financiero/solicitudProceso/consultarSolicitudProceso.xhtml HTTP/1.1" 302 -
186.30.27.254 - - [28/Jul/2020:00:04:24 -0500] "GET /sipse/faces/autenticacion.xhtml HTTP/1.1" 200 1099
186.30.27.254 - - [28/Jul/2020:00:04:24 -0500] "POST /sipse/faces/presentacion/financiero/solicitudProceso/consultarSolicitudProceso.xhtml HTTP/1.1" 302 -
186.30.27.254 - - [28/Jul/2020:00:04:24 -0500] "GET /sipse/faces/autenticacion.xhtml HTTP/1.1" 200 1099
186.30.27.254 - - [28/Jul/2020:00:04:24 -0500] "POST /sipse/faces/presentacion/financiero/solicitudProceso/consultarSolicitudProceso.xhtml HTTP/1.1" 302 -
186.30.27.254 - - [28/Jul/2020:00:04:24 -0500] "GET /sipse/faces/autenticacion.xhtml HTTP/1.1" 200 1099
186.84.88.213 - - [28/Jul/2020:00:04:24 -0500] "POST /sipse/faces/presentacion/financiero/solicitudProceso/consultarSolicitudProceso.xhtml HTTP/1.1" 302 -
186.84.88.213 - - [28/Jul/2020:00:04:24 -0500] "GET /sipse/faces/autenticacion.xhtml HTTP/1.1" 200 1099
66.249.79.107 - - [28/Jul/2020:00:04:24 -0500] "GET /portalsiaccapacitaciones/Listas%20de%20Asistencia%202015/L.A-MT3-14May2015..pdf HTTP/1.1" 200 514371
186.30.27.254 - - [28/Jul/2020:00:04:29 -0500] "POST /sipse/faces/presentacion/financiero/solicitudProceso/consultarSolicitudProceso.xhtml HTTP/1.1" 302 -
186.30.27.254 - - [28/Jul/2020:00:04:29 -0500] "GET /sipse/faces/autenticacion.xhtml HTTP/1.1" 200 1099
186.30.27.254 - - [28/Jul/2020:00:04:29 -0500] "POST /sipse/faces/presentacion/financiero/solicitudProceso/consultarSolicitudProceso.xhtml HTTP/1.1" 302 -
186.30.27.254 - - [28/Jul/2020:00:04:29 -0500] "GET /sipse/faces/autenticacion.xhtml HTTP/1.1" 200 1099
186.30.27.254 - - [28/Jul/2020:00:04:29 -0500] "POST /sipse/faces/presentacion/financiero/solicitudProceso/consultarSolicitudProceso.xhtml HTTP/1.1" 302 -
186.30.27.254 - - [28/Jul/2020:00:04:29 -0500] "GET /sipse/faces/autenticacion.xhtml HTTP/1.1" 200 1099
186.30.27.254 - - [28/Jul/2020:00:04:32 -0500] "POST /sipse/faces/presentacion/financiero/solicitudProceso/consultarSolicitudProceso.xhtml HTTP/1.1" 302 -
186.30.27.254 - - [28/Jul/2020:00:04:32 -0500] "GET /sipse/faces/autenticacion.xhtml HTTP/1.1" 200 1099
186.30.27.254 - - [28/Jul/2020:00:04:32 -0500] "POST /sipse/faces/presentacion/financiero/solicitudProceso/consultarSolicitudProceso.xhtml HTTP/1.1" 302 -
186.30.27.254 - - [28/Jul/2020:00:04:32 -0500] "GET /sipse/faces/autenticacion.xhtml HTTP/1.1" 200 1099
186.30.27.254 - - [28/Jul/2020:00:04:32 -0500] "POST /sipse/faces/presentacion/financiero/solicitudProceso/consultarSolicitudProceso.xhtml HTTP/1.1" 302 -
186.30.27.254 - - [28/Jul/2020:00:04:32 -0500] "GET /sipse/faces/autenticacion.xhtml HTTP/1.1" 200 1099
186.30.27.254 - - [28/Jul/2020:00:04:33 -0500] "POST /sipse/faces/presentacion/financiero/solicitudProceso/consultarSolicitudProceso.xhtml HTTP/1.1" 302 -
186.30.27.254 - - [28/Jul/2020:00:04:33 -0500] "GET /sipse/faces/autenticacion.xhtml HTTP/1.1" 200 1099
186.30.27.254 - - [28/Jul/2020:00:04:33 -0500] "POST /sipse/faces/presentacion/financiero/solicitudProceso/consultarSolicitudProceso.xhtml HTTP/1.1" 302 -
186.30.27.254 - - [28/Jul/2020:00:04:33 -0500] "GET /sipse/faces/autenticacion.xhtml HTTP/1.1" 200 1099
186.30.27.254 - - [28/Jul/2020:00:04:33 -0500] "POST /sipse/faces/presentacion/financiero/solicitudProceso/consultarSolicitudProceso.xhtml HTTP/1.1" 302 -
186.30.27.254 - - [28/Jul/2020:00:04:33 -0500] "GET /sipse/faces/autenticacion.xhtml HTTP/1.1" 200 1099
66.249.79.107 - - [28/Jul/2020:00:04:33 -0500] "GET /BLA/resoluciones/RESOLUCIONES%202009/8348.pdf HTTP/1.1" 200 415960
186.84.88.213 - - [28/Jul/2020:00:04:35 -0500] "POST /sipse/faces/presentacion/financiero/solicitudProceso/consultarSolicitudProceso.xhtml HTTP/1.1" 302 -
186.84.88.213 - - [28/Jul/2020:00:04:36 -0500] "GET /sipse/faces/autenticacion.xhtml HTTP/1.1" 200 1099
186.84.88.213 - - [28/Jul/2020:00:04:36 -0500] "POST /sipse/faces/presentacion/financiero/solicitudProceso/consultarSolicitudProceso.xhtml HTTP/1.1" 302 -
186.84.88.213 - - [28/Jul/2020:00:04:37 -0500] "GET /sipse/faces/autenticacion.xhtml HTTP/1.1" 200 1099
186.84.88.213 - - [28/Jul/2020:00:04:37 -0500] "POST /sipse/faces/presentacion/financiero/solicitudProceso/consultarSolicitudProceso.xhtml HTTP/1.1" 302 -
186.84.88.213 - - [28/Jul/2020:00:04:37 -0500] "GET /sipse/faces/autenticacion.xhtml HTTP/1.1" 200 1099
186.84.88.213 - - [28/Jul/2020:00:04:37 -0500] "POST /sipse/faces/presentacion/financiero/solicitudProceso/consultarSolicitudProceso.xhtml HTTP/1.1" 302 -
181.63.94.46 - - [28/Jul/2020:00:04:38 -0500] "GET /galeria/galeria/jquery.fancybox.css?v=2.1.5 HTTP/1.1" 200 4895
181.63.94.46 - - [28/Jul/2020:00:04:38 -0500] "GET /BLA/boletinlegal/js/jquery.scrollShow.js HTTP/1.1" 200 4586
181.63.94.46 - - [28/Jul/2020:00:04:38 -0500] "GET /galeria/galeria/jquery.fancybox.js?v=2.1.5 HTTP/1.1" 200 48706
186.84.88.213 - - [28/Jul/2020:00:04:38 -0500] "GET /sipse/faces/autenticacion.xhtml HTTP/1.1" 200 1099
186.84.88.213 - - [28/Jul/2020:00:04:38 -0500] "POST /sipse/faces/presentacion/financiero/solicitudProceso/consultarSolicitudProceso.xhtml HTTP/1.1" 302 -
186.84.88.213 - - [28/Jul/2020:00:04:38 -0500] "GET /sipse/faces/autenticacion.xhtml HTTP/1.1" 200 1099
186.84.88.213 - - [28/Jul/2020:00:04:38 -0500] "POST /sipse/faces/presentacion/financiero/solicitudProceso/consultarSolicitudProceso.xhtml HTTP/1.1" 302 -
186.84.88.213 - - [28/Jul/2020:00:04:38 -0500] "GET /sipse/faces/autenticacion.xhtml HTTP/1.1" 200 1099
186.84.88.213 - - [28/Jul/2020:00:04:39 -0500] "POST /sipse/faces/presentacion/financiero/solicitudProceso/consultarSolicitudProceso.xhtml HTTP/1.1" 302 -
186.84.88.213 - - [28/Jul/2020:00:04:39 -0500] "GET /sipse/faces/autenticacion.xhtml HTTP/1.1" 200 1099
186.84.88.213 - - [28/Jul/2020:00:04:39 -0500] "POST /sipse/faces/presentacion/financiero/solicitudProceso/consultarSolicitudProceso.xhtml HTTP/1.1" 302 -
186.84.88.213 - - [28/Jul/2020:00:04:39 -0500] "GET /sipse/faces/autenticacion.xhtml HTTP/1.1" 200 1099
186.84.88.213 - - [28/Jul/2020:00:04:40 -0500] "POST /sipse/faces/presentacion/financiero/solicitudProceso/consultarSolicitudProceso.xhtml HTTP/1.1" 302 -
186.84.88.213 - - [28/Jul/2020:00:04:40 -0500] "GET /sipse/faces/autenticacion.xhtml HTTP/1.1" 200 1099
186.30.27.254 - - [28/Jul/2020:00:04:41 -0500] "GET /sipse/faces/faces/index.xhtml HTTP/1.1" 200 677
186.84.88.213 - - [28/Jul/2020:00:04:41 -0500] "POST /sipse/faces/presentacion/financiero/solicitudProceso/consultarSolicitudProceso.xhtml HTTP/1.1" 302 -
186.84.88.213 - - [28/Jul/2020:00:04:41 -0500] "GET /sipse/faces/autenticacion.xhtml HTTP/1.1" 200 1099
186.30.27.254 - - [28/Jul/2020:00:04:41 -0500] "GET /sipse/faces/javax.faces.resource/theme.css?ln=primefaces-sipse HTTP/1.1" 304 -
186.84.88.213 - - [28/Jul/2020:00:04:41 -0500] "POST /sipse/faces/presentacion/financiero/solicitudProceso/consultarSolicitudProceso.xhtml HTTP/1.1" 302 -
186.84.88.213 - - [28/Jul/2020:00:04:42 -0500] "GET /sipse/faces/autenticacion.xhtml HTTP/1.1" 200 1099
186.84.88.213 - - [28/Jul/2020:00:04:42 -0500] "POST /sipse/faces/presentacion/financiero/solicitudProceso/consultarSolicitudProceso.xhtml HTTP/1.1" 302 -
186.84.88.213 - - [28/Jul/2020:00:04:42 -0500] "GET /sipse/faces/autenticacion.xhtml HTTP/1.1" 200 1099
186.84.88.213 - - [28/Jul/2020:00:04:42 -0500] "POST /sipse/faces/presentacion/financiero/solicitudProceso/consultarSolicitudProceso.xhtml HTTP/1.1" 302 -
186.30.27.254 - - [28/Jul/2020:00:04:42 -0500] "GET /sipse/faces/faces/faces/autenticacion.xhtml HTTP/1.1" 200 12170
186.84.88.213 - - [28/Jul/2020:00:04:42 -0500] "GET /sipse/faces/autenticacion.xhtml HTTP/1.1" 200 1099
66.249.79.109 - - [28/Jul/2020:00:04:42 -0500] "GET /BLA/resoluciones/RESOLUCIONES%202008/1072.pdf HTTP/1.1" 200 218684
186.30.27.254 - - [28/Jul/2020:00:04:43 -0500] "GET /sipse/faces/javax.faces.resource/theme.css?ln=primefaces-sipse HTTP/1.1" 304 -
186.30.27.254 - - [28/Jul/2020:00:04:43 -0500] "GET /sipse/faces/javax.faces.resource/primefaces.css?ln=primefaces&v=4.0 HTTP/1.1" 304 -
186.30.27.254 - - [28/Jul/2020:00:04:43 -0500] "GET /sipse/faces/javax.faces.resource/layout/layout.css?ln=primefaces&v=4.0 HTTP/1.1" 304 -
186.30.27.254 - - [28/Jul/2020:00:04:43 -0500] "GET /sipse/faces/javax.faces.resource/jquery/jquery.js?ln=primefaces&v=4.0 HTTP/1.1" 304 -
186.30.27.254 - - [28/Jul/2020:00:04:43 -0500] "GET /sipse/faces/javax.faces.resource/jquery/jquery-plugins.js?ln=primefaces&v=4.0 HTTP/1.1" 304 -
186.30.27.254 - - [28/Jul/2020:00:04:43 -0500] "GET /sipse/faces/javax.faces.resource/primefaces.js?ln=primefaces&v=4.0 HTTP/1.1" 304 -
186.30.27.254 - - [28/Jul/2020:00:04:43 -0500] "GET /sipse/faces/javax.faces.resource/layout/layout.js?ln=primefaces&v=4.0 HTTP/1.1" 304 -
186.84.88.213 - - [28/Jul/2020:00:04:43 -0500] "POST /sipse/faces/presentacion/financiero/solicitudProceso/consultarSolicitudProceso.xhtml HTTP/1.1" 302 -
186.84.88.213 - - [28/Jul/2020:00:04:43 -0500] "GET /sipse/faces/autenticacion.xhtml HTTP/1.1" 200 1099
186.84.88.213 - - [28/Jul/2020:00:04:44 -0500] "POST /sipse/faces/presentacion/financiero/solicitudProceso/consultarSolicitudProceso.xhtml HTTP/1.1" 302 -
186.84.88.213 - - [28/Jul/2020:00:04:44 -0500] "GET /sipse/faces/autenticacion.xhtml HTTP/1.1" 200 1099
186.84.88.213 - - [28/Jul/2020:00:04:44 -0500] "POST /sipse/faces/presentacion/financiero/solicitudProceso/consultarSolicitudProceso.xhtml HTTP/1.1" 302 -
186.84.88.213 - - [28/Jul/2020:00:04:44 -0500] "GET /sipse/faces/autenticacion.xhtml HTTP/1.1" 200 1099
186.84.88.213 - - [28/Jul/2020:00:04:45 -0500] "POST /sipse/faces/presentacion/financiero/solicitudProceso/consultarSolicitudProceso.xhtml HTTP/1.1" 302 -
186.84.88.213 - - [28/Jul/2020:00:04:45 -0500] "GET /sipse/faces/autenticacion.xhtml HTTP/1.1" 200 1099
186.30.27.254 - - [28/Jul/2020:00:04:46 -0500] "GET /sipse/faces/javax.faces.resource/images/ui-icons_898989_256x240.png?ln=primefaces-aristo HTTP/1.1" 304 -
66.249.79.107 - - [28/Jul/2020:00:04:51 -0500] "GET /BLA/resoluciones/AUTOS%202012/0045.pdf HTTP/1.1" 200 170832
190.148.52.24 - - [28/Jul/2020:00:04:58 -0500] "GET /galeria/galeria/jquery.fancybox.css?v=2.1.5 HTTP/1.1" 200 4895
190.148.52.24 - - [28/Jul/2020:00:04:58 -0500] "GET /galeria/galeria/jquery.fancybox.js?v=2.1.5 HTTP/1.1" 200 48706
190.148.52.24 - - [28/Jul/2020:00:04:58 -0500] "GET /BLA/boletinlegal/js/jquery.scrollShow.js HTTP/1.1" 200 4586
66.249.79.107 - - [28/Jul/2020:00:04:58 -0500] "GET /BLA/resoluciones/RESOLUCIONES%202009/0107.pdf HTTP/1.1" 200 290937
66.249.79.107 - - [28/Jul/2020:00:05:06 -0500] "GET /BLA/resoluciones/RESOLUCIONES%202008/4627.pdf HTTP/1.1" 200 264565
186.84.88.213 - - [28/Jul/2020:00:05:13 -0500] "POST /sipse/faces/presentacion/financiero/solicitudProceso/consultarSolicitudProceso.xhtml HTTP/1.1" 302 -
186.84.88.213 - - [28/Jul/2020:00:05:13 -0500] "GET /sipse/faces/autenticacion.xhtml HTTP/1.1" 200 12170
186.84.88.213 - - [28/Jul/2020:00:05:13 -0500] "GET /sipse/faces/javax.faces.resource/primefaces.css?ln=primefaces&v=4.0 HTTP/1.1" 304 -
186.84.88.213 - - [28/Jul/2020:00:05:13 -0500] "GET /sipse/faces/javax.faces.resource/layout/layout.css?ln=primefaces&v=4.0 HTTP/1.1" 304 -
186.84.88.213 - - [28/Jul/2020:00:05:13 -0500] "GET /sipse/faces/javax.faces.resource/jquery/jquery.js?ln=primefaces&v=4.0 HTTP/1.1" 304 -
186.84.88.213 - - [28/Jul/2020:00:05:13 -0500] "GET /sipse/css/custom_css_sg_prime_login.css HTTP/1.1" 200 443
186.84.88.213 - - [28/Jul/2020:00:05:13 -0500] "GET /sipse/faces/javax.faces.resource/theme.css?ln=primefaces-sipse HTTP/1.1" 304 -
186.84.88.213 - - [28/Jul/2020:00:05:13 -0500] "GET /sipse/faces/javax.faces.resource/jquery/jquery-plugins.js?ln=primefaces&v=4.0 HTTP/1.1" 304 -
186.84.88.213 - - [28/Jul/2020:00:05:13 -0500] "GET /sipse/faces/javax.faces.resource/primefaces.js?ln=primefaces&v=4.0 HTTP/1.1" 304 -
186.84.88.213 - - [28/Jul/2020:00:05:13 -0500] "GET /sipse/faces/javax.faces.resource/layout/layout.js?ln=primefaces&v=4.0 HTTP/1.1" 304 -
66.249.79.107 - - [28/Jul/2020:00:05:15 -0500] "GET /BLA/resoluciones/RESOLUCIONES%202009/3930.pdf HTTP/1.1" 200 226881
186.84.88.213 - - [28/Jul/2020:00:05:15 -0500] "GET /sipse/css/imagen/loginimg.png HTTP/1.1" 200 71635
186.30.27.254 - - [28/Jul/2020:00:05:18 -0500] "POST /sipse/faces/autenticacion.xhtml HTTP/1.1" 200 15846
186.30.27.254 - - [28/Jul/2020:00:05:18 -0500] "GET /sipse/faces/javax.faces.resource/theme.css?ln=primefaces-sipse HTTP/1.1" 304 -
186.30.27.254 - - [28/Jul/2020:00:05:18 -0500] "GET /sipse/faces/javax.faces.resource/primefaces.css?ln=primefaces&v=4.0 HTTP/1.1" 304 -
186.30.27.254 - - [28/Jul/2020:00:05:18 -0500] "GET /sipse/faces/javax.faces.resource/layout/layout.css?ln=primefaces&v=4.0 HTTP/1.1" 304 -
186.30.27.254 - - [28/Jul/2020:00:05:19 -0500] "GET /sipse/faces/javax.faces.resource/jquery/jquery.js?ln=primefaces&v=4.0 HTTP/1.1" 304 -
186.30.27.254 - - [28/Jul/2020:00:05:19 -0500] "GET /sipse/faces/javax.faces.resource/jquery/jquery-plugins.js?ln=primefaces&v=4.0 HTTP/1.1" 304 -
186.30.27.254 - - [28/Jul/2020:00:05:19 -0500] "GET /sipse/faces/javax.faces.resource/primefaces.js?ln=primefaces&v=4.0 HTTP/1.1" 304 -
186.30.27.254 - - [28/Jul/2020:00:05:19 -0500] "GET /sipse/faces/javax.faces.resource/layout/layout.js?ln=primefaces&v=4.0 HTTP/1.1" 304 -
186.30.27.254 - - [28/Jul/2020:00:05:19 -0500] "GET /sipse/css/imagen/contrasena.png HTTP/1.1" 404 383
186.30.27.254 - - [28/Jul/2020:00:05:19 -0500] "GET /sipse/faces/javax.faces.resource/messages/messages.png?ln=primefaces&v=4.0 HTTP/1.1" 304 -
186.30.27.254 - - [28/Jul/2020:00:05:22 -0500] "GET /sipse/faces/javax.faces.resource/images/ui-bg_flat_0_2d5972_40x100.png?ln=primefaces-aristo HTTP/1.1" 304 -
186.30.27.254 - - [28/Jul/2020:00:05:22 -0500] "POST /sipse/faces/bienvenido.xhtml HTTP/1.1" 200 1473
66.249.79.107 - - [28/Jul/2020:00:05:23 -0500] "GET /BLA/resoluciones/AUTOS%202012/1717.pdf HTTP/1.1" 200 305586
186.30.27.254 - - [28/Jul/2020:00:05:24 -0500] "POST /sipse/faces/bienvenido.xhtml HTTP/1.1" 200 37517
186.30.27.254 - - [28/Jul/2020:00:05:24 -0500] "GET /sipse/faces/javax.faces.resource/theme.css?ln=primefaces-sipse HTTP/1.1" 304 -
186.30.27.254 - - [28/Jul/2020:00:05:24 -0500] "GET /sipse/faces/javax.faces.resource/primefaces.css?ln=primefaces&v=4.0 HTTP/1.1" 304 -
186.30.27.254 - - [28/Jul/2020:00:05:24 -0500] "GET /sipse/faces/javax.faces.resource/layout/layout.css?ln=primefaces&v=4.0 HTTP/1.1" 304 -
186.30.27.254 - - [28/Jul/2020:00:05:24 -0500] "GET /sipse/faces/javax.faces.resource/jquery/jquery.js?ln=primefaces&v=4.0 HTTP/1.1" 304 -
186.30.27.254 - - [28/Jul/2020:00:05:24 -0500] "GET /sipse/faces/javax.faces.resource/jquery/jquery-plugins.js?ln=primefaces&v=4.0 HTTP/1.1" 304 -
186.30.27.254 - - [28/Jul/2020:00:05:25 -0500] "GET /sipse/faces/javax.faces.resource/primefaces.js?ln=primefaces&v=4.0 HTTP/1.1" 304 -
186.30.27.254 - - [28/Jul/2020:00:05:25 -0500] "GET /sipse/faces/javax.faces.resource/layout/layout.js?ln=primefaces&v=4.0 HTTP/1.1" 304 -
186.84.88.213 - - [28/Jul/2020:00:05:26 -0500] "POST /sipse/faces/autenticacion.xhtml HTTP/1.1" 200 2175
66.249.79.107 - - [28/Jul/2020:00:05:31 -0500] "GET /BLA/resoluciones/AUTOS%202012/1642.pdf HTTP/1.1" 200 500105
66.249.79.107 - - [28/Jul/2020:00:05:41 -0500] "GET /BLA/resoluciones/RESOLUCIONES%202009/8633.pdf HTTP/1.1" 200 292275
186.84.88.213 - - [28/Jul/2020:00:05:44 -0500] "POST /sipse/faces/autenticacion.xhtml HTTP/1.1" 200 11232
186.84.88.213 - - [28/Jul/2020:00:05:45 -0500] "GET /sipse/faces/javax.faces.resource/theme.css?ln=primefaces-sipse HTTP/1.1" 304 -
186.84.88.213 - - [28/Jul/2020:00:05:45 -0500] "GET /sipse/faces/javax.faces.resource/primefaces.css?ln=primefaces&v=4.0 HTTP/1.1" 304 -
186.84.88.213 - - [28/Jul/2020:00:05:45 -0500] "GET /sipse/faces/javax.faces.resource/jquery/jquery.js?ln=primefaces&v=4.0 HTTP/1.1" 304 -
186.84.88.213 - - [28/Jul/2020:00:05:45 -0500] "GET /sipse/faces/javax.faces.resource/layout/layout.css?ln=primefaces&v=4.0 HTTP/1.1" 304 -
186.84.88.213 - - [28/Jul/2020:00:05:45 -0500] "GET /sipse/faces/javax.faces.resource/jquery/jquery-plugins.js?ln=primefaces&v=4.0 HTTP/1.1" 304 -
186.84.88.213 - - [28/Jul/2020:00:05:46 -0500] "GET /sipse/faces/javax.faces.resource/primefaces.js?ln=primefaces&v=4.0 HTTP/1.1" 304 -
186.84.88.213 - - [28/Jul/2020:00:05:46 -0500] "GET /sipse/faces/javax.faces.resource/layout/layout.js?ln=primefaces&v=4.0 HTTP/1.1" 304 -
66.249.79.107 - - [28/Jul/2020:00:05:49 -0500] "GET /BLA/resoluciones/RESOLUCIONES%202009/7779.pdf HTTP/1.1" 200 493989
186.84.88.213 - - [28/Jul/2020:00:05:49 -0500] "POST /sipse/faces/presentacion/sistema/seguridad/seleccionRol.xhtml HTTP/1.1" 200 5600
186.84.88.213 - - [28/Jul/2020:00:05:51 -0500] "POST /sipse/faces/presentacion/sistema/seguridad/seleccionRol.xhtml HTTP/1.1" 200 14811
186.84.88.213 - - [28/Jul/2020:00:05:51 -0500] "GET /sipse/faces/javax.faces.resource/theme.css?ln=primefaces-sipse HTTP/1.1" 304 -
186.84.88.213 - - [28/Jul/2020:00:05:51 -0500] "GET /sipse/faces/javax.faces.resource/primefaces.css?ln=primefaces&v=4.0 HTTP/1.1" 304 -
186.84.88.213 - - [28/Jul/2020:00:05:51 -0500] "GET /sipse/faces/javax.faces.resource/layout/layout.css?ln=primefaces&v=4.0 HTTP/1.1" 304 -
186.84.88.213 - - [28/Jul/2020:00:05:52 -0500] "GET /sipse/faces/javax.faces.resource/jquery/jquery.js?ln=primefaces&v=4.0 HTTP/1.1" 304 -
186.84.88.213 - - [28/Jul/2020:00:05:52 -0500] "GET /sipse/faces/javax.faces.resource/jquery/jquery-plugins.js?ln=primefaces&v=4.0 HTTP/1.1" 304 -
186.84.88.213 - - [28/Jul/2020:00:05:52 -0500] "GET /sipse/faces/javax.faces.resource/primefaces.js?ln=primefaces&v=4.0 HTTP/1.1" 304 -
186.84.88.213 - - [28/Jul/2020:00:05:52 -0500] "GET /sipse/faces/javax.faces.resource/layout/layout.js?ln=primefaces&v=4.0 HTTP/1.1" 304 -
186.84.88.213 - - [28/Jul/2020:00:05:52 -0500] "GET /sipse/imagenes/cargando.gif HTTP/1.1" 200 36959
186.84.88.213 - - [28/Jul/2020:00:05:52 -0500] "GET /sipse/imagenes/logoAplicacion.jpg HTTP/1.1" 200 155084
66.249.79.107 - - [28/Jul/2020:00:05:58 -0500] "GET /BLA/resoluciones/RESOLUCIONES%202008/2103.pdf HTTP/1.1" 200 388989
186.84.88.213 - - [28/Jul/2020:00:05:59 -0500] "POST /sipse/faces/bienvenido.xhtml HTTP/1.1" 200 3843
186.30.27.254 - - [28/Jul/2020:00:06:01 -0500] "POST /sipse/faces/presentacion/financiero/solicitudProceso/consultar.xhtml HTTP/1.1" 200 12732
186.84.88.213 - - [28/Jul/2020:00:06:01 -0500] "POST /sipse/faces/bienvenido.xhtml HTTP/1.1" 200 60321
186.84.88.213 - - [28/Jul/2020:00:06:03 -0500] "GET /sipse/faces/javax.faces.resource/theme.css?ln=primefaces-sipse HTTP/1.1" 304 -
186.84.88.213 - - [28/Jul/2020:00:06:03 -0500] "GET /sipse/faces/javax.faces.resource/primefaces.css?ln=primefaces&v=4.0 HTTP/1.1" 304 -
186.84.88.213 - - [28/Jul/2020:00:06:03 -0500] "GET /sipse/faces/javax.faces.resource/layout/layout.css?ln=primefaces&v=4.0 HTTP/1.1" 304 -
186.84.88.213 - - [28/Jul/2020:00:06:03 -0500] "GET /sipse/faces/javax.faces.resource/jquery/jquery.js?ln=primefaces&v=4.0 HTTP/1.1" 304 -
186.84.88.213 - - [28/Jul/2020:00:06:03 -0500] "GET /sipse/faces/javax.faces.resource/jquery/jquery-plugins.js?ln=primefaces&v=4.0 HTTP/1.1" 304 -
186.84.88.213 - - [28/Jul/2020:00:06:04 -0500] "GET /sipse/faces/javax.faces.resource/primefaces.js?ln=primefaces&v=4.0 HTTP/1.1" 304 -
186.84.88.213 - - [28/Jul/2020:00:06:04 -0500] "GET /sipse/faces/javax.faces.resource/layout/layout.js?ln=primefaces&v=4.0 HTTP/1.1" 304 -
186.84.88.213 - - [28/Jul/2020:00:06:05 -0500] "POST /sipse/faces/presentacion/financiero/solicitudProceso/listarSolicitudProceso.xhtml HTTP/1.1" 200 1452
66.249.79.107 - - [28/Jul/2020:00:06:07 -0500] "GET /BLA/resoluciones/RESOLUCIONES%202017/1978.pdf HTTP/1.1" 200 346805
186.84.88.213 - - [28/Jul/2020:00:06:10 -0500] "POST /sipse/faces/presentacion/financiero/solicitudProceso/listarSolicitudProceso.xhtml HTTP/1.1" 200 8886
186.30.27.254 - - [28/Jul/2020:00:06:09 -0500] "POST /sipse/faces/presentacion/financiero/solicitudProceso/consultar.xhtml HTTP/1.1" 200 142126
186.30.27.254 - - [28/Jul/2020:00:06:11 -0500] "GET /sipse/faces/javax.faces.resource/theme.css?ln=primefaces-sipse HTTP/1.1" 304 -
186.30.27.254 - - [28/Jul/2020:00:06:11 -0500] "GET /sipse/faces/javax.faces.resource/primefaces.css?ln=primefaces&v=4.0 HTTP/1.1" 304 -
186.30.27.254 - - [28/Jul/2020:00:06:11 -0500] "GET /sipse/faces/javax.faces.resource/layout/layout.css?ln=primefaces&v=4.0 HTTP/1.1" 304 -
186.30.27.254 - - [28/Jul/2020:00:06:11 -0500] "GET /sipse/faces/javax.faces.resource/jquery/jquery.js?ln=primefaces&v=4.0 HTTP/1.1" 304 -
186.30.27.254 - - [28/Jul/2020:00:06:11 -0500] "GET /sipse/faces/javax.faces.resource/jquery/jquery-plugins.js?ln=primefaces&v=4.0 HTTP/1.1" 304 -
186.30.27.254 - - [28/Jul/2020:00:06:11 -0500] "GET /sipse/faces/javax.faces.resource/primefaces.js?ln=primefaces&v=4.0 HTTP/1.1" 304 -
186.30.27.254 - - [28/Jul/2020:00:06:11 -0500] "GET /sipse/faces/javax.faces.resource/layout/layout.js?ln=primefaces&v=4.0 HTTP/1.1" 304 -
186.84.88.213 - - [28/Jul/2020:00:06:12 -0500] "POST /sipse/faces/presentacion/financiero/solicitudProceso/listarSolicitudProceso.xhtml HTTP/1.1" 200 124340
186.84.88.213 - - [28/Jul/2020:00:06:15 -0500] "GET /sipse/faces/javax.faces.resource/layout/layout.css?ln=primefaces&v=4.0 HTTP/1.1" 304 -
186.84.88.213 - - [28/Jul/2020:00:06:15 -0500] "GET /sipse/faces/javax.faces.resource/theme.css?ln=primefaces-sipse HTTP/1.1" 304 -
186.84.88.213 - - [28/Jul/2020:00:06:15 -0500] "GET /sipse/faces/javax.faces.resource/primefaces.css?ln=primefaces&v=4.0 HTTP/1.1" 304 -
186.84.88.213 - - [28/Jul/2020:00:06:15 -0500] "GET /sipse/faces/javax.faces.resource/jquery/jquery.js?ln=primefaces&v=4.0 HTTP/1.1" 304 -
186.84.88.213 - - [28/Jul/2020:00:06:15 -0500] "GET /sipse/faces/javax.faces.resource/jquery/jquery-plugins.js?ln=primefaces&v=4.0 HTTP/1.1" 304 -
186.84.88.213 - - [28/Jul/2020:00:06:16 -0500] "GET /sipse/faces/javax.faces.resource/primefaces.js?ln=primefaces&v=4.0 HTTP/1.1" 304 -
186.84.88.213 - - [28/Jul/2020:00:06:16 -0500] "GET /sipse/faces/javax.faces.resource/layout/layout.js?ln=primefaces&v=4.0 HTTP/1.1" 304 -
66.249.79.107 - - [28/Jul/2020:00:06:16 -0500] "GET /BLA/resoluciones/RESOLUCIONES%202009/1120.pdf HTTP/1.1" 200 47176
186.84.88.213 - - [28/Jul/2020:00:06:16 -0500] "POST /sipse/faces/presentacion/financiero/solicitudProceso/consultarSolicitudProceso.xhtml HTTP/1.1" 200 3964
66.249.79.109 - - [28/Jul/2020:00:06:23 -0500] "GET /BLA/resoluciones/RESOLUCIONES%202008/5332.pdf HTTP/1.1" 200 166508
186.30.27.254 - - [28/Jul/2020:00:06:22 -0500] "POST /sipse/faces/presentacion/financiero/solicitudProceso/consultarSolicitudProceso.xhtml HTTP/1.1" 200 635408
66.249.79.107 - - [28/Jul/2020:00:06:30 -0500] "GET /BLA/resoluciones/RESOLUCIONES%202008/0221.pdf HTTP/1.1" 200 420576
186.84.88.213 - - [28/Jul/2020:00:06:28 -0500] "POST /sipse/faces/presentacion/financiero/solicitudProceso/consultarSolicitudProceso.xhtml HTTP/1.1" 200 34087
186.84.88.213 - - [28/Jul/2020:00:06:31 -0500] "GET /sipse/faces/javax.faces.resource/theme.css?ln=primefaces-sipse HTTP/1.1" 304 -
186.84.88.213 - - [28/Jul/2020:00:06:31 -0500] "GET /sipse/faces/javax.faces.resource/primefaces.css?ln=primefaces&v=4.0 HTTP/1.1" 304 -
186.84.88.213 - - [28/Jul/2020:00:06:31 -0500] "GET /sipse/faces/javax.faces.resource/layout/layout.css?ln=primefaces&v=4.0 HTTP/1.1" 304 -
186.84.88.213 - - [28/Jul/2020:00:06:31 -0500] "GET /sipse/faces/javax.faces.resource/jquery/jquery.js?ln=primefaces&v=4.0 HTTP/1.1" 304 -
186.84.88.213 - - [28/Jul/2020:00:06:31 -0500] "GET /sipse/faces/javax.faces.resource/jquery/jquery-plugins.js?ln=primefaces&v=4.0 HTTP/1.1" 304 -
186.84.88.213 - - [28/Jul/2020:00:06:32 -0500] "GET /sipse/faces/javax.faces.resource/primefaces.js?ln=primefaces&v=4.0 HTTP/1.1" 304 -
186.84.88.213 - - [28/Jul/2020:00:06:32 -0500] "GET /sipse/faces/javax.faces.resource/layout/layout.js?ln=primefaces&v=4.0 HTTP/1.1" 304 -
186.84.88.213 - - [28/Jul/2020:00:06:33 -0500] "POST /sipse/faces/presentacion/financiero/solicitudProceso/listarSolicitudProceso.xhtml HTTP/1.1" 200 1344
69.162.124.227 - - [28/Jul/2020:00:06:35 -0500] "HEAD / HTTP/1.1" 200 -
66.249.79.109 - - [28/Jul/2020:00:06:38 -0500] "GET /BLA/resoluciones/RESOLUCIONES%202008/3769.pdf HTTP/1.1" 200 271636
186.84.88.213 - - [28/Jul/2020:00:06:40 -0500] "POST /sipse/faces/presentacion/financiero/solicitudProceso/listarSolicitudProceso.xhtml HTTP/1.1" 200 23677
186.84.88.213 - - [28/Jul/2020:00:06:41 -0500] "POST /sipse/faces/presentacion/financiero/solicitudProceso/listarSolicitudProceso.xhtml HTTP/1.1" 200 23697
186.84.88.213 - - [28/Jul/2020:00:06:43 -0500] "POST /sipse/faces/presentacion/financiero/solicitudProceso/listarSolicitudProceso.xhtml HTTP/1.1" 200 9010
66.249.79.107 - - [28/Jul/2020:00:06:46 -0500] "GET /BLA/resoluciones/RESOLUCIONES%202008/3865.pdf HTTP/1.1" 200 474219
186.84.88.213 - - [28/Jul/2020:00:06:46 -0500] "POST /sipse/faces/presentacion/financiero/solicitudProceso/listarSolicitudProceso.xhtml HTTP/1.1" 200 126382
186.84.88.213 - - [28/Jul/2020:00:06:50 -0500] "GET /sipse/faces/javax.faces.resource/theme.css?ln=primefaces-sipse HTTP/1.1" 304 -
186.84.88.213 - - [28/Jul/2020:00:06:50 -0500] "GET /sipse/faces/javax.faces.resource/primefaces.css?ln=primefaces&v=4.0 HTTP/1.1" 304 -
186.84.88.213 - - [28/Jul/2020:00:06:50 -0500] "GET /sipse/faces/javax.faces.resource/layout/layout.css?ln=primefaces&v=4.0 HTTP/1.1" 304 -
186.84.88.213 - - [28/Jul/2020:00:06:50 -0500] "GET /sipse/faces/javax.faces.resource/jquery/jquery.js?ln=primefaces&v=4.0 HTTP/1.1" 304 -
186.84.88.213 - - [28/Jul/2020:00:06:50 -0500] "GET /sipse/faces/javax.faces.resource/jquery/jquery-plugins.js?ln=primefaces&v=4.0 HTTP/1.1" 304 -
186.84.88.213 - - [28/Jul/2020:00:06:51 -0500] "GET /sipse/faces/javax.faces.resource/primefaces.js?ln=primefaces&v=4.0 HTTP/1.1" 304 -
186.84.88.213 - - [28/Jul/2020:00:06:52 -0500] "GET /sipse/faces/javax.faces.resource/layout/layout.js?ln=primefaces&v=4.0 HTTP/1.1" 304 -
186.84.88.213 - - [28/Jul/2020:00:06:53 -0500] "POST /sipse/faces/presentacion/financiero/solicitudProceso/consultarSolicitudProceso.xhtml HTTP/1.1" 200 3964
66.249.79.107 - - [28/Jul/2020:00:06:53 -0500] "GET /BLA/resoluciones/RESOLUCIONES%202009/8365.pdf HTTP/1.1" 200 131280
66.249.79.107 - - [28/Jul/2020:00:07:00 -0500] "GET /BLA/resoluciones/RESOLUCIONES%202009/2173.pdf HTTP/1.1" 200 626391
186.145.197.215 - - [28/Jul/2020:00:07:03 -0500] "GET /BLA/boletinlegal/js/jquery.scrollShow.js HTTP/1.1" 200 4586
186.145.197.215 - - [28/Jul/2020:00:07:03 -0500] "GET /galeria/galeria/jquery.fancybox.css?v=2.1.5 HTTP/1.1" 200 4895
186.145.197.215 - - [28/Jul/2020:00:07:03 -0500] "GET /galeria/galeria/jquery.fancybox.js?v=2.1.5 HTTP/1.1" 200 48706
66.249.79.107 - - [28/Jul/2020:00:07:10 -0500] "GET /BLA/resoluciones/AUTOS%202015/2969.pdf HTTP/1.1" 200 810513
186.84.88.213 - - [28/Jul/2020:00:07:14 -0500] "POST /sipse/faces/presentacion/financiero/solicitudProceso/consultarSolicitudProceso.xhtml HTTP/1.1" 200 5491
186.84.232.207 - - [28/Jul/2020:00:07:16 -0500] "GET /galeria/nivo-slider/demo/inicio88.html HTTP/1.1" 200 4938
66.249.79.107 - - [28/Jul/2020:00:07:20 -0500] "GET /BLA/resoluciones/RESOLUCIONES%202009/1416.pdf HTTP/1.1" 200 450922
186.84.232.207 - - [28/Jul/2020:00:07:20 -0500] "GET /galeria/nivo-slider/demo/images/bannerhornoweb.jpg HTTP/1.1" 200 62857
186.84.232.207 - - [28/Jul/2020:00:07:20 -0500] "GET /galeria/nivo-slider/demo/images/bannerclasesvirtual.jpg HTTP/1.1" 304 -
190.27.245.107 - - [28/Jul/2020:00:07:15 -0500] "GET /reportes_sipse/sdg/ServletReporte?reporte=solicitud_cdp&Solicitud=10160&pfdrid_c=false HTTP/1.1" 200 93553
186.84.232.207 - - [28/Jul/2020:00:07:20 -0500] "GET /galeria/nivo-slider/demo/images/Bannercuidate.jpg HTTP/1.1" 304 -
186.84.232.207 - - [28/Jul/2020:00:07:20 -0500] "GET /galeria/nivo-slider/demo/images/Banner%20canales%20virtuales.jpg HTTP/1.1" 304 -
181.236.237.122 - - [28/Jul/2020:00:07:21 -0500] "GET /BLA/boletinlegal/js/jquery.scrollShow.js HTTP/1.1" 200 4586
181.236.237.122 - - [28/Jul/2020:00:07:21 -0500] "GET /galeria/galeria/jquery.fancybox.js?v=2.1.5 HTTP/1.1" 200 48706
181.236.237.122 - - [28/Jul/2020:00:07:21 -0500] "GET /galeria/galeria/jquery.fancybox.css?v=2.1.5 HTTP/1.1" 200 4895
186.84.232.207 - - [28/Jul/2020:00:07:21 -0500] "GET /galeria/nivo-slider/demo/images/bannereco2020.jpg HTTP/1.1" 304 -
181.236.237.122 - - [28/Jul/2020:00:07:23 -0500] "GET /BLA/boletinlegal/js/jquery.scrollShow.js HTTP/1.1" 200 4586
181.236.237.122 - - [28/Jul/2020:00:07:23 -0500] "GET /galeria/galeria/jquery.fancybox.js?v=2.1.5 HTTP/1.1" 200 48706
181.236.237.122 - - [28/Jul/2020:00:07:23 -0500] "GET /galeria/galeria/jquery.fancybox.css?v=2.1.5 HTTP/1.1" 200 4895
186.84.232.207 - - [28/Jul/2020:00:07:24 -0500] "GET /galeria/nivo-slider/demo/images/bannerbioseguridad.jpg HTTP/1.1" 304 -
186.84.232.207 - - [28/Jul/2020:00:07:25 -0500] "GET /galeria/nivo-slider/demo/images/Bannerultimo.jpg HTTP/1.1" 304 -
186.84.232.207 - - [28/Jul/2020:00:07:25 -0500] "GET /galeria/nivo-slider/demo/images/bannercovid.jpg HTTP/1.1" 304 -
186.84.232.207 - - [28/Jul/2020:00:07:25 -0500] "GET /galeria/nivo-slider/demo/images/bannersolidariacasa.jpg HTTP/1.1" 304 -
186.84.232.207 - - [28/Jul/2020:00:07:25 -0500] "GET /galeria/nivo-slider/demo/images/bannerplan2020.png HTTP/1.1" 304 -
66.249.79.109 - - [28/Jul/2020:00:07:29 -0500] "GET /BLA/resoluciones/RESOLUCIONES%202009/1399.pdf HTTP/1.1" 200 116586
66.249.79.109 - - [28/Jul/2020:00:07:35 -0500] "GET /BLA/resoluciones/RESOLUCIONES%202008/5552.pdf HTTP/1.1" 200 159013
66.249.79.109 - - [28/Jul/2020:00:07:43 -0500] "GET /BLA/resoluciones/RESOLUCIONES%202009/4269.pdf HTTP/1.1" 200 497077
66.249.79.107 - - [28/Jul/2020:00:07:53 -0500] "GET /BLA/resoluciones/RESOLUCIONES%202012/0341.pdf HTTP/1.1" 200 548893
66.249.79.109 - - [28/Jul/2020:00:08:00 -0500] "GET /BLA/resoluciones/RESOLUCIONES%202016/1655.pdf HTTP/1.1" 200 466835
40.77.167.182 - - [28/Jul/2020:00:08:01 -0500] "-" 408 -
66.249.79.107 - - [28/Jul/2020:00:08:07 -0500] "GET /BLA/resoluciones/RESOLUCIONES%202007/RES%202007%204301%20AL%204352/RESOLUCION%204339%20DE%202007.pdf HTTP/1.1" 200 895090
66.249.68.73 - - [28/Jul/2020:00:08:12 -0500] "-" 408 -
186.84.232.207 - - [28/Jul/2020:00:08:15 -0500] "GET /BLA/resoluciones/ HTTP/1.1" 200 12275
66.249.79.107 - - [28/Jul/2020:00:08:17 -0500] "GET /BLA/resoluciones/RESOLUCIONES%202009/3331.pdf HTTP/1.1" 200 706208
186.84.232.207 - - [28/Jul/2020:00:08:21 -0500] "GET /BLA/resoluciones/index.php?dir=RESOLUCIONES+2019%2F HTTP/1.1" 200 170242
66.249.79.107 - - [28/Jul/2020:00:08:27 -0500] "GET /BLA/resoluciones/RESOLUCIONES%202009/9316.pdf HTTP/1.1" 200 480107
186.84.232.207 - - [28/Jul/2020:00:08:32 -0500] "GET /BLA/resoluciones/RESOLUCIONES%202019/0427.pdf HTTP/1.1" 200 265237
40.77.167.182 - - [28/Jul/2020:00:08:32 -0500] "-" 408 -
66.249.79.109 - - [28/Jul/2020:00:08:37 -0500] "GET /BLA/resoluciones/AUTOS%202012/1598.pdf HTTP/1.1" 200 245798
66.249.79.109 - - [28/Jul/2020:00:08:43 -0500] "GET /BLA/resoluciones/RESOLUCIONES%202008/1059.pdf HTTP/1.1" 200 303404
157.55.39.24 - - [28/Jul/2020:00:08:44 -0500] "-" 408 -
66.249.79.107 - - [28/Jul/2020:00:08:52 -0500] "GET /BLA/resoluciones/RESOLUCIONES%202009/0360.pdf HTTP/1.1" 200 349791
66.249.79.107 - - [28/Jul/2020:00:08:59 -0500] "GET /BLA/resoluciones/RESOLUCIONES%202009/4280.pdf HTTP/1.1" 200 510349
40.77.167.182 - - [28/Jul/2020:00:09:04 -0500] "-" 408 -
66.249.79.107 - - [28/Jul/2020:00:09:08 -0500] "GET /BLA/resoluciones/RESOLUCIONES%202009/7318.pdf HTTP/1.1" 200 518656
66.249.79.107 - - [28/Jul/2020:00:09:17 -0500] "GET /BLA/resoluciones/RESOLUCIONES%202008/3215.pdf HTTP/1.1" 200 30919
66.249.79.107 - - [28/Jul/2020:00:09:24 -0500] "GET /BLA/resoluciones/AUTOS%202010/6818.pdf HTTP/1.1" 200 151172
66.249.79.109 - - [28/Jul/2020:00:09:32 -0500] "GET /BLA/resoluciones/AUTOS%202012/1757.pdf HTTP/1.1" 200 289660
66.249.79.109 - - [28/Jul/2020:00:09:39 -0500] "GET /BLA/resoluciones/RESOLUCIONES%202009/6345.pdf HTTP/1.1" 200 537373
66.249.79.109 - - [28/Jul/2020:00:09:49 -0500] "GET /BLA/resoluciones/RESOLUCIONES%202008/5423.pdf HTTP/1.1" 200 182781
66.249.79.111 - - [28/Jul/2020:00:09:57 -0500] "GET /BLA/resoluciones/RESOLUCIONES%202008/4405.pdf HTTP/1.1" 200 23963
17.58.99.49 - - [28/Jul/2020:00:09:58 -0500] "-" 408 -
66.249.79.107 - - [28/Jul/2020:00:10:03 -0500] "GET /BLA/resoluciones/RESOLUCIONES%202009/4807.pdf HTTP/1.1" 200 364691
66.249.79.107 - - [28/Jul/2020:00:10:10 -0500] "GET /BLA/resoluciones/RESOLUCIONES%202008/2578.pdf HTTP/1.1" 200 234680
66.249.79.107 - - [28/Jul/2020:00:10:18 -0500] "GET /BLA/resoluciones/RESOLUCIONES%202008/1048.pdf HTTP/1.1" 200 333013
186.30.73.35 - - [28/Jul/2020:00:10:22 -0500] "GET /galeria/galeria/jquery.fancybox.css?v=2.1.5 HTTP/1.1" 200 4895
186.30.73.35 - - [28/Jul/2020:00:10:22 -0500] "GET /BLA/boletinlegal/js/jquery.scrollShow.js HTTP/1.1" 200 4586
186.30.73.35 - - [28/Jul/2020:00:10:22 -0500] "GET /galeria/galeria/jquery.fancybox.js?v=2.1.5 HTTP/1.1" 200 48706
66.249.79.107 - - [28/Jul/2020:00:10:27 -0500] "GET /BLA/resoluciones/RESOLUCIONES%202007/RES%202007%203301%20AL%203400/RESOLUCION%203390%20DE%202007.pdf HTTP/1.1" 200 911072
66.249.79.107 - - [28/Jul/2020:00:10:37 -0500] "GET /BLA/resoluciones/AUTOS%202016/1524.pdf HTTP/1.1" 200 606370
66.249.79.107 - - [28/Jul/2020:00:10:46 -0500] "GET /BLA/resoluciones/RESOLUCIONES%202008/2717.pdf HTTP/1.1" 200 331788
66.249.79.109 - - [28/Jul/2020:00:10:55 -0500] "GET /BLA/resoluciones/RESOLUCIONES%202008/2512.pdf HTTP/1.1" 200 287771
66.249.79.107 - - [28/Jul/2020:00:11:02 -0500] "GET /BLA/resoluciones/RESOLUCIONES%202008/3570.pdf HTTP/1.1" 200 194465
66.249.79.107 - - [28/Jul/2020:00:11:09 -0500] "GET /BLA/resoluciones/RESOLUCIONES%202009/9419.pdf HTTP/1.1" 200 453805
66.249.79.107 - - [28/Jul/2020:00:11:18 -0500] "GET /BLA/resoluciones/AUTOS%202012/1575.pdf HTTP/1.1" 200 411568
66.249.79.107 - - [28/Jul/2020:00:11:27 -0500] "GET /BLA/resoluciones/RESOLUCIONES%202008/1971.pdf HTTP/1.1" 200 63426
66.249.79.109 - - [28/Jul/2020:00:11:34 -0500] "GET /BLA/resoluciones/RESOLUCIONES%202008/3185.pdf HTTP/1.1" 200 93311
69.162.124.227 - - [28/Jul/2020:00:11:35 -0500] "HEAD / HTTP/1.1" 200 -
66.249.79.107 - - [28/Jul/2020:00:11:41 -0500] "GET /BLA/resoluciones/RESOLUCIONES%202009/5592.pdf HTTP/1.1" 200 674637
66.249.79.107 - - [28/Jul/2020:00:11:51 -0500] "GET /BLA/resoluciones/RESOLUCIONES%202009/4750.pdf HTTP/1.1" 200 612049
66.249.79.109 - - [28/Jul/2020:00:12:00 -0500] "GET /BLA/resoluciones/RESOLUCIONES%202008/2182.pdf HTTP/1.1" 200 353649
66.249.79.107 - - [28/Jul/2020:00:12:07 -0500] "GET /BLA/resoluciones/RESOLUCIONES%202008/0358.pdf HTTP/1.1" 200 218365
66.249.79.109 - - [28/Jul/2020:00:12:14 -0500] "GET /BLA/resoluciones/RESOLUCIONES%202008/4370.pdf HTTP/1.1" 200 322456
201.245.192.253 - - [28/Jul/2020:00:12:20 -0500] "POST /kwsrmcab/Wsrmcab HTTP/1.1" 200 30956
201.245.192.253 - - [28/Jul/2020:00:12:19 -0500] "POST /kwsrmcab/Wsrmcab HTTP/1.1" 200 29292
201.245.192.253 - - [28/Jul/2020:00:12:55 -0500] "POST /kwsrmcab/Wsrmcab HTTP/1.1" 200 29292
200.118.62.24 - - [28/Jul/2020:00:13:39 -0500] "GET /galeria/galeria/jquery.fancybox.css?v=2.1.5 HTTP/1.1" 200 4895
200.118.62.24 - - [28/Jul/2020:00:13:39 -0500] "GET /BLA/boletinlegal/js/jquery.scrollShow.js HTTP/1.1" 200 4586
200.118.62.24 - - [28/Jul/2020:00:13:39 -0500] "GET /galeria/galeria/jquery.fancybox.js?v=2.1.5 HTTP/1.1" 200 48706
66.249.79.109 - - [28/Jul/2020:00:14:03 -0500] "GET /BLA/resoluciones/RESOLUCIONES%202009/9380.pdf HTTP/1.1" 200 98065
186.30.27.254 - - [28/Jul/2020:00:14:04 -0500] "POST /sipse/faces/presentacion/financiero/solicitudProceso/consultarSolicitudProceso.xhtml HTTP/1.1" 200 40481
186.30.27.254 - - [28/Jul/2020:00:14:05 -0500] "GET /sipse/faces/javax.faces.resource/theme.css?ln=primefaces-sipse HTTP/1.1" 304 -
186.30.27.254 - - [28/Jul/2020:00:14:05 -0500] "GET /sipse/faces/javax.faces.resource/primefaces.css?ln=primefaces&v=4.0 HTTP/1.1" 304 -
186.30.27.254 - - [28/Jul/2020:00:14:05 -0500] "GET /sipse/faces/javax.faces.resource/layout/layout.css?ln=primefaces&v=4.0 HTTP/1.1" 304 -
186.30.27.254 - - [28/Jul/2020:00:14:05 -0500] "GET /sipse/faces/javax.faces.resource/jquery/jquery.js?ln=primefaces&v=4.0 HTTP/1.1" 304 -
186.30.27.254 - - [28/Jul/2020:00:14:05 -0500] "GET /sipse/faces/javax.faces.resource/jquery/jquery-plugins.js?ln=primefaces&v=4.0 HTTP/1.1" 304 -
186.30.27.254 - - [28/Jul/2020:00:14:05 -0500] "GET /sipse/faces/javax.faces.resource/primefaces.js?ln=primefaces&v=4.0 HTTP/1.1" 304 -
186.30.27.254 - - [28/Jul/2020:00:14:05 -0500] "GET /sipse/faces/javax.faces.resource/layout/layout.js?ln=primefaces&v=4.0 HTTP/1.1" 304 -
186.30.27.254 - - [28/Jul/2020:00:14:05 -0500] "POST /sipse/faces/presentacion/financiero/solicitudProceso/consultar.xhtml HTTP/1.1" 200 33772
186.30.27.254 - - [28/Jul/2020:00:14:06 -0500] "POST /sipse/faces/presentacion/financiero/solicitudProceso/consultar.xhtml HTTP/1.1" 200 33772
186.30.27.254 - - [28/Jul/2020:00:14:07 -0500] "POST /sipse/faces/presentacion/financiero/solicitudProceso/consultar.xhtml HTTP/1.1" 200 33215
186.30.27.254 - - [28/Jul/2020:00:14:07 -0500] "POST /sipse/faces/presentacion/financiero/solicitudProceso/consultar.xhtml HTTP/1.1" 200 33215
186.30.27.254 - - [28/Jul/2020:00:14:08 -0500] "POST /sipse/faces/presentacion/financiero/solicitudProceso/consultar.xhtml HTTP/1.1" 200 33219
186.30.27.254 - - [28/Jul/2020:00:14:11 -0500] "POST /sipse/faces/presentacion/financiero/solicitudProceso/consultar.xhtml HTTP/1.1" 200 12899
186.30.27.254 - - [28/Jul/2020:00:14:12 -0500] "POST /sipse/faces/presentacion/financiero/solicitudProceso/consultar.xhtml HTTP/1.1" 200 12911
186.30.27.254 - - [28/Jul/2020:00:14:18 -0500] "POST /sipse/faces/presentacion/financiero/solicitudProceso/consultar.xhtml HTTP/1.1" 200 141607
186.30.27.254 - - [28/Jul/2020:00:14:19 -0500] "GET /sipse/faces/javax.faces.resource/layout/layout.css?ln=primefaces&v=4.0 HTTP/1.1" 304 -
186.30.27.254 - - [28/Jul/2020:00:14:19 -0500] "GET /sipse/faces/javax.faces.resource/primefaces.css?ln=primefaces&v=4.0 HTTP/1.1" 304 -
186.30.27.254 - - [28/Jul/2020:00:14:19 -0500] "GET /sipse/faces/javax.faces.resource/theme.css?ln=primefaces-sipse HTTP/1.1" 304 -
186.30.27.254 - - [28/Jul/2020:00:14:19 -0500] "GET /sipse/faces/javax.faces.resource/jquery/jquery.js?ln=primefaces&v=4.0 HTTP/1.1" 304 -
186.30.27.254 - - [28/Jul/2020:00:14:19 -0500] "GET /sipse/faces/javax.faces.resource/jquery/jquery-plugins.js?ln=primefaces&v=4.0 HTTP/1.1" 304 -
186.30.27.254 - - [28/Jul/2020:00:14:19 -0500] "GET /sipse/faces/javax.faces.resource/primefaces.js?ln=primefaces&v=4.0 HTTP/1.1" 304 -
186.30.27.254 - - [28/Jul/2020:00:14:19 -0500] "GET /sipse/faces/javax.faces.resource/layout/layout.js?ln=primefaces&v=4.0 HTTP/1.1" 304 -
186.84.88.213 - - [28/Jul/2020:00:14:19 -0500] "POST /sipse/faces/presentacion/financiero/solicitudProceso/consultarSolicitudProceso.xhtml HTTP/1.1" 200 94035
