201.221.165.176 - - [28/Jul/2020:08:31:35 -0500] "GET /sipse/imagenes/cargando.gif HTTP/1.1" 304 -
201.221.165.176 - - [28/Jul/2020:08:31:35 -0500] "GET /sipse/css/imagen/logoSDG.png HTTP/1.1" 304 -
201.221.165.176 - - [28/Jul/2020:08:31:35 -0500] "GET /sipse/css/imagen/contrasena.png HTTP/1.1" 404 383
201.221.165.176 - - [28/Jul/2020:08:31:35 -0500] "GET /sipse/faces/javax.faces.resource/images/ui-icons_898989_256x240.png?ln=primefaces-aristo HTTP/1.1" 304 -
190.27.245.107 - - [28/Jul/2020:08:31:35 -0500] "GET /reportes_sipse/sdg/ServletReporte?reporte=no_hay HTTP/1.1" 200 5373
181.50.97.49 - - [28/Jul/2020:08:31:35 -0500] "GET /sipse/faces/javax.faces.resource/images/ui-bg_flat_0_2d5972_40x100.png?ln=primefaces-aristo HTTP/1.1" 304 -
186.154.36.224 - - [28/Jul/2020:08:31:35 -0500] "GET /Residuos/farmaceutica/farmaceutica.html HTTP/1.1" 200 1967
186.84.21.158 - - [28/Jul/2020:08:31:35 -0500] "POST /sipse/faces/presentacion/financiero/solicitudProceso/listarSolicitudProceso.xhtml HTTP/1.1" 200 145454
181.50.97.49 - - [28/Jul/2020:08:31:35 -0500] "POST /sipse/faces/presentacion/financiero/solicitudProceso/consultarSolicitudProceso.xhtml HTTP/1.1" 200 23704
181.50.97.49 - - [28/Jul/2020:08:31:36 -0500] "GET /sipse/faces/javax.faces.resource/theme.css?ln=primefaces-sipse HTTP/1.1" 304 -
181.50.97.49 - - [28/Jul/2020:08:31:36 -0500] "GET /sipse/faces/javax.faces.resource/layout/layout.css?ln=primefaces&v=4.0 HTTP/1.1" 304 -
181.50.97.49 - - [28/Jul/2020:08:31:36 -0500] "GET /sipse/faces/javax.faces.resource/primefaces.css?ln=primefaces&v=4.0 HTTP/1.1" 304 -
181.50.97.49 - - [28/Jul/2020:08:31:36 -0500] "GET /sipse/faces/javax.faces.resource/jquery/jquery.js?ln=primefaces&v=4.0 HTTP/1.1" 304 -
186.84.21.158 - - [28/Jul/2020:08:31:36 -0500] "GET /sipse/faces/javax.faces.resource/theme.css?ln=primefaces-sipse HTTP/1.1" 304 -
181.50.97.49 - - [28/Jul/2020:08:31:36 -0500] "GET /sipse/faces/javax.faces.resource/jquery/jquery-plugins.js?ln=primefaces&v=4.0 HTTP/1.1" 304 -
186.84.21.158 - - [28/Jul/2020:08:31:36 -0500] "GET /sipse/faces/javax.faces.resource/layout/layout.css?ln=primefaces&v=4.0 HTTP/1.1" 304 -
186.84.21.158 - - [28/Jul/2020:08:31:36 -0500] "GET /sipse/faces/javax.faces.resource/primefaces.css?ln=primefaces&v=4.0 HTTP/1.1" 304 -
181.50.97.49 - - [28/Jul/2020:08:31:36 -0500] "GET /sipse/faces/javax.faces.resource/primefaces.js?ln=primefaces&v=4.0 HTTP/1.1" 304 -
186.84.21.158 - - [28/Jul/2020:08:31:36 -0500] "GET /sipse/faces/javax.faces.resource/jquery/jquery.js?ln=primefaces&v=4.0 HTTP/1.1" 304 -
181.50.97.49 - - [28/Jul/2020:08:31:36 -0500] "GET /sipse/faces/javax.faces.resource/layout/layout.js?ln=primefaces&v=4.0 HTTP/1.1" 304 -
186.84.21.158 - - [28/Jul/2020:08:31:36 -0500] "GET /sipse/faces/javax.faces.resource/jquery/jquery-plugins.js?ln=primefaces&v=4.0 HTTP/1.1" 304 -
181.50.97.49 - - [28/Jul/2020:08:31:36 -0500] "GET /sipse/faces/javax.faces.resource/images/ui-icons_898989_256x240.png?ln=primefaces-aristo HTTP/1.1" 304 -
186.84.21.158 - - [28/Jul/2020:08:31:36 -0500] "GET /sipse/faces/javax.faces.resource/primefaces.js?ln=primefaces&v=4.0 HTTP/1.1" 304 -
186.84.21.158 - - [28/Jul/2020:08:31:36 -0500] "GET /sipse/faces/javax.faces.resource/layout/layout.js?ln=primefaces&v=4.0 HTTP/1.1" 304 -
181.57.161.84 - - [28/Jul/2020:08:31:36 -0500] "GET /BLA/boletinlegal/consulta_normativa.php?tipo=Decreto&sector=licencia&ano=2020&resuelve= HTTP/1.1" 200 454
186.154.36.224 - - [28/Jul/2020:08:31:36 -0500] "GET /favicon.ico HTTP/1.1" 200 7782
181.57.161.84 - - [28/Jul/2020:08:31:36 -0500] "GET /BLA/boletinlegal/consulta_normativa.php?tipo=Decreto&sector=licencia&ano=2020&resuelve= HTTP/1.1" 200 454
181.50.97.49 - - [28/Jul/2020:08:31:37 -0500] "GET /sipse/faces/javax.faces.resource/images/ui-icons_898989_256x240.png?ln=primefaces-aristo HTTP/1.1" 304 -
181.50.97.49 - - [28/Jul/2020:08:31:37 -0500] "GET /sipse/faces/javax.faces.resource/images/ui-icons_898989_256x240.png?ln=primefaces-aristo HTTP/1.1" 304 -
181.50.97.49 - - [28/Jul/2020:08:31:38 -0500] "GET /sipse/faces/javax.faces.resource/images/ui-icons_898989_256x240.png?ln=primefaces-aristo HTTP/1.1" 304 -
190.27.245.107 - - [28/Jul/2020:08:31:38 -0500] "GET /reportes_sipse/sdg/ServletReporte?reporte=experienia_idoneidad&solicitud=9651&pfdrid_c=false HTTP/1.1" 200 182017
201.245.192.253 - - [28/Jul/2020:08:31:38 -0500] "POST /sipse/faces/presentacion/financiero/solicitudProceso/listarSolicitudProceso.xhtml HTTP/1.1" 200 33764
181.57.161.84 - - [28/Jul/2020:08:31:40 -0500] "GET /BLA/boletinlegal/consulta_normativa.php?tipo=Acuerdo&sector=licencia&ano=2020&resuelve= HTTP/1.1" 200 454
201.245.192.253 - - [28/Jul/2020:08:31:40 -0500] "POST /sipse/faces/presentacion/financiero/solicitudProceso/listarSolicitudProceso.xhtml HTTP/1.1" 200 8870
181.57.161.84 - - [28/Jul/2020:08:31:40 -0500] "GET /BLA/boletinlegal/consulta_normativa.php?tipo=Acuerdo&sector=licencia&ano=2020&resuelve= HTTP/1.1" 200 454
201.245.192.253 - - [28/Jul/2020:08:31:41 -0500] "POST /sipse/faces/presentacion/financiero/solicitudProceso/listarSolicitudProceso.xhtml HTTP/1.1" 200 8846
190.27.245.107 - - [28/Jul/2020:08:31:42 -0500] "POST /reportes_sipse/sdg/ServletControlador HTTP/1.1" 200 160947
181.57.161.84 - - [28/Jul/2020:08:31:42 -0500] "GET /BLA/boletinlegal/consulta_normativa.php?tipo=Resolucion&sector=licencia&ano=2020&resuelve= HTTP/1.1" 200 454
181.57.161.84 - - [28/Jul/2020:08:31:42 -0500] "GET /BLA/boletinlegal/consulta_normativa.php?tipo=Resolucion&sector=licencia&ano=2020&resuelve= HTTP/1.1" 200 454
200.119.53.147 - - [28/Jul/2020:08:31:44 -0500] "GET /galeria/galeria/jquery.fancybox.js?v=2.1.5 HTTP/1.1" 200 48706
200.119.53.147 - - [28/Jul/2020:08:31:44 -0500] "GET /BLA/boletinlegal/js/jquery.scrollShow.js HTTP/1.1" 200 4586
201.245.192.253 - - [28/Jul/2020:08:31:43 -0500] "POST /sipse/faces/presentacion/financiero/solicitudProceso/listarSolicitudProceso.xhtml HTTP/1.1" 200 126025
201.245.192.253 - - [28/Jul/2020:08:31:44 -0500] "GET /sipse/faces/javax.faces.resource/primefaces.css?ln=primefaces&v=4.0 HTTP/1.1" 304 -
201.245.192.253 - - [28/Jul/2020:08:31:44 -0500] "GET /sipse/faces/javax.faces.resource/layout/layout.css?ln=primefaces&v=4.0 HTTP/1.1" 304 -
201.245.192.253 - - [28/Jul/2020:08:31:44 -0500] "GET /sipse/faces/javax.faces.resource/theme.css?ln=primefaces-sipse HTTP/1.1" 304 -
201.245.192.253 - - [28/Jul/2020:08:31:44 -0500] "GET /sipse/faces/javax.faces.resource/jquery/jquery.js?ln=primefaces&v=4.0 HTTP/1.1" 304 -
201.245.192.253 - - [28/Jul/2020:08:31:44 -0500] "GET /sipse/faces/javax.faces.resource/jquery/jquery-plugins.js?ln=primefaces&v=4.0 HTTP/1.1" 304 -
201.245.192.253 - - [28/Jul/2020:08:31:44 -0500] "GET /sipse/faces/javax.faces.resource/primefaces.js?ln=primefaces&v=4.0 HTTP/1.1" 304 -
201.245.192.253 - - [28/Jul/2020:08:31:44 -0500] "GET /sipse/faces/javax.faces.resource/layout/layout.js?ln=primefaces&v=4.0 HTTP/1.1" 304 -
200.119.53.147 - - [28/Jul/2020:08:31:44 -0500] "GET /galeria/galeria/jquery.fancybox.css?v=2.1.5 HTTP/1.1" 200 4895
200.119.53.147 - - [28/Jul/2020:08:31:44 -0500] "GET /galeria/carrusel/Carrusel/jquery.thumbnailScroller.css HTTP/1.1" 200 2066
200.119.53.147 - - [28/Jul/2020:08:31:44 -0500] "GET /galeria/carrusel/Carrusel/jquery-ui-1.8.13.custom.min.js HTTP/1.1" 200 10800
181.57.161.84 - - [28/Jul/2020:08:31:44 -0500] "GET /BLA/boletinlegal/consulta_normativa.php?tipo=Manual&sector=licencia&ano=2020&resuelve= HTTP/1.1" 200 454
201.245.192.253 - - [28/Jul/2020:08:31:44 -0500] "POST /sipse/faces/presentacion/financiero/solicitudProceso/consultarSolicitudProceso.xhtml HTTP/1.1" 200 3964
200.119.53.147 - - [28/Jul/2020:08:31:44 -0500] "GET /galeria/carrusel/Carrusel/jquery.thumbnailScroller.js HTTP/1.1" 200 8157
181.57.161.84 - - [28/Jul/2020:08:31:44 -0500] "GET /BLA/boletinlegal/consulta_normativa.php?tipo=Manual&sector=licencia&ano=2020&resuelve= HTTP/1.1" 200 454
186.84.88.213 - - [28/Jul/2020:08:31:44 -0500] "POST /sipse/faces/presentacion/financiero/solicitudProceso/listarSolicitudProceso.xhtml HTTP/1.1" 200 33792
181.57.161.84 - - [28/Jul/2020:08:31:44 -0500] "GET /BLA/boletinlegal/consulta_normativa.php?tipo=Manual&sector=licencia&ano=2020&resuelve= HTTP/1.1" 200 454
190.27.245.107 - - [28/Jul/2020:08:31:44 -0500] "GET /reportes_sipse/sdg/ServletReporte?reporte=experienia_idoneidad&solicitud=9651&pfdrid_c=false HTTP/1.1" 200 182017
186.84.88.213 - - [28/Jul/2020:08:31:45 -0500] "POST /sipse/faces/presentacion/financiero/solicitudProceso/listarSolicitudProceso.xhtml HTTP/1.1" 200 34231
200.119.53.147 - - [28/Jul/2020:08:31:46 -0500] "GET /galeria/nivo-slider/demo/inicio88.html HTTP/1.1" 200 4595
200.119.53.147 - - [28/Jul/2020:08:31:46 -0500] "GET /galeria/nivo-slider/nivo-slider.css HTTP/1.1" 200 1507
200.119.53.147 - - [28/Jul/2020:08:31:46 -0500] "GET /galeria/nivo-slider/demo/style.css HTTP/1.1" 200 2222
200.119.53.147 - - [28/Jul/2020:08:31:46 -0500] "GET /galeria/nivo-slider/themes/pascal/pascal.css HTTP/1.1" 200 2258
200.119.53.147 - - [28/Jul/2020:08:31:46 -0500] "GET /galeria/nivo-slider/themes/default/default.css HTTP/1.1" 200 1569
200.119.53.147 - - [28/Jul/2020:08:31:46 -0500] "GET /galeria/nivo-slider/themes/orman/orman.css HTTP/1.1" 200 2152
200.119.53.147 - - [28/Jul/2020:08:31:46 -0500] "GET /galeria/nivo-slider/demo/scripts/jquery-1.7.1.min.js HTTP/1.1" 200 93868
181.50.97.49 - - [28/Jul/2020:08:31:46 -0500] "GET /sipse/faces/javax.faces.resource/images/ui-bg_flat_0_2d5972_40x100.png?ln=primefaces-aristo HTTP/1.1" 304 -
200.119.53.147 - - [28/Jul/2020:08:31:46 -0500] "GET /galeria/nivo-slider/jquery.nivo.slider.pack.js HTTP/1.1" 200 11561
200.119.53.147 - - [28/Jul/2020:08:31:47 -0500] "GET /galeria/nivo-slider/demo/images/bannerclasesvirtual.jpg HTTP/1.1" 200 191931
200.119.53.147 - - [28/Jul/2020:08:31:47 -0500] "GET /galeria/nivo-slider/demo/images/bannernaranja.jpg HTTP/1.1" 200 40936
200.119.53.147 - - [28/Jul/2020:08:31:47 -0500] "GET /galeria/nivo-slider/demo/images/Bannercuidate.jpg HTTP/1.1" 200 75508
181.50.97.49 - - [28/Jul/2020:08:31:46 -0500] "POST /sipse/faces/presentacion/financiero/viabilidad/expedirViabilidad.xhtml HTTP/1.1" 200 124751
181.50.97.49 - - [28/Jul/2020:08:31:47 -0500] "GET /sipse/faces/javax.faces.resource/theme.css?ln=primefaces-sipse HTTP/1.1" 304 -
181.50.97.49 - - [28/Jul/2020:08:31:47 -0500] "GET /sipse/faces/javax.faces.resource/primefaces.css?ln=primefaces&v=4.0 HTTP/1.1" 304 -
181.50.97.49 - - [28/Jul/2020:08:31:47 -0500] "GET /sipse/faces/javax.faces.resource/layout/layout.css?ln=primefaces&v=4.0 HTTP/1.1" 304 -
181.50.97.49 - - [28/Jul/2020:08:31:47 -0500] "GET /sipse/faces/javax.faces.resource/jquery/jquery.js?ln=primefaces&v=4.0 HTTP/1.1" 304 -
181.50.97.49 - - [28/Jul/2020:08:31:47 -0500] "GET /sipse/faces/javax.faces.resource/jquery/jquery-plugins.js?ln=primefaces&v=4.0 HTTP/1.1" 304 -
181.50.97.49 - - [28/Jul/2020:08:31:47 -0500] "GET /sipse/faces/javax.faces.resource/primefaces.js?ln=primefaces&v=4.0 HTTP/1.1" 304 -
181.50.97.49 - - [28/Jul/2020:08:31:47 -0500] "GET /sipse/faces/javax.faces.resource/layout/layout.js?ln=primefaces&v=4.0 HTTP/1.1" 304 -
200.119.53.147 - - [28/Jul/2020:08:31:47 -0500] "GET /galeria/nivo-slider/demo/images/bannerhorarios.jpg HTTP/1.1" 200 50157
186.84.88.213 - - [28/Jul/2020:08:31:47 -0500] "POST /sipse/faces/presentacion/financiero/solicitudProceso/listarSolicitudProceso.xhtml HTTP/1.1" 200 14685
181.50.97.49 - - [28/Jul/2020:08:31:47 -0500] "GET /sipse/faces/javax.faces.resource/images/ui-icons_898989_256x240.png?ln=primefaces-aristo HTTP/1.1" 304 -
200.119.53.147 - - [28/Jul/2020:08:31:47 -0500] "GET /galeria/nivo-slider/demo/images/Bannerultimo.jpg HTTP/1.1" 200 256691
186.84.88.213 - - [28/Jul/2020:08:31:47 -0500] "POST /sipse/faces/presentacion/financiero/solicitudProceso/listarSolicitudProceso.xhtml HTTP/1.1" 200 8838
200.119.53.147 - - [28/Jul/2020:08:31:48 -0500] "GET /galeria/nivo-slider/demo/images/bannersolidariacasa.jpg HTTP/1.1" 200 70999
200.119.53.147 - - [28/Jul/2020:08:31:48 -0500] "GET /galeria/nivo-slider/demo/images/bannercovid.jpg HTTP/1.1" 200 352563
200.119.53.147 - - [28/Jul/2020:08:31:48 -0500] "GET /galeria/nivo-slider/demo/images/bannerplan2020.png HTTP/1.1" 200 144663
200.119.53.147 - - [28/Jul/2020:08:31:48 -0500] "GET /galeria/nivo-slider/demo/images/bannerbioseguridad.jpg HTTP/1.1" 200 228661
200.119.53.147 - - [28/Jul/2020:08:31:48 -0500] "GET /galeria/nivo-slider/demo/images/bannereco2020.jpg HTTP/1.1" 200 52823
200.119.53.147 - - [28/Jul/2020:08:31:49 -0500] "GET /galeria/nivo-slider/demo/images/Banner%20canales%20virtuales.jpg HTTP/1.1" 200 209438
200.119.53.147 - - [28/Jul/2020:08:31:49 -0500] "GET /galeria/nivo-slider/themes/default/loading.gif HTTP/1.1" 200 1737
200.119.53.147 - - [28/Jul/2020:08:31:49 -0500] "GET /galeria/nivo-slider/demo/images/4Simple_Slider.png HTTP/1.1" 200 11722
181.57.161.84 - - [28/Jul/2020:08:31:50 -0500] "GET /BLA/boletinlegal/consulta_normativa.php?tipo=Manual&sector=mineria&ano=2020&resuelve= HTTP/1.1" 200 454
181.57.161.84 - - [28/Jul/2020:08:31:50 -0500] "GET /BLA/boletinlegal/consulta_normativa.php?tipo=Manual&sector=mineria&ano=2020&resuelve= HTTP/1.1" 200 454
181.57.161.84 - - [28/Jul/2020:08:31:50 -0500] "GET /BLA/boletinlegal/consulta_normativa.php?tipo=Manual&sector=mineria&ano=2020&resuelve= HTTP/1.1" 200 454
200.119.53.147 - - [28/Jul/2020:08:31:51 -0500] "GET /galeria/nivo-slider/themes/default/arrows.png HTTP/1.1" 200 824
200.119.53.147 - - [28/Jul/2020:08:31:51 -0500] "GET /galeria/nivo-slider/themes/default/bullets.png HTTP/1.1" 200 1281
186.84.88.213 - - [28/Jul/2020:08:31:52 -0500] "POST /sipse/faces/presentacion/financiero/solicitudProceso/listarSolicitudProceso.xhtml HTTP/1.1" 200 126304
186.84.88.213 - - [28/Jul/2020:08:31:52 -0500] "GET /sipse/faces/javax.faces.resource/theme.css?ln=primefaces-sipse HTTP/1.1" 304 -
186.84.88.213 - - [28/Jul/2020:08:31:52 -0500] "GET /sipse/faces/javax.faces.resource/primefaces.css?ln=primefaces&v=4.0 HTTP/1.1" 304 -
186.84.88.213 - - [28/Jul/2020:08:31:52 -0500] "GET /sipse/faces/javax.faces.resource/layout/layout.css?ln=primefaces&v=4.0 HTTP/1.1" 304 -
186.84.88.213 - - [28/Jul/2020:08:31:52 -0500] "GET /sipse/faces/javax.faces.resource/jquery/jquery.js?ln=primefaces&v=4.0 HTTP/1.1" 304 -
186.84.88.213 - - [28/Jul/2020:08:31:52 -0500] "GET /sipse/faces/javax.faces.resource/jquery/jquery-plugins.js?ln=primefaces&v=4.0 HTTP/1.1" 304 -
186.84.88.213 - - [28/Jul/2020:08:31:52 -0500] "GET /sipse/faces/javax.faces.resource/primefaces.js?ln=primefaces&v=4.0 HTTP/1.1" 304 -
181.57.161.84 - - [28/Jul/2020:08:31:52 -0500] "GET /BLA/boletinlegal/consulta_normativa.php?tipo=Ley&sector=mineria&ano=2020&resuelve= HTTP/1.1" 200 454
186.84.88.213 - - [28/Jul/2020:08:31:52 -0500] "GET /sipse/faces/javax.faces.resource/layout/layout.js?ln=primefaces&v=4.0 HTTP/1.1" 304 -
181.57.161.84 - - [28/Jul/2020:08:31:52 -0500] "GET /BLA/boletinlegal/consulta_normativa.php?tipo=Ley&sector=mineria&ano=2020&resuelve= HTTP/1.1" 200 454
186.84.88.213 - - [28/Jul/2020:08:31:53 -0500] "POST /sipse/faces/presentacion/financiero/solicitudProceso/consultarSolicitudProceso.xhtml HTTP/1.1" 200 3964
181.57.161.84 - - [28/Jul/2020:08:31:53 -0500] "GET /BLA/boletinlegal/consulta_normativa.php?tipo=Ley&sector=mineria&ano=2020&resuelve= HTTP/1.1" 200 454
190.27.245.107 - - [28/Jul/2020:08:31:54 -0500] "GET /reportes_sipse/sdg/ServletReporte?reporte=experienia_idoneidad&solicitud=9651&pfdrid_c=false HTTP/1.1" 200 182017
181.57.161.84 - - [28/Jul/2020:08:31:55 -0500] "GET /BLA/boletinlegal/consulta_normativa.php?tipo=Decreto&sector=mineria&ano=2020&resuelve= HTTP/1.1" 200 454
181.57.161.84 - - [28/Jul/2020:08:31:55 -0500] "GET /BLA/boletinlegal/consulta_normativa.php?tipo=Decreto&sector=mineria&ano=2020&resuelve= HTTP/1.1" 200 454
181.57.161.84 - - [28/Jul/2020:08:31:57 -0500] "GET /BLA/boletinlegal/consulta_normativa.php?tipo=Acuerdo&sector=mineria&ano=2020&resuelve= HTTP/1.1" 200 454
181.57.161.84 - - [28/Jul/2020:08:31:57 -0500] "GET /BLA/boletinlegal/consulta_normativa.php?tipo=Acuerdo&sector=mineria&ano=2020&resuelve= HTTP/1.1" 200 454
186.84.21.158 - - [28/Jul/2020:08:31:58 -0500] "POST /sipse/faces/presentacion/financiero/solicitudProceso/consultarSolicitudProceso.xhtml HTTP/1.1" 200 5545
201.245.192.253 - - [28/Jul/2020:08:31:58 -0500] "POST /sipse/faces/presentacion/financiero/solicitudProceso/consultarSolicitudProceso.xhtml HTTP/1.1" 200 5513
190.27.245.107 - - [28/Jul/2020:08:31:58 -0500] "GET /reportes_sipse/sdg/ServletReporte?reporte=experienia_idoneidad&solicitud=9683&pfdrid_c=false HTTP/1.1" 200 199974
201.245.192.253 - - [28/Jul/2020:08:31:58 -0500] "GET /sipse/faces/javax.faces.resource/dynamiccontent.properties?ln=primefaces&pfdrid=XjOR5%2F%2FfPAZAuY9TpWQeCiM0BhlXxYRBGKi%2FQcXXfeA%3D&pfdrid_c=false HTTP/1.1" 200 126435
181.57.161.84 - - [28/Jul/2020:08:31:59 -0500] "GET /BLA/boletinlegal/consulta_normativa.php?tipo=Resolucion&sector=mineria&ano=2020&resuelve= HTTP/1.1" 200 454
181.57.161.84 - - [28/Jul/2020:08:31:59 -0500] "GET /BLA/boletinlegal/consulta_normativa.php?tipo=Resolucion&sector=mineria&ano=2020&resuelve= HTTP/1.1" 200 454
200.119.53.147 - - [28/Jul/2020:08:32:02 -0500] "GET /galeria/bibloteca/contentflow.js HTTP/1.1" 200 42804
181.57.161.84 - - [28/Jul/2020:08:32:01 -0500] "GET /BLA/boletinlegal/consulta_normativa.php?tipo=Manual&sector=mineria&ano=2020&resuelve= HTTP/1.1" 200 454
200.119.53.147 - - [28/Jul/2020:08:32:02 -0500] "GET /galeria/bibloteca/contentflow.css HTTP/1.1" 200 3201
200.119.53.147 - - [28/Jul/2020:08:32:02 -0500] "GET /galeria/bibloteca/mycontentflow.css HTTP/1.1" 200 3110
200.119.53.147 - - [28/Jul/2020:08:32:02 -0500] "GET /galeria/bibloteca/ContentFlowAddOn_white.js HTTP/1.1" 200 2497
181.57.161.84 - - [28/Jul/2020:08:32:02 -0500] "GET /BLA/boletinlegal/consulta_normativa.php?tipo=Manual&sector=mineria&ano=2020&resuelve= HTTP/1.1" 200 454
200.119.53.147 - - [28/Jul/2020:08:32:02 -0500] "GET /galeria/bibloteca/ContentFlowAddOn_white.css HTTP/1.1" 200 3355
200.119.53.147 - - [28/Jul/2020:08:32:02 -0500] "GET /galeria/bibloteca/img/slider_white.png HTTP/1.1" 200 178
200.119.53.147 - - [28/Jul/2020:08:32:02 -0500] "GET /galeria/bibloteca/img/loader.gif HTTP/1.1" 200 8238
200.119.53.147 - - [28/Jul/2020:08:32:02 -0500] "GET /galeria/bibloteca/img/scrollbar_white.png HTTP/1.1" 200 82
181.57.161.84 - - [28/Jul/2020:08:32:02 -0500] "GET /BLA/boletinlegal/consulta_normativa.php?tipo=Manual&sector=mineria&ano=2020&resuelve= HTTP/1.1" 200 454
181.57.161.84 - - [28/Jul/2020:08:32:02 -0500] "GET /BLA/boletinlegal/consulta_normativa.php?tipo=Manual&sector=mineria&ano=2020&resuelve= HTTP/1.1" 200 454
181.57.161.84 - - [28/Jul/2020:08:32:02 -0500] "GET /BLA/boletinlegal/consulta_normativa.php?tipo=Manual&sector=mineria&ano=2020&resuelve= HTTP/1.1" 200 454
201.221.165.176 - - [28/Jul/2020:08:32:03 -0500] "GET /sipse/faces/javax.faces.resource/images/ui-bg_flat_0_2d5972_40x100.png?ln=primefaces-aristo HTTP/1.1" 304 -
200.119.53.147 - - [28/Jul/2020:08:32:03 -0500] "GET /galeria/bibloteca/img/scrollbar_black.png HTTP/1.1" 200 82
200.119.53.147 - - [28/Jul/2020:08:32:03 -0500] "GET /galeria/bibloteca/img/1x1_0.5_white.png HTTP/1.1" 200 82
200.119.53.147 - - [28/Jul/2020:08:32:03 -0500] "GET /galeria/bibloteca/img/slider_black.png HTTP/1.1" 200 175
200.119.53.147 - - [28/Jul/2020:08:32:03 -0500] "GET /galeria/bibloteca/img/ajax-loader.gif HTTP/1.1" 200 9427
201.221.165.176 - - [28/Jul/2020:08:32:03 -0500] "POST /sipse/faces/presentacion/sistema/reporte/ventanaVerReporteParametros.xhtml HTTP/1.1" 200 48320
201.221.165.176 - - [28/Jul/2020:08:32:03 -0500] "GET /sipse/faces/javax.faces.resource/layout/layout.css?ln=primefaces&v=4.0 HTTP/1.1" 304 -
201.221.165.176 - - [28/Jul/2020:08:32:03 -0500] "GET /sipse/faces/javax.faces.resource/primefaces.css?ln=primefaces&v=4.0 HTTP/1.1" 304 -
201.221.165.176 - - [28/Jul/2020:08:32:03 -0500] "GET /sipse/faces/javax.faces.resource/theme.css?ln=primefaces-sipse HTTP/1.1" 304 -
201.221.165.176 - - [28/Jul/2020:08:32:03 -0500] "GET /sipse/faces/javax.faces.resource/jquery/jquery.js?ln=primefaces&v=4.0 HTTP/1.1" 304 -
201.221.165.176 - - [28/Jul/2020:08:32:03 -0500] "GET /sipse/faces/javax.faces.resource/jquery/jquery-plugins.js?ln=primefaces&v=4.0 HTTP/1.1" 304 -
201.221.165.176 - - [28/Jul/2020:08:32:04 -0500] "GET /sipse/faces/javax.faces.resource/primefaces.js?ln=primefaces&v=4.0 HTTP/1.1" 304 -
201.221.165.176 - - [28/Jul/2020:08:32:04 -0500] "GET /sipse/faces/javax.faces.resource/layout/layout.js?ln=primefaces&v=4.0 HTTP/1.1" 304 -
186.84.88.213 - - [28/Jul/2020:08:32:01 -0500] "POST /sipse/faces/presentacion/financiero/solicitudProceso/consultarSolicitudProceso.xhtml HTTP/1.1" 200 34115
201.221.165.176 - - [28/Jul/2020:08:32:04 -0500] "GET /sipse/css/imagen/contrasena.png HTTP/1.1" 404 383
186.84.88.213 - - [28/Jul/2020:08:32:04 -0500] "GET /sipse/faces/javax.faces.resource/theme.css?ln=primefaces-sipse HTTP/1.1" 304 -
186.84.88.213 - - [28/Jul/2020:08:32:04 -0500] "GET /sipse/faces/javax.faces.resource/primefaces.css?ln=primefaces&v=4.0 HTTP/1.1" 304 -
186.84.88.213 - - [28/Jul/2020:08:32:04 -0500] "GET /sipse/faces/javax.faces.resource/layout/layout.css?ln=primefaces&v=4.0 HTTP/1.1" 304 -
201.221.165.176 - - [28/Jul/2020:08:32:04 -0500] "POST /sipse/faces/presentacion/financiero/solicitudProceso/listarSolicitudProceso.xhtml HTTP/1.1" 200 1408
186.84.88.213 - - [28/Jul/2020:08:32:04 -0500] "GET /sipse/faces/javax.faces.resource/jquery/jquery.js?ln=primefaces&v=4.0 HTTP/1.1" 304 -
186.84.88.213 - - [28/Jul/2020:08:32:04 -0500] "GET /sipse/faces/javax.faces.resource/jquery/jquery-plugins.js?ln=primefaces&v=4.0 HTTP/1.1" 304 -
186.84.88.213 - - [28/Jul/2020:08:32:04 -0500] "GET /sipse/faces/javax.faces.resource/primefaces.js?ln=primefaces&v=4.0 HTTP/1.1" 304 -
186.84.88.213 - - [28/Jul/2020:08:32:04 -0500] "GET /sipse/faces/javax.faces.resource/layout/layout.js?ln=primefaces&v=4.0 HTTP/1.1" 304 -
186.84.88.213 - - [28/Jul/2020:08:32:04 -0500] "POST /sipse/faces/presentacion/financiero/solicitudProceso/listarSolicitudProceso.xhtml HTTP/1.1" 200 1344
181.50.97.49 - - [28/Jul/2020:08:32:11 -0500] "GET /sipse/faces/javax.faces.resource/images/ui-icons_898989_256x240.png?ln=primefaces-aristo HTTP/1.1" 304 -
181.50.97.49 - - [28/Jul/2020:08:32:12 -0500] "GET /sipse/faces/javax.faces.resource/images/ui-icons_898989_256x240.png?ln=primefaces-aristo HTTP/1.1" 304 -
181.50.97.49 - - [28/Jul/2020:08:32:12 -0500] "GET /sipse/faces/javax.faces.resource/images/ui-bg_flat_0_2d5972_40x100.png?ln=primefaces-aristo HTTP/1.1" 304 -
190.130.64.180 - - [28/Jul/2020:08:32:12 -0500] "GET /sipse/faces/index.xhtml HTTP/1.1" 200 677
190.130.64.180 - - [28/Jul/2020:08:32:12 -0500] "GET /sipse/faces/javax.faces.resource/theme.css?ln=primefaces-sipse HTTP/1.1" 304 -
190.130.64.180 - - [28/Jul/2020:08:32:12 -0500] "GET /sipse/faces/javax.faces.resource/theme.css?ln=primefaces-sipse HTTP/1.1" 304 -
190.130.64.180 - - [28/Jul/2020:08:32:12 -0500] "GET /sipse/faces/faces/autenticacion.xhtml HTTP/1.1" 200 12176
190.130.64.180 - - [28/Jul/2020:08:32:13 -0500] "GET /sipse/faces/javax.faces.resource/primefaces.css?ln=primefaces&v=4.0 HTTP/1.1" 304 -
190.130.64.180 - - [28/Jul/2020:08:32:13 -0500] "GET /sipse/faces/javax.faces.resource/layout/layout.css?ln=primefaces&v=4.0 HTTP/1.1" 304 -
190.130.64.180 - - [28/Jul/2020:08:32:13 -0500] "GET /sipse/faces/javax.faces.resource/jquery/jquery.js?ln=primefaces&v=4.0 HTTP/1.1" 304 -
190.130.64.180 - - [28/Jul/2020:08:32:13 -0500] "GET /sipse/faces/javax.faces.resource/jquery/jquery-plugins.js?ln=primefaces&v=4.0 HTTP/1.1" 304 -
190.130.64.180 - - [28/Jul/2020:08:32:13 -0500] "GET /sipse/faces/javax.faces.resource/primefaces.js?ln=primefaces&v=4.0 HTTP/1.1" 304 -
190.130.64.180 - - [28/Jul/2020:08:32:13 -0500] "GET /sipse/faces/javax.faces.resource/layout/layout.js?ln=primefaces&v=4.0 HTTP/1.1" 304 -
181.50.97.49 - - [28/Jul/2020:08:32:12 -0500] "POST /sipse/faces/presentacion/financiero/solicitudProceso/consultarSolicitudProceso.xhtml HTTP/1.1" 200 38965
181.50.97.49 - - [28/Jul/2020:08:32:14 -0500] "GET /sipse/faces/javax.faces.resource/primefaces.css?ln=primefaces&v=4.0 HTTP/1.1" 304 -
181.50.97.49 - - [28/Jul/2020:08:32:14 -0500] "GET /sipse/faces/javax.faces.resource/theme.css?ln=primefaces-sipse HTTP/1.1" 304 -
181.50.97.49 - - [28/Jul/2020:08:32:14 -0500] "GET /sipse/faces/javax.faces.resource/layout/layout.css?ln=primefaces&v=4.0 HTTP/1.1" 304 -
181.50.97.49 - - [28/Jul/2020:08:32:14 -0500] "GET /sipse/faces/javax.faces.resource/jquery/jquery.js?ln=primefaces&v=4.0 HTTP/1.1" 304 -
181.50.97.49 - - [28/Jul/2020:08:32:14 -0500] "GET /sipse/faces/javax.faces.resource/jquery/jquery-plugins.js?ln=primefaces&v=4.0 HTTP/1.1" 304 -
181.50.97.49 - - [28/Jul/2020:08:32:14 -0500] "GET /sipse/faces/javax.faces.resource/primefaces.js?ln=primefaces&v=4.0 HTTP/1.1" 304 -
181.50.97.49 - - [28/Jul/2020:08:32:14 -0500] "GET /sipse/faces/javax.faces.resource/layout/layout.js?ln=primefaces&v=4.0 HTTP/1.1" 304 -
181.50.97.49 - - [28/Jul/2020:08:32:14 -0500] "GET /sipse/faces/javax.faces.resource/images/ui-icons_898989_256x240.png?ln=primefaces-aristo HTTP/1.1" 304 -
181.50.97.49 - - [28/Jul/2020:08:32:14 -0500] "GET /sipse/faces/javax.faces.resource/messages/messages.png?ln=primefaces&v=4.0 HTTP/1.1" 304 -
181.50.97.49 - - [28/Jul/2020:08:32:14 -0500] "GET /sipse/faces/javax.faces.resource/images/ui-bg_flat_0_2d5972_40x100.png?ln=primefaces-aristo HTTP/1.1" 304 -
181.50.97.49 - - [28/Jul/2020:08:32:14 -0500] "POST /sipse/faces/presentacion/financiero/solicitudProceso/listarSolicitudProceso.xhtml HTTP/1.1" 200 1376
132.251.234.242 - - [28/Jul/2020:08:32:15 -0500] "GET /galeria/galeria/jquery.fancybox.js?v=2.1.5 HTTP/1.1" 200 48706
132.251.234.242 - - [28/Jul/2020:08:32:15 -0500] "GET /galeria/galeria/jquery.fancybox.css?v=2.1.5 HTTP/1.1" 200 4895
132.251.234.242 - - [28/Jul/2020:08:32:16 -0500] "GET /BLA/boletinlegal/js/jquery.scrollShow.js HTTP/1.1" 200 4586
132.251.234.242 - - [28/Jul/2020:08:32:16 -0500] "GET /galeria/carrusel/Carrusel/jquery.thumbnailScroller.css HTTP/1.1" 200 2066
132.251.234.242 - - [28/Jul/2020:08:32:16 -0500] "GET /galeria/carrusel/Carrusel/jquery-ui-1.8.13.custom.min.js HTTP/1.1" 200 10800
132.251.234.242 - - [28/Jul/2020:08:32:16 -0500] "GET /galeria/carrusel/Carrusel/jquery.thumbnailScroller.js HTTP/1.1" 200 8157
132.251.234.242 - - [28/Jul/2020:08:32:17 -0500] "GET /galeria/nivo-slider/demo/inicio88.html HTTP/1.1" 200 4595
132.251.234.242 - - [28/Jul/2020:08:32:17 -0500] "GET /galeria/nivo-slider/themes/default/default.css HTTP/1.1" 200 1569
132.251.234.242 - - [28/Jul/2020:08:32:17 -0500] "GET /galeria/nivo-slider/themes/pascal/pascal.css HTTP/1.1" 200 2258
132.251.234.242 - - [28/Jul/2020:08:32:17 -0500] "GET /galeria/nivo-slider/themes/orman/orman.css HTTP/1.1" 200 2152
132.251.234.242 - - [28/Jul/2020:08:32:17 -0500] "GET /galeria/nivo-slider/demo/style.css HTTP/1.1" 200 2222
132.251.234.242 - - [28/Jul/2020:08:32:17 -0500] "GET /galeria/nivo-slider/nivo-slider.css HTTP/1.1" 200 1507
132.251.234.242 - - [28/Jul/2020:08:32:17 -0500] "GET /galeria/nivo-slider/demo/scripts/jquery-1.7.1.min.js HTTP/1.1" 200 93868
132.251.234.242 - - [28/Jul/2020:08:32:17 -0500] "GET /galeria/nivo-slider/jquery.nivo.slider.pack.js HTTP/1.1" 200 11561
132.251.234.242 - - [28/Jul/2020:08:32:17 -0500] "GET /galeria/nivo-slider/demo/images/bannerclasesvirtual.jpg HTTP/1.1" 200 191931
132.251.234.242 - - [28/Jul/2020:08:32:17 -0500] "GET /galeria/nivo-slider/demo/images/bannernaranja.jpg HTTP/1.1" 200 40936
132.251.234.242 - - [28/Jul/2020:08:32:17 -0500] "GET /galeria/nivo-slider/demo/images/Bannercuidate.jpg HTTP/1.1" 200 75508
132.251.234.242 - - [28/Jul/2020:08:32:17 -0500] "GET /galeria/nivo-slider/demo/images/Banner%20canales%20virtuales.jpg HTTP/1.1" 200 209438
132.251.234.242 - - [28/Jul/2020:08:32:17 -0500] "GET /galeria/nivo-slider/demo/images/4Simple_Slider.png HTTP/1.1" 200 11722
132.251.234.242 - - [28/Jul/2020:08:32:18 -0500] "GET /galeria/nivo-slider/themes/default/loading.gif HTTP/1.1" 200 1737
132.251.234.242 - - [28/Jul/2020:08:32:18 -0500] "GET /galeria/nivo-slider/demo/images/bannerhorarios.jpg HTTP/1.1" 200 50157
132.251.234.242 - - [28/Jul/2020:08:32:18 -0500] "GET /galeria/nivo-slider/demo/images/bannereco2020.jpg HTTP/1.1" 200 52823
132.251.234.242 - - [28/Jul/2020:08:32:18 -0500] "GET /galeria/nivo-slider/demo/images/bannerbioseguridad.jpg HTTP/1.1" 200 228661
132.251.234.242 - - [28/Jul/2020:08:32:18 -0500] "GET /galeria/nivo-slider/demo/images/Bannerultimo.jpg HTTP/1.1" 200 256691
132.251.234.242 - - [28/Jul/2020:08:32:18 -0500] "GET /galeria/nivo-slider/demo/images/bannercovid.jpg HTTP/1.1" 200 352563
132.251.234.242 - - [28/Jul/2020:08:32:19 -0500] "GET /galeria/nivo-slider/demo/images/bannersolidariacasa.jpg HTTP/1.1" 200 70999
132.251.234.242 - - [28/Jul/2020:08:32:19 -0500] "GET /galeria/nivo-slider/demo/images/bannerplan2020.png HTTP/1.1" 200 144663
186.114.101.246 - - [28/Jul/2020:08:32:21 -0500] "GET /galeria/nivo-slider/demo/inicio88.html HTTP/1.1" 200 4595
132.251.234.242 - - [28/Jul/2020:08:32:22 -0500] "GET /galeria/nivo-slider/themes/default/arrows.png HTTP/1.1" 200 824
186.114.101.246 - - [28/Jul/2020:08:32:23 -0500] "GET /galeria/nivo-slider/themes/default/default.css HTTP/1.1" 200 1569
186.114.101.246 - - [28/Jul/2020:08:32:23 -0500] "GET /galeria/nivo-slider/themes/pascal/pascal.css HTTP/1.1" 200 2258
186.114.101.246 - - [28/Jul/2020:08:32:23 -0500] "GET /galeria/nivo-slider/themes/orman/orman.css HTTP/1.1" 200 2152
186.114.101.246 - - [28/Jul/2020:08:32:23 -0500] "GET /galeria/nivo-slider/nivo-slider.css HTTP/1.1" 200 1507
186.114.101.246 - - [28/Jul/2020:08:32:23 -0500] "GET /galeria/nivo-slider/demo/style.css HTTP/1.1" 200 2222
186.114.101.246 - - [28/Jul/2020:08:32:23 -0500] "GET /galeria/nivo-slider/demo/scripts/jquery-1.7.1.min.js HTTP/1.1" 200 93868
181.52.22.3 - - [28/Jul/2020:08:32:23 -0500] "POST /sipse/faces/presentacion/financiero/solicitudProceso/listarSolicitudProceso.xhtml HTTP/1.1" 200 132352
190.130.64.180 - - [28/Jul/2020:08:32:23 -0500] "POST /sipse/faces/autenticacion.xhtml HTTP/1.1" 200 2175
181.52.22.3 - - [28/Jul/2020:08:32:23 -0500] "GET /sipse/faces/javax.faces.resource/theme.css?ln=primefaces-sipse HTTP/1.1" 304 -
132.251.234.242 - - [28/Jul/2020:08:32:23 -0500] "GET /galeria/nivo-slider/themes/default/bullets.png HTTP/1.1" 200 1281
181.52.22.3 - - [28/Jul/2020:08:32:23 -0500] "GET /sipse/faces/javax.faces.resource/primefaces.css?ln=primefaces&v=4.0 HTTP/1.1" 304 -
181.52.22.3 - - [28/Jul/2020:08:32:23 -0500] "GET /sipse/faces/javax.faces.resource/layout/layout.css?ln=primefaces&v=4.0 HTTP/1.1" 304 -
181.52.22.3 - - [28/Jul/2020:08:32:23 -0500] "GET /sipse/faces/javax.faces.resource/jquery/jquery.js?ln=primefaces&v=4.0 HTTP/1.1" 304 -
181.52.22.3 - - [28/Jul/2020:08:32:23 -0500] "GET /sipse/faces/javax.faces.resource/jquery/jquery-plugins.js?ln=primefaces&v=4.0 HTTP/1.1" 304 -
186.114.101.246 - - [28/Jul/2020:08:32:23 -0500] "GET /galeria/nivo-slider/jquery.nivo.slider.pack.js HTTP/1.1" 200 11561
186.114.101.246 - - [28/Jul/2020:08:32:23 -0500] "GET /galeria/nivo-slider/demo/images/bannerclasesvirtual.jpg HTTP/1.1" 200 191931
186.114.101.246 - - [28/Jul/2020:08:32:23 -0500] "GET /galeria/nivo-slider/themes/default/loading.gif HTTP/1.1" 200 1737
181.52.22.3 - - [28/Jul/2020:08:32:24 -0500] "GET /sipse/faces/javax.faces.resource/primefaces.js?ln=primefaces&v=4.0 HTTP/1.1" 304 -
181.52.22.3 - - [28/Jul/2020:08:32:24 -0500] "GET /sipse/faces/javax.faces.resource/layout/layout.js?ln=primefaces&v=4.0 HTTP/1.1" 304 -
186.114.101.246 - - [28/Jul/2020:08:32:24 -0500] "GET /galeria/nivo-slider/demo/images/4Simple_Slider.png HTTP/1.1" 200 11722
66.249.79.210 - - [28/Jul/2020:08:32:24 -0500] "-" 408 -
186.114.101.246 - - [28/Jul/2020:08:32:24 -0500] "GET /galeria/nivo-slider/demo/images/bannernaranja.jpg HTTP/1.1" 200 40936
186.114.101.246 - - [28/Jul/2020:08:32:24 -0500] "GET /galeria/nivo-slider/demo/images/Bannercuidate.jpg HTTP/1.1" 200 75508
186.114.101.246 - - [28/Jul/2020:08:32:24 -0500] "GET /galeria/nivo-slider/demo/images/Banner%20canales%20virtuales.jpg HTTP/1.1" 200 209438
186.114.101.246 - - [28/Jul/2020:08:32:24 -0500] "GET /galeria/nivo-slider/demo/images/bannerhorarios.jpg HTTP/1.1" 200 50157
181.52.22.3 - - [28/Jul/2020:08:32:25 -0500] "GET /sipse/faces/javax.faces.resource/dynamiccontent.properties?ln=primefaces&pfdrid=XjOR5%2F%2FfPAZAuY9TpWQeCiM0BhlXxYRBGKi%2FQcXXfeA%3D&pfdrid_c=false HTTP/1.1" 500 383
186.114.101.246 - - [28/Jul/2020:08:32:25 -0500] "GET /galeria/nivo-slider/demo/images/bannereco2020.jpg HTTP/1.1" 200 52823
186.114.101.246 - - [28/Jul/2020:08:32:25 -0500] "GET /galeria/nivo-slider/demo/images/bannerbioseguridad.jpg HTTP/1.1" 200 228661
186.114.101.246 - - [28/Jul/2020:08:32:25 -0500] "GET /galeria/nivo-slider/demo/images/Bannerultimo.jpg HTTP/1.1" 200 256691
186.114.101.246 - - [28/Jul/2020:08:32:25 -0500] "GET /galeria/nivo-slider/demo/images/bannercovid.jpg HTTP/1.1" 200 352563
186.114.101.246 - - [28/Jul/2020:08:32:25 -0500] "GET /galeria/nivo-slider/demo/images/bannersolidariacasa.jpg HTTP/1.1" 200 70999
186.114.101.246 - - [28/Jul/2020:08:32:25 -0500] "GET /galeria/nivo-slider/demo/images/bannerplan2020.png HTTP/1.1" 200 144663
191.95.173.4 - - [28/Jul/2020:08:32:26 -0500] "GET /galeria/galeria/jquery.fancybox.css?v=2.1.5 HTTP/1.1" 200 4895
191.95.173.4 - - [28/Jul/2020:08:32:26 -0500] "GET /BLA/boletinlegal/js/jquery.scrollShow.js HTTP/1.1" 200 4586
191.95.173.4 - - [28/Jul/2020:08:32:26 -0500] "GET /galeria/galeria/jquery.fancybox.js?v=2.1.5 HTTP/1.1" 200 48706
186.114.101.246 - - [28/Jul/2020:08:32:29 -0500] "GET /galeria/nivo-slider/themes/default/arrows.png HTTP/1.1" 200 824
186.114.101.246 - - [28/Jul/2020:08:32:29 -0500] "GET /galeria/nivo-slider/themes/default/bullets.png HTTP/1.1" 200 1281
201.245.192.253 - - [28/Jul/2020:08:32:30 -0500] "POST /sipse/faces/presentacion/financiero/solicitudProceso/consultarSolicitudProceso.xhtml HTTP/1.1" 200 5491
190.27.245.107 - - [28/Jul/2020:08:32:30 -0500] "GET /reportes_sipse/sdg/ServletReporte?reporte=solicitud_cdp&Solicitud=10005&pfdrid_c=false HTTP/1.1" 200 93536
181.50.97.49 - - [28/Jul/2020:08:32:33 -0500] "GET /sipse/faces/javax.faces.resource/images/ui-icons_898989_256x240.png?ln=primefaces-aristo HTTP/1.1" 304 -
190.130.64.180 - - [28/Jul/2020:08:32:34 -0500] "POST /sipse/faces/autenticacion.xhtml HTTP/1.1" 200 2221
190.130.64.180 - - [28/Jul/2020:08:32:39 -0500] "POST /sipse/faces/autenticacion.xhtml HTTP/1.1" 200 16061
181.52.22.3 - - [28/Jul/2020:08:32:39 -0500] "POST /sipse/faces/presentacion/financiero/solicitudProceso/consultarSolicitudProceso.xhtml HTTP/1.1" 200 34300
190.130.64.180 - - [28/Jul/2020:08:32:39 -0500] "GET /sipse/faces/javax.faces.resource/theme.css?ln=primefaces-sipse HTTP/1.1" 304 -
181.52.22.3 - - [28/Jul/2020:08:32:40 -0500] "GET /sipse/faces/javax.faces.resource/theme.css?ln=primefaces-sipse HTTP/1.1" 304 -
181.52.22.3 - - [28/Jul/2020:08:32:40 -0500] "GET /sipse/faces/javax.faces.resource/layout/layout.css?ln=primefaces&v=4.0 HTTP/1.1" 304 -
181.52.22.3 - - [28/Jul/2020:08:32:40 -0500] "GET /sipse/faces/javax.faces.resource/primefaces.css?ln=primefaces&v=4.0 HTTP/1.1" 304 -
181.52.22.3 - - [28/Jul/2020:08:32:40 -0500] "GET /sipse/faces/javax.faces.resource/jquery/jquery.js?ln=primefaces&v=4.0 HTTP/1.1" 304 -
181.52.22.3 - - [28/Jul/2020:08:32:40 -0500] "GET /sipse/faces/javax.faces.resource/jquery/jquery-plugins.js?ln=primefaces&v=4.0 HTTP/1.1" 304 -
190.130.64.180 - - [28/Jul/2020:08:32:40 -0500] "GET /sipse/faces/javax.faces.resource/jquery/jquery.js?ln=primefaces&v=4.0 HTTP/1.1" 304 -
190.130.64.180 - - [28/Jul/2020:08:32:40 -0500] "GET /sipse/faces/javax.faces.resource/primefaces.css?ln=primefaces&v=4.0 HTTP/1.1" 304 -
190.130.64.180 - - [28/Jul/2020:08:32:40 -0500] "GET /sipse/faces/javax.faces.resource/layout/layout.css?ln=primefaces&v=4.0 HTTP/1.1" 304 -
181.52.22.3 - - [28/Jul/2020:08:32:40 -0500] "GET /sipse/faces/javax.faces.resource/primefaces.js?ln=primefaces&v=4.0 HTTP/1.1" 304 -
181.52.22.3 - - [28/Jul/2020:08:32:40 -0500] "GET /sipse/faces/javax.faces.resource/layout/layout.js?ln=primefaces&v=4.0 HTTP/1.1" 304 -
190.130.64.180 - - [28/Jul/2020:08:32:40 -0500] "GET /sipse/faces/javax.faces.resource/jquery/jquery-plugins.js?ln=primefaces&v=4.0 HTTP/1.1" 304 -
190.130.64.180 - - [28/Jul/2020:08:32:40 -0500] "GET /sipse/faces/javax.faces.resource/primefaces.js?ln=primefaces&v=4.0 HTTP/1.1" 304 -
190.130.64.180 - - [28/Jul/2020:08:32:40 -0500] "GET /sipse/faces/javax.faces.resource/layout/layout.js?ln=primefaces&v=4.0 HTTP/1.1" 304 -
181.52.22.3 - - [28/Jul/2020:08:32:40 -0500] "POST /sipse/faces/presentacion/financiero/solicitudProceso/listarSolicitudProceso.xhtml HTTP/1.1" 200 27550
201.221.165.176 - - [28/Jul/2020:08:32:40 -0500] "POST /sipse/faces/presentacion/financiero/solicitudProceso/listarSolicitudProceso.xhtml HTTP/1.1" 200 144700
201.221.165.176 - - [28/Jul/2020:08:32:41 -0500] "GET /sipse/faces/javax.faces.resource/theme.css?ln=primefaces-sipse HTTP/1.1" 304 -
201.221.165.176 - - [28/Jul/2020:08:32:41 -0500] "GET /sipse/faces/javax.faces.resource/primefaces.css?ln=primefaces&v=4.0 HTTP/1.1" 304 -
201.221.165.176 - - [28/Jul/2020:08:32:41 -0500] "GET /sipse/faces/javax.faces.resource/layout/layout.css?ln=primefaces&v=4.0 HTTP/1.1" 304 -
201.221.165.176 - - [28/Jul/2020:08:32:41 -0500] "GET /sipse/faces/javax.faces.resource/jquery/jquery.js?ln=primefaces&v=4.0 HTTP/1.1" 304 -
201.221.165.176 - - [28/Jul/2020:08:32:41 -0500] "GET /sipse/faces/javax.faces.resource/jquery/jquery-plugins.js?ln=primefaces&v=4.0 HTTP/1.1" 304 -
201.221.165.176 - - [28/Jul/2020:08:32:41 -0500] "GET /sipse/css/imagen/contrasena.png HTTP/1.1" 404 383
201.221.165.176 - - [28/Jul/2020:08:32:41 -0500] "GET /sipse/faces/javax.faces.resource/primefaces.js?ln=primefaces&v=4.0 HTTP/1.1" 304 -
201.221.165.176 - - [28/Jul/2020:08:32:41 -0500] "GET /sipse/faces/javax.faces.resource/layout/layout.js?ln=primefaces&v=4.0 HTTP/1.1" 304 -
181.52.22.3 - - [28/Jul/2020:08:32:41 -0500] "POST /sipse/faces/presentacion/financiero/solicitudProceso/listarSolicitudProceso.xhtml HTTP/1.1" 200 27550
190.27.245.107 - - [28/Jul/2020:08:32:41 -0500] "GET /reportes_sipse/sdg/ServletReporte?reporte=solicitud_cdp&Solicitud=10005&pfdrid_c=false HTTP/1.1" 200 93536
181.52.22.3 - - [28/Jul/2020:08:32:41 -0500] "POST /sipse/faces/presentacion/financiero/solicitudProceso/listarSolicitudProceso.xhtml HTTP/1.1" 200 27550
181.52.22.3 - - [28/Jul/2020:08:32:42 -0500] "POST /sipse/faces/presentacion/financiero/solicitudProceso/listarSolicitudProceso.xhtml HTTP/1.1" 200 27550
181.52.22.3 - - [28/Jul/2020:08:32:43 -0500] "POST /sipse/faces/presentacion/financiero/solicitudProceso/listarSolicitudProceso.xhtml HTTP/1.1" 200 27550
181.52.22.3 - - [28/Jul/2020:08:32:44 -0500] "POST /sipse/faces/presentacion/financiero/solicitudProceso/listarSolicitudProceso.xhtml HTTP/1.1" 200 27550
190.146.108.120 - - [28/Jul/2020:08:32:45 -0500] "GET /galeria/galeria/jquery.fancybox.css?v=2.1.5 HTTP/1.1" 200 4895
181.52.22.3 - - [28/Jul/2020:08:32:44 -0500] "POST /sipse/faces/presentacion/financiero/solicitudProceso/listarSolicitudProceso.xhtml HTTP/1.1" 200 1344
181.52.22.3 - - [28/Jul/2020:08:32:45 -0500] "POST /sipse/faces/presentacion/financiero/solicitudProceso/listarSolicitudProceso.xhtml HTTP/1.1" 200 1344
181.52.22.3 - - [28/Jul/2020:08:32:45 -0500] "POST /sipse/faces/presentacion/financiero/solicitudProceso/listarSolicitudProceso.xhtml HTTP/1.1" 200 1344
181.52.22.3 - - [28/Jul/2020:08:32:45 -0500] "POST /sipse/faces/presentacion/financiero/solicitudProceso/listarSolicitudProceso.xhtml HTTP/1.1" 200 1344
181.52.22.3 - - [28/Jul/2020:08:32:46 -0500] "POST /sipse/faces/presentacion/financiero/solicitudProceso/listarSolicitudProceso.xhtml HTTP/1.1" 200 1344
181.52.22.3 - - [28/Jul/2020:08:32:46 -0500] "POST /sipse/faces/presentacion/financiero/solicitudProceso/listarSolicitudProceso.xhtml HTTP/1.1" 200 1344
181.52.22.3 - - [28/Jul/2020:08:32:46 -0500] "POST /sipse/faces/presentacion/financiero/solicitudProceso/listarSolicitudProceso.xhtml HTTP/1.1" 200 1344
201.221.165.176 - - [28/Jul/2020:08:32:47 -0500] "POST /sipse/faces/presentacion/financiero/solicitudProceso/consultarSolicitudProceso.xhtml HTTP/1.1" 200 69704
190.130.64.180 - - [28/Jul/2020:08:32:48 -0500] "POST /sipse/faces/bienvenido.xhtml HTTP/1.1" 200 2658
190.130.64.180 - - [28/Jul/2020:08:32:49 -0500] "POST /sipse/faces/bienvenido.xhtml HTTP/1.1" 200 33544
190.130.64.180 - - [28/Jul/2020:08:32:50 -0500] "GET /sipse/faces/javax.faces.resource/theme.css?ln=primefaces-sipse HTTP/1.1" 304 -
190.130.64.180 - - [28/Jul/2020:08:32:50 -0500] "GET /sipse/faces/javax.faces.resource/primefaces.css?ln=primefaces&v=4.0 HTTP/1.1" 304 -
190.130.64.180 - - [28/Jul/2020:08:32:50 -0500] "GET /sipse/faces/javax.faces.resource/layout/layout.css?ln=primefaces&v=4.0 HTTP/1.1" 304 -
190.130.64.180 - - [28/Jul/2020:08:32:50 -0500] "GET /sipse/faces/javax.faces.resource/jquery/jquery.js?ln=primefaces&v=4.0 HTTP/1.1" 304 -
190.130.64.180 - - [28/Jul/2020:08:32:50 -0500] "GET /sipse/faces/javax.faces.resource/jquery/jquery-plugins.js?ln=primefaces&v=4.0 HTTP/1.1" 304 -
190.130.64.180 - - [28/Jul/2020:08:32:51 -0500] "GET /sipse/faces/javax.faces.resource/primefaces.js?ln=primefaces&v=4.0 HTTP/1.1" 304 -
190.130.64.180 - - [28/Jul/2020:08:32:51 -0500] "GET /sipse/faces/javax.faces.resource/layout/layout.js?ln=primefaces&v=4.0 HTTP/1.1" 304 -
201.245.192.253 - - [28/Jul/2020:08:32:19 -0500] "POST /kwsrmcab/Wsrmcab HTTP/1.1" 200 30647
181.52.22.3 - - [28/Jul/2020:08:32:54 -0500] "POST /sipse/faces/presentacion/financiero/solicitudProceso/listarSolicitudProceso.xhtml HTTP/1.1" 200 32100
181.52.22.3 - - [28/Jul/2020:08:32:56 -0500] "POST /sipse/faces/presentacion/financiero/solicitudProceso/listarSolicitudProceso.xhtml HTTP/1.1" 200 6994
181.52.22.3 - - [28/Jul/2020:08:32:57 -0500] "POST /sipse/faces/presentacion/financiero/solicitudProceso/listarSolicitudProceso.xhtml HTTP/1.1" 200 140193
181.52.22.3 - - [28/Jul/2020:08:32:58 -0500] "GET /sipse/faces/javax.faces.resource/theme.css?ln=primefaces-sipse HTTP/1.1" 304 -
181.52.22.3 - - [28/Jul/2020:08:32:58 -0500] "GET /sipse/faces/javax.faces.resource/primefaces.css?ln=primefaces&v=4.0 HTTP/1.1" 304 -
181.52.22.3 - - [28/Jul/2020:08:32:58 -0500] "GET /sipse/faces/javax.faces.resource/layout/layout.css?ln=primefaces&v=4.0 HTTP/1.1" 304 -
181.52.22.3 - - [28/Jul/2020:08:32:58 -0500] "GET /sipse/faces/javax.faces.resource/jquery/jquery.js?ln=primefaces&v=4.0 HTTP/1.1" 304 -
181.52.22.3 - - [28/Jul/2020:08:32:58 -0500] "GET /sipse/faces/javax.faces.resource/jquery/jquery-plugins.js?ln=primefaces&v=4.0 HTTP/1.1" 304 -
181.52.22.3 - - [28/Jul/2020:08:32:58 -0500] "GET /sipse/faces/javax.faces.resource/primefaces.js?ln=primefaces&v=4.0 HTTP/1.1" 304 -
181.52.22.3 - - [28/Jul/2020:08:32:58 -0500] "GET /sipse/faces/javax.faces.resource/layout/layout.js?ln=primefaces&v=4.0 HTTP/1.1" 304 -
190.27.245.107 - - [28/Jul/2020:08:32:59 -0500] "GET /reportes_sipse/sdg/ServletReporte?reporte=solicitud_cdp&Solicitud=10005&pfdrid_c=false HTTP/1.1" 200 93536
45.65.235.119 - - [28/Jul/2020:08:33:02 -0500] "GET /BLA/boletinlegal/js/jquery.scrollShow.js HTTP/1.1" 200 4586
45.65.235.119 - - [28/Jul/2020:08:33:02 -0500] "GET /galeria/galeria/jquery.fancybox.css?v=2.1.5 HTTP/1.1" 200 4895
45.65.235.119 - - [28/Jul/2020:08:33:02 -0500] "GET /galeria/galeria/jquery.fancybox.js?v=2.1.5 HTTP/1.1" 200 48706
190.130.64.180 - - [28/Jul/2020:08:33:07 -0500] "POST /sipse/faces/presentacion/financiero/solicitudProceso/solicitudProcesoOtrosPagos.xhtml HTTP/1.1" 200 25050
186.84.88.213 - - [28/Jul/2020:08:33:08 -0500] "POST /sipse/faces/presentacion/financiero/solicitudProceso/listarSolicitudProceso.xhtml HTTP/1.1" 200 34191
186.84.88.213 - - [28/Jul/2020:08:33:09 -0500] "POST /sipse/faces/presentacion/financiero/solicitudProceso/listarSolicitudProceso.xhtml HTTP/1.1" 200 34207
190.130.64.180 - - [28/Jul/2020:08:33:08 -0500] "POST /sipse/faces/presentacion/financiero/solicitudProceso/solicitudProcesoOtrosPagos.xhtml HTTP/1.1" 200 25050
186.84.88.213 - - [28/Jul/2020:08:33:10 -0500] "POST /sipse/faces/presentacion/financiero/solicitudProceso/listarSolicitudProceso.xhtml HTTP/1.1" 200 34332
190.130.64.180 - - [28/Jul/2020:08:33:10 -0500] "POST /sipse/faces/presentacion/financiero/solicitudProceso/solicitudProcesoOtrosPagos.xhtml HTTP/1.1" 200 2645
190.130.64.180 - - [28/Jul/2020:08:33:11 -0500] "POST /sipse/faces/presentacion/financiero/solicitudProceso/solicitudProcesoOtrosPagos.xhtml HTTP/1.1" 200 38739
190.130.64.180 - - [28/Jul/2020:08:33:12 -0500] "GET /sipse/faces/javax.faces.resource/theme.css?ln=primefaces-sipse HTTP/1.1" 304 -
186.84.88.213 - - [28/Jul/2020:08:33:12 -0500] "POST /sipse/faces/presentacion/financiero/solicitudProceso/listarSolicitudProceso.xhtml HTTP/1.1" 200 11754
190.130.64.180 - - [28/Jul/2020:08:33:12 -0500] "GET /sipse/faces/javax.faces.resource/jquery/jquery.js?ln=primefaces&v=4.0 HTTP/1.1" 304 -
190.130.64.180 - - [28/Jul/2020:08:33:12 -0500] "GET /sipse/faces/javax.faces.resource/primefaces.css?ln=primefaces&v=4.0 HTTP/1.1" 304 -
190.130.64.180 - - [28/Jul/2020:08:33:12 -0500] "GET /sipse/faces/javax.faces.resource/layout/layout.css?ln=primefaces&v=4.0 HTTP/1.1" 304 -
190.130.64.180 - - [28/Jul/2020:08:33:12 -0500] "GET /sipse/faces/javax.faces.resource/jquery/jquery-plugins.js?ln=primefaces&v=4.0 HTTP/1.1" 304 -
190.130.64.180 - - [28/Jul/2020:08:33:12 -0500] "GET /sipse/faces/javax.faces.resource/primefaces.js?ln=primefaces&v=4.0 HTTP/1.1" 304 -
190.130.64.180 - - [28/Jul/2020:08:33:13 -0500] "GET /sipse/faces/javax.faces.resource/layout/layout.js?ln=primefaces&v=4.0 HTTP/1.1" 304 -
190.130.64.180 - - [28/Jul/2020:08:33:13 -0500] "POST /sipse/faces/presentacion/financiero/solicitudProceso/consultar.xhtml HTTP/1.1" 200 32017
186.84.88.213 - - [28/Jul/2020:08:33:13 -0500] "POST /sipse/faces/presentacion/financiero/solicitudProceso/listarSolicitudProceso.xhtml HTTP/1.1" 200 8823
186.84.88.213 - - [28/Jul/2020:08:33:18 -0500] "POST /sipse/faces/presentacion/financiero/solicitudProceso/listarSolicitudProceso.xhtml HTTP/1.1" 200 126358
186.84.88.213 - - [28/Jul/2020:08:33:18 -0500] "GET /sipse/faces/javax.faces.resource/theme.css?ln=primefaces-sipse HTTP/1.1" 304 -
186.84.88.213 - - [28/Jul/2020:08:33:18 -0500] "GET /sipse/faces/javax.faces.resource/primefaces.css?ln=primefaces&v=4.0 HTTP/1.1" 304 -
186.84.88.213 - - [28/Jul/2020:08:33:18 -0500] "GET /sipse/faces/javax.faces.resource/layout/layout.css?ln=primefaces&v=4.0 HTTP/1.1" 304 -
186.84.88.213 - - [28/Jul/2020:08:33:19 -0500] "GET /sipse/faces/javax.faces.resource/jquery/jquery.js?ln=primefaces&v=4.0 HTTP/1.1" 304 -
186.84.88.213 - - [28/Jul/2020:08:33:19 -0500] "GET /sipse/faces/javax.faces.resource/jquery/jquery-plugins.js?ln=primefaces&v=4.0 HTTP/1.1" 304 -
186.84.88.213 - - [28/Jul/2020:08:33:19 -0500] "GET /sipse/faces/javax.faces.resource/primefaces.js?ln=primefaces&v=4.0 HTTP/1.1" 304 -
186.84.88.213 - - [28/Jul/2020:08:33:19 -0500] "GET /sipse/faces/javax.faces.resource/layout/layout.js?ln=primefaces&v=4.0 HTTP/1.1" 304 -
186.84.88.213 - - [28/Jul/2020:08:33:19 -0500] "POST /sipse/faces/presentacion/financiero/solicitudProceso/consultarSolicitudProceso.xhtml HTTP/1.1" 200 3964
190.27.245.107 - - [28/Jul/2020:08:33:20 -0500] "GET /reportes_sipse/sdg/ServletReporte?reporte=solicitud_cdp&Solicitud=10005&pfdrid_c=false HTTP/1.1" 200 93536
161.18.171.85 - - [28/Jul/2020:08:33:12 -0500] "POST /sipse/faces/presentacion/financiero/solicitudProceso/consultarSolicitudProceso.xhtml HTTP/1.1" 200 36358
201.221.165.176 - - [28/Jul/2020:08:33:20 -0500] "POST /sipse/faces/presentacion/financiero/solicitudProceso/consultarSolicitudProceso.xhtml HTTP/1.1" 200 650706
181.52.22.3 - - [28/Jul/2020:08:33:21 -0500] "POST /sipse/faces/presentacion/financiero/solicitudProceso/consultarSolicitudProceso.xhtml HTTP/1.1" 200 6816
190.130.64.180 - - [28/Jul/2020:08:33:21 -0500] "POST /sipse/faces/presentacion/financiero/solicitudProceso/consultar.xhtml HTTP/1.1" 200 12936
161.18.171.85 - - [28/Jul/2020:08:33:24 -0500] "GET /sipse/faces/javax.faces.resource/theme.css?ln=primefaces-sipse HTTP/1.1" 304 -
161.18.171.85 - - [28/Jul/2020:08:33:24 -0500] "GET /sipse/faces/javax.faces.resource/primefaces.css?ln=primefaces&v=4.0 HTTP/1.1" 304 -
161.18.171.85 - - [28/Jul/2020:08:33:24 -0500] "GET /sipse/faces/javax.faces.resource/layout/layout.css?ln=primefaces&v=4.0 HTTP/1.1" 304 -
161.18.171.85 - - [28/Jul/2020:08:33:24 -0500] "GET /sipse/faces/javax.faces.resource/jquery/jquery.js?ln=primefaces&v=4.0 HTTP/1.1" 304 -
161.18.171.85 - - [28/Jul/2020:08:33:24 -0500] "GET /sipse/faces/javax.faces.resource/jquery/jquery-plugins.js?ln=primefaces&v=4.0 HTTP/1.1" 304 -
161.18.171.85 - - [28/Jul/2020:08:33:24 -0500] "GET /sipse/faces/javax.faces.resource/primefaces.js?ln=primefaces&v=4.0 HTTP/1.1" 304 -
201.245.192.253 - - [28/Jul/2020:08:32:54 -0500] "POST /kwsrmcab/Wsrmcab HTTP/1.1" 200 29158
161.18.171.85 - - [28/Jul/2020:08:33:28 -0500] "GET /sipse/faces/javax.faces.resource/layout/layout.js?ln=primefaces&v=4.0 HTTP/1.1" 304 -
181.52.22.3 - - [28/Jul/2020:08:33:26 -0500] "POST /sipse/faces/presentacion/financiero/solicitudProceso/consultarSolicitudProceso.xhtml HTTP/1.1" 200 34842
181.52.22.3 - - [28/Jul/2020:08:33:29 -0500] "GET /sipse/faces/javax.faces.resource/theme.css?ln=primefaces-sipse HTTP/1.1" 304 -
181.52.22.3 - - [28/Jul/2020:08:33:29 -0500] "GET /sipse/faces/javax.faces.resource/primefaces.css?ln=primefaces&v=4.0 HTTP/1.1" 304 -
181.52.22.3 - - [28/Jul/2020:08:33:29 -0500] "GET /sipse/faces/javax.faces.resource/layout/layout.css?ln=primefaces&v=4.0 HTTP/1.1" 304 -
181.52.22.3 - - [28/Jul/2020:08:33:29 -0500] "GET /sipse/faces/javax.faces.resource/jquery/jquery.js?ln=primefaces&v=4.0 HTTP/1.1" 304 -
