201.245.192.253 - - [28/Jul/2020:08:11:35 -0500] "GET /sipse/js/funciones.js HTTP/1.1" 304 -
201.245.192.253 - - [28/Jul/2020:08:11:35 -0500] "GET /sipse/faces/javax.faces.resource/jquery/jquery.js?ln=primefaces&v=4.0 HTTP/1.1" 304 -
201.245.192.253 - - [28/Jul/2020:08:11:35 -0500] "GET /sipse/faces/javax.faces.resource/jquery/jquery-plugins.js?ln=primefaces&v=4.0 HTTP/1.1" 304 -
201.245.192.253 - - [28/Jul/2020:08:11:36 -0500] "GET /sipse/faces/javax.faces.resource/primefaces.js?ln=primefaces&v=4.0 HTTP/1.1" 304 -
201.245.192.253 - - [28/Jul/2020:08:11:36 -0500] "GET /sipse/faces/javax.faces.resource/layout/layout.js?ln=primefaces&v=4.0 HTTP/1.1" 304 -
201.245.192.253 - - [28/Jul/2020:08:11:36 -0500] "POST /sipse/faces/presentacion/financiero/solicitudProceso/listarSolicitudProceso.xhtml HTTP/1.1" 200 1344
191.102.89.3 - - [28/Jul/2020:08:11:36 -0500] "POST /sipse/faces/presentacion/proyectos/proyecto/listarConsultarProyectos.xhtml HTTP/1.1" 200 65931
191.102.89.3 - - [28/Jul/2020:08:11:37 -0500] "POST /sipse/faces/presentacion/proyectos/proyecto/listarConsultarProyectos.xhtml HTTP/1.1" 200 65931
191.102.89.3 - - [28/Jul/2020:08:11:39 -0500] "POST /sipse/faces/presentacion/proyectos/proyecto/listarConsultarProyectos.xhtml HTTP/1.1" 200 65931
181.52.22.3 - - [28/Jul/2020:08:11:41 -0500] "POST /sipse/faces/presentacion/financiero/solicitudProceso/listarSolicitudProceso.xhtml HTTP/1.1" 200 6991
191.102.89.3 - - [28/Jul/2020:08:11:41 -0500] "POST /sipse/faces/presentacion/proyectos/proyecto/listarConsultarProyectos.xhtml HTTP/1.1" 200 65931
186.84.91.80 - - [28/Jul/2020:08:11:42 -0500] "GET /galeria/nivo-slider/demo/inicio88.html HTTP/1.1" 200 4595
186.84.91.80 - - [28/Jul/2020:08:11:42 -0500] "GET /galeria/nivo-slider/themes/default/default.css HTTP/1.1" 200 1569
186.84.91.80 - - [28/Jul/2020:08:11:42 -0500] "GET /galeria/nivo-slider/themes/pascal/pascal.css HTTP/1.1" 200 2258
186.84.91.80 - - [28/Jul/2020:08:11:42 -0500] "GET /galeria/nivo-slider/themes/orman/orman.css HTTP/1.1" 200 2152
186.84.91.80 - - [28/Jul/2020:08:11:42 -0500] "GET /galeria/nivo-slider/demo/style.css HTTP/1.1" 200 2222
186.84.91.80 - - [28/Jul/2020:08:11:42 -0500] "GET /galeria/nivo-slider/nivo-slider.css HTTP/1.1" 200 1507
186.84.91.80 - - [28/Jul/2020:08:11:42 -0500] "GET /galeria/nivo-slider/demo/scripts/jquery-1.7.1.min.js HTTP/1.1" 200 93868
186.84.91.80 - - [28/Jul/2020:08:11:42 -0500] "GET /galeria/nivo-slider/jquery.nivo.slider.pack.js HTTP/1.1" 200 11561
186.84.91.80 - - [28/Jul/2020:08:11:42 -0500] "GET /galeria/nivo-slider/demo/images/bannerclasesvirtual.jpg HTTP/1.1" 200 191931
186.84.91.80 - - [28/Jul/2020:08:11:42 -0500] "GET /galeria/nivo-slider/demo/images/bannernaranja.jpg HTTP/1.1" 200 40936
186.84.91.80 - - [28/Jul/2020:08:11:42 -0500] "GET /galeria/nivo-slider/demo/images/Bannercuidate.jpg HTTP/1.1" 200 75508
186.84.91.80 - - [28/Jul/2020:08:11:42 -0500] "GET /galeria/nivo-slider/demo/images/Banner%20canales%20virtuales.jpg HTTP/1.1" 200 209438
186.84.91.80 - - [28/Jul/2020:08:11:42 -0500] "GET /galeria/nivo-slider/demo/images/bannerhorarios.jpg HTTP/1.1" 200 50157
186.84.91.80 - - [28/Jul/2020:08:11:42 -0500] "GET /galeria/nivo-slider/demo/images/bannereco2020.jpg HTTP/1.1" 200 52823
186.84.91.80 - - [28/Jul/2020:08:11:42 -0500] "GET /galeria/nivo-slider/demo/images/bannerbioseguridad.jpg HTTP/1.1" 200 228661
186.84.91.80 - - [28/Jul/2020:08:11:42 -0500] "GET /galeria/nivo-slider/demo/images/Bannerultimo.jpg HTTP/1.1" 200 256691
186.84.91.80 - - [28/Jul/2020:08:11:42 -0500] "GET /galeria/nivo-slider/demo/images/bannercovid.jpg HTTP/1.1" 200 352563
186.84.91.80 - - [28/Jul/2020:08:11:42 -0500] "GET /galeria/nivo-slider/demo/images/bannersolidariacasa.jpg HTTP/1.1" 200 70999
186.84.91.80 - - [28/Jul/2020:08:11:42 -0500] "GET /galeria/nivo-slider/demo/images/4Simple_Slider.png HTTP/1.1" 200 11722
186.84.91.80 - - [28/Jul/2020:08:11:42 -0500] "GET /galeria/nivo-slider/demo/images/bannerplan2020.png HTTP/1.1" 200 144663
186.84.91.80 - - [28/Jul/2020:08:11:43 -0500] "GET /galeria/nivo-slider/themes/default/loading.gif HTTP/1.1" 200 1737
186.84.91.80 - - [28/Jul/2020:08:11:43 -0500] "GET /galeria/nivo-slider/themes/default/arrows.png HTTP/1.1" 200 824
186.84.91.80 - - [28/Jul/2020:08:11:43 -0500] "GET /galeria/nivo-slider/themes/default/bullets.png HTTP/1.1" 200 1281
191.102.89.3 - - [28/Jul/2020:08:11:44 -0500] "POST /sipse/faces/presentacion/proyectos/proyecto/listarConsultarProyectos.xhtml HTTP/1.1" 200 65931
191.102.89.3 - - [28/Jul/2020:08:11:47 -0500] "POST /sipse/faces/presentacion/proyectos/proyecto/listarConsultarProyectos.xhtml HTTP/1.1" 200 65931
201.245.192.253 - - [28/Jul/2020:08:11:50 -0500] "POST /sipse/faces/presentacion/financiero/solicitudProceso/listarSolicitudProceso.xhtml HTTP/1.1" 200 33780
191.102.89.3 - - [28/Jul/2020:08:11:50 -0500] "POST /sipse/faces/presentacion/proyectos/proyecto/listarConsultarProyectos.xhtml HTTP/1.1" 200 65931
201.245.192.253 - - [28/Jul/2020:08:11:51 -0500] "POST /sipse/faces/presentacion/financiero/solicitudProceso/listarSolicitudProceso.xhtml HTTP/1.1" 200 14259
201.245.192.253 - - [28/Jul/2020:08:11:52 -0500] "POST /sipse/faces/presentacion/financiero/solicitudProceso/listarSolicitudProceso.xhtml HTTP/1.1" 200 8804
191.102.89.3 - - [28/Jul/2020:08:11:52 -0500] "POST /sipse/faces/presentacion/proyectos/proyecto/listarConsultarProyectos.xhtml HTTP/1.1" 200 65931
201.245.192.253 - - [28/Jul/2020:08:11:57 -0500] "POST /sipse/faces/presentacion/financiero/solicitudProceso/listarSolicitudProceso.xhtml HTTP/1.1" 200 124194
201.245.192.253 - - [28/Jul/2020:08:11:57 -0500] "GET /sipse/faces/javax.faces.resource/theme.css?ln=primefaces-sipse HTTP/1.1" 304 -
201.245.192.253 - - [28/Jul/2020:08:11:57 -0500] "GET /sipse/faces/javax.faces.resource/primefaces.css?ln=primefaces&v=4.0 HTTP/1.1" 304 -
201.245.192.253 - - [28/Jul/2020:08:11:57 -0500] "GET /sipse/faces/javax.faces.resource/layout/layout.css?ln=primefaces&v=4.0 HTTP/1.1" 304 -
201.245.192.253 - - [28/Jul/2020:08:11:57 -0500] "GET /sipse/faces/javax.faces.resource/jquery/jquery.js?ln=primefaces&v=4.0 HTTP/1.1" 304 -
201.245.192.253 - - [28/Jul/2020:08:11:57 -0500] "GET /sipse/faces/javax.faces.resource/jquery/jquery-plugins.js?ln=primefaces&v=4.0 HTTP/1.1" 304 -
201.245.192.253 - - [28/Jul/2020:08:11:57 -0500] "GET /sipse/faces/javax.faces.resource/primefaces.js?ln=primefaces&v=4.0 HTTP/1.1" 304 -
201.245.192.253 - - [28/Jul/2020:08:11:57 -0500] "GET /sipse/faces/javax.faces.resource/layout/layout.js?ln=primefaces&v=4.0 HTTP/1.1" 304 -
191.102.89.3 - - [28/Jul/2020:08:11:56 -0500] "POST /sipse/faces/presentacion/proyectos/proyecto/listarConsultarProyectos.xhtml HTTP/1.1" 200 65931
190.27.245.107 - - [28/Jul/2020:08:11:57 -0500] "GET /reportes_sipse/sdg/ServletReporte?reporte=solicitud_cdp&Solicitud=10187&pfdrid_c=false HTTP/1.1" 200 99796
77.88.5.15 - - [28/Jul/2020:08:11:59 -0500] "-" 408 -
181.52.22.3 - - [28/Jul/2020:08:12:00 -0500] "POST /sipse/faces/presentacion/financiero/solicitudProceso/listarSolicitudProceso.xhtml HTTP/1.1" 200 23887
186.29.241.151 - - [28/Jul/2020:08:12:00 -0500] "GET /appsia/controlador HTTP/1.1" 200 4799
186.29.241.151 - - [28/Jul/2020:08:12:01 -0500] "GET /appsia/css/estilos.css HTTP/1.1" 200 4804
186.29.241.151 - - [28/Jul/2020:08:12:01 -0500] "GET /appsia/scripts/validarIngreso.js HTTP/1.1" 200 851
186.29.241.151 - - [28/Jul/2020:08:12:02 -0500] "GET /appsia/images/logo_bogota_p.png HTTP/1.1" 200 14951
186.29.241.151 - - [28/Jul/2020:08:12:02 -0500] "GET /appsia/images/cabezoteHojaVida.png HTTP/1.1" 200 32493
186.29.241.151 - - [28/Jul/2020:08:12:02 -0500] "GET /favicon.ico HTTP/1.1" 200 7782
190.146.108.120 - - [28/Jul/2020:08:12:03 -0500] "GET /galeria/galeria/jquery.fancybox.css?v=2.1.5 HTTP/1.1" 200 4895
190.146.108.120 - - [28/Jul/2020:08:12:03 -0500] "GET /BLA/boletinlegal/js/jquery.scrollShow.js HTTP/1.1" 304 -
190.146.108.120 - - [28/Jul/2020:08:12:03 -0500] "GET /galeria/galeria/jquery.fancybox.js?v=2.1.5 HTTP/1.1" 304 -
191.102.89.3 - - [28/Jul/2020:08:12:05 -0500] "GET /sipse/faces/javax.faces.resource/images/ui-icons_898989_256x240.png?ln=primefaces-aristo HTTP/1.1" 304 -
201.245.192.253 - - [28/Jul/2020:08:12:13 -0500] "POST /sipse/faces/presentacion/financiero/solicitudProceso/consultarSolicitudProceso.xhtml HTTP/1.1" 200 5491
190.27.245.107 - - [28/Jul/2020:08:12:13 -0500] "GET /reportes_sipse/sdg/ServletReporte?reporte=solicitud_cdp&Solicitud=10083&pfdrid_c=false HTTP/1.1" 200 99929
191.102.89.3 - - [28/Jul/2020:08:12:06 -0500] "POST /sipse/faces/presentacion/proyectos/proyecto/listarConsultarProyectos.xhtml HTTP/1.1" 200 64672
191.102.89.3 - - [28/Jul/2020:08:12:16 -0500] "GET /sipse/faces/javax.faces.resource/theme.css?ln=primefaces-sipse HTTP/1.1" 304 -
191.102.89.3 - - [28/Jul/2020:08:12:16 -0500] "GET /sipse/faces/javax.faces.resource/primefaces.css?ln=primefaces&v=4.0 HTTP/1.1" 304 -
191.102.89.3 - - [28/Jul/2020:08:12:16 -0500] "GET /sipse/faces/javax.faces.resource/jquery/jquery.js?ln=primefaces&v=4.0 HTTP/1.1" 304 -
191.102.89.3 - - [28/Jul/2020:08:12:16 -0500] "GET /sipse/faces/javax.faces.resource/layout/layout.css?ln=primefaces&v=4.0 HTTP/1.1" 304 -
181.52.22.3 - - [28/Jul/2020:08:12:16 -0500] "POST /sipse/faces/presentacion/financiero/solicitudProceso/listarSolicitudProceso.xhtml HTTP/1.1" 200 6987
191.102.89.3 - - [28/Jul/2020:08:12:16 -0500] "GET /sipse/faces/javax.faces.resource/jquery/jquery-plugins.js?ln=primefaces&v=4.0 HTTP/1.1" 304 -
191.102.89.3 - - [28/Jul/2020:08:12:16 -0500] "GET /sipse/faces/javax.faces.resource/primefaces.js?ln=primefaces&v=4.0 HTTP/1.1" 304 -
191.102.89.3 - - [28/Jul/2020:08:12:16 -0500] "GET /sipse/faces/javax.faces.resource/layout/layout.js?ln=primefaces&v=4.0 HTTP/1.1" 304 -
191.102.89.3 - - [28/Jul/2020:08:12:17 -0500] "POST /sipse/faces/presentacion/proyectos/proyecto/proyecto.xhtml HTTP/1.1" 200 3233
190.27.245.107 - - [28/Jul/2020:08:12:21 -0500] "GET /sipse/ HTTP/1.1" 302 -
186.85.246.202 - - [28/Jul/2020:08:12:22 -0500] "GET /sipse/faces/autenticacion.xhtml HTTP/1.1" 200 12492
186.85.246.202 - - [28/Jul/2020:08:12:22 -0500] "GET /sipse/css/custom_css_sg.css HTTP/1.1" 200 9694
186.85.246.202 - - [28/Jul/2020:08:12:22 -0500] "GET /sipse/css/custom_css_sg_prime_login.css HTTP/1.1" 200 443
186.85.246.202 - - [28/Jul/2020:08:12:22 -0500] "GET /sipse/js/disable_browser_buttons.js HTTP/1.1" 200 3230
186.85.246.202 - - [28/Jul/2020:08:12:22 -0500] "GET /sipse/faces/javax.faces.resource/theme.css?ln=primefaces-sipse HTTP/1.1" 304 -
186.85.246.202 - - [28/Jul/2020:08:12:22 -0500] "GET /sipse/faces/javax.faces.resource/layout/layout.css;jsessionid=L2B6qEQDSTJwvFv-RZrrZxO9.undefined?ln=primefaces&v=4.0 HTTP/1.1" 200 542
186.85.246.202 - - [28/Jul/2020:08:12:22 -0500] "GET /sipse/js/funciones.js HTTP/1.1" 200 12592
186.85.246.202 - - [28/Jul/2020:08:12:22 -0500] "GET /sipse/faces/javax.faces.resource/jquery/jquery.js;jsessionid=L2B6qEQDSTJwvFv-RZrrZxO9.undefined?ln=primefaces&v=4.0 HTTP/1.1" 200 105384
186.85.246.202 - - [28/Jul/2020:08:12:22 -0500] "GET /sipse/faces/javax.faces.resource/primefaces.css;jsessionid=L2B6qEQDSTJwvFv-RZrrZxO9.undefined?ln=primefaces&v=4.0 HTTP/1.1" 200 53295
186.85.246.202 - - [28/Jul/2020:08:12:22 -0500] "GET /sipse/faces/javax.faces.resource/layout/layout.js;jsessionid=L2B6qEQDSTJwvFv-RZrrZxO9.undefined?ln=primefaces&v=4.0 HTTP/1.1" 200 87560
186.85.246.202 - - [28/Jul/2020:08:12:22 -0500] "GET /sipse/faces/javax.faces.resource/jquery/jquery-plugins.js;jsessionid=L2B6qEQDSTJwvFv-RZrrZxO9.undefined?ln=primefaces&v=4.0 HTTP/1.1" 200 220526
186.85.246.202 - - [28/Jul/2020:08:12:22 -0500] "GET /sipse/faces/javax.faces.resource/primefaces.js;jsessionid=L2B6qEQDSTJwvFv-RZrrZxO9.undefined?ln=primefaces&v=4.0 HTTP/1.1" 200 276924
181.52.22.3 - - [28/Jul/2020:08:12:24 -0500] "POST /sipse/faces/presentacion/financiero/solicitudProceso/listarSolicitudProceso.xhtml HTTP/1.1" 200 32399
186.85.246.202 - - [28/Jul/2020:08:12:24 -0500] "GET /sipse/faces/javax.faces.resource/images/ui-icons_898989_256x240.png?ln=primefaces-aristo HTTP/1.1" 304 -
186.85.246.202 - - [28/Jul/2020:08:12:24 -0500] "GET /sipse/css/imagen/logoSDG.png HTTP/1.1" 200 53064
186.85.246.202 - - [28/Jul/2020:08:12:24 -0500] "GET /sipse/css/imagen/loginimg.png HTTP/1.1" 200 71635
186.85.246.202 - - [28/Jul/2020:08:12:25 -0500] "GET /sipse/faces/index.xhtml HTTP/1.1" 200 677
186.85.246.202 - - [28/Jul/2020:08:12:25 -0500] "GET /sipse/faces/javax.faces.resource/theme.css?ln=primefaces-sipse HTTP/1.1" 304 -
186.85.246.202 - - [28/Jul/2020:08:12:25 -0500] "GET /sipse/faces/faces/autenticacion.xhtml HTTP/1.1" 200 12170
186.85.246.202 - - [28/Jul/2020:08:12:25 -0500] "GET /sipse/faces/javax.faces.resource/theme.css?ln=primefaces-sipse HTTP/1.1" 304 -
186.85.246.202 - - [28/Jul/2020:08:12:25 -0500] "GET /sipse/faces/javax.faces.resource/primefaces.css?ln=primefaces&v=4.0 HTTP/1.1" 304 -
186.85.246.202 - - [28/Jul/2020:08:12:25 -0500] "GET /sipse/faces/javax.faces.resource/jquery/jquery.js?ln=primefaces&v=4.0 HTTP/1.1" 304 -
186.85.246.202 - - [28/Jul/2020:08:12:25 -0500] "GET /sipse/faces/javax.faces.resource/layout/layout.css?ln=primefaces&v=4.0 HTTP/1.1" 304 -
186.85.246.202 - - [28/Jul/2020:08:12:25 -0500] "GET /sipse/faces/javax.faces.resource/jquery/jquery-plugins.js?ln=primefaces&v=4.0 HTTP/1.1" 304 -
186.85.246.202 - - [28/Jul/2020:08:12:25 -0500] "GET /sipse/faces/javax.faces.resource/primefaces.js?ln=primefaces&v=4.0 HTTP/1.1" 304 -
186.85.246.202 - - [28/Jul/2020:08:12:25 -0500] "GET /sipse/faces/javax.faces.resource/layout/layout.js?ln=primefaces&v=4.0 HTTP/1.1" 304 -
181.52.22.3 - - [28/Jul/2020:08:12:30 -0500] "POST /sipse/faces/presentacion/financiero/solicitudProceso/listarSolicitudProceso.xhtml HTTP/1.1" 200 12728
186.85.246.202 - - [28/Jul/2020:08:12:30 -0500] "POST /sipse/faces/autenticacion.xhtml HTTP/1.1" 200 2218
186.85.246.202 - - [28/Jul/2020:08:12:30 -0500] "GET /sipse/faces/javax.faces.resource/messages/messages.png?ln=primefaces&v=4.0 HTTP/1.1" 304 -
186.85.246.202 - - [28/Jul/2020:08:12:31 -0500] "GET /sipse/faces/javax.faces.resource/images/ui-icons_898989_256x240.png?ln=primefaces-aristo HTTP/1.1" 304 -
186.85.246.202 - - [28/Jul/2020:08:12:32 -0500] "POST /sipse/faces/autenticacion.xhtml HTTP/1.1" 200 16012
186.85.246.202 - - [28/Jul/2020:08:12:32 -0500] "GET /sipse/css/custom_css_sg_prime.css HTTP/1.1" 200 5201
186.85.246.202 - - [28/Jul/2020:08:12:32 -0500] "GET /sipse/faces/javax.faces.resource/theme.css?ln=primefaces-sipse HTTP/1.1" 304 -
186.85.246.202 - - [28/Jul/2020:08:12:32 -0500] "GET /sipse/faces/javax.faces.resource/primefaces.css?ln=primefaces&v=4.0 HTTP/1.1" 304 -
186.85.246.202 - - [28/Jul/2020:08:12:32 -0500] "GET /sipse/faces/javax.faces.resource/layout/layout.css?ln=primefaces&v=4.0 HTTP/1.1" 304 -
186.85.246.202 - - [28/Jul/2020:08:12:32 -0500] "GET /sipse/js/jquery.min.js HTTP/1.1" 200 85582
186.85.246.202 - - [28/Jul/2020:08:12:32 -0500] "GET /sipse/faces/javax.faces.resource/jquery/jquery.js?ln=primefaces&v=4.0 HTTP/1.1" 304 -
186.85.246.202 - - [28/Jul/2020:08:12:33 -0500] "GET /sipse/faces/javax.faces.resource/jquery/jquery-plugins.js?ln=primefaces&v=4.0 HTTP/1.1" 304 -
186.85.246.202 - - [28/Jul/2020:08:12:33 -0500] "GET /sipse/faces/javax.faces.resource/primefaces.js?ln=primefaces&v=4.0 HTTP/1.1" 304 -
186.85.246.202 - - [28/Jul/2020:08:12:33 -0500] "GET /sipse/faces/javax.faces.resource/layout/layout.js?ln=primefaces&v=4.0 HTTP/1.1" 304 -
186.85.246.202 - - [28/Jul/2020:08:12:33 -0500] "GET /sipse/css/imagen/contrasena.png HTTP/1.1" 404 383
186.85.246.202 - - [28/Jul/2020:08:12:33 -0500] "GET /sipse/imagenes/logoAplicacion.jpg HTTP/1.1" 200 155084
186.85.246.202 - - [28/Jul/2020:08:12:33 -0500] "GET /sipse/imagenes/cargando.gif HTTP/1.1" 200 36959
186.85.246.202 - - [28/Jul/2020:08:12:37 -0500] "GET /sipse/faces/javax.faces.resource/images/ui-bg_flat_0_2d5972_40x100.png?ln=primefaces-aristo HTTP/1.1" 304 -
186.85.246.202 - - [28/Jul/2020:08:12:37 -0500] "POST /sipse/faces/bienvenido.xhtml HTTP/1.1" 200 2658
186.85.246.202 - - [28/Jul/2020:08:12:38 -0500] "POST /sipse/faces/bienvenido.xhtml HTTP/1.1" 200 60915
186.85.246.202 - - [28/Jul/2020:08:12:40 -0500] "GET /sipse/faces/javax.faces.resource/layout/layout.css?ln=primefaces&v=4.0 HTTP/1.1" 304 -
186.85.246.202 - - [28/Jul/2020:08:12:40 -0500] "GET /sipse/faces/javax.faces.resource/primefaces.css?ln=primefaces&v=4.0 HTTP/1.1" 304 -
186.85.246.202 - - [28/Jul/2020:08:12:40 -0500] "GET /sipse/faces/javax.faces.resource/theme.css?ln=primefaces-sipse HTTP/1.1" 304 -
186.85.246.202 - - [28/Jul/2020:08:12:40 -0500] "GET /sipse/faces/javax.faces.resource/jquery/jquery.js?ln=primefaces&v=4.0 HTTP/1.1" 304 -
186.85.246.202 - - [28/Jul/2020:08:12:40 -0500] "GET /sipse/faces/javax.faces.resource/jquery/jquery-plugins.js?ln=primefaces&v=4.0 HTTP/1.1" 304 -
186.85.246.202 - - [28/Jul/2020:08:12:40 -0500] "GET /sipse/faces/javax.faces.resource/primefaces.js?ln=primefaces&v=4.0 HTTP/1.1" 304 -
186.85.246.202 - - [28/Jul/2020:08:12:40 -0500] "GET /sipse/faces/javax.faces.resource/layout/layout.js?ln=primefaces&v=4.0 HTTP/1.1" 304 -
186.85.246.202 - - [28/Jul/2020:08:12:40 -0500] "POST /sipse/faces/presentacion/financiero/solicitudProceso/listarSolicitudProceso.xhtml HTTP/1.1" 200 1452
186.147.46.224 - - [28/Jul/2020:08:12:44 -0500] "POST /sipse/faces/autenticacion.xhtml HTTP/1.1" 200 2213
181.52.22.3 - - [28/Jul/2020:08:12:44 -0500] "POST /sipse/faces/presentacion/financiero/solicitudProceso/listarSolicitudProceso.xhtml HTTP/1.1" 200 32347
186.147.46.224 - - [28/Jul/2020:08:12:44 -0500] "GET /sipse/faces/javax.faces.resource/messages/messages.png?ln=primefaces&v=4.0 HTTP/1.1" 304 -
181.52.22.3 - - [28/Jul/2020:08:12:46 -0500] "POST /sipse/faces/presentacion/financiero/solicitudProceso/listarSolicitudProceso.xhtml HTTP/1.1" 200 32371
186.147.46.224 - - [28/Jul/2020:08:12:47 -0500] "POST /sipse/faces/autenticacion.xhtml HTTP/1.1" 200 16029
186.147.46.224 - - [28/Jul/2020:08:12:50 -0500] "GET /sipse/faces/javax.faces.resource/primefaces.css?ln=primefaces&v=4.0 HTTP/1.1" 304 -
186.85.246.202 - - [28/Jul/2020:08:12:50 -0500] "POST /sipse/faces/presentacion/financiero/solicitudProceso/listarSolicitudProceso.xhtml HTTP/1.1" 200 7696
186.147.46.224 - - [28/Jul/2020:08:12:51 -0500] "GET /sipse/faces/javax.faces.resource/theme.css?ln=primefaces-sipse HTTP/1.1" 304 -
186.147.46.224 - - [28/Jul/2020:08:12:51 -0500] "GET /sipse/js/jquery.min.js HTTP/1.1" 200 85582
186.147.46.224 - - [28/Jul/2020:08:12:52 -0500] "GET /sipse/faces/javax.faces.resource/layout/layout.css?ln=primefaces&v=4.0 HTTP/1.1" 304 -
186.147.46.224 - - [28/Jul/2020:08:12:52 -0500] "GET /sipse/faces/javax.faces.resource/jquery/jquery.js?ln=primefaces&v=4.0 HTTP/1.1" 304 -
186.147.46.224 - - [28/Jul/2020:08:12:52 -0500] "GET /sipse/faces/javax.faces.resource/jquery/jquery-plugins.js?ln=primefaces&v=4.0 HTTP/1.1" 304 -
186.147.46.224 - - [28/Jul/2020:08:12:55 -0500] "GET /sipse/faces/javax.faces.resource/primefaces.js?ln=primefaces&v=4.0 HTTP/1.1" 304 -
181.52.22.3 - - [28/Jul/2020:08:12:55 -0500] "POST /sipse/faces/presentacion/financiero/solicitudProceso/listarSolicitudProceso.xhtml HTTP/1.1" 200 6931
186.147.46.224 - - [28/Jul/2020:08:12:56 -0500] "GET /sipse/faces/javax.faces.resource/layout/layout.js?ln=primefaces&v=4.0 HTTP/1.1" 304 -
186.147.46.224 - - [28/Jul/2020:08:12:56 -0500] "GET /sipse/imagenes/cargando.gif HTTP/1.1" 200 36959
186.147.46.224 - - [28/Jul/2020:08:12:56 -0500] "GET /sipse/css/imagen/contrasena.png HTTP/1.1" 404 383
186.147.46.224 - - [28/Jul/2020:08:12:56 -0500] "GET /sipse/imagenes/logoAplicacion.jpg HTTP/1.1" 200 155084
201.245.192.253 - - [28/Jul/2020:08:12:19 -0500] "POST /kwsrmcab/Wsrmcab HTTP/1.1" 200 30647
201.245.192.253 - - [28/Jul/2020:08:12:17 -0500] "POST /kwsrmcab/Wsrmcab HTTP/1.1" 200 29158
186.147.46.224 - - [28/Jul/2020:08:12:57 -0500] "GET /sipse/css/custom_css_sg_prime.css HTTP/1.1" 200 5201
186.147.46.224 - - [28/Jul/2020:08:13:00 -0500] "POST /sipse/faces/bienvenido.xhtml HTTP/1.1" 200 2073
186.147.46.224 - - [28/Jul/2020:08:13:00 -0500] "GET /sipse/faces/javax.faces.resource/images/ui-bg_flat_0_2d5972_40x100.png?ln=primefaces-aristo HTTP/1.1" 304 -
186.147.46.224 - - [28/Jul/2020:08:13:01 -0500] "POST /sipse/faces/bienvenido.xhtml HTTP/1.1" 200 9407
186.147.46.224 - - [28/Jul/2020:08:13:03 -0500] "POST /sipse/faces/bienvenido.xhtml HTTP/1.1" 200 9407
186.147.46.224 - - [28/Jul/2020:08:13:04 -0500] "POST /sipse/faces/bienvenido.xhtml HTTP/1.1" 200 9407
186.85.246.202 - - [28/Jul/2020:08:13:06 -0500] "POST /sipse/faces/presentacion/financiero/solicitudProceso/listarSolicitudProceso.xhtml HTTP/1.1" 200 7683
186.147.46.224 - - [28/Jul/2020:08:13:08 -0500] "POST /sipse/faces/bienvenido.xhtml HTTP/1.1" 200 9407
186.147.46.224 - - [28/Jul/2020:08:13:16 -0500] "POST /sipse/faces/bienvenido.xhtml HTTP/1.1" 200 9407
181.56.67.8 - - [28/Jul/2020:08:13:20 -0500] "GET /galeria/galeria/jquery.fancybox.css?v=2.1.5 HTTP/1.1" 200 4895
181.56.67.8 - - [28/Jul/2020:08:13:21 -0500] "GET /BLA/boletinlegal/js/jquery.scrollShow.js HTTP/1.1" 200 4586
181.56.67.8 - - [28/Jul/2020:08:13:21 -0500] "GET /galeria/galeria/jquery.fancybox.js?v=2.1.5 HTTP/1.1" 200 48706
186.85.246.202 - - [28/Jul/2020:08:13:27 -0500] "POST /sipse/faces/presentacion/financiero/solicitudProceso/listarSolicitudProceso.xhtml HTTP/1.1" 200 7646
201.245.192.253 - - [28/Jul/2020:08:12:57 -0500] "POST /kwsrmcab/Wsrmcab HTTP/1.1" 200 29158
186.147.46.224 - - [28/Jul/2020:08:13:32 -0500] "POST /sipse/faces/bienvenido.xhtml HTTP/1.1" 200 9407
181.54.52.146 - - [28/Jul/2020:08:13:36 -0500] "GET /galeria/galeria/jquery.fancybox.css?v=2.1.5 HTTP/1.1" 200 4895
181.54.52.146 - - [28/Jul/2020:08:13:37 -0500] "GET /BLA/boletinlegal/js/jquery.scrollShow.js HTTP/1.1" 200 4586
181.54.52.146 - - [28/Jul/2020:08:13:37 -0500] "GET /galeria/galeria/jquery.fancybox.js?v=2.1.5 HTTP/1.1" 200 48706
191.106.165.16 - - [28/Jul/2020:08:13:40 -0500] "GET /galeria/galeria/jquery.fancybox.css?v=2.1.5 HTTP/1.1" 200 4895
191.106.165.16 - - [28/Jul/2020:08:13:40 -0500] "GET /BLA/boletinlegal/js/jquery.scrollShow.js HTTP/1.1" 200 4586
191.106.165.16 - - [28/Jul/2020:08:13:40 -0500] "GET /galeria/galeria/jquery.fancybox.js?v=2.1.5 HTTP/1.1" 200 48706
186.85.246.202 - - [28/Jul/2020:08:13:42 -0500] "POST /sipse/faces/presentacion/financiero/solicitudProceso/listarSolicitudProceso.xhtml HTTP/1.1" 200 7677
181.155.253.206 - - [28/Jul/2020:08:13:44 -0500] "POST /sipse/faces/bienvenido.xhtml HTTP/1.1" 200 9411
181.155.253.206 - - [28/Jul/2020:08:13:52 -0500] "POST /sipse/faces/bienvenido.xhtml HTTP/1.1" 200 9411
186.85.246.202 - - [28/Jul/2020:08:13:58 -0500] "POST /sipse/faces/presentacion/financiero/solicitudProceso/listarSolicitudProceso.xhtml HTTP/1.1" 200 7683
181.155.253.206 - - [28/Jul/2020:08:13:59 -0500] "GET /sipse/faces/faces/autenticacion.xhtml HTTP/1.1" 200 12176
181.155.253.206 - - [28/Jul/2020:08:13:59 -0500] "GET /sipse/faces/javax.faces.resource/primefaces.css?ln=primefaces&v=4.0 HTTP/1.1" 304 -
181.155.253.206 - - [28/Jul/2020:08:13:59 -0500] "GET /sipse/faces/javax.faces.resource/theme.css?ln=primefaces-sipse HTTP/1.1" 304 -
181.155.253.206 - - [28/Jul/2020:08:13:59 -0500] "GET /sipse/faces/javax.faces.resource/layout/layout.css?ln=primefaces&v=4.0 HTTP/1.1" 304 -
181.155.253.206 - - [28/Jul/2020:08:13:59 -0500] "GET /sipse/faces/javax.faces.resource/jquery/jquery.js?ln=primefaces&v=4.0 HTTP/1.1" 304 -
181.155.253.206 - - [28/Jul/2020:08:13:59 -0500] "GET /sipse/faces/javax.faces.resource/jquery/jquery-plugins.js?ln=primefaces&v=4.0 HTTP/1.1" 304 -
181.155.253.206 - - [28/Jul/2020:08:13:59 -0500] "GET /sipse/faces/javax.faces.resource/primefaces.js?ln=primefaces&v=4.0 HTTP/1.1" 304 -
181.155.253.206 - - [28/Jul/2020:08:13:59 -0500] "GET /sipse/faces/javax.faces.resource/layout/layout.js?ln=primefaces&v=4.0 HTTP/1.1" 304 -
181.155.253.206 - - [28/Jul/2020:08:14:00 -0500] "GET /favicon.ico HTTP/1.1" 200 7782
181.155.253.206 - - [28/Jul/2020:08:14:08 -0500] "POST /sipse/faces/autenticacion.xhtml HTTP/1.1" 200 2213
186.85.246.202 - - [28/Jul/2020:08:14:09 -0500] "POST /sipse/faces/presentacion/financiero/solicitudProceso/listarSolicitudProceso.xhtml HTTP/1.1" 200 7668
201.185.182.235 - - [28/Jul/2020:08:14:10 -0500] "GET /galeria/galeria/jquery.fancybox.css?v=2.1.5 HTTP/1.1" 200 4895
201.185.182.235 - - [28/Jul/2020:08:14:10 -0500] "GET /BLA/boletinlegal/js/jquery.scrollShow.js HTTP/1.1" 200 4586
201.185.182.235 - - [28/Jul/2020:08:14:10 -0500] "GET /galeria/galeria/jquery.fancybox.js?v=2.1.5 HTTP/1.1" 200 48706
181.155.253.206 - - [28/Jul/2020:08:14:10 -0500] "POST /sipse/faces/autenticacion.xhtml HTTP/1.1" 200 16029
181.155.253.206 - - [28/Jul/2020:08:14:11 -0500] "GET /sipse/faces/javax.faces.resource/theme.css?ln=primefaces-sipse HTTP/1.1" 304 -
181.155.253.206 - - [28/Jul/2020:08:14:11 -0500] "GET /sipse/faces/javax.faces.resource/primefaces.css?ln=primefaces&v=4.0 HTTP/1.1" 304 -
181.155.253.206 - - [28/Jul/2020:08:14:11 -0500] "GET /sipse/faces/javax.faces.resource/layout/layout.css?ln=primefaces&v=4.0 HTTP/1.1" 304 -
181.155.253.206 - - [28/Jul/2020:08:14:11 -0500] "GET /sipse/faces/javax.faces.resource/jquery/jquery.js?ln=primefaces&v=4.0 HTTP/1.1" 304 -
181.155.253.206 - - [28/Jul/2020:08:14:11 -0500] "GET /sipse/faces/javax.faces.resource/jquery/jquery-plugins.js?ln=primefaces&v=4.0 HTTP/1.1" 304 -
181.155.253.206 - - [28/Jul/2020:08:14:11 -0500] "GET /sipse/faces/javax.faces.resource/primefaces.js?ln=primefaces&v=4.0 HTTP/1.1" 304 -
181.155.253.206 - - [28/Jul/2020:08:14:11 -0500] "GET /sipse/faces/javax.faces.resource/layout/layout.js?ln=primefaces&v=4.0 HTTP/1.1" 304 -
186.82.151.107 - - [28/Jul/2020:08:14:14 -0500] "POST /sipse/faces/presentacion/financiero/solicitudProceso/listarSolicitudProceso.xhtml HTTP/1.1" 200 2665
181.61.205.159 - - [28/Jul/2020:08:14:14 -0500] "GET /BLA/boletinlegal/js/jquery.scrollShow.js HTTP/1.1" 200 4586
181.61.205.159 - - [28/Jul/2020:08:14:15 -0500] "GET /galeria/galeria/jquery.fancybox.css?v=2.1.5 HTTP/1.1" 200 4895
181.61.205.159 - - [28/Jul/2020:08:14:15 -0500] "GET /galeria/galeria/jquery.fancybox.js?v=2.1.5 HTTP/1.1" 200 48706
181.155.253.206 - - [28/Jul/2020:08:14:15 -0500] "POST /sipse/faces/bienvenido.xhtml HTTP/1.1" 200 9407
186.82.151.107 - - [28/Jul/2020:08:14:15 -0500] "POST /sipse/faces/presentacion/financiero/solicitudProceso/listarSolicitudProceso.xhtml HTTP/1.1" 200 38108
186.82.151.107 - - [28/Jul/2020:08:14:15 -0500] "GET /sipse/faces/javax.faces.resource/jquery/jquery.js?ln=primefaces&v=4.0 HTTP/1.1" 304 -
186.82.151.107 - - [28/Jul/2020:08:14:15 -0500] "GET /sipse/faces/javax.faces.resource/jquery/jquery-plugins.js?ln=primefaces&v=4.0 HTTP/1.1" 304 -
186.82.151.107 - - [28/Jul/2020:08:14:15 -0500] "GET /sipse/faces/javax.faces.resource/primefaces.js?ln=primefaces&v=4.0 HTTP/1.1" 304 -
186.82.151.107 - - [28/Jul/2020:08:14:15 -0500] "GET /sipse/faces/javax.faces.resource/layout/layout.js?ln=primefaces&v=4.0 HTTP/1.1" 304 -
186.82.151.107 - - [28/Jul/2020:08:14:16 -0500] "POST /sipse/faces/presentacion/financiero/solicitudProceso/consultar.xhtml HTTP/1.1" 200 31379
186.82.151.107 - - [28/Jul/2020:08:14:20 -0500] "POST /sipse/faces/presentacion/financiero/solicitudProceso/consultar.xhtml HTTP/1.1" 200 12869
186.85.246.202 - - [28/Jul/2020:08:14:28 -0500] "POST /sipse/faces/presentacion/financiero/solicitudProceso/listarSolicitudProceso.xhtml HTTP/1.1" 200 7645
181.52.22.3 - - [28/Jul/2020:08:14:37 -0500] "POST /sipse/faces/presentacion/financiero/solicitudProceso/listarSolicitudProceso.xhtml HTTP/1.1" 200 4294
181.52.22.3 - - [28/Jul/2020:08:14:39 -0500] "POST /sipse/faces/presentacion/financiero/solicitudProceso/listarSolicitudProceso.xhtml HTTP/1.1" 200 4274
181.52.22.3 - - [28/Jul/2020:08:14:39 -0500] "POST /sipse/faces/presentacion/financiero/solicitudProceso/listarSolicitudProceso.xhtml HTTP/1.1" 200 4298
181.52.22.3 - - [28/Jul/2020:08:14:41 -0500] "POST /sipse/faces/presentacion/financiero/solicitudProceso/listarSolicitudProceso.xhtml HTTP/1.1" 200 4278
181.52.22.3 - - [28/Jul/2020:08:14:42 -0500] "POST /sipse/faces/presentacion/financiero/solicitudProceso/listarSolicitudProceso.xhtml HTTP/1.1" 200 4294
186.85.246.202 - - [28/Jul/2020:08:14:42 -0500] "POST /sipse/faces/presentacion/financiero/solicitudProceso/listarSolicitudProceso.xhtml HTTP/1.1" 200 7658
181.52.22.3 - - [28/Jul/2020:08:14:42 -0500] "POST /sipse/faces/presentacion/financiero/solicitudProceso/listarSolicitudProceso.xhtml HTTP/1.1" 200 4274
181.52.22.3 - - [28/Jul/2020:08:14:43 -0500] "POST /sipse/faces/presentacion/financiero/solicitudProceso/listarSolicitudProceso.xhtml HTTP/1.1" 200 4294
181.52.22.3 - - [28/Jul/2020:08:14:44 -0500] "POST /sipse/faces/presentacion/financiero/solicitudProceso/listarSolicitudProceso.xhtml HTTP/1.1" 200 4274
186.85.246.202 - - [28/Jul/2020:08:14:44 -0500] "POST /sipse/faces/presentacion/financiero/solicitudProceso/listarSolicitudProceso.xhtml HTTP/1.1" 200 123875
186.85.246.202 - - [28/Jul/2020:08:14:45 -0500] "GET /sipse/faces/javax.faces.resource/theme.css?ln=primefaces-sipse HTTP/1.1" 304 -
186.85.246.202 - - [28/Jul/2020:08:14:45 -0500] "GET /sipse/faces/javax.faces.resource/jquery/jquery.js?ln=primefaces&v=4.0 HTTP/1.1" 304 -
186.85.246.202 - - [28/Jul/2020:08:14:45 -0500] "GET /sipse/faces/javax.faces.resource/primefaces.css?ln=primefaces&v=4.0 HTTP/1.1" 304 -
186.85.246.202 - - [28/Jul/2020:08:14:45 -0500] "GET /sipse/faces/javax.faces.resource/layout/layout.css?ln=primefaces&v=4.0 HTTP/1.1" 304 -
186.85.246.202 - - [28/Jul/2020:08:14:45 -0500] "GET /sipse/faces/javax.faces.resource/jquery/jquery-plugins.js?ln=primefaces&v=4.0 HTTP/1.1" 304 -
186.85.246.202 - - [28/Jul/2020:08:14:46 -0500] "GET /sipse/faces/javax.faces.resource/primefaces.js?ln=primefaces&v=4.0 HTTP/1.1" 304 -
186.85.246.202 - - [28/Jul/2020:08:14:46 -0500] "GET /sipse/faces/javax.faces.resource/layout/layout.js?ln=primefaces&v=4.0 HTTP/1.1" 304 -
190.27.245.107 - - [28/Jul/2020:08:14:46 -0500] "GET /reportes_sipse/sdg/ServletReporte?reporte=solicitud_cdp&Solicitud=10083&pfdrid_c=false HTTP/1.1" 200 99929
181.52.22.3 - - [28/Jul/2020:08:14:51 -0500] "POST /sipse/faces/presentacion/financiero/solicitudProceso/listarSolicitudProceso.xhtml HTTP/1.1" 200 6945
186.85.246.202 - - [28/Jul/2020:08:14:50 -0500] "POST /sipse/faces/presentacion/financiero/solicitudProceso/consultarSolicitudProceso.xhtml HTTP/1.1" 200 34608
186.85.246.202 - - [28/Jul/2020:08:14:52 -0500] "GET /sipse/faces/javax.faces.resource/primefaces.css?ln=primefaces&v=4.0 HTTP/1.1" 304 -
186.85.246.202 - - [28/Jul/2020:08:14:52 -0500] "GET /sipse/faces/javax.faces.resource/theme.css?ln=primefaces-sipse HTTP/1.1" 304 -
186.85.246.202 - - [28/Jul/2020:08:14:52 -0500] "GET /sipse/faces/javax.faces.resource/layout/layout.css?ln=primefaces&v=4.0 HTTP/1.1" 304 -
186.85.246.202 - - [28/Jul/2020:08:14:53 -0500] "GET /sipse/faces/javax.faces.resource/jquery/jquery.js?ln=primefaces&v=4.0 HTTP/1.1" 304 -
186.85.246.202 - - [28/Jul/2020:08:14:53 -0500] "GET /sipse/faces/javax.faces.resource/jquery/jquery-plugins.js?ln=primefaces&v=4.0 HTTP/1.1" 304 -
186.85.246.202 - - [28/Jul/2020:08:14:53 -0500] "GET /sipse/faces/javax.faces.resource/primefaces.js?ln=primefaces&v=4.0 HTTP/1.1" 304 -
181.155.253.206 - - [28/Jul/2020:08:14:53 -0500] "POST /sipse/faces/bienvenido.xhtml HTTP/1.1" 200 9407
186.85.246.202 - - [28/Jul/2020:08:14:53 -0500] "GET /sipse/faces/javax.faces.resource/layout/layout.js?ln=primefaces&v=4.0 HTTP/1.1" 304 -
186.85.246.202 - - [28/Jul/2020:08:14:53 -0500] "POST /sipse/faces/presentacion/financiero/solicitudProceso/listarSolicitudProceso.xhtml HTTP/1.1" 200 1344
186.85.246.202 - - [28/Jul/2020:08:14:57 -0500] "POST /sipse/faces/presentacion/financiero/solicitudProceso/listarSolicitudProceso.xhtml HTTP/1.1" 200 7639
190.146.108.120 - - [28/Jul/2020:08:15:02 -0500] "GET /galeria/galeria/jquery.fancybox.css?v=2.1.5 HTTP/1.1" 200 4895
186.85.246.202 - - [28/Jul/2020:08:15:15 -0500] "POST /sipse/faces/presentacion/financiero/solicitudProceso/listarSolicitudProceso.xhtml HTTP/1.1" 200 7640
201.245.192.253 - - [28/Jul/2020:08:15:26 -0500] "POST /sipse/faces/presentacion/financiero/solicitudProceso/consultarSolicitudProceso.xhtml HTTP/1.1" 200 93520
181.52.22.3 - - [28/Jul/2020:08:15:29 -0500] "POST /sipse/faces/presentacion/financiero/solicitudProceso/listarSolicitudProceso.xhtml HTTP/1.1" 200 32245
181.52.22.3 - - [28/Jul/2020:08:15:29 -0500] "POST /sipse/faces/presentacion/financiero/solicitudProceso/listarSolicitudProceso.xhtml HTTP/1.1" 200 32269
181.52.22.3 - - [28/Jul/2020:08:15:30 -0500] "POST /sipse/faces/presentacion/financiero/solicitudProceso/listarSolicitudProceso.xhtml HTTP/1.1" 200 6900
186.85.246.202 - - [28/Jul/2020:08:15:32 -0500] "POST /sipse/faces/presentacion/financiero/solicitudProceso/listarSolicitudProceso.xhtml HTTP/1.1" 200 7604
186.85.246.202 - - [28/Jul/2020:08:15:43 -0500] "POST /sipse/faces/presentacion/financiero/solicitudProceso/listarSolicitudProceso.xhtml HTTP/1.1" 200 7734
181.52.22.3 - - [28/Jul/2020:08:15:44 -0500] "POST /sipse/faces/presentacion/financiero/solicitudProceso/listarSolicitudProceso.xhtml HTTP/1.1" 200 32269
181.52.22.3 - - [28/Jul/2020:08:15:46 -0500] "POST /sipse/faces/presentacion/financiero/solicitudProceso/listarSolicitudProceso.xhtml HTTP/1.1" 200 6907
181.50.70.94 - - [28/Jul/2020:08:15:48 -0500] "GET /galeria/nivo-slider/demo/inicio88.html HTTP/1.1" 200 4595
186.82.151.107 - - [28/Jul/2020:08:15:48 -0500] "POST /sipse/faces/presentacion/financiero/solicitudProceso/consultar.xhtml HTTP/1.1" 200 12978
191.102.120.98 - - [28/Jul/2020:08:15:52 -0500] "POST /sipse/faces/presentacion/financiero/solicitudProceso/consultarSolicitudProceso.xhtml HTTP/1.1" 200 90844
186.85.246.202 - - [28/Jul/2020:08:15:55 -0500] "POST /sipse/faces/presentacion/financiero/solicitudProceso/listarSolicitudProceso.xhtml HTTP/1.1" 200 7527
190.27.245.107 - - [28/Jul/2020:08:15:57 -0500] "GET /sipse/ HTTP/1.1" 302 -
190.27.87.34 - - [28/Jul/2020:08:15:58 -0500] "GET /sipse/faces/autenticacion.xhtml HTTP/1.1" 200 12492
190.27.245.107 - - [28/Jul/2020:08:16:01 -0500] "GET /sipse/ HTTP/1.1" 302 -
190.27.87.34 - - [28/Jul/2020:08:16:01 -0500] "GET /sipse/faces/autenticacion.xhtml HTTP/1.1" 200 12170
190.27.87.34 - - [28/Jul/2020:08:16:01 -0500] "GET /sipse/js/disable_browser_buttons.js HTTP/1.1" 200 3230
190.27.87.34 - - [28/Jul/2020:08:16:02 -0500] "GET /sipse/js/funciones.js HTTP/1.1" 200 12592
190.27.87.34 - - [28/Jul/2020:08:16:02 -0500] "GET /sipse/faces/javax.faces.resource/layout/layout.css?ln=primefaces&v=4.0 HTTP/1.1" 200 542
190.27.87.34 - - [28/Jul/2020:08:16:02 -0500] "GET /sipse/css/custom_css_sg_prime_login.css HTTP/1.1" 200 443
190.27.87.34 - - [28/Jul/2020:08:16:02 -0500] "GET /sipse/css/custom_css_sg.css HTTP/1.1" 200 9694
190.27.87.34 - - [28/Jul/2020:08:16:02 -0500] "GET /sipse/faces/javax.faces.resource/theme.css?ln=primefaces-sipse HTTP/1.1" 304 -
190.27.87.34 - - [28/Jul/2020:08:16:02 -0500] "GET /sipse/faces/javax.faces.resource/primefaces.css?ln=primefaces&v=4.0 HTTP/1.1" 304 -
190.27.87.34 - - [28/Jul/2020:08:16:02 -0500] "GET /sipse/faces/javax.faces.resource/jquery/jquery.js?ln=primefaces&v=4.0 HTTP/1.1" 304 -
190.27.87.34 - - [28/Jul/2020:08:16:02 -0500] "GET /sipse/faces/javax.faces.resource/layout/layout.js?ln=primefaces&v=4.0 HTTP/1.1" 304 -
190.27.87.34 - - [28/Jul/2020:08:16:02 -0500] "GET /sipse/faces/javax.faces.resource/primefaces.js?ln=primefaces&v=4.0 HTTP/1.1" 304 -
190.27.87.34 - - [28/Jul/2020:08:16:02 -0500] "GET /sipse/faces/javax.faces.resource/jquery/jquery-plugins.js?ln=primefaces&v=4.0 HTTP/1.1" 304 -
190.27.87.34 - - [28/Jul/2020:08:16:02 -0500] "GET /sipse/faces/javax.faces.resource/images/ui-icons_898989_256x240.png?ln=primefaces-aristo HTTP/1.1" 200 5355
190.27.87.34 - - [28/Jul/2020:08:16:02 -0500] "GET /sipse/css/imagen/logoSDG.png HTTP/1.1" 200 53064
190.27.87.34 - - [28/Jul/2020:08:16:02 -0500] "GET /sipse/css/imagen/loginimg.png HTTP/1.1" 200 71635
190.27.87.34 - - [28/Jul/2020:08:16:02 -0500] "GET /favicon.ico HTTP/1.1" 200 7782
190.27.87.34 - - [28/Jul/2020:08:16:02 -0500] "GET /sipse/faces/index.xhtml HTTP/1.1" 200 677
190.27.87.34 - - [28/Jul/2020:08:16:02 -0500] "GET /sipse/faces/javax.faces.resource/theme.css?ln=primefaces-sipse HTTP/1.1" 304 -
190.27.87.34 - - [28/Jul/2020:08:16:03 -0500] "GET /sipse/faces/faces/autenticacion.xhtml HTTP/1.1" 200 12170
190.27.87.34 - - [28/Jul/2020:08:16:03 -0500] "GET /sipse/faces/javax.faces.resource/theme.css?ln=primefaces-sipse HTTP/1.1" 304 -
190.27.87.34 - - [28/Jul/2020:08:16:03 -0500] "GET /sipse/faces/javax.faces.resource/primefaces.css?ln=primefaces&v=4.0 HTTP/1.1" 304 -
190.27.87.34 - - [28/Jul/2020:08:16:03 -0500] "GET /sipse/faces/javax.faces.resource/layout/layout.css?ln=primefaces&v=4.0 HTTP/1.1" 304 -
190.27.87.34 - - [28/Jul/2020:08:16:03 -0500] "GET /sipse/faces/javax.faces.resource/jquery/jquery.js?ln=primefaces&v=4.0 HTTP/1.1" 304 -
190.27.87.34 - - [28/Jul/2020:08:16:03 -0500] "GET /sipse/faces/javax.faces.resource/jquery/jquery-plugins.js?ln=primefaces&v=4.0 HTTP/1.1" 304 -
190.27.87.34 - - [28/Jul/2020:08:16:03 -0500] "GET /sipse/faces/javax.faces.resource/primefaces.js?ln=primefaces&v=4.0 HTTP/1.1" 304 -
190.27.87.34 - - [28/Jul/2020:08:16:03 -0500] "GET /sipse/faces/javax.faces.resource/layout/layout.js?ln=primefaces&v=4.0 HTTP/1.1" 304 -
190.27.87.34 - - [28/Jul/2020:08:16:03 -0500] "GET /sipse/faces/javax.faces.resource/images/ui-icons_898989_256x240.png?ln=primefaces-aristo HTTP/1.1" 304 -
186.85.246.202 - - [28/Jul/2020:08:16:05 -0500] "POST /sipse/faces/presentacion/financiero/solicitudProceso/listarSolicitudProceso.xhtml HTTP/1.1" 200 7547
190.27.87.34 - - [28/Jul/2020:08:16:08 -0500] "POST /sipse/faces/autenticacion.xhtml HTTP/1.1" 200 2213
190.27.87.34 - - [28/Jul/2020:08:16:08 -0500] "GET /sipse/faces/javax.faces.resource/messages/messages.png?ln=primefaces&v=4.0 HTTP/1.1" 304 -
190.27.87.34 - - [28/Jul/2020:08:16:16 -0500] "POST /sipse/faces/autenticacion.xhtml HTTP/1.1" 200 16042
190.27.87.34 - - [28/Jul/2020:08:16:16 -0500] "GET /sipse/css/custom_css_sg_prime.css HTTP/1.1" 200 5201
190.27.87.34 - - [28/Jul/2020:08:16:16 -0500] "GET /sipse/js/jquery.min.js HTTP/1.1" 200 85582
190.27.87.34 - - [28/Jul/2020:08:16:16 -0500] "GET /sipse/faces/javax.faces.resource/jquery/jquery.js?ln=primefaces&v=4.0 HTTP/1.1" 304 -
190.27.87.34 - - [28/Jul/2020:08:16:16 -0500] "GET /sipse/faces/javax.faces.resource/jquery/jquery-plugins.js?ln=primefaces&v=4.0 HTTP/1.1" 304 -
190.27.87.34 - - [28/Jul/2020:08:16:16 -0500] "GET /sipse/faces/javax.faces.resource/primefaces.js?ln=primefaces&v=4.0 HTTP/1.1" 304 -
190.27.87.34 - - [28/Jul/2020:08:16:16 -0500] "GET /sipse/faces/javax.faces.resource/layout/layout.js?ln=primefaces&v=4.0 HTTP/1.1" 304 -
190.27.87.34 - - [28/Jul/2020:08:16:16 -0500] "GET /sipse/css/imagen/contrasena.png HTTP/1.1" 404 383
190.27.87.34 - - [28/Jul/2020:08:16:16 -0500] "GET /sipse/imagenes/cargando.gif HTTP/1.1" 200 36959
190.27.87.34 - - [28/Jul/2020:08:16:16 -0500] "GET /sipse/imagenes/logoAplicacion.jpg HTTP/1.1" 200 155084
186.85.246.202 - - [28/Jul/2020:08:16:17 -0500] "POST /sipse/faces/presentacion/financiero/solicitudProceso/listarSolicitudProceso.xhtml HTTP/1.1" 200 7602
191.102.120.98 - - [28/Jul/2020:08:16:17 -0500] "POST /sipse/faces/presentacion/financiero/solicitudProceso/consultarSolicitudProceso.xhtml HTTP/1.1" 200 9373
191.102.120.98 - - [28/Jul/2020:08:16:18 -0500] "POST /sipse/faces/presentacion/financiero/solicitudProceso/consultarSolicitudProceso.xhtml HTTP/1.1" 200 33414
191.102.120.98 - - [28/Jul/2020:08:16:18 -0500] "GET /sipse/faces/javax.faces.resource/theme.css?ln=primefaces-sipse HTTP/1.1" 304 -
191.102.120.98 - - [28/Jul/2020:08:16:18 -0500] "GET /sipse/faces/javax.faces.resource/primefaces.css?ln=primefaces&v=4.0 HTTP/1.1" 304 -
191.102.120.98 - - [28/Jul/2020:08:16:18 -0500] "GET /sipse/faces/javax.faces.resource/layout/layout.css?ln=primefaces&v=4.0 HTTP/1.1" 304 -
191.102.120.98 - - [28/Jul/2020:08:16:18 -0500] "GET /sipse/faces/javax.faces.resource/jquery/jquery.js?ln=primefaces&v=4.0 HTTP/1.1" 304 -
191.102.120.98 - - [28/Jul/2020:08:16:18 -0500] "GET /sipse/faces/javax.faces.resource/jquery/jquery-plugins.js?ln=primefaces&v=4.0 HTTP/1.1" 304 -
191.102.120.98 - - [28/Jul/2020:08:16:18 -0500] "GET /sipse/faces/javax.faces.resource/primefaces.js?ln=primefaces&v=4.0 HTTP/1.1" 304 -
191.102.120.98 - - [28/Jul/2020:08:16:18 -0500] "GET /sipse/faces/javax.faces.resource/layout/layout.js?ln=primefaces&v=4.0 HTTP/1.1" 304 -
191.102.120.98 - - [28/Jul/2020:08:16:19 -0500] "POST /sipse/faces/presentacion/sistema/reporte/listarReportes.xhtml HTTP/1.1" 200 26717
191.102.120.98 - - [28/Jul/2020:08:16:19 -0500] "POST /sipse/faces/presentacion/sistema/reporte/listarReportes.xhtml HTTP/1.1" 200 26717
191.102.120.98 - - [28/Jul/2020:08:16:19 -0500] "POST /sipse/faces/presentacion/sistema/reporte/listarReportes.xhtml HTTP/1.1" 200 26717
191.102.120.98 - - [28/Jul/2020:08:16:19 -0500] "POST /sipse/faces/presentacion/sistema/reporte/listarReportes.xhtml HTTP/1.1" 200 26717
201.221.165.176 - - [28/Jul/2020:08:16:20 -0500] "POST /sipse/faces/presentacion/financiero/solicitudProceso/listarSolicitudProceso.xhtml HTTP/1.1" 200 15652
191.102.120.98 - - [28/Jul/2020:08:16:21 -0500] "POST /sipse/faces/presentacion/sistema/reporte/listarReportes.xhtml HTTP/1.1" 200 23091
191.102.120.98 - - [28/Jul/2020:08:16:22 -0500] "GET /sipse/faces/javax.faces.resource/theme.css?ln=primefaces-sipse HTTP/1.1" 304 -
191.102.120.98 - - [28/Jul/2020:08:16:22 -0500] "GET /sipse/faces/javax.faces.resource/primefaces.css?ln=primefaces&v=4.0 HTTP/1.1" 304 -
191.102.120.98 - - [28/Jul/2020:08:16:22 -0500] "GET /sipse/faces/javax.faces.resource/layout/layout.css?ln=primefaces&v=4.0 HTTP/1.1" 304 -
191.102.120.98 - - [28/Jul/2020:08:16:22 -0500] "GET /sipse/faces/javax.faces.resource/jquery/jquery.js?ln=primefaces&v=4.0 HTTP/1.1" 304 -
191.102.120.98 - - [28/Jul/2020:08:16:22 -0500] "GET /sipse/faces/javax.faces.resource/primefaces.js?ln=primefaces&v=4.0 HTTP/1.1" 304 -
191.102.120.98 - - [28/Jul/2020:08:16:22 -0500] "GET /sipse/faces/javax.faces.resource/jquery/jquery-plugins.js?ln=primefaces&v=4.0 HTTP/1.1" 304 -
191.102.120.98 - - [28/Jul/2020:08:16:22 -0500] "GET /sipse/faces/javax.faces.resource/layout/layout.js?ln=primefaces&v=4.0 HTTP/1.1" 304 -
190.27.245.107 - - [28/Jul/2020:08:16:22 -0500] "GET /reportes_sipse/sdg/ServletReporte?reporte=no_hay HTTP/1.1" 200 5373
190.27.245.107 - - [28/Jul/2020:08:16:22 -0500] "GET /reportes_sipse/js/funciones.js HTTP/1.1" 200 4709
190.27.245.107 - - [28/Jul/2020:08:16:22 -0500] "GET /reportes_sipse/css/estilos.css HTTP/1.1" 200 9135
190.27.245.107 - - [28/Jul/2020:08:16:22 -0500] "GET /reportes_sipse/js/date-picker.js HTTP/1.1" 200 16768
190.27.245.107 - - [28/Jul/2020:08:16:22 -0500] "GET /reportes_sipse/imagenes/pdf.gif HTTP/1.1" 200 598
190.27.245.107 - - [28/Jul/2020:08:16:22 -0500] "GET /reportes_sipse/imagenes/excel.gif HTTP/1.1" 200 613
190.27.245.107 - - [28/Jul/2020:08:16:22 -0500] "GET /reportes_sipse/imagenes/fondo.jpg HTTP/1.1" 200 20235
190.27.245.107 - - [28/Jul/2020:08:16:22 -0500] "GET /reportes_sipse/imagenes/logoAplicacion.jpg HTTP/1.1" 200 26872
190.27.87.34 - - [28/Jul/2020:08:16:24 -0500] "GET /sipse/faces/javax.faces.resource/images/ui-bg_flat_0_2d5972_40x100.png?ln=primefaces-aristo HTTP/1.1" 200 183
190.27.87.34 - - [28/Jul/2020:08:16:24 -0500] "POST /sipse/faces/bienvenido.xhtml HTTP/1.1" 200 2658
190.27.87.34 - - [28/Jul/2020:08:16:25 -0500] "POST /sipse/faces/bienvenido.xhtml HTTP/1.1" 200 60612
190.27.87.34 - - [28/Jul/2020:08:16:26 -0500] "GET /sipse/faces/javax.faces.resource/jquery/jquery.js?ln=primefaces&v=4.0 HTTP/1.1" 304 -
190.27.87.34 - - [28/Jul/2020:08:16:26 -0500] "GET /sipse/faces/javax.faces.resource/jquery/jquery-plugins.js?ln=primefaces&v=4.0 HTTP/1.1" 304 -
190.27.87.34 - - [28/Jul/2020:08:16:26 -0500] "GET /sipse/faces/javax.faces.resource/primefaces.js?ln=primefaces&v=4.0 HTTP/1.1" 304 -
190.27.87.34 - - [28/Jul/2020:08:16:26 -0500] "GET /sipse/faces/javax.faces.resource/layout/layout.js?ln=primefaces&v=4.0 HTTP/1.1" 304 -
201.221.165.176 - - [28/Jul/2020:08:16:27 -0500] "POST /sipse/faces/presentacion/financiero/solicitudProceso/listarSolicitudProceso.xhtml HTTP/1.1" 200 146390
190.27.87.34 - - [28/Jul/2020:08:16:26 -0500] "POST /sipse/faces/presentacion/financiero/solicitudProceso/listarSolicitudProceso.xhtml HTTP/1.1" 200 1452
201.221.165.176 - - [28/Jul/2020:08:16:27 -0500] "GET /sipse/faces/javax.faces.resource/theme.css?ln=primefaces-sipse HTTP/1.1" 304 -
201.221.165.176 - - [28/Jul/2020:08:16:27 -0500] "GET /sipse/faces/javax.faces.resource/primefaces.css?ln=primefaces&v=4.0 HTTP/1.1" 304 -
201.221.165.176 - - [28/Jul/2020:08:16:27 -0500] "GET /sipse/faces/javax.faces.resource/layout/layout.css?ln=primefaces&v=4.0 HTTP/1.1" 304 -
201.221.165.176 - - [28/Jul/2020:08:16:27 -0500] "GET /sipse/faces/javax.faces.resource/jquery/jquery.js?ln=primefaces&v=4.0 HTTP/1.1" 304 -
201.221.165.176 - - [28/Jul/2020:08:16:27 -0500] "GET /sipse/faces/javax.faces.resource/jquery/jquery-plugins.js?ln=primefaces&v=4.0 HTTP/1.1" 304 -
201.221.165.176 - - [28/Jul/2020:08:16:27 -0500] "GET /sipse/faces/javax.faces.resource/primefaces.js?ln=primefaces&v=4.0 HTTP/1.1" 304 -
201.221.165.176 - - [28/Jul/2020:08:16:27 -0500] "GET /sipse/faces/javax.faces.resource/layout/layout.js?ln=primefaces&v=4.0 HTTP/1.1" 304 -
190.27.245.107 - - [28/Jul/2020:08:16:26 -0500] "POST /reportes_sipse/sdg/ServletControlador HTTP/1.1" 200 160992
186.85.246.202 - - [28/Jul/2020:08:16:28 -0500] "POST /sipse/faces/presentacion/financiero/solicitudProceso/listarSolicitudProceso.xhtml HTTP/1.1" 200 7676
190.27.245.107 - - [28/Jul/2020:08:16:29 -0500] "GET /reportes_sipse/sdg/ServletReporte?reporte=solicitud_cdp&Solicitud=10083&pfdrid_c=false HTTP/1.1" 200 99929
186.147.90.87 - - [28/Jul/2020:08:16:30 -0500] "GET /galeria/nivo-slider/demo/inicio88.html HTTP/1.1" 200 4595
186.147.90.87 - - [28/Jul/2020:08:16:31 -0500] "GET /galeria/nivo-slider/demo/images/bannerclasesvirtual.jpg HTTP/1.1" 304 -
186.147.90.87 - - [28/Jul/2020:08:16:31 -0500] "GET /galeria/nivo-slider/demo/images/bannernaranja.jpg HTTP/1.1" 304 -
186.147.90.87 - - [28/Jul/2020:08:16:31 -0500] "GET /galeria/nivo-slider/demo/images/bannereco2020.jpg HTTP/1.1" 304 -
186.147.90.87 - - [28/Jul/2020:08:16:31 -0500] "GET /galeria/nivo-slider/demo/images/bannerhorarios.jpg HTTP/1.1" 304 -
186.147.90.87 - - [28/Jul/2020:08:16:31 -0500] "GET /galeria/nivo-slider/demo/images/bannerbioseguridad.jpg HTTP/1.1" 304 -
186.147.90.87 - - [28/Jul/2020:08:16:31 -0500] "GET /galeria/nivo-slider/demo/images/Bannerultimo.jpg HTTP/1.1" 304 -
69.162.124.227 - - [28/Jul/2020:08:16:34 -0500] "HEAD / HTTP/1.1" 200 -
201.245.192.253 - - [28/Jul/2020:08:16:34 -0500] "POST /sipse/faces/presentacion/financiero/solicitudProceso/consultarSolicitudProceso.xhtml HTTP/1.1" 200 34101
201.245.192.253 - - [28/Jul/2020:08:16:37 -0500] "GET /sipse/faces/javax.faces.resource/theme.css?ln=primefaces-sipse HTTP/1.1" 304 -
201.245.192.253 - - [28/Jul/2020:08:16:37 -0500] "GET /sipse/faces/javax.faces.resource/primefaces.css?ln=primefaces&v=4.0 HTTP/1.1" 304 -
201.245.192.253 - - [28/Jul/2020:08:16:37 -0500] "GET /sipse/faces/javax.faces.resource/layout/layout.css?ln=primefaces&v=4.0 HTTP/1.1" 304 -
201.245.192.253 - - [28/Jul/2020:08:16:37 -0500] "GET /sipse/faces/javax.faces.resource/jquery/jquery.js?ln=primefaces&v=4.0 HTTP/1.1" 304 -
201.245.192.253 - - [28/Jul/2020:08:16:37 -0500] "GET /sipse/faces/javax.faces.resource/jquery/jquery-plugins.js?ln=primefaces&v=4.0 HTTP/1.1" 304 -
201.245.192.253 - - [28/Jul/2020:08:16:37 -0500] "GET /sipse/faces/javax.faces.resource/primefaces.js?ln=primefaces&v=4.0 HTTP/1.1" 304 -
201.245.192.253 - - [28/Jul/2020:08:16:37 -0500] "GET /sipse/faces/javax.faces.resource/layout/layout.js?ln=primefaces&v=4.0 HTTP/1.1" 304 -
201.245.192.253 - - [28/Jul/2020:08:16:37 -0500] "POST /sipse/faces/presentacion/financiero/solicitudProceso/listarSolicitudProceso.xhtml HTTP/1.1" 200 1344
201.245.192.253 - - [28/Jul/2020:08:16:40 -0500] "POST /sipse/faces/presentacion/financiero/solicitudProceso/listarSolicitudProceso.xhtml HTTP/1.1" 200 34207
201.245.192.253 - - [28/Jul/2020:08:16:41 -0500] "POST /sipse/faces/presentacion/financiero/solicitudProceso/listarSolicitudProceso.xhtml HTTP/1.1" 200 33792
201.245.192.253 - - [28/Jul/2020:08:16:42 -0500] "POST /sipse/faces/presentacion/financiero/solicitudProceso/listarSolicitudProceso.xhtml HTTP/1.1" 200 14611
201.221.165.176 - - [28/Jul/2020:08:16:42 -0500] "POST /sipse/faces/presentacion/financiero/solicitudProceso/consultarSolicitudProceso.xhtml HTTP/1.1" 200 118345
201.245.192.253 - - [28/Jul/2020:08:16:43 -0500] "POST /sipse/faces/presentacion/financiero/solicitudProceso/listarSolicitudProceso.xhtml HTTP/1.1" 200 8874
186.84.90.138 - - [28/Jul/2020:08:16:48 -0500] "POST /sipse/faces/presentacion/contratacion/contratista/listarContratista.xhtml HTTP/1.1" 200 10852
186.84.90.138 - - [28/Jul/2020:08:16:48 -0500] "POST /sipse/faces/presentacion/contratacion/contratista/listarContratista.xhtml HTTP/1.1" 200 6127
186.85.246.202 - - [28/Jul/2020:08:16:49 -0500] "POST /sipse/faces/presentacion/financiero/solicitudProceso/listarSolicitudProceso.xhtml HTTP/1.1" 200 7535
201.245.192.253 - - [28/Jul/2020:08:16:50 -0500] "POST /sipse/faces/presentacion/financiero/solicitudProceso/listarSolicitudProceso.xhtml HTTP/1.1" 200 126018
201.245.192.253 - - [28/Jul/2020:08:16:50 -0500] "GET /sipse/faces/javax.faces.resource/primefaces.css?ln=primefaces&v=4.0 HTTP/1.1" 304 -
201.245.192.253 - - [28/Jul/2020:08:16:50 -0500] "GET /sipse/faces/javax.faces.resource/layout/layout.css?ln=primefaces&v=4.0 HTTP/1.1" 304 -
201.245.192.253 - - [28/Jul/2020:08:16:50 -0500] "GET /sipse/faces/javax.faces.resource/theme.css?ln=primefaces-sipse HTTP/1.1" 304 -
