186.84.22.0 - - [28/Jul/2020:01:22:27 -0500] "POST /sipse/faces/presentacion/financiero/solicitudProceso/consultarSolicitudProceso.xhtml HTTP/1.1" 200 46053
186.84.22.0 - - [28/Jul/2020:01:22:30 -0500] "GET /sipse/css/custom_css_sg.css HTTP/1.1" 304 -
186.84.22.0 - - [28/Jul/2020:01:22:30 -0500] "GET /sipse/css/custom_css_sg_prime.css HTTP/1.1" 304 -
186.84.22.0 - - [28/Jul/2020:01:22:30 -0500] "GET /sipse/js/disable_browser_buttons.js HTTP/1.1" 304 -
186.84.22.0 - - [28/Jul/2020:01:22:30 -0500] "GET /sipse/faces/javax.faces.resource/primefaces.css?ln=primefaces&v=4.0 HTTP/1.1" 304 -
186.84.22.0 - - [28/Jul/2020:01:22:30 -0500] "GET /sipse/faces/javax.faces.resource/layout/layout.css?ln=primefaces&v=4.0 HTTP/1.1" 304 -
186.84.22.0 - - [28/Jul/2020:01:22:30 -0500] "GET /sipse/faces/javax.faces.resource/theme.css?ln=primefaces-sipse HTTP/1.1" 304 -
186.84.22.0 - - [28/Jul/2020:01:22:30 -0500] "GET /sipse/js/jquery.min.js HTTP/1.1" 304 -
186.84.22.0 - - [28/Jul/2020:01:22:30 -0500] "GET /sipse/js/funciones.js HTTP/1.1" 304 -
186.84.22.0 - - [28/Jul/2020:01:22:30 -0500] "GET /sipse/faces/javax.faces.resource/jquery/jquery.js?ln=primefaces&v=4.0 HTTP/1.1" 304 -
186.84.22.0 - - [28/Jul/2020:01:22:30 -0500] "GET /sipse/faces/javax.faces.resource/jquery/jquery-plugins.js?ln=primefaces&v=4.0 HTTP/1.1" 304 -
186.84.22.0 - - [28/Jul/2020:01:22:30 -0500] "GET /sipse/faces/javax.faces.resource/primefaces.js?ln=primefaces&v=4.0 HTTP/1.1" 304 -
186.84.22.0 - - [28/Jul/2020:01:22:30 -0500] "GET /sipse/faces/javax.faces.resource/layout/layout.js?ln=primefaces&v=4.0 HTTP/1.1" 304 -
186.84.22.0 - - [28/Jul/2020:01:22:30 -0500] "GET /sipse/css/imagen/contrasena.png HTTP/1.1" 404 383
186.84.22.0 - - [28/Jul/2020:01:22:30 -0500] "POST /sipse/faces/presentacion/financiero/solicitudProceso/listarSolicitudProceso.xhtml HTTP/1.1" 200 1416
66.249.79.107 - - [28/Jul/2020:01:22:38 -0500] "GET /BLA/resoluciones/RESOLUCIONES%202013/1626.pdf HTTP/1.1" 200 595328
186.84.22.0 - - [28/Jul/2020:01:22:39 -0500] "POST /sipse/faces/presentacion/financiero/solicitudProceso/listarSolicitudProceso.xhtml HTTP/1.1" 200 142033
186.84.22.0 - - [28/Jul/2020:01:22:40 -0500] "GET /sipse/faces/javax.faces.resource/theme.css?ln=primefaces-sipse HTTP/1.1" 304 -
186.84.22.0 - - [28/Jul/2020:01:22:40 -0500] "GET /sipse/faces/javax.faces.resource/layout/layout.css?ln=primefaces&v=4.0 HTTP/1.1" 304 -
186.84.22.0 - - [28/Jul/2020:01:22:40 -0500] "GET /sipse/faces/javax.faces.resource/primefaces.css?ln=primefaces&v=4.0 HTTP/1.1" 304 -
186.84.22.0 - - [28/Jul/2020:01:22:41 -0500] "GET /sipse/faces/javax.faces.resource/jquery/jquery.js?ln=primefaces&v=4.0 HTTP/1.1" 304 -
186.84.22.0 - - [28/Jul/2020:01:22:41 -0500] "GET /sipse/faces/javax.faces.resource/jquery/jquery-plugins.js?ln=primefaces&v=4.0 HTTP/1.1" 304 -
186.84.22.0 - - [28/Jul/2020:01:22:41 -0500] "GET /sipse/faces/javax.faces.resource/primefaces.js?ln=primefaces&v=4.0 HTTP/1.1" 304 -
186.84.22.0 - - [28/Jul/2020:01:22:41 -0500] "GET /sipse/faces/javax.faces.resource/layout/layout.js?ln=primefaces&v=4.0 HTTP/1.1" 304 -
186.84.22.0 - - [28/Jul/2020:01:22:41 -0500] "GET /sipse/css/imagen/contrasena.png HTTP/1.1" 404 383
190.27.245.107 - - [28/Jul/2020:01:22:41 -0500] "GET /reportes_sipse/sdg/ServletReporte?reporte=experienia_idoneidad&solicitud=9733&pfdrid_c=false HTTP/1.1" 200 142940
186.84.232.207 - - [28/Jul/2020:01:22:46 -0500] "POST /sipse/faces/presentacion/financiero/solicitudProceso/consultarSolicitudProceso.xhtml HTTP/1.1" 200 40507
186.84.232.207 - - [28/Jul/2020:01:22:46 -0500] "GET /sipse/faces/javax.faces.resource/theme.css?ln=primefaces-sipse HTTP/1.1" 304 -
186.84.232.207 - - [28/Jul/2020:01:22:46 -0500] "GET /sipse/faces/javax.faces.resource/primefaces.css?ln=primefaces&v=4.0 HTTP/1.1" 304 -
186.84.232.207 - - [28/Jul/2020:01:22:46 -0500] "GET /sipse/faces/javax.faces.resource/layout/layout.css?ln=primefaces&v=4.0 HTTP/1.1" 304 -
186.84.232.207 - - [28/Jul/2020:01:22:46 -0500] "GET /sipse/faces/javax.faces.resource/jquery/jquery.js?ln=primefaces&v=4.0 HTTP/1.1" 304 -
186.84.232.207 - - [28/Jul/2020:01:22:46 -0500] "GET /sipse/faces/javax.faces.resource/jquery/jquery-plugins.js?ln=primefaces&v=4.0 HTTP/1.1" 304 -
186.84.232.207 - - [28/Jul/2020:01:22:46 -0500] "GET /sipse/faces/javax.faces.resource/primefaces.js?ln=primefaces&v=4.0 HTTP/1.1" 304 -
186.84.232.207 - - [28/Jul/2020:01:22:46 -0500] "GET /sipse/faces/javax.faces.resource/layout/layout.js?ln=primefaces&v=4.0 HTTP/1.1" 304 -
186.84.232.207 - - [28/Jul/2020:01:22:46 -0500] "POST /sipse/faces/presentacion/financiero/solicitudProceso/listarSolicitudProceso.xhtml HTTP/1.1" 200 33736
186.84.232.207 - - [28/Jul/2020:01:22:46 -0500] "POST /sipse/faces/presentacion/financiero/solicitudProceso/listarSolicitudProceso.xhtml HTTP/1.1" 200 33736
186.84.232.207 - - [28/Jul/2020:01:22:47 -0500] "POST /sipse/faces/presentacion/financiero/solicitudProceso/listarSolicitudProceso.xhtml HTTP/1.1" 200 33736
186.84.232.207 - - [28/Jul/2020:01:22:47 -0500] "POST /sipse/faces/presentacion/financiero/solicitudProceso/listarSolicitudProceso.xhtml HTTP/1.1" 200 33736
186.84.232.207 - - [28/Jul/2020:01:22:47 -0500] "POST /sipse/faces/presentacion/financiero/solicitudProceso/listarSolicitudProceso.xhtml HTTP/1.1" 200 33736
186.84.232.207 - - [28/Jul/2020:01:22:47 -0500] "POST /sipse/faces/presentacion/financiero/solicitudProceso/listarSolicitudProceso.xhtml HTTP/1.1" 200 33736
186.84.232.207 - - [28/Jul/2020:01:22:47 -0500] "POST /sipse/faces/presentacion/financiero/solicitudProceso/listarSolicitudProceso.xhtml HTTP/1.1" 200 33736
186.84.232.207 - - [28/Jul/2020:01:22:48 -0500] "POST /sipse/faces/presentacion/financiero/solicitudProceso/listarSolicitudProceso.xhtml HTTP/1.1" 200 33736
66.249.79.109 - - [28/Jul/2020:01:22:48 -0500] "GET /BLA/resoluciones/RESOLUCIONES%202018/3419.pdf HTTP/1.1" 200 368167
186.84.232.207 - - [28/Jul/2020:01:22:48 -0500] "POST /sipse/faces/presentacion/financiero/solicitudProceso/listarSolicitudProceso.xhtml HTTP/1.1" 200 33736
186.84.232.207 - - [28/Jul/2020:01:22:48 -0500] "POST /sipse/faces/presentacion/financiero/solicitudProceso/listarSolicitudProceso.xhtml HTTP/1.1" 200 33736
186.84.232.207 - - [28/Jul/2020:01:22:48 -0500] "POST /sipse/faces/presentacion/financiero/solicitudProceso/listarSolicitudProceso.xhtml HTTP/1.1" 200 1344
186.84.232.207 - - [28/Jul/2020:01:22:48 -0500] "POST /sipse/faces/presentacion/financiero/solicitudProceso/listarSolicitudProceso.xhtml HTTP/1.1" 200 1344
186.84.232.207 - - [28/Jul/2020:01:22:48 -0500] "POST /sipse/faces/presentacion/financiero/solicitudProceso/listarSolicitudProceso.xhtml HTTP/1.1" 200 1344
186.84.232.207 - - [28/Jul/2020:01:22:49 -0500] "POST /sipse/faces/presentacion/financiero/solicitudProceso/listarSolicitudProceso.xhtml HTTP/1.1" 200 1344
186.84.232.207 - - [28/Jul/2020:01:22:49 -0500] "POST /sipse/faces/presentacion/financiero/solicitudProceso/listarSolicitudProceso.xhtml HTTP/1.1" 200 1344
186.84.232.207 - - [28/Jul/2020:01:22:49 -0500] "POST /sipse/faces/presentacion/financiero/solicitudProceso/listarSolicitudProceso.xhtml HTTP/1.1" 200 1344
186.84.232.207 - - [28/Jul/2020:01:22:49 -0500] "POST /sipse/faces/presentacion/financiero/solicitudProceso/listarSolicitudProceso.xhtml HTTP/1.1" 200 1344
186.84.232.207 - - [28/Jul/2020:01:22:49 -0500] "POST /sipse/faces/presentacion/financiero/solicitudProceso/listarSolicitudProceso.xhtml HTTP/1.1" 200 1344
186.84.232.207 - - [28/Jul/2020:01:22:49 -0500] "POST /sipse/faces/presentacion/financiero/solicitudProceso/listarSolicitudProceso.xhtml HTTP/1.1" 200 1344
186.84.232.207 - - [28/Jul/2020:01:22:49 -0500] "POST /sipse/faces/presentacion/financiero/solicitudProceso/listarSolicitudProceso.xhtml HTTP/1.1" 200 1344
186.84.232.207 - - [28/Jul/2020:01:22:49 -0500] "POST /sipse/faces/presentacion/financiero/solicitudProceso/listarSolicitudProceso.xhtml HTTP/1.1" 200 1344
186.84.232.207 - - [28/Jul/2020:01:22:52 -0500] "POST /sipse/faces/presentacion/financiero/solicitudProceso/listarSolicitudProceso.xhtml HTTP/1.1" 200 5095
201.245.192.253 - - [28/Jul/2020:01:22:20 -0500] "POST /kwsrmcab/Wsrmcab HTTP/1.1" 200 30784
66.249.79.107 - - [28/Jul/2020:01:22:56 -0500] "GET /BLA/resoluciones/AUTOS%202012/0663.pdf HTTP/1.1" 200 454018
186.84.22.0 - - [28/Jul/2020:01:22:56 -0500] "POST /sipse/faces/presentacion/financiero/solicitudProceso/consultarSolicitudProceso.xhtml HTTP/1.1" 200 95264
186.84.22.0 - - [28/Jul/2020:01:22:57 -0500] "POST /sipse/faces/presentacion/financiero/solicitudProceso/consultarSolicitudProceso.xhtml HTTP/1.1" 200 119829
66.249.79.107 - - [28/Jul/2020:01:23:04 -0500] "GET /BLA/resoluciones/RESOLUCIONES%202008/0055.pdf HTTP/1.1" 200 79145
66.249.79.107 - - [28/Jul/2020:01:23:12 -0500] "GET /BLA/resoluciones/RESOLUCIONES%202009/9402.pdf HTTP/1.1" 200 408837
186.84.232.207 - - [28/Jul/2020:01:23:12 -0500] "POST /sipse/faces/presentacion/financiero/solicitudProceso/listarSolicitudProceso.xhtml HTTP/1.1" 200 138016
186.84.232.207 - - [28/Jul/2020:01:23:13 -0500] "GET /sipse/faces/javax.faces.resource/jquery/jquery.js?ln=primefaces&v=4.0 HTTP/1.1" 304 -
186.84.232.207 - - [28/Jul/2020:01:23:13 -0500] "GET /sipse/faces/javax.faces.resource/primefaces.css?ln=primefaces&v=4.0 HTTP/1.1" 304 -
186.84.232.207 - - [28/Jul/2020:01:23:13 -0500] "GET /sipse/faces/javax.faces.resource/theme.css?ln=primefaces-sipse HTTP/1.1" 304 -
186.84.232.207 - - [28/Jul/2020:01:23:13 -0500] "GET /sipse/faces/javax.faces.resource/layout/layout.css?ln=primefaces&v=4.0 HTTP/1.1" 304 -
186.84.232.207 - - [28/Jul/2020:01:23:13 -0500] "GET /sipse/faces/javax.faces.resource/jquery/jquery-plugins.js?ln=primefaces&v=4.0 HTTP/1.1" 304 -
186.84.232.207 - - [28/Jul/2020:01:23:13 -0500] "GET /sipse/faces/javax.faces.resource/primefaces.js?ln=primefaces&v=4.0 HTTP/1.1" 304 -
186.84.232.207 - - [28/Jul/2020:01:23:13 -0500] "GET /sipse/faces/javax.faces.resource/layout/layout.js?ln=primefaces&v=4.0 HTTP/1.1" 304 -
190.27.245.107 - - [28/Jul/2020:01:23:13 -0500] "GET /reportes_sipse/sdg/ServletReporte?reporte=experienia_idoneidad&solicitud=9733&pfdrid_c=false HTTP/1.1" 200 142940
66.249.79.107 - - [28/Jul/2020:01:23:21 -0500] "GET /galeria/nivo-slider/demo/ HTTP/1.1" 200 529
201.245.192.253 - - [28/Jul/2020:01:22:53 -0500] "POST /kwsrmcab/Wsrmcab HTTP/1.1" 200 29290
66.249.79.107 - - [28/Jul/2020:01:23:27 -0500] "GET /BLA/resoluciones/RESOLUCIONES%202009/8541.pdf HTTP/1.1" 200 481881
66.249.79.107 - - [28/Jul/2020:01:23:34 -0500] "GET /BLA/resoluciones/AUTOS%202007/1253.pdf HTTP/1.1" 200 63685
66.249.79.107 - - [28/Jul/2020:01:23:39 -0500] "GET /BLA/resoluciones/RESOLUCIONES%202008/4254.pdf HTTP/1.1" 200 314200
186.84.232.207 - - [28/Jul/2020:01:23:40 -0500] "POST /sipse/faces/presentacion/financiero/solicitudProceso/consultarSolicitudProceso.xhtml HTTP/1.1" 200 40558
186.84.232.207 - - [28/Jul/2020:01:23:40 -0500] "GET /sipse/faces/javax.faces.resource/theme.css?ln=primefaces-sipse HTTP/1.1" 304 -
186.84.232.207 - - [28/Jul/2020:01:23:40 -0500] "GET /sipse/faces/javax.faces.resource/primefaces.css?ln=primefaces&v=4.0 HTTP/1.1" 304 -
186.84.232.207 - - [28/Jul/2020:01:23:40 -0500] "GET /sipse/faces/javax.faces.resource/layout/layout.css?ln=primefaces&v=4.0 HTTP/1.1" 304 -
186.84.232.207 - - [28/Jul/2020:01:23:40 -0500] "GET /sipse/faces/javax.faces.resource/jquery/jquery.js?ln=primefaces&v=4.0 HTTP/1.1" 304 -
186.84.232.207 - - [28/Jul/2020:01:23:40 -0500] "GET /sipse/faces/javax.faces.resource/jquery/jquery-plugins.js?ln=primefaces&v=4.0 HTTP/1.1" 304 -
186.84.232.207 - - [28/Jul/2020:01:23:40 -0500] "GET /sipse/faces/javax.faces.resource/primefaces.js?ln=primefaces&v=4.0 HTTP/1.1" 304 -
186.84.232.207 - - [28/Jul/2020:01:23:40 -0500] "GET /sipse/faces/javax.faces.resource/layout/layout.js?ln=primefaces&v=4.0 HTTP/1.1" 304 -
186.84.232.207 - - [28/Jul/2020:01:23:40 -0500] "POST /sipse/faces/presentacion/financiero/solicitudProceso/listarSolicitudProceso.xhtml HTTP/1.1" 200 33787
186.84.232.207 - - [28/Jul/2020:01:23:40 -0500] "POST /sipse/faces/presentacion/financiero/solicitudProceso/listarSolicitudProceso.xhtml HTTP/1.1" 200 33787
186.84.232.207 - - [28/Jul/2020:01:23:41 -0500] "POST /sipse/faces/presentacion/financiero/solicitudProceso/listarSolicitudProceso.xhtml HTTP/1.1" 200 33787
186.84.232.207 - - [28/Jul/2020:01:23:41 -0500] "POST /sipse/faces/presentacion/financiero/solicitudProceso/listarSolicitudProceso.xhtml HTTP/1.1" 200 33787
186.84.232.207 - - [28/Jul/2020:01:23:41 -0500] "POST /sipse/faces/presentacion/financiero/solicitudProceso/listarSolicitudProceso.xhtml HTTP/1.1" 200 33787
186.84.232.207 - - [28/Jul/2020:01:23:41 -0500] "POST /sipse/faces/presentacion/financiero/solicitudProceso/listarSolicitudProceso.xhtml HTTP/1.1" 200 33787
186.84.232.207 - - [28/Jul/2020:01:23:42 -0500] "POST /sipse/faces/presentacion/financiero/solicitudProceso/listarSolicitudProceso.xhtml HTTP/1.1" 200 33787
186.84.232.207 - - [28/Jul/2020:01:23:42 -0500] "POST /sipse/faces/presentacion/financiero/solicitudProceso/listarSolicitudProceso.xhtml HTTP/1.1" 200 33787
186.84.232.207 - - [28/Jul/2020:01:23:42 -0500] "POST /sipse/faces/presentacion/financiero/solicitudProceso/listarSolicitudProceso.xhtml HTTP/1.1" 200 33787
186.84.232.207 - - [28/Jul/2020:01:23:42 -0500] "POST /sipse/faces/presentacion/financiero/solicitudProceso/listarSolicitudProceso.xhtml HTTP/1.1" 200 33787
186.84.232.207 - - [28/Jul/2020:01:23:43 -0500] "POST /sipse/faces/presentacion/financiero/solicitudProceso/listarSolicitudProceso.xhtml HTTP/1.1" 200 33787
186.84.232.207 - - [28/Jul/2020:01:23:43 -0500] "POST /sipse/faces/presentacion/financiero/solicitudProceso/listarSolicitudProceso.xhtml HTTP/1.1" 200 33787
186.84.232.207 - - [28/Jul/2020:01:23:43 -0500] "POST /sipse/faces/presentacion/financiero/solicitudProceso/listarSolicitudProceso.xhtml HTTP/1.1" 200 1344
186.84.232.207 - - [28/Jul/2020:01:23:43 -0500] "POST /sipse/faces/presentacion/financiero/solicitudProceso/listarSolicitudProceso.xhtml HTTP/1.1" 200 1344
186.84.232.207 - - [28/Jul/2020:01:23:43 -0500] "POST /sipse/faces/presentacion/financiero/solicitudProceso/listarSolicitudProceso.xhtml HTTP/1.1" 200 1344
186.84.232.207 - - [28/Jul/2020:01:23:43 -0500] "POST /sipse/faces/presentacion/financiero/solicitudProceso/listarSolicitudProceso.xhtml HTTP/1.1" 200 1344
186.84.232.207 - - [28/Jul/2020:01:23:43 -0500] "POST /sipse/faces/presentacion/financiero/solicitudProceso/listarSolicitudProceso.xhtml HTTP/1.1" 200 1344
186.84.232.207 - - [28/Jul/2020:01:23:44 -0500] "POST /sipse/faces/presentacion/financiero/solicitudProceso/listarSolicitudProceso.xhtml HTTP/1.1" 200 1344
186.84.232.207 - - [28/Jul/2020:01:23:44 -0500] "POST /sipse/faces/presentacion/financiero/solicitudProceso/listarSolicitudProceso.xhtml HTTP/1.1" 200 1344
66.249.79.109 - - [28/Jul/2020:01:23:44 -0500] "GET /BLA/resoluciones/RESOLUCIONES%202011/5977.pdf HTTP/1.1" 200 289299
186.84.232.207 - - [28/Jul/2020:01:23:44 -0500] "POST /sipse/faces/presentacion/financiero/solicitudProceso/listarSolicitudProceso.xhtml HTTP/1.1" 200 1344
186.84.232.207 - - [28/Jul/2020:01:23:44 -0500] "POST /sipse/faces/presentacion/financiero/solicitudProceso/listarSolicitudProceso.xhtml HTTP/1.1" 200 1344
186.84.232.207 - - [28/Jul/2020:01:23:44 -0500] "POST /sipse/faces/presentacion/financiero/solicitudProceso/listarSolicitudProceso.xhtml HTTP/1.1" 200 1344
186.84.232.207 - - [28/Jul/2020:01:23:44 -0500] "POST /sipse/faces/presentacion/financiero/solicitudProceso/listarSolicitudProceso.xhtml HTTP/1.1" 200 1344
186.84.232.207 - - [28/Jul/2020:01:23:44 -0500] "POST /sipse/faces/presentacion/financiero/solicitudProceso/listarSolicitudProceso.xhtml HTTP/1.1" 200 1344
186.84.232.207 - - [28/Jul/2020:01:23:44 -0500] "POST /sipse/faces/presentacion/financiero/solicitudProceso/listarSolicitudProceso.xhtml HTTP/1.1" 200 1344
186.84.232.207 - - [28/Jul/2020:01:23:46 -0500] "POST /sipse/faces/presentacion/financiero/solicitudProceso/listarSolicitudProceso.xhtml HTTP/1.1" 200 5094
66.249.79.109 - - [28/Jul/2020:01:23:51 -0500] "GET /BLA/resoluciones/RESOLUCIONES%202009/1372.pdf HTTP/1.1" 200 1126606
66.249.79.107 - - [28/Jul/2020:01:23:56 -0500] "GET /BLA/resoluciones/RESOLUCIONES%202007/RES%202007%203001%20AL%203100/RESOLUCION%203058%20DE%202007.pdf HTTP/1.1" 200 531879
66.249.79.107 - - [28/Jul/2020:01:24:03 -0500] "GET /BLA/resoluciones/AUTOS%202016/1475.pdf HTTP/1.1" 200 392227
66.249.79.109 - - [28/Jul/2020:01:24:12 -0500] "GET /BLA/resoluciones/RESOLUCIONES%202010/4891.pdf HTTP/1.1" 200 750137
186.84.22.0 - - [28/Jul/2020:01:24:15 -0500] "POST /sipse/faces/presentacion/financiero/solicitudProceso/consultarSolicitudProceso.xhtml HTTP/1.1" 200 557285
186.84.232.207 - - [28/Jul/2020:01:24:16 -0500] "POST /sipse/faces/presentacion/financiero/solicitudProceso/listarSolicitudProceso.xhtml HTTP/1.1" 200 5082
66.249.79.109 - - [28/Jul/2020:01:24:19 -0500] "GET /BLA/resoluciones/RESOLUCIONES%202009/3221.pdf HTTP/1.1" 200 463110
66.249.79.111 - - [28/Jul/2020:01:24:28 -0500] "GET /BLA/resoluciones/RESOLUCIONES%202008/0103.pdf HTTP/1.1" 200 442339
66.249.79.111 - - [28/Jul/2020:01:24:36 -0500] "GET /BLA/resoluciones/RESOLUCIONES%202009/8980.pdf HTTP/1.1" 200 465839
186.84.22.0 - - [28/Jul/2020:01:24:35 -0500] "POST /sipse/faces/presentacion/financiero/solicitudProceso/consultarSolicitudProceso.xhtml HTTP/1.1" 200 36386
186.84.22.0 - - [28/Jul/2020:01:24:36 -0500] "GET /sipse/faces/javax.faces.resource/theme.css?ln=primefaces-sipse HTTP/1.1" 304 -
186.84.22.0 - - [28/Jul/2020:01:24:36 -0500] "GET /sipse/faces/javax.faces.resource/primefaces.css?ln=primefaces&v=4.0 HTTP/1.1" 304 -
186.84.22.0 - - [28/Jul/2020:01:24:36 -0500] "GET /sipse/faces/javax.faces.resource/jquery/jquery.js?ln=primefaces&v=4.0 HTTP/1.1" 304 -
186.84.22.0 - - [28/Jul/2020:01:24:36 -0500] "GET /sipse/faces/javax.faces.resource/layout/layout.css?ln=primefaces&v=4.0 HTTP/1.1" 304 -
186.84.22.0 - - [28/Jul/2020:01:24:36 -0500] "GET /sipse/faces/javax.faces.resource/jquery/jquery-plugins.js?ln=primefaces&v=4.0 HTTP/1.1" 304 -
186.84.22.0 - - [28/Jul/2020:01:24:36 -0500] "GET /sipse/faces/javax.faces.resource/layout/layout.js?ln=primefaces&v=4.0 HTTP/1.1" 304 -
186.84.22.0 - - [28/Jul/2020:01:24:36 -0500] "GET /sipse/faces/javax.faces.resource/primefaces.js?ln=primefaces&v=4.0 HTTP/1.1" 304 -
186.84.22.0 - - [28/Jul/2020:01:24:36 -0500] "GET /sipse/imagenes/cargando.gif HTTP/1.1" 304 -
186.84.22.0 - - [28/Jul/2020:01:24:36 -0500] "GET /sipse/css/imagen/logoSDG.png HTTP/1.1" 304 -
186.84.22.0 - - [28/Jul/2020:01:24:36 -0500] "GET /sipse/faces/javax.faces.resource/images/ui-icons_898989_256x240.png?ln=primefaces-aristo HTTP/1.1" 304 -
186.84.22.0 - - [28/Jul/2020:01:24:36 -0500] "GET /sipse/css/imagen/contrasena.png HTTP/1.1" 404 383
66.249.79.111 - - [28/Jul/2020:01:24:44 -0500] "GET /BLA/resoluciones/RESOLUCIONES%202008/3750.pdf HTTP/1.1" 200 460294
66.249.79.109 - - [28/Jul/2020:01:24:53 -0500] "GET /BLA/resoluciones/RESOLUCIONES%202013/0157.pdf HTTP/1.1" 200 605209
66.249.79.107 - - [28/Jul/2020:01:25:01 -0500] "GET /BLA/resoluciones/RESOLUCIONES%202008/5614.pdf HTTP/1.1" 200 250902
186.84.22.0 - - [28/Jul/2020:01:25:05 -0500] "POST /sipse/faces/presentacion/financiero/solicitudProceso/consultarHistorialSolProceso.xhtml HTTP/1.1" 200 189372
186.84.22.0 - - [28/Jul/2020:01:25:05 -0500] "GET /sipse/faces/javax.faces.resource/theme.css?ln=primefaces-sipse HTTP/1.1" 304 -
186.84.22.0 - - [28/Jul/2020:01:25:05 -0500] "GET /sipse/faces/javax.faces.resource/primefaces.css?ln=primefaces&v=4.0 HTTP/1.1" 304 -
186.84.22.0 - - [28/Jul/2020:01:25:05 -0500] "GET /sipse/faces/javax.faces.resource/layout/layout.css?ln=primefaces&v=4.0 HTTP/1.1" 304 -
186.84.22.0 - - [28/Jul/2020:01:25:05 -0500] "GET /sipse/faces/javax.faces.resource/jquery/jquery-plugins.js?ln=primefaces&v=4.0 HTTP/1.1" 304 -
186.84.22.0 - - [28/Jul/2020:01:25:05 -0500] "GET /sipse/faces/javax.faces.resource/jquery/jquery.js?ln=primefaces&v=4.0 HTTP/1.1" 304 -
186.84.22.0 - - [28/Jul/2020:01:25:05 -0500] "GET /sipse/faces/javax.faces.resource/layout/layout.js?ln=primefaces&v=4.0 HTTP/1.1" 304 -
186.84.22.0 - - [28/Jul/2020:01:25:05 -0500] "GET /sipse/faces/javax.faces.resource/primefaces.js?ln=primefaces&v=4.0 HTTP/1.1" 304 -
186.84.22.0 - - [28/Jul/2020:01:25:05 -0500] "GET /sipse/faces/javax.faces.resource/images/ui-icons_898989_256x240.png?ln=primefaces-aristo HTTP/1.1" 304 -
186.84.22.0 - - [28/Jul/2020:01:25:05 -0500] "GET /sipse/css/imagen/contrasena.png HTTP/1.1" 404 383
190.27.245.107 - - [28/Jul/2020:01:25:05 -0500] "GET /reportes_sipse/sdg/ServletReporte?reporte=experienia_idoneidad&solicitud=9733&pfdrid_c=false HTTP/1.1" 200 142940
66.249.79.107 - - [28/Jul/2020:01:25:08 -0500] "GET /BLA/resoluciones/RESOLUCIONES%202008/2336.pdf HTTP/1.1" 200 849026
186.84.22.0 - - [28/Jul/2020:01:25:13 -0500] "POST /sipse/faces/presentacion/financiero/solicitudProceso/consultarSolicitudProceso.xhtml HTTP/1.1" 200 117086
40.77.167.182 - - [28/Jul/2020:01:25:14 -0500] "-" 408 -
66.249.79.107 - - [28/Jul/2020:01:25:18 -0500] "GET /BLA/resoluciones/AUTOS%202012/1582.pdf HTTP/1.1" 200 461385
66.249.79.107 - - [28/Jul/2020:01:25:27 -0500] "GET /BLA/resoluciones/RESOLUCIONES%202009/0080.pdf HTTP/1.1" 200 163848
66.249.79.107 - - [28/Jul/2020:01:25:35 -0500] "GET /BLA/resoluciones/RESOLUCIONES%202009/2113.pdf HTTP/1.1" 200 307297
40.77.167.182 - - [28/Jul/2020:01:25:37 -0500] "-" 408 -
66.249.79.109 - - [28/Jul/2020:01:25:43 -0500] "GET /BLA/resoluciones/RESOLUCIONES%202010/4819.pdf HTTP/1.1" 200 763033
66.249.79.107 - - [28/Jul/2020:01:25:51 -0500] "GET /BLA/resoluciones/RESOLUCIONES%202009/5943.pdf HTTP/1.1" 200 527111
66.249.79.107 - - [28/Jul/2020:01:25:59 -0500] "GET /BLA/resoluciones/RESOLUCIONES%202017/0656.pdf HTTP/1.1" 200 279564
186.84.232.207 - - [28/Jul/2020:01:26:04 -0500] "POST /sipse/faces/presentacion/financiero/solicitudProceso/listarSolicitudProceso.xhtml HTTP/1.1" 200 65442
186.84.232.207 - - [28/Jul/2020:01:26:04 -0500] "GET /sipse/faces/javax.faces.resource/theme.css?ln=primefaces-sipse HTTP/1.1" 304 -
186.84.232.207 - - [28/Jul/2020:01:26:04 -0500] "GET /sipse/faces/javax.faces.resource/jquery/jquery.js?ln=primefaces&v=4.0 HTTP/1.1" 304 -
186.84.232.207 - - [28/Jul/2020:01:26:04 -0500] "GET /sipse/faces/javax.faces.resource/primefaces.css?ln=primefaces&v=4.0 HTTP/1.1" 304 -
186.84.232.207 - - [28/Jul/2020:01:26:04 -0500] "GET /sipse/faces/javax.faces.resource/layout/layout.css?ln=primefaces&v=4.0 HTTP/1.1" 304 -
186.84.232.207 - - [28/Jul/2020:01:26:04 -0500] "GET /sipse/faces/javax.faces.resource/jquery/jquery-plugins.js?ln=primefaces&v=4.0 HTTP/1.1" 304 -
186.84.232.207 - - [28/Jul/2020:01:26:04 -0500] "GET /sipse/faces/javax.faces.resource/primefaces.js?ln=primefaces&v=4.0 HTTP/1.1" 304 -
186.84.232.207 - - [28/Jul/2020:01:26:04 -0500] "GET /sipse/faces/javax.faces.resource/layout/layout.js?ln=primefaces&v=4.0 HTTP/1.1" 304 -
66.249.79.107 - - [28/Jul/2020:01:26:07 -0500] "GET /BLA/resoluciones/RESOLUCIONES%202009/0554.pdf HTTP/1.1" 200 711947
66.249.79.107 - - [28/Jul/2020:01:26:17 -0500] "GET /BLA/resoluciones/RESOLUCIONES%202009/2629.pdf HTTP/1.1" 200 878415
66.249.79.109 - - [28/Jul/2020:01:26:27 -0500] "GET /BLA/resoluciones/RESOLUCIONES%202009/3323.pdf HTTP/1.1" 200 640742
69.162.124.227 - - [28/Jul/2020:01:26:35 -0500] "HEAD / HTTP/1.1" 200 -
66.249.79.109 - - [28/Jul/2020:01:26:36 -0500] "GET /BLA/resoluciones/RESOLUCIONES%202012/0416.pdf HTTP/1.1" 200 412829
66.249.79.111 - - [28/Jul/2020:01:26:45 -0500] "GET /BLA/resoluciones/AUTOS%202012/1236.pdf HTTP/1.1" 200 169386
66.249.79.107 - - [28/Jul/2020:01:26:53 -0500] "GET /BLA/resoluciones/RESOLUCIONES%202009/6582.pdf HTTP/1.1" 200 545812
66.249.79.107 - - [28/Jul/2020:01:27:01 -0500] "GET /BLA/resoluciones/AUTOS%202012/1619.pdf HTTP/1.1" 200 392969
186.81.253.90 - - [28/Jul/2020:01:27:02 -0500] "GET /galeria/galeria/jquery.fancybox.css?v=2.1.5 HTTP/1.1" 200 4895
186.81.253.90 - - [28/Jul/2020:01:27:02 -0500] "GET /BLA/boletinlegal/js/jquery.scrollShow.js HTTP/1.1" 200 4586
186.81.253.90 - - [28/Jul/2020:01:27:02 -0500] "GET /galeria/galeria/jquery.fancybox.js?v=2.1.5 HTTP/1.1" 200 48706
186.84.232.207 - - [28/Jul/2020:01:27:03 -0500] "POST /sipse/faces/presentacion/financiero/solicitudProceso/crearModificarSolicitudProceso.xhtml HTTP/1.1" 200 51585
66.249.79.107 - - [28/Jul/2020:01:27:10 -0500] "GET /BLA/resoluciones/RESOLUCIONES%202009/9284.pdf HTTP/1.1" 200 515573
186.84.232.207 - - [28/Jul/2020:01:27:10 -0500] "POST /sipse/faces/presentacion/financiero/solicitudProceso/crearModificarSolicitudProceso.xhtml HTTP/1.1" 200 24950
45.7.133.123 - - [28/Jul/2020:01:27:13 -0500] "GET /BLA/boletinlegal/js/jquery.scrollShow.js HTTP/1.1" 200 4586
45.7.133.123 - - [28/Jul/2020:01:27:14 -0500] "GET /galeria/galeria/jquery.fancybox.js?v=2.1.5 HTTP/1.1" 200 48706
66.249.79.107 - - [28/Jul/2020:01:27:19 -0500] "GET /BLA/resoluciones/RESOLUCIONES%202009/0241.pdf HTTP/1.1" 200 569465
66.249.79.107 - - [28/Jul/2020:01:27:28 -0500] "GET /BLA/resoluciones/AUTOS%202013/2813.pdf HTTP/1.1" 200 259542
66.249.79.107 - - [28/Jul/2020:01:27:37 -0500] "GET /BLA/resoluciones/RESOLUCIONES%202012/1798.pdf HTTP/1.1" 200 448225
66.249.79.109 - - [28/Jul/2020:01:27:46 -0500] "GET /BLA/resoluciones/RESOLUCIONES%202008/1671.pdf HTTP/1.1" 200 155068
186.84.232.207 - - [28/Jul/2020:01:27:51 -0500] "POST /sipse/faces/presentacion/financiero/solicitudProceso/crearModificarSolicitudProceso.xhtml HTTP/1.1" 200 6295
66.249.79.107 - - [28/Jul/2020:01:27:54 -0500] "GET /BLA/resoluciones/RESOLUCIONES%202009/3662.pdf HTTP/1.1" 200 87517
66.249.79.107 - - [28/Jul/2020:01:28:02 -0500] "GET /BLA/resoluciones/RESOLUCIONES%202009/0453.pdf HTTP/1.1" 200 229706
186.84.232.207 - - [28/Jul/2020:01:28:04 -0500] "POST /sipse/faces/presentacion/financiero/solicitudProceso/crearModificarSolicitudProceso.xhtml HTTP/1.1" 200 9544
66.249.79.107 - - [28/Jul/2020:01:28:10 -0500] "GET /BLA/resoluciones/RESOLUCIONES%202008/4096.pdf HTTP/1.1" 200 236890
66.249.79.107 - - [28/Jul/2020:01:28:18 -0500] "GET /BLA/resoluciones/RESOLUCIONES%202008/5607.pdf HTTP/1.1" 200 262951
66.249.79.107 - - [28/Jul/2020:01:28:27 -0500] "GET /BLA/resoluciones/RESOLUCIONES%202008/3635.pdf HTTP/1.1" 200 427081
66.249.79.107 - - [28/Jul/2020:01:28:36 -0500] "GET /BLA/resoluciones/RESOLUCIONES%202009/0740.pdf HTTP/1.1" 200 42422
66.249.79.107 - - [28/Jul/2020:01:28:44 -0500] "GET /BLA/resoluciones/RESOLUCIONES%202008/2274.pdf HTTP/1.1" 200 196633
186.86.32.143 - - [28/Jul/2020:01:28:47 -0500] "GET /BLA/boletinlegal/js/jquery.scrollShow.js HTTP/1.1" 200 4586
186.86.32.143 - - [28/Jul/2020:01:28:47 -0500] "GET /galeria/galeria/jquery.fancybox.css?v=2.1.5 HTTP/1.1" 200 4895
186.86.32.143 - - [28/Jul/2020:01:28:47 -0500] "GET /galeria/galeria/jquery.fancybox.js?v=2.1.5 HTTP/1.1" 200 48706
66.249.79.107 - - [28/Jul/2020:01:28:52 -0500] "GET /BLA/resoluciones/RESOLUCIONES%202009/3347.pdf HTTP/1.1" 200 543409
186.84.22.0 - - [28/Jul/2020:01:28:55 -0500] "POST /sipse/faces/presentacion/financiero/solicitudProceso/consultarSolicitudProceso.xhtml HTTP/1.1" 200 43310
186.84.22.0 - - [28/Jul/2020:01:28:57 -0500] "GET /sipse/css/custom_css_sg.css HTTP/1.1" 304 -
186.84.22.0 - - [28/Jul/2020:01:28:57 -0500] "GET /sipse/css/custom_css_sg_prime.css HTTP/1.1" 304 -
186.84.22.0 - - [28/Jul/2020:01:28:57 -0500] "GET /sipse/js/disable_browser_buttons.js HTTP/1.1" 304 -
186.84.22.0 - - [28/Jul/2020:01:28:57 -0500] "GET /sipse/faces/javax.faces.resource/primefaces.css?ln=primefaces&v=4.0 HTTP/1.1" 304 -
186.84.22.0 - - [28/Jul/2020:01:28:57 -0500] "GET /sipse/faces/javax.faces.resource/layout/layout.css?ln=primefaces&v=4.0 HTTP/1.1" 304 -
186.84.22.0 - - [28/Jul/2020:01:28:57 -0500] "GET /sipse/faces/javax.faces.resource/theme.css?ln=primefaces-sipse HTTP/1.1" 304 -
186.84.22.0 - - [28/Jul/2020:01:28:57 -0500] "GET /sipse/js/jquery.min.js HTTP/1.1" 304 -
186.84.22.0 - - [28/Jul/2020:01:28:57 -0500] "GET /sipse/js/funciones.js HTTP/1.1" 304 -
186.84.22.0 - - [28/Jul/2020:01:28:57 -0500] "GET /sipse/faces/javax.faces.resource/jquery/jquery.js?ln=primefaces&v=4.0 HTTP/1.1" 304 -
186.84.22.0 - - [28/Jul/2020:01:28:57 -0500] "GET /sipse/faces/javax.faces.resource/jquery/jquery-plugins.js?ln=primefaces&v=4.0 HTTP/1.1" 304 -
186.84.22.0 - - [28/Jul/2020:01:28:57 -0500] "GET /sipse/faces/javax.faces.resource/primefaces.js?ln=primefaces&v=4.0 HTTP/1.1" 304 -
186.84.22.0 - - [28/Jul/2020:01:28:57 -0500] "GET /sipse/faces/javax.faces.resource/layout/layout.js?ln=primefaces&v=4.0 HTTP/1.1" 304 -
186.84.22.0 - - [28/Jul/2020:01:28:58 -0500] "POST /sipse/faces/presentacion/financiero/solicitudProceso/listarSolicitudProceso.xhtml HTTP/1.1" 200 1408
66.249.79.107 - - [28/Jul/2020:01:29:02 -0500] "GET /BLA/resoluciones/RESOLUCIONES%202009/8619.pdf HTTP/1.1" 200 121626
186.84.22.0 - - [28/Jul/2020:01:29:05 -0500] "POST /sipse/faces/presentacion/financiero/solicitudProceso/listarSolicitudProceso.xhtml HTTP/1.1" 200 143777
186.84.22.0 - - [28/Jul/2020:01:29:05 -0500] "GET /sipse/faces/javax.faces.resource/theme.css?ln=primefaces-sipse HTTP/1.1" 304 -
186.84.22.0 - - [28/Jul/2020:01:29:05 -0500] "GET /sipse/faces/javax.faces.resource/primefaces.css?ln=primefaces&v=4.0 HTTP/1.1" 304 -
186.84.22.0 - - [28/Jul/2020:01:29:05 -0500] "GET /sipse/faces/javax.faces.resource/layout/layout.css?ln=primefaces&v=4.0 HTTP/1.1" 304 -
186.84.22.0 - - [28/Jul/2020:01:29:05 -0500] "GET /sipse/faces/javax.faces.resource/jquery/jquery.js?ln=primefaces&v=4.0 HTTP/1.1" 304 -
186.84.22.0 - - [28/Jul/2020:01:29:05 -0500] "GET /sipse/faces/javax.faces.resource/jquery/jquery-plugins.js?ln=primefaces&v=4.0 HTTP/1.1" 304 -
186.84.22.0 - - [28/Jul/2020:01:29:05 -0500] "GET /sipse/faces/javax.faces.resource/primefaces.js?ln=primefaces&v=4.0 HTTP/1.1" 304 -
186.84.22.0 - - [28/Jul/2020:01:29:05 -0500] "GET /sipse/faces/javax.faces.resource/layout/layout.js?ln=primefaces&v=4.0 HTTP/1.1" 304 -
190.27.245.107 - - [28/Jul/2020:01:29:06 -0500] "GET /reportes_sipse/sdg/ServletReporte?reporte=experienia_idoneidad&solicitud=9733&pfdrid_c=false HTTP/1.1" 200 142940
66.249.79.107 - - [28/Jul/2020:01:29:10 -0500] "GET /BLA/boletinlegal/circulares/4-2012-SDA.pdf HTTP/1.1" 200 253045
186.84.22.0 - - [28/Jul/2020:01:29:13 -0500] "POST /sipse/faces/presentacion/financiero/solicitudProceso/consultarSolicitudProceso.xhtml HTTP/1.1" 200 2380581
186.84.22.0 - - [28/Jul/2020:01:29:14 -0500] "POST /sipse/faces/presentacion/financiero/solicitudProceso/consultarSolicitudProceso.xhtml HTTP/1.1" 200 1975086
186.84.22.0 - - [28/Jul/2020:01:29:15 -0500] "POST /sipse/faces/presentacion/financiero/solicitudProceso/consultarSolicitudProceso.xhtml HTTP/1.1" 200 722219
66.249.79.107 - - [28/Jul/2020:01:29:18 -0500] "GET /BLA/resoluciones/RESOLUCIONES%202008/2885.pdf HTTP/1.1" 200 345580
66.249.79.107 - - [28/Jul/2020:01:29:27 -0500] "GET /BLA/resoluciones/RESOLUCIONES%202009/5181.pdf HTTP/1.1" 200 497440
186.84.232.207 - - [28/Jul/2020:01:29:31 -0500] "POST /sipse/faces/presentacion/financiero/solicitudProceso/crearModificarSolicitudProceso.xhtml HTTP/1.1" 200 7346
66.249.79.107 - - [28/Jul/2020:01:29:36 -0500] "GET /BLA/resoluciones/RESOLUCIONES%202008/4969.pdf HTTP/1.1" 200 214615
66.249.79.107 - - [28/Jul/2020:01:29:44 -0500] "GET /BLA/resoluciones/RESOLUCIONES%202009/3879.pdf HTTP/1.1" 200 1140694
66.249.79.107 - - [28/Jul/2020:01:29:52 -0500] "GET /BLA/resoluciones/AUTOS%202010/6702.pdf HTTP/1.1" 200 187719
186.84.22.0 - - [28/Jul/2020:01:29:55 -0500] "POST /sipse/faces/presentacion/financiero/solicitudProceso/consultarSolicitudProceso.xhtml HTTP/1.1" 200 5293360
66.249.79.107 - - [28/Jul/2020:01:29:59 -0500] "GET /BLA/resoluciones/RESOLUCIONES%202009/0340.pdf HTTP/1.1" 200 461471
186.84.232.207 - - [28/Jul/2020:01:30:03 -0500] "POST /sipse/faces/presentacion/financiero/solicitudProceso/crearModificarSolicitudProceso.xhtml HTTP/1.1" 200 24680
186.84.232.207 - - [28/Jul/2020:01:30:03 -0500] "GET /sipse/js/disable_browser_buttons.js HTTP/1.1" 304 -
186.84.232.207 - - [28/Jul/2020:01:30:03 -0500] "GET /sipse/js/jquery.min.js HTTP/1.1" 304 -
186.84.232.207 - - [28/Jul/2020:01:30:03 -0500] "GET /sipse/js/funciones.js HTTP/1.1" 304 -
186.84.232.207 - - [28/Jul/2020:01:30:03 -0500] "GET /sipse/css/custom_css_sg.css HTTP/1.1" 304 -
186.84.232.207 - - [28/Jul/2020:01:30:03 -0500] "GET /sipse/css/custom_css_sg_prime.css HTTP/1.1" 304 -
186.84.232.207 - - [28/Jul/2020:01:30:03 -0500] "GET /sipse/faces/javax.faces.resource/theme.css?ln=primefaces-sipse HTTP/1.1" 304 -
186.84.232.207 - - [28/Jul/2020:01:30:03 -0500] "GET /sipse/faces/javax.faces.resource/primefaces.css?ln=primefaces&v=4.0 HTTP/1.1" 304 -
186.84.232.207 - - [28/Jul/2020:01:30:03 -0500] "GET /sipse/faces/javax.faces.resource/layout/layout.css?ln=primefaces&v=4.0 HTTP/1.1" 304 -
186.84.232.207 - - [28/Jul/2020:01:30:03 -0500] "GET /sipse/faces/javax.faces.resource/jquery/jquery.js?ln=primefaces&v=4.0 HTTP/1.1" 304 -
186.84.232.207 - - [28/Jul/2020:01:30:03 -0500] "GET /sipse/faces/javax.faces.resource/jquery/jquery-plugins.js?ln=primefaces&v=4.0 HTTP/1.1" 304 -
186.84.232.207 - - [28/Jul/2020:01:30:03 -0500] "GET /sipse/faces/javax.faces.resource/primefaces.js?ln=primefaces&v=4.0 HTTP/1.1" 304 -
186.84.232.207 - - [28/Jul/2020:01:30:03 -0500] "GET /sipse/faces/javax.faces.resource/layout/layout.js?ln=primefaces&v=4.0 HTTP/1.1" 304 -
186.84.232.207 - - [28/Jul/2020:01:30:04 -0500] "GET /sipse/imagenes/cargando.gif HTTP/1.1" 304 -
66.249.79.107 - - [28/Jul/2020:01:30:05 -0500] "GET /BLA/resoluciones/RESOLUCIONES%202008/2766.pdf HTTP/1.1" 200 190223
66.249.79.107 - - [28/Jul/2020:01:30:10 -0500] "GET /BLA/resoluciones/RESOLUCIONES%202009/7506.pdf HTTP/1.1" 200 489487
186.84.232.207 - - [28/Jul/2020:01:30:13 -0500] "POST /sipse/faces/presentacion/financiero/solicitudProyectoActividad/asociarProyectoSolicitud.xhtml HTTP/1.1" 200 6703
66.249.79.109 - - [28/Jul/2020:01:30:16 -0500] "GET /BLA/resoluciones/RESOLUCIONES%202009/3132.pdf HTTP/1.1" 200 471899
186.84.232.207 - - [28/Jul/2020:01:30:18 -0500] "POST /sipse/faces/presentacion/financiero/solicitudProyectoActividad/asociarProyectoSolicitud.xhtml HTTP/1.1" 200 1692
186.84.232.207 - - [28/Jul/2020:01:30:19 -0500] "POST /sipse/faces/presentacion/financiero/solicitudProyectoActividad/asociarProyectoSolicitud.xhtml HTTP/1.1" 200 37874
186.84.232.207 - - [28/Jul/2020:01:30:19 -0500] "GET /sipse/faces/javax.faces.resource/theme.css?ln=primefaces-sipse HTTP/1.1" 304 -
186.84.232.207 - - [28/Jul/2020:01:30:19 -0500] "GET /sipse/faces/javax.faces.resource/primefaces.css?ln=primefaces&v=4.0 HTTP/1.1" 304 -
186.84.232.207 - - [28/Jul/2020:01:30:19 -0500] "GET /sipse/faces/javax.faces.resource/layout/layout.css?ln=primefaces&v=4.0 HTTP/1.1" 304 -
186.84.232.207 - - [28/Jul/2020:01:30:19 -0500] "GET /sipse/faces/javax.faces.resource/jquery/jquery.js?ln=primefaces&v=4.0 HTTP/1.1" 304 -
186.84.232.207 - - [28/Jul/2020:01:30:19 -0500] "GET /sipse/faces/javax.faces.resource/jquery/jquery-plugins.js?ln=primefaces&v=4.0 HTTP/1.1" 304 -
186.84.232.207 - - [28/Jul/2020:01:30:19 -0500] "GET /sipse/faces/javax.faces.resource/primefaces.js?ln=primefaces&v=4.0 HTTP/1.1" 304 -
186.84.232.207 - - [28/Jul/2020:01:30:19 -0500] "GET /sipse/faces/javax.faces.resource/layout/layout.js?ln=primefaces&v=4.0 HTTP/1.1" 304 -
66.249.79.109 - - [28/Jul/2020:01:30:23 -0500] "GET /BLA/resoluciones/AUTOS%202010/6460.pdf HTTP/1.1" 200 543132
66.249.79.109 - - [28/Jul/2020:01:30:32 -0500] "GET /BLA/resoluciones/RESOLUCIONES%202008/2725.pdf HTTP/1.1" 200 242899
66.249.79.95 - - [28/Jul/2020:01:30:34 -0500] "-" 408 -
186.84.232.207 - - [28/Jul/2020:01:30:45 -0500] "GET /sipse/faces/javax.faces.resource/images/ui-icons_898989_256x240.png?ln=primefaces-aristo HTTP/1.1" 304 -
66.249.79.107 - - [28/Jul/2020:01:30:48 -0500] "GET /BLA/resoluciones/RESOLUCIONES%202009/5381.pdf HTTP/1.1" 200 538085
186.84.232.207 - - [28/Jul/2020:01:30:52 -0500] "POST /sipse/faces/presentacion/financiero/solicitudProyectoActividad/asociarActividadSolicitud.xhtml HTTP/1.1" 200 20138
186.84.232.207 - - [28/Jul/2020:01:30:52 -0500] "GET /sipse/faces/javax.faces.resource/theme.css?ln=primefaces-sipse HTTP/1.1" 304 -
186.84.232.207 - - [28/Jul/2020:01:30:52 -0500] "GET /sipse/faces/javax.faces.resource/primefaces.css?ln=primefaces&v=4.0 HTTP/1.1" 304 -
186.84.232.207 - - [28/Jul/2020:01:30:52 -0500] "GET /sipse/faces/javax.faces.resource/layout/layout.css?ln=primefaces&v=4.0 HTTP/1.1" 304 -
186.84.232.207 - - [28/Jul/2020:01:30:52 -0500] "GET /sipse/faces/javax.faces.resource/jquery/jquery.js?ln=primefaces&v=4.0 HTTP/1.1" 304 -
186.84.232.207 - - [28/Jul/2020:01:30:52 -0500] "GET /sipse/faces/javax.faces.resource/jquery/jquery-plugins.js?ln=primefaces&v=4.0 HTTP/1.1" 304 -
186.84.232.207 - - [28/Jul/2020:01:30:52 -0500] "GET /sipse/faces/javax.faces.resource/primefaces.js?ln=primefaces&v=4.0 HTTP/1.1" 304 -
186.84.232.207 - - [28/Jul/2020:01:30:52 -0500] "GET /sipse/faces/javax.faces.resource/layout/layout.js?ln=primefaces&v=4.0 HTTP/1.1" 304 -
66.249.79.111 - - [28/Jul/2020:01:30:55 -0500] "GET /BLA/resoluciones/RESOLUCIONES%202008/1827.pdf HTTP/1.1" 200 309388
66.249.79.107 - - [28/Jul/2020:01:31:02 -0500] "GET /BLA/resoluciones/AUTOS%202018/0075.pdf HTTP/1.1" 200 287182
66.249.79.107 - - [28/Jul/2020:01:31:10 -0500] "GET /BLA/resoluciones/AUTOS%202012/0352.pdf HTTP/1.1" 200 309376
66.249.79.210 - - [28/Jul/2020:01:31:12 -0500] "-" 408 -
66.249.79.107 - - [28/Jul/2020:01:31:19 -0500] "GET /BLA/resoluciones/AUTOS%202010/6735.pdf HTTP/1.1" 200 219745
66.249.68.39 - - [28/Jul/2020:01:31:21 -0500] "-" 408 -
66.249.79.107 - - [28/Jul/2020:01:31:27 -0500] "GET /BLA/resoluciones/RESOLUCIONES%202009/6126.pdf HTTP/1.1" 200 580855
186.84.232.207 - - [28/Jul/2020:01:31:32 -0500] "POST /sipse/faces/presentacion/financiero/solicitudProyectoActividad/asociarFuentesSolicitud.xhtml HTTP/1.1" 200 90042
186.84.232.207 - - [28/Jul/2020:01:31:32 -0500] "GET /sipse/faces/javax.faces.resource/theme.css?ln=primefaces-sipse HTTP/1.1" 304 -
186.84.232.207 - - [28/Jul/2020:01:31:32 -0500] "GET /sipse/faces/javax.faces.resource/primefaces.css?ln=primefaces&v=4.0 HTTP/1.1" 304 -
186.84.232.207 - - [28/Jul/2020:01:31:32 -0500] "GET /sipse/faces/javax.faces.resource/layout/layout.css?ln=primefaces&v=4.0 HTTP/1.1" 304 -
186.84.232.207 - - [28/Jul/2020:01:31:32 -0500] "GET /sipse/faces/javax.faces.resource/primefaces.js?ln=primefaces&v=4.0 HTTP/1.1" 304 -
186.84.232.207 - - [28/Jul/2020:01:31:32 -0500] "GET /sipse/faces/javax.faces.resource/jquery/jquery.js?ln=primefaces&v=4.0 HTTP/1.1" 304 -
186.84.232.207 - - [28/Jul/2020:01:31:32 -0500] "GET /sipse/faces/javax.faces.resource/jquery/jquery-plugins.js?ln=primefaces&v=4.0 HTTP/1.1" 304 -
186.84.232.207 - - [28/Jul/2020:01:31:32 -0500] "GET /sipse/faces/javax.faces.resource/layout/layout.js?ln=primefaces&v=4.0 HTTP/1.1" 304 -
69.162.124.227 - - [28/Jul/2020:01:31:35 -0500] "HEAD / HTTP/1.1" 200 -
66.249.79.109 - - [28/Jul/2020:01:31:36 -0500] "GET /BLA/resoluciones/RESOLUCIONES%202009/4059.pdf HTTP/1.1" 200 707204
66.249.79.107 - - [28/Jul/2020:01:31:44 -0500] "GET /BLA/resoluciones/RESOLUCIONES%202009/7012.pdf HTTP/1.1" 200 722643
66.249.79.107 - - [28/Jul/2020:01:31:52 -0500] "GET /BLA/resoluciones/AUTOS%202007/2415.pdf HTTP/1.1" 200 28923
191.97.2.34 - - [28/Jul/2020:01:31:55 -0500] "GET /galeria/galeria/jquery.fancybox.css?v=2.1.5 HTTP/1.1" 200 4895
191.97.2.34 - - [28/Jul/2020:01:31:55 -0500] "GET /galeria/galeria/jquery.fancybox.js?v=2.1.5 HTTP/1.1" 200 48706
138.0.89.214 - - [28/Jul/2020:01:31:55 -0500] "GET /BLA/boletinlegal/js/jquery.scrollShow.js HTTP/1.1" 200 4586
66.249.79.107 - - [28/Jul/2020:01:31:59 -0500] "GET /BLA/resoluciones/RESOLUCIONES%202008/2682.pdf HTTP/1.1" 200 314398
66.249.79.107 - - [28/Jul/2020:01:32:08 -0500] "GET /BLA/resoluciones/RESOLUCIONES%202009/3970.pdf HTTP/1.1" 200 496305
66.249.79.107 - - [28/Jul/2020:01:32:17 -0500] "GET /BLA/resoluciones/RESOLUCIONES%202009/9733.pdf HTTP/1.1" 200 286661
186.84.232.207 - - [28/Jul/2020:01:32:17 -0500] "POST /sipse/faces/presentacion/financiero/solicitudProceso/crearModificarSolicitudProceso.xhtml HTTP/1.1" 200 45646
186.84.232.207 - - [28/Jul/2020:01:32:20 -0500] "GET /sipse/faces/javax.faces.resource/theme.css?ln=primefaces-sipse HTTP/1.1" 304 -
186.84.232.207 - - [28/Jul/2020:01:32:20 -0500] "GET /sipse/faces/javax.faces.resource/layout/layout.js?ln=primefaces&v=4.0 HTTP/1.1" 304 -
186.84.232.207 - - [28/Jul/2020:01:32:20 -0500] "GET /sipse/faces/javax.faces.resource/primefaces.css?ln=primefaces&v=4.0 HTTP/1.1" 304 -
186.84.232.207 - - [28/Jul/2020:01:32:20 -0500] "GET /sipse/faces/javax.faces.resource/primefaces.js?ln=primefaces&v=4.0 HTTP/1.1" 304 -
186.84.232.207 - - [28/Jul/2020:01:32:20 -0500] "GET /sipse/faces/javax.faces.resource/layout/layout.css?ln=primefaces&v=4.0 HTTP/1.1" 304 -
186.84.232.207 - - [28/Jul/2020:01:32:20 -0500] "GET /sipse/faces/javax.faces.resource/jquery/jquery.js?ln=primefaces&v=4.0 HTTP/1.1" 304 -
186.84.232.207 - - [28/Jul/2020:01:32:20 -0500] "GET /sipse/faces/javax.faces.resource/jquery/jquery-plugins.js?ln=primefaces&v=4.0 HTTP/1.1" 304 -
66.249.79.109 - - [28/Jul/2020:01:32:25 -0500] "GET /BLA/resoluciones/RESOLUCIONES%202008/2878.pdf HTTP/1.1" 200 513516
186.84.22.0 - - [28/Jul/2020:01:32:29 -0500] "POST /sipse/faces/presentacion/financiero/solicitudProceso/consultarSolicitudProceso.xhtml HTTP/1.1" 200 119829
186.84.232.207 - - [28/Jul/2020:01:32:30 -0500] "POST /sipse/faces/presentacion/financiero/solicitudBienServicio/asociarBienServicioSolicitud.xhtml HTTP/1.1" 200 2724
66.249.79.107 - - [28/Jul/2020:01:32:33 -0500] "GET /BLA/resoluciones/RESOLUCIONES%202008/1699.pdf HTTP/1.1" 200 300531
186.84.232.207 - - [28/Jul/2020:01:32:34 -0500] "POST /sipse/faces/presentacion/financiero/solicitudBienServicio/asociarBienServicioSolicitud.xhtml HTTP/1.1" 200 84303
186.84.232.207 - - [28/Jul/2020:01:32:34 -0500] "GET /sipse/faces/javax.faces.resource/theme.css?ln=primefaces-sipse HTTP/1.1" 304 -
186.84.232.207 - - [28/Jul/2020:01:32:34 -0500] "GET /sipse/faces/javax.faces.resource/primefaces.css?ln=primefaces&v=4.0 HTTP/1.1" 304 -
186.84.232.207 - - [28/Jul/2020:01:32:34 -0500] "GET /sipse/faces/javax.faces.resource/layout/layout.css?ln=primefaces&v=4.0 HTTP/1.1" 304 -
186.84.232.207 - - [28/Jul/2020:01:32:34 -0500] "GET /sipse/faces/javax.faces.resource/jquery/jquery.js?ln=primefaces&v=4.0 HTTP/1.1" 304 -
186.84.232.207 - - [28/Jul/2020:01:32:34 -0500] "GET /sipse/faces/javax.faces.resource/jquery/jquery-plugins.js?ln=primefaces&v=4.0 HTTP/1.1" 304 -
186.84.232.207 - - [28/Jul/2020:01:32:34 -0500] "GET /sipse/faces/javax.faces.resource/primefaces.js?ln=primefaces&v=4.0 HTTP/1.1" 304 -
186.84.232.207 - - [28/Jul/2020:01:32:35 -0500] "GET /sipse/faces/javax.faces.resource/layout/layout.js?ln=primefaces&v=4.0 HTTP/1.1" 304 -
190.234.101.134 - - [28/Jul/2020:01:32:36 -0500] "GET /galeria/galeria/jquery.fancybox.css?v=2.1.5 HTTP/1.1" 200 4895
190.234.101.134 - - [28/Jul/2020:01:32:38 -0500] "GET /BLA/boletinlegal/js/jquery.scrollShow.js HTTP/1.1" 200 4586
190.234.101.134 - - [28/Jul/2020:01:32:38 -0500] "GET /galeria/galeria/jquery.fancybox.js?v=2.1.5 HTTP/1.1" 200 48706
66.249.79.107 - - [28/Jul/2020:01:32:41 -0500] "GET /BLA/resoluciones/RESOLUCIONES%202008/5736.pdf HTTP/1.1" 200 606281
186.84.232.207 - - [28/Jul/2020:01:32:40 -0500] "POST /sipse/faces/presentacion/financiero/solicitudProceso/crearModificarSolicitudProceso.xhtml HTTP/1.1" 200 40996
186.84.232.207 - - [28/Jul/2020:01:32:42 -0500] "GET /sipse/faces/javax.faces.resource/theme.css?ln=primefaces-sipse HTTP/1.1" 304 -
186.84.232.207 - - [28/Jul/2020:01:32:42 -0500] "GET /sipse/faces/javax.faces.resource/primefaces.css?ln=primefaces&v=4.0 HTTP/1.1" 304 -
186.84.232.207 - - [28/Jul/2020:01:32:42 -0500] "GET /sipse/faces/javax.faces.resource/layout/layout.css?ln=primefaces&v=4.0 HTTP/1.1" 304 -
186.84.232.207 - - [28/Jul/2020:01:32:42 -0500] "GET /sipse/faces/javax.faces.resource/jquery/jquery.js?ln=primefaces&v=4.0 HTTP/1.1" 304 -
186.84.232.207 - - [28/Jul/2020:01:32:42 -0500] "GET /sipse/faces/javax.faces.resource/jquery/jquery-plugins.js?ln=primefaces&v=4.0 HTTP/1.1" 304 -
186.84.232.207 - - [28/Jul/2020:01:32:43 -0500] "GET /sipse/faces/javax.faces.resource/primefaces.js?ln=primefaces&v=4.0 HTTP/1.1" 304 -
186.84.232.207 - - [28/Jul/2020:01:32:43 -0500] "GET /sipse/faces/javax.faces.resource/layout/layout.js?ln=primefaces&v=4.0 HTTP/1.1" 304 -
186.84.232.207 - - [28/Jul/2020:01:32:43 -0500] "GET /sipse/faces/javax.faces.resource/messages/messages.png?ln=primefaces&v=4.0 HTTP/1.1" 304 -
186.84.232.207 - - [28/Jul/2020:01:32:43 -0500] "POST /sipse/faces/presentacion/financiero/solicitudProceso/listarSolicitudProceso.xhtml HTTP/1.1" 200 1344
66.249.79.107 - - [28/Jul/2020:01:32:50 -0500] "GET /BLA/resoluciones/RESOLUCIONES%202009/8837.pdf HTTP/1.1" 200 445367
201.245.192.253 - - [28/Jul/2020:01:32:20 -0500] "POST /kwsrmcab/Wsrmcab HTTP/1.1" 200 30784
186.84.232.207 - - [28/Jul/2020:01:33:16 -0500] "POST /sipse/faces/presentacion/financiero/solicitudProceso/listarSolicitudProceso.xhtml HTTP/1.1" 200 31114
186.84.232.207 - - [28/Jul/2020:01:33:17 -0500] "POST /sipse/faces/presentacion/financiero/solicitudProceso/listarSolicitudProceso.xhtml HTTP/1.1" 200 5155
186.84.232.207 - - [28/Jul/2020:01:33:17 -0500] "POST /sipse/faces/presentacion/financiero/solicitudProceso/listarSolicitudProceso.xhtml HTTP/1.1" 200 5151
186.84.232.207 - - [28/Jul/2020:01:33:21 -0500] "POST /sipse/faces/presentacion/financiero/solicitudProceso/listarSolicitudProceso.xhtml HTTP/1.1" 200 126092
186.84.232.207 - - [28/Jul/2020:01:33:21 -0500] "GET /sipse/faces/javax.faces.resource/theme.css?ln=primefaces-sipse HTTP/1.1" 304 -
186.84.232.207 - - [28/Jul/2020:01:33:21 -0500] "GET /sipse/faces/javax.faces.resource/primefaces.css?ln=primefaces&v=4.0 HTTP/1.1" 304 -
186.84.232.207 - - [28/Jul/2020:01:33:21 -0500] "GET /sipse/faces/javax.faces.resource/layout/layout.css?ln=primefaces&v=4.0 HTTP/1.1" 304 -
186.84.232.207 - - [28/Jul/2020:01:33:21 -0500] "GET /sipse/faces/javax.faces.resource/jquery/jquery.js?ln=primefaces&v=4.0 HTTP/1.1" 304 -
186.84.232.207 - - [28/Jul/2020:01:33:21 -0500] "GET /sipse/faces/javax.faces.resource/jquery/jquery-plugins.js?ln=primefaces&v=4.0 HTTP/1.1" 304 -
186.84.232.207 - - [28/Jul/2020:01:33:21 -0500] "GET /sipse/faces/javax.faces.resource/primefaces.js?ln=primefaces&v=4.0 HTTP/1.1" 304 -
186.84.232.207 - - [28/Jul/2020:01:33:21 -0500] "GET /sipse/faces/javax.faces.resource/layout/layout.js?ln=primefaces&v=4.0 HTTP/1.1" 304 -
190.27.245.107 - - [28/Jul/2020:01:33:22 -0500] "GET /reportes_sipse/sdg/ServletReporte?reporte=experienia_idoneidad&solicitud=9733&pfdrid_c=false HTTP/1.1" 200 142940
201.245.192.253 - - [28/Jul/2020:01:32:56 -0500] "POST /kwsrmcab/Wsrmcab HTTP/1.1" 200 29290
186.84.232.207 - - [28/Jul/2020:01:33:29 -0500] "POST /sipse/faces/presentacion/financiero/solicitudProceso/consultarSolicitudProceso.xhtml HTTP/1.1" 200 28461
186.84.232.207 - - [28/Jul/2020:01:33:29 -0500] "GET /sipse/faces/javax.faces.resource/theme.css?ln=primefaces-sipse HTTP/1.1" 304 -
186.84.232.207 - - [28/Jul/2020:01:33:29 -0500] "GET /sipse/faces/javax.faces.resource/primefaces.css?ln=primefaces&v=4.0 HTTP/1.1" 304 -
186.84.232.207 - - [28/Jul/2020:01:33:29 -0500] "GET /sipse/faces/javax.faces.resource/layout/layout.css?ln=primefaces&v=4.0 HTTP/1.1" 304 -
186.84.232.207 - - [28/Jul/2020:01:33:29 -0500] "GET /sipse/faces/javax.faces.resource/fileupload/fileupload.css?ln=primefaces&v=4.0 HTTP/1.1" 304 -
186.84.232.207 - - [28/Jul/2020:01:33:29 -0500] "GET /sipse/faces/javax.faces.resource/jquery/jquery.js?ln=primefaces&v=4.0 HTTP/1.1" 304 -
186.84.232.207 - - [28/Jul/2020:01:33:29 -0500] "GET /sipse/faces/javax.faces.resource/jquery/jquery-plugins.js?ln=primefaces&v=4.0 HTTP/1.1" 304 -
186.84.232.207 - - [28/Jul/2020:01:33:29 -0500] "GET /sipse/faces/javax.faces.resource/primefaces.js?ln=primefaces&v=4.0 HTTP/1.1" 304 -
186.84.232.207 - - [28/Jul/2020:01:33:29 -0500] "GET /sipse/faces/javax.faces.resource/layout/layout.js?ln=primefaces&v=4.0 HTTP/1.1" 304 -
186.84.232.207 - - [28/Jul/2020:01:33:29 -0500] "GET /sipse/faces/javax.faces.resource/fileupload/fileupload.js?ln=primefaces&v=4.0 HTTP/1.1" 304 -
186.84.232.207 - - [28/Jul/2020:01:34:02 -0500] "GET /sipse/faces/javax.faces.resource/theme.css?ln=primefaces-sipse HTTP/1.1" 304 -
186.84.232.207 - - [28/Jul/2020:01:34:02 -0500] "GET /sipse/faces/javax.faces.resource/primefaces.css?ln=primefaces&v=4.0 HTTP/1.1" 304 -
186.84.232.207 - - [28/Jul/2020:01:34:02 -0500] "GET /sipse/faces/javax.faces.resource/layout/layout.css?ln=primefaces&v=4.0 HTTP/1.1" 304 -
186.84.232.207 - - [28/Jul/2020:01:34:02 -0500] "GET /sipse/faces/javax.faces.resource/jquery/jquery-plugins.js?ln=primefaces&v=4.0 HTTP/1.1" 304 -
186.84.232.207 - - [28/Jul/2020:01:34:02 -0500] "GET /sipse/faces/javax.faces.resource/jquery/jquery.js?ln=primefaces&v=4.0 HTTP/1.1" 304 -
186.84.232.207 - - [28/Jul/2020:01:34:02 -0500] "GET /sipse/faces/javax.faces.resource/primefaces.js?ln=primefaces&v=4.0 HTTP/1.1" 304 -
186.84.232.207 - - [28/Jul/2020:01:34:01 -0500] "POST /sipse/faces/presentacion/sistema/anexos/cargarAnexoSolicitudProceso.xhtml HTTP/1.1" 200 175112
186.84.232.207 - - [28/Jul/2020:01:34:02 -0500] "GET /sipse/faces/javax.faces.resource/layout/layout.js?ln=primefaces&v=4.0 HTTP/1.1" 304 -
190.27.245.107 - - [28/Jul/2020:01:34:02 -0500] "GET /reportes_sipse/sdg/ServletReporte?reporte=experienia_idoneidad&solicitud=9733&pfdrid_c=false HTTP/1.1" 200 142940
186.84.232.207 - - [28/Jul/2020:01:34:08 -0500] "POST /sipse/faces/presentacion/financiero/solicitudProceso/consultarSolicitudProceso.xhtml HTTP/1.1" 200 28461
186.84.232.207 - - [28/Jul/2020:01:34:09 -0500] "GET /sipse/faces/javax.faces.resource/theme.css?ln=primefaces-sipse HTTP/1.1" 304 -
186.84.232.207 - - [28/Jul/2020:01:34:09 -0500] "GET /sipse/faces/javax.faces.resource/layout/layout.css?ln=primefaces&v=4.0 HTTP/1.1" 304 -
