191.102.89.3 - - [28/Jul/2020:08:19:57 -0500] "POST /sipse/faces/presentacion/proyectos/proyecto/listarConsultarProyectos.xhtml HTTP/1.1" 200 65931
181.52.22.3 - - [28/Jul/2020:08:20:00 -0500] "POST /sipse/faces/presentacion/financiero/solicitudProceso/listarSolicitudProceso.xhtml HTTP/1.1" 200 32437
181.52.22.3 - - [28/Jul/2020:08:20:01 -0500] "POST /sipse/faces/presentacion/financiero/solicitudProceso/listarSolicitudProceso.xhtml HTTP/1.1" 200 32413
216.18.204.132 - - [28/Jul/2020:08:20:01 -0500] "GET /porla/porla2.htm HTTP/1.1" 404 1019
191.102.89.3 - - [28/Jul/2020:08:20:01 -0500] "POST /sipse/faces/presentacion/proyectos/proyecto/listarConsultarProyectos.xhtml HTTP/1.1" 200 65931
186.84.90.163 - - [28/Jul/2020:08:20:02 -0500] "GET /appsia/controlador HTTP/1.1" 200 4799
181.52.22.3 - - [28/Jul/2020:08:20:03 -0500] "POST /sipse/faces/presentacion/financiero/solicitudProceso/listarSolicitudProceso.xhtml HTTP/1.1" 200 32262
186.84.90.163 - - [28/Jul/2020:08:20:03 -0500] "GET /appsia/css/estilos.css HTTP/1.1" 200 4804
186.84.90.163 - - [28/Jul/2020:08:20:03 -0500] "GET /appsia/scripts/validarIngreso.js HTTP/1.1" 200 851
186.84.90.163 - - [28/Jul/2020:08:20:03 -0500] "GET /appsia/images/logo_bogota_p.png HTTP/1.1" 200 14951
186.84.90.163 - - [28/Jul/2020:08:20:03 -0500] "GET /appsia/images/cabezoteHojaVida.png HTTP/1.1" 200 32493
181.52.22.3 - - [28/Jul/2020:08:20:03 -0500] "POST /sipse/faces/presentacion/financiero/solicitudProceso/listarSolicitudProceso.xhtml HTTP/1.1" 200 32435
186.84.90.163 - - [28/Jul/2020:08:20:03 -0500] "GET /favicon.ico HTTP/1.1" 200 7782
181.52.22.3 - - [28/Jul/2020:08:20:05 -0500] "POST /sipse/faces/presentacion/financiero/solicitudProceso/listarSolicitudProceso.xhtml HTTP/1.1" 200 32371
181.52.22.3 - - [28/Jul/2020:08:20:07 -0500] "POST /sipse/faces/presentacion/financiero/solicitudProceso/listarSolicitudProceso.xhtml HTTP/1.1" 200 4234
181.52.22.3 - - [28/Jul/2020:08:20:08 -0500] "POST /sipse/faces/presentacion/financiero/solicitudProceso/listarSolicitudProceso.xhtml HTTP/1.1" 200 4258
191.102.89.3 - - [28/Jul/2020:08:20:05 -0500] "POST /sipse/faces/presentacion/proyectos/proyecto/listarConsultarProyectos.xhtml HTTP/1.1" 200 65931
186.84.90.163 - - [28/Jul/2020:08:20:12 -0500] "POST /appsia/controlador HTTP/1.1" 200 4084
191.102.89.3 - - [28/Jul/2020:08:20:10 -0500] "POST /sipse/faces/presentacion/proyectos/proyecto/listarConsultarProyectos.xhtml HTTP/1.1" 200 65931
191.102.89.3 - - [28/Jul/2020:08:20:12 -0500] "POST /sipse/faces/presentacion/proyectos/proyecto/listarConsultarProyectos.xhtml HTTP/1.1" 200 65931
186.84.90.163 - - [28/Jul/2020:08:20:13 -0500] "POST /appsia/controlador HTTP/1.1" 200 7732
186.84.90.163 - - [28/Jul/2020:08:20:14 -0500] "GET /appsia/images/logo_escudo.png HTTP/1.1" 200 36965
191.102.89.3 - - [28/Jul/2020:08:20:15 -0500] "POST /sipse/faces/presentacion/proyectos/proyecto/listarConsultarProyectos.xhtml HTTP/1.1" 200 65931
201.221.165.176 - - [28/Jul/2020:08:20:17 -0500] "POST /sipse/faces/presentacion/financiero/solicitudProceso/consultarSolicitudProceso.xhtml HTTP/1.1" 200 116977
181.52.22.3 - - [28/Jul/2020:08:20:18 -0500] "POST /sipse/faces/presentacion/financiero/solicitudProceso/listarSolicitudProceso.xhtml HTTP/1.1" 200 4234
181.52.22.3 - - [28/Jul/2020:08:20:19 -0500] "POST /sipse/faces/presentacion/financiero/solicitudProceso/listarSolicitudProceso.xhtml HTTP/1.1" 200 23523
191.102.89.3 - - [28/Jul/2020:08:20:17 -0500] "POST /sipse/faces/presentacion/proyectos/proyecto/listarConsultarProyectos.xhtml HTTP/1.1" 200 65931
181.52.22.3 - - [28/Jul/2020:08:20:19 -0500] "POST /sipse/faces/presentacion/financiero/solicitudProceso/listarSolicitudProceso.xhtml HTTP/1.1" 200 23503
181.52.22.3 - - [28/Jul/2020:08:20:20 -0500] "POST /sipse/faces/presentacion/financiero/solicitudProceso/listarSolicitudProceso.xhtml HTTP/1.1" 200 6967
191.102.89.3 - - [28/Jul/2020:08:20:20 -0500] "POST /sipse/faces/presentacion/proyectos/proyecto/listarConsultarProyectos.xhtml HTTP/1.1" 200 65931
186.85.246.202 - - [28/Jul/2020:08:20:24 -0500] "POST /sipse/faces/presentacion/financiero/solicitudProceso/listarSolicitudProceso.xhtml HTTP/1.1" 200 7585
181.52.22.3 - - [28/Jul/2020:08:20:24 -0500] "POST /sipse/faces/presentacion/financiero/solicitudProceso/listarSolicitudProceso.xhtml HTTP/1.1" 200 137631
181.52.22.3 - - [28/Jul/2020:08:20:25 -0500] "GET /sipse/faces/javax.faces.resource/theme.css?ln=primefaces-sipse HTTP/1.1" 304 -
181.52.22.3 - - [28/Jul/2020:08:20:25 -0500] "GET /sipse/faces/javax.faces.resource/layout/layout.css?ln=primefaces&v=4.0 HTTP/1.1" 304 -
181.52.22.3 - - [28/Jul/2020:08:20:25 -0500] "GET /sipse/faces/javax.faces.resource/primefaces.css?ln=primefaces&v=4.0 HTTP/1.1" 304 -
181.52.22.3 - - [28/Jul/2020:08:20:25 -0500] "GET /sipse/faces/javax.faces.resource/jquery/jquery.js?ln=primefaces&v=4.0 HTTP/1.1" 304 -
181.52.22.3 - - [28/Jul/2020:08:20:25 -0500] "GET /sipse/faces/javax.faces.resource/jquery/jquery-plugins.js?ln=primefaces&v=4.0 HTTP/1.1" 304 -
191.102.89.3 - - [28/Jul/2020:08:20:24 -0500] "POST /sipse/faces/presentacion/proyectos/proyecto/listarConsultarProyectos.xhtml HTTP/1.1" 200 65931
181.52.22.3 - - [28/Jul/2020:08:20:25 -0500] "GET /sipse/faces/javax.faces.resource/primefaces.js?ln=primefaces&v=4.0 HTTP/1.1" 304 -
181.52.22.3 - - [28/Jul/2020:08:20:25 -0500] "GET /sipse/faces/javax.faces.resource/layout/layout.js?ln=primefaces&v=4.0 HTTP/1.1" 304 -
181.52.22.3 - - [28/Jul/2020:08:20:26 -0500] "GET /sipse/css/imagen/contrasena.png HTTP/1.1" 404 383
190.27.245.107 - - [28/Jul/2020:08:20:26 -0500] "GET /reportes_sipse/sdg/ServletReporte?reporte=solicitud_cdp&Solicitud=10006&pfdrid_c=false HTTP/1.1" 200 93536
186.85.246.202 - - [28/Jul/2020:08:20:33 -0500] "POST /sipse/faces/presentacion/financiero/solicitudProceso/listarSolicitudProceso.xhtml HTTP/1.1" 200 7542
191.102.89.3 - - [28/Jul/2020:08:20:28 -0500] "POST /sipse/faces/presentacion/proyectos/proyecto/listarConsultarProyectos.xhtml HTTP/1.1" 200 65931
191.102.89.3 - - [28/Jul/2020:08:20:34 -0500] "POST /sipse/faces/presentacion/proyectos/proyecto/listarConsultarProyectos.xhtml HTTP/1.1" 200 65931
191.102.89.3 - - [28/Jul/2020:08:20:37 -0500] "POST /sipse/faces/presentacion/proyectos/proyecto/listarConsultarProyectos.xhtml HTTP/1.1" 200 65931
191.102.89.3 - - [28/Jul/2020:08:20:39 -0500] "POST /sipse/faces/presentacion/proyectos/proyecto/listarConsultarProyectos.xhtml HTTP/1.1" 200 65931
191.102.89.3 - - [28/Jul/2020:08:20:42 -0500] "POST /sipse/faces/presentacion/proyectos/proyecto/listarConsultarProyectos.xhtml HTTP/1.1" 200 65931
186.85.246.202 - - [28/Jul/2020:08:20:45 -0500] "POST /sipse/faces/presentacion/financiero/solicitudProceso/listarSolicitudProceso.xhtml HTTP/1.1" 200 7654
201.221.165.176 - - [28/Jul/2020:08:20:47 -0500] "POST /sipse/faces/presentacion/financiero/solicitudProceso/consultarSolicitudProceso.xhtml HTTP/1.1" 200 3510000
186.85.246.202 - - [28/Jul/2020:08:20:56 -0500] "POST /sipse/faces/presentacion/financiero/solicitudProceso/listarSolicitudProceso.xhtml HTTP/1.1" 200 7572
186.28.216.203 - - [28/Jul/2020:08:21:08 -0500] "GET /autoliquidacion2020 HTTP/1.1" 301 250
186.28.216.203 - - [28/Jul/2020:08:21:08 -0500] "GET /autoliquidacion2020/ HTTP/1.1" 200 6146
186.28.216.203 - - [28/Jul/2020:08:21:08 -0500] "GET /autoliquidacion2020/dlf/styles.css HTTP/1.1" 200 3045
186.28.216.203 - - [28/Jul/2020:08:21:08 -0500] "GET /autoliquidacion2020/dlf/folder.png HTTP/1.1" 200 410
186.28.216.203 - - [28/Jul/2020:08:21:08 -0500] "GET /autoliquidacion2020/dlf/bg.gif HTTP/1.1" 200 54
201.221.165.176 - - [28/Jul/2020:08:21:12 -0500] "POST /sipse/faces/presentacion/financiero/solicitudProceso/consultarSolicitudProceso.xhtml HTTP/1.1" 200 3510000
186.84.20.96 - - [28/Jul/2020:08:21:15 -0500] "GET /galeria/galeria/jquery.fancybox.css?v=2.1.5 HTTP/1.1" 200 4895
186.84.20.96 - - [28/Jul/2020:08:21:15 -0500] "GET /galeria/galeria/jquery.fancybox.js?v=2.1.5 HTTP/1.1" 200 48706
186.84.20.96 - - [28/Jul/2020:08:21:15 -0500] "GET /BLA/boletinlegal/js/jquery.scrollShow.js HTTP/1.1" 200 4586
200.119.84.23 - - [28/Jul/2020:08:21:15 -0500] "GET /galeria/nivo-slider/demo/inicio88.html HTTP/1.1" 200 4595
200.119.84.23 - - [28/Jul/2020:08:21:17 -0500] "GET /galeria/nivo-slider/demo/images/bannerclasesvirtual.jpg HTTP/1.1" 304 -
181.50.17.43 - - [28/Jul/2020:08:21:21 -0500] "GET /galeria/galeria/jquery.fancybox.js?v=2.1.5 HTTP/1.1" 200 48706
181.50.17.43 - - [28/Jul/2020:08:21:21 -0500] "GET /BLA/boletinlegal/js/jquery.scrollShow.js HTTP/1.1" 200 4586
181.50.17.43 - - [28/Jul/2020:08:21:21 -0500] "GET /galeria/galeria/jquery.fancybox.css?v=2.1.5 HTTP/1.1" 200 4895
190.146.108.120 - - [28/Jul/2020:08:21:25 -0500] "GET /galeria/galeria/jquery.fancybox.css?v=2.1.5 HTTP/1.1" 200 4895
69.162.124.227 - - [28/Jul/2020:08:21:34 -0500] "HEAD / HTTP/1.1" 200 -
190.27.245.107 - - [28/Jul/2020:08:21:34 -0500] "GET /sipse/ HTTP/1.1" 302 -
161.18.171.85 - - [28/Jul/2020:08:21:34 -0500] "GET /sipse/faces/autenticacion.xhtml HTTP/1.1" 200 12177
161.18.171.85 - - [28/Jul/2020:08:21:35 -0500] "GET /sipse/faces/javax.faces.resource/theme.css?ln=primefaces-sipse HTTP/1.1" 304 -
161.18.171.85 - - [28/Jul/2020:08:21:35 -0500] "GET /sipse/faces/javax.faces.resource/primefaces.css?ln=primefaces&v=4.0 HTTP/1.1" 304 -
161.18.171.85 - - [28/Jul/2020:08:21:35 -0500] "GET /sipse/faces/javax.faces.resource/layout/layout.css?ln=primefaces&v=4.0 HTTP/1.1" 304 -
161.18.171.85 - - [28/Jul/2020:08:21:35 -0500] "GET /sipse/faces/javax.faces.resource/jquery/jquery.js?ln=primefaces&v=4.0 HTTP/1.1" 304 -
161.18.171.85 - - [28/Jul/2020:08:21:35 -0500] "GET /sipse/faces/javax.faces.resource/jquery/jquery-plugins.js?ln=primefaces&v=4.0 HTTP/1.1" 304 -
161.18.171.85 - - [28/Jul/2020:08:21:35 -0500] "GET /sipse/faces/javax.faces.resource/primefaces.js?ln=primefaces&v=4.0 HTTP/1.1" 304 -
161.18.171.85 - - [28/Jul/2020:08:21:35 -0500] "GET /sipse/faces/javax.faces.resource/layout/layout.js?ln=primefaces&v=4.0 HTTP/1.1" 304 -
161.18.171.85 - - [28/Jul/2020:08:21:35 -0500] "GET /sipse/faces/javax.faces.resource/images/ui-icons_898989_256x240.png?ln=primefaces-aristo HTTP/1.1" 304 -
161.18.171.85 - - [28/Jul/2020:08:21:35 -0500] "GET /sipse/faces/index.xhtml HTTP/1.1" 200 677
161.18.171.85 - - [28/Jul/2020:08:21:35 -0500] "GET /sipse/faces/javax.faces.resource/theme.css?ln=primefaces-sipse HTTP/1.1" 304 -
161.18.171.85 - - [28/Jul/2020:08:21:35 -0500] "GET /sipse/faces/faces/autenticacion.xhtml HTTP/1.1" 200 12177
161.18.171.85 - - [28/Jul/2020:08:21:35 -0500] "GET /sipse/faces/javax.faces.resource/theme.css?ln=primefaces-sipse HTTP/1.1" 304 -
161.18.171.85 - - [28/Jul/2020:08:21:35 -0500] "GET /sipse/faces/javax.faces.resource/primefaces.css?ln=primefaces&v=4.0 HTTP/1.1" 304 -
161.18.171.85 - - [28/Jul/2020:08:21:35 -0500] "GET /sipse/faces/javax.faces.resource/layout/layout.css?ln=primefaces&v=4.0 HTTP/1.1" 304 -
161.18.171.85 - - [28/Jul/2020:08:21:35 -0500] "GET /sipse/faces/javax.faces.resource/jquery/jquery.js?ln=primefaces&v=4.0 HTTP/1.1" 304 -
161.18.171.85 - - [28/Jul/2020:08:21:35 -0500] "GET /sipse/faces/javax.faces.resource/jquery/jquery-plugins.js?ln=primefaces&v=4.0 HTTP/1.1" 304 -
161.18.171.85 - - [28/Jul/2020:08:21:35 -0500] "GET /sipse/faces/javax.faces.resource/primefaces.js?ln=primefaces&v=4.0 HTTP/1.1" 304 -
40.77.167.182 - - [28/Jul/2020:08:21:35 -0500] "-" 408 -
161.18.171.85 - - [28/Jul/2020:08:21:36 -0500] "GET /sipse/faces/javax.faces.resource/layout/layout.js?ln=primefaces&v=4.0 HTTP/1.1" 304 -
161.18.171.85 - - [28/Jul/2020:08:21:36 -0500] "GET /sipse/faces/javax.faces.resource/images/ui-icons_898989_256x240.png?ln=primefaces-aristo HTTP/1.1" 304 -
186.83.100.60 - - [28/Jul/2020:08:21:39 -0500] "GET /BLA/boletinlegal/js/jquery.scrollShow.js HTTP/1.1" 200 4586
186.83.100.60 - - [28/Jul/2020:08:21:39 -0500] "GET /galeria/galeria/jquery.fancybox.js?v=2.1.5 HTTP/1.1" 200 48706
186.83.100.60 - - [28/Jul/2020:08:21:40 -0500] "GET /galeria/galeria/jquery.fancybox.css?v=2.1.5 HTTP/1.1" 200 4895
161.18.171.85 - - [28/Jul/2020:08:21:40 -0500] "POST /sipse/faces/autenticacion.xhtml HTTP/1.1" 200 15883
161.18.171.85 - - [28/Jul/2020:08:21:41 -0500] "GET /sipse/faces/javax.faces.resource/theme.css?ln=primefaces-sipse HTTP/1.1" 304 -
161.18.171.85 - - [28/Jul/2020:08:21:41 -0500] "GET /sipse/faces/javax.faces.resource/primefaces.css?ln=primefaces&v=4.0 HTTP/1.1" 304 -
161.18.171.85 - - [28/Jul/2020:08:21:42 -0500] "GET /sipse/faces/javax.faces.resource/layout/layout.css?ln=primefaces&v=4.0 HTTP/1.1" 304 -
161.18.171.85 - - [28/Jul/2020:08:21:42 -0500] "GET /sipse/faces/javax.faces.resource/jquery/jquery.js?ln=primefaces&v=4.0 HTTP/1.1" 304 -
161.18.171.85 - - [28/Jul/2020:08:21:42 -0500] "GET /sipse/faces/javax.faces.resource/jquery/jquery-plugins.js?ln=primefaces&v=4.0 HTTP/1.1" 304 -
161.18.171.85 - - [28/Jul/2020:08:21:42 -0500] "GET /sipse/faces/javax.faces.resource/primefaces.js?ln=primefaces&v=4.0 HTTP/1.1" 304 -
161.18.171.85 - - [28/Jul/2020:08:21:42 -0500] "GET /sipse/faces/javax.faces.resource/layout/layout.js?ln=primefaces&v=4.0 HTTP/1.1" 304 -
161.18.171.85 - - [28/Jul/2020:08:21:42 -0500] "GET /sipse/css/imagen/contrasena.png HTTP/1.1" 404 383
161.18.171.85 - - [28/Jul/2020:08:21:42 -0500] "GET /sipse/faces/javax.faces.resource/messages/messages.png?ln=primefaces&v=4.0 HTTP/1.1" 304 -
190.2.211.171 - - [28/Jul/2020:08:21:44 -0500] "GET /galeria/galeria/jquery.fancybox.css?v=2.1.5 HTTP/1.1" 200 4895
190.2.211.171 - - [28/Jul/2020:08:21:44 -0500] "GET /galeria/galeria/jquery.fancybox.js?v=2.1.5 HTTP/1.1" 200 48706
190.2.211.171 - - [28/Jul/2020:08:21:44 -0500] "GET /BLA/boletinlegal/js/jquery.scrollShow.js HTTP/1.1" 200 4586
201.221.165.176 - - [28/Jul/2020:08:21:40 -0500] "POST /sipse/faces/presentacion/financiero/solicitudProceso/consultarSolicitudProceso.xhtml HTTP/1.1" 200 5035515
161.18.171.85 - - [28/Jul/2020:08:21:45 -0500] "GET /sipse/faces/javax.faces.resource/images/ui-bg_flat_0_2d5972_40x100.png?ln=primefaces-aristo HTTP/1.1" 304 -
161.18.171.85 - - [28/Jul/2020:08:21:45 -0500] "POST /sipse/faces/bienvenido.xhtml HTTP/1.1" 200 1471
161.18.171.85 - - [28/Jul/2020:08:21:46 -0500] "POST /sipse/faces/bienvenido.xhtml HTTP/1.1" 200 56719
161.18.171.85 - - [28/Jul/2020:08:21:47 -0500] "GET /sipse/faces/javax.faces.resource/theme.css?ln=primefaces-sipse HTTP/1.1" 304 -
161.18.171.85 - - [28/Jul/2020:08:21:47 -0500] "GET /sipse/faces/javax.faces.resource/primefaces.css?ln=primefaces&v=4.0 HTTP/1.1" 304 -
161.18.171.85 - - [28/Jul/2020:08:21:47 -0500] "GET /sipse/faces/javax.faces.resource/layout/layout.css?ln=primefaces&v=4.0 HTTP/1.1" 304 -
161.18.171.85 - - [28/Jul/2020:08:21:47 -0500] "GET /sipse/faces/javax.faces.resource/jquery/jquery.js?ln=primefaces&v=4.0 HTTP/1.1" 304 -
161.18.171.85 - - [28/Jul/2020:08:21:47 -0500] "GET /sipse/faces/javax.faces.resource/jquery/jquery-plugins.js?ln=primefaces&v=4.0 HTTP/1.1" 304 -
161.18.171.85 - - [28/Jul/2020:08:21:47 -0500] "GET /sipse/faces/javax.faces.resource/primefaces.js?ln=primefaces&v=4.0 HTTP/1.1" 304 -
161.18.171.85 - - [28/Jul/2020:08:21:47 -0500] "GET /sipse/faces/javax.faces.resource/layout/layout.js?ln=primefaces&v=4.0 HTTP/1.1" 304 -
161.18.171.85 - - [28/Jul/2020:08:21:47 -0500] "POST /sipse/faces/presentacion/financiero/solicitudProceso/listarSolicitudProceso.xhtml HTTP/1.1" 200 1452
191.95.50.226 - - [28/Jul/2020:08:21:51 -0500] "GET /BLA/boletinlegal/js/jquery.scrollShow.js HTTP/1.1" 200 4586
191.95.50.226 - - [28/Jul/2020:08:21:51 -0500] "GET /galeria/galeria/jquery.fancybox.css?v=2.1.5 HTTP/1.1" 200 4895
191.95.50.226 - - [28/Jul/2020:08:21:51 -0500] "GET /galeria/galeria/jquery.fancybox.js?v=2.1.5 HTTP/1.1" 200 48706
161.18.171.85 - - [28/Jul/2020:08:21:54 -0500] "POST /sipse/faces/presentacion/financiero/solicitudProceso/listarSolicitudProceso.xhtml HTTP/1.1" 200 4469
161.18.171.85 - - [28/Jul/2020:08:21:55 -0500] "POST /sipse/faces/presentacion/financiero/solicitudProceso/listarSolicitudProceso.xhtml HTTP/1.1" 200 4469
181.63.16.125 - - [28/Jul/2020:08:21:55 -0500] "GET /galeria/galeria/jquery.fancybox.css?v=2.1.5 HTTP/1.1" 200 4895
181.63.16.125 - - [28/Jul/2020:08:21:55 -0500] "GET /galeria/galeria/jquery.fancybox.js?v=2.1.5 HTTP/1.1" 200 48706
181.63.16.125 - - [28/Jul/2020:08:21:55 -0500] "GET /BLA/boletinlegal/js/jquery.scrollShow.js HTTP/1.1" 200 4586
161.18.171.85 - - [28/Jul/2020:08:21:58 -0500] "POST /sipse/faces/presentacion/financiero/solicitudProceso/listarSolicitudProceso.xhtml HTTP/1.1" 200 140986
161.18.171.85 - - [28/Jul/2020:08:21:59 -0500] "GET /sipse/faces/javax.faces.resource/theme.css?ln=primefaces-sipse HTTP/1.1" 304 -
161.18.171.85 - - [28/Jul/2020:08:21:59 -0500] "GET /sipse/faces/javax.faces.resource/primefaces.css?ln=primefaces&v=4.0 HTTP/1.1" 304 -
161.18.171.85 - - [28/Jul/2020:08:21:59 -0500] "GET /sipse/faces/javax.faces.resource/layout/layout.css?ln=primefaces&v=4.0 HTTP/1.1" 304 -
161.18.171.85 - - [28/Jul/2020:08:21:59 -0500] "GET /sipse/faces/javax.faces.resource/jquery/jquery.js?ln=primefaces&v=4.0 HTTP/1.1" 304 -
161.18.171.85 - - [28/Jul/2020:08:21:59 -0500] "GET /sipse/faces/javax.faces.resource/jquery/jquery-plugins.js?ln=primefaces&v=4.0 HTTP/1.1" 304 -
161.18.171.85 - - [28/Jul/2020:08:22:00 -0500] "GET /sipse/faces/javax.faces.resource/primefaces.js?ln=primefaces&v=4.0 HTTP/1.1" 304 -
161.18.171.85 - - [28/Jul/2020:08:22:00 -0500] "GET /sipse/faces/javax.faces.resource/layout/layout.js?ln=primefaces&v=4.0 HTTP/1.1" 304 -
190.27.245.107 - - [28/Jul/2020:08:22:00 -0500] "GET /reportes_sipse/sdg/ServletReporte?reporte=solicitud_cdp&Solicitud=10006&pfdrid_c=false HTTP/1.1" 200 93536
181.54.55.9 - - [28/Jul/2020:08:22:03 -0500] "GET /galeria/nivo-slider/demo/inicio88.html HTTP/1.1" 200 4595
181.130.226.94 - - [28/Jul/2020:08:22:09 -0500] "GET /galeria/galeria/jquery.fancybox.css?v=2.1.5 HTTP/1.1" 200 4895
181.130.226.94 - - [28/Jul/2020:08:22:09 -0500] "GET /BLA/boletinlegal/js/jquery.scrollShow.js HTTP/1.1" 200 4586
181.130.226.94 - - [28/Jul/2020:08:22:10 -0500] "GET /galeria/galeria/jquery.fancybox.js?v=2.1.5 HTTP/1.1" 200 48706
161.18.171.85 - - [28/Jul/2020:08:22:12 -0500] "POST /sipse/faces/presentacion/financiero/solicitudProceso/consultarSolicitudProceso.xhtml HTTP/1.1" 200 5561
161.18.171.85 - - [28/Jul/2020:08:22:12 -0500] "GET /sipse/faces/javax.faces.resource/dynamiccontent.properties?ln=primefaces&pfdrid=XjOR5%2F%2FfPAZAuY9TpWQeCiM0BhlXxYRBGKi%2FQcXXfeA%3D&pfdrid_c=false HTTP/1.1" 200 126324
191.156.41.215 - - [28/Jul/2020:08:21:55 -0500] "POST /sipse/faces/presentacion/financiero/solicitudProceso/listarSolicitudProceso.xhtml HTTP/1.1" 200 31844
181.52.22.3 - - [28/Jul/2020:08:22:30 -0500] "POST /sipse/faces/presentacion/financiero/solicitudProceso/consultarSolicitudProceso.xhtml HTTP/1.1" 200 34272
181.52.22.3 - - [28/Jul/2020:08:22:31 -0500] "GET /sipse/faces/javax.faces.resource/theme.css?ln=primefaces-sipse HTTP/1.1" 304 -
181.52.22.3 - - [28/Jul/2020:08:22:31 -0500] "GET /sipse/faces/javax.faces.resource/primefaces.css?ln=primefaces&v=4.0 HTTP/1.1" 304 -
181.52.22.3 - - [28/Jul/2020:08:22:31 -0500] "GET /sipse/faces/javax.faces.resource/layout/layout.css?ln=primefaces&v=4.0 HTTP/1.1" 304 -
181.52.22.3 - - [28/Jul/2020:08:22:31 -0500] "GET /sipse/faces/javax.faces.resource/jquery/jquery.js?ln=primefaces&v=4.0 HTTP/1.1" 304 -
181.52.22.3 - - [28/Jul/2020:08:22:31 -0500] "GET /sipse/faces/javax.faces.resource/jquery/jquery-plugins.js?ln=primefaces&v=4.0 HTTP/1.1" 304 -
181.52.22.3 - - [28/Jul/2020:08:22:31 -0500] "GET /sipse/faces/javax.faces.resource/primefaces.js?ln=primefaces&v=4.0 HTTP/1.1" 304 -
181.52.22.3 - - [28/Jul/2020:08:22:31 -0500] "GET /sipse/faces/javax.faces.resource/layout/layout.js?ln=primefaces&v=4.0 HTTP/1.1" 304 -
181.52.22.3 - - [28/Jul/2020:08:22:32 -0500] "GET /sipse/css/imagen/contrasena.png HTTP/1.1" 404 383
181.52.22.3 - - [28/Jul/2020:08:22:32 -0500] "POST /sipse/faces/presentacion/financiero/solicitudProceso/listarSolicitudProceso.xhtml HTTP/1.1" 200 27522
181.130.194.124 - - [28/Jul/2020:08:22:33 -0500] "GET /BLA/boletinlegal/js/jquery.scrollShow.js HTTP/1.1" 200 4586
181.130.194.124 - - [28/Jul/2020:08:22:33 -0500] "GET /galeria/galeria/jquery.fancybox.css?v=2.1.5 HTTP/1.1" 200 4895
181.130.194.124 - - [28/Jul/2020:08:22:33 -0500] "GET /galeria/galeria/jquery.fancybox.js?v=2.1.5 HTTP/1.1" 200 48706
181.52.22.3 - - [28/Jul/2020:08:22:32 -0500] "POST /sipse/faces/presentacion/financiero/solicitudProceso/listarSolicitudProceso.xhtml HTTP/1.1" 200 27522
181.52.22.3 - - [28/Jul/2020:08:22:33 -0500] "POST /sipse/faces/presentacion/financiero/solicitudProceso/listarSolicitudProceso.xhtml HTTP/1.1" 200 1344
181.59.50.80 - - [28/Jul/2020:08:22:34 -0500] "GET /galeria/galeria/jquery.fancybox.css?v=2.1.5 HTTP/1.1" 200 4895
181.59.50.80 - - [28/Jul/2020:08:22:34 -0500] "GET /BLA/boletinlegal/js/jquery.scrollShow.js HTTP/1.1" 200 4586
181.59.50.80 - - [28/Jul/2020:08:22:34 -0500] "GET /galeria/galeria/jquery.fancybox.css?v=2.1.5 HTTP/1.1" 200 4895
181.59.50.80 - - [28/Jul/2020:08:22:34 -0500] "GET /galeria/galeria/jquery.fancybox.css?v=2.1.5 HTTP/1.1" 200 4895
181.59.50.80 - - [28/Jul/2020:08:22:34 -0500] "GET /BLA/boletinlegal/js/jquery.scrollShow.js HTTP/1.1" 200 4586
181.59.50.80 - - [28/Jul/2020:08:22:34 -0500] "GET /BLA/boletinlegal/js/jquery.scrollShow.js HTTP/1.1" 200 4586
181.59.50.80 - - [28/Jul/2020:08:22:34 -0500] "GET /galeria/galeria/jquery.fancybox.js?v=2.1.5 HTTP/1.1" 200 48706
181.59.50.80 - - [28/Jul/2020:08:22:34 -0500] "GET /galeria/galeria/jquery.fancybox.js?v=2.1.5 HTTP/1.1" 200 48706
181.59.50.80 - - [28/Jul/2020:08:22:34 -0500] "GET /galeria/galeria/jquery.fancybox.js?v=2.1.5 HTTP/1.1" 200 48706
181.59.50.80 - - [28/Jul/2020:08:22:34 -0500] "GET /BLA/boletinlegal/js/jquery.scrollShow.js HTTP/1.1" 200 4586
181.59.50.80 - - [28/Jul/2020:08:22:34 -0500] "GET /galeria/galeria/jquery.fancybox.css?v=2.1.5 HTTP/1.1" 200 4895
181.59.50.80 - - [28/Jul/2020:08:22:34 -0500] "GET /BLA/boletinlegal/js/jquery.scrollShow.js HTTP/1.1" 200 4586
181.59.50.80 - - [28/Jul/2020:08:22:34 -0500] "GET /galeria/galeria/jquery.fancybox.js?v=2.1.5 HTTP/1.1" 200 48706
181.59.50.80 - - [28/Jul/2020:08:22:34 -0500] "GET /galeria/galeria/jquery.fancybox.css?v=2.1.5 HTTP/1.1" 200 4895
181.59.50.80 - - [28/Jul/2020:08:22:34 -0500] "GET /galeria/galeria/jquery.fancybox.js?v=2.1.5 HTTP/1.1" 200 48706
181.52.22.3 - - [28/Jul/2020:08:22:33 -0500] "POST /sipse/faces/presentacion/financiero/solicitudProceso/listarSolicitudProceso.xhtml HTTP/1.1" 200 1344
181.52.22.3 - - [28/Jul/2020:08:22:34 -0500] "POST /sipse/faces/presentacion/financiero/solicitudProceso/listarSolicitudProceso.xhtml HTTP/1.1" 200 1344
181.52.22.3 - - [28/Jul/2020:08:22:36 -0500] "POST /sipse/faces/presentacion/financiero/solicitudProceso/listarSolicitudProceso.xhtml HTTP/1.1" 200 18145
181.52.22.3 - - [28/Jul/2020:08:22:37 -0500] "POST /sipse/faces/presentacion/financiero/solicitudProceso/listarSolicitudProceso.xhtml HTTP/1.1" 200 6929
161.18.171.85 - - [28/Jul/2020:08:22:38 -0500] "POST /sipse/faces/presentacion/financiero/solicitudProceso/consultarSolicitudProceso.xhtml HTTP/1.1" 200 5553
190.27.245.107 - - [28/Jul/2020:08:22:38 -0500] "GET /reportes_sipse/sdg/ServletReporte?reporte=experienia_idoneidad&solicitud=9727&pfdrid_c=false HTTP/1.1" 200 179463
181.61.75.10 - - [28/Jul/2020:08:22:47 -0500] "POST /sipse/faces/presentacion/financiero/solicitudProceso/listarSolicitudProceso.xhtml HTTP/1.1" 200 30113
201.245.192.253 - - [28/Jul/2020:08:22:19 -0500] "POST /kwsrmcab/Wsrmcab HTTP/1.1" 200 30647
191.102.120.98 - - [28/Jul/2020:08:23:00 -0500] "POST /sipse/faces/presentacion/financiero/solicitudProceso/consultarSolicitudProceso.xhtml HTTP/1.1" 200 37134
191.102.120.98 - - [28/Jul/2020:08:23:00 -0500] "GET /sipse/faces/javax.faces.resource/theme.css?ln=primefaces-sipse HTTP/1.1" 304 -
191.102.120.98 - - [28/Jul/2020:08:23:00 -0500] "GET /sipse/faces/javax.faces.resource/primefaces.css?ln=primefaces&v=4.0 HTTP/1.1" 304 -
191.102.120.98 - - [28/Jul/2020:08:23:00 -0500] "GET /sipse/faces/javax.faces.resource/layout/layout.css?ln=primefaces&v=4.0 HTTP/1.1" 304 -
191.102.120.98 - - [28/Jul/2020:08:23:00 -0500] "GET /sipse/faces/javax.faces.resource/jquery/jquery.js?ln=primefaces&v=4.0 HTTP/1.1" 304 -
191.102.120.98 - - [28/Jul/2020:08:23:00 -0500] "GET /sipse/faces/javax.faces.resource/jquery/jquery-plugins.js?ln=primefaces&v=4.0 HTTP/1.1" 304 -
191.102.120.98 - - [28/Jul/2020:08:23:00 -0500] "GET /sipse/faces/javax.faces.resource/primefaces.js?ln=primefaces&v=4.0 HTTP/1.1" 304 -
191.102.120.98 - - [28/Jul/2020:08:23:00 -0500] "GET /sipse/faces/javax.faces.resource/layout/layout.js?ln=primefaces&v=4.0 HTTP/1.1" 304 -
191.102.120.98 - - [28/Jul/2020:08:23:01 -0500] "POST /sipse/faces/presentacion/financiero/solicitudProceso/listarSolicitudProceso.xhtml HTTP/1.1" 200 1344
161.18.171.85 - - [28/Jul/2020:08:23:02 -0500] "POST /sipse/faces/presentacion/financiero/solicitudProceso/consultarSolicitudProceso.xhtml HTTP/1.1" 200 9577
191.102.120.98 - - [28/Jul/2020:08:23:03 -0500] "POST /sipse/faces/presentacion/financiero/solicitudProceso/listarSolicitudProceso.xhtml HTTP/1.1" 200 29077
191.102.120.98 - - [28/Jul/2020:08:23:04 -0500] "POST /sipse/faces/presentacion/financiero/solicitudProceso/listarSolicitudProceso.xhtml HTTP/1.1" 200 29081
161.18.171.85 - - [28/Jul/2020:08:23:04 -0500] "POST /sipse/faces/presentacion/financiero/solicitudProceso/consultarSolicitudProceso.xhtml HTTP/1.1" 200 33415
161.18.171.85 - - [28/Jul/2020:08:23:05 -0500] "GET /sipse/faces/javax.faces.resource/theme.css?ln=primefaces-sipse HTTP/1.1" 304 -
161.18.171.85 - - [28/Jul/2020:08:23:05 -0500] "GET /sipse/faces/javax.faces.resource/jquery/jquery.js?ln=primefaces&v=4.0 HTTP/1.1" 304 -
161.18.171.85 - - [28/Jul/2020:08:23:05 -0500] "GET /sipse/faces/javax.faces.resource/primefaces.css?ln=primefaces&v=4.0 HTTP/1.1" 304 -
161.18.171.85 - - [28/Jul/2020:08:23:05 -0500] "GET /sipse/faces/javax.faces.resource/layout/layout.css?ln=primefaces&v=4.0 HTTP/1.1" 304 -
161.18.171.85 - - [28/Jul/2020:08:23:05 -0500] "GET /sipse/faces/javax.faces.resource/jquery/jquery-plugins.js?ln=primefaces&v=4.0 HTTP/1.1" 304 -
161.18.171.85 - - [28/Jul/2020:08:23:05 -0500] "GET /sipse/css/imagen/contrasena.png HTTP/1.1" 404 383
161.18.171.85 - - [28/Jul/2020:08:23:05 -0500] "GET /sipse/faces/javax.faces.resource/primefaces.js?ln=primefaces&v=4.0 HTTP/1.1" 304 -
161.18.171.85 - - [28/Jul/2020:08:23:05 -0500] "GET /sipse/faces/javax.faces.resource/layout/layout.js?ln=primefaces&v=4.0 HTTP/1.1" 304 -
161.18.171.85 - - [28/Jul/2020:08:23:05 -0500] "POST /sipse/faces/presentacion/sistema/reporte/listarReportes.xhtml HTTP/1.1" 200 26717
161.18.171.85 - - [28/Jul/2020:08:23:06 -0500] "POST /sipse/faces/presentacion/sistema/reporte/listarReportes.xhtml HTTP/1.1" 200 26717
191.156.47.129 - - [28/Jul/2020:08:23:05 -0500] "POST /sipse/faces/presentacion/financiero/solicitudProceso/listarSolicitudProceso.xhtml HTTP/1.1" 200 6115
161.18.171.85 - - [28/Jul/2020:08:23:10 -0500] "POST /sipse/faces/presentacion/sistema/reporte/listarReportes.xhtml HTTP/1.1" 200 23092
161.18.171.85 - - [28/Jul/2020:08:23:11 -0500] "GET /sipse/faces/javax.faces.resource/theme.css?ln=primefaces-sipse HTTP/1.1" 304 -
161.18.171.85 - - [28/Jul/2020:08:23:11 -0500] "GET /sipse/faces/javax.faces.resource/primefaces.css?ln=primefaces&v=4.0 HTTP/1.1" 304 -
161.18.171.85 - - [28/Jul/2020:08:23:11 -0500] "GET /sipse/faces/javax.faces.resource/layout/layout.css?ln=primefaces&v=4.0 HTTP/1.1" 304 -
161.18.171.85 - - [28/Jul/2020:08:23:11 -0500] "GET /sipse/faces/javax.faces.resource/jquery/jquery.js?ln=primefaces&v=4.0 HTTP/1.1" 304 -
161.18.171.85 - - [28/Jul/2020:08:23:11 -0500] "GET /sipse/faces/javax.faces.resource/jquery/jquery-plugins.js?ln=primefaces&v=4.0 HTTP/1.1" 304 -
161.18.171.85 - - [28/Jul/2020:08:23:11 -0500] "GET /sipse/faces/javax.faces.resource/primefaces.js?ln=primefaces&v=4.0 HTTP/1.1" 304 -
161.18.171.85 - - [28/Jul/2020:08:23:11 -0500] "GET /sipse/faces/javax.faces.resource/layout/layout.js?ln=primefaces&v=4.0 HTTP/1.1" 304 -
161.18.171.85 - - [28/Jul/2020:08:23:11 -0500] "GET /sipse/css/imagen/contrasena.png HTTP/1.1" 404 383
161.18.171.85 - - [28/Jul/2020:08:23:11 -0500] "GET /sipse/faces/javax.faces.resource/images/ui-icons_898989_256x240.png?ln=primefaces-aristo HTTP/1.1" 304 -
190.27.245.107 - - [28/Jul/2020:08:23:11 -0500] "GET /reportes_sipse/sdg/ServletReporte?reporte=no_hay HTTP/1.1" 200 5373
190.27.245.107 - - [28/Jul/2020:08:23:11 -0500] "GET /reportes_sipse/css/estilos.css HTTP/1.1" 200 9135
190.27.245.107 - - [28/Jul/2020:08:23:12 -0500] "GET /reportes_sipse/js/funciones.js HTTP/1.1" 200 4709
190.27.245.107 - - [28/Jul/2020:08:23:12 -0500] "GET /reportes_sipse/js/date-picker.js HTTP/1.1" 200 16768
190.27.245.107 - - [28/Jul/2020:08:23:12 -0500] "GET /reportes_sipse/imagenes/logoAplicacion.jpg HTTP/1.1" 200 26872
190.27.245.107 - - [28/Jul/2020:08:23:12 -0500] "GET /reportes_sipse/imagenes/pdf.gif HTTP/1.1" 200 598
190.27.245.107 - - [28/Jul/2020:08:23:12 -0500] "GET /reportes_sipse/imagenes/excel.gif HTTP/1.1" 200 613
190.27.245.107 - - [28/Jul/2020:08:23:12 -0500] "GET /reportes_sipse/imagenes/fondo.jpg HTTP/1.1" 200 20235
191.102.120.98 - - [28/Jul/2020:08:23:12 -0500] "POST /sipse/faces/presentacion/financiero/solicitudProceso/listarSolicitudProceso.xhtml HTTP/1.1" 200 10001
201.221.165.176 - - [28/Jul/2020:08:23:13 -0500] "POST /sipse/faces/presentacion/financiero/solicitudProceso/consultarSolicitudProceso.xhtml HTTP/1.1" 200 287386
190.146.108.120 - - [28/Jul/2020:08:23:13 -0500] "GET /galeria/galeria/jquery.fancybox.css?v=2.1.5 HTTP/1.1" 200 4895
190.27.245.107 - - [28/Jul/2020:08:23:16 -0500] "POST /reportes_sipse/sdg/ServletControlador HTTP/1.1" 200 160990
191.102.120.98 - - [28/Jul/2020:08:23:17 -0500] "POST /sipse/faces/presentacion/financiero/solicitudProceso/listarSolicitudProceso.xhtml HTTP/1.1" 200 143939
191.102.120.98 - - [28/Jul/2020:08:23:18 -0500] "GET /sipse/faces/javax.faces.resource/theme.css?ln=primefaces-sipse HTTP/1.1" 304 -
191.102.120.98 - - [28/Jul/2020:08:23:18 -0500] "GET /sipse/faces/javax.faces.resource/layout/layout.css?ln=primefaces&v=4.0 HTTP/1.1" 304 -
191.102.120.98 - - [28/Jul/2020:08:23:18 -0500] "GET /sipse/faces/javax.faces.resource/primefaces.css?ln=primefaces&v=4.0 HTTP/1.1" 304 -
191.102.120.98 - - [28/Jul/2020:08:23:18 -0500] "GET /sipse/faces/javax.faces.resource/jquery/jquery.js?ln=primefaces&v=4.0 HTTP/1.1" 304 -
191.102.120.98 - - [28/Jul/2020:08:23:18 -0500] "GET /sipse/faces/javax.faces.resource/jquery/jquery-plugins.js?ln=primefaces&v=4.0 HTTP/1.1" 304 -
191.102.120.98 - - [28/Jul/2020:08:23:18 -0500] "GET /sipse/faces/javax.faces.resource/primefaces.js?ln=primefaces&v=4.0 HTTP/1.1" 304 -
191.102.120.98 - - [28/Jul/2020:08:23:18 -0500] "GET /sipse/faces/javax.faces.resource/layout/layout.js?ln=primefaces&v=4.0 HTTP/1.1" 304 -
190.27.245.107 - - [28/Jul/2020:08:23:18 -0500] "GET /reportes_sipse/sdg/ServletReporte?reporte=experienia_idoneidad&solicitud=9727&pfdrid_c=false HTTP/1.1" 200 179463
200.110.172.3 - - [28/Jul/2020:08:23:21 -0500] "GET /BLA/boletinlegal/js/jquery.scrollShow.js HTTP/1.1" 200 4586
200.110.172.3 - - [28/Jul/2020:08:23:21 -0500] "GET /galeria/galeria/jquery.fancybox.css?v=2.1.5 HTTP/1.1" 200 4895
200.110.172.3 - - [28/Jul/2020:08:23:21 -0500] "GET /galeria/galeria/jquery.fancybox.js?v=2.1.5 HTTP/1.1" 200 48706
201.245.192.253 - - [28/Jul/2020:08:22:53 -0500] "POST /kwsrmcab/Wsrmcab HTTP/1.1" 200 29158
191.102.120.98 - - [28/Jul/2020:08:23:25 -0500] "POST /sipse/faces/presentacion/financiero/solicitudProceso/consultarSolicitudProceso.xhtml HTTP/1.1" 200 62443
191.102.120.98 - - [28/Jul/2020:08:23:27 -0500] "GET /sipse/faces/javax.faces.resource/theme.css?ln=primefaces-sipse HTTP/1.1" 304 -
191.102.120.98 - - [28/Jul/2020:08:23:27 -0500] "GET /sipse/faces/javax.faces.resource/primefaces.css?ln=primefaces&v=4.0 HTTP/1.1" 304 -
191.102.120.98 - - [28/Jul/2020:08:23:27 -0500] "GET /sipse/faces/javax.faces.resource/layout/layout.css?ln=primefaces&v=4.0 HTTP/1.1" 304 -
191.102.120.98 - - [28/Jul/2020:08:23:27 -0500] "GET /sipse/faces/javax.faces.resource/jquery/jquery.js?ln=primefaces&v=4.0 HTTP/1.1" 304 -
191.102.120.98 - - [28/Jul/2020:08:23:27 -0500] "GET /sipse/faces/javax.faces.resource/jquery/jquery-plugins.js?ln=primefaces&v=4.0 HTTP/1.1" 304 -
191.102.120.98 - - [28/Jul/2020:08:23:27 -0500] "GET /sipse/faces/javax.faces.resource/primefaces.js?ln=primefaces&v=4.0 HTTP/1.1" 304 -
191.102.120.98 - - [28/Jul/2020:08:23:27 -0500] "GET /sipse/faces/javax.faces.resource/layout/layout.js?ln=primefaces&v=4.0 HTTP/1.1" 304 -
191.102.120.98 - - [28/Jul/2020:08:23:27 -0500] "POST /sipse/faces/presentacion/financiero/solicitudProceso/listarSolicitudProceso.xhtml HTTP/1.1" 200 1452
191.102.120.98 - - [28/Jul/2020:08:23:31 -0500] "POST /sipse/faces/presentacion/financiero/solicitudProceso/listarSolicitudProceso.xhtml HTTP/1.1" 200 9969
181.52.22.3 - - [28/Jul/2020:08:23:35 -0500] "POST /sipse/faces/presentacion/financiero/solicitudProceso/listarSolicitudProceso.xhtml HTTP/1.1" 200 32347
191.102.120.98 - - [28/Jul/2020:08:23:35 -0500] "POST /sipse/faces/presentacion/financiero/solicitudProceso/listarSolicitudProceso.xhtml HTTP/1.1" 200 137413
191.102.120.98 - - [28/Jul/2020:08:23:36 -0500] "GET /sipse/faces/javax.faces.resource/theme.css?ln=primefaces-sipse HTTP/1.1" 304 -
191.102.120.98 - - [28/Jul/2020:08:23:36 -0500] "GET /sipse/faces/javax.faces.resource/layout/layout.css?ln=primefaces&v=4.0 HTTP/1.1" 304 -
191.102.120.98 - - [28/Jul/2020:08:23:36 -0500] "GET /sipse/faces/javax.faces.resource/primefaces.css?ln=primefaces&v=4.0 HTTP/1.1" 304 -
191.102.120.98 - - [28/Jul/2020:08:23:36 -0500] "GET /sipse/faces/javax.faces.resource/jquery/jquery.js?ln=primefaces&v=4.0 HTTP/1.1" 304 -
191.102.120.98 - - [28/Jul/2020:08:23:36 -0500] "GET /sipse/faces/javax.faces.resource/jquery/jquery-plugins.js?ln=primefaces&v=4.0 HTTP/1.1" 304 -
191.102.120.98 - - [28/Jul/2020:08:23:36 -0500] "GET /sipse/faces/javax.faces.resource/primefaces.js?ln=primefaces&v=4.0 HTTP/1.1" 304 -
191.102.120.98 - - [28/Jul/2020:08:23:36 -0500] "GET /sipse/faces/javax.faces.resource/layout/layout.js?ln=primefaces&v=4.0 HTTP/1.1" 304 -
190.27.245.107 - - [28/Jul/2020:08:23:36 -0500] "GET /reportes_sipse/sdg/ServletReporte?reporte=experienia_idoneidad&solicitud=9727&pfdrid_c=false HTTP/1.1" 200 179463
186.154.36.224 - - [28/Jul/2020:08:23:38 -0500] "GET /BLA/boletinlegal/js/jquery.scrollShow.js HTTP/1.1" 200 4586
186.154.36.224 - - [28/Jul/2020:08:23:38 -0500] "GET /galeria/galeria/jquery.fancybox.js?v=2.1.5 HTTP/1.1" 200 48706
186.154.36.224 - - [28/Jul/2020:08:23:38 -0500] "GET /galeria/galeria/jquery.fancybox.css?v=2.1.5 HTTP/1.1" 200 4895
191.102.120.98 - - [28/Jul/2020:08:23:39 -0500] "POST /sipse/faces/presentacion/financiero/solicitudProceso/consultarSolicitudProceso.xhtml HTTP/1.1" 200 61936
191.102.120.98 - - [28/Jul/2020:08:23:39 -0500] "GET /sipse/faces/javax.faces.resource/theme.css?ln=primefaces-sipse HTTP/1.1" 304 -
191.102.120.98 - - [28/Jul/2020:08:23:39 -0500] "GET /sipse/faces/javax.faces.resource/primefaces.css?ln=primefaces&v=4.0 HTTP/1.1" 304 -
191.102.120.98 - - [28/Jul/2020:08:23:39 -0500] "GET /sipse/faces/javax.faces.resource/layout/layout.css?ln=primefaces&v=4.0 HTTP/1.1" 304 -
191.102.120.98 - - [28/Jul/2020:08:23:39 -0500] "GET /sipse/faces/javax.faces.resource/jquery/jquery.js?ln=primefaces&v=4.0 HTTP/1.1" 304 -
191.102.120.98 - - [28/Jul/2020:08:23:39 -0500] "GET /sipse/faces/javax.faces.resource/jquery/jquery-plugins.js?ln=primefaces&v=4.0 HTTP/1.1" 304 -
191.102.120.98 - - [28/Jul/2020:08:23:39 -0500] "GET /sipse/faces/javax.faces.resource/primefaces.js?ln=primefaces&v=4.0 HTTP/1.1" 304 -
191.102.120.98 - - [28/Jul/2020:08:23:39 -0500] "GET /sipse/faces/javax.faces.resource/layout/layout.js?ln=primefaces&v=4.0 HTTP/1.1" 304 -
191.102.120.98 - - [28/Jul/2020:08:23:39 -0500] "POST /sipse/faces/presentacion/financiero/solicitudProceso/listarSolicitudProceso.xhtml HTTP/1.1" 200 55199
191.102.120.98 - - [28/Jul/2020:08:23:39 -0500] "POST /sipse/faces/presentacion/financiero/solicitudProceso/listarSolicitudProceso.xhtml HTTP/1.1" 200 55199
191.102.120.98 - - [28/Jul/2020:08:23:40 -0500] "POST /sipse/faces/presentacion/financiero/solicitudProceso/listarSolicitudProceso.xhtml HTTP/1.1" 200 55199
191.102.120.98 - - [28/Jul/2020:08:23:40 -0500] "POST /sipse/faces/presentacion/financiero/solicitudProceso/listarSolicitudProceso.xhtml HTTP/1.1" 200 55199
191.102.120.98 - - [28/Jul/2020:08:23:40 -0500] "POST /sipse/faces/presentacion/financiero/solicitudProceso/listarSolicitudProceso.xhtml HTTP/1.1" 200 1452
191.102.120.98 - - [28/Jul/2020:08:23:40 -0500] "POST /sipse/faces/presentacion/financiero/solicitudProceso/listarSolicitudProceso.xhtml HTTP/1.1" 200 1448
191.102.120.98 - - [28/Jul/2020:08:23:40 -0500] "POST /sipse/faces/presentacion/financiero/solicitudProceso/listarSolicitudProceso.xhtml HTTP/1.1" 200 1452
191.102.120.98 - - [28/Jul/2020:08:23:40 -0500] "POST /sipse/faces/presentacion/financiero/solicitudProceso/listarSolicitudProceso.xhtml HTTP/1.1" 200 1448
191.102.120.98 - - [28/Jul/2020:08:23:40 -0500] "POST /sipse/faces/presentacion/financiero/solicitudProceso/listarSolicitudProceso.xhtml HTTP/1.1" 200 1452
191.102.120.98 - - [28/Jul/2020:08:23:41 -0500] "POST /sipse/faces/presentacion/financiero/solicitudProceso/listarSolicitudProceso.xhtml HTTP/1.1" 200 9969
190.146.108.120 - - [28/Jul/2020:08:23:42 -0500] "GET /galeria/galeria/jquery.fancybox.css?v=2.1.5 HTTP/1.1" 200 4895
190.146.108.120 - - [28/Jul/2020:08:23:42 -0500] "GET /galeria/carrusel/Carrusel/jquery-ui-1.8.13.custom.min.js HTTP/1.1" 304 -
190.146.108.120 - - [28/Jul/2020:08:23:42 -0500] "GET /galeria/carrusel/Carrusel/jquery.thumbnailScroller.css HTTP/1.1" 304 -
190.146.108.120 - - [28/Jul/2020:08:23:42 -0500] "GET /galeria/carrusel/Carrusel/jquery.thumbnailScroller.js HTTP/1.1" 200 8157
190.146.108.120 - - [28/Jul/2020:08:23:42 -0500] "GET /galeria/nivo-slider/demo/inicio88.html HTTP/1.1" 200 4595
181.52.22.3 - - [28/Jul/2020:08:23:42 -0500] "POST /sipse/faces/presentacion/financiero/solicitudProceso/listarSolicitudProceso.xhtml HTTP/1.1" 200 15790
190.146.108.120 - - [28/Jul/2020:08:23:43 -0500] "GET /galeria/nivo-slider/themes/pascal/pascal.css HTTP/1.1" 200 2258
190.146.108.120 - - [28/Jul/2020:08:23:43 -0500] "GET /galeria/nivo-slider/themes/default/default.css HTTP/1.1" 200 1569
190.146.108.120 - - [28/Jul/2020:08:23:43 -0500] "GET /galeria/nivo-slider/themes/orman/orman.css HTTP/1.1" 200 2152
190.146.108.120 - - [28/Jul/2020:08:23:43 -0500] "GET /galeria/nivo-slider/nivo-slider.css HTTP/1.1" 200 1507
190.146.108.120 - - [28/Jul/2020:08:23:43 -0500] "GET /galeria/nivo-slider/demo/style.css HTTP/1.1" 200 2222
190.146.108.120 - - [28/Jul/2020:08:23:43 -0500] "GET /galeria/nivo-slider/demo/images/bannernaranja.jpg HTTP/1.1" 200 40936
190.146.108.120 - - [28/Jul/2020:08:23:43 -0500] "GET /galeria/nivo-slider/demo/images/Bannercuidate.jpg HTTP/1.1" 200 75508
190.146.108.120 - - [28/Jul/2020:08:23:43 -0500] "GET /galeria/nivo-slider/demo/images/bannereco2020.jpg HTTP/1.1" 200 52823
190.146.108.120 - - [28/Jul/2020:08:23:43 -0500] "GET /galeria/nivo-slider/demo/images/Banner%20canales%20virtuales.jpg HTTP/1.1" 200 209438
190.146.108.120 - - [28/Jul/2020:08:23:43 -0500] "GET /galeria/nivo-slider/demo/images/bannerclasesvirtual.jpg HTTP/1.1" 200 191931
190.146.108.120 - - [28/Jul/2020:08:23:43 -0500] "GET /galeria/nivo-slider/demo/images/bannerhorarios.jpg HTTP/1.1" 200 50157
190.146.108.120 - - [28/Jul/2020:08:23:43 -0500] "GET /galeria/nivo-slider/demo/scripts/jquery-1.7.1.min.js HTTP/1.1" 200 93868
190.146.108.120 - - [28/Jul/2020:08:23:43 -0500] "GET /galeria/nivo-slider/jquery.nivo.slider.pack.js HTTP/1.1" 200 11561
190.146.108.120 - - [28/Jul/2020:08:23:43 -0500] "GET /galeria/nivo-slider/demo/images/4Simple_Slider.png HTTP/1.1" 200 11722
190.146.108.120 - - [28/Jul/2020:08:23:43 -0500] "GET /galeria/nivo-slider/themes/default/loading.gif HTTP/1.1" 200 1737
190.146.108.120 - - [28/Jul/2020:08:23:43 -0500] "GET /galeria/nivo-slider/demo/images/bannerbioseguridad.jpg HTTP/1.1" 200 228661
190.146.108.120 - - [28/Jul/2020:08:23:43 -0500] "GET /galeria/nivo-slider/demo/images/Bannerultimo.jpg HTTP/1.1" 200 256691
190.146.108.120 - - [28/Jul/2020:08:23:43 -0500] "GET /galeria/nivo-slider/demo/images/bannersolidariacasa.jpg HTTP/1.1" 200 70999
190.146.108.120 - - [28/Jul/2020:08:23:43 -0500] "GET /galeria/nivo-slider/demo/images/bannerplan2020.png HTTP/1.1" 200 144663
190.146.108.120 - - [28/Jul/2020:08:23:43 -0500] "GET /galeria/nivo-slider/demo/images/bannercovid.jpg HTTP/1.1" 304 -
190.146.108.120 - - [28/Jul/2020:08:23:44 -0500] "GET /galeria/nivo-slider/themes/default/arrows.png HTTP/1.1" 200 824
190.146.108.120 - - [28/Jul/2020:08:23:44 -0500] "GET /galeria/nivo-slider/themes/default/bullets.png HTTP/1.1" 200 1281
191.102.120.98 - - [28/Jul/2020:08:23:46 -0500] "POST /sipse/faces/presentacion/financiero/solicitudProceso/listarSolicitudProceso.xhtml HTTP/1.1" 200 144023
191.102.120.98 - - [28/Jul/2020:08:23:46 -0500] "GET /sipse/faces/javax.faces.resource/theme.css?ln=primefaces-sipse HTTP/1.1" 304 -
191.102.120.98 - - [28/Jul/2020:08:23:46 -0500] "GET /sipse/faces/javax.faces.resource/primefaces.css?ln=primefaces&v=4.0 HTTP/1.1" 304 -
191.102.120.98 - - [28/Jul/2020:08:23:46 -0500] "GET /sipse/faces/javax.faces.resource/layout/layout.css?ln=primefaces&v=4.0 HTTP/1.1" 304 -
191.102.120.98 - - [28/Jul/2020:08:23:46 -0500] "GET /sipse/faces/javax.faces.resource/jquery/jquery.js?ln=primefaces&v=4.0 HTTP/1.1" 304 -
191.102.120.98 - - [28/Jul/2020:08:23:46 -0500] "GET /sipse/faces/javax.faces.resource/jquery/jquery-plugins.js?ln=primefaces&v=4.0 HTTP/1.1" 304 -
191.102.120.98 - - [28/Jul/2020:08:23:46 -0500] "GET /sipse/faces/javax.faces.resource/primefaces.js?ln=primefaces&v=4.0 HTTP/1.1" 304 -
191.102.120.98 - - [28/Jul/2020:08:23:46 -0500] "GET /sipse/faces/javax.faces.resource/layout/layout.js?ln=primefaces&v=4.0 HTTP/1.1" 304 -
186.154.36.224 - - [28/Jul/2020:08:23:46 -0500] "GET /Residuos/farmaceutica/farmaceutica.html HTTP/1.1" 200 1967
186.154.36.224 - - [28/Jul/2020:08:23:47 -0500] "GET /favicon.ico HTTP/1.1" 200 7782
190.27.245.107 - - [28/Jul/2020:08:23:47 -0500] "GET /reportes_sipse/sdg/ServletReporte?reporte=experienia_idoneidad&solicitud=9727&pfdrid_c=false HTTP/1.1" 200 179463
191.156.32.120 - - [28/Jul/2020:08:23:50 -0500] "POST /sipse/faces/presentacion/financiero/solicitudProceso/listarSolicitudProceso.xhtml HTTP/1.1" 200 6107
201.245.192.253 - - [28/Jul/2020:08:23:51 -0500] "GET /sipse/faces/autenticacion.xhtml HTTP/1.1" 200 12492
201.245.192.253 - - [28/Jul/2020:08:23:51 -0500] "GET /sipse/faces/javax.faces.resource/layout/layout.css;jsessionid=fq-gJu-iDkpxmOt3Rm6zCbtd.undefined?ln=primefaces&v=4.0 HTTP/1.1" 200 542
201.245.192.253 - - [28/Jul/2020:08:23:51 -0500] "GET /sipse/faces/javax.faces.resource/primefaces.css;jsessionid=fq-gJu-iDkpxmOt3Rm6zCbtd.undefined?ln=primefaces&v=4.0 HTTP/1.1" 200 53295
201.245.192.253 - - [28/Jul/2020:08:23:51 -0500] "GET /sipse/faces/javax.faces.resource/layout/layout.js;jsessionid=fq-gJu-iDkpxmOt3Rm6zCbtd.undefined?ln=primefaces&v=4.0 HTTP/1.1" 200 87560
201.245.192.253 - - [28/Jul/2020:08:23:51 -0500] "GET /sipse/faces/javax.faces.resource/jquery/jquery.js;jsessionid=fq-gJu-iDkpxmOt3Rm6zCbtd.undefined?ln=primefaces&v=4.0 HTTP/1.1" 200 105384
201.245.192.253 - - [28/Jul/2020:08:23:51 -0500] "GET /sipse/faces/javax.faces.resource/jquery/jquery-plugins.js;jsessionid=fq-gJu-iDkpxmOt3Rm6zCbtd.undefined?ln=primefaces&v=4.0 HTTP/1.1" 200 220526
201.245.192.253 - - [28/Jul/2020:08:23:51 -0500] "GET /sipse/faces/javax.faces.resource/primefaces.js;jsessionid=fq-gJu-iDkpxmOt3Rm6zCbtd.undefined?ln=primefaces&v=4.0 HTTP/1.1" 200 276924
201.245.192.253 - - [28/Jul/2020:08:23:52 -0500] "GET /sipse/css/custom_css_sg_prime_login.css HTTP/1.1" 200 443
201.245.192.253 - - [28/Jul/2020:08:23:52 -0500] "GET /sipse/css/custom_css_sg.css HTTP/1.1" 200 9694
201.245.192.253 - - [28/Jul/2020:08:23:52 -0500] "GET /sipse/faces/javax.faces.resource/theme.css?ln=primefaces-sipse HTTP/1.1" 200 50058
201.245.192.253 - - [28/Jul/2020:08:23:52 -0500] "GET /sipse/js/disable_browser_buttons.js HTTP/1.1" 200 3230
201.245.192.253 - - [28/Jul/2020:08:23:52 -0500] "GET /sipse/js/funciones.js HTTP/1.1" 200 12592
201.245.192.253 - - [28/Jul/2020:08:23:52 -0500] "GET /sipse/faces/javax.faces.resource/images/ui-icons_898989_256x240.png?ln=primefaces-aristo HTTP/1.1" 200 5355
201.245.192.253 - - [28/Jul/2020:08:23:52 -0500] "GET /sipse/css/imagen/logoSDG.png HTTP/1.1" 200 53064
201.245.192.253 - - [28/Jul/2020:08:23:52 -0500] "GET /sipse/css/imagen/loginimg.png HTTP/1.1" 200 71635
201.221.165.176 - - [28/Jul/2020:08:23:52 -0500] "POST /sipse/faces/presentacion/financiero/solicitudProceso/consultarSolicitudProceso.xhtml HTTP/1.1" 200 5561
201.221.165.176 - - [28/Jul/2020:08:23:52 -0500] "GET /sipse/faces/javax.faces.resource/dynamiccontent.properties?ln=primefaces&pfdrid=XjOR5%2F%2FfPAZAuY9TpWQeCiM0BhlXxYRBGKi%2FQcXXfeA%3D&pfdrid_c=false HTTP/1.1" 200 126298
201.245.192.253 - - [28/Jul/2020:08:23:52 -0500] "GET /sipse/faces/index.xhtml HTTP/1.1" 200 677
201.245.192.253 - - [28/Jul/2020:08:23:52 -0500] "GET /sipse/faces/javax.faces.resource/theme.css?ln=primefaces-sipse HTTP/1.1" 304 -
186.185.151.20 - - [28/Jul/2020:08:23:52 -0500] "GET /BLA/boletinlegal/js/jquery.scrollShow.js HTTP/1.1" 200 4586
186.185.151.20 - - [28/Jul/2020:08:23:52 -0500] "GET /galeria/galeria/jquery.fancybox.css?v=2.1.5 HTTP/1.1" 200 4895
186.185.151.20 - - [28/Jul/2020:08:23:52 -0500] "GET /galeria/galeria/jquery.fancybox.js?v=2.1.5 HTTP/1.1" 200 48706
201.245.192.253 - - [28/Jul/2020:08:23:53 -0500] "GET /sipse/faces/faces/autenticacion.xhtml HTTP/1.1" 200 12170
201.245.192.253 - - [28/Jul/2020:08:23:53 -0500] "GET /sipse/faces/javax.faces.resource/theme.css?ln=primefaces-sipse HTTP/1.1" 304 -
201.245.192.253 - - [28/Jul/2020:08:23:53 -0500] "GET /sipse/faces/javax.faces.resource/layout/layout.css?ln=primefaces&v=4.0 HTTP/1.1" 200 542
201.245.192.253 - - [28/Jul/2020:08:23:53 -0500] "GET /sipse/faces/javax.faces.resource/primefaces.css?ln=primefaces&v=4.0 HTTP/1.1" 200 53295
201.245.192.253 - - [28/Jul/2020:08:23:53 -0500] "GET /sipse/faces/javax.faces.resource/jquery/jquery.js?ln=primefaces&v=4.0 HTTP/1.1" 304 -
201.245.192.253 - - [28/Jul/2020:08:23:53 -0500] "GET /sipse/faces/javax.faces.resource/jquery/jquery-plugins.js?ln=primefaces&v=4.0 HTTP/1.1" 304 -
201.245.192.253 - - [28/Jul/2020:08:23:53 -0500] "GET /sipse/faces/javax.faces.resource/primefaces.js?ln=primefaces&v=4.0 HTTP/1.1" 304 -
201.245.192.253 - - [28/Jul/2020:08:23:53 -0500] "GET /sipse/faces/javax.faces.resource/layout/layout.js?ln=primefaces&v=4.0 HTTP/1.1" 304 -
201.245.192.253 - - [28/Jul/2020:08:23:53 -0500] "GET /sipse/faces/javax.faces.resource/images/ui-icons_898989_256x240.png?ln=primefaces-aristo HTTP/1.1" 304 -
201.245.192.253 - - [28/Jul/2020:08:23:55 -0500] "POST /sipse/faces/autenticacion.xhtml HTTP/1.1" 200 15248
201.245.192.253 - - [28/Jul/2020:08:23:55 -0500] "GET /sipse/css/custom_css_sg_prime.css HTTP/1.1" 200 5201
201.245.192.253 - - [28/Jul/2020:08:23:55 -0500] "GET /sipse/js/jquery.min.js HTTP/1.1" 200 85582
201.245.192.253 - - [28/Jul/2020:08:23:56 -0500] "GET /sipse/faces/javax.faces.resource/jquery/jquery.js?ln=primefaces&v=4.0 HTTP/1.1" 304 -
201.245.192.253 - - [28/Jul/2020:08:23:56 -0500] "GET /sipse/faces/javax.faces.resource/jquery/jquery-plugins.js?ln=primefaces&v=4.0 HTTP/1.1" 304 -
201.245.192.253 - - [28/Jul/2020:08:23:56 -0500] "GET /sipse/faces/javax.faces.resource/primefaces.js?ln=primefaces&v=4.0 HTTP/1.1" 304 -
201.245.192.253 - - [28/Jul/2020:08:23:56 -0500] "GET /sipse/faces/javax.faces.resource/layout/layout.js?ln=primefaces&v=4.0 HTTP/1.1" 304 -
201.245.192.253 - - [28/Jul/2020:08:23:56 -0500] "GET /sipse/imagenes/cargando.gif HTTP/1.1" 200 36959
201.245.192.253 - - [28/Jul/2020:08:23:56 -0500] "GET /sipse/imagenes/logoAplicacion.jpg HTTP/1.1" 200 155084
201.245.192.253 - - [28/Jul/2020:08:23:56 -0500] "GET /sipse/css/imagen/contrasena.png HTTP/1.1" 404 383
201.245.192.253 - - [28/Jul/2020:08:23:56 -0500] "GET /sipse/faces/javax.faces.resource/messages/messages.png?ln=primefaces&v=4.0 HTTP/1.1" 304 -
191.102.120.98 - - [28/Jul/2020:08:23:56 -0500] "POST /sipse/faces/presentacion/financiero/solicitudProceso/consultarSolicitudProceso.xhtml HTTP/1.1" 200 5497
181.52.22.3 - - [28/Jul/2020:08:23:56 -0500] "POST /sipse/faces/presentacion/financiero/solicitudProceso/listarSolicitudProceso.xhtml HTTP/1.1" 200 32347
190.27.245.107 - - [28/Jul/2020:08:23:56 -0500] "GET /reportes_sipse/sdg/ServletReporte?reporte=experienia_idoneidad&solicitud=9956&pfdrid_c=false HTTP/1.1" 200 133286
181.52.22.3 - - [28/Jul/2020:08:23:59 -0500] "POST /sipse/faces/presentacion/financiero/solicitudProceso/listarSolicitudProceso.xhtml HTTP/1.1" 200 32663
181.52.22.3 - - [28/Jul/2020:08:24:01 -0500] "POST /sipse/faces/presentacion/financiero/solicitudProceso/listarSolicitudProceso.xhtml HTTP/1.1" 200 32888
201.245.192.253 - - [28/Jul/2020:08:24:02 -0500] "POST /sipse/faces/bienvenido.xhtml HTTP/1.1" 200 3843
201.245.192.253 - - [28/Jul/2020:08:24:02 -0500] "GET /sipse/faces/javax.faces.resource/images/ui-bg_flat_0_2d5972_40x100.png?ln=primefaces-aristo HTTP/1.1" 304 -
201.245.192.253 - - [28/Jul/2020:08:24:04 -0500] "POST /sipse/faces/bienvenido.xhtml HTTP/1.1" 200 30449
201.245.192.253 - - [28/Jul/2020:08:24:05 -0500] "GET /sipse/faces/javax.faces.resource/jquery/jquery.js?ln=primefaces&v=4.0 HTTP/1.1" 304 -
201.245.192.253 - - [28/Jul/2020:08:24:05 -0500] "GET /sipse/faces/javax.faces.resource/jquery/jquery-plugins.js?ln=primefaces&v=4.0 HTTP/1.1" 304 -
201.245.192.253 - - [28/Jul/2020:08:24:05 -0500] "GET /sipse/faces/javax.faces.resource/primefaces.js?ln=primefaces&v=4.0 HTTP/1.1" 304 -
