186.84.232.207 - - [28/Jul/2020:01:53:23 -0500] "GET /sipse/faces/javax.faces.resource/jquery/jquery-plugins.js?ln=primefaces&v=4.0 HTTP/1.1" 304 -
186.84.232.207 - - [28/Jul/2020:01:53:23 -0500] "GET /sipse/faces/javax.faces.resource/primefaces.js?ln=primefaces&v=4.0 HTTP/1.1" 304 -
186.84.232.207 - - [28/Jul/2020:01:53:23 -0500] "GET /sipse/faces/javax.faces.resource/layout/layout.js?ln=primefaces&v=4.0 HTTP/1.1" 304 -
186.84.232.207 - - [28/Jul/2020:01:53:23 -0500] "POST /sipse/faces/presentacion/financiero/estudioPrevio/personalSolicitado/personalSolicitadoSolicitudProceso.xhtml HTTP/1.1" 200 186690
190.27.245.107 - - [28/Jul/2020:01:53:23 -0500] "GET /reportes_sipse/sdg/ServletReporte?reporte=experienia_idoneidad&solicitud=9946&pfdrid_c=false HTTP/1.1" 200 182433
66.249.79.109 - - [28/Jul/2020:01:53:29 -0500] "GET /BLA/resoluciones/RESOLUCIONES%202009/3541.pdf HTTP/1.1" 200 621466
186.84.232.207 - - [28/Jul/2020:01:53:31 -0500] "POST /sipse/faces/presentacion/financiero/solicitudProceso/consultarSolicitudProceso.xhtml HTTP/1.1" 200 41059
186.84.232.207 - - [28/Jul/2020:01:53:33 -0500] "GET /sipse/faces/javax.faces.resource/theme.css?ln=primefaces-sipse HTTP/1.1" 304 -
186.84.232.207 - - [28/Jul/2020:01:53:33 -0500] "GET /sipse/faces/javax.faces.resource/primefaces.css?ln=primefaces&v=4.0 HTTP/1.1" 304 -
186.84.232.207 - - [28/Jul/2020:01:53:33 -0500] "GET /sipse/faces/javax.faces.resource/layout/layout.css?ln=primefaces&v=4.0 HTTP/1.1" 304 -
186.84.232.207 - - [28/Jul/2020:01:53:33 -0500] "GET /sipse/faces/javax.faces.resource/jquery/jquery.js?ln=primefaces&v=4.0 HTTP/1.1" 304 -
186.84.232.207 - - [28/Jul/2020:01:53:33 -0500] "GET /sipse/faces/javax.faces.resource/jquery/jquery-plugins.js?ln=primefaces&v=4.0 HTTP/1.1" 304 -
186.84.232.207 - - [28/Jul/2020:01:53:33 -0500] "GET /sipse/faces/javax.faces.resource/primefaces.js?ln=primefaces&v=4.0 HTTP/1.1" 304 -
186.84.232.207 - - [28/Jul/2020:01:53:33 -0500] "GET /sipse/faces/javax.faces.resource/layout/layout.js?ln=primefaces&v=4.0 HTTP/1.1" 304 -
186.84.232.207 - - [28/Jul/2020:01:53:34 -0500] "POST /sipse/faces/presentacion/financiero/solicitudProceso/listarSolicitudProceso.xhtml HTTP/1.1" 200 1344
66.249.79.107 - - [28/Jul/2020:01:53:38 -0500] "GET /BLA/resoluciones/RESOLUCIONES%202009/9799.pdf HTTP/1.1" 200 716156
66.249.79.109 - - [28/Jul/2020:01:53:46 -0500] "GET /BLA/resoluciones/RESOLUCIONES%202008/0065.pdf HTTP/1.1" 200 642410
186.84.22.0 - - [28/Jul/2020:01:53:49 -0500] "POST /sipse/faces/presentacion/financiero/solicitudProceso/consultarSolicitudProceso.xhtml HTTP/1.1" 200 95299
66.249.79.109 - - [28/Jul/2020:01:53:54 -0500] "GET /BLA/resoluciones/RESOLUCIONES%202009/1081.pdf HTTP/1.1" 200 255534
66.249.79.107 - - [28/Jul/2020:01:54:03 -0500] "GET /BLA/resoluciones/RESOLUCIONES%202007/RES%202007%201726%20AL%201800/RESOLUCION%201765%20DE%202007.pdf HTTP/1.1" 200 641162
186.84.22.0 - - [28/Jul/2020:01:54:06 -0500] "POST /sipse/faces/presentacion/financiero/solicitudProceso/consultarSolicitudProceso.xhtml HTTP/1.1" 200 95299
186.30.27.254 - - [28/Jul/2020:01:54:09 -0500] "POST /sipse/faces/presentacion/financiero/solicitudProceso/consultarSolicitudProceso.xhtml HTTP/1.1" 200 40592
186.30.27.254 - - [28/Jul/2020:01:54:09 -0500] "GET /sipse/faces/javax.faces.resource/theme.css?ln=primefaces-sipse HTTP/1.1" 304 -
186.30.27.254 - - [28/Jul/2020:01:54:09 -0500] "GET /sipse/faces/javax.faces.resource/primefaces.css?ln=primefaces&v=4.0 HTTP/1.1" 304 -
186.30.27.254 - - [28/Jul/2020:01:54:09 -0500] "GET /sipse/faces/javax.faces.resource/layout/layout.css?ln=primefaces&v=4.0 HTTP/1.1" 304 -
186.30.27.254 - - [28/Jul/2020:01:54:09 -0500] "GET /sipse/faces/javax.faces.resource/jquery/jquery.js?ln=primefaces&v=4.0 HTTP/1.1" 304 -
186.30.27.254 - - [28/Jul/2020:01:54:10 -0500] "GET /sipse/faces/javax.faces.resource/jquery/jquery-plugins.js?ln=primefaces&v=4.0 HTTP/1.1" 304 -
186.30.27.254 - - [28/Jul/2020:01:54:10 -0500] "GET /sipse/faces/javax.faces.resource/primefaces.js?ln=primefaces&v=4.0 HTTP/1.1" 304 -
186.30.27.254 - - [28/Jul/2020:01:54:10 -0500] "GET /sipse/faces/javax.faces.resource/layout/layout.js?ln=primefaces&v=4.0 HTTP/1.1" 304 -
186.30.27.254 - - [28/Jul/2020:01:54:10 -0500] "POST /sipse/faces/presentacion/financiero/solicitudProceso/consultar.xhtml HTTP/1.1" 200 33883
66.249.79.107 - - [28/Jul/2020:01:54:10 -0500] "GET /BLA/resoluciones/AUTOS%202010/5249.pdf HTTP/1.1" 200 107360
186.30.27.254 - - [28/Jul/2020:01:54:11 -0500] "POST /sipse/faces/presentacion/financiero/solicitudProceso/consultar.xhtml HTTP/1.1" 200 33883
186.30.27.254 - - [28/Jul/2020:01:54:11 -0500] "POST /sipse/faces/presentacion/financiero/solicitudProceso/consultar.xhtml HTTP/1.1" 200 33883
186.30.27.254 - - [28/Jul/2020:01:54:12 -0500] "POST /sipse/faces/presentacion/financiero/solicitudProceso/consultar.xhtml HTTP/1.1" 200 33883
186.30.27.254 - - [28/Jul/2020:01:54:12 -0500] "POST /sipse/faces/presentacion/financiero/solicitudProceso/consultar.xhtml HTTP/1.1" 200 33883
186.30.27.254 - - [28/Jul/2020:01:54:12 -0500] "POST /sipse/faces/presentacion/financiero/solicitudProceso/consultar.xhtml HTTP/1.1" 200 33883
186.30.27.254 - - [28/Jul/2020:01:54:13 -0500] "POST /sipse/faces/presentacion/financiero/solicitudProceso/consultar.xhtml HTTP/1.1" 200 33883
186.30.27.254 - - [28/Jul/2020:01:54:13 -0500] "POST /sipse/faces/presentacion/financiero/solicitudProceso/consultar.xhtml HTTP/1.1" 200 33883
186.30.27.254 - - [28/Jul/2020:01:54:13 -0500] "POST /sipse/faces/presentacion/financiero/solicitudProceso/consultar.xhtml HTTP/1.1" 200 33883
186.30.27.254 - - [28/Jul/2020:01:54:14 -0500] "POST /sipse/faces/presentacion/financiero/solicitudProceso/consultar.xhtml HTTP/1.1" 200 33883
186.30.27.254 - - [28/Jul/2020:01:54:14 -0500] "POST /sipse/faces/presentacion/financiero/solicitudProceso/consultar.xhtml HTTP/1.1" 200 33883
186.30.27.254 - - [28/Jul/2020:01:54:14 -0500] "POST /sipse/faces/presentacion/financiero/solicitudProceso/consultar.xhtml HTTP/1.1" 200 33883
186.30.27.254 - - [28/Jul/2020:01:54:15 -0500] "POST /sipse/faces/presentacion/financiero/solicitudProceso/consultar.xhtml HTTP/1.1" 200 33883
186.30.27.254 - - [28/Jul/2020:01:54:15 -0500] "POST /sipse/faces/presentacion/financiero/solicitudProceso/consultar.xhtml HTTP/1.1" 200 33883
186.30.27.254 - - [28/Jul/2020:01:54:15 -0500] "POST /sipse/faces/presentacion/financiero/solicitudProceso/consultar.xhtml HTTP/1.1" 200 33883
186.30.27.254 - - [28/Jul/2020:01:54:16 -0500] "POST /sipse/faces/presentacion/financiero/solicitudProceso/consultar.xhtml HTTP/1.1" 200 33883
186.30.27.254 - - [28/Jul/2020:01:54:16 -0500] "POST /sipse/faces/presentacion/financiero/solicitudProceso/consultar.xhtml HTTP/1.1" 200 33883
186.30.27.254 - - [28/Jul/2020:01:54:16 -0500] "POST /sipse/faces/presentacion/financiero/solicitudProceso/consultar.xhtml HTTP/1.1" 200 33883
66.249.79.109 - - [28/Jul/2020:01:54:18 -0500] "GET /BLA/resoluciones/RESOLUCIONES%202008/1378.pdf HTTP/1.1" 200 145150
186.30.27.254 - - [28/Jul/2020:01:54:22 -0500] "POST /sipse/faces/presentacion/financiero/solicitudProceso/consultar.xhtml HTTP/1.1" 200 12773
66.249.79.107 - - [28/Jul/2020:01:54:26 -0500] "GET /BLA/resoluciones/RESOLUCIONES%202009/9827.pdf HTTP/1.1" 200 305171
186.84.22.0 - - [28/Jul/2020:01:54:33 -0500] "POST /sipse/faces/presentacion/financiero/solicitudProceso/consultarSolicitudProceso.xhtml HTTP/1.1" 200 117477
66.249.79.107 - - [28/Jul/2020:01:54:34 -0500] "GET /BLA/resoluciones/RESOLUCIONES%202008/2348.pdf HTTP/1.1" 200 294443
186.30.27.254 - - [28/Jul/2020:01:54:41 -0500] "POST /sipse/faces/presentacion/financiero/solicitudProceso/consultar.xhtml HTTP/1.1" 200 155038
186.30.27.254 - - [28/Jul/2020:01:54:42 -0500] "GET /sipse/faces/javax.faces.resource/theme.css?ln=primefaces-sipse HTTP/1.1" 304 -
186.30.27.254 - - [28/Jul/2020:01:54:42 -0500] "GET /sipse/faces/javax.faces.resource/primefaces.css?ln=primefaces&v=4.0 HTTP/1.1" 304 -
186.30.27.254 - - [28/Jul/2020:01:54:42 -0500] "GET /sipse/faces/javax.faces.resource/layout/layout.css?ln=primefaces&v=4.0 HTTP/1.1" 304 -
186.30.27.254 - - [28/Jul/2020:01:54:42 -0500] "GET /sipse/faces/javax.faces.resource/jquery/jquery.js?ln=primefaces&v=4.0 HTTP/1.1" 304 -
186.30.27.254 - - [28/Jul/2020:01:54:42 -0500] "GET /sipse/faces/javax.faces.resource/jquery/jquery-plugins.js?ln=primefaces&v=4.0 HTTP/1.1" 304 -
186.30.27.254 - - [28/Jul/2020:01:54:42 -0500] "GET /sipse/faces/javax.faces.resource/primefaces.js?ln=primefaces&v=4.0 HTTP/1.1" 304 -
186.30.27.254 - - [28/Jul/2020:01:54:42 -0500] "GET /sipse/faces/javax.faces.resource/layout/layout.js?ln=primefaces&v=4.0 HTTP/1.1" 304 -
66.249.79.107 - - [28/Jul/2020:01:54:43 -0500] "GET /BLA/resoluciones/RESOLUCIONES%202008/2826.pdf HTTP/1.1" 200 254917
190.27.245.107 - - [28/Jul/2020:01:54:44 -0500] "GET /reportes_sipse/sdg/ServletReporte?reporte=experienia_idoneidad&solicitud=9946&pfdrid_c=false HTTP/1.1" 200 182433
186.84.22.0 - - [28/Jul/2020:01:54:49 -0500] "POST /sipse/faces/presentacion/financiero/solicitudProceso/consultarSolicitudProceso.xhtml HTTP/1.1" 200 95299
66.249.79.107 - - [28/Jul/2020:01:54:51 -0500] "GET /BLA/resoluciones/RESOLUCIONES%202009/3509.pdf HTTP/1.1" 200 716238
186.30.27.254 - - [28/Jul/2020:01:54:55 -0500] "POST /sipse/faces/presentacion/financiero/solicitudProceso/consultarSolicitudProceso.xhtml HTTP/1.1" 200 133964
66.249.79.107 - - [28/Jul/2020:01:55:01 -0500] "GET /BLA/resoluciones/RESOLUCIONES%202009/2172.pdf HTTP/1.1" 200 678221
191.92.151.107 - - [28/Jul/2020:01:55:02 -0500] "GET /galeria/galeria/jquery.fancybox.css?v=2.1.5 HTTP/1.1" 200 4895
191.92.151.107 - - [28/Jul/2020:01:55:02 -0500] "GET /galeria/galeria/jquery.fancybox.js?v=2.1.5 HTTP/1.1" 200 48706
191.92.151.107 - - [28/Jul/2020:01:55:02 -0500] "GET /BLA/boletinlegal/js/jquery.scrollShow.js HTTP/1.1" 200 4586
66.249.79.107 - - [28/Jul/2020:01:55:10 -0500] "GET /BLA/resoluciones/RESOLUCIONES%202009/9208.pdf HTTP/1.1" 200 533467
66.249.79.109 - - [28/Jul/2020:01:55:20 -0500] "GET /BLA/resoluciones/RESOLUCIONES%202009/0238.pdf HTTP/1.1" 200 587860
186.84.22.0 - - [28/Jul/2020:01:55:20 -0500] "POST /sipse/faces/presentacion/financiero/solicitudProceso/consultarSolicitudProceso.xhtml HTTP/1.1" 200 40605
186.84.22.0 - - [28/Jul/2020:01:55:22 -0500] "GET /sipse/css/custom_css_sg.css HTTP/1.1" 304 -
186.84.22.0 - - [28/Jul/2020:01:55:22 -0500] "GET /sipse/faces/javax.faces.resource/layout/layout.css?ln=primefaces&v=4.0 HTTP/1.1" 304 -
186.84.22.0 - - [28/Jul/2020:01:55:22 -0500] "GET /sipse/faces/javax.faces.resource/theme.css?ln=primefaces-sipse HTTP/1.1" 304 -
186.84.22.0 - - [28/Jul/2020:01:55:22 -0500] "GET /sipse/faces/javax.faces.resource/primefaces.css?ln=primefaces&v=4.0 HTTP/1.1" 304 -
186.84.22.0 - - [28/Jul/2020:01:55:22 -0500] "GET /sipse/js/disable_browser_buttons.js HTTP/1.1" 304 -
186.84.22.0 - - [28/Jul/2020:01:55:22 -0500] "GET /sipse/css/custom_css_sg_prime.css HTTP/1.1" 304 -
186.84.22.0 - - [28/Jul/2020:01:55:22 -0500] "GET /sipse/js/jquery.min.js HTTP/1.1" 304 -
186.84.22.0 - - [28/Jul/2020:01:55:22 -0500] "GET /sipse/js/funciones.js HTTP/1.1" 304 -
186.84.22.0 - - [28/Jul/2020:01:55:22 -0500] "GET /sipse/faces/javax.faces.resource/jquery/jquery.js?ln=primefaces&v=4.0 HTTP/1.1" 304 -
186.84.22.0 - - [28/Jul/2020:01:55:22 -0500] "GET /sipse/faces/javax.faces.resource/jquery/jquery-plugins.js?ln=primefaces&v=4.0 HTTP/1.1" 304 -
186.84.22.0 - - [28/Jul/2020:01:55:22 -0500] "GET /sipse/faces/javax.faces.resource/primefaces.js?ln=primefaces&v=4.0 HTTP/1.1" 304 -
186.84.22.0 - - [28/Jul/2020:01:55:22 -0500] "GET /sipse/faces/javax.faces.resource/layout/layout.js?ln=primefaces&v=4.0 HTTP/1.1" 304 -
186.84.22.0 - - [28/Jul/2020:01:55:23 -0500] "POST /sipse/faces/presentacion/financiero/solicitudProceso/listarSolicitudProceso.xhtml HTTP/1.1" 200 1392
66.249.79.109 - - [28/Jul/2020:01:55:28 -0500] "GET /galeria/galeria/fotos/Humedal-la-Isla2G.jpg HTTP/1.1" 200 207490
66.249.79.107 - - [28/Jul/2020:01:55:36 -0500] "GET /BLA/resoluciones/RESOLUCIONES%202010/0605.pdf HTTP/1.1" 200 515095
186.84.22.0 - - [28/Jul/2020:01:55:37 -0500] "POST /sipse/faces/presentacion/financiero/solicitudProceso/listarSolicitudProceso.xhtml HTTP/1.1" 200 140306
186.84.22.0 - - [28/Jul/2020:01:55:38 -0500] "GET /sipse/faces/javax.faces.resource/theme.css?ln=primefaces-sipse HTTP/1.1" 304 -
186.84.22.0 - - [28/Jul/2020:01:55:38 -0500] "GET /sipse/faces/javax.faces.resource/layout/layout.css?ln=primefaces&v=4.0 HTTP/1.1" 304 -
186.84.22.0 - - [28/Jul/2020:01:55:38 -0500] "GET /sipse/faces/javax.faces.resource/primefaces.css?ln=primefaces&v=4.0 HTTP/1.1" 304 -
186.84.22.0 - - [28/Jul/2020:01:55:38 -0500] "GET /sipse/faces/javax.faces.resource/jquery/jquery.js?ln=primefaces&v=4.0 HTTP/1.1" 304 -
186.84.22.0 - - [28/Jul/2020:01:55:38 -0500] "GET /sipse/faces/javax.faces.resource/jquery/jquery-plugins.js?ln=primefaces&v=4.0 HTTP/1.1" 304 -
186.84.22.0 - - [28/Jul/2020:01:55:38 -0500] "GET /sipse/faces/javax.faces.resource/primefaces.js?ln=primefaces&v=4.0 HTTP/1.1" 304 -
186.84.22.0 - - [28/Jul/2020:01:55:38 -0500] "GET /sipse/faces/javax.faces.resource/layout/layout.js?ln=primefaces&v=4.0 HTTP/1.1" 304 -
190.27.245.107 - - [28/Jul/2020:01:55:38 -0500] "GET /reportes_sipse/sdg/ServletReporte?reporte=experienia_idoneidad&solicitud=9946&pfdrid_c=false HTTP/1.1" 200 182433
66.249.79.111 - - [28/Jul/2020:01:55:43 -0500] "GET /BLA/resoluciones/RESOLUCIONES%202009/0222.pdf HTTP/1.1" 200 255586
66.249.79.109 - - [28/Jul/2020:01:55:51 -0500] "GET /BLA/resoluciones/RESOLUCIONES%202009/5070.pdf HTTP/1.1" 200 486723
186.84.232.207 - - [28/Jul/2020:01:55:52 -0500] "POST /sipse/faces/presentacion/financiero/solicitudProceso/listarSolicitudProceso.xhtml HTTP/1.1" 200 65442
186.84.232.207 - - [28/Jul/2020:01:55:52 -0500] "GET /sipse/css/custom_css_sg.css HTTP/1.1" 304 -
186.84.232.207 - - [28/Jul/2020:01:55:52 -0500] "GET /sipse/js/disable_browser_buttons.js HTTP/1.1" 304 -
186.84.232.207 - - [28/Jul/2020:01:55:52 -0500] "GET /sipse/css/custom_css_sg_prime.css HTTP/1.1" 304 -
186.84.232.207 - - [28/Jul/2020:01:55:52 -0500] "GET /sipse/faces/javax.faces.resource/theme.css?ln=primefaces-sipse HTTP/1.1" 304 -
186.84.232.207 - - [28/Jul/2020:01:55:52 -0500] "GET /sipse/faces/javax.faces.resource/primefaces.css?ln=primefaces&v=4.0 HTTP/1.1" 304 -
186.84.232.207 - - [28/Jul/2020:01:55:52 -0500] "GET /sipse/faces/javax.faces.resource/layout/layout.css?ln=primefaces&v=4.0 HTTP/1.1" 304 -
186.84.232.207 - - [28/Jul/2020:01:55:52 -0500] "GET /sipse/js/jquery.min.js HTTP/1.1" 304 -
186.84.232.207 - - [28/Jul/2020:01:55:52 -0500] "GET /sipse/js/funciones.js HTTP/1.1" 304 -
186.84.232.207 - - [28/Jul/2020:01:55:52 -0500] "GET /sipse/faces/javax.faces.resource/jquery/jquery.js?ln=primefaces&v=4.0 HTTP/1.1" 304 -
186.84.232.207 - - [28/Jul/2020:01:55:52 -0500] "GET /sipse/faces/javax.faces.resource/jquery/jquery-plugins.js?ln=primefaces&v=4.0 HTTP/1.1" 304 -
186.84.232.207 - - [28/Jul/2020:01:55:52 -0500] "GET /sipse/faces/javax.faces.resource/primefaces.js?ln=primefaces&v=4.0 HTTP/1.1" 304 -
186.84.232.207 - - [28/Jul/2020:01:55:52 -0500] "GET /sipse/faces/javax.faces.resource/layout/layout.js?ln=primefaces&v=4.0 HTTP/1.1" 304 -
66.249.79.107 - - [28/Jul/2020:01:55:58 -0500] "GET /BLA/resoluciones/RESOLUCIONES%202008/2319.pdf HTTP/1.1" 200 354068
186.84.232.207 - - [28/Jul/2020:01:55:59 -0500] "POST /sipse/faces/presentacion/financiero/solicitudProceso/crearModificarSolicitudProceso.xhtml HTTP/1.1" 200 51585
66.249.79.107 - - [28/Jul/2020:01:56:05 -0500] "GET /BLA/resoluciones/RESOLUCIONES%202013/1010.pdf HTTP/1.1" 200 526173
66.249.79.109 - - [28/Jul/2020:01:56:15 -0500] "GET /BLA/resoluciones/RESOLUCIONES%202009/5939.pdf HTTP/1.1" 200 529551
66.249.79.107 - - [28/Jul/2020:01:56:22 -0500] "GET /BLA/resoluciones/RESOLUCIONES%202009/1598.pdf HTTP/1.1" 200 601817
66.249.79.109 - - [28/Jul/2020:01:56:30 -0500] "GET /BLA/resoluciones/AUTOS%202012/1643.pdf HTTP/1.1" 200 501521
69.162.124.227 - - [28/Jul/2020:01:56:35 -0500] "HEAD / HTTP/1.1" 200 -
66.249.79.107 - - [28/Jul/2020:01:56:39 -0500] "GET /BLA/resoluciones/RESOLUCIONES%202009/0600.pdf HTTP/1.1" 200 302140
66.249.79.107 - - [28/Jul/2020:01:56:46 -0500] "GET /BLA/resoluciones/AUTOS%202012/1614.pdf HTTP/1.1" 200 465650
186.84.22.0 - - [28/Jul/2020:01:56:48 -0500] "POST /sipse/faces/presentacion/financiero/solicitudProceso/consultarSolicitudProceso.xhtml HTTP/1.1" 200 132998
186.84.22.0 - - [28/Jul/2020:01:56:48 -0500] "POST /sipse/faces/presentacion/financiero/solicitudProceso/consultarSolicitudProceso.xhtml HTTP/1.1" 200 133002
186.84.22.0 - - [28/Jul/2020:01:56:48 -0500] "POST /sipse/faces/presentacion/financiero/solicitudProceso/consultarSolicitudProceso.xhtml HTTP/1.1" 200 133002
186.84.22.0 - - [28/Jul/2020:01:56:48 -0500] "POST /sipse/faces/presentacion/financiero/solicitudProceso/consultarSolicitudProceso.xhtml HTTP/1.1" 200 133002
190.27.245.107 - - [28/Jul/2020:01:56:48 -0500] "GET /reportes_sipse/sdg/ServletReporte?reporte=experienia_idoneidad&solicitud=9946&pfdrid_c=false HTTP/1.1" 200 182433
186.84.22.0 - - [28/Jul/2020:01:56:49 -0500] "POST /sipse/faces/presentacion/financiero/solicitudProceso/consultarSolicitudProceso.xhtml HTTP/1.1" 200 133002
190.27.245.107 - - [28/Jul/2020:01:56:49 -0500] "GET /reportes_sipse/sdg/ServletReporte?reporte=experienia_idoneidad&solicitud=9946&pfdrid_c=false HTTP/1.1" 200 182433
186.84.22.0 - - [28/Jul/2020:01:56:49 -0500] "POST /sipse/faces/presentacion/financiero/solicitudProceso/consultarSolicitudProceso.xhtml HTTP/1.1" 200 133002
190.27.245.107 - - [28/Jul/2020:01:56:49 -0500] "GET /reportes_sipse/sdg/ServletReporte?reporte=experienia_idoneidad&solicitud=9946&pfdrid_c=false HTTP/1.1" 200 182433
186.84.22.0 - - [28/Jul/2020:01:56:49 -0500] "POST /sipse/faces/presentacion/financiero/solicitudProceso/consultarSolicitudProceso.xhtml HTTP/1.1" 200 132998
190.27.245.107 - - [28/Jul/2020:01:56:49 -0500] "GET /reportes_sipse/sdg/ServletReporte?reporte=experienia_idoneidad&solicitud=9946&pfdrid_c=false HTTP/1.1" 200 182433
190.27.245.107 - - [28/Jul/2020:01:56:49 -0500] "GET /reportes_sipse/sdg/ServletReporte?reporte=experienia_idoneidad&solicitud=9946&pfdrid_c=false HTTP/1.1" 200 182433
190.27.245.107 - - [28/Jul/2020:01:56:50 -0500] "GET /reportes_sipse/sdg/ServletReporte?reporte=experienia_idoneidad&solicitud=9946&pfdrid_c=false HTTP/1.1" 200 182433
186.84.22.0 - - [28/Jul/2020:01:56:51 -0500] "POST /sipse/faces/presentacion/financiero/solicitudProceso/consultarSolicitudProceso.xhtml HTTP/1.1" 200 133002
186.84.22.0 - - [28/Jul/2020:01:56:52 -0500] "POST /sipse/faces/presentacion/financiero/solicitudProceso/consultarSolicitudProceso.xhtml HTTP/1.1" 200 133002
186.84.22.0 - - [28/Jul/2020:01:56:52 -0500] "POST /sipse/faces/presentacion/financiero/solicitudProceso/consultarSolicitudProceso.xhtml HTTP/1.1" 200 133002
190.27.245.107 - - [28/Jul/2020:01:56:52 -0500] "GET /reportes_sipse/sdg/ServletReporte?reporte=experienia_idoneidad&solicitud=9946&pfdrid_c=false HTTP/1.1" 200 182433
186.84.22.0 - - [28/Jul/2020:01:56:52 -0500] "POST /sipse/faces/presentacion/financiero/solicitudProceso/consultarSolicitudProceso.xhtml HTTP/1.1" 200 132998
190.27.245.107 - - [28/Jul/2020:01:56:52 -0500] "GET /reportes_sipse/sdg/ServletReporte?reporte=experienia_idoneidad&solicitud=9946&pfdrid_c=false HTTP/1.1" 200 182433
186.84.22.0 - - [28/Jul/2020:01:56:52 -0500] "POST /sipse/faces/presentacion/financiero/solicitudProceso/consultarSolicitudProceso.xhtml HTTP/1.1" 200 133002
190.27.245.107 - - [28/Jul/2020:01:56:52 -0500] "GET /reportes_sipse/sdg/ServletReporte?reporte=experienia_idoneidad&solicitud=9946&pfdrid_c=false HTTP/1.1" 200 182433
186.84.22.0 - - [28/Jul/2020:01:56:53 -0500] "POST /sipse/faces/presentacion/financiero/solicitudProceso/consultarSolicitudProceso.xhtml HTTP/1.1" 200 132998
190.27.245.107 - - [28/Jul/2020:01:56:52 -0500] "GET /reportes_sipse/sdg/ServletReporte?reporte=experienia_idoneidad&solicitud=9946&pfdrid_c=false HTTP/1.1" 200 182433
186.84.22.0 - - [28/Jul/2020:01:56:53 -0500] "POST /sipse/faces/presentacion/financiero/solicitudProceso/consultarSolicitudProceso.xhtml HTTP/1.1" 200 133002
190.27.245.107 - - [28/Jul/2020:01:56:53 -0500] "GET /reportes_sipse/sdg/ServletReporte?reporte=experienia_idoneidad&solicitud=9946&pfdrid_c=false HTTP/1.1" 200 182433
190.27.245.107 - - [28/Jul/2020:01:56:53 -0500] "GET /reportes_sipse/sdg/ServletReporte?reporte=experienia_idoneidad&solicitud=9946&pfdrid_c=false HTTP/1.1" 200 182433
190.27.245.107 - - [28/Jul/2020:01:56:53 -0500] "GET /reportes_sipse/sdg/ServletReporte?reporte=experienia_idoneidad&solicitud=9946&pfdrid_c=false HTTP/1.1" 200 182433
186.84.22.0 - - [28/Jul/2020:01:56:54 -0500] "POST /sipse/faces/presentacion/financiero/solicitudProceso/consultarSolicitudProceso.xhtml HTTP/1.1" 200 132998
186.84.22.0 - - [28/Jul/2020:01:56:54 -0500] "POST /sipse/faces/presentacion/financiero/solicitudProceso/consultarSolicitudProceso.xhtml HTTP/1.1" 200 133002
186.84.22.0 - - [28/Jul/2020:01:56:54 -0500] "POST /sipse/faces/presentacion/financiero/solicitudProceso/consultarSolicitudProceso.xhtml HTTP/1.1" 200 132998
190.27.245.107 - - [28/Jul/2020:01:56:54 -0500] "GET /reportes_sipse/sdg/ServletReporte?reporte=experienia_idoneidad&solicitud=9946&pfdrid_c=false HTTP/1.1" 200 182433
186.84.22.0 - - [28/Jul/2020:01:56:55 -0500] "POST /sipse/faces/presentacion/financiero/solicitudProceso/consultarSolicitudProceso.xhtml HTTP/1.1" 200 133002
190.27.245.107 - - [28/Jul/2020:01:56:54 -0500] "GET /reportes_sipse/sdg/ServletReporte?reporte=experienia_idoneidad&solicitud=9946&pfdrid_c=false HTTP/1.1" 200 182433
190.27.245.107 - - [28/Jul/2020:01:56:55 -0500] "GET /reportes_sipse/sdg/ServletReporte?reporte=experienia_idoneidad&solicitud=9946&pfdrid_c=false HTTP/1.1" 200 182433
186.84.22.0 - - [28/Jul/2020:01:56:55 -0500] "POST /sipse/faces/presentacion/financiero/solicitudProceso/consultarSolicitudProceso.xhtml HTTP/1.1" 200 133002
186.84.22.0 - - [28/Jul/2020:01:56:55 -0500] "POST /sipse/faces/presentacion/financiero/solicitudProceso/consultarSolicitudProceso.xhtml HTTP/1.1" 200 133002
190.27.245.107 - - [28/Jul/2020:01:56:55 -0500] "GET /reportes_sipse/sdg/ServletReporte?reporte=experienia_idoneidad&solicitud=9946&pfdrid_c=false HTTP/1.1" 200 182433
66.249.79.109 - - [28/Jul/2020:01:56:55 -0500] "GET /BLA/resoluciones/AUTOS%202013/0784.pdf HTTP/1.1" 200 2053792
186.84.22.0 - - [28/Jul/2020:01:56:55 -0500] "POST /sipse/faces/presentacion/financiero/solicitudProceso/consultarSolicitudProceso.xhtml HTTP/1.1" 200 133002
190.27.245.107 - - [28/Jul/2020:01:56:55 -0500] "GET /reportes_sipse/sdg/ServletReporte?reporte=experienia_idoneidad&solicitud=9946&pfdrid_c=false HTTP/1.1" 200 182433
190.27.245.107 - - [28/Jul/2020:01:56:56 -0500] "GET /reportes_sipse/sdg/ServletReporte?reporte=experienia_idoneidad&solicitud=9946&pfdrid_c=false HTTP/1.1" 200 182433
190.27.245.107 - - [28/Jul/2020:01:56:56 -0500] "GET /reportes_sipse/sdg/ServletReporte?reporte=experienia_idoneidad&solicitud=9946&pfdrid_c=false HTTP/1.1" 200 182433
186.84.22.0 - - [28/Jul/2020:01:57:00 -0500] "POST /sipse/faces/presentacion/financiero/solicitudProceso/consultarSolicitudProceso.xhtml HTTP/1.1" 200 4665
66.249.79.107 - - [28/Jul/2020:01:57:02 -0500] "GET /BLA/resoluciones/RESOLUCIONES%202009/5831.pdf HTTP/1.1" 200 506043
66.249.79.109 - - [28/Jul/2020:01:57:09 -0500] "GET /BLA/resoluciones/RESOLUCIONES%202009/8465.pdf HTTP/1.1" 200 49230
186.84.232.207 - - [28/Jul/2020:01:57:15 -0500] "POST /sipse/faces/presentacion/financiero/solicitudProceso/crearModificarSolicitudProceso.xhtml HTTP/1.1" 200 24950
66.249.79.111 - - [28/Jul/2020:01:57:15 -0500] "GET /BLA/resoluciones/AUTOS%202010/6940.pdf HTTP/1.1" 200 289769
66.249.79.107 - - [28/Jul/2020:01:57:22 -0500] "GET /BLA/resoluciones/RESOLUCIONES%202013/0767.pdf HTTP/1.1" 200 1584562
66.249.79.107 - - [28/Jul/2020:01:57:28 -0500] "GET /BLA/resoluciones/RESOLUCIONES%202009/5992.pdf HTTP/1.1" 200 297197
66.249.79.109 - - [28/Jul/2020:01:57:32 -0500] "GET /BLA/resoluciones/RESOLUCIONES%202009/2469.pdf HTTP/1.1" 200 374543
186.84.232.207 - - [28/Jul/2020:01:57:33 -0500] "POST /sipse/faces/presentacion/financiero/solicitudProceso/crearModificarSolicitudProceso.xhtml HTTP/1.1" 200 6295
186.84.22.0 - - [28/Jul/2020:01:57:38 -0500] "POST /sipse/faces/presentacion/financiero/solicitudProceso/consultarSolicitudProceso.xhtml HTTP/1.1" 200 37525
186.84.22.0 - - [28/Jul/2020:01:57:39 -0500] "GET /sipse/faces/javax.faces.resource/theme.css?ln=primefaces-sipse HTTP/1.1" 304 -
186.84.22.0 - - [28/Jul/2020:01:57:39 -0500] "GET /sipse/faces/javax.faces.resource/layout/layout.css?ln=primefaces&v=4.0 HTTP/1.1" 304 -
186.84.22.0 - - [28/Jul/2020:01:57:39 -0500] "GET /sipse/faces/javax.faces.resource/primefaces.css?ln=primefaces&v=4.0 HTTP/1.1" 304 -
186.84.22.0 - - [28/Jul/2020:01:57:39 -0500] "GET /sipse/faces/javax.faces.resource/jquery/jquery.js?ln=primefaces&v=4.0 HTTP/1.1" 304 -
186.84.22.0 - - [28/Jul/2020:01:57:39 -0500] "GET /sipse/faces/javax.faces.resource/jquery/jquery-plugins.js?ln=primefaces&v=4.0 HTTP/1.1" 304 -
186.84.22.0 - - [28/Jul/2020:01:57:39 -0500] "GET /sipse/faces/javax.faces.resource/primefaces.js?ln=primefaces&v=4.0 HTTP/1.1" 304 -
186.84.22.0 - - [28/Jul/2020:01:57:39 -0500] "GET /sipse/faces/javax.faces.resource/layout/layout.js?ln=primefaces&v=4.0 HTTP/1.1" 304 -
186.84.22.0 - - [28/Jul/2020:01:57:39 -0500] "POST /sipse/faces/presentacion/financiero/solicitudProceso/consultar.xhtml HTTP/1.1" 200 30808
186.84.22.0 - - [28/Jul/2020:01:57:39 -0500] "POST /sipse/faces/presentacion/financiero/solicitudProceso/consultar.xhtml HTTP/1.1" 200 30808
186.84.22.0 - - [28/Jul/2020:01:57:39 -0500] "POST /sipse/faces/presentacion/financiero/solicitudProceso/consultar.xhtml HTTP/1.1" 200 30808
66.249.79.107 - - [28/Jul/2020:01:57:39 -0500] "GET /BLA/resoluciones/RESOLUCIONES%202008/2840.pdf HTTP/1.1" 200 258487
186.84.22.0 - - [28/Jul/2020:01:57:39 -0500] "POST /sipse/faces/presentacion/financiero/solicitudProceso/consultar.xhtml HTTP/1.1" 200 30808
186.84.22.0 - - [28/Jul/2020:01:57:39 -0500] "POST /sipse/faces/presentacion/financiero/solicitudProceso/consultar.xhtml HTTP/1.1" 200 30808
186.84.22.0 - - [28/Jul/2020:01:57:40 -0500] "POST /sipse/faces/presentacion/financiero/solicitudProceso/consultar.xhtml HTTP/1.1" 200 30808
66.249.79.107 - - [28/Jul/2020:01:57:46 -0500] "GET /BLA/resoluciones/RESOLUCIONES%202009/2107.pdf HTTP/1.1" 200 626504
186.84.232.207 - - [28/Jul/2020:01:57:47 -0500] "POST /sipse/faces/presentacion/financiero/solicitudProceso/crearModificarSolicitudProceso.xhtml HTTP/1.1" 200 9544
186.84.22.0 - - [28/Jul/2020:01:57:52 -0500] "POST /sipse/faces/presentacion/financiero/solicitudProceso/consultar.xhtml HTTP/1.1" 200 12743
186.84.232.207 - - [28/Jul/2020:01:57:53 -0500] "POST /sipse/faces/presentacion/financiero/solicitudProceso/crearModificarSolicitudProceso.xhtml HTTP/1.1" 200 7346
66.249.79.107 - - [28/Jul/2020:01:57:53 -0500] "GET /BLA/resoluciones/AUTOS%202013/0538.pdf HTTP/1.1" 200 1634822
66.249.79.107 - - [28/Jul/2020:01:58:00 -0500] "GET /BLA/resoluciones/RESOLUCIONES%202008/1315.pdf HTTP/1.1" 200 255558
186.84.22.0 - - [28/Jul/2020:01:58:00 -0500] "POST /sipse/faces/presentacion/financiero/solicitudProceso/consultar.xhtml HTTP/1.1" 200 140899
186.84.22.0 - - [28/Jul/2020:01:58:00 -0500] "GET /sipse/faces/javax.faces.resource/theme.css?ln=primefaces-sipse HTTP/1.1" 304 -
186.84.22.0 - - [28/Jul/2020:01:58:00 -0500] "GET /sipse/faces/javax.faces.resource/layout/layout.css?ln=primefaces&v=4.0 HTTP/1.1" 304 -
186.84.22.0 - - [28/Jul/2020:01:58:00 -0500] "GET /sipse/faces/javax.faces.resource/primefaces.css?ln=primefaces&v=4.0 HTTP/1.1" 304 -
186.84.22.0 - - [28/Jul/2020:01:58:00 -0500] "GET /sipse/faces/javax.faces.resource/jquery/jquery.js?ln=primefaces&v=4.0 HTTP/1.1" 304 -
186.84.22.0 - - [28/Jul/2020:01:58:00 -0500] "GET /sipse/faces/javax.faces.resource/jquery/jquery-plugins.js?ln=primefaces&v=4.0 HTTP/1.1" 304 -
186.84.22.0 - - [28/Jul/2020:01:58:00 -0500] "GET /sipse/faces/javax.faces.resource/primefaces.js?ln=primefaces&v=4.0 HTTP/1.1" 304 -
186.84.22.0 - - [28/Jul/2020:01:58:00 -0500] "GET /sipse/faces/javax.faces.resource/layout/layout.js?ln=primefaces&v=4.0 HTTP/1.1" 304 -
190.27.245.107 - - [28/Jul/2020:01:58:01 -0500] "GET /reportes_sipse/sdg/ServletReporte?reporte=experienia_idoneidad&solicitud=9946&pfdrid_c=false HTTP/1.1" 200 182433
66.249.79.109 - - [28/Jul/2020:01:58:07 -0500] "GET /BLA/resoluciones/RESOLUCIONES%202008/4825.pdf HTTP/1.1" 200 28330
186.84.22.0 - - [28/Jul/2020:01:58:12 -0500] "POST /sipse/faces/presentacion/financiero/solicitudProceso/consultarSolicitudProceso.xhtml HTTP/1.1" 200 119829
66.249.79.109 - - [28/Jul/2020:01:58:14 -0500] "GET /BLA/resoluciones/RESOLUCIONES%202008/0071.pdf HTTP/1.1" 200 320996
66.249.79.107 - - [28/Jul/2020:01:58:23 -0500] "GET /BLA/resoluciones/RESOLUCIONES%202009/7414.pdf HTTP/1.1" 200 636417
186.84.232.207 - - [28/Jul/2020:01:58:26 -0500] "POST /sipse/faces/presentacion/financiero/solicitudProceso/crearModificarSolicitudProceso.xhtml HTTP/1.1" 200 24680
186.84.232.207 - - [28/Jul/2020:01:58:26 -0500] "GET /sipse/faces/javax.faces.resource/primefaces.css?ln=primefaces&v=4.0 HTTP/1.1" 304 -
186.84.232.207 - - [28/Jul/2020:01:58:26 -0500] "GET /sipse/faces/javax.faces.resource/theme.css?ln=primefaces-sipse HTTP/1.1" 304 -
186.84.232.207 - - [28/Jul/2020:01:58:26 -0500] "GET /sipse/faces/javax.faces.resource/layout/layout.css?ln=primefaces&v=4.0 HTTP/1.1" 304 -
186.84.232.207 - - [28/Jul/2020:01:58:26 -0500] "GET /sipse/faces/javax.faces.resource/jquery/jquery.js?ln=primefaces&v=4.0 HTTP/1.1" 304 -
186.84.232.207 - - [28/Jul/2020:01:58:26 -0500] "GET /sipse/faces/javax.faces.resource/jquery/jquery-plugins.js?ln=primefaces&v=4.0 HTTP/1.1" 304 -
186.84.232.207 - - [28/Jul/2020:01:58:26 -0500] "GET /sipse/faces/javax.faces.resource/primefaces.js?ln=primefaces&v=4.0 HTTP/1.1" 304 -
186.84.232.207 - - [28/Jul/2020:01:58:26 -0500] "GET /sipse/faces/javax.faces.resource/layout/layout.js?ln=primefaces&v=4.0 HTTP/1.1" 304 -
186.84.232.207 - - [28/Jul/2020:01:58:26 -0500] "GET /sipse/imagenes/cargando.gif HTTP/1.1" 304 -
66.249.79.109 - - [28/Jul/2020:01:58:30 -0500] "GET /BLA/resoluciones/RESOLUCIONES%202009/2461.pdf HTTP/1.1" 200 298059
186.84.22.0 - - [28/Jul/2020:01:58:34 -0500] "POST /sipse/faces/presentacion/financiero/solicitudProceso/consultarSolicitudProceso.xhtml HTTP/1.1" 200 4659
186.84.232.207 - - [28/Jul/2020:01:58:35 -0500] "POST /sipse/faces/presentacion/financiero/solicitudProyectoActividad/asociarProyectoSolicitud.xhtml HTTP/1.1" 200 6703
186.84.22.0 - - [28/Jul/2020:01:58:36 -0500] "POST /sipse/faces/presentacion/financiero/solicitudProceso/consultarSolicitudProceso.xhtml HTTP/1.1" 200 40690
186.84.22.0 - - [28/Jul/2020:01:58:36 -0500] "GET /sipse/faces/javax.faces.resource/theme.css?ln=primefaces-sipse HTTP/1.1" 304 -
186.84.22.0 - - [28/Jul/2020:01:58:36 -0500] "GET /sipse/faces/javax.faces.resource/layout/layout.css?ln=primefaces&v=4.0 HTTP/1.1" 304 -
186.84.22.0 - - [28/Jul/2020:01:58:36 -0500] "GET /sipse/faces/javax.faces.resource/primefaces.css?ln=primefaces&v=4.0 HTTP/1.1" 304 -
186.84.22.0 - - [28/Jul/2020:01:58:36 -0500] "GET /sipse/faces/javax.faces.resource/jquery/jquery.js?ln=primefaces&v=4.0 HTTP/1.1" 304 -
186.84.22.0 - - [28/Jul/2020:01:58:36 -0500] "GET /sipse/faces/javax.faces.resource/jquery/jquery-plugins.js?ln=primefaces&v=4.0 HTTP/1.1" 304 -
186.84.22.0 - - [28/Jul/2020:01:58:36 -0500] "GET /sipse/faces/javax.faces.resource/primefaces.js?ln=primefaces&v=4.0 HTTP/1.1" 304 -
186.84.22.0 - - [28/Jul/2020:01:58:36 -0500] "GET /sipse/faces/javax.faces.resource/layout/layout.js?ln=primefaces&v=4.0 HTTP/1.1" 304 -
186.84.22.0 - - [28/Jul/2020:01:58:36 -0500] "POST /sipse/faces/presentacion/financiero/solicitudProceso/listarSolicitudProceso.xhtml HTTP/1.1" 200 33947
186.84.22.0 - - [28/Jul/2020:01:58:37 -0500] "POST /sipse/faces/presentacion/financiero/solicitudProceso/listarSolicitudProceso.xhtml HTTP/1.1" 200 33947
186.84.22.0 - - [28/Jul/2020:01:58:37 -0500] "POST /sipse/faces/presentacion/financiero/solicitudProceso/listarSolicitudProceso.xhtml HTTP/1.1" 200 33947
66.249.79.107 - - [28/Jul/2020:01:58:37 -0500] "GET /BLA/resoluciones/RESOLUCIONES%202009/1008.pdf HTTP/1.1" 200 599051
186.84.22.0 - - [28/Jul/2020:01:58:37 -0500] "POST /sipse/faces/presentacion/financiero/solicitudProceso/listarSolicitudProceso.xhtml HTTP/1.1" 200 33947
186.84.22.0 - - [28/Jul/2020:01:58:37 -0500] "POST /sipse/faces/presentacion/financiero/solicitudProceso/listarSolicitudProceso.xhtml HTTP/1.1" 200 33947
186.84.22.0 - - [28/Jul/2020:01:58:37 -0500] "POST /sipse/faces/presentacion/financiero/solicitudProceso/listarSolicitudProceso.xhtml HTTP/1.1" 200 33947
186.84.22.0 - - [28/Jul/2020:01:58:37 -0500] "POST /sipse/faces/presentacion/financiero/solicitudProceso/listarSolicitudProceso.xhtml HTTP/1.1" 200 33947
186.84.22.0 - - [28/Jul/2020:01:58:37 -0500] "POST /sipse/faces/presentacion/financiero/solicitudProceso/listarSolicitudProceso.xhtml HTTP/1.1" 200 33947
186.84.22.0 - - [28/Jul/2020:01:58:38 -0500] "POST /sipse/faces/presentacion/financiero/solicitudProceso/listarSolicitudProceso.xhtml HTTP/1.1" 200 1392
186.84.22.0 - - [28/Jul/2020:01:58:38 -0500] "POST /sipse/faces/presentacion/financiero/solicitudProceso/listarSolicitudProceso.xhtml HTTP/1.1" 200 1396
186.84.22.0 - - [28/Jul/2020:01:58:38 -0500] "POST /sipse/faces/presentacion/financiero/solicitudProceso/listarSolicitudProceso.xhtml HTTP/1.1" 200 1392
186.84.22.0 - - [28/Jul/2020:01:58:38 -0500] "POST /sipse/faces/presentacion/financiero/solicitudProceso/listarSolicitudProceso.xhtml HTTP/1.1" 200 1396
186.84.22.0 - - [28/Jul/2020:01:58:38 -0500] "POST /sipse/faces/presentacion/financiero/solicitudProceso/listarSolicitudProceso.xhtml HTTP/1.1" 200 1392
186.84.22.0 - - [28/Jul/2020:01:58:38 -0500] "POST /sipse/faces/presentacion/financiero/solicitudProceso/listarSolicitudProceso.xhtml HTTP/1.1" 200 1396
186.84.22.0 - - [28/Jul/2020:01:58:38 -0500] "POST /sipse/faces/presentacion/financiero/solicitudProceso/listarSolicitudProceso.xhtml HTTP/1.1" 200 1392
186.84.22.0 - - [28/Jul/2020:01:58:38 -0500] "POST /sipse/faces/presentacion/financiero/solicitudProceso/listarSolicitudProceso.xhtml HTTP/1.1" 200 1396
186.84.22.0 - - [28/Jul/2020:01:58:38 -0500] "POST /sipse/faces/presentacion/financiero/solicitudProceso/listarSolicitudProceso.xhtml HTTP/1.1" 200 1392
186.84.232.207 - - [28/Jul/2020:01:58:39 -0500] "POST /sipse/faces/presentacion/financiero/solicitudProyectoActividad/asociarProyectoSolicitud.xhtml HTTP/1.1" 200 1692
186.84.232.207 - - [28/Jul/2020:01:58:43 -0500] "POST /sipse/faces/presentacion/financiero/solicitudProyectoActividad/asociarProyectoSolicitud.xhtml HTTP/1.1" 200 37874
186.84.232.207 - - [28/Jul/2020:01:58:43 -0500] "GET /sipse/faces/javax.faces.resource/theme.css?ln=primefaces-sipse HTTP/1.1" 304 -
186.84.232.207 - - [28/Jul/2020:01:58:43 -0500] "GET /sipse/faces/javax.faces.resource/primefaces.css?ln=primefaces&v=4.0 HTTP/1.1" 304 -
186.84.232.207 - - [28/Jul/2020:01:58:43 -0500] "GET /sipse/faces/javax.faces.resource/layout/layout.css?ln=primefaces&v=4.0 HTTP/1.1" 304 -
186.84.232.207 - - [28/Jul/2020:01:58:43 -0500] "GET /sipse/faces/javax.faces.resource/jquery/jquery.js?ln=primefaces&v=4.0 HTTP/1.1" 304 -
186.84.232.207 - - [28/Jul/2020:01:58:43 -0500] "GET /sipse/faces/javax.faces.resource/jquery/jquery-plugins.js?ln=primefaces&v=4.0 HTTP/1.1" 304 -
186.84.232.207 - - [28/Jul/2020:01:58:44 -0500] "GET /sipse/faces/javax.faces.resource/primefaces.js?ln=primefaces&v=4.0 HTTP/1.1" 304 -
186.84.232.207 - - [28/Jul/2020:01:58:44 -0500] "GET /sipse/faces/javax.faces.resource/layout/layout.js?ln=primefaces&v=4.0 HTTP/1.1" 304 -
66.249.79.107 - - [28/Jul/2020:01:58:46 -0500] "GET /BLA/resoluciones/RESOLUCIONES%202009/0983.pdf HTTP/1.1" 200 716897
66.249.79.107 - - [28/Jul/2020:01:58:56 -0500] "GET /BLA/resoluciones/RESOLUCIONES%202016/2074.pdf HTTP/1.1" 200 306608
186.84.22.0 - - [28/Jul/2020:01:59:02 -0500] "POST /sipse/faces/presentacion/financiero/solicitudProceso/listarSolicitudProceso.xhtml HTTP/1.1" 200 140879
186.84.22.0 - - [28/Jul/2020:01:59:02 -0500] "GET /sipse/faces/javax.faces.resource/theme.css?ln=primefaces-sipse HTTP/1.1" 304 -
186.84.22.0 - - [28/Jul/2020:01:59:02 -0500] "GET /sipse/faces/javax.faces.resource/jquery/jquery.js?ln=primefaces&v=4.0 HTTP/1.1" 304 -
186.84.22.0 - - [28/Jul/2020:01:59:02 -0500] "GET /sipse/faces/javax.faces.resource/primefaces.css?ln=primefaces&v=4.0 HTTP/1.1" 304 -
186.84.22.0 - - [28/Jul/2020:01:59:02 -0500] "GET /sipse/faces/javax.faces.resource/layout/layout.css?ln=primefaces&v=4.0 HTTP/1.1" 304 -
186.84.22.0 - - [28/Jul/2020:01:59:02 -0500] "GET /sipse/faces/javax.faces.resource/jquery/jquery-plugins.js?ln=primefaces&v=4.0 HTTP/1.1" 304 -
186.84.22.0 - - [28/Jul/2020:01:59:02 -0500] "GET /sipse/faces/javax.faces.resource/primefaces.js?ln=primefaces&v=4.0 HTTP/1.1" 304 -
186.84.22.0 - - [28/Jul/2020:01:59:02 -0500] "GET /sipse/faces/javax.faces.resource/layout/layout.js?ln=primefaces&v=4.0 HTTP/1.1" 304 -
190.27.245.107 - - [28/Jul/2020:01:59:03 -0500] "GET /reportes_sipse/sdg/ServletReporte?reporte=experienia_idoneidad&solicitud=9946&pfdrid_c=false HTTP/1.1" 200 182433
66.249.79.107 - - [28/Jul/2020:01:59:04 -0500] "GET /BLA/resoluciones/RESOLUCIONES%202008/4400.pdf HTTP/1.1" 200 612095
66.249.68.33 - - [28/Jul/2020:01:59:05 -0500] "-" 408 -
186.84.232.207 - - [28/Jul/2020:01:59:07 -0500] "POST /sipse/faces/presentacion/financiero/solicitudProyectoActividad/asociarActividadSolicitud.xhtml HTTP/1.1" 200 20138
186.84.232.207 - - [28/Jul/2020:01:59:07 -0500] "GET /sipse/faces/javax.faces.resource/theme.css?ln=primefaces-sipse HTTP/1.1" 304 -
186.84.232.207 - - [28/Jul/2020:01:59:07 -0500] "GET /sipse/faces/javax.faces.resource/primefaces.css?ln=primefaces&v=4.0 HTTP/1.1" 304 -
186.84.232.207 - - [28/Jul/2020:01:59:07 -0500] "GET /sipse/faces/javax.faces.resource/layout/layout.css?ln=primefaces&v=4.0 HTTP/1.1" 304 -
186.84.232.207 - - [28/Jul/2020:01:59:07 -0500] "GET /sipse/faces/javax.faces.resource/jquery/jquery.js?ln=primefaces&v=4.0 HTTP/1.1" 304 -
186.84.232.207 - - [28/Jul/2020:01:59:07 -0500] "GET /sipse/faces/javax.faces.resource/jquery/jquery-plugins.js?ln=primefaces&v=4.0 HTTP/1.1" 304 -
186.84.232.207 - - [28/Jul/2020:01:59:07 -0500] "GET /sipse/faces/javax.faces.resource/primefaces.js?ln=primefaces&v=4.0 HTTP/1.1" 304 -
186.84.232.207 - - [28/Jul/2020:01:59:07 -0500] "GET /sipse/faces/javax.faces.resource/layout/layout.js?ln=primefaces&v=4.0 HTTP/1.1" 304 -
66.249.79.107 - - [28/Jul/2020:01:59:14 -0500] "GET /BLA/resoluciones/RESOLUCIONES%202008/0405.pdf HTTP/1.1" 200 329881
66.249.79.107 - - [28/Jul/2020:01:59:22 -0500] "GET /BLA/resoluciones/RESOLUCIONES%202008/2236.pdf HTTP/1.1" 200 200954
66.249.79.109 - - [28/Jul/2020:01:59:31 -0500] "GET /BLA/resoluciones/RESOLUCIONES%202008/3653.pdf HTTP/1.1" 200 187759
186.84.232.207 - - [28/Jul/2020:01:59:31 -0500] "GET /sipse/faces/javax.faces.resource/theme.css?ln=primefaces-sipse HTTP/1.1" 304 -
186.84.232.207 - - [28/Jul/2020:01:59:31 -0500] "GET /sipse/faces/javax.faces.resource/primefaces.css?ln=primefaces&v=4.0 HTTP/1.1" 304 -
186.84.232.207 - - [28/Jul/2020:01:59:31 -0500] "GET /sipse/faces/javax.faces.resource/layout/layout.css?ln=primefaces&v=4.0 HTTP/1.1" 304 -
186.84.232.207 - - [28/Jul/2020:01:59:31 -0500] "GET /sipse/faces/javax.faces.resource/jquery/jquery.js?ln=primefaces&v=4.0 HTTP/1.1" 304 -
186.84.232.207 - - [28/Jul/2020:01:59:31 -0500] "GET /sipse/faces/javax.faces.resource/jquery/jquery-plugins.js?ln=primefaces&v=4.0 HTTP/1.1" 304 -
186.84.232.207 - - [28/Jul/2020:01:59:31 -0500] "GET /sipse/faces/javax.faces.resource/primefaces.js?ln=primefaces&v=4.0 HTTP/1.1" 304 -
186.84.232.207 - - [28/Jul/2020:01:59:31 -0500] "GET /sipse/faces/javax.faces.resource/layout/layout.js?ln=primefaces&v=4.0 HTTP/1.1" 304 -
186.84.232.207 - - [28/Jul/2020:01:59:31 -0500] "POST /sipse/faces/presentacion/financiero/solicitudProyectoActividad/asociarFuentesSolicitud.xhtml HTTP/1.1" 200 90051
66.249.79.109 - - [28/Jul/2020:01:59:38 -0500] "GET /BLA/resoluciones/RESOLUCIONES%202009/1513.pdf HTTP/1.1" 200 537624
186.84.22.0 - - [28/Jul/2020:01:59:42 -0500] "POST /sipse/faces/presentacion/financiero/solicitudProceso/consultarSolicitudProceso.xhtml HTTP/1.1" 200 37891
186.84.22.0 - - [28/Jul/2020:01:59:45 -0500] "GET /sipse/css/custom_css_sg.css HTTP/1.1" 304 -
186.84.22.0 - - [28/Jul/2020:01:59:45 -0500] "GET /sipse/faces/javax.faces.resource/primefaces.css?ln=primefaces&v=4.0 HTTP/1.1" 304 -
186.84.22.0 - - [28/Jul/2020:01:59:45 -0500] "GET /sipse/faces/javax.faces.resource/theme.css?ln=primefaces-sipse HTTP/1.1" 304 -
186.84.22.0 - - [28/Jul/2020:01:59:45 -0500] "GET /sipse/faces/javax.faces.resource/layout/layout.css?ln=primefaces&v=4.0 HTTP/1.1" 304 -
186.84.22.0 - - [28/Jul/2020:01:59:45 -0500] "GET /sipse/js/disable_browser_buttons.js HTTP/1.1" 304 -
186.84.22.0 - - [28/Jul/2020:01:59:45 -0500] "GET /sipse/css/custom_css_sg_prime.css HTTP/1.1" 304 -
186.84.22.0 - - [28/Jul/2020:01:59:45 -0500] "GET /sipse/js/jquery.min.js HTTP/1.1" 304 -
186.84.22.0 - - [28/Jul/2020:01:59:45 -0500] "GET /sipse/js/funciones.js HTTP/1.1" 304 -
186.84.22.0 - - [28/Jul/2020:01:59:45 -0500] "GET /sipse/faces/javax.faces.resource/jquery/jquery.js?ln=primefaces&v=4.0 HTTP/1.1" 304 -
186.84.22.0 - - [28/Jul/2020:01:59:45 -0500] "GET /sipse/faces/javax.faces.resource/jquery/jquery-plugins.js?ln=primefaces&v=4.0 HTTP/1.1" 304 -
186.84.22.0 - - [28/Jul/2020:01:59:45 -0500] "GET /sipse/faces/javax.faces.resource/primefaces.js?ln=primefaces&v=4.0 HTTP/1.1" 304 -
186.84.22.0 - - [28/Jul/2020:01:59:45 -0500] "GET /sipse/faces/javax.faces.resource/layout/layout.js?ln=primefaces&v=4.0 HTTP/1.1" 304 -
186.84.22.0 - - [28/Jul/2020:01:59:45 -0500] "GET /sipse/css/imagen/contrasena.png HTTP/1.1" 404 383
186.84.22.0 - - [28/Jul/2020:01:59:45 -0500] "POST /sipse/faces/presentacion/financiero/solicitudProceso/listarSolicitudProceso.xhtml HTTP/1.1" 200 1376
186.84.22.0 - - [28/Jul/2020:01:59:45 -0500] "GET /sipse/faces/javax.faces.resource/messages/messages.png?ln=primefaces&v=4.0 HTTP/1.1" 304 -
186.84.232.207 - - [28/Jul/2020:01:59:44 -0500] "POST /sipse/faces/presentacion/financiero/solicitudProceso/crearModificarSolicitudProceso.xhtml HTTP/1.1" 200 45646
186.84.232.207 - - [28/Jul/2020:01:59:46 -0500] "GET /sipse/faces/javax.faces.resource/theme.css?ln=primefaces-sipse HTTP/1.1" 304 -
186.84.232.207 - - [28/Jul/2020:01:59:46 -0500] "GET /sipse/faces/javax.faces.resource/primefaces.css?ln=primefaces&v=4.0 HTTP/1.1" 304 -
186.84.232.207 - - [28/Jul/2020:01:59:46 -0500] "GET /sipse/faces/javax.faces.resource/layout/layout.css?ln=primefaces&v=4.0 HTTP/1.1" 304 -
186.84.232.207 - - [28/Jul/2020:01:59:46 -0500] "GET /sipse/faces/javax.faces.resource/jquery/jquery.js?ln=primefaces&v=4.0 HTTP/1.1" 304 -
186.84.232.207 - - [28/Jul/2020:01:59:46 -0500] "GET /sipse/faces/javax.faces.resource/jquery/jquery-plugins.js?ln=primefaces&v=4.0 HTTP/1.1" 304 -
186.84.232.207 - - [28/Jul/2020:01:59:46 -0500] "GET /sipse/faces/javax.faces.resource/primefaces.js?ln=primefaces&v=4.0 HTTP/1.1" 304 -
186.84.232.207 - - [28/Jul/2020:01:59:46 -0500] "GET /sipse/faces/javax.faces.resource/layout/layout.js?ln=primefaces&v=4.0 HTTP/1.1" 304 -
66.249.79.107 - - [28/Jul/2020:01:59:47 -0500] "GET /BLA/resoluciones/RESOLUCIONES%202008/5595.pdf HTTP/1.1" 200 265361
186.84.22.0 - - [28/Jul/2020:01:59:48 -0500] "POST /sipse/faces/presentacion/financiero/solicitudProceso/listarSolicitudProceso.xhtml HTTP/1.1" 200 142431
186.84.22.0 - - [28/Jul/2020:01:59:49 -0500] "GET /sipse/faces/javax.faces.resource/theme.css?ln=primefaces-sipse HTTP/1.1" 304 -
186.84.22.0 - - [28/Jul/2020:01:59:49 -0500] "GET /sipse/faces/javax.faces.resource/primefaces.css?ln=primefaces&v=4.0 HTTP/1.1" 304 -
186.84.22.0 - - [28/Jul/2020:01:59:49 -0500] "GET /sipse/faces/javax.faces.resource/layout/layout.css?ln=primefaces&v=4.0 HTTP/1.1" 304 -
186.84.22.0 - - [28/Jul/2020:01:59:49 -0500] "GET /sipse/faces/javax.faces.resource/jquery/jquery.js?ln=primefaces&v=4.0 HTTP/1.1" 304 -
186.84.22.0 - - [28/Jul/2020:01:59:49 -0500] "GET /sipse/faces/javax.faces.resource/jquery/jquery-plugins.js?ln=primefaces&v=4.0 HTTP/1.1" 304 -
186.84.22.0 - - [28/Jul/2020:01:59:49 -0500] "GET /sipse/faces/javax.faces.resource/primefaces.js?ln=primefaces&v=4.0 HTTP/1.1" 304 -
186.84.22.0 - - [28/Jul/2020:01:59:49 -0500] "GET /sipse/faces/javax.faces.resource/layout/layout.js?ln=primefaces&v=4.0 HTTP/1.1" 304 -
186.84.22.0 - - [28/Jul/2020:01:59:49 -0500] "GET /sipse/css/imagen/contrasena.png HTTP/1.1" 404 383
190.27.245.107 - - [28/Jul/2020:01:59:50 -0500] "GET /reportes_sipse/sdg/ServletReporte?reporte=experienia_idoneidad&solicitud=9946&pfdrid_c=false HTTP/1.1" 200 182569
66.249.79.107 - - [28/Jul/2020:01:59:55 -0500] "GET /BLA/resoluciones/RESOLUCIONES%202017/0711.pdf HTTP/1.1" 200 308594
186.84.232.207 - - [28/Jul/2020:02:00:01 -0500] "POST /sipse/faces/presentacion/financiero/solicitudBienServicio/asociarBienServicioSolicitud.xhtml HTTP/1.1" 200 2724
66.249.79.107 - - [28/Jul/2020:02:00:03 -0500] "GET /BLA/resoluciones/RESOLUCIONES%202008/4543.pdf HTTP/1.1" 200 509047
186.84.232.207 - - [28/Jul/2020:02:00:06 -0500] "POST /sipse/faces/presentacion/financiero/solicitudBienServicio/asociarBienServicioSolicitud.xhtml HTTP/1.1" 200 84312
186.84.232.207 - - [28/Jul/2020:02:00:06 -0500] "GET /sipse/faces/javax.faces.resource/theme.css?ln=primefaces-sipse HTTP/1.1" 304 -
186.84.232.207 - - [28/Jul/2020:02:00:06 -0500] "GET /sipse/faces/javax.faces.resource/primefaces.css?ln=primefaces&v=4.0 HTTP/1.1" 304 -
186.84.232.207 - - [28/Jul/2020:02:00:06 -0500] "GET /sipse/faces/javax.faces.resource/layout/layout.css?ln=primefaces&v=4.0 HTTP/1.1" 304 -
186.84.232.207 - - [28/Jul/2020:02:00:06 -0500] "GET /sipse/faces/javax.faces.resource/jquery/jquery.js?ln=primefaces&v=4.0 HTTP/1.1" 304 -
186.84.232.207 - - [28/Jul/2020:02:00:06 -0500] "GET /sipse/faces/javax.faces.resource/jquery/jquery-plugins.js?ln=primefaces&v=4.0 HTTP/1.1" 304 -
186.84.232.207 - - [28/Jul/2020:02:00:06 -0500] "GET /sipse/faces/javax.faces.resource/primefaces.js?ln=primefaces&v=4.0 HTTP/1.1" 304 -
186.84.232.207 - - [28/Jul/2020:02:00:06 -0500] "GET /sipse/faces/javax.faces.resource/layout/layout.js?ln=primefaces&v=4.0 HTTP/1.1" 304 -
186.84.232.207 - - [28/Jul/2020:02:00:10 -0500] "POST /sipse/faces/presentacion/financiero/solicitudProceso/crearModificarSolicitudProceso.xhtml HTTP/1.1" 200 41013
186.84.232.207 - - [28/Jul/2020:02:00:13 -0500] "GET /sipse/faces/javax.faces.resource/theme.css?ln=primefaces-sipse HTTP/1.1" 304 -
66.249.79.107 - - [28/Jul/2020:02:00:12 -0500] "GET /BLA/resoluciones/RESOLUCIONES%202009/3994.pdf HTTP/1.1" 200 632935
186.84.232.207 - - [28/Jul/2020:02:00:13 -0500] "GET /sipse/faces/javax.faces.resource/jquery/jquery.js?ln=primefaces&v=4.0 HTTP/1.1" 304 -
186.84.232.207 - - [28/Jul/2020:02:00:13 -0500] "GET /sipse/faces/javax.faces.resource/primefaces.css?ln=primefaces&v=4.0 HTTP/1.1" 304 -
186.84.232.207 - - [28/Jul/2020:02:00:13 -0500] "GET /sipse/faces/javax.faces.resource/layout/layout.css?ln=primefaces&v=4.0 HTTP/1.1" 304 -
186.84.232.207 - - [28/Jul/2020:02:00:13 -0500] "GET /sipse/faces/javax.faces.resource/jquery/jquery-plugins.js?ln=primefaces&v=4.0 HTTP/1.1" 304 -
186.84.232.207 - - [28/Jul/2020:02:00:13 -0500] "GET /sipse/faces/javax.faces.resource/primefaces.js?ln=primefaces&v=4.0 HTTP/1.1" 304 -
186.84.232.207 - - [28/Jul/2020:02:00:13 -0500] "GET /sipse/faces/javax.faces.resource/layout/layout.js?ln=primefaces&v=4.0 HTTP/1.1" 304 -
186.84.232.207 - - [28/Jul/2020:02:00:13 -0500] "POST /sipse/faces/presentacion/financiero/solicitudProceso/listarSolicitudProceso.xhtml HTTP/1.1" 200 1344
186.84.22.0 - - [28/Jul/2020:02:00:12 -0500] "POST /sipse/faces/presentacion/financiero/solicitudProceso/consultarSolicitudProceso.xhtml HTTP/1.1" 200 2772994
186.84.22.0 - - [28/Jul/2020:02:00:16 -0500] "POST /sipse/faces/presentacion/financiero/solicitudProceso/consultarSolicitudProceso.xhtml HTTP/1.1" 200 99423
66.249.79.107 - - [28/Jul/2020:02:00:22 -0500] "GET /BLA/resoluciones/RESOLUCIONES%202009/0556.pdf HTTP/1.1" 200 713107
66.249.79.109 - - [28/Jul/2020:02:00:32 -0500] "GET /BLA/resoluciones/RESOLUCIONES%202009/5762.pdf HTTP/1.1" 200 310914
186.84.89.37 - - [28/Jul/2020:02:00:33 -0500] "GET /galeria/galeria/jquery.fancybox.css?v=2.1.5 HTTP/1.1" 200 4895
66.249.79.107 - - [28/Jul/2020:02:00:40 -0500] "GET /BLA/resoluciones/RESOLUCIONES%202009/3758.pdf HTTP/1.1" 200 52634
66.249.79.109 - - [28/Jul/2020:02:00:48 -0500] "GET /BLA/resoluciones/RESOLUCIONES%202008/0451.pdf HTTP/1.1" 200 476793
186.84.232.207 - - [28/Jul/2020:02:00:52 -0500] "POST /sipse/faces/presentacion/financiero/solicitudProceso/listarSolicitudProceso.xhtml HTTP/1.1" 200 30990
186.84.232.207 - - [28/Jul/2020:02:00:52 -0500] "POST /sipse/faces/presentacion/financiero/solicitudProceso/listarSolicitudProceso.xhtml HTTP/1.1" 200 7958
186.84.232.207 - - [28/Jul/2020:02:00:53 -0500] "POST /sipse/faces/presentacion/financiero/solicitudProceso/listarSolicitudProceso.xhtml HTTP/1.1" 200 7954
186.84.232.207 - - [28/Jul/2020:02:00:54 -0500] "POST /sipse/faces/presentacion/financiero/solicitudProceso/listarSolicitudProceso.xhtml HTTP/1.1" 200 30994
186.84.232.207 - - [28/Jul/2020:02:00:55 -0500] "POST /sipse/faces/presentacion/financiero/solicitudProceso/listarSolicitudProceso.xhtml HTTP/1.1" 200 5176
186.84.232.207 - - [28/Jul/2020:02:00:55 -0500] "POST /sipse/faces/presentacion/financiero/solicitudProceso/listarSolicitudProceso.xhtml HTTP/1.1" 200 5180
186.84.232.207 - - [28/Jul/2020:02:00:55 -0500] "POST /sipse/faces/presentacion/financiero/solicitudProceso/listarSolicitudProceso.xhtml HTTP/1.1" 200 5176
66.249.79.107 - - [28/Jul/2020:02:00:56 -0500] "GET /BLA/resoluciones/RESOLUCIONES%202009/4313.pdf HTTP/1.1" 200 530033
