190.27.99.202 - - [31/Jul/2020:08:39:38 -0500] "GET /sipse/faces/javax.faces.resource/primefaces.css;jsessionid=3SO6WbWpGTxZk6x0JyClAg+j.undefined?ln=primefaces&v=4.0 HTTP/1.1" 200 53295
186.84.21.158 - - [31/Jul/2020:08:39:38 -0500] "GET /sipse/faces/javax.faces.resource/layout/layout.js?ln=primefaces&v=4.0 HTTP/1.1" 304 -
190.27.99.202 - - [31/Jul/2020:08:39:38 -0500] "GET /sipse/faces/javax.faces.resource/jquery/jquery.js;jsessionid=3SO6WbWpGTxZk6x0JyClAg+j.undefined?ln=primefaces&v=4.0 HTTP/1.1" 200 105384
190.27.99.202 - - [31/Jul/2020:08:39:38 -0500] "GET /sipse/faces/javax.faces.resource/layout/layout.js;jsessionid=3SO6WbWpGTxZk6x0JyClAg+j.undefined?ln=primefaces&v=4.0 HTTP/1.1" 200 87560
190.27.99.202 - - [31/Jul/2020:08:39:38 -0500] "GET /sipse/faces/javax.faces.resource/primefaces.js;jsessionid=3SO6WbWpGTxZk6x0JyClAg+j.undefined?ln=primefaces&v=4.0 HTTP/1.1" 200 276924
190.27.99.202 - - [31/Jul/2020:08:39:38 -0500] "GET /sipse/faces/javax.faces.resource/jquery/jquery-plugins.js;jsessionid=3SO6WbWpGTxZk6x0JyClAg+j.undefined?ln=primefaces&v=4.0 HTTP/1.1" 200 220526
190.25.224.10 - - [31/Jul/2020:08:39:38 -0500] "GET /galeria/nivo-slider/demo/inicio88.html HTTP/1.1" 200 4600
186.84.21.158 - - [31/Jul/2020:08:39:38 -0500] "POST /sipse/faces/presentacion/financiero/solicitudProceso/listarSolicitudProceso.xhtml HTTP/1.1" 200 51251
190.27.99.202 - - [31/Jul/2020:08:39:38 -0500] "GET /sipse/faces/javax.faces.resource/images/ui-icons_898989_256x240.png?ln=primefaces-aristo HTTP/1.1" 200 5355
190.27.245.107 - - [31/Jul/2020:08:39:38 -0500] "GET /reportes_sipse/sdg/ServletReporte?reporte=experienia_idoneidad&solicitud=10355&pfdrid_c=false HTTP/1.1" 200 103439
190.27.99.202 - - [31/Jul/2020:08:39:38 -0500] "GET /sipse/css/imagen/logoSDG.png HTTP/1.1" 200 53064
190.27.99.202 - - [31/Jul/2020:08:39:38 -0500] "GET /sipse/css/imagen/loginimg.png HTTP/1.1" 200 71635
190.27.99.202 - - [31/Jul/2020:08:39:39 -0500] "GET /sipse/faces/index.xhtml HTTP/1.1" 200 677
190.27.99.202 - - [31/Jul/2020:08:39:39 -0500] "GET /sipse/faces/javax.faces.resource/theme.css?ln=primefaces-sipse HTTP/1.1" 304 -
190.27.99.202 - - [31/Jul/2020:08:39:39 -0500] "GET /favicon.ico HTTP/1.1" 200 7782
190.27.99.202 - - [31/Jul/2020:08:39:39 -0500] "GET /sipse/faces/faces/autenticacion.xhtml HTTP/1.1" 200 12171
186.84.21.158 - - [31/Jul/2020:08:39:39 -0500] "POST /sipse/faces/presentacion/financiero/solicitudProceso/listarSolicitudProceso.xhtml HTTP/1.1" 200 51251
190.27.99.202 - - [31/Jul/2020:08:39:39 -0500] "GET /sipse/faces/javax.faces.resource/theme.css?ln=primefaces-sipse HTTP/1.1" 304 -
190.27.99.202 - - [31/Jul/2020:08:39:39 -0500] "GET /sipse/faces/javax.faces.resource/layout/layout.css?ln=primefaces&v=4.0 HTTP/1.1" 200 542
190.27.99.202 - - [31/Jul/2020:08:39:39 -0500] "GET /sipse/faces/javax.faces.resource/jquery/jquery.js?ln=primefaces&v=4.0 HTTP/1.1" 304 -
190.27.99.202 - - [31/Jul/2020:08:39:39 -0500] "GET /sipse/faces/javax.faces.resource/jquery/jquery-plugins.js?ln=primefaces&v=4.0 HTTP/1.1" 304 -
190.27.99.202 - - [31/Jul/2020:08:39:39 -0500] "GET /sipse/faces/javax.faces.resource/layout/layout.js?ln=primefaces&v=4.0 HTTP/1.1" 304 -
190.27.99.202 - - [31/Jul/2020:08:39:39 -0500] "GET /sipse/faces/javax.faces.resource/primefaces.js?ln=primefaces&v=4.0 HTTP/1.1" 304 -
190.27.99.202 - - [31/Jul/2020:08:39:39 -0500] "GET /sipse/faces/javax.faces.resource/primefaces.css?ln=primefaces&v=4.0 HTTP/1.1" 200 53295
190.27.99.202 - - [31/Jul/2020:08:39:39 -0500] "GET /sipse/faces/javax.faces.resource/images/ui-icons_898989_256x240.png?ln=primefaces-aristo HTTP/1.1" 304 -
181.52.58.143 - - [31/Jul/2020:08:39:37 -0500] "POST /sipse/faces/presentacion/financiero/solicitudProceso/consultarSolicitudProceso.xhtml HTTP/1.1" 200 31765
181.52.58.143 - - [31/Jul/2020:08:39:40 -0500] "GET /sipse/faces/javax.faces.resource/primefaces.css?ln=primefaces&v=4.0 HTTP/1.1" 304 -
181.52.58.143 - - [31/Jul/2020:08:39:40 -0500] "GET /sipse/faces/javax.faces.resource/theme.css?ln=primefaces-sipse HTTP/1.1" 304 -
181.52.58.143 - - [31/Jul/2020:08:39:40 -0500] "GET /sipse/faces/javax.faces.resource/layout/layout.css?ln=primefaces&v=4.0 HTTP/1.1" 304 -
181.52.58.143 - - [31/Jul/2020:08:39:40 -0500] "GET /sipse/faces/javax.faces.resource/jquery/jquery.js?ln=primefaces&v=4.0 HTTP/1.1" 304 -
186.84.21.158 - - [31/Jul/2020:08:39:40 -0500] "POST /sipse/faces/presentacion/financiero/solicitudProceso/listarSolicitudProceso.xhtml HTTP/1.1" 200 51251
181.52.58.143 - - [31/Jul/2020:08:39:40 -0500] "GET /sipse/faces/javax.faces.resource/jquery/jquery-plugins.js?ln=primefaces&v=4.0 HTTP/1.1" 304 -
181.52.58.143 - - [31/Jul/2020:08:39:40 -0500] "GET /sipse/faces/javax.faces.resource/primefaces.js?ln=primefaces&v=4.0 HTTP/1.1" 304 -
181.52.58.143 - - [31/Jul/2020:08:39:40 -0500] "GET /sipse/faces/javax.faces.resource/layout/layout.js?ln=primefaces&v=4.0 HTTP/1.1" 304 -
181.52.58.143 - - [31/Jul/2020:08:39:40 -0500] "POST /sipse/faces/presentacion/financiero/solicitudProceso/listarSolicitudProceso.xhtml HTTP/1.1" 200 1328
186.84.21.158 - - [31/Jul/2020:08:39:40 -0500] "POST /sipse/faces/presentacion/financiero/solicitudProceso/listarSolicitudProceso.xhtml HTTP/1.1" 200 51251
186.83.135.198 - - [31/Jul/2020:08:39:40 -0500] "POST /sipse/faces/autenticacion.xhtml HTTP/1.1" 200 15850
186.83.135.198 - - [31/Jul/2020:08:39:40 -0500] "GET /sipse/css/custom_css_sg_prime.css HTTP/1.1" 200 5201
186.83.135.198 - - [31/Jul/2020:08:39:40 -0500] "GET /sipse/faces/javax.faces.resource/primefaces.css?ln=primefaces&v=4.0 HTTP/1.1" 304 -
186.83.135.198 - - [31/Jul/2020:08:39:40 -0500] "GET /sipse/faces/javax.faces.resource/layout/layout.css?ln=primefaces&v=4.0 HTTP/1.1" 304 -
186.83.135.198 - - [31/Jul/2020:08:39:40 -0500] "GET /sipse/faces/javax.faces.resource/theme.css?ln=primefaces-sipse HTTP/1.1" 304 -
186.83.135.198 - - [31/Jul/2020:08:39:40 -0500] "GET /sipse/js/jquery.min.js HTTP/1.1" 200 85582
186.83.135.198 - - [31/Jul/2020:08:39:41 -0500] "GET /sipse/faces/javax.faces.resource/jquery/jquery.js?ln=primefaces&v=4.0 HTTP/1.1" 304 -
186.83.135.198 - - [31/Jul/2020:08:39:41 -0500] "GET /sipse/faces/javax.faces.resource/jquery/jquery-plugins.js?ln=primefaces&v=4.0 HTTP/1.1" 304 -
186.84.21.158 - - [31/Jul/2020:08:39:40 -0500] "POST /sipse/faces/presentacion/financiero/solicitudProceso/listarSolicitudProceso.xhtml HTTP/1.1" 200 51251
186.83.135.198 - - [31/Jul/2020:08:39:41 -0500] "GET /sipse/faces/javax.faces.resource/primefaces.js?ln=primefaces&v=4.0 HTTP/1.1" 304 -
186.83.135.198 - - [31/Jul/2020:08:39:41 -0500] "GET /sipse/faces/javax.faces.resource/layout/layout.js?ln=primefaces&v=4.0 HTTP/1.1" 304 -
186.83.135.198 - - [31/Jul/2020:08:39:41 -0500] "GET /sipse/css/imagen/contrasena.png HTTP/1.1" 404 383
186.83.135.198 - - [31/Jul/2020:08:39:41 -0500] "GET /sipse/imagenes/cargando.gif HTTP/1.1" 200 36959
186.84.21.158 - - [31/Jul/2020:08:39:41 -0500] "POST /sipse/faces/presentacion/financiero/solicitudProceso/listarSolicitudProceso.xhtml HTTP/1.1" 200 51251
186.83.135.198 - - [31/Jul/2020:08:39:41 -0500] "GET /sipse/imagenes/logoAplicacion.jpg HTTP/1.1" 200 155084
186.83.135.198 - - [31/Jul/2020:08:39:41 -0500] "GET /sipse/faces/javax.faces.resource/messages/messages.png?ln=primefaces&v=4.0 HTTP/1.1" 200 27209
190.25.224.10 - - [31/Jul/2020:08:39:41 -0500] "GET /galeria/nivo-slider/themes/default/default.css HTTP/1.1" 200 1569
190.25.224.10 - - [31/Jul/2020:08:39:41 -0500] "GET /galeria/nivo-slider/nivo-slider.css HTTP/1.1" 200 1507
190.25.224.10 - - [31/Jul/2020:08:39:41 -0500] "GET /galeria/nivo-slider/themes/orman/orman.css HTTP/1.1" 200 2152
190.25.224.10 - - [31/Jul/2020:08:39:41 -0500] "GET /galeria/nivo-slider/themes/pascal/pascal.css HTTP/1.1" 200 2258
190.25.224.10 - - [31/Jul/2020:08:39:41 -0500] "GET /galeria/nivo-slider/demo/style.css HTTP/1.1" 200 2222
190.25.224.10 - - [31/Jul/2020:08:39:41 -0500] "GET /galeria/nivo-slider/demo/scripts/jquery-1.7.1.min.js HTTP/1.1" 200 93868
190.25.224.10 - - [31/Jul/2020:08:39:41 -0500] "GET /galeria/nivo-slider/demo/images/Banner%20canales%20virtuales.jpg HTTP/1.1" 200 209438
190.25.224.10 - - [31/Jul/2020:08:39:41 -0500] "GET /galeria/nivo-slider/demo/images/Bannercuidate.jpg HTTP/1.1" 200 75508
190.25.224.10 - - [31/Jul/2020:08:39:41 -0500] "GET /galeria/nivo-slider/demo/images/bannerclasesvirtual.jpg HTTP/1.1" 200 191931
190.25.224.10 - - [31/Jul/2020:08:39:41 -0500] "GET /galeria/nivo-slider/demo/images/bannerbolsas.jpg HTTP/1.1" 200 283727
190.25.224.10 - - [31/Jul/2020:08:39:41 -0500] "GET /galeria/nivo-slider/demo/images/Bannerultimo.jpg HTTP/1.1" 200 256691
190.25.224.10 - - [31/Jul/2020:08:39:41 -0500] "GET /galeria/nivo-slider/demo/images/bannerimpuesto.jpg HTTP/1.1" 200 278604
186.84.21.158 - - [31/Jul/2020:08:39:41 -0500] "POST /sipse/faces/presentacion/financiero/solicitudProceso/listarSolicitudProceso.xhtml HTTP/1.1" 200 51251
186.154.176.147 - - [31/Jul/2020:08:39:42 -0500] "POST /sipse/faces/presentacion/financiero/solicitudProceso/listarSolicitudProceso.xhtml HTTP/1.1" 200 32186
190.25.224.10 - - [31/Jul/2020:08:39:42 -0500] "GET /galeria/nivo-slider/demo/images/bannersolidariacasa.jpg HTTP/1.1" 200 70999
190.25.224.10 - - [31/Jul/2020:08:39:42 -0500] "GET /galeria/nivo-slider/demo/images/bannerhorarios.jpg HTTP/1.1" 200 50157
190.25.224.10 - - [31/Jul/2020:08:39:42 -0500] "GET /galeria/nivo-slider/demo/images/bannercovid.jpg HTTP/1.1" 200 352563
190.25.224.10 - - [31/Jul/2020:08:39:42 -0500] "GET /galeria/nivo-slider/demo/images/bannerbioseguridad.jpg HTTP/1.1" 200 228661
190.25.224.10 - - [31/Jul/2020:08:39:42 -0500] "GET /galeria/nivo-slider/demo/images/bannernaranja.jpg HTTP/1.1" 200 40936
190.25.224.10 - - [31/Jul/2020:08:39:42 -0500] "GET /galeria/nivo-slider/demo/images/bannerplan2020.png HTTP/1.1" 200 144663
190.27.99.202 - - [31/Jul/2020:08:39:42 -0500] "POST /sipse/faces/autenticacion.xhtml HTTP/1.1" 200 16467
190.27.99.202 - - [31/Jul/2020:08:39:42 -0500] "GET /sipse/css/custom_css_sg_prime.css HTTP/1.1" 200 5201
190.25.224.10 - - [31/Jul/2020:08:39:42 -0500] "GET /galeria/nivo-slider/demo/images/4Simple_Slider.png HTTP/1.1" 200 11722
190.25.224.10 - - [31/Jul/2020:08:39:42 -0500] "GET /galeria/nivo-slider/themes/default/loading.gif HTTP/1.1" 200 1737
190.25.224.10 - - [31/Jul/2020:08:39:42 -0500] "GET /galeria/nivo-slider/jquery.nivo.slider.pack.js HTTP/1.1" 200 11561
186.84.21.158 - - [31/Jul/2020:08:39:42 -0500] "POST /sipse/faces/presentacion/financiero/solicitudProceso/listarSolicitudProceso.xhtml HTTP/1.1" 200 51251
190.27.99.202 - - [31/Jul/2020:08:39:42 -0500] "GET /sipse/js/jquery.min.js HTTP/1.1" 200 85582
190.27.99.202 - - [31/Jul/2020:08:39:42 -0500] "GET /sipse/faces/javax.faces.resource/jquery/jquery.js?ln=primefaces&v=4.0 HTTP/1.1" 304 -
190.27.99.202 - - [31/Jul/2020:08:39:42 -0500] "GET /sipse/faces/javax.faces.resource/jquery/jquery-plugins.js?ln=primefaces&v=4.0 HTTP/1.1" 304 -
190.27.99.202 - - [31/Jul/2020:08:39:42 -0500] "GET /sipse/faces/javax.faces.resource/primefaces.js?ln=primefaces&v=4.0 HTTP/1.1" 304 -
190.27.99.202 - - [31/Jul/2020:08:39:42 -0500] "GET /sipse/faces/javax.faces.resource/layout/layout.js?ln=primefaces&v=4.0 HTTP/1.1" 304 -
190.27.99.202 - - [31/Jul/2020:08:39:42 -0500] "GET /sipse/css/imagen/contrasena.png HTTP/1.1" 404 383
190.27.99.202 - - [31/Jul/2020:08:39:42 -0500] "GET /sipse/faces/javax.faces.resource/messages/messages.png?ln=primefaces&v=4.0 HTTP/1.1" 304 -
186.154.176.147 - - [31/Jul/2020:08:39:42 -0500] "POST /sipse/faces/presentacion/financiero/solicitudProceso/listarSolicitudProceso.xhtml HTTP/1.1" 200 7285
190.27.99.202 - - [31/Jul/2020:08:39:42 -0500] "GET /sipse/imagenes/cargando.gif HTTP/1.1" 200 36959
186.84.21.158 - - [31/Jul/2020:08:39:42 -0500] "POST /sipse/faces/presentacion/financiero/solicitudProceso/listarSolicitudProceso.xhtml HTTP/1.1" 200 51251
190.27.99.202 - - [31/Jul/2020:08:39:42 -0500] "GET /sipse/imagenes/logoAplicacion.jpg HTTP/1.1" 200 155084
186.154.176.147 - - [31/Jul/2020:08:39:43 -0500] "POST /sipse/faces/presentacion/financiero/solicitudProceso/listarSolicitudProceso.xhtml HTTP/1.1" 200 7285
186.84.21.158 - - [31/Jul/2020:08:39:43 -0500] "POST /sipse/faces/presentacion/financiero/solicitudProceso/listarSolicitudProceso.xhtml HTTP/1.1" 200 51251
181.61.75.10 - - [31/Jul/2020:08:39:43 -0500] "POST /sipse/faces/presentacion/financiero/solicitudProceso/listarSolicitudProceso.xhtml HTTP/1.1" 200 124436
181.61.75.10 - - [31/Jul/2020:08:39:44 -0500] "GET /sipse/faces/javax.faces.resource/theme.css?ln=primefaces-sipse HTTP/1.1" 304 -
181.61.75.10 - - [31/Jul/2020:08:39:44 -0500] "GET /sipse/faces/javax.faces.resource/primefaces.css?ln=primefaces&v=4.0 HTTP/1.1" 304 -
181.61.75.10 - - [31/Jul/2020:08:39:44 -0500] "GET /sipse/faces/javax.faces.resource/layout/layout.css?ln=primefaces&v=4.0 HTTP/1.1" 304 -
181.61.75.10 - - [31/Jul/2020:08:39:44 -0500] "GET /sipse/faces/javax.faces.resource/jquery/jquery.js?ln=primefaces&v=4.0 HTTP/1.1" 304 -
181.61.75.10 - - [31/Jul/2020:08:39:44 -0500] "GET /sipse/faces/javax.faces.resource/jquery/jquery-plugins.js?ln=primefaces&v=4.0 HTTP/1.1" 304 -
190.25.224.10 - - [31/Jul/2020:08:39:44 -0500] "GET /galeria/nivo-slider/themes/default/arrows.png HTTP/1.1" 200 824
190.25.224.10 - - [31/Jul/2020:08:39:44 -0500] "GET /galeria/nivo-slider/themes/default/bullets.png HTTP/1.1" 200 1281
181.61.75.10 - - [31/Jul/2020:08:39:44 -0500] "GET /sipse/faces/javax.faces.resource/primefaces.js?ln=primefaces&v=4.0 HTTP/1.1" 304 -
181.61.75.10 - - [31/Jul/2020:08:39:44 -0500] "GET /sipse/faces/javax.faces.resource/layout/layout.js?ln=primefaces&v=4.0 HTTP/1.1" 304 -
186.84.21.158 - - [31/Jul/2020:08:39:44 -0500] "POST /sipse/faces/presentacion/financiero/solicitudProceso/listarSolicitudProceso.xhtml HTTP/1.1" 200 51251
186.154.176.147 - - [31/Jul/2020:08:39:44 -0500] "POST /sipse/faces/presentacion/financiero/solicitudProceso/listarSolicitudProceso.xhtml HTTP/1.1" 200 7289
190.27.99.202 - - [31/Jul/2020:08:39:44 -0500] "GET /sipse/faces/javax.faces.resource/images/ui-bg_flat_0_2d5972_40x100.png?ln=primefaces-aristo HTTP/1.1" 200 183
190.27.99.202 - - [31/Jul/2020:08:39:44 -0500] "POST /sipse/faces/bienvenido.xhtml HTTP/1.1" 200 1471
186.84.21.158 - - [31/Jul/2020:08:39:44 -0500] "POST /sipse/faces/presentacion/financiero/solicitudProceso/listarSolicitudProceso.xhtml HTTP/1.1" 200 51251
190.27.245.107 - - [31/Jul/2020:08:39:44 -0500] "GET /reportes_sipse/sdg/ServletReporte?reporte=experienia_idoneidad&solicitud=10355&pfdrid_c=false HTTP/1.1" 200 103439
190.27.99.202 - - [31/Jul/2020:08:39:45 -0500] "POST /sipse/faces/bienvenido.xhtml HTTP/1.1" 200 32432
186.84.21.158 - - [31/Jul/2020:08:39:45 -0500] "POST /sipse/faces/presentacion/financiero/solicitudProceso/listarSolicitudProceso.xhtml HTTP/1.1" 200 51251
190.27.99.202 - - [31/Jul/2020:08:39:45 -0500] "GET /sipse/faces/javax.faces.resource/jquery/jquery.js?ln=primefaces&v=4.0 HTTP/1.1" 304 -
190.27.99.202 - - [31/Jul/2020:08:39:45 -0500] "GET /sipse/faces/javax.faces.resource/jquery/jquery-plugins.js?ln=primefaces&v=4.0 HTTP/1.1" 304 -
190.27.99.202 - - [31/Jul/2020:08:39:45 -0500] "GET /sipse/faces/javax.faces.resource/primefaces.js?ln=primefaces&v=4.0 HTTP/1.1" 304 -
190.27.99.202 - - [31/Jul/2020:08:39:46 -0500] "GET /sipse/faces/javax.faces.resource/layout/layout.js?ln=primefaces&v=4.0 HTTP/1.1" 304 -
190.27.99.202 - - [31/Jul/2020:08:39:46 -0500] "POST /sipse/faces/presentacion/financiero/solicitudProceso/listarSolicitudProceso.xhtml HTTP/1.1" 200 1344
186.84.21.158 - - [31/Jul/2020:08:39:45 -0500] "POST /sipse/faces/presentacion/financiero/solicitudProceso/listarSolicitudProceso.xhtml HTTP/1.1" 200 51251
186.84.21.158 - - [31/Jul/2020:08:39:46 -0500] "POST /sipse/faces/presentacion/financiero/solicitudProceso/listarSolicitudProceso.xhtml HTTP/1.1" 200 51251
186.84.21.158 - - [31/Jul/2020:08:39:47 -0500] "POST /sipse/faces/presentacion/financiero/solicitudProceso/listarSolicitudProceso.xhtml HTTP/1.1" 200 51251
186.83.135.198 - - [31/Jul/2020:08:39:48 -0500] "POST /sipse/faces/bienvenido.xhtml HTTP/1.1" 200 1473
186.84.21.158 - - [31/Jul/2020:08:39:48 -0500] "POST /sipse/faces/presentacion/financiero/solicitudProceso/listarSolicitudProceso.xhtml HTTP/1.1" 200 51251
186.83.135.198 - - [31/Jul/2020:08:39:48 -0500] "GET /sipse/faces/javax.faces.resource/images/ui-bg_flat_0_2d5972_40x100.png?ln=primefaces-aristo HTTP/1.1" 200 183
186.84.21.158 - - [31/Jul/2020:08:39:48 -0500] "POST /sipse/faces/presentacion/financiero/solicitudProceso/listarSolicitudProceso.xhtml HTTP/1.1" 200 51251
186.83.135.198 - - [31/Jul/2020:08:39:49 -0500] "POST /sipse/faces/bienvenido.xhtml HTTP/1.1" 200 37523
186.83.135.198 - - [31/Jul/2020:08:39:49 -0500] "GET /sipse/faces/javax.faces.resource/theme.css?ln=primefaces-sipse HTTP/1.1" 304 -
186.84.21.158 - - [31/Jul/2020:08:39:49 -0500] "POST /sipse/faces/presentacion/financiero/solicitudProceso/listarSolicitudProceso.xhtml HTTP/1.1" 200 1448
186.83.135.198 - - [31/Jul/2020:08:39:49 -0500] "GET /sipse/faces/javax.faces.resource/primefaces.css?ln=primefaces&v=4.0 HTTP/1.1" 304 -
186.83.135.198 - - [31/Jul/2020:08:39:49 -0500] "GET /sipse/faces/javax.faces.resource/layout/layout.css?ln=primefaces&v=4.0 HTTP/1.1" 304 -
186.83.135.198 - - [31/Jul/2020:08:39:49 -0500] "GET /sipse/faces/javax.faces.resource/jquery/jquery.js?ln=primefaces&v=4.0 HTTP/1.1" 304 -
186.83.135.198 - - [31/Jul/2020:08:39:49 -0500] "GET /sipse/faces/javax.faces.resource/jquery/jquery-plugins.js?ln=primefaces&v=4.0 HTTP/1.1" 304 -
186.84.21.158 - - [31/Jul/2020:08:39:49 -0500] "POST /sipse/faces/presentacion/financiero/solicitudProceso/listarSolicitudProceso.xhtml HTTP/1.1" 200 1448
186.83.135.198 - - [31/Jul/2020:08:39:49 -0500] "GET /sipse/faces/javax.faces.resource/primefaces.js?ln=primefaces&v=4.0 HTTP/1.1" 304 -
186.84.21.158 - - [31/Jul/2020:08:39:49 -0500] "POST /sipse/faces/presentacion/financiero/solicitudProceso/listarSolicitudProceso.xhtml HTTP/1.1" 200 1448
186.83.135.198 - - [31/Jul/2020:08:39:49 -0500] "GET /sipse/faces/javax.faces.resource/layout/layout.js?ln=primefaces&v=4.0 HTTP/1.1" 304 -
186.84.21.158 - - [31/Jul/2020:08:39:49 -0500] "POST /sipse/faces/presentacion/financiero/solicitudProceso/listarSolicitudProceso.xhtml HTTP/1.1" 200 1448
186.84.21.158 - - [31/Jul/2020:08:39:49 -0500] "POST /sipse/faces/presentacion/financiero/solicitudProceso/listarSolicitudProceso.xhtml HTTP/1.1" 200 1448
186.84.21.158 - - [31/Jul/2020:08:39:49 -0500] "POST /sipse/faces/presentacion/financiero/solicitudProceso/listarSolicitudProceso.xhtml HTTP/1.1" 200 1448
186.84.21.158 - - [31/Jul/2020:08:39:50 -0500] "POST /sipse/faces/presentacion/financiero/solicitudProceso/listarSolicitudProceso.xhtml HTTP/1.1" 200 1444
186.84.21.158 - - [31/Jul/2020:08:39:50 -0500] "POST /sipse/faces/presentacion/financiero/solicitudProceso/listarSolicitudProceso.xhtml HTTP/1.1" 200 1448
186.84.21.158 - - [31/Jul/2020:08:39:50 -0500] "POST /sipse/faces/presentacion/financiero/solicitudProceso/listarSolicitudProceso.xhtml HTTP/1.1" 200 1448
186.84.21.158 - - [31/Jul/2020:08:39:50 -0500] "POST /sipse/faces/presentacion/financiero/solicitudProceso/listarSolicitudProceso.xhtml HTTP/1.1" 200 1448
186.84.21.158 - - [31/Jul/2020:08:39:50 -0500] "POST /sipse/faces/presentacion/financiero/solicitudProceso/listarSolicitudProceso.xhtml HTTP/1.1" 200 1448
186.84.21.158 - - [31/Jul/2020:08:39:50 -0500] "POST /sipse/faces/presentacion/financiero/solicitudProceso/listarSolicitudProceso.xhtml HTTP/1.1" 200 1448
186.84.21.158 - - [31/Jul/2020:08:39:50 -0500] "POST /sipse/faces/presentacion/financiero/solicitudProceso/listarSolicitudProceso.xhtml HTTP/1.1" 200 1448
186.84.21.158 - - [31/Jul/2020:08:39:50 -0500] "POST /sipse/faces/presentacion/financiero/solicitudProceso/listarSolicitudProceso.xhtml HTTP/1.1" 200 1448
186.84.21.158 - - [31/Jul/2020:08:39:51 -0500] "POST /sipse/faces/presentacion/financiero/solicitudProceso/listarSolicitudProceso.xhtml HTTP/1.1" 200 1448
186.84.21.158 - - [31/Jul/2020:08:39:51 -0500] "POST /sipse/faces/presentacion/financiero/solicitudProceso/listarSolicitudProceso.xhtml HTTP/1.1" 200 1444
186.84.21.158 - - [31/Jul/2020:08:39:51 -0500] "POST /sipse/faces/presentacion/financiero/solicitudProceso/listarSolicitudProceso.xhtml HTTP/1.1" 200 1448
181.61.75.10 - - [31/Jul/2020:08:39:51 -0500] "POST /sipse/faces/presentacion/financiero/solicitudProceso/consultarSolicitudProceso.xhtml HTTP/1.1" 200 85573
181.61.75.10 - - [31/Jul/2020:08:39:51 -0500] "GET /sipse/faces/javax.faces.resource/theme.css?ln=primefaces-sipse HTTP/1.1" 304 -
181.61.75.10 - - [31/Jul/2020:08:39:51 -0500] "GET /sipse/faces/javax.faces.resource/primefaces.css?ln=primefaces&v=4.0 HTTP/1.1" 304 -
181.61.75.10 - - [31/Jul/2020:08:39:51 -0500] "GET /sipse/faces/javax.faces.resource/layout/layout.css?ln=primefaces&v=4.0 HTTP/1.1" 304 -
181.61.75.10 - - [31/Jul/2020:08:39:51 -0500] "GET /sipse/faces/javax.faces.resource/jquery/jquery.js?ln=primefaces&v=4.0 HTTP/1.1" 304 -
186.84.21.158 - - [31/Jul/2020:08:39:51 -0500] "POST /sipse/faces/presentacion/financiero/solicitudProceso/listarSolicitudProceso.xhtml HTTP/1.1" 200 1448
181.61.75.10 - - [31/Jul/2020:08:39:51 -0500] "GET /sipse/faces/javax.faces.resource/jquery/jquery-plugins.js?ln=primefaces&v=4.0 HTTP/1.1" 304 -
181.61.75.10 - - [31/Jul/2020:08:39:51 -0500] "GET /sipse/faces/javax.faces.resource/primefaces.js?ln=primefaces&v=4.0 HTTP/1.1" 304 -
181.61.75.10 - - [31/Jul/2020:08:39:51 -0500] "GET /sipse/faces/javax.faces.resource/layout/layout.js?ln=primefaces&v=4.0 HTTP/1.1" 304 -
186.84.21.158 - - [31/Jul/2020:08:39:51 -0500] "POST /sipse/faces/presentacion/financiero/solicitudProceso/listarSolicitudProceso.xhtml HTTP/1.1" 200 1444
181.236.214.116 - - [31/Jul/2020:08:39:52 -0500] "GET /galeria/galeria/jquery.fancybox.css?v=2.1.5 HTTP/1.1" 200 4895
181.236.214.116 - - [31/Jul/2020:08:39:52 -0500] "GET /BLA/boletinlegal/js/jquery.scrollShow.js HTTP/1.1" 200 4586
181.236.214.116 - - [31/Jul/2020:08:39:52 -0500] "GET /galeria/galeria/jquery.fancybox.js?v=2.1.5 HTTP/1.1" 200 48706
181.51.34.183 - - [31/Jul/2020:08:39:53 -0500] "GET /sipse/faces/javax.faces.resource/theme.css?ln=primefaces-sipse HTTP/1.1" 304 -
181.51.34.183 - - [31/Jul/2020:08:39:53 -0500] "GET /sipse/faces/javax.faces.resource/primefaces.css?ln=primefaces&v=4.0 HTTP/1.1" 304 -
181.51.34.183 - - [31/Jul/2020:08:39:53 -0500] "GET /sipse/faces/javax.faces.resource/layout/layout.css?ln=primefaces&v=4.0 HTTP/1.1" 304 -
181.51.34.183 - - [31/Jul/2020:08:39:53 -0500] "GET /sipse/faces/javax.faces.resource/jquery/jquery.js?ln=primefaces&v=4.0 HTTP/1.1" 304 -
181.51.34.183 - - [31/Jul/2020:08:39:53 -0500] "GET /sipse/faces/javax.faces.resource/jquery/jquery-plugins.js?ln=primefaces&v=4.0 HTTP/1.1" 304 -
181.51.34.183 - - [31/Jul/2020:08:39:53 -0500] "GET /sipse/faces/javax.faces.resource/primefaces.js?ln=primefaces&v=4.0 HTTP/1.1" 304 -
181.51.34.183 - - [31/Jul/2020:08:39:53 -0500] "GET /sipse/faces/javax.faces.resource/layout/layout.js?ln=primefaces&v=4.0 HTTP/1.1" 304 -
181.51.34.183 - - [31/Jul/2020:08:39:53 -0500] "POST /sipse/faces/presentacion/financiero/solicitudProceso/consultarHistorialSolProceso.xhtml HTTP/1.1" 200 185024
181.236.214.116 - - [31/Jul/2020:08:39:53 -0500] "GET /galeria/carrusel/Carrusel/jquery.thumbnailScroller.css HTTP/1.1" 200 2066
186.84.21.158 - - [31/Jul/2020:08:39:53 -0500] "POST /sipse/faces/presentacion/financiero/solicitudProceso/listarSolicitudProceso.xhtml HTTP/1.1" 200 141496
181.51.34.183 - - [31/Jul/2020:08:39:53 -0500] "GET /sipse/css/imagen/contrasena.png HTTP/1.1" 404 383
181.51.34.183 - - [31/Jul/2020:08:39:53 -0500] "GET /sipse/faces/javax.faces.resource/images/ui-icons_898989_256x240.png?ln=primefaces-aristo HTTP/1.1" 304 -
186.84.21.158 - - [31/Jul/2020:08:39:53 -0500] "GET /sipse/faces/javax.faces.resource/theme.css?ln=primefaces-sipse HTTP/1.1" 304 -
186.84.21.158 - - [31/Jul/2020:08:39:53 -0500] "GET /sipse/faces/javax.faces.resource/primefaces.css?ln=primefaces&v=4.0 HTTP/1.1" 304 -
186.84.21.158 - - [31/Jul/2020:08:39:53 -0500] "GET /sipse/faces/javax.faces.resource/layout/layout.css?ln=primefaces&v=4.0 HTTP/1.1" 304 -
186.84.21.158 - - [31/Jul/2020:08:39:54 -0500] "GET /sipse/faces/javax.faces.resource/jquery/jquery.js?ln=primefaces&v=4.0 HTTP/1.1" 304 -
186.84.21.158 - - [31/Jul/2020:08:39:54 -0500] "GET /sipse/faces/javax.faces.resource/jquery/jquery-plugins.js?ln=primefaces&v=4.0 HTTP/1.1" 304 -
181.236.214.116 - - [31/Jul/2020:08:39:54 -0500] "GET /galeria/carrusel/Carrusel/jquery-ui-1.8.13.custom.min.js HTTP/1.1" 200 10800
181.236.214.116 - - [31/Jul/2020:08:39:54 -0500] "GET /galeria/carrusel/Carrusel/jquery.thumbnailScroller.js HTTP/1.1" 200 8157
186.84.21.158 - - [31/Jul/2020:08:39:54 -0500] "GET /sipse/faces/javax.faces.resource/primefaces.js?ln=primefaces&v=4.0 HTTP/1.1" 304 -
181.236.214.116 - - [31/Jul/2020:08:39:54 -0500] "GET /galeria/nivo-slider/demo/inicio88.html HTTP/1.1" 200 4600
186.84.21.158 - - [31/Jul/2020:08:39:54 -0500] "GET /sipse/faces/javax.faces.resource/layout/layout.js?ln=primefaces&v=4.0 HTTP/1.1" 304 -
181.236.214.116 - - [31/Jul/2020:08:39:54 -0500] "GET /galeria/nivo-slider/themes/default/default.css HTTP/1.1" 200 1569
181.236.214.116 - - [31/Jul/2020:08:39:54 -0500] "GET /galeria/nivo-slider/themes/pascal/pascal.css HTTP/1.1" 200 2258
181.236.214.116 - - [31/Jul/2020:08:39:54 -0500] "GET /galeria/nivo-slider/themes/orman/orman.css HTTP/1.1" 200 2152
190.27.245.107 - - [31/Jul/2020:08:39:54 -0500] "GET /reportes_sipse/sdg/ServletReporte?reporte=experienia_idoneidad&solicitud=10355&pfdrid_c=false HTTP/1.1" 200 103439
181.236.214.116 - - [31/Jul/2020:08:39:55 -0500] "GET /galeria/nivo-slider/nivo-slider.css HTTP/1.1" 200 1507
181.236.214.116 - - [31/Jul/2020:08:39:55 -0500] "GET /galeria/nivo-slider/demo/style.css HTTP/1.1" 200 2222
181.236.214.116 - - [31/Jul/2020:08:39:55 -0500] "GET /galeria/nivo-slider/demo/images/Bannercuidate.jpg HTTP/1.1" 200 75508
181.236.214.116 - - [31/Jul/2020:08:39:55 -0500] "GET /galeria/nivo-slider/demo/images/bannernaranja.jpg HTTP/1.1" 200 40936
181.236.214.116 - - [31/Jul/2020:08:39:55 -0500] "GET /galeria/nivo-slider/demo/images/bannerclasesvirtual.jpg HTTP/1.1" 200 191931
181.236.214.116 - - [31/Jul/2020:08:39:55 -0500] "GET /galeria/nivo-slider/demo/images/Banner%20canales%20virtuales.jpg HTTP/1.1" 200 209438
181.236.214.116 - - [31/Jul/2020:08:39:55 -0500] "GET /galeria/nivo-slider/demo/images/bannerhorarios.jpg HTTP/1.1" 200 50157
181.236.214.116 - - [31/Jul/2020:08:39:55 -0500] "GET /galeria/nivo-slider/demo/images/bannerimpuesto.jpg HTTP/1.1" 200 278604
190.27.245.107 - - [31/Jul/2020:08:39:55 -0500] "GET /reportes_sipse/sdg/ServletReporte?reporte=experienia_idoneidad&solicitud=10355&pfdrid_c=false HTTP/1.1" 200 103439
186.83.135.198 - - [31/Jul/2020:08:39:56 -0500] "POST /sipse/faces/presentacion/financiero/solicitudProceso/consultar.xhtml HTTP/1.1" 200 30255
186.83.135.198 - - [31/Jul/2020:08:39:56 -0500] "POST /sipse/faces/presentacion/financiero/solicitudProceso/consultar.xhtml HTTP/1.1" 200 30255
181.61.75.10 - - [31/Jul/2020:08:39:57 -0500] "POST /sipse/faces/presentacion/financiero/solicitudProceso/crearModificarSolicitudProceso.xhtml HTTP/1.1" 200 10248
181.236.214.116 - - [31/Jul/2020:08:39:58 -0500] "GET /galeria/nivo-slider/demo/images/bannerbolsas.jpg HTTP/1.1" 200 283727
186.83.135.198 - - [31/Jul/2020:08:39:58 -0500] "POST /sipse/faces/presentacion/financiero/solicitudProceso/consultar.xhtml HTTP/1.1" 200 2591
181.51.34.183 - - [31/Jul/2020:08:39:58 -0500] "GET /sipse/faces/javax.faces.resource/images/ui-bg_flat_0_2d5972_40x100.png?ln=primefaces-aristo HTTP/1.1" 304 -
181.51.34.183 - - [31/Jul/2020:08:39:58 -0500] "POST /sipse/faces/presentacion/financiero/solicitudProceso/consultarSolicitudProceso.xhtml HTTP/1.1" 200 59757
181.51.34.183 - - [31/Jul/2020:08:39:59 -0500] "GET /sipse/faces/javax.faces.resource/theme.css?ln=primefaces-sipse HTTP/1.1" 304 -
181.51.34.183 - - [31/Jul/2020:08:39:59 -0500] "GET /sipse/faces/javax.faces.resource/primefaces.css?ln=primefaces&v=4.0 HTTP/1.1" 304 -
181.51.34.183 - - [31/Jul/2020:08:39:59 -0500] "GET /sipse/faces/javax.faces.resource/layout/layout.css?ln=primefaces&v=4.0 HTTP/1.1" 304 -
181.51.34.183 - - [31/Jul/2020:08:39:59 -0500] "GET /sipse/faces/javax.faces.resource/jquery/jquery.js?ln=primefaces&v=4.0 HTTP/1.1" 304 -
181.236.214.116 - - [31/Jul/2020:08:39:59 -0500] "GET /galeria/nivo-slider/demo/images/bannerbioseguridad.jpg HTTP/1.1" 200 228661
181.51.34.183 - - [31/Jul/2020:08:39:59 -0500] "GET /sipse/faces/javax.faces.resource/jquery/jquery-plugins.js?ln=primefaces&v=4.0 HTTP/1.1" 304 -
181.236.214.116 - - [31/Jul/2020:08:39:59 -0500] "GET /galeria/nivo-slider/demo/images/Bannerultimo.jpg HTTP/1.1" 200 256691
181.61.75.10 - - [31/Jul/2020:08:39:58 -0500] "POST /sipse/faces/presentacion/financiero/solicitudProceso/crearModificarSolicitudProceso.xhtml HTTP/1.1" 200 123182
181.51.34.183 - - [31/Jul/2020:08:39:59 -0500] "GET /sipse/css/imagen/contrasena.png HTTP/1.1" 404 383
181.61.75.10 - - [31/Jul/2020:08:39:59 -0500] "GET /sipse/faces/javax.faces.resource/theme.css?ln=primefaces-sipse HTTP/1.1" 304 -
181.61.75.10 - - [31/Jul/2020:08:39:59 -0500] "GET /sipse/faces/javax.faces.resource/primefaces.css?ln=primefaces&v=4.0 HTTP/1.1" 304 -
181.61.75.10 - - [31/Jul/2020:08:39:59 -0500] "GET /sipse/faces/javax.faces.resource/layout/layout.css?ln=primefaces&v=4.0 HTTP/1.1" 304 -
181.61.75.10 - - [31/Jul/2020:08:39:59 -0500] "GET /sipse/faces/javax.faces.resource/jquery/jquery.js?ln=primefaces&v=4.0 HTTP/1.1" 304 -
181.61.75.10 - - [31/Jul/2020:08:39:59 -0500] "GET /sipse/faces/javax.faces.resource/jquery/jquery-plugins.js?ln=primefaces&v=4.0 HTTP/1.1" 304 -
186.83.135.198 - - [31/Jul/2020:08:39:59 -0500] "POST /sipse/faces/presentacion/financiero/solicitudProceso/consultar.xhtml HTTP/1.1" 200 57744
181.61.75.10 - - [31/Jul/2020:08:39:59 -0500] "GET /sipse/faces/javax.faces.resource/primefaces.js?ln=primefaces&v=4.0 HTTP/1.1" 304 -
181.51.34.183 - - [31/Jul/2020:08:39:59 -0500] "GET /sipse/faces/javax.faces.resource/primefaces.js?ln=primefaces&v=4.0 HTTP/1.1" 304 -
181.61.75.10 - - [31/Jul/2020:08:39:59 -0500] "GET /sipse/faces/javax.faces.resource/layout/layout.js?ln=primefaces&v=4.0 HTTP/1.1" 304 -
186.83.135.198 - - [31/Jul/2020:08:39:59 -0500] "GET /sipse/faces/javax.faces.resource/theme.css?ln=primefaces-sipse HTTP/1.1" 304 -
186.83.135.198 - - [31/Jul/2020:08:39:59 -0500] "GET /sipse/faces/javax.faces.resource/primefaces.css?ln=primefaces&v=4.0 HTTP/1.1" 304 -
186.83.135.198 - - [31/Jul/2020:08:39:59 -0500] "GET /sipse/faces/javax.faces.resource/layout/layout.css?ln=primefaces&v=4.0 HTTP/1.1" 304 -
181.51.34.183 - - [31/Jul/2020:08:39:59 -0500] "GET /sipse/faces/javax.faces.resource/layout/layout.js?ln=primefaces&v=4.0 HTTP/1.1" 304 -
186.83.135.198 - - [31/Jul/2020:08:39:59 -0500] "GET /sipse/faces/javax.faces.resource/jquery/jquery.js?ln=primefaces&v=4.0 HTTP/1.1" 304 -
186.83.135.198 - - [31/Jul/2020:08:39:59 -0500] "GET /sipse/faces/javax.faces.resource/jquery/jquery-plugins.js?ln=primefaces&v=4.0 HTTP/1.1" 304 -
186.83.135.198 - - [31/Jul/2020:08:39:59 -0500] "GET /sipse/faces/javax.faces.resource/primefaces.js?ln=primefaces&v=4.0 HTTP/1.1" 304 -
186.83.135.198 - - [31/Jul/2020:08:39:59 -0500] "GET /sipse/faces/javax.faces.resource/layout/layout.js?ln=primefaces&v=4.0 HTTP/1.1" 304 -
186.83.135.198 - - [31/Jul/2020:08:39:59 -0500] "POST /sipse/faces/presentacion/financiero/solicitudProceso/listarSolicitudProceso.xhtml HTTP/1.1" 200 51007
181.51.34.183 - - [31/Jul/2020:08:40:00 -0500] "POST /sipse/faces/presentacion/financiero/solicitudProceso/listarSolicitudProceso.xhtml HTTP/1.1" 200 1448
190.27.245.107 - - [31/Jul/2020:08:39:59 -0500] "GET /reportes_sipse/sdg/ServletReporte?reporte=experienia_idoneidad&solicitud=10355&pfdrid_c=false HTTP/1.1" 200 103439
186.83.135.198 - - [31/Jul/2020:08:40:00 -0500] "POST /sipse/faces/presentacion/financiero/solicitudProceso/listarSolicitudProceso.xhtml HTTP/1.1" 200 1448
186.83.135.198 - - [31/Jul/2020:08:40:00 -0500] "POST /sipse/faces/presentacion/financiero/solicitudProceso/listarSolicitudProceso.xhtml HTTP/1.1" 200 1448
181.134.23.85 - - [31/Jul/2020:08:40:00 -0500] "GET /BLA/boletinlegal/js/jquery.scrollShow.js HTTP/1.1" 200 4586
181.134.23.85 - - [31/Jul/2020:08:40:00 -0500] "GET /galeria/galeria/jquery.fancybox.js?v=2.1.5 HTTP/1.1" 200 48706
181.134.23.85 - - [31/Jul/2020:08:40:00 -0500] "GET /galeria/galeria/jquery.fancybox.css?v=2.1.5 HTTP/1.1" 200 4895
181.134.23.85 - - [31/Jul/2020:08:40:00 -0500] "GET /galeria/carrusel/Carrusel/jquery.thumbnailScroller.css HTTP/1.1" 200 2066
181.134.23.85 - - [31/Jul/2020:08:40:01 -0500] "GET /galeria/carrusel/Carrusel/jquery-ui-1.8.13.custom.min.js HTTP/1.1" 200 10800
181.134.23.85 - - [31/Jul/2020:08:40:01 -0500] "GET /galeria/carrusel/Carrusel/jquery.thumbnailScroller.js HTTP/1.1" 200 8157
181.134.23.85 - - [31/Jul/2020:08:40:01 -0500] "GET /galeria/nivo-slider/demo/inicio88.html HTTP/1.1" 200 4600
181.134.23.85 - - [31/Jul/2020:08:40:01 -0500] "GET /galeria/nivo-slider/themes/default/default.css HTTP/1.1" 200 1569
181.134.23.85 - - [31/Jul/2020:08:40:01 -0500] "GET /galeria/nivo-slider/themes/pascal/pascal.css HTTP/1.1" 200 2258
181.134.23.85 - - [31/Jul/2020:08:40:01 -0500] "GET /galeria/nivo-slider/themes/orman/orman.css HTTP/1.1" 200 2152
181.134.23.85 - - [31/Jul/2020:08:40:01 -0500] "GET /galeria/nivo-slider/nivo-slider.css HTTP/1.1" 200 1507
181.134.23.85 - - [31/Jul/2020:08:40:01 -0500] "GET /galeria/nivo-slider/demo/scripts/jquery-1.7.1.min.js HTTP/1.1" 200 93868
181.134.23.85 - - [31/Jul/2020:08:40:01 -0500] "GET /galeria/nivo-slider/demo/style.css HTTP/1.1" 200 2222
181.134.23.85 - - [31/Jul/2020:08:40:01 -0500] "GET /galeria/nivo-slider/jquery.nivo.slider.pack.js HTTP/1.1" 200 11561
181.134.23.85 - - [31/Jul/2020:08:40:01 -0500] "GET /galeria/nivo-slider/demo/images/bannerclasesvirtual.jpg HTTP/1.1" 200 191931
181.134.23.85 - - [31/Jul/2020:08:40:01 -0500] "GET /galeria/nivo-slider/demo/images/bannernaranja.jpg HTTP/1.1" 200 40936
181.134.23.85 - - [31/Jul/2020:08:40:01 -0500] "GET /galeria/nivo-slider/demo/images/Bannercuidate.jpg HTTP/1.1" 200 75508
181.134.23.85 - - [31/Jul/2020:08:40:01 -0500] "GET /galeria/nivo-slider/demo/images/Banner%20canales%20virtuales.jpg HTTP/1.1" 200 209438
181.134.23.85 - - [31/Jul/2020:08:40:01 -0500] "GET /galeria/nivo-slider/demo/images/bannerhorarios.jpg HTTP/1.1" 200 50157
181.134.23.85 - - [31/Jul/2020:08:40:01 -0500] "GET /galeria/nivo-slider/demo/images/bannerimpuesto.jpg HTTP/1.1" 200 278604
181.134.23.85 - - [31/Jul/2020:08:40:01 -0500] "GET /galeria/nivo-slider/demo/images/Bannerultimo.jpg HTTP/1.1" 200 256691
181.134.23.85 - - [31/Jul/2020:08:40:01 -0500] "GET /galeria/nivo-slider/demo/images/bannerplan2020.png HTTP/1.1" 200 144663
181.134.23.85 - - [31/Jul/2020:08:40:02 -0500] "GET /galeria/nivo-slider/demo/images/bannerbioseguridad.jpg HTTP/1.1" 200 228661
181.134.23.85 - - [31/Jul/2020:08:40:02 -0500] "GET /galeria/nivo-slider/demo/images/bannersolidariacasa.jpg HTTP/1.1" 200 70999
181.134.23.85 - - [31/Jul/2020:08:40:02 -0500] "GET /galeria/nivo-slider/demo/images/bannerbolsas.jpg HTTP/1.1" 200 283727
181.134.23.85 - - [31/Jul/2020:08:40:02 -0500] "GET /galeria/nivo-slider/demo/images/bannercovid.jpg HTTP/1.1" 200 352563
181.134.23.85 - - [31/Jul/2020:08:40:02 -0500] "GET /galeria/nivo-slider/themes/default/loading.gif HTTP/1.1" 200 1737
181.134.23.85 - - [31/Jul/2020:08:40:02 -0500] "GET /galeria/nivo-slider/demo/images/4Simple_Slider.png HTTP/1.1" 200 11722
186.154.176.147 - - [31/Jul/2020:08:40:02 -0500] "POST /sipse/faces/presentacion/financiero/solicitudProceso/listarSolicitudProceso.xhtml HTTP/1.1" 200 7308
181.236.214.116 - - [31/Jul/2020:08:40:02 -0500] "GET /galeria/nivo-slider/demo/images/bannercovid.jpg HTTP/1.1" 200 352563
186.154.176.147 - - [31/Jul/2020:08:40:02 -0500] "POST /sipse/faces/presentacion/financiero/solicitudProceso/listarSolicitudProceso.xhtml HTTP/1.1" 200 7304
181.134.23.85 - - [31/Jul/2020:08:40:02 -0500] "GET /galeria/nivo-slider/themes/default/arrows.png HTTP/1.1" 200 824
181.134.23.85 - - [31/Jul/2020:08:40:02 -0500] "GET /galeria/nivo-slider/themes/default/bullets.png HTTP/1.1" 200 1281
186.83.135.198 - - [31/Jul/2020:08:40:04 -0500] "POST /sipse/faces/presentacion/financiero/solicitudProceso/listarSolicitudProceso.xhtml HTTP/1.1" 200 9819
186.83.135.198 - - [31/Jul/2020:08:40:06 -0500] "POST /sipse/faces/presentacion/financiero/solicitudProceso/listarSolicitudProceso.xhtml HTTP/1.1" 200 29812
181.236.214.116 - - [31/Jul/2020:08:40:07 -0500] "GET /galeria/nivo-slider/demo/images/bannersolidariacasa.jpg HTTP/1.1" 200 70999
186.84.21.158 - - [31/Jul/2020:08:40:07 -0500] "POST /sipse/faces/presentacion/financiero/solicitudProceso/consultarSolicitudProceso.xhtml HTTP/1.1" 200 5549
190.27.245.107 - - [31/Jul/2020:08:40:07 -0500] "GET /reportes_sipse/sdg/ServletReporte?reporte=experienia_idoneidad&solicitud=9809&pfdrid_c=false HTTP/1.1" 200 179695
190.29.137.147 - - [31/Jul/2020:08:40:08 -0500] "GET /galeria/galeria/jquery.fancybox.css?v=2.1.5 HTTP/1.1" 200 4895
190.29.137.147 - - [31/Jul/2020:08:40:08 -0500] "GET /galeria/galeria/jquery.fancybox.js?v=2.1.5 HTTP/1.1" 200 48706
190.29.137.147 - - [31/Jul/2020:08:40:08 -0500] "GET /BLA/boletinlegal/js/jquery.scrollShow.js HTTP/1.1" 200 4586
181.236.214.116 - - [31/Jul/2020:08:40:08 -0500] "GET /galeria/nivo-slider/demo/images/bannerplan2020.png HTTP/1.1" 200 144663
181.236.214.116 - - [31/Jul/2020:08:40:09 -0500] "GET /galeria/nivo-slider/demo/scripts/jquery-1.7.1.min.js HTTP/1.1" 200 93868
181.236.214.116 - - [31/Jul/2020:08:40:09 -0500] "GET /galeria/nivo-slider/themes/default/loading.gif HTTP/1.1" 200 1737
181.236.214.116 - - [31/Jul/2020:08:40:10 -0500] "GET /galeria/nivo-slider/demo/images/4Simple_Slider.png HTTP/1.1" 200 11722
181.236.214.116 - - [31/Jul/2020:08:40:11 -0500] "GET /galeria/nivo-slider/jquery.nivo.slider.pack.js HTTP/1.1" 200 11561
181.61.75.10 - - [31/Jul/2020:08:40:12 -0500] "POST /sipse/faces/presentacion/financiero/solicitudProceso/consultarSolicitudProceso.xhtml HTTP/1.1" 200 47535
181.61.75.10 - - [31/Jul/2020:08:40:12 -0500] "GET /sipse/faces/javax.faces.resource/layout/layout.css?ln=primefaces&v=4.0 HTTP/1.1" 304 -
181.61.75.10 - - [31/Jul/2020:08:40:12 -0500] "GET /sipse/faces/javax.faces.resource/theme.css?ln=primefaces-sipse HTTP/1.1" 304 -
181.61.75.10 - - [31/Jul/2020:08:40:12 -0500] "GET /sipse/faces/javax.faces.resource/primefaces.css?ln=primefaces&v=4.0 HTTP/1.1" 304 -
181.61.75.10 - - [31/Jul/2020:08:40:12 -0500] "GET /sipse/faces/javax.faces.resource/jquery/jquery.js?ln=primefaces&v=4.0 HTTP/1.1" 304 -
181.61.75.10 - - [31/Jul/2020:08:40:12 -0500] "GET /sipse/faces/javax.faces.resource/jquery/jquery-plugins.js?ln=primefaces&v=4.0 HTTP/1.1" 304 -
181.61.75.10 - - [31/Jul/2020:08:40:12 -0500] "GET /sipse/faces/javax.faces.resource/primefaces.js?ln=primefaces&v=4.0 HTTP/1.1" 304 -
181.61.75.10 - - [31/Jul/2020:08:40:12 -0500] "GET /sipse/faces/javax.faces.resource/layout/layout.js?ln=primefaces&v=4.0 HTTP/1.1" 304 -
186.83.135.198 - - [31/Jul/2020:08:40:13 -0500] "POST /sipse/faces/presentacion/financiero/solicitudProceso/listarSolicitudProceso.xhtml HTTP/1.1" 200 142513
186.83.135.198 - - [31/Jul/2020:08:40:14 -0500] "GET /sipse/faces/javax.faces.resource/theme.css?ln=primefaces-sipse HTTP/1.1" 304 -
186.83.135.198 - - [31/Jul/2020:08:40:14 -0500] "GET /sipse/faces/javax.faces.resource/layout/layout.css?ln=primefaces&v=4.0 HTTP/1.1" 304 -
186.83.135.198 - - [31/Jul/2020:08:40:14 -0500] "GET /sipse/faces/javax.faces.resource/primefaces.css?ln=primefaces&v=4.0 HTTP/1.1" 304 -
186.83.135.198 - - [31/Jul/2020:08:40:14 -0500] "GET /sipse/faces/javax.faces.resource/jquery/jquery.js?ln=primefaces&v=4.0 HTTP/1.1" 304 -
186.83.135.198 - - [31/Jul/2020:08:40:14 -0500] "GET /sipse/faces/javax.faces.resource/jquery/jquery-plugins.js?ln=primefaces&v=4.0 HTTP/1.1" 304 -
186.83.135.198 - - [31/Jul/2020:08:40:14 -0500] "GET /sipse/faces/javax.faces.resource/primefaces.js?ln=primefaces&v=4.0 HTTP/1.1" 304 -
186.83.135.198 - - [31/Jul/2020:08:40:14 -0500] "GET /sipse/faces/javax.faces.resource/layout/layout.js?ln=primefaces&v=4.0 HTTP/1.1" 304 -
190.27.245.107 - - [31/Jul/2020:08:40:15 -0500] "GET /reportes_sipse/sdg/ServletReporte?reporte=experienia_idoneidad&solicitud=9809&pfdrid_c=false HTTP/1.1" 200 179695
181.236.214.116 - - [31/Jul/2020:08:40:19 -0500] "GET /galeria/nivo-slider/themes/default/arrows.png HTTP/1.1" 200 824
181.236.214.116 - - [31/Jul/2020:08:40:19 -0500] "GET /galeria/nivo-slider/themes/default/bullets.png HTTP/1.1" 200 1281
181.52.58.143 - - [31/Jul/2020:08:40:20 -0500] "GET /sipse/faces/index.xhtml HTTP/1.1" 200 677
181.52.58.143 - - [31/Jul/2020:08:40:20 -0500] "GET /sipse/faces/javax.faces.resource/theme.css?ln=primefaces-sipse HTTP/1.1" 304 -
181.52.58.143 - - [31/Jul/2020:08:40:20 -0500] "GET /sipse/faces/javax.faces.resource/theme.css?ln=primefaces-sipse HTTP/1.1" 304 -
181.52.58.143 - - [31/Jul/2020:08:40:20 -0500] "GET /sipse/faces/faces/autenticacion.xhtml HTTP/1.1" 200 12178
181.52.58.143 - - [31/Jul/2020:08:40:20 -0500] "GET /sipse/faces/javax.faces.resource/primefaces.css?ln=primefaces&v=4.0 HTTP/1.1" 304 -
181.52.58.143 - - [31/Jul/2020:08:40:20 -0500] "GET /sipse/faces/javax.faces.resource/layout/layout.css?ln=primefaces&v=4.0 HTTP/1.1" 304 -
181.52.58.143 - - [31/Jul/2020:08:40:20 -0500] "GET /sipse/faces/javax.faces.resource/jquery/jquery.js?ln=primefaces&v=4.0 HTTP/1.1" 304 -
181.52.58.143 - - [31/Jul/2020:08:40:20 -0500] "GET /sipse/faces/javax.faces.resource/primefaces.js?ln=primefaces&v=4.0 HTTP/1.1" 304 -
181.52.58.143 - - [31/Jul/2020:08:40:20 -0500] "GET /sipse/faces/javax.faces.resource/jquery/jquery-plugins.js?ln=primefaces&v=4.0 HTTP/1.1" 304 -
181.52.58.143 - - [31/Jul/2020:08:40:20 -0500] "GET /sipse/faces/javax.faces.resource/layout/layout.js?ln=primefaces&v=4.0 HTTP/1.1" 304 -
201.245.192.253 - - [31/Jul/2020:08:40:18 -0500] "POST /sipse/faces/presentacion/financiero/solicitudProceso/consultarSolicitudProceso.xhtml HTTP/1.1" 200 34114
201.245.192.253 - - [31/Jul/2020:08:40:20 -0500] "GET /sipse/faces/javax.faces.resource/theme.css?ln=primefaces-sipse HTTP/1.1" 304 -
201.245.192.253 - - [31/Jul/2020:08:40:20 -0500] "GET /sipse/faces/javax.faces.resource/primefaces.css?ln=primefaces&v=4.0 HTTP/1.1" 304 -
201.245.192.253 - - [31/Jul/2020:08:40:20 -0500] "GET /sipse/faces/javax.faces.resource/layout/layout.css?ln=primefaces&v=4.0 HTTP/1.1" 304 -
201.245.192.253 - - [31/Jul/2020:08:40:20 -0500] "GET /sipse/faces/javax.faces.resource/jquery/jquery.js?ln=primefaces&v=4.0 HTTP/1.1" 304 -
201.245.192.253 - - [31/Jul/2020:08:40:20 -0500] "GET /sipse/faces/javax.faces.resource/jquery/jquery-plugins.js?ln=primefaces&v=4.0 HTTP/1.1" 304 -
201.245.192.253 - - [31/Jul/2020:08:40:20 -0500] "GET /sipse/faces/javax.faces.resource/primefaces.js?ln=primefaces&v=4.0 HTTP/1.1" 304 -
201.245.192.253 - - [31/Jul/2020:08:40:20 -0500] "GET /sipse/faces/javax.faces.resource/layout/layout.js?ln=primefaces&v=4.0 HTTP/1.1" 304 -
201.245.192.253 - - [31/Jul/2020:08:40:20 -0500] "POST /sipse/faces/presentacion/financiero/solicitudProceso/listarSolicitudProceso.xhtml HTTP/1.1" 200 1344
190.27.245.107 - - [31/Jul/2020:08:40:21 -0500] "GET /sipse/faces/autenticacion.xhtml HTTP/1.1" 200 12493
190.27.245.107 - - [31/Jul/2020:08:40:21 -0500] "GET /sipse/js/disable_browser_buttons.js HTTP/1.1" 200 3230
190.27.245.107 - - [31/Jul/2020:08:40:21 -0500] "GET /sipse/js/funciones.js HTTP/1.1" 200 12592
190.27.245.107 - - [31/Jul/2020:08:40:21 -0500] "GET /sipse/css/custom_css_sg.css HTTP/1.1" 200 9694
190.27.245.107 - - [31/Jul/2020:08:40:21 -0500] "GET /sipse/css/custom_css_sg_prime_login.css HTTP/1.1" 200 443
190.27.245.107 - - [31/Jul/2020:08:40:21 -0500] "GET /sipse/faces/javax.faces.resource/layout/layout.css;jsessionid=LK-WKhllZV69ZsRuACWp5+nJ.undefined?ln=primefaces&v=4.0 HTTP/1.1" 200 542
190.27.245.107 - - [31/Jul/2020:08:40:21 -0500] "GET /sipse/faces/javax.faces.resource/primefaces.css;jsessionid=LK-WKhllZV69ZsRuACWp5+nJ.undefined?ln=primefaces&v=4.0 HTTP/1.1" 200 53295
190.27.245.107 - - [31/Jul/2020:08:40:21 -0500] "GET /sipse/faces/javax.faces.resource/theme.css?ln=primefaces-sipse HTTP/1.1" 200 50058
190.27.245.107 - - [31/Jul/2020:08:40:21 -0500] "GET /sipse/faces/javax.faces.resource/jquery/jquery.js;jsessionid=LK-WKhllZV69ZsRuACWp5+nJ.undefined?ln=primefaces&v=4.0 HTTP/1.1" 200 105384
190.27.245.107 - - [31/Jul/2020:08:40:21 -0500] "GET /sipse/faces/javax.faces.resource/jquery/jquery-plugins.js;jsessionid=LK-WKhllZV69ZsRuACWp5+nJ.undefined?ln=primefaces&v=4.0 HTTP/1.1" 200 220526
190.27.245.107 - - [31/Jul/2020:08:40:21 -0500] "GET /sipse/faces/javax.faces.resource/layout/layout.js;jsessionid=LK-WKhllZV69ZsRuACWp5+nJ.undefined?ln=primefaces&v=4.0 HTTP/1.1" 200 87560
190.27.245.107 - - [31/Jul/2020:08:40:21 -0500] "GET /sipse/faces/javax.faces.resource/primefaces.js;jsessionid=LK-WKhllZV69ZsRuACWp5+nJ.undefined?ln=primefaces&v=4.0 HTTP/1.1" 200 276924
190.27.245.107 - - [31/Jul/2020:08:40:22 -0500] "GET /sipse/css/imagen/logoSDG.png HTTP/1.1" 200 53064
190.27.245.107 - - [31/Jul/2020:08:40:22 -0500] "GET /sipse/css/imagen/loginimg.png HTTP/1.1" 200 71635
190.27.245.107 - - [31/Jul/2020:08:40:22 -0500] "GET /sipse/faces/javax.faces.resource/images/ui-icons_898989_256x240.png?ln=primefaces-aristo HTTP/1.1" 200 5355
181.61.75.10 - - [31/Jul/2020:08:40:22 -0500] "POST /sipse/faces/presentacion/financiero/estudioPrevio/personalSolicitado/personalSolicitadoSolicitudProceso.xhtml HTTP/1.1" 200 7059
201.245.192.253 - - [31/Jul/2020:08:40:24 -0500] "POST /sipse/faces/presentacion/financiero/solicitudProceso/listarSolicitudProceso.xhtml HTTP/1.1" 200 31995
190.27.245.107 - - [31/Jul/2020:08:40:24 -0500] "GET /sipse/faces/index.xhtml HTTP/1.1" 200 677
190.27.245.107 - - [31/Jul/2020:08:40:24 -0500] "GET /sipse/faces/javax.faces.resource/theme.css?ln=primefaces-sipse HTTP/1.1" 304 -
190.27.245.107 - - [31/Jul/2020:08:40:25 -0500] "GET /sipse/faces/faces/autenticacion.xhtml HTTP/1.1" 200 12171
190.27.245.107 - - [31/Jul/2020:08:40:25 -0500] "GET /sipse/faces/javax.faces.resource/theme.css?ln=primefaces-sipse HTTP/1.1" 304 -
190.27.245.107 - - [31/Jul/2020:08:40:25 -0500] "GET /sipse/faces/javax.faces.resource/layout/layout.css?ln=primefaces&v=4.0 HTTP/1.1" 200 542
190.27.245.107 - - [31/Jul/2020:08:40:25 -0500] "GET /sipse/faces/javax.faces.resource/jquery/jquery.js?ln=primefaces&v=4.0 HTTP/1.1" 200 105384
190.27.245.107 - - [31/Jul/2020:08:40:25 -0500] "GET /sipse/faces/javax.faces.resource/primefaces.css?ln=primefaces&v=4.0 HTTP/1.1" 200 53295
190.27.245.107 - - [31/Jul/2020:08:40:25 -0500] "GET /sipse/faces/javax.faces.resource/jquery/jquery-plugins.js?ln=primefaces&v=4.0 HTTP/1.1" 200 220526
190.27.245.107 - - [31/Jul/2020:08:40:25 -0500] "GET /sipse/faces/javax.faces.resource/layout/layout.js?ln=primefaces&v=4.0 HTTP/1.1" 200 87560
190.27.245.107 - - [31/Jul/2020:08:40:25 -0500] "GET /sipse/faces/javax.faces.resource/primefaces.js?ln=primefaces&v=4.0 HTTP/1.1" 200 276924
201.245.192.253 - - [31/Jul/2020:08:40:25 -0500] "POST /sipse/faces/presentacion/financiero/solicitudProceso/listarSolicitudProceso.xhtml HTTP/1.1" 200 32484
181.61.75.10 - - [31/Jul/2020:08:40:25 -0500] "POST /sipse/faces/presentacion/financiero/estudioPrevio/personalSolicitado/personalSolicitadoSolicitudProceso.xhtml HTTP/1.1" 200 36865
181.61.75.10 - - [31/Jul/2020:08:40:26 -0500] "GET /sipse/faces/javax.faces.resource/primefaces.css?ln=primefaces&v=4.0 HTTP/1.1" 304 -
181.61.75.10 - - [31/Jul/2020:08:40:26 -0500] "GET /sipse/faces/javax.faces.resource/theme.css?ln=primefaces-sipse HTTP/1.1" 304 -
181.61.75.10 - - [31/Jul/2020:08:40:26 -0500] "GET /sipse/faces/javax.faces.resource/layout/layout.css?ln=primefaces&v=4.0 HTTP/1.1" 304 -
181.61.75.10 - - [31/Jul/2020:08:40:26 -0500] "GET /sipse/faces/javax.faces.resource/jquery/jquery.js?ln=primefaces&v=4.0 HTTP/1.1" 304 -
181.61.75.10 - - [31/Jul/2020:08:40:26 -0500] "GET /sipse/faces/javax.faces.resource/jquery/jquery-plugins.js?ln=primefaces&v=4.0 HTTP/1.1" 304 -
181.61.75.10 - - [31/Jul/2020:08:40:26 -0500] "GET /sipse/faces/javax.faces.resource/primefaces.js?ln=primefaces&v=4.0 HTTP/1.1" 304 -
181.61.75.10 - - [31/Jul/2020:08:40:26 -0500] "GET /sipse/faces/javax.faces.resource/layout/layout.js?ln=primefaces&v=4.0 HTTP/1.1" 304 -
201.245.192.253 - - [31/Jul/2020:08:40:26 -0500] "POST /sipse/faces/presentacion/financiero/solicitudProceso/listarSolicitudProceso.xhtml HTTP/1.1" 200 9778
201.245.192.253 - - [31/Jul/2020:08:40:26 -0500] "POST /sipse/faces/presentacion/financiero/solicitudProceso/listarSolicitudProceso.xhtml HTTP/1.1" 200 6944
201.245.192.253 - - [31/Jul/2020:08:40:27 -0500] "POST /sipse/faces/presentacion/financiero/solicitudProceso/listarSolicitudProceso.xhtml HTTP/1.1" 200 125995
201.245.192.253 - - [31/Jul/2020:08:40:27 -0500] "GET /sipse/faces/javax.faces.resource/theme.css?ln=primefaces-sipse HTTP/1.1" 304 -
201.245.192.253 - - [31/Jul/2020:08:40:27 -0500] "GET /sipse/faces/javax.faces.resource/layout/layout.css?ln=primefaces&v=4.0 HTTP/1.1" 304 -
201.245.192.253 - - [31/Jul/2020:08:40:27 -0500] "GET /sipse/faces/javax.faces.resource/primefaces.css?ln=primefaces&v=4.0 HTTP/1.1" 304 -
201.245.192.253 - - [31/Jul/2020:08:40:27 -0500] "GET /sipse/faces/javax.faces.resource/jquery/jquery.js?ln=primefaces&v=4.0 HTTP/1.1" 304 -
201.245.192.253 - - [31/Jul/2020:08:40:27 -0500] "GET /sipse/faces/javax.faces.resource/jquery/jquery-plugins.js?ln=primefaces&v=4.0 HTTP/1.1" 304 -
201.245.192.253 - - [31/Jul/2020:08:40:27 -0500] "GET /sipse/faces/javax.faces.resource/primefaces.js?ln=primefaces&v=4.0 HTTP/1.1" 304 -
201.245.192.253 - - [31/Jul/2020:08:40:27 -0500] "GET /sipse/faces/javax.faces.resource/layout/layout.js?ln=primefaces&v=4.0 HTTP/1.1" 304 -
