186.83.135.198 - - [05/Aug/2020:01:06:06 -0500] "POST /sipse/faces/presentacion/financiero/solicitudProceso/consultarSolicitudProceso.xhtml HTTP/1.1" 200 25461
186.83.135.198 - - [05/Aug/2020:01:06:07 -0500] "GET /sipse/js/disable_browser_buttons.js HTTP/1.1" 304 -
186.83.135.198 - - [05/Aug/2020:01:06:07 -0500] "GET /sipse/js/jquery.min.js HTTP/1.1" 304 -
186.83.135.198 - - [05/Aug/2020:01:06:07 -0500] "GET /sipse/faces/javax.faces.resource/layout/layout.css?ln=primefaces&v=4.0 HTTP/1.1" 304 -
186.83.135.198 - - [05/Aug/2020:01:06:07 -0500] "GET /sipse/faces/javax.faces.resource/primefaces.css?ln=primefaces&v=4.0 HTTP/1.1" 304 -
186.83.135.198 - - [05/Aug/2020:01:06:07 -0500] "GET /sipse/css/custom_css_sg.css HTTP/1.1" 304 -
186.83.135.198 - - [05/Aug/2020:01:06:07 -0500] "GET /sipse/css/custom_css_sg_prime.css HTTP/1.1" 304 -
186.83.135.198 - - [05/Aug/2020:01:06:07 -0500] "GET /sipse/faces/javax.faces.resource/theme.css?ln=primefaces-sipse HTTP/1.1" 304 -
186.83.135.198 - - [05/Aug/2020:01:06:07 -0500] "GET /sipse/faces/javax.faces.resource/fileupload/fileupload.css?ln=primefaces&v=4.0 HTTP/1.1" 304 -
186.83.135.198 - - [05/Aug/2020:01:06:07 -0500] "GET /sipse/faces/javax.faces.resource/primefaces.js?ln=primefaces&v=4.0 HTTP/1.1" 304 -
186.83.135.198 - - [05/Aug/2020:01:06:07 -0500] "GET /sipse/js/funciones.js HTTP/1.1" 304 -
186.83.135.198 - - [05/Aug/2020:01:06:07 -0500] "GET /sipse/faces/javax.faces.resource/layout/layout.js?ln=primefaces&v=4.0 HTTP/1.1" 304 -
186.83.135.198 - - [05/Aug/2020:01:06:07 -0500] "GET /sipse/faces/javax.faces.resource/jquery/jquery-plugins.js?ln=primefaces&v=4.0 HTTP/1.1" 304 -
186.83.135.198 - - [05/Aug/2020:01:06:07 -0500] "GET /sipse/faces/javax.faces.resource/jquery/jquery.js?ln=primefaces&v=4.0 HTTP/1.1" 304 -
186.83.135.198 - - [05/Aug/2020:01:06:07 -0500] "GET /sipse/faces/javax.faces.resource/fileupload/fileupload.js?ln=primefaces&v=4.0 HTTP/1.1" 304 -
186.83.135.198 - - [05/Aug/2020:01:06:07 -0500] "GET /sipse/imagenes/cargando.gif HTTP/1.1" 304 -
186.83.135.198 - - [05/Aug/2020:01:06:07 -0500] "GET /sipse/css/imagen/logoSDG.png HTTP/1.1" 304 -
186.83.135.198 - - [05/Aug/2020:01:06:07 -0500] "GET /sipse/css/imagen/contrasena.png HTTP/1.1" 404 383
186.83.135.198 - - [05/Aug/2020:01:06:07 -0500] "GET /sipse/faces/javax.faces.resource/images/ui-icons_898989_256x240.png?ln=primefaces-aristo HTTP/1.1" 304 -
186.83.135.198 - - [05/Aug/2020:01:06:16 -0500] "POST /sipse/faces/presentacion/sistema/anexos/cargarAnexoSolicitudProceso.xhtml HTTP/1.1" 200 196250
186.83.135.198 - - [05/Aug/2020:01:06:16 -0500] "GET /sipse/faces/javax.faces.resource/theme.css?ln=primefaces-sipse HTTP/1.1" 304 -
186.83.135.198 - - [05/Aug/2020:01:06:16 -0500] "GET /sipse/faces/javax.faces.resource/layout/layout.css?ln=primefaces&v=4.0 HTTP/1.1" 304 -
186.83.135.198 - - [05/Aug/2020:01:06:16 -0500] "GET /sipse/faces/javax.faces.resource/primefaces.css?ln=primefaces&v=4.0 HTTP/1.1" 304 -
186.83.135.198 - - [05/Aug/2020:01:06:16 -0500] "GET /sipse/faces/javax.faces.resource/jquery/jquery.js?ln=primefaces&v=4.0 HTTP/1.1" 304 -
186.83.135.198 - - [05/Aug/2020:01:06:16 -0500] "GET /sipse/faces/javax.faces.resource/jquery/jquery-plugins.js?ln=primefaces&v=4.0 HTTP/1.1" 304 -
186.83.135.198 - - [05/Aug/2020:01:06:16 -0500] "GET /sipse/faces/javax.faces.resource/primefaces.js?ln=primefaces&v=4.0 HTTP/1.1" 304 -
186.83.135.198 - - [05/Aug/2020:01:06:16 -0500] "GET /sipse/faces/javax.faces.resource/layout/layout.js?ln=primefaces&v=4.0 HTTP/1.1" 304 -
186.83.135.198 - - [05/Aug/2020:01:06:17 -0500] "GET /sipse/css/imagen/contrasena.png HTTP/1.1" 404 383
186.83.135.198 - - [05/Aug/2020:01:06:17 -0500] "GET /sipse/faces/javax.faces.resource/images/ui-icons_898989_256x240.png?ln=primefaces-aristo HTTP/1.1" 304 -
190.27.245.107 - - [05/Aug/2020:01:06:17 -0500] "GET /reportes_sipse/sdg/ServletReporte?reporte=experienia_idoneidad&solicitud=9852&pfdrid_c=false HTTP/1.1" 200 107094
186.83.135.198 - - [05/Aug/2020:01:06:37 -0500] "GET /sipse/faces/javax.faces.resource/images/ui-bg_flat_0_2d5972_40x100.png?ln=primefaces-aristo HTTP/1.1" 304 -
186.83.135.198 - - [05/Aug/2020:01:06:37 -0500] "POST /sipse/faces/presentacion/financiero/solicitudProceso/consultarSolicitudProceso.xhtml HTTP/1.1" 200 5517
186.83.135.198 - - [05/Aug/2020:01:06:37 -0500] "GET /sipse/faces/javax.faces.resource/dynamiccontent.properties?ln=primefaces&pfdrid=XjOR5%2F%2FfPAZAuY9TpWQeCiM0BhlXxYRBGKi%2FQcXXfeA%3D&pfdrid_c=false HTTP/1.1" 200 126435
186.84.22.0 - - [05/Aug/2020:01:06:52 -0500] "POST /sipse/faces/presentacion/financiero/solicitudProceso/consultarSolicitudProceso.xhtml HTTP/1.1" 200 5502
190.27.245.107 - - [05/Aug/2020:01:06:52 -0500] "GET /reportes_sipse/sdg/ServletReporte?reporte=experienia_idoneidad&solicitud=10405&pfdrid_c=false HTTP/1.1" 200 145384
186.84.34.118 - - [05/Aug/2020:01:06:54 -0500] "GET /galeria/galeria/jquery.fancybox.css?v=2.1.5 HTTP/1.1" 200 4895
186.84.34.118 - - [05/Aug/2020:01:06:54 -0500] "GET /BLA/boletinlegal/js/jquery.scrollShow.js HTTP/1.1" 200 4586
186.84.34.118 - - [05/Aug/2020:01:06:55 -0500] "GET /galeria/galeria/jquery.fancybox.js?v=2.1.5 HTTP/1.1" 200 48706
186.84.22.0 - - [05/Aug/2020:01:07:06 -0500] "POST /sipse/faces/presentacion/financiero/solicitudProceso/consultarSolicitudProceso.xhtml HTTP/1.1" 200 95215
157.55.39.34 - - [05/Aug/2020:01:07:17 -0500] "-" 408 -
186.84.22.0 - - [05/Aug/2020:01:07:33 -0500] "POST /sipse/faces/presentacion/financiero/solicitudProceso/consultarSolicitudProceso.xhtml HTTP/1.1" 200 5502
190.27.245.107 - - [05/Aug/2020:01:07:33 -0500] "GET /reportes_sipse/sdg/ServletReporte?reporte=experienia_idoneidad&solicitud=10405&pfdrid_c=false HTTP/1.1" 200 145384
186.84.22.0 - - [05/Aug/2020:01:08:01 -0500] "POST /sipse/faces/presentacion/financiero/solicitudProceso/consultarSolicitudProceso.xhtml HTTP/1.1" 200 134723
186.84.22.0 - - [05/Aug/2020:01:08:02 -0500] "POST /sipse/faces/presentacion/financiero/solicitudProceso/consultarSolicitudProceso.xhtml HTTP/1.1" 200 134723
190.27.245.107 - - [05/Aug/2020:01:08:02 -0500] "GET /reportes_sipse/sdg/ServletReporte?reporte=experienia_idoneidad&solicitud=10405&pfdrid_c=false HTTP/1.1" 200 145384
186.84.22.0 - - [05/Aug/2020:01:08:03 -0500] "POST /sipse/faces/presentacion/financiero/solicitudProceso/consultarSolicitudProceso.xhtml HTTP/1.1" 200 134723
190.27.245.107 - - [05/Aug/2020:01:08:03 -0500] "GET /reportes_sipse/sdg/ServletReporte?reporte=experienia_idoneidad&solicitud=10405&pfdrid_c=false HTTP/1.1" 200 145384
186.84.22.0 - - [05/Aug/2020:01:08:04 -0500] "POST /sipse/faces/presentacion/financiero/solicitudProceso/consultarSolicitudProceso.xhtml HTTP/1.1" 200 134723
190.27.245.107 - - [05/Aug/2020:01:08:04 -0500] "GET /reportes_sipse/sdg/ServletReporte?reporte=experienia_idoneidad&solicitud=10405&pfdrid_c=false HTTP/1.1" 200 145384
186.84.22.0 - - [05/Aug/2020:01:08:05 -0500] "POST /sipse/faces/presentacion/financiero/solicitudProceso/consultarSolicitudProceso.xhtml HTTP/1.1" 200 134723
190.27.245.107 - - [05/Aug/2020:01:08:06 -0500] "GET /reportes_sipse/sdg/ServletReporte?reporte=experienia_idoneidad&solicitud=10405&pfdrid_c=false HTTP/1.1" 200 145384
186.84.22.0 - - [05/Aug/2020:01:08:06 -0500] "POST /sipse/faces/presentacion/financiero/solicitudProceso/consultarSolicitudProceso.xhtml HTTP/1.1" 200 134723
190.27.245.107 - - [05/Aug/2020:01:08:06 -0500] "GET /reportes_sipse/sdg/ServletReporte?reporte=experienia_idoneidad&solicitud=10405&pfdrid_c=false HTTP/1.1" 200 145384
186.84.22.0 - - [05/Aug/2020:01:08:07 -0500] "POST /sipse/faces/presentacion/financiero/solicitudProceso/consultarSolicitudProceso.xhtml HTTP/1.1" 200 134723
190.27.245.107 - - [05/Aug/2020:01:08:07 -0500] "GET /reportes_sipse/sdg/ServletReporte?reporte=experienia_idoneidad&solicitud=10405&pfdrid_c=false HTTP/1.1" 200 145384
186.84.22.0 - - [05/Aug/2020:01:08:08 -0500] "POST /sipse/faces/presentacion/financiero/solicitudProceso/consultarSolicitudProceso.xhtml HTTP/1.1" 200 134723
190.27.245.107 - - [05/Aug/2020:01:08:08 -0500] "GET /reportes_sipse/sdg/ServletReporte?reporte=experienia_idoneidad&solicitud=10405&pfdrid_c=false HTTP/1.1" 200 145384
186.84.22.0 - - [05/Aug/2020:01:08:09 -0500] "POST /sipse/faces/presentacion/financiero/solicitudProceso/consultarSolicitudProceso.xhtml HTTP/1.1" 200 134723
190.27.245.107 - - [05/Aug/2020:01:08:09 -0500] "GET /reportes_sipse/sdg/ServletReporte?reporte=experienia_idoneidad&solicitud=10405&pfdrid_c=false HTTP/1.1" 200 145384
186.84.22.0 - - [05/Aug/2020:01:08:10 -0500] "POST /sipse/faces/presentacion/financiero/solicitudProceso/consultarSolicitudProceso.xhtml HTTP/1.1" 200 134723
190.27.245.107 - - [05/Aug/2020:01:08:10 -0500] "GET /reportes_sipse/sdg/ServletReporte?reporte=experienia_idoneidad&solicitud=10405&pfdrid_c=false HTTP/1.1" 200 145384
186.84.22.0 - - [05/Aug/2020:01:08:11 -0500] "POST /sipse/faces/presentacion/financiero/solicitudProceso/consultarSolicitudProceso.xhtml HTTP/1.1" 200 134723
190.27.245.107 - - [05/Aug/2020:01:08:11 -0500] "GET /reportes_sipse/sdg/ServletReporte?reporte=experienia_idoneidad&solicitud=10405&pfdrid_c=false HTTP/1.1" 200 145384
186.84.22.0 - - [05/Aug/2020:01:08:11 -0500] "POST /sipse/faces/presentacion/financiero/solicitudProceso/consultarSolicitudProceso.xhtml HTTP/1.1" 200 134723
190.27.245.107 - - [05/Aug/2020:01:08:11 -0500] "GET /reportes_sipse/sdg/ServletReporte?reporte=experienia_idoneidad&solicitud=10405&pfdrid_c=false HTTP/1.1" 200 145384
186.84.22.0 - - [05/Aug/2020:01:08:12 -0500] "POST /sipse/faces/presentacion/financiero/solicitudProceso/consultarSolicitudProceso.xhtml HTTP/1.1" 200 134723
190.27.245.107 - - [05/Aug/2020:01:08:13 -0500] "GET /reportes_sipse/sdg/ServletReporte?reporte=experienia_idoneidad&solicitud=10405&pfdrid_c=false HTTP/1.1" 200 145384
186.84.22.0 - - [05/Aug/2020:01:08:13 -0500] "POST /sipse/faces/presentacion/financiero/solicitudProceso/consultarSolicitudProceso.xhtml HTTP/1.1" 200 134723
190.27.245.107 - - [05/Aug/2020:01:08:13 -0500] "GET /reportes_sipse/sdg/ServletReporte?reporte=experienia_idoneidad&solicitud=10405&pfdrid_c=false HTTP/1.1" 200 145384
186.84.22.0 - - [05/Aug/2020:01:08:14 -0500] "POST /sipse/faces/presentacion/financiero/solicitudProceso/consultarSolicitudProceso.xhtml HTTP/1.1" 200 134723
190.27.245.107 - - [05/Aug/2020:01:08:15 -0500] "GET /reportes_sipse/sdg/ServletReporte?reporte=experienia_idoneidad&solicitud=10405&pfdrid_c=false HTTP/1.1" 200 145384
186.86.32.205 - - [05/Aug/2020:01:08:15 -0500] "GET /BLA/boletinlegal/js/jquery.scrollShow.js HTTP/1.1" 200 4586
186.86.32.205 - - [05/Aug/2020:01:08:15 -0500] "GET /galeria/galeria/jquery.fancybox.js?v=2.1.5 HTTP/1.1" 200 48706
186.86.32.205 - - [05/Aug/2020:01:08:15 -0500] "GET /galeria/galeria/jquery.fancybox.css?v=2.1.5 HTTP/1.1" 200 4895
190.27.245.107 - - [05/Aug/2020:01:08:16 -0500] "GET /reportes_sipse/sdg/ServletReporte?reporte=experienia_idoneidad&solicitud=10405&pfdrid_c=false HTTP/1.1" 200 145384
186.86.32.205 - - [05/Aug/2020:01:08:17 -0500] "GET /galeria/galeria/jquery.fancybox.css?v=2.1.5 HTTP/1.1" 304 -
186.86.32.205 - - [05/Aug/2020:01:08:17 -0500] "GET /galeria/galeria/jquery.fancybox.js?v=2.1.5 HTTP/1.1" 304 -
186.86.32.205 - - [05/Aug/2020:01:08:17 -0500] "GET /BLA/boletinlegal/js/jquery.scrollShow.js HTTP/1.1" 304 -
66.249.79.107 - - [05/Aug/2020:01:08:18 -0500] "-" 408 -
186.84.22.0 - - [05/Aug/2020:01:08:20 -0500] "POST /sipse/faces/presentacion/financiero/solicitudProceso/consultarSolicitudProceso.xhtml HTTP/1.1" 200 4663
186.84.22.0 - - [05/Aug/2020:01:08:22 -0500] "POST /sipse/faces/presentacion/financiero/solicitudProceso/consultarSolicitudProceso.xhtml HTTP/1.1" 200 56921
186.84.22.0 - - [05/Aug/2020:01:08:22 -0500] "GET /sipse/css/custom_css_sg.css HTTP/1.1" 304 -
186.84.22.0 - - [05/Aug/2020:01:08:22 -0500] "GET /sipse/css/custom_css_sg_prime.css HTTP/1.1" 304 -
186.84.22.0 - - [05/Aug/2020:01:08:22 -0500] "GET /sipse/js/disable_browser_buttons.js HTTP/1.1" 304 -
186.84.22.0 - - [05/Aug/2020:01:08:22 -0500] "GET /sipse/faces/javax.faces.resource/primefaces.css?ln=primefaces&v=4.0 HTTP/1.1" 304 -
186.84.22.0 - - [05/Aug/2020:01:08:22 -0500] "GET /sipse/faces/javax.faces.resource/theme.css?ln=primefaces-sipse HTTP/1.1" 304 -
186.84.22.0 - - [05/Aug/2020:01:08:22 -0500] "GET /sipse/faces/javax.faces.resource/layout/layout.css?ln=primefaces&v=4.0 HTTP/1.1" 304 -
186.84.22.0 - - [05/Aug/2020:01:08:22 -0500] "GET /sipse/js/jquery.min.js HTTP/1.1" 304 -
186.84.22.0 - - [05/Aug/2020:01:08:22 -0500] "GET /sipse/js/funciones.js HTTP/1.1" 304 -
186.84.22.0 - - [05/Aug/2020:01:08:22 -0500] "GET /sipse/faces/javax.faces.resource/jquery/jquery.js?ln=primefaces&v=4.0 HTTP/1.1" 304 -
186.84.22.0 - - [05/Aug/2020:01:08:22 -0500] "GET /sipse/faces/javax.faces.resource/jquery/jquery-plugins.js?ln=primefaces&v=4.0 HTTP/1.1" 304 -
186.84.22.0 - - [05/Aug/2020:01:08:22 -0500] "GET /sipse/faces/javax.faces.resource/primefaces.js?ln=primefaces&v=4.0 HTTP/1.1" 304 -
186.84.22.0 - - [05/Aug/2020:01:08:22 -0500] "GET /sipse/faces/javax.faces.resource/layout/layout.js?ln=primefaces&v=4.0 HTTP/1.1" 304 -
186.84.22.0 - - [05/Aug/2020:01:08:23 -0500] "POST /sipse/faces/presentacion/financiero/solicitudProceso/listarSolicitudProceso.xhtml HTTP/1.1" 200 50174
186.84.22.0 - - [05/Aug/2020:01:08:23 -0500] "POST /sipse/faces/presentacion/financiero/solicitudProceso/listarSolicitudProceso.xhtml HTTP/1.1" 200 50174
186.84.22.0 - - [05/Aug/2020:01:08:24 -0500] "POST /sipse/faces/presentacion/financiero/solicitudProceso/listarSolicitudProceso.xhtml HTTP/1.1" 200 50174
186.84.22.0 - - [05/Aug/2020:01:08:25 -0500] "POST /sipse/faces/presentacion/financiero/solicitudProceso/listarSolicitudProceso.xhtml HTTP/1.1" 200 50174
186.84.22.0 - - [05/Aug/2020:01:08:25 -0500] "POST /sipse/faces/presentacion/financiero/solicitudProceso/listarSolicitudProceso.xhtml HTTP/1.1" 200 50174
186.84.22.0 - - [05/Aug/2020:01:08:26 -0500] "POST /sipse/faces/presentacion/financiero/solicitudProceso/listarSolicitudProceso.xhtml HTTP/1.1" 200 50174
186.84.22.0 - - [05/Aug/2020:01:08:26 -0500] "POST /sipse/faces/presentacion/financiero/solicitudProceso/listarSolicitudProceso.xhtml HTTP/1.1" 200 50174
186.84.22.0 - - [05/Aug/2020:01:08:27 -0500] "POST /sipse/faces/presentacion/financiero/solicitudProceso/listarSolicitudProceso.xhtml HTTP/1.1" 200 50174
186.84.22.0 - - [05/Aug/2020:01:08:27 -0500] "POST /sipse/faces/presentacion/financiero/solicitudProceso/listarSolicitudProceso.xhtml HTTP/1.1" 200 50174
186.84.22.0 - - [05/Aug/2020:01:08:28 -0500] "POST /sipse/faces/presentacion/financiero/solicitudProceso/listarSolicitudProceso.xhtml HTTP/1.1" 200 50174
186.84.22.0 - - [05/Aug/2020:01:08:29 -0500] "POST /sipse/faces/presentacion/financiero/solicitudProceso/listarSolicitudProceso.xhtml HTTP/1.1" 200 50174
186.84.22.0 - - [05/Aug/2020:01:08:30 -0500] "POST /sipse/faces/presentacion/financiero/solicitudProceso/listarSolicitudProceso.xhtml HTTP/1.1" 200 50174
186.84.22.0 - - [05/Aug/2020:01:08:30 -0500] "POST /sipse/faces/presentacion/financiero/solicitudProceso/listarSolicitudProceso.xhtml HTTP/1.1" 200 50174
186.84.22.0 - - [05/Aug/2020:01:08:31 -0500] "POST /sipse/faces/presentacion/financiero/solicitudProceso/listarSolicitudProceso.xhtml HTTP/1.1" 200 50174
186.84.22.0 - - [05/Aug/2020:01:08:31 -0500] "POST /sipse/faces/presentacion/financiero/solicitudProceso/listarSolicitudProceso.xhtml HTTP/1.1" 200 1452
186.84.22.0 - - [05/Aug/2020:01:08:31 -0500] "POST /sipse/faces/presentacion/financiero/solicitudProceso/listarSolicitudProceso.xhtml HTTP/1.1" 200 1452
186.84.22.0 - - [05/Aug/2020:01:08:32 -0500] "POST /sipse/faces/presentacion/financiero/solicitudProceso/listarSolicitudProceso.xhtml HTTP/1.1" 200 1452
186.84.22.0 - - [05/Aug/2020:01:08:32 -0500] "POST /sipse/faces/presentacion/financiero/solicitudProceso/listarSolicitudProceso.xhtml HTTP/1.1" 200 1452
186.84.22.0 - - [05/Aug/2020:01:08:32 -0500] "POST /sipse/faces/presentacion/financiero/solicitudProceso/listarSolicitudProceso.xhtml HTTP/1.1" 200 1452
186.84.22.0 - - [05/Aug/2020:01:08:32 -0500] "POST /sipse/faces/presentacion/financiero/solicitudProceso/listarSolicitudProceso.xhtml HTTP/1.1" 200 1452
186.84.22.0 - - [05/Aug/2020:01:08:32 -0500] "POST /sipse/faces/presentacion/financiero/solicitudProceso/listarSolicitudProceso.xhtml HTTP/1.1" 200 1452
186.84.22.0 - - [05/Aug/2020:01:08:32 -0500] "POST /sipse/faces/presentacion/financiero/solicitudProceso/listarSolicitudProceso.xhtml HTTP/1.1" 200 1452
186.84.22.0 - - [05/Aug/2020:01:08:32 -0500] "POST /sipse/faces/presentacion/financiero/solicitudProceso/listarSolicitudProceso.xhtml HTTP/1.1" 200 1452
186.84.22.0 - - [05/Aug/2020:01:08:32 -0500] "POST /sipse/faces/presentacion/financiero/solicitudProceso/listarSolicitudProceso.xhtml HTTP/1.1" 200 1448
186.84.22.0 - - [05/Aug/2020:01:08:33 -0500] "POST /sipse/faces/presentacion/financiero/solicitudProceso/listarSolicitudProceso.xhtml HTTP/1.1" 200 1448
186.84.22.0 - - [05/Aug/2020:01:08:33 -0500] "POST /sipse/faces/presentacion/financiero/solicitudProceso/listarSolicitudProceso.xhtml HTTP/1.1" 200 1448
186.84.22.0 - - [05/Aug/2020:01:08:33 -0500] "POST /sipse/faces/presentacion/financiero/solicitudProceso/listarSolicitudProceso.xhtml HTTP/1.1" 200 1452
186.84.22.0 - - [05/Aug/2020:01:08:33 -0500] "POST /sipse/faces/presentacion/financiero/solicitudProceso/listarSolicitudProceso.xhtml HTTP/1.1" 200 1452
186.84.22.0 - - [05/Aug/2020:01:08:33 -0500] "POST /sipse/faces/presentacion/financiero/solicitudProceso/listarSolicitudProceso.xhtml HTTP/1.1" 200 1448
186.84.22.0 - - [05/Aug/2020:01:08:35 -0500] "POST /sipse/faces/presentacion/financiero/solicitudProceso/consultarSolicitudProceso.xhtml HTTP/1.1" 200 3065868
186.84.22.0 - - [05/Aug/2020:01:08:37 -0500] "POST /sipse/faces/presentacion/financiero/solicitudProceso/listarSolicitudProceso.xhtml HTTP/1.1" 200 21405
152.61.192.232 - - [05/Aug/2020:01:08:56 -0500] "GET / HTTP/1.1" 200 9990
190.27.245.107 - - [05/Aug/2020:01:09:04 -0500] "GET /sipse/ HTTP/1.1" 302 -
186.84.22.0 - - [05/Aug/2020:01:09:04 -0500] "GET /sipse/faces/autenticacion.xhtml HTTP/1.1" 200 12496
186.84.22.0 - - [05/Aug/2020:01:09:04 -0500] "GET /sipse/faces/javax.faces.resource/theme.css?ln=primefaces-sipse HTTP/1.1" 304 -
186.84.22.0 - - [05/Aug/2020:01:09:04 -0500] "GET /sipse/css/custom_css_sg_prime_login.css HTTP/1.1" 304 -
186.84.22.0 - - [05/Aug/2020:01:09:04 -0500] "GET /sipse/faces/javax.faces.resource/layout/layout.css;jsessionid=lIUGKI2AN+M5PBTMBBcBbiYX.undefined?ln=primefaces&v=4.0 HTTP/1.1" 200 542
186.84.22.0 - - [05/Aug/2020:01:09:04 -0500] "GET /sipse/faces/javax.faces.resource/primefaces.css;jsessionid=lIUGKI2AN+M5PBTMBBcBbiYX.undefined?ln=primefaces&v=4.0 HTTP/1.1" 200 53295
186.84.22.0 - - [05/Aug/2020:01:09:04 -0500] "GET /sipse/faces/javax.faces.resource/jquery/jquery.js;jsessionid=lIUGKI2AN+M5PBTMBBcBbiYX.undefined?ln=primefaces&v=4.0 HTTP/1.1" 200 105384
186.84.22.0 - - [05/Aug/2020:01:09:05 -0500] "GET /sipse/faces/javax.faces.resource/layout/layout.js;jsessionid=lIUGKI2AN+M5PBTMBBcBbiYX.undefined?ln=primefaces&v=4.0 HTTP/1.1" 200 87560
186.84.22.0 - - [05/Aug/2020:01:09:04 -0500] "GET /sipse/faces/javax.faces.resource/jquery/jquery-plugins.js;jsessionid=lIUGKI2AN+M5PBTMBBcBbiYX.undefined?ln=primefaces&v=4.0 HTTP/1.1" 200 220526
186.84.22.0 - - [05/Aug/2020:01:09:04 -0500] "GET /sipse/faces/javax.faces.resource/primefaces.js;jsessionid=lIUGKI2AN+M5PBTMBBcBbiYX.undefined?ln=primefaces&v=4.0 HTTP/1.1" 200 276924
186.84.22.0 - - [05/Aug/2020:01:09:05 -0500] "GET /sipse/css/imagen/logoSDG.png HTTP/1.1" 304 -
186.84.22.0 - - [05/Aug/2020:01:09:05 -0500] "GET /sipse/css/imagen/loginimg.png HTTP/1.1" 304 -
186.84.22.0 - - [05/Aug/2020:01:09:05 -0500] "GET /sipse/faces/javax.faces.resource/images/ui-icons_898989_256x240.png?ln=primefaces-aristo HTTP/1.1" 304 -
186.84.22.0 - - [05/Aug/2020:01:09:05 -0500] "GET /sipse/faces/index.xhtml HTTP/1.1" 200 677
186.84.22.0 - - [05/Aug/2020:01:09:05 -0500] "GET /sipse/faces/javax.faces.resource/theme.css?ln=primefaces-sipse HTTP/1.1" 304 -
186.84.22.0 - - [05/Aug/2020:01:09:05 -0500] "GET /sipse/faces/faces/autenticacion.xhtml HTTP/1.1" 200 12174
186.84.22.0 - - [05/Aug/2020:01:09:05 -0500] "GET /sipse/faces/javax.faces.resource/theme.css?ln=primefaces-sipse HTTP/1.1" 304 -
186.84.22.0 - - [05/Aug/2020:01:09:05 -0500] "GET /sipse/faces/javax.faces.resource/primefaces.css?ln=primefaces&v=4.0 HTTP/1.1" 304 -
186.84.22.0 - - [05/Aug/2020:01:09:05 -0500] "GET /sipse/faces/javax.faces.resource/layout/layout.css?ln=primefaces&v=4.0 HTTP/1.1" 304 -
186.84.22.0 - - [05/Aug/2020:01:09:05 -0500] "GET /sipse/faces/javax.faces.resource/jquery/jquery-plugins.js?ln=primefaces&v=4.0 HTTP/1.1" 304 -
186.84.22.0 - - [05/Aug/2020:01:09:05 -0500] "GET /sipse/faces/javax.faces.resource/jquery/jquery.js?ln=primefaces&v=4.0 HTTP/1.1" 304 -
186.84.22.0 - - [05/Aug/2020:01:09:05 -0500] "GET /sipse/faces/javax.faces.resource/primefaces.js?ln=primefaces&v=4.0 HTTP/1.1" 304 -
186.84.22.0 - - [05/Aug/2020:01:09:05 -0500] "GET /sipse/faces/javax.faces.resource/layout/layout.js?ln=primefaces&v=4.0 HTTP/1.1" 304 -
186.83.135.198 - - [05/Aug/2020:01:09:03 -0500] "POST /sipse/faces/presentacion/financiero/solicitudProceso/consultarSolicitudProceso.xhtml HTTP/1.1" 200 63024
186.83.135.198 - - [05/Aug/2020:01:09:06 -0500] "GET /sipse/faces/javax.faces.resource/theme.css?ln=primefaces-sipse HTTP/1.1" 304 -
186.83.135.198 - - [05/Aug/2020:01:09:06 -0500] "GET /sipse/faces/javax.faces.resource/primefaces.css?ln=primefaces&v=4.0 HTTP/1.1" 304 -
186.83.135.198 - - [05/Aug/2020:01:09:06 -0500] "GET /sipse/faces/javax.faces.resource/layout/layout.css?ln=primefaces&v=4.0 HTTP/1.1" 304 -
186.83.135.198 - - [05/Aug/2020:01:09:06 -0500] "GET /sipse/faces/javax.faces.resource/jquery/jquery.js?ln=primefaces&v=4.0 HTTP/1.1" 304 -
186.83.135.198 - - [05/Aug/2020:01:09:06 -0500] "GET /sipse/faces/javax.faces.resource/jquery/jquery-plugins.js?ln=primefaces&v=4.0 HTTP/1.1" 304 -
186.83.135.198 - - [05/Aug/2020:01:09:06 -0500] "GET /sipse/faces/javax.faces.resource/primefaces.js?ln=primefaces&v=4.0 HTTP/1.1" 304 -
186.83.135.198 - - [05/Aug/2020:01:09:06 -0500] "GET /sipse/faces/javax.faces.resource/layout/layout.js?ln=primefaces&v=4.0 HTTP/1.1" 304 -
186.83.135.198 - - [05/Aug/2020:01:09:07 -0500] "GET /sipse/css/imagen/contrasena.png HTTP/1.1" 404 383
186.83.135.198 - - [05/Aug/2020:01:09:07 -0500] "GET /sipse/faces/javax.faces.resource/messages/messages.png?ln=primefaces&v=4.0 HTTP/1.1" 304 -
186.83.135.198 - - [05/Aug/2020:01:09:07 -0500] "POST /sipse/faces/presentacion/financiero/solicitudProceso/listarSolicitudProceso.xhtml HTTP/1.1" 200 1452
186.84.22.0 - - [05/Aug/2020:01:09:09 -0500] "POST /sipse/faces/presentacion/financiero/solicitudProceso/consultarSolicitudProceso.xhtml HTTP/1.1" 200 550726
186.83.135.198 - - [05/Aug/2020:01:09:10 -0500] "POST /sipse/faces/presentacion/financiero/solicitudProceso/listarSolicitudProceso.xhtml HTTP/1.1" 200 13037
186.84.22.0 - - [05/Aug/2020:01:09:11 -0500] "POST /sipse/faces/autenticacion.xhtml HTTP/1.1" 200 15859
186.84.22.0 - - [05/Aug/2020:01:09:11 -0500] "GET /sipse/faces/javax.faces.resource/layout/layout.css?ln=primefaces&v=4.0 HTTP/1.1" 304 -
186.84.22.0 - - [05/Aug/2020:01:09:11 -0500] "GET /sipse/faces/javax.faces.resource/theme.css?ln=primefaces-sipse HTTP/1.1" 304 -
186.84.22.0 - - [05/Aug/2020:01:09:11 -0500] "GET /sipse/faces/javax.faces.resource/primefaces.css?ln=primefaces&v=4.0 HTTP/1.1" 304 -
186.84.22.0 - - [05/Aug/2020:01:09:11 -0500] "GET /sipse/faces/javax.faces.resource/jquery/jquery.js?ln=primefaces&v=4.0 HTTP/1.1" 304 -
186.84.22.0 - - [05/Aug/2020:01:09:11 -0500] "GET /sipse/faces/javax.faces.resource/jquery/jquery-plugins.js?ln=primefaces&v=4.0 HTTP/1.1" 304 -
186.84.22.0 - - [05/Aug/2020:01:09:11 -0500] "GET /sipse/faces/javax.faces.resource/primefaces.js?ln=primefaces&v=4.0 HTTP/1.1" 304 -
186.84.22.0 - - [05/Aug/2020:01:09:11 -0500] "GET /sipse/faces/javax.faces.resource/layout/layout.js?ln=primefaces&v=4.0 HTTP/1.1" 304 -
186.84.22.0 - - [05/Aug/2020:01:09:11 -0500] "GET /sipse/imagenes/cargando.gif HTTP/1.1" 304 -
186.84.22.0 - - [05/Aug/2020:01:09:11 -0500] "GET /sipse/css/imagen/contrasena.png HTTP/1.1" 404 383
186.84.22.0 - - [05/Aug/2020:01:09:11 -0500] "GET /sipse/imagenes/logoAplicacion.jpg HTTP/1.1" 304 -
186.84.22.0 - - [05/Aug/2020:01:09:11 -0500] "GET /sipse/faces/javax.faces.resource/messages/messages.png?ln=primefaces&v=4.0 HTTP/1.1" 304 -
186.84.22.0 - - [05/Aug/2020:01:09:14 -0500] "GET /sipse/faces/javax.faces.resource/images/ui-bg_flat_0_2d5972_40x100.png?ln=primefaces-aristo HTTP/1.1" 304 -
186.84.22.0 - - [05/Aug/2020:01:09:14 -0500] "POST /sipse/faces/bienvenido.xhtml HTTP/1.1" 200 8798
186.84.22.0 - - [05/Aug/2020:01:09:16 -0500] "POST /sipse/faces/bienvenido.xhtml HTTP/1.1" 200 1471
152.61.192.232 - - [05/Aug/2020:01:08:56 -0500] "GET /arcgis/services/Calidad_del_Agua_WQI/MapServer/WMSServer?request=GetCapabilities&service=WMS HTTP/1.1" 503 1020
152.61.192.232 - - [05/Aug/2020:01:09:17 -0500] "GET /arcgis/services/Calidad_del_Agua_WQI/MapServer/WMSServer?SERVICE=WMS&REQUEST=GetCapabilities HTTP/1.1" 503 1020
152.61.192.232 - - [05/Aug/2020:01:09:18 -0500] "GET /arcgis/services/Calidad_del_Agua_WQI/MapServer/WMSServer?WMTVER=1.0.0&REQUEST=capabilities HTTP/1.1" 503 1020
186.84.22.0 - - [05/Aug/2020:01:09:17 -0500] "POST /sipse/faces/bienvenido.xhtml HTTP/1.1" 200 56921
186.84.22.0 - - [05/Aug/2020:01:09:18 -0500] "GET /sipse/faces/javax.faces.resource/theme.css?ln=primefaces-sipse HTTP/1.1" 304 -
186.84.22.0 - - [05/Aug/2020:01:09:18 -0500] "GET /sipse/faces/javax.faces.resource/primefaces.css?ln=primefaces&v=4.0 HTTP/1.1" 304 -
186.84.22.0 - - [05/Aug/2020:01:09:18 -0500] "GET /sipse/faces/javax.faces.resource/layout/layout.css?ln=primefaces&v=4.0 HTTP/1.1" 304 -
186.84.22.0 - - [05/Aug/2020:01:09:18 -0500] "GET /sipse/faces/javax.faces.resource/jquery/jquery.js?ln=primefaces&v=4.0 HTTP/1.1" 304 -
186.84.22.0 - - [05/Aug/2020:01:09:18 -0500] "GET /sipse/faces/javax.faces.resource/jquery/jquery-plugins.js?ln=primefaces&v=4.0 HTTP/1.1" 304 -
186.84.22.0 - - [05/Aug/2020:01:09:18 -0500] "GET /sipse/faces/javax.faces.resource/primefaces.js?ln=primefaces&v=4.0 HTTP/1.1" 304 -
186.84.22.0 - - [05/Aug/2020:01:09:18 -0500] "GET /sipse/faces/javax.faces.resource/layout/layout.js?ln=primefaces&v=4.0 HTTP/1.1" 304 -
186.84.22.0 - - [05/Aug/2020:01:09:18 -0500] "POST /sipse/faces/presentacion/financiero/solicitudProceso/listarSolicitudProceso.xhtml HTTP/1.1" 200 1452
186.84.22.0 - - [05/Aug/2020:01:09:25 -0500] "POST /sipse/faces/presentacion/financiero/solicitudProceso/listarSolicitudProceso.xhtml HTTP/1.1" 200 21405
186.84.22.0 - - [05/Aug/2020:01:09:26 -0500] "POST /sipse/faces/presentacion/financiero/solicitudProceso/consultarSolicitudProceso.xhtml HTTP/1.1" 200 58078
186.84.22.0 - - [05/Aug/2020:01:09:29 -0500] "GET /sipse/css/custom_css_sg.css HTTP/1.1" 304 -
186.84.22.0 - - [05/Aug/2020:01:09:29 -0500] "GET /sipse/js/disable_browser_buttons.js HTTP/1.1" 304 -
186.84.22.0 - - [05/Aug/2020:01:09:29 -0500] "GET /sipse/css/custom_css_sg_prime.css HTTP/1.1" 304 -
186.84.22.0 - - [05/Aug/2020:01:09:29 -0500] "GET /sipse/faces/javax.faces.resource/theme.css?ln=primefaces-sipse HTTP/1.1" 304 -
186.84.22.0 - - [05/Aug/2020:01:09:29 -0500] "GET /sipse/faces/javax.faces.resource/primefaces.css?ln=primefaces&v=4.0 HTTP/1.1" 304 -
186.84.22.0 - - [05/Aug/2020:01:09:29 -0500] "GET /sipse/faces/javax.faces.resource/layout/layout.css?ln=primefaces&v=4.0 HTTP/1.1" 304 -
186.84.22.0 - - [05/Aug/2020:01:09:29 -0500] "GET /sipse/js/jquery.min.js HTTP/1.1" 304 -
186.84.22.0 - - [05/Aug/2020:01:09:29 -0500] "GET /sipse/js/funciones.js HTTP/1.1" 304 -
186.84.22.0 - - [05/Aug/2020:01:09:29 -0500] "GET /sipse/faces/javax.faces.resource/jquery/jquery.js?ln=primefaces&v=4.0 HTTP/1.1" 304 -
186.84.22.0 - - [05/Aug/2020:01:09:29 -0500] "GET /sipse/faces/javax.faces.resource/jquery/jquery-plugins.js?ln=primefaces&v=4.0 HTTP/1.1" 304 -
186.84.22.0 - - [05/Aug/2020:01:09:29 -0500] "GET /sipse/faces/javax.faces.resource/primefaces.js?ln=primefaces&v=4.0 HTTP/1.1" 304 -
186.84.22.0 - - [05/Aug/2020:01:09:29 -0500] "GET /sipse/faces/javax.faces.resource/layout/layout.js?ln=primefaces&v=4.0 HTTP/1.1" 304 -
186.84.22.0 - - [05/Aug/2020:01:09:29 -0500] "POST /sipse/faces/presentacion/financiero/solicitudProceso/listarSolicitudProceso.xhtml HTTP/1.1" 200 1452
66.249.79.9 - - [05/Aug/2020:01:09:29 -0500] "-" 408 -
186.83.135.198 - - [05/Aug/2020:01:09:36 -0500] "POST /sipse/faces/presentacion/financiero/solicitudProceso/listarSolicitudProceso.xhtml HTTP/1.1" 200 29230
186.84.22.0 - - [05/Aug/2020:01:09:39 -0500] "GET /sipse/faces/javax.faces.resource/images/ui-icons_898989_256x240.png?ln=primefaces-aristo HTTP/1.1" 304 -
186.84.22.0 - - [05/Aug/2020:01:09:39 -0500] "POST /sipse/faces/presentacion/financiero/solicitudProceso/listarSolicitudProceso.xhtml HTTP/1.1" 200 140335
186.84.22.0 - - [05/Aug/2020:01:09:40 -0500] "GET /sipse/faces/javax.faces.resource/theme.css?ln=primefaces-sipse HTTP/1.1" 304 -
186.84.22.0 - - [05/Aug/2020:01:09:40 -0500] "GET /sipse/faces/javax.faces.resource/primefaces.css?ln=primefaces&v=4.0 HTTP/1.1" 304 -
186.84.22.0 - - [05/Aug/2020:01:09:40 -0500] "GET /sipse/faces/javax.faces.resource/layout/layout.css?ln=primefaces&v=4.0 HTTP/1.1" 304 -
186.84.22.0 - - [05/Aug/2020:01:09:40 -0500] "GET /sipse/faces/javax.faces.resource/jquery/jquery.js?ln=primefaces&v=4.0 HTTP/1.1" 304 -
186.84.22.0 - - [05/Aug/2020:01:09:40 -0500] "GET /sipse/faces/javax.faces.resource/jquery/jquery-plugins.js?ln=primefaces&v=4.0 HTTP/1.1" 304 -
186.84.22.0 - - [05/Aug/2020:01:09:40 -0500] "GET /sipse/faces/javax.faces.resource/primefaces.js?ln=primefaces&v=4.0 HTTP/1.1" 304 -
186.84.22.0 - - [05/Aug/2020:01:09:40 -0500] "GET /sipse/faces/javax.faces.resource/layout/layout.js?ln=primefaces&v=4.0 HTTP/1.1" 304 -
190.27.245.107 - - [05/Aug/2020:01:09:40 -0500] "GET /reportes_sipse/sdg/ServletReporte?reporte=experienia_idoneidad&solicitud=10405&pfdrid_c=false HTTP/1.1" 200 145528
186.84.22.0 - - [05/Aug/2020:01:09:47 -0500] "POST /sipse/faces/presentacion/financiero/solicitudProceso/consultarSolicitudProceso.xhtml HTTP/1.1" 200 1163264
186.84.22.0 - - [05/Aug/2020:01:09:47 -0500] "POST /sipse/faces/presentacion/financiero/solicitudProceso/consultarSolicitudProceso.xhtml HTTP/1.1" 200 2306354
186.83.135.198 - - [05/Aug/2020:01:09:55 -0500] "POST /sipse/faces/presentacion/financiero/solicitudProceso/listarSolicitudProceso.xhtml HTTP/1.1" 200 143735
186.83.135.198 - - [05/Aug/2020:01:09:55 -0500] "GET /sipse/faces/javax.faces.resource/theme.css?ln=primefaces-sipse HTTP/1.1" 304 -
186.83.135.198 - - [05/Aug/2020:01:09:56 -0500] "GET /sipse/faces/javax.faces.resource/layout/layout.css?ln=primefaces&v=4.0 HTTP/1.1" 304 -
186.83.135.198 - - [05/Aug/2020:01:09:56 -0500] "GET /sipse/faces/javax.faces.resource/primefaces.css?ln=primefaces&v=4.0 HTTP/1.1" 304 -
186.83.135.198 - - [05/Aug/2020:01:09:56 -0500] "GET /sipse/faces/javax.faces.resource/jquery/jquery.js?ln=primefaces&v=4.0 HTTP/1.1" 304 -
186.83.135.198 - - [05/Aug/2020:01:09:56 -0500] "GET /sipse/faces/javax.faces.resource/jquery/jquery-plugins.js?ln=primefaces&v=4.0 HTTP/1.1" 304 -
186.83.135.198 - - [05/Aug/2020:01:09:56 -0500] "GET /sipse/faces/javax.faces.resource/primefaces.js?ln=primefaces&v=4.0 HTTP/1.1" 304 -
186.83.135.198 - - [05/Aug/2020:01:09:56 -0500] "GET /sipse/faces/javax.faces.resource/layout/layout.js?ln=primefaces&v=4.0 HTTP/1.1" 304 -
186.83.135.198 - - [05/Aug/2020:01:09:56 -0500] "GET /sipse/css/imagen/contrasena.png HTTP/1.1" 404 383
190.27.245.107 - - [05/Aug/2020:01:09:56 -0500] "GET /reportes_sipse/sdg/ServletReporte?reporte=experienia_idoneidad&solicitud=10405&pfdrid_c=false HTTP/1.1" 200 145528
186.84.22.0 - - [05/Aug/2020:01:10:11 -0500] "POST /sipse/faces/presentacion/financiero/solicitudProceso/listarSolicitudProceso.xhtml HTTP/1.1" 200 29998
186.84.22.0 - - [05/Aug/2020:01:10:10 -0500] "POST /sipse/faces/presentacion/financiero/solicitudProceso/consultarSolicitudProceso.xhtml HTTP/1.1" 200 57409
186.84.22.0 - - [05/Aug/2020:01:10:13 -0500] "GET /sipse/faces/javax.faces.resource/theme.css?ln=primefaces-sipse HTTP/1.1" 304 -
186.84.22.0 - - [05/Aug/2020:01:10:13 -0500] "GET /sipse/faces/javax.faces.resource/primefaces.css?ln=primefaces&v=4.0 HTTP/1.1" 304 -
186.84.22.0 - - [05/Aug/2020:01:10:13 -0500] "GET /sipse/faces/javax.faces.resource/layout/layout.css?ln=primefaces&v=4.0 HTTP/1.1" 304 -
186.84.22.0 - - [05/Aug/2020:01:10:13 -0500] "GET /sipse/faces/javax.faces.resource/jquery/jquery.js?ln=primefaces&v=4.0 HTTP/1.1" 304 -
186.84.22.0 - - [05/Aug/2020:01:10:13 -0500] "GET /sipse/faces/javax.faces.resource/jquery/jquery-plugins.js?ln=primefaces&v=4.0 HTTP/1.1" 304 -
186.84.22.0 - - [05/Aug/2020:01:10:14 -0500] "GET /sipse/faces/javax.faces.resource/primefaces.js?ln=primefaces&v=4.0 HTTP/1.1" 304 -
186.84.22.0 - - [05/Aug/2020:01:10:14 -0500] "GET /sipse/faces/javax.faces.resource/layout/layout.js?ln=primefaces&v=4.0 HTTP/1.1" 304 -
186.84.22.0 - - [05/Aug/2020:01:10:14 -0500] "POST /sipse/faces/presentacion/financiero/solicitudProceso/listarSolicitudProceso.xhtml HTTP/1.1" 200 1452
186.84.22.0 - - [05/Aug/2020:01:10:16 -0500] "POST /sipse/faces/presentacion/financiero/solicitudProceso/listarSolicitudProceso.xhtml HTTP/1.1" 200 139743
186.84.22.0 - - [05/Aug/2020:01:10:17 -0500] "GET /sipse/faces/javax.faces.resource/theme.css?ln=primefaces-sipse HTTP/1.1" 304 -
186.84.22.0 - - [05/Aug/2020:01:10:17 -0500] "GET /sipse/faces/javax.faces.resource/primefaces.css?ln=primefaces&v=4.0 HTTP/1.1" 304 -
186.84.22.0 - - [05/Aug/2020:01:10:17 -0500] "GET /sipse/faces/javax.faces.resource/layout/layout.css?ln=primefaces&v=4.0 HTTP/1.1" 304 -
186.84.22.0 - - [05/Aug/2020:01:10:17 -0500] "GET /sipse/faces/javax.faces.resource/jquery/jquery.js?ln=primefaces&v=4.0 HTTP/1.1" 304 -
186.84.22.0 - - [05/Aug/2020:01:10:17 -0500] "GET /sipse/faces/javax.faces.resource/jquery/jquery-plugins.js?ln=primefaces&v=4.0 HTTP/1.1" 304 -
186.84.22.0 - - [05/Aug/2020:01:10:17 -0500] "GET /sipse/faces/javax.faces.resource/primefaces.js?ln=primefaces&v=4.0 HTTP/1.1" 304 -
186.84.22.0 - - [05/Aug/2020:01:10:17 -0500] "GET /sipse/faces/javax.faces.resource/layout/layout.js?ln=primefaces&v=4.0 HTTP/1.1" 304 -
190.27.245.107 - - [05/Aug/2020:01:10:17 -0500] "GET /reportes_sipse/sdg/ServletReporte?reporte=experienia_idoneidad&solicitud=10405&pfdrid_c=false HTTP/1.1" 200 145528
186.83.135.198 - - [05/Aug/2020:01:10:20 -0500] "POST /sipse/faces/presentacion/financiero/solicitudProceso/consultarSolicitudProceso.xhtml HTTP/1.1" 200 287386
186.83.135.198 - - [05/Aug/2020:01:10:22 -0500] "POST /sipse/faces/presentacion/financiero/solicitudProceso/consultarSolicitudProceso.xhtml HTTP/1.1" 200 1420473
186.84.22.0 - - [05/Aug/2020:01:10:25 -0500] "POST /sipse/faces/presentacion/financiero/solicitudProceso/listarSolicitudProceso.xhtml HTTP/1.1" 200 15769
186.83.135.198 - - [05/Aug/2020:01:10:25 -0500] "POST /sipse/faces/presentacion/financiero/solicitudProceso/consultarSolicitudProceso.xhtml HTTP/1.1" 200 95312
186.83.135.198 - - [05/Aug/2020:01:10:23 -0500] "POST /sipse/faces/presentacion/financiero/solicitudProceso/consultarSolicitudProceso.xhtml HTTP/1.1" 200 3697628
186.84.22.0 - - [05/Aug/2020:01:10:30 -0500] "POST /sipse/faces/presentacion/financiero/solicitudProceso/listarSolicitudProceso.xhtml HTTP/1.1" 200 29363
186.84.22.0 - - [05/Aug/2020:01:10:37 -0500] "POST /sipse/faces/presentacion/financiero/solicitudProceso/consultarSolicitudProceso.xhtml HTTP/1.1" 200 57636
186.84.22.0 - - [05/Aug/2020:01:10:37 -0500] "GET /sipse/faces/javax.faces.resource/theme.css?ln=primefaces-sipse HTTP/1.1" 304 -
186.84.22.0 - - [05/Aug/2020:01:10:37 -0500] "GET /sipse/faces/javax.faces.resource/primefaces.css?ln=primefaces&v=4.0 HTTP/1.1" 304 -
186.84.22.0 - - [05/Aug/2020:01:10:37 -0500] "GET /sipse/faces/javax.faces.resource/layout/layout.css?ln=primefaces&v=4.0 HTTP/1.1" 304 -
186.84.22.0 - - [05/Aug/2020:01:10:37 -0500] "GET /sipse/faces/javax.faces.resource/jquery/jquery.js?ln=primefaces&v=4.0 HTTP/1.1" 304 -
186.84.22.0 - - [05/Aug/2020:01:10:37 -0500] "GET /sipse/faces/javax.faces.resource/jquery/jquery-plugins.js?ln=primefaces&v=4.0 HTTP/1.1" 304 -
186.84.22.0 - - [05/Aug/2020:01:10:37 -0500] "GET /sipse/faces/javax.faces.resource/primefaces.js?ln=primefaces&v=4.0 HTTP/1.1" 304 -
186.84.22.0 - - [05/Aug/2020:01:10:37 -0500] "GET /sipse/faces/javax.faces.resource/layout/layout.js?ln=primefaces&v=4.0 HTTP/1.1" 304 -
186.84.22.0 - - [05/Aug/2020:01:10:37 -0500] "POST /sipse/faces/presentacion/financiero/solicitudProceso/listarSolicitudProceso.xhtml HTTP/1.1" 200 50889
186.84.22.0 - - [05/Aug/2020:01:10:37 -0500] "POST /sipse/faces/presentacion/financiero/solicitudProceso/listarSolicitudProceso.xhtml HTTP/1.1" 200 50889
186.84.22.0 - - [05/Aug/2020:01:10:37 -0500] "POST /sipse/faces/presentacion/financiero/solicitudProceso/listarSolicitudProceso.xhtml HTTP/1.1" 200 50889
186.84.22.0 - - [05/Aug/2020:01:10:38 -0500] "POST /sipse/faces/presentacion/financiero/solicitudProceso/listarSolicitudProceso.xhtml HTTP/1.1" 200 50889
186.84.22.0 - - [05/Aug/2020:01:10:38 -0500] "POST /sipse/faces/presentacion/financiero/solicitudProceso/listarSolicitudProceso.xhtml HTTP/1.1" 200 50889
186.84.22.0 - - [05/Aug/2020:01:10:38 -0500] "POST /sipse/faces/presentacion/financiero/solicitudProceso/listarSolicitudProceso.xhtml HTTP/1.1" 200 50889
186.84.22.0 - - [05/Aug/2020:01:10:38 -0500] "POST /sipse/faces/presentacion/financiero/solicitudProceso/listarSolicitudProceso.xhtml HTTP/1.1" 200 50889
52.188.203.204 - - [05/Aug/2020:01:10:28 -0500] "GET /autoliquidacion2020/Grupo%20Forestal%20-%20Silvicultura/Control%20y%20Seguimiento%20a%20las%20Actividades%20Silviculturales/PM04-PR29-F6%20Ficha%20de%20actualizacion%20del%20catastro%20de%20%20arboles.xls HTTP/1.1" 200 16274432
186.84.22.0 - - [05/Aug/2020:01:10:38 -0500] "POST /sipse/faces/presentacion/financiero/solicitudProceso/listarSolicitudProceso.xhtml HTTP/1.1" 200 50889
186.84.22.0 - - [05/Aug/2020:01:10:38 -0500] "POST /sipse/faces/presentacion/financiero/solicitudProceso/listarSolicitudProceso.xhtml HTTP/1.1" 200 50889
186.84.22.0 - - [05/Aug/2020:01:10:38 -0500] "POST /sipse/faces/presentacion/financiero/solicitudProceso/listarSolicitudProceso.xhtml HTTP/1.1" 200 50889
186.84.22.0 - - [05/Aug/2020:01:10:39 -0500] "POST /sipse/faces/presentacion/financiero/solicitudProceso/listarSolicitudProceso.xhtml HTTP/1.1" 200 50889
186.84.22.0 - - [05/Aug/2020:01:10:39 -0500] "POST /sipse/faces/presentacion/financiero/solicitudProceso/listarSolicitudProceso.xhtml HTTP/1.1" 200 50889
186.84.22.0 - - [05/Aug/2020:01:10:39 -0500] "POST /sipse/faces/presentacion/financiero/solicitudProceso/listarSolicitudProceso.xhtml HTTP/1.1" 200 50889
186.84.22.0 - - [05/Aug/2020:01:10:39 -0500] "POST /sipse/faces/presentacion/financiero/solicitudProceso/listarSolicitudProceso.xhtml HTTP/1.1" 200 50889
186.84.22.0 - - [05/Aug/2020:01:10:39 -0500] "POST /sipse/faces/presentacion/financiero/solicitudProceso/listarSolicitudProceso.xhtml HTTP/1.1" 200 50889
190.27.245.107 - - [05/Aug/2020:01:10:45 -0500] "GET /sipse/ HTTP/1.1" 302 -
186.84.22.0 - - [05/Aug/2020:01:10:46 -0500] "GET /sipse/faces/autenticacion.xhtml HTTP/1.1" 200 12180
186.84.22.0 - - [05/Aug/2020:01:10:46 -0500] "GET /sipse/css/custom_css_sg_prime_login.css HTTP/1.1" 304 -
186.84.22.0 - - [05/Aug/2020:01:10:46 -0500] "GET /sipse/faces/javax.faces.resource/theme.css?ln=primefaces-sipse HTTP/1.1" 304 -
186.84.22.0 - - [05/Aug/2020:01:10:46 -0500] "GET /sipse/faces/javax.faces.resource/primefaces.css?ln=primefaces&v=4.0 HTTP/1.1" 304 -
186.84.22.0 - - [05/Aug/2020:01:10:46 -0500] "GET /sipse/faces/javax.faces.resource/jquery/jquery.js?ln=primefaces&v=4.0 HTTP/1.1" 304 -
186.84.22.0 - - [05/Aug/2020:01:10:46 -0500] "GET /sipse/faces/javax.faces.resource/layout/layout.css?ln=primefaces&v=4.0 HTTP/1.1" 304 -
186.84.22.0 - - [05/Aug/2020:01:10:46 -0500] "GET /sipse/faces/javax.faces.resource/jquery/jquery-plugins.js?ln=primefaces&v=4.0 HTTP/1.1" 304 -
186.84.22.0 - - [05/Aug/2020:01:10:46 -0500] "GET /sipse/faces/javax.faces.resource/layout/layout.js?ln=primefaces&v=4.0 HTTP/1.1" 304 -
186.84.22.0 - - [05/Aug/2020:01:10:46 -0500] "GET /sipse/faces/javax.faces.resource/primefaces.js?ln=primefaces&v=4.0 HTTP/1.1" 304 -
186.84.22.0 - - [05/Aug/2020:01:10:46 -0500] "GET /sipse/css/imagen/logoSDG.png HTTP/1.1" 304 -
186.84.22.0 - - [05/Aug/2020:01:10:46 -0500] "GET /sipse/css/imagen/loginimg.png HTTP/1.1" 304 -
186.84.22.0 - - [05/Aug/2020:01:10:46 -0500] "GET /sipse/faces/javax.faces.resource/images/ui-icons_898989_256x240.png?ln=primefaces-aristo HTTP/1.1" 304 -
186.84.22.0 - - [05/Aug/2020:01:10:46 -0500] "GET /sipse/faces/index.xhtml HTTP/1.1" 200 677
186.84.22.0 - - [05/Aug/2020:01:10:46 -0500] "GET /sipse/faces/javax.faces.resource/theme.css?ln=primefaces-sipse HTTP/1.1" 304 -
186.84.22.0 - - [05/Aug/2020:01:10:46 -0500] "GET /sipse/faces/faces/autenticacion.xhtml HTTP/1.1" 200 12180
186.84.22.0 - - [05/Aug/2020:01:10:46 -0500] "GET /sipse/faces/javax.faces.resource/primefaces.css?ln=primefaces&v=4.0 HTTP/1.1" 304 -
186.84.22.0 - - [05/Aug/2020:01:10:46 -0500] "GET /sipse/faces/javax.faces.resource/theme.css?ln=primefaces-sipse HTTP/1.1" 304 -
186.84.22.0 - - [05/Aug/2020:01:10:46 -0500] "GET /sipse/faces/javax.faces.resource/layout/layout.css?ln=primefaces&v=4.0 HTTP/1.1" 304 -
186.84.22.0 - - [05/Aug/2020:01:10:46 -0500] "GET /sipse/faces/javax.faces.resource/primefaces.js?ln=primefaces&v=4.0 HTTP/1.1" 304 -
186.84.22.0 - - [05/Aug/2020:01:10:46 -0500] "GET /sipse/faces/javax.faces.resource/jquery/jquery-plugins.js?ln=primefaces&v=4.0 HTTP/1.1" 304 -
186.84.22.0 - - [05/Aug/2020:01:10:46 -0500] "GET /sipse/faces/javax.faces.resource/jquery/jquery.js?ln=primefaces&v=4.0 HTTP/1.1" 304 -
186.84.22.0 - - [05/Aug/2020:01:10:46 -0500] "GET /sipse/faces/javax.faces.resource/layout/layout.js?ln=primefaces&v=4.0 HTTP/1.1" 304 -
186.84.22.0 - - [05/Aug/2020:01:10:57 -0500] "POST /sipse/faces/autenticacion.xhtml HTTP/1.1" 200 15891
186.84.22.0 - - [05/Aug/2020:01:10:57 -0500] "GET /sipse/faces/javax.faces.resource/theme.css?ln=primefaces-sipse HTTP/1.1" 304 -
186.84.22.0 - - [05/Aug/2020:01:10:57 -0500] "GET /sipse/faces/javax.faces.resource/primefaces.css?ln=primefaces&v=4.0 HTTP/1.1" 304 -
186.84.22.0 - - [05/Aug/2020:01:10:57 -0500] "GET /sipse/faces/javax.faces.resource/layout/layout.css?ln=primefaces&v=4.0 HTTP/1.1" 304 -
186.84.22.0 - - [05/Aug/2020:01:10:57 -0500] "GET /sipse/faces/javax.faces.resource/jquery/jquery.js?ln=primefaces&v=4.0 HTTP/1.1" 304 -
186.84.22.0 - - [05/Aug/2020:01:10:57 -0500] "GET /sipse/faces/javax.faces.resource/jquery/jquery-plugins.js?ln=primefaces&v=4.0 HTTP/1.1" 304 -
186.84.22.0 - - [05/Aug/2020:01:10:57 -0500] "GET /sipse/faces/javax.faces.resource/primefaces.js?ln=primefaces&v=4.0 HTTP/1.1" 304 -
186.84.22.0 - - [05/Aug/2020:01:10:57 -0500] "GET /sipse/faces/javax.faces.resource/layout/layout.js?ln=primefaces&v=4.0 HTTP/1.1" 304 -
186.84.22.0 - - [05/Aug/2020:01:10:57 -0500] "GET /sipse/imagenes/logoAplicacion.jpg HTTP/1.1" 304 -
186.84.22.0 - - [05/Aug/2020:01:10:57 -0500] "GET /sipse/imagenes/cargando.gif HTTP/1.1" 304 -
186.84.22.0 - - [05/Aug/2020:01:10:57 -0500] "GET /sipse/css/imagen/contrasena.png HTTP/1.1" 404 383
186.84.22.0 - - [05/Aug/2020:01:10:57 -0500] "GET /sipse/faces/javax.faces.resource/messages/messages.png?ln=primefaces&v=4.0 HTTP/1.1" 304 -
186.84.22.0 - - [05/Aug/2020:01:10:59 -0500] "GET /sipse/faces/javax.faces.resource/images/ui-bg_flat_0_2d5972_40x100.png?ln=primefaces-aristo HTTP/1.1" 304 -
186.84.22.0 - - [05/Aug/2020:01:10:59 -0500] "POST /sipse/faces/bienvenido.xhtml HTTP/1.1" 200 1471
186.84.22.0 - - [05/Aug/2020:01:11:00 -0500] "POST /sipse/faces/bienvenido.xhtml HTTP/1.1" 200 56921
186.84.22.0 - - [05/Aug/2020:01:11:00 -0500] "GET /sipse/faces/javax.faces.resource/primefaces.css?ln=primefaces&v=4.0 HTTP/1.1" 304 -
186.84.22.0 - - [05/Aug/2020:01:11:00 -0500] "GET /sipse/faces/javax.faces.resource/layout/layout.css?ln=primefaces&v=4.0 HTTP/1.1" 304 -
186.84.22.0 - - [05/Aug/2020:01:11:00 -0500] "GET /sipse/faces/javax.faces.resource/theme.css?ln=primefaces-sipse HTTP/1.1" 304 -
69.162.124.227 - - [05/Aug/2020:01:11:00 -0500] "HEAD / HTTP/1.1" 200 -
186.84.22.0 - - [05/Aug/2020:01:11:00 -0500] "GET /sipse/faces/javax.faces.resource/jquery/jquery.js?ln=primefaces&v=4.0 HTTP/1.1" 304 -
186.84.22.0 - - [05/Aug/2020:01:11:00 -0500] "GET /sipse/faces/javax.faces.resource/jquery/jquery-plugins.js?ln=primefaces&v=4.0 HTTP/1.1" 304 -
186.84.22.0 - - [05/Aug/2020:01:11:00 -0500] "GET /sipse/faces/javax.faces.resource/primefaces.js?ln=primefaces&v=4.0 HTTP/1.1" 304 -
186.84.22.0 - - [05/Aug/2020:01:11:00 -0500] "GET /sipse/faces/javax.faces.resource/layout/layout.js?ln=primefaces&v=4.0 HTTP/1.1" 304 -
186.84.22.0 - - [05/Aug/2020:01:11:00 -0500] "POST /sipse/faces/presentacion/financiero/solicitudProceso/listarSolicitudProceso.xhtml HTTP/1.1" 200 1452
186.84.22.0 - - [05/Aug/2020:01:11:03 -0500] "POST /sipse/faces/presentacion/financiero/solicitudProceso/listarSolicitudProceso.xhtml HTTP/1.1" 200 15769
186.86.33.58 - - [05/Aug/2020:01:12:24 -0500] "GET /galeria/galeria/jquery.fancybox.css?v=2.1.5 HTTP/1.1" 200 4895
186.86.33.58 - - [05/Aug/2020:01:12:24 -0500] "GET /galeria/galeria/jquery.fancybox.js?v=2.1.5 HTTP/1.1" 200 48706
186.86.33.58 - - [05/Aug/2020:01:12:24 -0500] "GET /BLA/boletinlegal/js/jquery.scrollShow.js HTTP/1.1" 200 4586
186.84.22.0 - - [05/Aug/2020:01:12:57 -0500] "GET /sipse/faces/javax.faces.resource/images/ui-icons_898989_256x240.png?ln=primefaces-aristo HTTP/1.1" 304 -
186.84.22.0 - - [05/Aug/2020:01:12:58 -0500] "POST /sipse/faces/presentacion/financiero/solicitudProceso/listarSolicitudProceso.xhtml HTTP/1.1" 200 29363
186.84.22.0 - - [05/Aug/2020:01:12:56 -0500] "POST /sipse/faces/presentacion/financiero/solicitudProceso/listarSolicitudProceso.xhtml HTTP/1.1" 200 143964
186.84.22.0 - - [05/Aug/2020:01:13:00 -0500] "GET /sipse/faces/javax.faces.resource/theme.css?ln=primefaces-sipse HTTP/1.1" 304 -
186.84.22.0 - - [05/Aug/2020:01:13:00 -0500] "GET /sipse/faces/javax.faces.resource/layout/layout.css?ln=primefaces&v=4.0 HTTP/1.1" 304 -
186.84.22.0 - - [05/Aug/2020:01:13:00 -0500] "GET /sipse/faces/javax.faces.resource/primefaces.css?ln=primefaces&v=4.0 HTTP/1.1" 304 -
186.84.22.0 - - [05/Aug/2020:01:13:00 -0500] "GET /sipse/faces/javax.faces.resource/jquery/jquery.js?ln=primefaces&v=4.0 HTTP/1.1" 304 -
186.84.22.0 - - [05/Aug/2020:01:13:00 -0500] "GET /sipse/faces/javax.faces.resource/jquery/jquery-plugins.js?ln=primefaces&v=4.0 HTTP/1.1" 304 -
186.84.22.0 - - [05/Aug/2020:01:13:00 -0500] "GET /sipse/faces/javax.faces.resource/primefaces.js?ln=primefaces&v=4.0 HTTP/1.1" 304 -
186.84.22.0 - - [05/Aug/2020:01:13:00 -0500] "GET /sipse/faces/javax.faces.resource/layout/layout.js?ln=primefaces&v=4.0 HTTP/1.1" 304 -
190.27.245.107 - - [05/Aug/2020:01:13:00 -0500] "GET /reportes_sipse/sdg/ServletReporte?reporte=experienia_idoneidad&solicitud=10405&pfdrid_c=false HTTP/1.1" 200 145528
186.84.22.0 - - [05/Aug/2020:01:13:03 -0500] "POST /sipse/faces/presentacion/financiero/solicitudProceso/listarSolicitudProceso.xhtml HTTP/1.1" 200 143964
186.84.22.0 - - [05/Aug/2020:01:13:05 -0500] "GET /sipse/faces/javax.faces.resource/theme.css?ln=primefaces-sipse HTTP/1.1" 304 -
186.84.22.0 - - [05/Aug/2020:01:13:05 -0500] "GET /sipse/faces/javax.faces.resource/layout/layout.css?ln=primefaces&v=4.0 HTTP/1.1" 304 -
186.84.22.0 - - [05/Aug/2020:01:13:05 -0500] "GET /sipse/faces/javax.faces.resource/primefaces.css?ln=primefaces&v=4.0 HTTP/1.1" 304 -
186.84.22.0 - - [05/Aug/2020:01:13:05 -0500] "GET /sipse/faces/javax.faces.resource/jquery/jquery.js?ln=primefaces&v=4.0 HTTP/1.1" 304 -
186.84.22.0 - - [05/Aug/2020:01:13:05 -0500] "GET /sipse/faces/javax.faces.resource/jquery/jquery-plugins.js?ln=primefaces&v=4.0 HTTP/1.1" 304 -
186.84.22.0 - - [05/Aug/2020:01:13:05 -0500] "GET /sipse/faces/javax.faces.resource/primefaces.js?ln=primefaces&v=4.0 HTTP/1.1" 304 -
186.84.22.0 - - [05/Aug/2020:01:13:05 -0500] "GET /sipse/faces/javax.faces.resource/layout/layout.js?ln=primefaces&v=4.0 HTTP/1.1" 304 -
190.27.245.107 - - [05/Aug/2020:01:13:05 -0500] "GET /reportes_sipse/sdg/ServletReporte?reporte=experienia_idoneidad&solicitud=10405&pfdrid_c=false HTTP/1.1" 200 145528
186.84.22.0 - - [05/Aug/2020:01:13:10 -0500] "POST /sipse/faces/presentacion/financiero/solicitudProceso/consultarSolicitudProceso.xhtml HTTP/1.1" 200 1914332
201.245.192.253 - - [05/Aug/2020:01:12:42 -0500] "POST /kwsrmcab/Wsrmcab HTTP/1.1" 200 28760
201.245.192.253 - - [05/Aug/2020:01:12:43 -0500] "POST /kwsrmcab/Wsrmcab HTTP/1.1" 200 30554
201.245.192.253 - - [05/Aug/2020:01:13:19 -0500] "POST /kwsrmcab/Wsrmcab HTTP/1.1" 200 28760
186.84.22.0 - - [05/Aug/2020:01:15:04 -0500] "POST /sipse/faces/presentacion/financiero/solicitudProceso/consultarSolicitudProceso.xhtml HTTP/1.1" 200 452137
186.84.22.0 - - [05/Aug/2020:01:15:06 -0500] "POST /sipse/faces/presentacion/financiero/solicitudProceso/consultarSolicitudProceso.xhtml HTTP/1.1" 200 1190835
186.84.22.0 - - [05/Aug/2020:01:15:08 -0500] "POST /sipse/faces/presentacion/financiero/solicitudProceso/consultarSolicitudProceso.xhtml HTTP/1.1" 200 2818139
181.58.38.33 - - [05/Aug/2020:01:15:24 -0500] "GET /galeria/galeria/jquery.fancybox.js?v=2.1.5 HTTP/1.1" 200 48706
181.58.38.33 - - [05/Aug/2020:01:15:24 -0500] "GET /BLA/boletinlegal/js/jquery.scrollShow.js HTTP/1.1" 200 4586
181.58.38.33 - - [05/Aug/2020:01:15:24 -0500] "GET /galeria/galeria/jquery.fancybox.css?v=2.1.5 HTTP/1.1" 200 4895
181.58.38.33 - - [05/Aug/2020:01:15:28 -0500] "GET /BLA/boletinlegal/js/jquery.scrollShow.js HTTP/1.1" 304 -
181.58.38.33 - - [05/Aug/2020:01:15:28 -0500] "GET /galeria/galeria/jquery.fancybox.js?v=2.1.5 HTTP/1.1" 304 -
