179.51.119.50 - - [07/Aug/2020:11:30:33 -0500] "GET /BLA/boletinlegal/js/jquery.scrollShow.js HTTP/1.1" 200 4586
179.51.119.50 - - [07/Aug/2020:11:30:33 -0500] "GET /galeria/galeria/jquery.fancybox.js?v=2.1.5 HTTP/1.1" 200 48706
179.51.119.50 - - [07/Aug/2020:11:30:33 -0500] "GET /galeria/galeria/jquery.fancybox.css?v=2.1.5 HTTP/1.1" 200 4895
161.10.30.205 - - [07/Aug/2020:11:30:34 -0500] "POST /sipse/faces/presentacion/financiero/solicitudProceso/listarSolicitudProceso.xhtml HTTP/1.1" 200 4923
179.18.25.75 - - [07/Aug/2020:11:30:34 -0500] "POST /sipse/faces/presentacion/financiero/solicitudProceso/listarSolicitudProceso.xhtml HTTP/1.1" 200 7211
161.10.30.205 - - [07/Aug/2020:11:30:36 -0500] "POST /sipse/faces/presentacion/financiero/solicitudProceso/listarSolicitudProceso.xhtml HTTP/1.1" 200 152248
161.10.30.205 - - [07/Aug/2020:11:30:37 -0500] "GET /sipse/css/custom_css_sg.css HTTP/1.1" 304 -
161.10.30.205 - - [07/Aug/2020:11:30:37 -0500] "GET /sipse/js/disable_browser_buttons.js HTTP/1.1" 304 -
161.10.30.205 - - [07/Aug/2020:11:30:37 -0500] "GET /sipse/css/custom_css_sg_prime.css HTTP/1.1" 304 -
161.10.30.205 - - [07/Aug/2020:11:30:37 -0500] "GET /sipse/faces/javax.faces.resource/theme.css?ln=primefaces-sipse HTTP/1.1" 304 -
161.10.30.205 - - [07/Aug/2020:11:30:37 -0500] "GET /sipse/faces/javax.faces.resource/primefaces.css?ln=primefaces&v=4.0 HTTP/1.1" 304 -
161.10.30.205 - - [07/Aug/2020:11:30:37 -0500] "GET /sipse/faces/javax.faces.resource/layout/layout.css?ln=primefaces&v=4.0 HTTP/1.1" 304 -
161.10.30.205 - - [07/Aug/2020:11:30:37 -0500] "GET /sipse/js/jquery.min.js HTTP/1.1" 304 -
161.10.30.205 - - [07/Aug/2020:11:30:37 -0500] "GET /sipse/js/funciones.js HTTP/1.1" 304 -
161.10.30.205 - - [07/Aug/2020:11:30:37 -0500] "GET /sipse/faces/javax.faces.resource/jquery/jquery.js?ln=primefaces&v=4.0 HTTP/1.1" 304 -
161.10.30.205 - - [07/Aug/2020:11:30:37 -0500] "GET /sipse/faces/javax.faces.resource/jquery/jquery-plugins.js?ln=primefaces&v=4.0 HTTP/1.1" 304 -
161.10.30.205 - - [07/Aug/2020:11:30:37 -0500] "GET /sipse/faces/javax.faces.resource/primefaces.js?ln=primefaces&v=4.0 HTTP/1.1" 304 -
161.10.30.205 - - [07/Aug/2020:11:30:37 -0500] "GET /sipse/faces/javax.faces.resource/layout/layout.js?ln=primefaces&v=4.0 HTTP/1.1" 304 -
161.10.30.205 - - [07/Aug/2020:11:30:38 -0500] "GET /sipse/css/imagen/contrasena.png HTTP/1.1" 404 383
190.27.245.107 - - [07/Aug/2020:11:30:38 -0500] "GET /reportes_sipse/sdg/ServletReporte?reporte=experienia_idoneidad&solicitud=9640&pfdrid_c=false HTTP/1.1" 200 127345
181.234.236.35 - - [07/Aug/2020:11:30:45 -0500] "POST /sipse/faces/presentacion/financiero/solicitudProceso/listarSolicitudProceso.xhtml HTTP/1.1" 200 24381
80.82.78.85 - - [07/Aug/2020:11:30:46 -0500] "GET / HTTP/1.1" 200 9990
201.221.165.176 - - [07/Aug/2020:11:30:46 -0500] "POST /sipse/faces/presentacion/financiero/solicitudProceso/listarSolicitudProceso.xhtml HTTP/1.1" 200 31248
179.18.25.75 - - [07/Aug/2020:11:30:46 -0500] "POST /sipse/faces/presentacion/financiero/solicitudProceso/listarSolicitudProceso.xhtml HTTP/1.1" 200 7200
181.234.236.35 - - [07/Aug/2020:11:30:47 -0500] "POST /sipse/faces/presentacion/financiero/solicitudProceso/listarSolicitudProceso.xhtml HTTP/1.1" 200 7229
201.221.165.176 - - [07/Aug/2020:11:30:52 -0500] "POST /sipse/faces/presentacion/financiero/solicitudProceso/listarSolicitudProceso.xhtml HTTP/1.1" 200 8112
200.119.125.218 - - [07/Aug/2020:11:30:56 -0500] "POST /sipse/faces/presentacion/financiero/solicitudProceso/consultarSolicitudProceso.xhtml HTTP/1.1" 200 34481
200.119.125.218 - - [07/Aug/2020:11:30:57 -0500] "GET /sipse/js/disable_browser_buttons.js HTTP/1.1" 304 -
200.119.125.218 - - [07/Aug/2020:11:30:57 -0500] "GET /sipse/js/jquery.min.js HTTP/1.1" 304 -
200.119.125.218 - - [07/Aug/2020:11:30:58 -0500] "GET /sipse/js/funciones.js HTTP/1.1" 304 -
200.119.125.218 - - [07/Aug/2020:11:30:58 -0500] "GET /sipse/faces/javax.faces.resource/jquery/jquery.js?ln=primefaces&v=4.0 HTTP/1.1" 304 -
200.119.125.218 - - [07/Aug/2020:11:30:58 -0500] "GET /sipse/faces/javax.faces.resource/jquery/jquery-plugins.js?ln=primefaces&v=4.0 HTTP/1.1" 304 -
200.119.125.218 - - [07/Aug/2020:11:30:58 -0500] "GET /sipse/faces/javax.faces.resource/primefaces.js?ln=primefaces&v=4.0 HTTP/1.1" 304 -
200.119.125.218 - - [07/Aug/2020:11:30:58 -0500] "GET /sipse/faces/javax.faces.resource/layout/layout.js?ln=primefaces&v=4.0 HTTP/1.1" 304 -
200.119.125.218 - - [07/Aug/2020:11:30:58 -0500] "POST /sipse/faces/presentacion/financiero/solicitudProceso/listarSolicitudProceso.xhtml HTTP/1.1" 200 1340
161.10.30.205 - - [07/Aug/2020:11:31:00 -0500] "POST /sipse/faces/presentacion/financiero/solicitudProceso/consultarSolicitudProceso.xhtml HTTP/1.1" 200 747803
200.119.125.218 - - [07/Aug/2020:11:31:01 -0500] "POST /sipse/faces/presentacion/financiero/solicitudProceso/listarSolicitudProceso.xhtml HTTP/1.1" 200 7250
201.221.165.176 - - [07/Aug/2020:11:31:03 -0500] "POST /sipse/faces/presentacion/financiero/solicitudProceso/listarSolicitudProceso.xhtml HTTP/1.1" 200 145913
201.221.165.176 - - [07/Aug/2020:11:31:04 -0500] "GET /sipse/faces/javax.faces.resource/theme.css?ln=primefaces-sipse HTTP/1.1" 304 -
201.221.165.176 - - [07/Aug/2020:11:31:04 -0500] "GET /sipse/faces/javax.faces.resource/primefaces.css?ln=primefaces&v=4.0 HTTP/1.1" 304 -
201.221.165.176 - - [07/Aug/2020:11:31:04 -0500] "GET /sipse/faces/javax.faces.resource/layout/layout.css?ln=primefaces&v=4.0 HTTP/1.1" 304 -
201.221.165.176 - - [07/Aug/2020:11:31:04 -0500] "GET /sipse/faces/javax.faces.resource/jquery/jquery.js?ln=primefaces&v=4.0 HTTP/1.1" 304 -
201.221.165.176 - - [07/Aug/2020:11:31:04 -0500] "GET /sipse/faces/javax.faces.resource/jquery/jquery-plugins.js?ln=primefaces&v=4.0 HTTP/1.1" 304 -
201.221.165.176 - - [07/Aug/2020:11:31:04 -0500] "GET /sipse/faces/javax.faces.resource/primefaces.js?ln=primefaces&v=4.0 HTTP/1.1" 304 -
201.221.165.176 - - [07/Aug/2020:11:31:04 -0500] "GET /sipse/faces/javax.faces.resource/layout/layout.js?ln=primefaces&v=4.0 HTTP/1.1" 304 -
190.27.245.107 - - [07/Aug/2020:11:31:05 -0500] "GET /reportes_sipse/sdg/ServletReporte?reporte=experienia_idoneidad&solicitud=9640&pfdrid_c=false HTTP/1.1" 200 127345
186.116.83.197 - - [07/Aug/2020:11:31:12 -0500] "GET /galeria/galeria/jquery.fancybox.css?v=2.1.5 HTTP/1.1" 200 4895
186.116.83.197 - - [07/Aug/2020:11:31:12 -0500] "GET /galeria/galeria/jquery.fancybox.js?v=2.1.5 HTTP/1.1" 200 48706
186.116.83.197 - - [07/Aug/2020:11:31:12 -0500] "GET /BLA/boletinlegal/js/jquery.scrollShow.js HTTP/1.1" 200 4586
161.10.30.205 - - [07/Aug/2020:11:31:16 -0500] "POST /sipse/faces/presentacion/financiero/solicitudProceso/consultarSolicitudProceso.xhtml HTTP/1.1" 200 81768
201.221.165.176 - - [07/Aug/2020:11:31:16 -0500] "POST /sipse/faces/presentacion/financiero/solicitudProceso/consultarSolicitudProceso.xhtml HTTP/1.1" 200 91741
161.10.30.205 - - [07/Aug/2020:11:31:21 -0500] "POST /sipse/faces/presentacion/financiero/solicitudProceso/consultarSolicitudProceso.xhtml HTTP/1.1" 200 5569
161.10.30.205 - - [07/Aug/2020:11:31:21 -0500] "GET /sipse/faces/javax.faces.resource/dynamiccontent.properties?ln=primefaces&pfdrid=XjOR5%2F%2FfPAZAuY9TpWQeCiM0BhlXxYRBGKi%2FQcXXfeA%3D&pfdrid_c=false HTTP/1.1" 200 126451
66.249.68.68 - - [07/Aug/2020:11:31:22 -0500] "-" 408 -
179.18.25.75 - - [07/Aug/2020:11:31:25 -0500] "POST /sipse/faces/presentacion/financiero/solicitudProceso/listarSolicitudProceso.xhtml HTTP/1.1" 200 7208
200.119.125.218 - - [07/Aug/2020:11:31:32 -0500] "POST /sipse/faces/presentacion/financiero/solicitudProceso/listarSolicitudProceso.xhtml HTTP/1.1" 200 7337
191.102.224.201 - - [07/Aug/2020:11:31:32 -0500] "GET /BLA/boletinlegal/js/jquery.scrollShow.js HTTP/1.1" 200 4586
191.102.224.201 - - [07/Aug/2020:11:31:32 -0500] "GET /galeria/galeria/jquery.fancybox.js?v=2.1.5 HTTP/1.1" 200 48706
191.102.224.201 - - [07/Aug/2020:11:31:32 -0500] "GET /galeria/galeria/jquery.fancybox.css?v=2.1.5 HTTP/1.1" 200 4895
191.102.224.201 - - [07/Aug/2020:11:31:40 -0500] "GET /galeria/galeria/jquery.fancybox.js?v=2.1.5 HTTP/1.1" 304 -
191.102.224.201 - - [07/Aug/2020:11:31:40 -0500] "GET /BLA/boletinlegal/js/jquery.scrollShow.js HTTP/1.1" 304 -
191.102.224.201 - - [07/Aug/2020:11:31:40 -0500] "GET /galeria/galeria/jquery.fancybox.css?v=2.1.5 HTTP/1.1" 304 -
200.119.125.218 - - [07/Aug/2020:11:31:44 -0500] "POST /sipse/faces/presentacion/financiero/solicitudProceso/listarSolicitudProceso.xhtml HTTP/1.1" 200 7339
179.18.25.75 - - [07/Aug/2020:11:31:46 -0500] "POST /sipse/faces/presentacion/financiero/solicitudProceso/listarSolicitudProceso.xhtml HTTP/1.1" 200 7278
161.10.30.205 - - [07/Aug/2020:11:31:56 -0500] "POST /sipse/faces/presentacion/financiero/solicitudProceso/consultarSolicitudProceso.xhtml HTTP/1.1" 200 5558
190.27.245.107 - - [07/Aug/2020:11:31:56 -0500] "GET /reportes_sipse/sdg/ServletReporte?reporte=experienia_idoneidad&solicitud=10192&pfdrid_c=false HTTP/1.1" 200 229908
181.61.75.10 - - [07/Aug/2020:11:31:58 -0500] "POST /sipse/faces/presentacion/financiero/solicitudProceso/listarSolicitudProceso.xhtml HTTP/1.1" 200 30214
200.119.125.218 - - [07/Aug/2020:11:31:58 -0500] "POST /sipse/faces/presentacion/financiero/solicitudProceso/listarSolicitudProceso.xhtml HTTP/1.1" 200 7270
181.61.75.10 - - [07/Aug/2020:11:32:00 -0500] "POST /sipse/faces/presentacion/financiero/solicitudProceso/listarSolicitudProceso.xhtml HTTP/1.1" 200 30295
181.61.75.10 - - [07/Aug/2020:11:32:06 -0500] "POST /sipse/faces/presentacion/financiero/solicitudProceso/listarSolicitudProceso.xhtml HTTP/1.1" 200 5830
200.119.125.218 - - [07/Aug/2020:11:32:06 -0500] "POST /sipse/faces/presentacion/financiero/solicitudProceso/listarSolicitudProceso.xhtml HTTP/1.1" 200 7269
181.61.75.10 - - [07/Aug/2020:11:32:11 -0500] "POST /sipse/faces/presentacion/financiero/solicitudProceso/listarSolicitudProceso.xhtml HTTP/1.1" 200 30175
181.61.75.10 - - [07/Aug/2020:11:32:16 -0500] "POST /sipse/faces/presentacion/financiero/solicitudProceso/listarSolicitudProceso.xhtml HTTP/1.1" 200 30222
181.61.75.10 - - [07/Aug/2020:11:32:17 -0500] "POST /sipse/faces/presentacion/financiero/solicitudProceso/listarSolicitudProceso.xhtml HTTP/1.1" 200 11309
179.18.25.75 - - [07/Aug/2020:11:32:17 -0500] "POST /sipse/faces/presentacion/financiero/solicitudProceso/listarSolicitudProceso.xhtml HTTP/1.1" 200 7352
200.119.125.218 - - [07/Aug/2020:11:32:17 -0500] "POST /sipse/faces/presentacion/financiero/solicitudProceso/listarSolicitudProceso.xhtml HTTP/1.1" 200 7275
200.119.125.218 - - [07/Aug/2020:11:32:21 -0500] "POST /sipse/faces/presentacion/financiero/solicitudProceso/listarSolicitudProceso.xhtml HTTP/1.1" 200 7260
192.141.246.216 - - [07/Aug/2020:11:32:21 -0500] "GET /galeria/galeria/jquery.fancybox.css?v=2.1.5 HTTP/1.1" 200 4895
192.141.246.216 - - [07/Aug/2020:11:32:21 -0500] "GET /BLA/boletinlegal/js/jquery.scrollShow.js HTTP/1.1" 200 4586
192.141.246.216 - - [07/Aug/2020:11:32:21 -0500] "GET /galeria/galeria/jquery.fancybox.js?v=2.1.5 HTTP/1.1" 200 48706
192.141.246.216 - - [07/Aug/2020:11:32:36 -0500] "GET /galeria/galeria/jquery.fancybox.js?v=2.1.5 HTTP/1.1" 200 48706
192.141.246.216 - - [07/Aug/2020:11:32:36 -0500] "GET /galeria/galeria/jquery.fancybox.css?v=2.1.5 HTTP/1.1" 206 1
192.141.246.216 - - [07/Aug/2020:11:32:36 -0500] "GET /BLA/boletinlegal/js/jquery.scrollShow.js HTTP/1.1" 206 1
192.141.246.216 - - [07/Aug/2020:11:32:37 -0500] "GET /galeria/galeria/jquery.fancybox.css?v=2.1.5 HTTP/1.1" 206 3697
192.141.246.216 - - [07/Aug/2020:11:32:37 -0500] "GET /BLA/boletinlegal/js/jquery.scrollShow.js HTTP/1.1" 206 3402
179.32.67.208 - - [07/Aug/2020:11:32:39 -0500] "GET /galeria/galeria/jquery.fancybox.css?v=2.1.5 HTTP/1.1" 200 4895
179.32.67.208 - - [07/Aug/2020:11:32:39 -0500] "GET /BLA/boletinlegal/js/jquery.scrollShow.js HTTP/1.1" 200 4586
179.32.67.208 - - [07/Aug/2020:11:32:39 -0500] "GET /galeria/galeria/jquery.fancybox.js?v=2.1.5 HTTP/1.1" 200 48706
200.119.125.218 - - [07/Aug/2020:11:32:39 -0500] "POST /sipse/faces/presentacion/financiero/solicitudProceso/listarSolicitudProceso.xhtml HTTP/1.1" 200 7283
190.24.57.218 - - [07/Aug/2020:11:32:39 -0500] "GET /sipse/faces/faces/autenticacion.xhtml HTTP/1.1" 200 12501
190.24.57.218 - - [07/Aug/2020:11:32:40 -0500] "GET /sipse/js/disable_browser_buttons.js HTTP/1.1" 200 3230
190.24.57.218 - - [07/Aug/2020:11:32:40 -0500] "GET /sipse/css/custom_css_sg.css HTTP/1.1" 200 9694
190.24.57.218 - - [07/Aug/2020:11:32:40 -0500] "GET /sipse/css/custom_css_sg_prime_login.css HTTP/1.1" 200 443
190.24.57.218 - - [07/Aug/2020:11:32:40 -0500] "GET /sipse/faces/javax.faces.resource/layout/layout.css;jsessionid=AqEZcjVctyVDpwBZZAdRXIPz.undefined?ln=primefaces&v=4.0 HTTP/1.1" 200 542
190.24.57.218 - - [07/Aug/2020:11:32:40 -0500] "GET /sipse/js/funciones.js HTTP/1.1" 200 12592
161.10.30.205 - - [07/Aug/2020:11:32:40 -0500] "POST /sipse/faces/presentacion/financiero/solicitudProceso/consultarSolicitudProceso.xhtml HTTP/1.1" 200 37367
161.10.30.205 - - [07/Aug/2020:11:32:41 -0500] "GET /sipse/faces/javax.faces.resource/theme.css?ln=primefaces-sipse HTTP/1.1" 304 -
161.10.30.205 - - [07/Aug/2020:11:32:41 -0500] "GET /sipse/faces/javax.faces.resource/jquery/jquery.js?ln=primefaces&v=4.0 HTTP/1.1" 304 -
161.10.30.205 - - [07/Aug/2020:11:32:41 -0500] "GET /sipse/faces/javax.faces.resource/primefaces.css?ln=primefaces&v=4.0 HTTP/1.1" 304 -
161.10.30.205 - - [07/Aug/2020:11:32:41 -0500] "GET /sipse/faces/javax.faces.resource/layout/layout.css?ln=primefaces&v=4.0 HTTP/1.1" 304 -
190.24.57.218 - - [07/Aug/2020:11:32:40 -0500] "GET /sipse/faces/javax.faces.resource/layout/layout.js;jsessionid=AqEZcjVctyVDpwBZZAdRXIPz.undefined?ln=primefaces&v=4.0 HTTP/1.1" 200 87560
190.24.57.218 - - [07/Aug/2020:11:32:40 -0500] "GET /sipse/faces/javax.faces.resource/primefaces.css;jsessionid=AqEZcjVctyVDpwBZZAdRXIPz.undefined?ln=primefaces&v=4.0 HTTP/1.1" 200 53295
161.10.30.205 - - [07/Aug/2020:11:32:41 -0500] "GET /sipse/faces/javax.faces.resource/jquery/jquery-plugins.js?ln=primefaces&v=4.0 HTTP/1.1" 304 -
161.10.30.205 - - [07/Aug/2020:11:32:41 -0500] "GET /sipse/css/imagen/contrasena.png HTTP/1.1" 404 383
161.10.30.205 - - [07/Aug/2020:11:32:41 -0500] "GET /sipse/faces/javax.faces.resource/primefaces.js?ln=primefaces&v=4.0 HTTP/1.1" 304 -
161.10.30.205 - - [07/Aug/2020:11:32:41 -0500] "GET /sipse/faces/javax.faces.resource/layout/layout.js?ln=primefaces&v=4.0 HTTP/1.1" 304 -
190.24.57.218 - - [07/Aug/2020:11:32:40 -0500] "GET /sipse/faces/javax.faces.resource/theme.css?ln=primefaces-sipse HTTP/1.1" 200 50058
190.24.57.218 - - [07/Aug/2020:11:32:40 -0500] "GET /sipse/faces/javax.faces.resource/jquery/jquery.js;jsessionid=AqEZcjVctyVDpwBZZAdRXIPz.undefined?ln=primefaces&v=4.0 HTTP/1.1" 200 105384
161.10.30.205 - - [07/Aug/2020:11:32:41 -0500] "POST /sipse/faces/presentacion/financiero/solicitudProceso/listarSolicitudProceso.xhtml HTTP/1.1" 200 30628
161.10.30.205 - - [07/Aug/2020:11:32:41 -0500] "POST /sipse/faces/presentacion/financiero/solicitudProceso/listarSolicitudProceso.xhtml HTTP/1.1" 200 30628
161.10.30.205 - - [07/Aug/2020:11:32:41 -0500] "POST /sipse/faces/presentacion/financiero/solicitudProceso/listarSolicitudProceso.xhtml HTTP/1.1" 200 30628
161.10.30.205 - - [07/Aug/2020:11:32:42 -0500] "POST /sipse/faces/presentacion/financiero/solicitudProceso/listarSolicitudProceso.xhtml HTTP/1.1" 200 30628
161.10.30.205 - - [07/Aug/2020:11:32:42 -0500] "POST /sipse/faces/presentacion/financiero/solicitudProceso/listarSolicitudProceso.xhtml HTTP/1.1" 200 30628
161.10.30.205 - - [07/Aug/2020:11:32:42 -0500] "POST /sipse/faces/presentacion/financiero/solicitudProceso/listarSolicitudProceso.xhtml HTTP/1.1" 200 30628
161.10.30.205 - - [07/Aug/2020:11:32:42 -0500] "POST /sipse/faces/presentacion/financiero/solicitudProceso/listarSolicitudProceso.xhtml HTTP/1.1" 200 1340
190.24.57.218 - - [07/Aug/2020:11:32:40 -0500] "GET /sipse/faces/javax.faces.resource/jquery/jquery-plugins.js;jsessionid=AqEZcjVctyVDpwBZZAdRXIPz.undefined?ln=primefaces&v=4.0 HTTP/1.1" 200 220526
161.10.30.205 - - [07/Aug/2020:11:32:42 -0500] "POST /sipse/faces/presentacion/financiero/solicitudProceso/listarSolicitudProceso.xhtml HTTP/1.1" 200 1340
190.24.57.218 - - [07/Aug/2020:11:32:40 -0500] "GET /sipse/faces/javax.faces.resource/primefaces.js;jsessionid=AqEZcjVctyVDpwBZZAdRXIPz.undefined?ln=primefaces&v=4.0 HTTP/1.1" 200 276924
161.10.30.205 - - [07/Aug/2020:11:32:43 -0500] "POST /sipse/faces/presentacion/financiero/solicitudProceso/listarSolicitudProceso.xhtml HTTP/1.1" 200 1344
161.10.30.205 - - [07/Aug/2020:11:32:43 -0500] "POST /sipse/faces/presentacion/financiero/solicitudProceso/listarSolicitudProceso.xhtml HTTP/1.1" 200 1344
190.24.57.218 - - [07/Aug/2020:11:32:43 -0500] "GET /sipse/faces/javax.faces.resource/images/ui-icons_898989_256x240.png?ln=primefaces-aristo HTTP/1.1" 200 5355
161.10.30.205 - - [07/Aug/2020:11:32:43 -0500] "POST /sipse/faces/presentacion/financiero/solicitudProceso/listarSolicitudProceso.xhtml HTTP/1.1" 200 1344
161.10.30.205 - - [07/Aug/2020:11:32:43 -0500] "POST /sipse/faces/presentacion/financiero/solicitudProceso/listarSolicitudProceso.xhtml HTTP/1.1" 200 1340
161.10.30.205 - - [07/Aug/2020:11:32:43 -0500] "POST /sipse/faces/presentacion/financiero/solicitudProceso/listarSolicitudProceso.xhtml HTTP/1.1" 200 1340
190.24.57.218 - - [07/Aug/2020:11:32:43 -0500] "GET /favicon.ico HTTP/1.1" 200 7782
190.24.57.218 - - [07/Aug/2020:11:32:43 -0500] "GET /sipse/css/imagen/logoSDG.png HTTP/1.1" 200 53064
190.24.57.218 - - [07/Aug/2020:11:32:43 -0500] "GET /sipse/css/imagen/loginimg.png HTTP/1.1" 200 71635
190.24.57.218 - - [07/Aug/2020:11:32:44 -0500] "GET /sipse/faces/faces/index.xhtml HTTP/1.1" 200 677
190.24.57.218 - - [07/Aug/2020:11:32:44 -0500] "GET /sipse/faces/javax.faces.resource/theme.css?ln=primefaces-sipse HTTP/1.1" 304 -
190.24.57.218 - - [07/Aug/2020:11:32:45 -0500] "GET /sipse/faces/faces/faces/autenticacion.xhtml HTTP/1.1" 200 12179
190.24.57.218 - - [07/Aug/2020:11:32:45 -0500] "GET /sipse/faces/javax.faces.resource/theme.css?ln=primefaces-sipse HTTP/1.1" 304 -
190.24.57.218 - - [07/Aug/2020:11:32:45 -0500] "GET /sipse/faces/javax.faces.resource/layout/layout.css?ln=primefaces&v=4.0 HTTP/1.1" 200 542
190.24.57.218 - - [07/Aug/2020:11:32:45 -0500] "GET /sipse/faces/javax.faces.resource/jquery/jquery.js?ln=primefaces&v=4.0 HTTP/1.1" 304 -
161.10.30.205 - - [07/Aug/2020:11:32:45 -0500] "POST /sipse/faces/presentacion/financiero/solicitudProceso/listarSolicitudProceso.xhtml HTTP/1.1" 200 4875
190.24.57.218 - - [07/Aug/2020:11:32:45 -0500] "GET /sipse/faces/javax.faces.resource/jquery/jquery-plugins.js?ln=primefaces&v=4.0 HTTP/1.1" 304 -
190.24.57.218 - - [07/Aug/2020:11:32:45 -0500] "GET /sipse/faces/javax.faces.resource/primefaces.js?ln=primefaces&v=4.0 HTTP/1.1" 304 -
190.24.57.218 - - [07/Aug/2020:11:32:45 -0500] "GET /sipse/faces/javax.faces.resource/layout/layout.js?ln=primefaces&v=4.0 HTTP/1.1" 304 -
190.24.57.218 - - [07/Aug/2020:11:32:45 -0500] "GET /sipse/faces/javax.faces.resource/primefaces.css?ln=primefaces&v=4.0 HTTP/1.1" 200 53295
190.24.57.218 - - [07/Aug/2020:11:32:46 -0500] "GET /sipse/faces/javax.faces.resource/images/ui-icons_898989_256x240.png?ln=primefaces-aristo HTTP/1.1" 304 -
190.24.57.218 - - [07/Aug/2020:11:32:48 -0500] "POST /sipse/faces/autenticacion.xhtml HTTP/1.1" 200 2222
190.24.57.218 - - [07/Aug/2020:11:32:49 -0500] "GET /sipse/faces/javax.faces.resource/messages/messages.png?ln=primefaces&v=4.0 HTTP/1.1" 200 27209
161.10.30.205 - - [07/Aug/2020:11:32:48 -0500] "POST /sipse/faces/presentacion/financiero/solicitudProceso/listarSolicitudProceso.xhtml HTTP/1.1" 200 152091
161.10.30.205 - - [07/Aug/2020:11:32:49 -0500] "GET /sipse/faces/javax.faces.resource/theme.css?ln=primefaces-sipse HTTP/1.1" 304 -
161.10.30.205 - - [07/Aug/2020:11:32:49 -0500] "GET /sipse/faces/javax.faces.resource/primefaces.css?ln=primefaces&v=4.0 HTTP/1.1" 304 -
161.10.30.205 - - [07/Aug/2020:11:32:49 -0500] "GET /sipse/faces/javax.faces.resource/layout/layout.css?ln=primefaces&v=4.0 HTTP/1.1" 304 -
161.10.30.205 - - [07/Aug/2020:11:32:49 -0500] "GET /sipse/css/imagen/contrasena.png HTTP/1.1" 404 383
161.10.30.205 - - [07/Aug/2020:11:32:49 -0500] "GET /sipse/faces/javax.faces.resource/jquery/jquery.js?ln=primefaces&v=4.0 HTTP/1.1" 304 -
161.10.30.205 - - [07/Aug/2020:11:32:49 -0500] "GET /sipse/faces/javax.faces.resource/jquery/jquery-plugins.js?ln=primefaces&v=4.0 HTTP/1.1" 304 -
161.10.30.205 - - [07/Aug/2020:11:32:49 -0500] "GET /sipse/faces/javax.faces.resource/primefaces.js?ln=primefaces&v=4.0 HTTP/1.1" 304 -
161.10.30.205 - - [07/Aug/2020:11:32:49 -0500] "GET /sipse/faces/javax.faces.resource/layout/layout.js?ln=primefaces&v=4.0 HTTP/1.1" 304 -
179.18.25.75 - - [07/Aug/2020:11:32:50 -0500] "POST /sipse/faces/presentacion/financiero/solicitudProceso/listarSolicitudProceso.xhtml HTTP/1.1" 200 7163
190.27.245.107 - - [07/Aug/2020:11:32:49 -0500] "GET /reportes_sipse/sdg/ServletReporte?reporte=experienia_idoneidad&solicitud=10192&pfdrid_c=false HTTP/1.1" 200 229908
190.24.57.218 - - [07/Aug/2020:11:32:59 -0500] "POST /sipse/faces/autenticacion.xhtml HTTP/1.1" 200 16013
190.24.57.218 - - [07/Aug/2020:11:32:59 -0500] "GET /sipse/css/custom_css_sg_prime.css HTTP/1.1" 200 5201
190.24.57.218 - - [07/Aug/2020:11:32:59 -0500] "GET /sipse/js/jquery.min.js HTTP/1.1" 200 85582
190.24.57.218 - - [07/Aug/2020:11:33:00 -0500] "GET /sipse/faces/javax.faces.resource/jquery/jquery.js?ln=primefaces&v=4.0 HTTP/1.1" 304 -
190.24.57.218 - - [07/Aug/2020:11:33:00 -0500] "GET /sipse/faces/javax.faces.resource/jquery/jquery-plugins.js?ln=primefaces&v=4.0 HTTP/1.1" 304 -
190.24.57.218 - - [07/Aug/2020:11:33:01 -0500] "GET /sipse/faces/javax.faces.resource/primefaces.js?ln=primefaces&v=4.0 HTTP/1.1" 304 -
190.24.57.218 - - [07/Aug/2020:11:33:01 -0500] "GET /sipse/faces/javax.faces.resource/layout/layout.js?ln=primefaces&v=4.0 HTTP/1.1" 304 -
190.24.57.218 - - [07/Aug/2020:11:33:01 -0500] "GET /sipse/css/imagen/contrasena.png HTTP/1.1" 404 383
190.24.57.218 - - [07/Aug/2020:11:33:01 -0500] "GET /sipse/imagenes/cargando.gif HTTP/1.1" 200 36959
190.24.57.218 - - [07/Aug/2020:11:33:01 -0500] "GET /sipse/imagenes/logoAplicacion.jpg HTTP/1.1" 200 155084
201.245.192.253 - - [07/Aug/2020:11:32:32 -0500] "POST /kwsrmcab/Wsrmcab HTTP/1.1" 200 30460
201.245.192.253 - - [07/Aug/2020:11:33:03 -0500] "GET /kwsrmcab/Wsrmcab?wsdl HTTP/1.1" 200 5118
190.24.57.218 - - [07/Aug/2020:11:33:06 -0500] "GET /sipse/faces/javax.faces.resource/images/ui-bg_flat_0_2d5972_40x100.png?ln=primefaces-aristo HTTP/1.1" 200 183
190.24.57.218 - - [07/Aug/2020:11:33:06 -0500] "POST /sipse/faces/bienvenido.xhtml HTTP/1.1" 200 2658
161.10.30.205 - - [07/Aug/2020:11:33:05 -0500] "POST /sipse/faces/presentacion/financiero/solicitudProceso/consultarSolicitudProceso.xhtml HTTP/1.1" 200 80383
190.24.57.218 - - [07/Aug/2020:11:33:07 -0500] "POST /sipse/faces/bienvenido.xhtml HTTP/1.1" 200 2073
161.10.30.205 - - [07/Aug/2020:11:33:09 -0500] "POST /sipse/faces/presentacion/financiero/solicitudProceso/consultarSolicitudProceso.xhtml HTTP/1.1" 200 5569
161.10.30.205 - - [07/Aug/2020:11:33:09 -0500] "GET /sipse/faces/javax.faces.resource/dynamiccontent.properties?ln=primefaces&pfdrid=XjOR5%2F%2FfPAZAuY9TpWQeCiM0BhlXxYRBGKi%2FQcXXfeA%3D&pfdrid_c=false HTTP/1.1" 200 126416
190.24.57.218 - - [07/Aug/2020:11:33:09 -0500] "POST /sipse/faces/bienvenido.xhtml HTTP/1.1" 200 40497
190.24.57.218 - - [07/Aug/2020:11:33:10 -0500] "GET /sipse/faces/javax.faces.resource/jquery/jquery.js?ln=primefaces&v=4.0 HTTP/1.1" 304 -
190.24.57.218 - - [07/Aug/2020:11:33:10 -0500] "GET /sipse/faces/javax.faces.resource/jquery/jquery-plugins.js?ln=primefaces&v=4.0 HTTP/1.1" 304 -
190.24.57.218 - - [07/Aug/2020:11:33:10 -0500] "GET /sipse/faces/javax.faces.resource/primefaces.js?ln=primefaces&v=4.0 HTTP/1.1" 304 -
190.24.57.218 - - [07/Aug/2020:11:33:11 -0500] "GET /sipse/faces/javax.faces.resource/layout/layout.js?ln=primefaces&v=4.0 HTTP/1.1" 304 -
201.221.165.176 - - [07/Aug/2020:11:33:14 -0500] "POST /sipse/faces/presentacion/financiero/solicitudProceso/consultarSolicitudProceso.xhtml HTTP/1.1" 200 1155105
190.24.57.218 - - [07/Aug/2020:11:33:18 -0500] "POST /sipse/faces/presentacion/financiero/solicitudProceso/consultar.xhtml HTTP/1.1" 200 13025
181.61.75.10 - - [07/Aug/2020:11:33:18 -0500] "POST /sipse/faces/presentacion/financiero/solicitudProceso/listarSolicitudProceso.xhtml HTTP/1.1" 200 30179
200.119.125.218 - - [07/Aug/2020:11:33:19 -0500] "POST /sipse/faces/presentacion/financiero/solicitudProceso/listarSolicitudProceso.xhtml HTTP/1.1" 200 7227
181.36.194.76 - - [07/Aug/2020:11:33:23 -0500] "GET /BLA/boletinlegal/js/jquery.scrollShow.js HTTP/1.1" 200 4586
181.36.194.76 - - [07/Aug/2020:11:33:23 -0500] "GET /galeria/galeria/jquery.fancybox.css?v=2.1.5 HTTP/1.1" 200 4895
181.36.194.76 - - [07/Aug/2020:11:33:23 -0500] "GET /galeria/galeria/jquery.fancybox.js?v=2.1.5 HTTP/1.1" 200 48706
179.18.25.75 - - [07/Aug/2020:11:33:24 -0500] "POST /sipse/faces/presentacion/financiero/solicitudProceso/listarSolicitudProceso.xhtml HTTP/1.1" 200 7180
201.221.165.176 - - [07/Aug/2020:11:33:25 -0500] "POST /sipse/faces/presentacion/financiero/solicitudProceso/consultarSolicitudProceso.xhtml HTTP/1.1" 200 5506
200.119.125.218 - - [07/Aug/2020:11:33:25 -0500] "POST /sipse/faces/presentacion/financiero/solicitudProceso/listarSolicitudProceso.xhtml HTTP/1.1" 200 142969
200.119.125.218 - - [07/Aug/2020:11:33:26 -0500] "GET /sipse/faces/javax.faces.resource/jquery/jquery.js?ln=primefaces&v=4.0 HTTP/1.1" 304 -
200.119.125.218 - - [07/Aug/2020:11:33:26 -0500] "GET /sipse/faces/javax.faces.resource/jquery/jquery-plugins.js?ln=primefaces&v=4.0 HTTP/1.1" 304 -
200.119.125.218 - - [07/Aug/2020:11:33:26 -0500] "GET /sipse/faces/javax.faces.resource/primefaces.js?ln=primefaces&v=4.0 HTTP/1.1" 304 -
190.27.245.107 - - [07/Aug/2020:11:33:25 -0500] "GET /reportes_sipse/sdg/ServletReporte?reporte=experienia_idoneidad&solicitud=10515&pfdrid_c=false HTTP/1.1" 200 111976
200.119.125.218 - - [07/Aug/2020:11:33:26 -0500] "GET /sipse/faces/javax.faces.resource/layout/layout.js?ln=primefaces&v=4.0 HTTP/1.1" 304 -
190.27.245.107 - - [07/Aug/2020:11:33:26 -0500] "GET /reportes_sipse/sdg/ServletReporte?reporte=experienia_idoneidad&solicitud=10515&pfdrid_c=false HTTP/1.1" 200 111976
66.249.79.107 - - [07/Aug/2020:11:33:28 -0500] "-" 408 -
201.245.192.253 - - [07/Aug/2020:11:33:03 -0500] "POST /kwsrmcab/Wsrmcab HTTP/1.1" 200 30603
200.119.125.218 - - [07/Aug/2020:11:33:38 -0500] "POST /sipse/faces/presentacion/financiero/solicitudProceso/consultarSolicitudProceso.xhtml HTTP/1.1" 200 36103
200.119.125.218 - - [07/Aug/2020:11:33:38 -0500] "GET /sipse/css/custom_css_sg.css HTTP/1.1" 304 -
200.119.125.218 - - [07/Aug/2020:11:33:38 -0500] "GET /sipse/css/custom_css_sg_prime.css HTTP/1.1" 304 -
200.119.125.218 - - [07/Aug/2020:11:33:38 -0500] "GET /sipse/faces/javax.faces.resource/theme.css?ln=primefaces-sipse HTTP/1.1" 304 -
200.119.125.218 - - [07/Aug/2020:11:33:38 -0500] "GET /sipse/faces/javax.faces.resource/jquery/jquery-plugins.js?ln=primefaces&v=4.0 HTTP/1.1" 304 -
200.119.125.218 - - [07/Aug/2020:11:33:38 -0500] "GET /sipse/faces/javax.faces.resource/jquery/jquery.js?ln=primefaces&v=4.0 HTTP/1.1" 304 -
200.119.125.218 - - [07/Aug/2020:11:33:38 -0500] "GET /sipse/faces/javax.faces.resource/layout/layout.css?ln=primefaces&v=4.0 HTTP/1.1" 304 -
200.119.125.218 - - [07/Aug/2020:11:33:38 -0500] "GET /sipse/faces/javax.faces.resource/primefaces.css?ln=primefaces&v=4.0 HTTP/1.1" 304 -
200.119.125.218 - - [07/Aug/2020:11:33:38 -0500] "GET /sipse/faces/javax.faces.resource/primefaces.js?ln=primefaces&v=4.0 HTTP/1.1" 304 -
200.119.125.218 - - [07/Aug/2020:11:33:38 -0500] "GET /sipse/faces/javax.faces.resource/layout/layout.js?ln=primefaces&v=4.0 HTTP/1.1" 304 -
200.119.125.218 - - [07/Aug/2020:11:33:38 -0500] "GET /sipse/imagenes/cargando.gif HTTP/1.1" 304 -
200.119.125.218 - - [07/Aug/2020:11:33:39 -0500] "GET /sipse/css/imagen/logoSDG.png HTTP/1.1" 304 -
200.119.125.218 - - [07/Aug/2020:11:33:39 -0500] "GET /sipse/faces/javax.faces.resource/images/ui-icons_898989_256x240.png?ln=primefaces-aristo HTTP/1.1" 304 -
200.119.125.218 - - [07/Aug/2020:11:33:39 -0500] "GET /sipse/css/imagen/contrasena.png HTTP/1.1" 404 383
179.18.25.75 - - [07/Aug/2020:11:33:42 -0500] "POST /sipse/faces/presentacion/financiero/solicitudProceso/listarSolicitudProceso.xhtml HTTP/1.1" 200 7315
181.50.168.148 - - [07/Aug/2020:11:33:45 -0500] "GET /galeria/galeria/jquery.fancybox.css?v=2.1.5 HTTP/1.1" 200 4895
181.50.168.148 - - [07/Aug/2020:11:33:46 -0500] "GET /BLA/boletinlegal/js/jquery.scrollShow.js HTTP/1.1" 200 4586
181.50.168.148 - - [07/Aug/2020:11:33:46 -0500] "GET /galeria/galeria/jquery.fancybox.js?v=2.1.5 HTTP/1.1" 200 48706
190.24.57.218 - - [07/Aug/2020:11:33:52 -0500] "POST /sipse/faces/presentacion/financiero/solicitudProceso/consultar.xhtml HTTP/1.1" 200 12869
179.18.25.75 - - [07/Aug/2020:11:33:54 -0500] "POST /sipse/faces/presentacion/financiero/solicitudProceso/listarSolicitudProceso.xhtml HTTP/1.1" 200 7316
190.24.57.218 - - [07/Aug/2020:11:34:05 -0500] "POST /sipse/faces/presentacion/financiero/solicitudProceso/consultar.xhtml HTTP/1.1" 200 13041
201.221.165.176 - - [07/Aug/2020:11:33:59 -0500] "POST /sipse/faces/presentacion/financiero/solicitudProceso/consultarSolicitudProceso.xhtml HTTP/1.1" 200 8803540
190.27.245.107 - - [07/Aug/2020:11:34:07 -0500] "GET /sipse/faces/faces/autenticacion.xhtml HTTP/1.1" 200 12501
190.27.245.107 - - [07/Aug/2020:11:34:07 -0500] "GET /sipse/js/disable_browser_buttons.js HTTP/1.1" 200 3230
190.27.245.107 - - [07/Aug/2020:11:34:07 -0500] "GET /sipse/js/funciones.js HTTP/1.1" 200 12592
190.27.245.107 - - [07/Aug/2020:11:34:07 -0500] "GET /sipse/css/custom_css_sg.css HTTP/1.1" 200 9694
190.27.245.107 - - [07/Aug/2020:11:34:07 -0500] "GET /sipse/css/custom_css_sg_prime_login.css HTTP/1.1" 200 443
190.27.245.107 - - [07/Aug/2020:11:34:07 -0500] "GET /sipse/faces/javax.faces.resource/theme.css?ln=primefaces-sipse HTTP/1.1" 304 -
190.27.245.107 - - [07/Aug/2020:11:34:07 -0500] "GET /sipse/faces/javax.faces.resource/primefaces.css;jsessionid=FCKUXfJnQO1BfI-pOTymXHel.undefined?ln=primefaces&v=4.0 HTTP/1.1" 200 53295
190.27.245.107 - - [07/Aug/2020:11:34:07 -0500] "GET /sipse/faces/javax.faces.resource/layout/layout.css;jsessionid=FCKUXfJnQO1BfI-pOTymXHel.undefined?ln=primefaces&v=4.0 HTTP/1.1" 200 542
190.27.245.107 - - [07/Aug/2020:11:34:07 -0500] "GET /sipse/faces/javax.faces.resource/jquery/jquery.js;jsessionid=FCKUXfJnQO1BfI-pOTymXHel.undefined?ln=primefaces&v=4.0 HTTP/1.1" 200 105384
190.27.245.107 - - [07/Aug/2020:11:34:07 -0500] "GET /sipse/faces/javax.faces.resource/layout/layout.js;jsessionid=FCKUXfJnQO1BfI-pOTymXHel.undefined?ln=primefaces&v=4.0 HTTP/1.1" 200 87560
190.27.245.107 - - [07/Aug/2020:11:34:07 -0500] "GET /sipse/faces/javax.faces.resource/jquery/jquery-plugins.js;jsessionid=FCKUXfJnQO1BfI-pOTymXHel.undefined?ln=primefaces&v=4.0 HTTP/1.1" 200 220526
190.27.245.107 - - [07/Aug/2020:11:34:07 -0500] "GET /sipse/faces/javax.faces.resource/primefaces.js;jsessionid=FCKUXfJnQO1BfI-pOTymXHel.undefined?ln=primefaces&v=4.0 HTTP/1.1" 200 276924
190.27.245.107 - - [07/Aug/2020:11:34:08 -0500] "GET /sipse/faces/javax.faces.resource/images/ui-icons_898989_256x240.png?ln=primefaces-aristo HTTP/1.1" 200 5355
190.27.245.107 - - [07/Aug/2020:11:34:08 -0500] "GET /sipse/css/imagen/logoSDG.png HTTP/1.1" 200 53064
190.27.245.107 - - [07/Aug/2020:11:34:08 -0500] "GET /sipse/css/imagen/loginimg.png HTTP/1.1" 200 71635
190.27.245.107 - - [07/Aug/2020:11:34:08 -0500] "GET /sipse/faces/faces/index.xhtml HTTP/1.1" 200 677
190.27.245.107 - - [07/Aug/2020:11:34:08 -0500] "GET /sipse/faces/javax.faces.resource/theme.css?ln=primefaces-sipse HTTP/1.1" 304 -
190.27.245.107 - - [07/Aug/2020:11:34:08 -0500] "GET /sipse/faces/faces/faces/autenticacion.xhtml HTTP/1.1" 200 12179
190.27.245.107 - - [07/Aug/2020:11:34:08 -0500] "GET /sipse/faces/javax.faces.resource/theme.css?ln=primefaces-sipse HTTP/1.1" 304 -
190.27.245.107 - - [07/Aug/2020:11:34:08 -0500] "GET /sipse/faces/javax.faces.resource/layout/layout.css?ln=primefaces&v=4.0 HTTP/1.1" 200 542
190.27.245.107 - - [07/Aug/2020:11:34:08 -0500] "GET /sipse/faces/javax.faces.resource/jquery/jquery.js?ln=primefaces&v=4.0 HTTP/1.1" 304 -
190.27.245.107 - - [07/Aug/2020:11:34:08 -0500] "GET /sipse/faces/javax.faces.resource/primefaces.js?ln=primefaces&v=4.0 HTTP/1.1" 304 -
190.27.245.107 - - [07/Aug/2020:11:34:08 -0500] "GET /sipse/faces/javax.faces.resource/jquery/jquery-plugins.js?ln=primefaces&v=4.0 HTTP/1.1" 304 -
190.27.245.107 - - [07/Aug/2020:11:34:08 -0500] "GET /sipse/faces/javax.faces.resource/primefaces.css?ln=primefaces&v=4.0 HTTP/1.1" 200 53295
190.27.245.107 - - [07/Aug/2020:11:34:08 -0500] "GET /sipse/faces/javax.faces.resource/layout/layout.js?ln=primefaces&v=4.0 HTTP/1.1" 304 -
190.27.245.107 - - [07/Aug/2020:11:34:08 -0500] "GET /sipse/faces/javax.faces.resource/images/ui-icons_898989_256x240.png?ln=primefaces-aristo HTTP/1.1" 304 -
190.24.57.218 - - [07/Aug/2020:11:34:16 -0500] "POST /sipse/faces/presentacion/financiero/solicitudProceso/consultar.xhtml HTTP/1.1" 200 12967
69.162.124.227 - - [07/Aug/2020:11:34:17 -0500] "HEAD / HTTP/1.1" 200 -
200.119.125.218 - - [07/Aug/2020:11:34:18 -0500] "GET /sipse/faces/javax.faces.resource/layout/layout.css?ln=primefaces&v=4.0 HTTP/1.1" 304 -
200.119.125.218 - - [07/Aug/2020:11:34:18 -0500] "GET /sipse/faces/javax.faces.resource/theme.css?ln=primefaces-sipse HTTP/1.1" 304 -
200.119.125.218 - - [07/Aug/2020:11:34:18 -0500] "GET /sipse/faces/javax.faces.resource/primefaces.css?ln=primefaces&v=4.0 HTTP/1.1" 304 -
200.119.125.218 - - [07/Aug/2020:11:34:18 -0500] "GET /sipse/faces/javax.faces.resource/jquery/jquery.js?ln=primefaces&v=4.0 HTTP/1.1" 304 -
200.119.125.218 - - [07/Aug/2020:11:34:18 -0500] "GET /sipse/faces/javax.faces.resource/jquery/jquery-plugins.js?ln=primefaces&v=4.0 HTTP/1.1" 304 -
200.119.125.218 - - [07/Aug/2020:11:34:18 -0500] "GET /sipse/faces/javax.faces.resource/primefaces.js?ln=primefaces&v=4.0 HTTP/1.1" 304 -
200.119.125.218 - - [07/Aug/2020:11:34:18 -0500] "GET /sipse/faces/javax.faces.resource/layout/layout.js?ln=primefaces&v=4.0 HTTP/1.1" 304 -
200.119.125.218 - - [07/Aug/2020:11:34:17 -0500] "POST /sipse/faces/presentacion/financiero/solicitudProceso/consultarHistorialSolProceso.xhtml HTTP/1.1" 200 190356
200.119.125.218 - - [07/Aug/2020:11:34:18 -0500] "GET /sipse/faces/javax.faces.resource/images/ui-icons_898989_256x240.png?ln=primefaces-aristo HTTP/1.1" 304 -
190.27.99.202 - - [07/Aug/2020:11:34:19 -0500] "GET /sipse/faces/autenticacion.xhtml HTTP/1.1" 200 12501
190.27.99.202 - - [07/Aug/2020:11:34:19 -0500] "GET /sipse/js/disable_browser_buttons.js HTTP/1.1" 200 3230
190.27.99.202 - - [07/Aug/2020:11:34:19 -0500] "GET /sipse/css/custom_css_sg.css HTTP/1.1" 200 9694
190.27.99.202 - - [07/Aug/2020:11:34:19 -0500] "GET /sipse/faces/javax.faces.resource/theme.css?ln=primefaces-sipse HTTP/1.1" 304 -
190.27.99.202 - - [07/Aug/2020:11:34:19 -0500] "GET /sipse/css/custom_css_sg_prime_login.css HTTP/1.1" 200 443
190.27.99.202 - - [07/Aug/2020:11:34:19 -0500] "GET /sipse/faces/javax.faces.resource/layout/layout.css;jsessionid=rYUva5uXyLVjWCaOaR1996ui.undefined?ln=primefaces&v=4.0 HTTP/1.1" 200 542
190.27.99.202 - - [07/Aug/2020:11:34:19 -0500] "GET /sipse/js/funciones.js HTTP/1.1" 200 12592
190.27.99.202 - - [07/Aug/2020:11:34:19 -0500] "GET /sipse/faces/javax.faces.resource/primefaces.css;jsessionid=rYUva5uXyLVjWCaOaR1996ui.undefined?ln=primefaces&v=4.0 HTTP/1.1" 200 53295
190.27.99.202 - - [07/Aug/2020:11:34:19 -0500] "GET /sipse/faces/javax.faces.resource/layout/layout.js;jsessionid=rYUva5uXyLVjWCaOaR1996ui.undefined?ln=primefaces&v=4.0 HTTP/1.1" 200 87560
190.27.99.202 - - [07/Aug/2020:11:34:19 -0500] "GET /sipse/faces/javax.faces.resource/jquery/jquery-plugins.js;jsessionid=rYUva5uXyLVjWCaOaR1996ui.undefined?ln=primefaces&v=4.0 HTTP/1.1" 200 220526
190.27.245.107 - - [07/Aug/2020:11:34:18 -0500] "GET /reportes_sipse/sdg/ServletReporte?reporte=experienia_idoneidad&solicitud=10515&pfdrid_c=false HTTP/1.1" 200 111976
190.27.99.202 - - [07/Aug/2020:11:34:19 -0500] "GET /sipse/faces/javax.faces.resource/jquery/jquery.js;jsessionid=rYUva5uXyLVjWCaOaR1996ui.undefined?ln=primefaces&v=4.0 HTTP/1.1" 200 105384
190.27.99.202 - - [07/Aug/2020:11:34:19 -0500] "GET /sipse/faces/javax.faces.resource/primefaces.js;jsessionid=rYUva5uXyLVjWCaOaR1996ui.undefined?ln=primefaces&v=4.0 HTTP/1.1" 200 276924
190.27.99.202 - - [07/Aug/2020:11:34:19 -0500] "GET /sipse/faces/javax.faces.resource/images/ui-icons_898989_256x240.png?ln=primefaces-aristo HTTP/1.1" 200 5355
190.27.99.202 - - [07/Aug/2020:11:34:19 -0500] "GET /sipse/css/imagen/logoSDG.png HTTP/1.1" 200 53064
190.27.99.202 - - [07/Aug/2020:11:34:19 -0500] "GET /sipse/css/imagen/loginimg.png HTTP/1.1" 200 71635
190.27.99.202 - - [07/Aug/2020:11:34:19 -0500] "GET /favicon.ico HTTP/1.1" 200 7782
190.27.99.202 - - [07/Aug/2020:11:34:19 -0500] "GET /sipse/faces/index.xhtml HTTP/1.1" 200 677
190.27.99.202 - - [07/Aug/2020:11:34:19 -0500] "GET /sipse/faces/javax.faces.resource/theme.css?ln=primefaces-sipse HTTP/1.1" 304 -
161.10.30.205 - - [07/Aug/2020:11:34:19 -0500] "POST /sipse/faces/presentacion/financiero/solicitudProceso/consultarSolicitudProceso.xhtml HTTP/1.1" 200 5558
190.27.99.202 - - [07/Aug/2020:11:34:20 -0500] "GET /sipse/faces/faces/autenticacion.xhtml HTTP/1.1" 200 12179
190.27.99.202 - - [07/Aug/2020:11:34:20 -0500] "GET /sipse/faces/javax.faces.resource/theme.css?ln=primefaces-sipse HTTP/1.1" 304 -
190.27.99.202 - - [07/Aug/2020:11:34:20 -0500] "GET /sipse/faces/javax.faces.resource/layout/layout.css?ln=primefaces&v=4.0 HTTP/1.1" 200 542
190.27.99.202 - - [07/Aug/2020:11:34:20 -0500] "GET /sipse/faces/javax.faces.resource/jquery/jquery.js?ln=primefaces&v=4.0 HTTP/1.1" 304 -
190.27.99.202 - - [07/Aug/2020:11:34:20 -0500] "GET /sipse/faces/javax.faces.resource/jquery/jquery-plugins.js?ln=primefaces&v=4.0 HTTP/1.1" 304 -
190.27.99.202 - - [07/Aug/2020:11:34:20 -0500] "GET /sipse/faces/javax.faces.resource/primefaces.js?ln=primefaces&v=4.0 HTTP/1.1" 304 -
190.27.99.202 - - [07/Aug/2020:11:34:20 -0500] "GET /sipse/faces/javax.faces.resource/layout/layout.js?ln=primefaces&v=4.0 HTTP/1.1" 304 -
190.27.99.202 - - [07/Aug/2020:11:34:20 -0500] "GET /sipse/faces/javax.faces.resource/primefaces.css?ln=primefaces&v=4.0 HTTP/1.1" 200 53295
190.27.99.202 - - [07/Aug/2020:11:34:20 -0500] "GET /sipse/faces/javax.faces.resource/images/ui-icons_898989_256x240.png?ln=primefaces-aristo HTTP/1.1" 304 -
190.27.245.107 - - [07/Aug/2020:11:34:20 -0500] "GET /reportes_sipse/sdg/ServletReporte?reporte=experienia_idoneidad&solicitud=10444&pfdrid_c=false HTTP/1.1" 200 229521
190.27.99.202 - - [07/Aug/2020:11:34:23 -0500] "POST /sipse/faces/autenticacion.xhtml HTTP/1.1" 200 16467
190.27.99.202 - - [07/Aug/2020:11:34:23 -0500] "GET /sipse/css/custom_css_sg_prime.css HTTP/1.1" 200 5201
190.27.99.202 - - [07/Aug/2020:11:34:23 -0500] "GET /sipse/js/jquery.min.js HTTP/1.1" 200 85582
190.27.99.202 - - [07/Aug/2020:11:34:23 -0500] "GET /sipse/faces/javax.faces.resource/jquery/jquery.js?ln=primefaces&v=4.0 HTTP/1.1" 304 -
190.27.99.202 - - [07/Aug/2020:11:34:23 -0500] "GET /sipse/faces/javax.faces.resource/jquery/jquery-plugins.js?ln=primefaces&v=4.0 HTTP/1.1" 304 -
190.27.99.202 - - [07/Aug/2020:11:34:23 -0500] "GET /sipse/faces/javax.faces.resource/primefaces.js?ln=primefaces&v=4.0 HTTP/1.1" 304 -
190.27.99.202 - - [07/Aug/2020:11:34:23 -0500] "GET /sipse/faces/javax.faces.resource/layout/layout.js?ln=primefaces&v=4.0 HTTP/1.1" 304 -
190.27.99.202 - - [07/Aug/2020:11:34:23 -0500] "GET /sipse/imagenes/cargando.gif HTTP/1.1" 200 36959
190.27.99.202 - - [07/Aug/2020:11:34:23 -0500] "GET /sipse/css/imagen/contrasena.png HTTP/1.1" 404 383
190.27.99.202 - - [07/Aug/2020:11:34:23 -0500] "GET /sipse/faces/javax.faces.resource/messages/messages.png?ln=primefaces&v=4.0 HTTP/1.1" 200 27209
190.27.99.202 - - [07/Aug/2020:11:34:23 -0500] "GET /sipse/imagenes/logoAplicacion.jpg HTTP/1.1" 200 155084
200.69.81.166 - - [07/Aug/2020:11:34:25 -0500] "GET /galeria/galeria/jquery.fancybox.css?v=2.1.5 HTTP/1.1" 200 4895
200.69.81.166 - - [07/Aug/2020:11:34:25 -0500] "GET /galeria/galeria/jquery.fancybox.js?v=2.1.5 HTTP/1.1" 200 48706
200.69.81.166 - - [07/Aug/2020:11:34:25 -0500] "GET /BLA/boletinlegal/js/jquery.scrollShow.js HTTP/1.1" 200 4586
190.27.99.202 - - [07/Aug/2020:11:34:26 -0500] "GET /sipse/faces/javax.faces.resource/images/ui-bg_flat_0_2d5972_40x100.png?ln=primefaces-aristo HTTP/1.1" 200 183
190.27.99.202 - - [07/Aug/2020:11:34:26 -0500] "POST /sipse/faces/bienvenido.xhtml HTTP/1.1" 200 1471
190.27.99.202 - - [07/Aug/2020:11:34:27 -0500] "POST /sipse/faces/bienvenido.xhtml HTTP/1.1" 200 35268
190.27.99.202 - - [07/Aug/2020:11:34:27 -0500] "GET /sipse/faces/javax.faces.resource/jquery/jquery.js?ln=primefaces&v=4.0 HTTP/1.1" 304 -
190.27.99.202 - - [07/Aug/2020:11:34:27 -0500] "GET /sipse/faces/javax.faces.resource/jquery/jquery-plugins.js?ln=primefaces&v=4.0 HTTP/1.1" 304 -
190.27.99.202 - - [07/Aug/2020:11:34:27 -0500] "GET /sipse/faces/javax.faces.resource/primefaces.js?ln=primefaces&v=4.0 HTTP/1.1" 304 -
190.27.99.202 - - [07/Aug/2020:11:34:27 -0500] "GET /sipse/faces/javax.faces.resource/layout/layout.js?ln=primefaces&v=4.0 HTTP/1.1" 304 -
190.27.99.202 - - [07/Aug/2020:11:34:27 -0500] "POST /sipse/faces/presentacion/financiero/solicitudProceso/listarSolicitudProceso.xhtml HTTP/1.1" 200 1356
200.119.125.218 - - [07/Aug/2020:11:34:28 -0500] "POST /sipse/faces/presentacion/financiero/solicitudProceso/consultarSolicitudProceso.xhtml HTTP/1.1" 200 602703
2.57.122.192 - - [07/Aug/2020:11:34:36 -0500] "HEAD / HTTP/1.0" 200 -
200.118.62.181 - - [07/Aug/2020:11:34:37 -0500] "GET /galeria/galeria/jquery.fancybox.css?v=2.1.5 HTTP/1.1" 200 4895
200.118.62.181 - - [07/Aug/2020:11:34:37 -0500] "GET /galeria/galeria/jquery.fancybox.js?v=2.1.5 HTTP/1.1" 200 48706
200.118.62.181 - - [07/Aug/2020:11:34:37 -0500] "GET /galeria/galeria/fotos/mirador1P.jpg HTTP/1.1" 200 11433
200.118.62.181 - - [07/Aug/2020:11:34:37 -0500] "GET /galeria/galeria/fotos/mirador3P.jpg HTTP/1.1" 200 9765
200.118.62.181 - - [07/Aug/2020:11:34:37 -0500] "GET /galeria/galeria/fotos/mirador2P.jpg HTTP/1.1" 200 10111
200.118.62.181 - - [07/Aug/2020:11:34:37 -0500] "GET /galeria/galeria/fotos/mirador4P.jpg HTTP/1.1" 200 11757
161.10.30.205 - - [07/Aug/2020:11:35:03 -0500] "POST /sipse/faces/presentacion/financiero/solicitudProceso/consultarSolicitudProceso.xhtml HTTP/1.1" 200 37323
161.10.30.205 - - [07/Aug/2020:11:35:03 -0500] "GET /sipse/css/custom_css_sg.css HTTP/1.1" 304 -
161.10.30.205 - - [07/Aug/2020:11:35:03 -0500] "GET /sipse/js/disable_browser_buttons.js HTTP/1.1" 304 -
161.10.30.205 - - [07/Aug/2020:11:35:03 -0500] "GET /sipse/css/custom_css_sg_prime.css HTTP/1.1" 304 -
161.10.30.205 - - [07/Aug/2020:11:35:03 -0500] "GET /sipse/faces/javax.faces.resource/theme.css?ln=primefaces-sipse HTTP/1.1" 304 -
161.10.30.205 - - [07/Aug/2020:11:35:03 -0500] "GET /sipse/faces/javax.faces.resource/primefaces.css?ln=primefaces&v=4.0 HTTP/1.1" 304 -
161.10.30.205 - - [07/Aug/2020:11:35:03 -0500] "GET /sipse/faces/javax.faces.resource/layout/layout.css?ln=primefaces&v=4.0 HTTP/1.1" 304 -
161.10.30.205 - - [07/Aug/2020:11:35:03 -0500] "GET /sipse/js/jquery.min.js HTTP/1.1" 304 -
161.10.30.205 - - [07/Aug/2020:11:35:04 -0500] "GET /sipse/js/funciones.js HTTP/1.1" 304 -
161.10.30.205 - - [07/Aug/2020:11:35:04 -0500] "GET /sipse/faces/javax.faces.resource/jquery/jquery.js?ln=primefaces&v=4.0 HTTP/1.1" 304 -
161.10.30.205 - - [07/Aug/2020:11:35:04 -0500] "GET /sipse/faces/javax.faces.resource/jquery/jquery-plugins.js?ln=primefaces&v=4.0 HTTP/1.1" 304 -
190.24.57.218 - - [07/Aug/2020:11:35:04 -0500] "POST /sipse/faces/presentacion/financiero/solicitudProceso/consultar.xhtml HTTP/1.1" 200 12839
161.10.30.205 - - [07/Aug/2020:11:35:04 -0500] "GET /sipse/faces/javax.faces.resource/primefaces.js?ln=primefaces&v=4.0 HTTP/1.1" 304 -
161.10.30.205 - - [07/Aug/2020:11:35:04 -0500] "GET /sipse/faces/javax.faces.resource/layout/layout.js?ln=primefaces&v=4.0 HTTP/1.1" 304 -
161.10.30.205 - - [07/Aug/2020:11:35:04 -0500] "GET /sipse/css/imagen/contrasena.png HTTP/1.1" 404 383
161.10.30.205 - - [07/Aug/2020:11:35:04 -0500] "POST /sipse/faces/presentacion/financiero/solicitudProceso/listarSolicitudProceso.xhtml HTTP/1.1" 200 30584
161.10.30.205 - - [07/Aug/2020:11:35:04 -0500] "POST /sipse/faces/presentacion/financiero/solicitudProceso/listarSolicitudProceso.xhtml HTTP/1.1" 200 30584
161.10.30.205 - - [07/Aug/2020:11:35:04 -0500] "POST /sipse/faces/presentacion/financiero/solicitudProceso/listarSolicitudProceso.xhtml HTTP/1.1" 200 30584
161.10.30.205 - - [07/Aug/2020:11:35:05 -0500] "POST /sipse/faces/presentacion/financiero/solicitudProceso/listarSolicitudProceso.xhtml HTTP/1.1" 200 30584
161.10.30.205 - - [07/Aug/2020:11:35:05 -0500] "POST /sipse/faces/presentacion/financiero/solicitudProceso/listarSolicitudProceso.xhtml HTTP/1.1" 200 30584
161.10.30.205 - - [07/Aug/2020:11:35:05 -0500] "POST /sipse/faces/presentacion/financiero/solicitudProceso/listarSolicitudProceso.xhtml HTTP/1.1" 200 30584
161.10.30.205 - - [07/Aug/2020:11:35:05 -0500] "POST /sipse/faces/presentacion/financiero/solicitudProceso/listarSolicitudProceso.xhtml HTTP/1.1" 200 30584
161.10.30.205 - - [07/Aug/2020:11:35:06 -0500] "POST /sipse/faces/presentacion/financiero/solicitudProceso/listarSolicitudProceso.xhtml HTTP/1.1" 200 30584
161.10.30.205 - - [07/Aug/2020:11:35:06 -0500] "POST /sipse/faces/presentacion/financiero/solicitudProceso/listarSolicitudProceso.xhtml HTTP/1.1" 200 1340
161.10.30.205 - - [07/Aug/2020:11:35:06 -0500] "POST /sipse/faces/presentacion/financiero/solicitudProceso/listarSolicitudProceso.xhtml HTTP/1.1" 200 1340
161.10.30.205 - - [07/Aug/2020:11:35:06 -0500] "POST /sipse/faces/presentacion/financiero/solicitudProceso/listarSolicitudProceso.xhtml HTTP/1.1" 200 1344
161.10.30.205 - - [07/Aug/2020:11:35:06 -0500] "POST /sipse/faces/presentacion/financiero/solicitudProceso/listarSolicitudProceso.xhtml HTTP/1.1" 200 1344
161.10.30.205 - - [07/Aug/2020:11:35:06 -0500] "POST /sipse/faces/presentacion/financiero/solicitudProceso/listarSolicitudProceso.xhtml HTTP/1.1" 200 1344
161.10.30.205 - - [07/Aug/2020:11:35:06 -0500] "POST /sipse/faces/presentacion/financiero/solicitudProceso/listarSolicitudProceso.xhtml HTTP/1.1" 200 1340
161.10.30.205 - - [07/Aug/2020:11:35:07 -0500] "POST /sipse/faces/presentacion/financiero/solicitudProceso/listarSolicitudProceso.xhtml HTTP/1.1" 200 1340
161.10.30.205 - - [07/Aug/2020:11:35:07 -0500] "POST /sipse/faces/presentacion/financiero/solicitudProceso/listarSolicitudProceso.xhtml HTTP/1.1" 200 1344
161.10.30.205 - - [07/Aug/2020:11:35:07 -0500] "POST /sipse/faces/presentacion/financiero/solicitudProceso/listarSolicitudProceso.xhtml HTTP/1.1" 200 1344
161.10.30.205 - - [07/Aug/2020:11:35:08 -0500] "POST /sipse/faces/presentacion/financiero/solicitudProceso/listarSolicitudProceso.xhtml HTTP/1.1" 200 4686
161.10.30.205 - - [07/Aug/2020:11:35:12 -0500] "POST /sipse/faces/presentacion/financiero/solicitudProceso/listarSolicitudProceso.xhtml HTTP/1.1" 200 149721
161.10.30.205 - - [07/Aug/2020:11:35:12 -0500] "GET /sipse/faces/javax.faces.resource/theme.css?ln=primefaces-sipse HTTP/1.1" 304 -
161.10.30.205 - - [07/Aug/2020:11:35:12 -0500] "GET /sipse/faces/javax.faces.resource/primefaces.css?ln=primefaces&v=4.0 HTTP/1.1" 304 -
161.10.30.205 - - [07/Aug/2020:11:35:12 -0500] "GET /sipse/faces/javax.faces.resource/layout/layout.css?ln=primefaces&v=4.0 HTTP/1.1" 304 -
161.10.30.205 - - [07/Aug/2020:11:35:12 -0500] "GET /sipse/css/imagen/contrasena.png HTTP/1.1" 404 383
161.10.30.205 - - [07/Aug/2020:11:35:12 -0500] "GET /sipse/faces/javax.faces.resource/jquery/jquery.js?ln=primefaces&v=4.0 HTTP/1.1" 304 -
161.10.30.205 - - [07/Aug/2020:11:35:13 -0500] "GET /sipse/faces/javax.faces.resource/jquery/jquery-plugins.js?ln=primefaces&v=4.0 HTTP/1.1" 304 -
161.10.30.205 - - [07/Aug/2020:11:35:13 -0500] "GET /sipse/faces/javax.faces.resource/primefaces.js?ln=primefaces&v=4.0 HTTP/1.1" 304 -
161.10.30.205 - - [07/Aug/2020:11:35:13 -0500] "GET /sipse/faces/javax.faces.resource/layout/layout.js?ln=primefaces&v=4.0 HTTP/1.1" 304 -
190.27.245.107 - - [07/Aug/2020:11:35:13 -0500] "GET /reportes_sipse/sdg/ServletReporte?reporte=experienia_idoneidad&solicitud=10444&pfdrid_c=false HTTP/1.1" 200 229521
200.119.125.218 - - [07/Aug/2020:11:34:44 -0500] "POST /sipse/faces/presentacion/financiero/solicitudProceso/consultarSolicitudProceso.xhtml HTTP/1.1" 200 4227770
200.119.125.218 - - [07/Aug/2020:11:35:16 -0500] "POST /sipse/faces/presentacion/financiero/solicitudProceso/consultarSolicitudProceso.xhtml HTTP/1.1" 200 1682559
200.119.125.218 - - [07/Aug/2020:11:34:59 -0500] "POST /sipse/faces/presentacion/financiero/solicitudProceso/consultarSolicitudProceso.xhtml HTTP/1.1" 200 4227770
181.61.75.10 - - [07/Aug/2020:11:35:35 -0500] "POST /sipse/faces/presentacion/financiero/solicitudProceso/listarSolicitudProceso.xhtml HTTP/1.1" 200 30187
161.10.30.205 - - [07/Aug/2020:11:35:35 -0500] "POST /sipse/faces/presentacion/financiero/solicitudProceso/consultarSolicitudProceso.xhtml HTTP/1.1" 200 214741
161.10.30.205 - - [07/Aug/2020:11:35:40 -0500] "POST /sipse/faces/presentacion/financiero/solicitudProceso/consultarSolicitudProceso.xhtml HTTP/1.1" 200 5569
161.10.30.205 - - [07/Aug/2020:11:35:40 -0500] "GET /sipse/faces/javax.faces.resource/dynamiccontent.properties?ln=primefaces&pfdrid=XjOR5%2F%2FfPAZAuY9TpWQeCiM0BhlXxYRBGKi%2FQcXXfeA%3D&pfdrid_c=false HTTP/1.1" 200 126276
201.221.165.176 - - [07/Aug/2020:11:36:11 -0500] "POST /sipse/faces/presentacion/financiero/solicitudProceso/consultarSolicitudProceso.xhtml HTTP/1.1" 200 1155105
