190.84.172.33 - - [11/Aug/2020:08:45:18 -0500] "POST /sipse/faces/presentacion/contratacion/contratista/listarContratista.xhtml HTTP/1.1" 200 21260
191.102.120.98 - - [11/Aug/2020:08:45:18 -0500] "POST /appsia/controlador HTTP/1.1" 200 4900
190.84.172.33 - - [11/Aug/2020:08:45:18 -0500] "POST /sipse/faces/presentacion/contratacion/contratista/listarContratista.xhtml HTTP/1.1" 200 21260
190.84.172.33 - - [11/Aug/2020:08:45:18 -0500] "POST /sipse/faces/presentacion/contratacion/contratista/listarContratista.xhtml HTTP/1.1" 200 21260
190.84.172.33 - - [11/Aug/2020:08:45:18 -0500] "POST /sipse/faces/presentacion/contratacion/contratista/listarContratista.xhtml HTTP/1.1" 200 21260
186.80.191.201 - - [11/Aug/2020:08:45:18 -0500] "POST /sipse/faces/presentacion/financiero/solicitudProceso/listarSolicitudProceso.xhtml HTTP/1.1" 200 27437
186.80.191.201 - - [11/Aug/2020:08:45:19 -0500] "POST /sipse/faces/presentacion/financiero/solicitudProceso/listarSolicitudProceso.xhtml HTTP/1.1" 200 27437
186.80.191.201 - - [11/Aug/2020:08:45:20 -0500] "POST /sipse/faces/presentacion/financiero/solicitudProceso/listarSolicitudProceso.xhtml HTTP/1.1" 200 1344
186.80.191.201 - - [11/Aug/2020:08:45:21 -0500] "POST /sipse/faces/presentacion/financiero/solicitudProceso/listarSolicitudProceso.xhtml HTTP/1.1" 200 1344
186.80.191.201 - - [11/Aug/2020:08:45:21 -0500] "POST /sipse/faces/presentacion/financiero/solicitudProceso/listarSolicitudProceso.xhtml HTTP/1.1" 200 1344
186.80.191.201 - - [11/Aug/2020:08:45:22 -0500] "POST /sipse/faces/presentacion/financiero/solicitudProceso/listarSolicitudProceso.xhtml HTTP/1.1" 200 1344
190.84.172.33 - - [11/Aug/2020:08:45:24 -0500] "POST /sipse/faces/presentacion/contratacion/contratista/listarContratista.xhtml HTTP/1.1" 200 7815
191.156.52.204 - - [11/Aug/2020:08:45:27 -0500] "GET /catalogoisis/ HTTP/1.1" 200 8575
190.84.172.33 - - [11/Aug/2020:08:45:30 -0500] "POST /sipse/faces/presentacion/contratacion/contratista/listarContratista.xhtml HTTP/1.1" 200 7065
186.31.168.112 - - [11/Aug/2020:08:45:27 -0500] "POST /sipse/faces/presentacion/financiero/solicitudProceso/listarSolicitudProceso.xhtml HTTP/1.1" 200 144576
186.31.168.112 - - [11/Aug/2020:08:45:32 -0500] "GET /sipse/faces/javax.faces.resource/jquery/jquery.js?ln=primefaces&v=4.0 HTTP/1.1" 304 -
186.31.168.112 - - [11/Aug/2020:08:45:32 -0500] "GET /sipse/faces/javax.faces.resource/jquery/jquery-plugins.js?ln=primefaces&v=4.0 HTTP/1.1" 304 -
186.31.168.112 - - [11/Aug/2020:08:45:32 -0500] "GET /sipse/faces/javax.faces.resource/primefaces.js?ln=primefaces&v=4.0 HTTP/1.1" 304 -
186.31.168.112 - - [11/Aug/2020:08:45:32 -0500] "GET /sipse/faces/javax.faces.resource/layout/layout.js?ln=primefaces&v=4.0 HTTP/1.1" 304 -
191.102.120.98 - - [11/Aug/2020:08:45:32 -0500] "POST /appsia/controlador HTTP/1.1" 200 7731
191.102.120.98 - - [11/Aug/2020:08:45:33 -0500] "GET /appsia/images/logo_escudo.png HTTP/1.1" 200 36965
190.27.245.107 - - [11/Aug/2020:08:45:33 -0500] "GET /reportes_sipse/sdg/ServletReporte?reporte=experienia_idoneidad&solicitud=10819&pfdrid_c=false HTTP/1.1" 200 113804
190.84.172.33 - - [11/Aug/2020:08:45:42 -0500] "POST /sipse/faces/presentacion/contratacion/contratista/listarContratista.xhtml HTTP/1.1" 200 7073
186.80.191.201 - - [11/Aug/2020:08:45:41 -0500] "POST /sipse/faces/presentacion/financiero/solicitudProceso/listarSolicitudProceso.xhtml HTTP/1.1" 200 27437
186.80.191.201 - - [11/Aug/2020:08:45:43 -0500] "POST /sipse/faces/presentacion/financiero/solicitudProceso/listarSolicitudProceso.xhtml HTTP/1.1" 200 27437
190.84.172.33 - - [11/Aug/2020:08:45:46 -0500] "POST /sipse/faces/presentacion/contratacion/contratista/listarContratista.xhtml HTTP/1.1" 200 23432
190.84.172.33 - - [11/Aug/2020:08:45:46 -0500] "POST /sipse/faces/presentacion/contratacion/contratista/listarContratista.xhtml HTTP/1.1" 200 23432
186.80.191.201 - - [11/Aug/2020:08:45:44 -0500] "POST /sipse/faces/presentacion/financiero/solicitudProceso/listarSolicitudProceso.xhtml HTTP/1.1" 200 27437
190.84.172.33 - - [11/Aug/2020:08:45:46 -0500] "POST /sipse/faces/presentacion/contratacion/contratista/listarContratista.xhtml HTTP/1.1" 200 23432
190.84.172.33 - - [11/Aug/2020:08:45:46 -0500] "POST /sipse/faces/presentacion/contratacion/contratista/listarContratista.xhtml HTTP/1.1" 200 23432
190.84.172.33 - - [11/Aug/2020:08:45:46 -0500] "POST /sipse/faces/presentacion/contratacion/contratista/listarContratista.xhtml HTTP/1.1" 200 23432
190.84.172.33 - - [11/Aug/2020:08:45:47 -0500] "POST /sipse/faces/presentacion/contratacion/contratista/listarContratista.xhtml HTTP/1.1" 200 23432
186.80.191.201 - - [11/Aug/2020:08:45:46 -0500] "POST /sipse/faces/presentacion/financiero/solicitudProceso/listarSolicitudProceso.xhtml HTTP/1.1" 200 27437
186.80.191.201 - - [11/Aug/2020:08:45:48 -0500] "POST /sipse/faces/presentacion/financiero/solicitudProceso/listarSolicitudProceso.xhtml HTTP/1.1" 200 27437
190.84.172.33 - - [11/Aug/2020:08:45:52 -0500] "POST /sipse/faces/presentacion/contratacion/contratista/listarContratista.xhtml HTTP/1.1" 200 35124
186.80.191.201 - - [11/Aug/2020:08:45:49 -0500] "POST /sipse/faces/presentacion/financiero/solicitudProceso/listarSolicitudProceso.xhtml HTTP/1.1" 200 1344
190.84.172.33 - - [11/Aug/2020:08:45:52 -0500] "GET /sipse/faces/javax.faces.resource/jquery/jquery.js?ln=primefaces&v=4.0 HTTP/1.1" 304 -
190.84.172.33 - - [11/Aug/2020:08:45:52 -0500] "GET /sipse/faces/javax.faces.resource/jquery/jquery-plugins.js?ln=primefaces&v=4.0 HTTP/1.1" 304 -
190.84.172.33 - - [11/Aug/2020:08:45:52 -0500] "GET /sipse/faces/javax.faces.resource/primefaces.js?ln=primefaces&v=4.0 HTTP/1.1" 304 -
190.84.172.33 - - [11/Aug/2020:08:45:52 -0500] "GET /sipse/faces/javax.faces.resource/layout/layout.js?ln=primefaces&v=4.0 HTTP/1.1" 304 -
190.84.172.33 - - [11/Aug/2020:08:45:52 -0500] "POST /sipse/faces/presentacion/financiero/solicitudProceso/listarSolicitudProceso.xhtml HTTP/1.1" 200 28382
190.84.172.33 - - [11/Aug/2020:08:45:52 -0500] "POST /sipse/faces/presentacion/financiero/solicitudProceso/listarSolicitudProceso.xhtml HTTP/1.1" 200 28382
190.84.172.33 - - [11/Aug/2020:08:45:53 -0500] "POST /sipse/faces/presentacion/financiero/solicitudProceso/listarSolicitudProceso.xhtml HTTP/1.1" 200 28382
190.84.172.33 - - [11/Aug/2020:08:45:53 -0500] "POST /sipse/faces/presentacion/financiero/solicitudProceso/listarSolicitudProceso.xhtml HTTP/1.1" 200 28382
190.84.172.33 - - [11/Aug/2020:08:45:53 -0500] "POST /sipse/faces/presentacion/financiero/solicitudProceso/listarSolicitudProceso.xhtml HTTP/1.1" 200 28382
190.84.172.33 - - [11/Aug/2020:08:45:53 -0500] "POST /sipse/faces/presentacion/financiero/solicitudProceso/listarSolicitudProceso.xhtml HTTP/1.1" 200 1344
190.84.172.33 - - [11/Aug/2020:08:45:54 -0500] "POST /sipse/faces/presentacion/financiero/solicitudProceso/listarSolicitudProceso.xhtml HTTP/1.1" 200 1344
190.84.172.33 - - [11/Aug/2020:08:45:54 -0500] "POST /sipse/faces/presentacion/financiero/solicitudProceso/listarSolicitudProceso.xhtml HTTP/1.1" 200 1344
190.84.172.33 - - [11/Aug/2020:08:45:54 -0500] "POST /sipse/faces/presentacion/financiero/solicitudProceso/listarSolicitudProceso.xhtml HTTP/1.1" 200 1344
190.84.172.33 - - [11/Aug/2020:08:45:54 -0500] "POST /sipse/faces/presentacion/financiero/solicitudProceso/listarSolicitudProceso.xhtml HTTP/1.1" 200 1344
186.80.191.201 - - [11/Aug/2020:08:45:52 -0500] "POST /sipse/faces/presentacion/financiero/solicitudProceso/listarSolicitudProceso.xhtml HTTP/1.1" 200 1344
190.84.172.33 - - [11/Aug/2020:08:45:54 -0500] "POST /sipse/faces/presentacion/financiero/solicitudProceso/listarSolicitudProceso.xhtml HTTP/1.1" 200 1344
186.80.191.201 - - [11/Aug/2020:08:45:54 -0500] "POST /sipse/faces/presentacion/financiero/solicitudProceso/listarSolicitudProceso.xhtml HTTP/1.1" 200 1344
190.84.172.33 - - [11/Aug/2020:08:45:55 -0500] "POST /sipse/faces/presentacion/financiero/solicitudProceso/listarSolicitudProceso.xhtml HTTP/1.1" 200 30158
190.84.172.33 - - [11/Aug/2020:08:45:55 -0500] "GET /sipse/faces/javax.faces.resource/jquery/jquery.js?ln=primefaces&v=4.0 HTTP/1.1" 304 -
190.84.172.33 - - [11/Aug/2020:08:45:55 -0500] "GET /sipse/faces/javax.faces.resource/jquery/jquery-plugins.js?ln=primefaces&v=4.0 HTTP/1.1" 304 -
190.84.172.33 - - [11/Aug/2020:08:45:55 -0500] "GET /sipse/faces/javax.faces.resource/primefaces.js?ln=primefaces&v=4.0 HTTP/1.1" 304 -
190.84.172.33 - - [11/Aug/2020:08:45:55 -0500] "GET /sipse/faces/javax.faces.resource/layout/layout.js?ln=primefaces&v=4.0 HTTP/1.1" 304 -
190.84.172.33 - - [11/Aug/2020:08:45:55 -0500] "POST /sipse/faces/presentacion/contratacion/contratista/listarContratista.xhtml HTTP/1.1" 200 23432
186.80.191.201 - - [11/Aug/2020:08:45:55 -0500] "POST /sipse/faces/presentacion/financiero/solicitudProceso/listarSolicitudProceso.xhtml HTTP/1.1" 200 1344
190.84.172.33 - - [11/Aug/2020:08:45:56 -0500] "POST /sipse/faces/presentacion/contratacion/contratista/listarContratista.xhtml HTTP/1.1" 200 23432
190.84.172.33 - - [11/Aug/2020:08:45:56 -0500] "POST /sipse/faces/presentacion/contratacion/contratista/listarContratista.xhtml HTTP/1.1" 200 23432
186.80.191.201 - - [11/Aug/2020:08:45:56 -0500] "POST /sipse/faces/presentacion/financiero/solicitudProceso/listarSolicitudProceso.xhtml HTTP/1.1" 200 1344
190.84.172.33 - - [11/Aug/2020:08:45:56 -0500] "POST /sipse/faces/presentacion/contratacion/contratista/listarContratista.xhtml HTTP/1.1" 200 23432
190.84.172.33 - - [11/Aug/2020:08:45:56 -0500] "POST /sipse/faces/presentacion/contratacion/contratista/listarContratista.xhtml HTTP/1.1" 200 23432
190.84.172.33 - - [11/Aug/2020:08:45:56 -0500] "POST /sipse/faces/presentacion/contratacion/contratista/listarContratista.xhtml HTTP/1.1" 200 23432
186.31.168.112 - - [11/Aug/2020:08:45:54 -0500] "POST /sipse/faces/presentacion/financiero/solicitudProceso/consultarSolicitudProceso.xhtml HTTP/1.1" 200 46217
186.31.168.112 - - [11/Aug/2020:08:45:58 -0500] "GET /sipse/faces/javax.faces.resource/jquery/jquery.js?ln=primefaces&v=4.0 HTTP/1.1" 304 -
186.31.168.112 - - [11/Aug/2020:08:45:58 -0500] "GET /sipse/faces/javax.faces.resource/jquery/jquery-plugins.js?ln=primefaces&v=4.0 HTTP/1.1" 304 -
186.31.168.112 - - [11/Aug/2020:08:45:58 -0500] "GET /sipse/faces/javax.faces.resource/primefaces.js?ln=primefaces&v=4.0 HTTP/1.1" 304 -
186.31.168.112 - - [11/Aug/2020:08:45:58 -0500] "GET /sipse/faces/javax.faces.resource/layout/layout.js?ln=primefaces&v=4.0 HTTP/1.1" 304 -
186.31.168.112 - - [11/Aug/2020:08:45:58 -0500] "POST /sipse/faces/presentacion/financiero/solicitudProceso/listarSolicitudProceso.xhtml HTTP/1.1" 200 1408
190.84.172.33 - - [11/Aug/2020:08:46:03 -0500] "POST /sipse/faces/presentacion/contratacion/contratista/listarContratista.xhtml HTTP/1.1" 200 7041
186.170.77.169 - - [11/Aug/2020:08:46:06 -0500] "GET /sia/ HTTP/1.1" 200 2661
186.170.77.169 - - [11/Aug/2020:08:46:06 -0500] "GET /css/fondos.css HTTP/1.1" 404 1254
186.170.77.169 - - [11/Aug/2020:08:46:06 -0500] "GET /css/date_blue.css HTTP/1.1" 404 1254
186.170.77.169 - - [11/Aug/2020:08:46:06 -0500] "GET /css/bordes.css HTTP/1.1" 404 1254
186.170.77.169 - - [11/Aug/2020:08:46:06 -0500] "GET /css/textos.css HTTP/1.1" 404 1254
190.84.172.33 - - [11/Aug/2020:08:46:08 -0500] "POST /sipse/faces/presentacion/contratacion/contratista/listarContratista.xhtml HTTP/1.1" 200 35124
190.84.172.33 - - [11/Aug/2020:08:46:09 -0500] "GET /sipse/faces/javax.faces.resource/jquery/jquery.js?ln=primefaces&v=4.0 HTTP/1.1" 304 -
190.84.172.33 - - [11/Aug/2020:08:46:09 -0500] "GET /sipse/faces/javax.faces.resource/jquery/jquery-plugins.js?ln=primefaces&v=4.0 HTTP/1.1" 304 -
190.84.172.33 - - [11/Aug/2020:08:46:09 -0500] "GET /sipse/faces/javax.faces.resource/primefaces.js?ln=primefaces&v=4.0 HTTP/1.1" 304 -
190.84.172.33 - - [11/Aug/2020:08:46:09 -0500] "GET /sipse/faces/javax.faces.resource/layout/layout.js?ln=primefaces&v=4.0 HTTP/1.1" 304 -
190.84.172.33 - - [11/Aug/2020:08:46:09 -0500] "POST /sipse/faces/presentacion/financiero/solicitudProceso/listarSolicitudProceso.xhtml HTTP/1.1" 200 28382
190.84.172.33 - - [11/Aug/2020:08:46:09 -0500] "POST /sipse/faces/presentacion/financiero/solicitudProceso/listarSolicitudProceso.xhtml HTTP/1.1" 200 28382
190.84.172.33 - - [11/Aug/2020:08:46:10 -0500] "POST /sipse/faces/presentacion/financiero/solicitudProceso/listarSolicitudProceso.xhtml HTTP/1.1" 200 28382
190.84.172.33 - - [11/Aug/2020:08:46:10 -0500] "POST /sipse/faces/presentacion/financiero/solicitudProceso/listarSolicitudProceso.xhtml HTTP/1.1" 200 28382
190.84.172.33 - - [11/Aug/2020:08:46:10 -0500] "POST /sipse/faces/presentacion/financiero/solicitudProceso/listarSolicitudProceso.xhtml HTTP/1.1" 200 28382
190.84.172.33 - - [11/Aug/2020:08:46:10 -0500] "POST /sipse/faces/presentacion/financiero/solicitudProceso/listarSolicitudProceso.xhtml HTTP/1.1" 200 28382
190.84.172.33 - - [11/Aug/2020:08:46:11 -0500] "POST /sipse/faces/presentacion/financiero/solicitudProceso/listarSolicitudProceso.xhtml HTTP/1.1" 200 28382
190.84.172.33 - - [11/Aug/2020:08:46:11 -0500] "POST /sipse/faces/presentacion/financiero/solicitudProceso/listarSolicitudProceso.xhtml HTTP/1.1" 200 1344
190.84.172.33 - - [11/Aug/2020:08:46:11 -0500] "POST /sipse/faces/presentacion/financiero/solicitudProceso/listarSolicitudProceso.xhtml HTTP/1.1" 200 1344
190.84.172.33 - - [11/Aug/2020:08:46:11 -0500] "POST /sipse/faces/presentacion/financiero/solicitudProceso/listarSolicitudProceso.xhtml HTTP/1.1" 200 1344
190.84.172.33 - - [11/Aug/2020:08:46:11 -0500] "POST /sipse/faces/presentacion/financiero/solicitudProceso/listarSolicitudProceso.xhtml HTTP/1.1" 200 1344
186.80.191.201 - - [11/Aug/2020:08:46:09 -0500] "POST /sipse/faces/presentacion/financiero/solicitudProceso/listarSolicitudProceso.xhtml HTTP/1.1" 200 133275
190.84.172.33 - - [11/Aug/2020:08:46:11 -0500] "POST /sipse/faces/presentacion/financiero/solicitudProceso/listarSolicitudProceso.xhtml HTTP/1.1" 200 1344
186.80.191.201 - - [11/Aug/2020:08:46:12 -0500] "GET /sipse/faces/javax.faces.resource/theme.css?ln=primefaces-sipse HTTP/1.1" 304 -
186.80.191.201 - - [11/Aug/2020:08:46:12 -0500] "GET /sipse/faces/javax.faces.resource/layout/layout.css?ln=primefaces&v=4.0 HTTP/1.1" 304 -
186.80.191.201 - - [11/Aug/2020:08:46:12 -0500] "GET /sipse/faces/javax.faces.resource/primefaces.css?ln=primefaces&v=4.0 HTTP/1.1" 304 -
186.80.191.201 - - [11/Aug/2020:08:46:12 -0500] "GET /sipse/faces/javax.faces.resource/jquery/jquery.js?ln=primefaces&v=4.0 HTTP/1.1" 304 -
186.80.191.201 - - [11/Aug/2020:08:46:12 -0500] "GET /sipse/faces/javax.faces.resource/jquery/jquery-plugins.js?ln=primefaces&v=4.0 HTTP/1.1" 304 -
190.84.172.33 - - [11/Aug/2020:08:46:12 -0500] "POST /sipse/faces/presentacion/financiero/solicitudProceso/listarSolicitudProceso.xhtml HTTP/1.1" 200 1344
186.80.191.201 - - [11/Aug/2020:08:46:12 -0500] "GET /sipse/faces/javax.faces.resource/primefaces.js?ln=primefaces&v=4.0 HTTP/1.1" 304 -
186.80.191.201 - - [11/Aug/2020:08:46:12 -0500] "GET /sipse/faces/javax.faces.resource/layout/layout.js?ln=primefaces&v=4.0 HTTP/1.1" 304 -
190.84.172.33 - - [11/Aug/2020:08:46:12 -0500] "POST /sipse/faces/presentacion/financiero/solicitudProceso/listarSolicitudProceso.xhtml HTTP/1.1" 200 1344
190.84.172.33 - - [11/Aug/2020:08:46:12 -0500] "POST /sipse/faces/presentacion/financiero/solicitudProceso/listarSolicitudProceso.xhtml HTTP/1.1" 200 1344
190.27.245.107 - - [11/Aug/2020:08:46:13 -0500] "GET /reportes_sipse/sdg/ServletReporte?reporte=experienia_idoneidad&solicitud=10819&pfdrid_c=false HTTP/1.1" 200 113804
190.84.172.33 - - [11/Aug/2020:08:46:16 -0500] "POST /sipse/faces/presentacion/financiero/solicitudProceso/listarSolicitudProceso.xhtml HTTP/1.1" 200 4845
186.168.134.206 - - [11/Aug/2020:08:46:16 -0500] "GET /galeria/galeria/jquery.fancybox.css?v=2.1.5 HTTP/1.1" 200 4895
186.168.134.206 - - [11/Aug/2020:08:46:16 -0500] "GET /galeria/galeria/jquery.fancybox.js?v=2.1.5 HTTP/1.1" 200 48706
186.168.134.206 - - [11/Aug/2020:08:46:17 -0500] "GET /galeria/galeria/fotos/juan-amarillo1P.jpg HTTP/1.1" 200 30845
186.168.134.206 - - [11/Aug/2020:08:46:17 -0500] "GET /galeria/galeria/fotos/juan-amarillo2P.jpg HTTP/1.1" 200 32696
186.168.134.206 - - [11/Aug/2020:08:46:17 -0500] "GET /galeria/galeria/fotos/juan-amarillo3P.jpg HTTP/1.1" 200 28033
186.168.134.206 - - [11/Aug/2020:08:46:17 -0500] "GET /galeria/galeria/fotos/juan-amarillo4P.jpg HTTP/1.1" 200 23811
190.84.172.33 - - [11/Aug/2020:08:46:18 -0500] "POST /sipse/faces/presentacion/financiero/solicitudProceso/listarSolicitudProceso.xhtml HTTP/1.1" 200 130864
190.84.172.33 - - [11/Aug/2020:08:46:21 -0500] "GET /sipse/faces/javax.faces.resource/jquery/jquery.js?ln=primefaces&v=4.0 HTTP/1.1" 304 -
190.84.172.33 - - [11/Aug/2020:08:46:21 -0500] "GET /sipse/faces/javax.faces.resource/jquery/jquery-plugins.js?ln=primefaces&v=4.0 HTTP/1.1" 304 -
190.84.172.33 - - [11/Aug/2020:08:46:21 -0500] "GET /sipse/faces/javax.faces.resource/primefaces.js?ln=primefaces&v=4.0 HTTP/1.1" 304 -
190.84.172.33 - - [11/Aug/2020:08:46:21 -0500] "GET /sipse/faces/javax.faces.resource/layout/layout.js?ln=primefaces&v=4.0 HTTP/1.1" 304 -
190.27.245.107 - - [11/Aug/2020:08:46:22 -0500] "GET /reportes_sipse/sdg/ServletReporte?reporte=experienia_idoneidad&solicitud=10819&pfdrid_c=false HTTP/1.1" 200 113804
191.156.79.46 - - [11/Aug/2020:08:46:23 -0500] "GET /galeria/galeria/jquery.fancybox.css?v=2.1.5 HTTP/1.1" 200 4895
191.156.79.46 - - [11/Aug/2020:08:46:25 -0500] "GET /BLA/boletinlegal/js/jquery.scrollShow.js HTTP/1.1" 200 4586
190.84.172.33 - - [11/Aug/2020:08:46:26 -0500] "POST /sipse/faces/presentacion/financiero/solicitudProceso/consultarSolicitudProceso.xhtml HTTP/1.1" 200 39136
190.84.172.33 - - [11/Aug/2020:08:46:27 -0500] "GET /sipse/faces/javax.faces.resource/jquery/jquery.js?ln=primefaces&v=4.0 HTTP/1.1" 304 -
186.31.168.112 - - [11/Aug/2020:08:46:26 -0500] "POST /sipse/faces/presentacion/financiero/solicitudProceso/listarSolicitudProceso.xhtml HTTP/1.1" 200 122405
190.84.172.33 - - [11/Aug/2020:08:46:27 -0500] "GET /sipse/faces/javax.faces.resource/jquery/jquery-plugins.js?ln=primefaces&v=4.0 HTTP/1.1" 304 -
186.31.168.112 - - [11/Aug/2020:08:46:27 -0500] "GET /sipse/faces/javax.faces.resource/jquery/jquery.js?ln=primefaces&v=4.0 HTTP/1.1" 304 -
186.31.168.112 - - [11/Aug/2020:08:46:27 -0500] "GET /sipse/faces/javax.faces.resource/jquery/jquery-plugins.js?ln=primefaces&v=4.0 HTTP/1.1" 304 -
190.84.172.33 - - [11/Aug/2020:08:46:27 -0500] "GET /sipse/faces/javax.faces.resource/primefaces.js?ln=primefaces&v=4.0 HTTP/1.1" 304 -
190.84.172.33 - - [11/Aug/2020:08:46:27 -0500] "GET /sipse/faces/javax.faces.resource/layout/layout.js?ln=primefaces&v=4.0 HTTP/1.1" 304 -
186.31.168.112 - - [11/Aug/2020:08:46:27 -0500] "GET /sipse/faces/javax.faces.resource/primefaces.js?ln=primefaces&v=4.0 HTTP/1.1" 304 -
186.31.168.112 - - [11/Aug/2020:08:46:27 -0500] "GET /sipse/faces/javax.faces.resource/layout/layout.js?ln=primefaces&v=4.0 HTTP/1.1" 304 -
190.27.245.107 - - [11/Aug/2020:08:46:27 -0500] "GET /reportes_sipse/sdg/ServletReporte?reporte=experienia_idoneidad&solicitud=10819&pfdrid_c=false HTTP/1.1" 200 113804
191.156.79.46 - - [11/Aug/2020:08:46:29 -0500] "GET /galeria/galeria/jquery.fancybox.js?v=2.1.5 HTTP/1.1" 200 48706
190.84.172.33 - - [11/Aug/2020:08:46:30 -0500] "POST /sipse/faces/presentacion/financiero/estudioPrevio/personalSolicitado/expedirExperienciaIdoneidad.xhtml HTTP/1.1" 200 5617
190.84.172.33 - - [11/Aug/2020:08:46:30 -0500] "POST /sipse/faces/presentacion/financiero/estudioPrevio/personalSolicitado/expedirExperienciaIdoneidad.xhtml HTTP/1.1" 200 46369
190.84.172.33 - - [11/Aug/2020:08:46:30 -0500] "GET /sipse/faces/javax.faces.resource/theme.css?ln=primefaces-sipse HTTP/1.1" 304 -
190.84.172.33 - - [11/Aug/2020:08:46:30 -0500] "GET /sipse/faces/javax.faces.resource/layout/layout.css?ln=primefaces&v=4.0 HTTP/1.1" 304 -
190.84.172.33 - - [11/Aug/2020:08:46:30 -0500] "GET /sipse/faces/javax.faces.resource/primefaces.css?ln=primefaces&v=4.0 HTTP/1.1" 304 -
190.84.172.33 - - [11/Aug/2020:08:46:30 -0500] "GET /sipse/faces/javax.faces.resource/jquery/jquery.js?ln=primefaces&v=4.0 HTTP/1.1" 304 -
190.84.172.33 - - [11/Aug/2020:08:46:30 -0500] "GET /sipse/faces/javax.faces.resource/jquery/jquery-plugins.js?ln=primefaces&v=4.0 HTTP/1.1" 304 -
190.84.172.33 - - [11/Aug/2020:08:46:30 -0500] "GET /sipse/faces/javax.faces.resource/primefaces.js?ln=primefaces&v=4.0 HTTP/1.1" 304 -
190.84.172.33 - - [11/Aug/2020:08:46:30 -0500] "GET /sipse/faces/javax.faces.resource/layout/layout.js?ln=primefaces&v=4.0 HTTP/1.1" 304 -
190.84.172.33 - - [11/Aug/2020:08:46:30 -0500] "GET /sipse/faces/javax.faces.resource/images/ui-icons_898989_256x240.png?ln=primefaces-aristo HTTP/1.1" 304 -
190.84.172.33 - - [11/Aug/2020:08:46:30 -0500] "GET /sipse/faces/javax.faces.resource/messages/messages.png?ln=primefaces&v=4.0 HTTP/1.1" 304 -
179.51.101.43 - - [11/Aug/2020:08:46:32 -0500] "GET /galeria/galeria/fotos/GuaymaralTorca4P.jpg HTTP/1.1" 200 33981
181.52.58.143 - - [11/Aug/2020:08:46:33 -0500] "POST /sipse/faces/presentacion/financiero/solicitudProceso/listarSolicitudProceso.xhtml HTTP/1.1" 200 32651
181.56.76.134 - - [11/Aug/2020:08:46:36 -0500] "POST /sipse/faces/presentacion/financiero/solicitudProceso/listarSolicitudProceso.xhtml HTTP/1.1" 200 34430
181.56.76.134 - - [11/Aug/2020:08:46:37 -0500] "POST /sipse/faces/presentacion/financiero/solicitudProceso/listarSolicitudProceso.xhtml HTTP/1.1" 200 34430
181.56.76.134 - - [11/Aug/2020:08:46:38 -0500] "POST /sipse/faces/presentacion/financiero/solicitudProceso/listarSolicitudProceso.xhtml HTTP/1.1" 200 11867
191.146.252.156 - - [11/Aug/2020:08:46:40 -0500] "GET /galeria/galeria/jquery.fancybox.css?v=2.1.5 HTTP/1.1" 200 4895
191.146.252.156 - - [11/Aug/2020:08:46:40 -0500] "GET /BLA/boletinlegal/js/jquery.scrollShow.js HTTP/1.1" 200 4586
191.146.252.156 - - [11/Aug/2020:08:46:40 -0500] "GET /galeria/galeria/jquery.fancybox.js?v=2.1.5 HTTP/1.1" 200 48706
186.31.168.112 - - [11/Aug/2020:08:46:38 -0500] "POST /sipse/faces/presentacion/financiero/solicitudProceso/consultarSolicitudProceso.xhtml HTTP/1.1" 200 43385
186.31.168.112 - - [11/Aug/2020:08:46:40 -0500] "GET /sipse/faces/javax.faces.resource/jquery/jquery.js?ln=primefaces&v=4.0 HTTP/1.1" 304 -
186.31.168.112 - - [11/Aug/2020:08:46:40 -0500] "GET /sipse/faces/javax.faces.resource/jquery/jquery-plugins.js?ln=primefaces&v=4.0 HTTP/1.1" 304 -
186.31.168.112 - - [11/Aug/2020:08:46:40 -0500] "GET /sipse/faces/javax.faces.resource/primefaces.js?ln=primefaces&v=4.0 HTTP/1.1" 304 -
186.31.168.112 - - [11/Aug/2020:08:46:40 -0500] "GET /sipse/faces/javax.faces.resource/layout/layout.js?ln=primefaces&v=4.0 HTTP/1.1" 304 -
186.31.168.112 - - [11/Aug/2020:08:46:41 -0500] "POST /sipse/faces/presentacion/financiero/solicitudProceso/listarSolicitudProceso.xhtml HTTP/1.1" 200 1392
190.84.172.33 - - [11/Aug/2020:08:46:43 -0500] "GET /sipse/faces/javax.faces.resource/images/ui-bg_flat_0_2d5972_40x100.png?ln=primefaces-aristo HTTP/1.1" 304 -
190.84.172.33 - - [11/Aug/2020:08:46:43 -0500] "POST /sipse/faces/presentacion/financiero/estudioPrevio/personalSolicitado/expedirExperienciaIdoneidad.xhtml HTTP/1.1" 200 5745
190.84.172.33 - - [11/Aug/2020:08:46:43 -0500] "GET /sipse/faces/javax.faces.resource/theme.css?ln=primefaces-sipse HTTP/1.1" 304 -
190.84.172.33 - - [11/Aug/2020:08:46:43 -0500] "GET /sipse/faces/javax.faces.resource/jquery/jquery.js?ln=primefaces&v=4.0 HTTP/1.1" 304 -
190.84.172.33 - - [11/Aug/2020:08:46:43 -0500] "GET /sipse/faces/javax.faces.resource/primefaces.css?ln=primefaces&v=4.0 HTTP/1.1" 304 -
190.84.172.33 - - [11/Aug/2020:08:46:43 -0500] "POST /sipse/faces/presentacion/financiero/estudioPrevio/personalSolicitado/expedirExperienciaIdoneidad.xhtml HTTP/1.1" 200 34212
190.84.172.33 - - [11/Aug/2020:08:46:43 -0500] "GET /sipse/faces/javax.faces.resource/layout/layout.css?ln=primefaces&v=4.0 HTTP/1.1" 304 -
190.84.172.33 - - [11/Aug/2020:08:46:43 -0500] "GET /sipse/faces/javax.faces.resource/jquery/jquery-plugins.js?ln=primefaces&v=4.0 HTTP/1.1" 304 -
190.84.172.33 - - [11/Aug/2020:08:46:43 -0500] "GET /sipse/faces/javax.faces.resource/primefaces.js?ln=primefaces&v=4.0 HTTP/1.1" 304 -
190.84.172.33 - - [11/Aug/2020:08:46:43 -0500] "GET /sipse/faces/javax.faces.resource/layout/layout.js?ln=primefaces&v=4.0 HTTP/1.1" 304 -
190.84.172.33 - - [11/Aug/2020:08:46:43 -0500] "GET /sipse/faces/javax.faces.resource/images/ui-icons_898989_256x240.png?ln=primefaces-aristo HTTP/1.1" 304 -
181.52.58.143 - - [11/Aug/2020:08:46:44 -0500] "POST /sipse/faces/presentacion/financiero/solicitudProceso/listarSolicitudProceso.xhtml HTTP/1.1" 200 283080
190.84.172.33 - - [11/Aug/2020:08:46:46 -0500] "GET /sipse/faces/javax.faces.resource/images/ui-bg_flat_0_2d5972_40x100.png?ln=primefaces-aristo HTTP/1.1" 304 -
190.84.172.33 - - [11/Aug/2020:08:46:46 -0500] "POST /sipse/faces/presentacion/contratacion/procesoContractual/registrarInvitacionContratista.xhtml HTTP/1.1" 200 9694
179.51.101.43 - - [11/Aug/2020:08:46:47 -0500] "GET /galeria/galeria/fotos/Humedal-la-conejera1P.jpg HTTP/1.1" 200 31504
179.51.101.43 - - [11/Aug/2020:08:46:47 -0500] "GET /galeria/galeria/fotos/Humedal-la-conejera2P.jpg HTTP/1.1" 200 31007
179.51.101.43 - - [11/Aug/2020:08:46:47 -0500] "GET /galeria/galeria/fotos/Humedal-la-conejera3P.jpg HTTP/1.1" 200 31355
179.51.101.43 - - [11/Aug/2020:08:46:47 -0500] "GET /galeria/galeria/fotos/Humedal-la-conejera4P.jpg HTTP/1.1" 200 33365
181.61.205.0 - - [11/Aug/2020:08:46:50 -0500] "GET /sipse/faces/presentacion/sistema/anexos/cargarAnexoSolicitudProceso.xhtml HTTP/1.1" 302 -
181.61.205.0 - - [11/Aug/2020:08:46:50 -0500] "GET /sipse/faces/autenticacion.xhtml HTTP/1.1" 200 12179
181.61.205.0 - - [11/Aug/2020:08:46:50 -0500] "GET /sipse/js/disable_browser_buttons.js HTTP/1.1" 200 3230
181.61.205.0 - - [11/Aug/2020:08:46:50 -0500] "GET /sipse/js/funciones.js HTTP/1.1" 200 12592
181.61.205.0 - - [11/Aug/2020:08:46:50 -0500] "GET /sipse/css/custom_css_sg.css HTTP/1.1" 200 9694
181.61.205.0 - - [11/Aug/2020:08:46:50 -0500] "GET /sipse/css/custom_css_sg_prime_login.css HTTP/1.1" 200 443
181.61.205.0 - - [11/Aug/2020:08:46:50 -0500] "GET /sipse/faces/javax.faces.resource/primefaces.css?ln=primefaces&v=4.0 HTTP/1.1" 304 -
181.61.205.0 - - [11/Aug/2020:08:46:50 -0500] "GET /sipse/faces/javax.faces.resource/theme.css?ln=primefaces-sipse HTTP/1.1" 304 -
181.61.205.0 - - [11/Aug/2020:08:46:50 -0500] "GET /sipse/faces/javax.faces.resource/layout/layout.css?ln=primefaces&v=4.0 HTTP/1.1" 304 -
181.61.205.0 - - [11/Aug/2020:08:46:50 -0500] "GET /sipse/faces/javax.faces.resource/jquery/jquery.js?ln=primefaces&v=4.0 HTTP/1.1" 304 -
181.61.205.0 - - [11/Aug/2020:08:46:50 -0500] "GET /sipse/faces/javax.faces.resource/primefaces.js?ln=primefaces&v=4.0 HTTP/1.1" 304 -
181.61.205.0 - - [11/Aug/2020:08:46:50 -0500] "GET /sipse/faces/javax.faces.resource/jquery/jquery-plugins.js?ln=primefaces&v=4.0 HTTP/1.1" 304 -
181.61.205.0 - - [11/Aug/2020:08:46:50 -0500] "GET /sipse/faces/javax.faces.resource/layout/layout.js?ln=primefaces&v=4.0 HTTP/1.1" 304 -
181.61.205.0 - - [11/Aug/2020:08:46:50 -0500] "GET /sipse/faces/javax.faces.resource/images/ui-icons_898989_256x240.png?ln=primefaces-aristo HTTP/1.1" 304 -
181.61.205.0 - - [11/Aug/2020:08:46:50 -0500] "GET /sipse/css/imagen/logoSDG.png HTTP/1.1" 200 53064
181.61.205.0 - - [11/Aug/2020:08:46:50 -0500] "GET /sipse/css/imagen/loginimg.png HTTP/1.1" 200 71635
181.61.205.0 - - [11/Aug/2020:08:46:51 -0500] "GET /sipse/faces/index.xhtml HTTP/1.1" 200 677
181.61.205.0 - - [11/Aug/2020:08:46:51 -0500] "GET /sipse/faces/javax.faces.resource/theme.css?ln=primefaces-sipse HTTP/1.1" 304 -
181.61.205.0 - - [11/Aug/2020:08:46:51 -0500] "GET /sipse/faces/faces/autenticacion.xhtml HTTP/1.1" 200 12179
181.61.205.0 - - [11/Aug/2020:08:46:51 -0500] "GET /sipse/faces/javax.faces.resource/primefaces.css?ln=primefaces&v=4.0 HTTP/1.1" 304 -
181.61.205.0 - - [11/Aug/2020:08:46:51 -0500] "GET /sipse/faces/javax.faces.resource/layout/layout.css?ln=primefaces&v=4.0 HTTP/1.1" 304 -
181.61.205.0 - - [11/Aug/2020:08:46:51 -0500] "GET /sipse/faces/javax.faces.resource/theme.css?ln=primefaces-sipse HTTP/1.1" 304 -
181.61.205.0 - - [11/Aug/2020:08:46:51 -0500] "GET /sipse/faces/javax.faces.resource/jquery/jquery-plugins.js?ln=primefaces&v=4.0 HTTP/1.1" 304 -
181.61.205.0 - - [11/Aug/2020:08:46:51 -0500] "GET /sipse/faces/javax.faces.resource/jquery/jquery.js?ln=primefaces&v=4.0 HTTP/1.1" 304 -
181.61.205.0 - - [11/Aug/2020:08:46:51 -0500] "GET /sipse/faces/javax.faces.resource/primefaces.js?ln=primefaces&v=4.0 HTTP/1.1" 304 -
181.61.205.0 - - [11/Aug/2020:08:46:51 -0500] "GET /sipse/faces/javax.faces.resource/layout/layout.js?ln=primefaces&v=4.0 HTTP/1.1" 304 -
186.31.168.112 - - [11/Aug/2020:08:46:53 -0500] "POST /sipse/faces/presentacion/financiero/solicitudProceso/listarSolicitudProceso.xhtml HTTP/1.1" 200 139322
186.31.168.112 - - [11/Aug/2020:08:46:54 -0500] "GET /sipse/faces/javax.faces.resource/jquery/jquery.js?ln=primefaces&v=4.0 HTTP/1.1" 304 -
186.31.168.112 - - [11/Aug/2020:08:46:54 -0500] "GET /sipse/faces/javax.faces.resource/jquery/jquery-plugins.js?ln=primefaces&v=4.0 HTTP/1.1" 304 -
186.31.168.112 - - [11/Aug/2020:08:46:54 -0500] "GET /sipse/faces/javax.faces.resource/primefaces.js?ln=primefaces&v=4.0 HTTP/1.1" 304 -
186.31.168.112 - - [11/Aug/2020:08:46:54 -0500] "GET /sipse/faces/javax.faces.resource/layout/layout.js?ln=primefaces&v=4.0 HTTP/1.1" 304 -
190.27.245.107 - - [11/Aug/2020:08:46:54 -0500] "GET /reportes_sipse/sdg/ServletReporte?reporte=experienia_idoneidad&solicitud=10819&pfdrid_c=false HTTP/1.1" 200 113804
190.84.172.33 - - [11/Aug/2020:08:46:57 -0500] "POST /sipse/faces/presentacion/contratacion/procesoContractual/registrarInvitacionContratista.xhtml HTTP/1.1" 200 8054
190.84.172.33 - - [11/Aug/2020:08:46:57 -0500] "GET /sipse/faces/javax.faces.resource/messages/messages.png?ln=primefaces&v=4.0 HTTP/1.1" 304 -
190.253.159.143 - - [11/Aug/2020:08:47:02 -0500] "GET /galeria/galeria/jquery.fancybox.css?v=2.1.5 HTTP/1.1" 200 4895
190.253.159.143 - - [11/Aug/2020:08:47:02 -0500] "GET /BLA/boletinlegal/js/jquery.scrollShow.js HTTP/1.1" 200 4586
190.253.159.143 - - [11/Aug/2020:08:47:02 -0500] "GET /galeria/galeria/jquery.fancybox.js?v=2.1.5 HTTP/1.1" 200 48706
181.61.205.0 - - [11/Aug/2020:08:47:05 -0500] "POST /sipse/faces/autenticacion.xhtml HTTP/1.1" 200 2217
186.31.168.112 - - [11/Aug/2020:08:47:03 -0500] "POST /sipse/faces/presentacion/financiero/solicitudProceso/consultarSolicitudProceso.xhtml HTTP/1.1" 200 40460
186.31.168.112 - - [11/Aug/2020:08:47:06 -0500] "GET /sipse/faces/javax.faces.resource/jquery/jquery.js?ln=primefaces&v=4.0 HTTP/1.1" 304 -
181.61.205.0 - - [11/Aug/2020:08:47:06 -0500] "GET /sipse/faces/javax.faces.resource/messages/messages.png?ln=primefaces&v=4.0 HTTP/1.1" 304 -
186.31.168.112 - - [11/Aug/2020:08:47:06 -0500] "GET /sipse/faces/javax.faces.resource/jquery/jquery-plugins.js?ln=primefaces&v=4.0 HTTP/1.1" 304 -
186.31.168.112 - - [11/Aug/2020:08:47:06 -0500] "GET /sipse/faces/javax.faces.resource/primefaces.js?ln=primefaces&v=4.0 HTTP/1.1" 304 -
186.31.168.112 - - [11/Aug/2020:08:47:06 -0500] "GET /sipse/faces/javax.faces.resource/layout/layout.js?ln=primefaces&v=4.0 HTTP/1.1" 304 -
186.31.168.112 - - [11/Aug/2020:08:47:06 -0500] "POST /sipse/faces/presentacion/financiero/solicitudProceso/listarSolicitudProceso.xhtml HTTP/1.1" 200 1376
181.56.76.134 - - [11/Aug/2020:08:47:06 -0500] "POST /sipse/faces/presentacion/financiero/solicitudProceso/listarSolicitudProceso.xhtml HTTP/1.1" 200 34161
181.61.205.0 - - [11/Aug/2020:08:47:06 -0500] "GET /sipse/faces/javax.faces.resource/images/ui-icons_898989_256x240.png?ln=primefaces-aristo HTTP/1.1" 304 -
181.61.205.0 - - [11/Aug/2020:08:47:06 -0500] "POST /sipse/faces/autenticacion.xhtml HTTP/1.1" 200 16038
181.61.205.0 - - [11/Aug/2020:08:47:07 -0500] "GET /sipse/css/custom_css_sg_prime.css HTTP/1.1" 200 5201
181.61.205.0 - - [11/Aug/2020:08:47:07 -0500] "GET /sipse/faces/javax.faces.resource/theme.css?ln=primefaces-sipse HTTP/1.1" 304 -
181.61.205.0 - - [11/Aug/2020:08:47:07 -0500] "GET /sipse/faces/javax.faces.resource/primefaces.css?ln=primefaces&v=4.0 HTTP/1.1" 304 -
181.61.205.0 - - [11/Aug/2020:08:47:07 -0500] "GET /sipse/faces/javax.faces.resource/layout/layout.css?ln=primefaces&v=4.0 HTTP/1.1" 304 -
181.61.205.0 - - [11/Aug/2020:08:47:07 -0500] "GET /sipse/js/jquery.min.js HTTP/1.1" 200 85582
181.61.205.0 - - [11/Aug/2020:08:47:07 -0500] "GET /sipse/faces/javax.faces.resource/jquery/jquery.js?ln=primefaces&v=4.0 HTTP/1.1" 304 -
181.61.205.0 - - [11/Aug/2020:08:47:07 -0500] "GET /sipse/faces/javax.faces.resource/jquery/jquery-plugins.js?ln=primefaces&v=4.0 HTTP/1.1" 304 -
181.61.205.0 - - [11/Aug/2020:08:47:07 -0500] "GET /sipse/faces/javax.faces.resource/primefaces.js?ln=primefaces&v=4.0 HTTP/1.1" 304 -
181.61.205.0 - - [11/Aug/2020:08:47:08 -0500] "GET /sipse/faces/javax.faces.resource/layout/layout.js?ln=primefaces&v=4.0 HTTP/1.1" 304 -
181.61.205.0 - - [11/Aug/2020:08:47:08 -0500] "GET /sipse/css/imagen/contrasena.png HTTP/1.1" 404 383
181.61.205.0 - - [11/Aug/2020:08:47:08 -0500] "GET /sipse/imagenes/cargando.gif HTTP/1.1" 200 36959
181.61.205.0 - - [11/Aug/2020:08:47:08 -0500] "GET /sipse/imagenes/logoAplicacion.jpg HTTP/1.1" 200 155084
181.61.205.0 - - [11/Aug/2020:08:47:09 -0500] "GET /sipse/faces/javax.faces.resource/images/ui-bg_flat_0_2d5972_40x100.png?ln=primefaces-aristo HTTP/1.1" 304 -
181.61.205.0 - - [11/Aug/2020:08:47:10 -0500] "POST /sipse/faces/bienvenido.xhtml HTTP/1.1" 200 2658
181.61.205.0 - - [11/Aug/2020:08:47:10 -0500] "POST /sipse/faces/bienvenido.xhtml HTTP/1.1" 200 59729
181.61.205.0 - - [11/Aug/2020:08:47:10 -0500] "GET /sipse/faces/javax.faces.resource/primefaces.css?ln=primefaces&v=4.0 HTTP/1.1" 304 -
181.61.205.0 - - [11/Aug/2020:08:47:10 -0500] "GET /sipse/faces/javax.faces.resource/theme.css?ln=primefaces-sipse HTTP/1.1" 304 -
181.61.205.0 - - [11/Aug/2020:08:47:10 -0500] "GET /sipse/faces/javax.faces.resource/layout/layout.css?ln=primefaces&v=4.0 HTTP/1.1" 304 -
181.61.205.0 - - [11/Aug/2020:08:47:11 -0500] "GET /sipse/faces/javax.faces.resource/jquery/jquery.js?ln=primefaces&v=4.0 HTTP/1.1" 304 -
181.61.205.0 - - [11/Aug/2020:08:47:11 -0500] "GET /sipse/faces/javax.faces.resource/jquery/jquery-plugins.js?ln=primefaces&v=4.0 HTTP/1.1" 304 -
181.61.205.0 - - [11/Aug/2020:08:47:11 -0500] "GET /sipse/faces/javax.faces.resource/primefaces.js?ln=primefaces&v=4.0 HTTP/1.1" 304 -
181.61.205.0 - - [11/Aug/2020:08:47:11 -0500] "GET /sipse/faces/javax.faces.resource/layout/layout.js?ln=primefaces&v=4.0 HTTP/1.1" 304 -
181.61.205.0 - - [11/Aug/2020:08:47:11 -0500] "POST /sipse/faces/presentacion/financiero/solicitudProceso/listarSolicitudProceso.xhtml HTTP/1.1" 200 1448
186.31.168.112 - - [11/Aug/2020:08:47:16 -0500] "POST /sipse/faces/presentacion/financiero/solicitudProceso/listarSolicitudProceso.xhtml HTTP/1.1" 200 122386
186.31.168.112 - - [11/Aug/2020:08:47:16 -0500] "GET /sipse/faces/javax.faces.resource/jquery/jquery.js?ln=primefaces&v=4.0 HTTP/1.1" 304 -
186.31.168.112 - - [11/Aug/2020:08:47:16 -0500] "GET /sipse/faces/javax.faces.resource/jquery/jquery-plugins.js?ln=primefaces&v=4.0 HTTP/1.1" 304 -
186.31.168.112 - - [11/Aug/2020:08:47:16 -0500] "GET /sipse/faces/javax.faces.resource/primefaces.js?ln=primefaces&v=4.0 HTTP/1.1" 304 -
186.31.168.112 - - [11/Aug/2020:08:47:16 -0500] "GET /sipse/faces/javax.faces.resource/layout/layout.js?ln=primefaces&v=4.0 HTTP/1.1" 304 -
190.27.245.107 - - [11/Aug/2020:08:47:17 -0500] "GET /reportes_sipse/sdg/ServletReporte?reporte=experienia_idoneidad&solicitud=10819&pfdrid_c=false HTTP/1.1" 200 113804
181.52.58.143 - - [11/Aug/2020:08:47:17 -0500] "POST /sipse/faces/presentacion/financiero/solicitudProceso/listarSolicitudProceso.xhtml HTTP/1.1" 200 285095
181.56.76.134 - - [11/Aug/2020:08:47:18 -0500] "POST /sipse/faces/presentacion/financiero/solicitudProceso/listarSolicitudProceso.xhtml HTTP/1.1" 200 34180
181.56.76.134 - - [11/Aug/2020:08:47:19 -0500] "POST /sipse/faces/presentacion/financiero/solicitudProceso/listarSolicitudProceso.xhtml HTTP/1.1" 200 34176
181.56.76.134 - - [11/Aug/2020:08:47:21 -0500] "POST /sipse/faces/presentacion/financiero/solicitudProceso/listarSolicitudProceso.xhtml HTTP/1.1" 200 34430
181.56.76.134 - - [11/Aug/2020:08:47:23 -0500] "POST /sipse/faces/presentacion/financiero/solicitudProceso/listarSolicitudProceso.xhtml HTTP/1.1" 200 6158
190.28.141.179 - - [11/Aug/2020:08:47:25 -0500] "GET /BLA/boletinlegal/js/jquery.scrollShow.js HTTP/1.1" 200 4586
190.28.141.179 - - [11/Aug/2020:08:47:25 -0500] "GET /galeria/galeria/jquery.fancybox.css?v=2.1.5 HTTP/1.1" 200 4895
190.28.141.179 - - [11/Aug/2020:08:47:25 -0500] "GET /galeria/galeria/jquery.fancybox.js?v=2.1.5 HTTP/1.1" 200 48706
186.114.111.152 - - [11/Aug/2020:08:47:27 -0500] "GET /galeria/galeria/jquery.fancybox.css?v=2.1.5 HTTP/1.1" 200 4895
186.114.111.152 - - [11/Aug/2020:08:47:27 -0500] "GET /BLA/boletinlegal/js/jquery.scrollShow.js HTTP/1.1" 200 4586
186.114.111.152 - - [11/Aug/2020:08:47:27 -0500] "GET /galeria/galeria/jquery.fancybox.js?v=2.1.5 HTTP/1.1" 200 48706
181.56.76.134 - - [11/Aug/2020:08:47:27 -0500] "POST /sipse/faces/presentacion/financiero/solicitudProceso/listarSolicitudProceso.xhtml HTTP/1.1" 200 34176
186.31.168.112 - - [11/Aug/2020:08:47:26 -0500] "POST /sipse/faces/presentacion/financiero/solicitudProceso/consultarSolicitudProceso.xhtml HTTP/1.1" 200 37624
186.31.168.112 - - [11/Aug/2020:08:47:28 -0500] "GET /sipse/faces/javax.faces.resource/jquery/jquery.js?ln=primefaces&v=4.0 HTTP/1.1" 304 -
186.31.168.112 - - [11/Aug/2020:08:47:28 -0500] "GET /sipse/faces/javax.faces.resource/jquery/jquery-plugins.js?ln=primefaces&v=4.0 HTTP/1.1" 304 -
186.31.168.112 - - [11/Aug/2020:08:47:28 -0500] "GET /sipse/faces/javax.faces.resource/primefaces.js?ln=primefaces&v=4.0 HTTP/1.1" 304 -
186.31.168.112 - - [11/Aug/2020:08:47:28 -0500] "GET /sipse/faces/javax.faces.resource/layout/layout.js?ln=primefaces&v=4.0 HTTP/1.1" 304 -
181.56.76.134 - - [11/Aug/2020:08:47:28 -0500] "POST /sipse/faces/presentacion/financiero/solicitudProceso/listarSolicitudProceso.xhtml HTTP/1.1" 200 34176
186.31.168.112 - - [11/Aug/2020:08:47:28 -0500] "POST /sipse/faces/presentacion/financiero/solicitudProceso/listarSolicitudProceso.xhtml HTTP/1.1" 200 1360
181.56.76.134 - - [11/Aug/2020:08:47:29 -0500] "POST /sipse/faces/presentacion/financiero/solicitudProceso/listarSolicitudProceso.xhtml HTTP/1.1" 200 34180
69.162.124.227 - - [11/Aug/2020:08:47:31 -0500] "HEAD / HTTP/1.1" 200 -
181.56.76.134 - - [11/Aug/2020:08:47:30 -0500] "POST /sipse/faces/presentacion/financiero/solicitudProceso/listarSolicitudProceso.xhtml HTTP/1.1" 200 34379
181.56.76.134 - - [11/Aug/2020:08:47:34 -0500] "POST /sipse/faces/presentacion/financiero/solicitudProceso/listarSolicitudProceso.xhtml HTTP/1.1" 200 20072
181.56.76.134 - - [11/Aug/2020:08:47:38 -0500] "POST /sipse/faces/presentacion/financiero/solicitudProceso/listarSolicitudProceso.xhtml HTTP/1.1" 200 34176
181.56.76.134 - - [11/Aug/2020:08:47:39 -0500] "POST /sipse/faces/presentacion/financiero/solicitudProceso/listarSolicitudProceso.xhtml HTTP/1.1" 200 34180
201.245.240.215 - - [11/Aug/2020:08:47:43 -0500] "GET /galeria/galeria/jquery.fancybox.css?v=2.1.5 HTTP/1.1" 200 4895
201.245.240.215 - - [11/Aug/2020:08:47:43 -0500] "GET /BLA/boletinlegal/js/jquery.scrollShow.js HTTP/1.1" 200 4586
201.245.240.215 - - [11/Aug/2020:08:47:43 -0500] "GET /galeria/galeria/jquery.fancybox.js?v=2.1.5 HTTP/1.1" 200 48706
186.31.168.112 - - [11/Aug/2020:08:47:43 -0500] "POST /sipse/faces/presentacion/financiero/solicitudProceso/listarSolicitudProceso.xhtml HTTP/1.1" 200 122386
186.31.168.112 - - [11/Aug/2020:08:47:43 -0500] "GET /sipse/faces/javax.faces.resource/jquery/jquery.js?ln=primefaces&v=4.0 HTTP/1.1" 304 -
186.31.168.112 - - [11/Aug/2020:08:47:43 -0500] "GET /sipse/faces/javax.faces.resource/jquery/jquery-plugins.js?ln=primefaces&v=4.0 HTTP/1.1" 304 -
186.31.168.112 - - [11/Aug/2020:08:47:43 -0500] "GET /sipse/faces/javax.faces.resource/primefaces.js?ln=primefaces&v=4.0 HTTP/1.1" 304 -
186.31.168.112 - - [11/Aug/2020:08:47:43 -0500] "GET /sipse/faces/javax.faces.resource/layout/layout.js?ln=primefaces&v=4.0 HTTP/1.1" 304 -
190.27.245.107 - - [11/Aug/2020:08:47:43 -0500] "GET /reportes_sipse/sdg/ServletReporte?reporte=experienia_idoneidad&solicitud=10819&pfdrid_c=false HTTP/1.1" 200 113804
181.56.76.134 - - [11/Aug/2020:08:47:45 -0500] "POST /sipse/faces/presentacion/financiero/solicitudProceso/listarSolicitudProceso.xhtml HTTP/1.1" 200 34498
181.56.76.134 - - [11/Aug/2020:08:47:46 -0500] "POST /sipse/faces/presentacion/financiero/solicitudProceso/listarSolicitudProceso.xhtml HTTP/1.1" 200 14531
181.56.76.134 - - [11/Aug/2020:08:47:49 -0500] "POST /sipse/faces/presentacion/financiero/solicitudProceso/listarSolicitudProceso.xhtml HTTP/1.1" 200 34498
186.31.168.112 - - [11/Aug/2020:08:47:48 -0500] "POST /sipse/faces/presentacion/financiero/solicitudProceso/consultarSolicitudProceso.xhtml HTTP/1.1" 200 34783
186.31.168.112 - - [11/Aug/2020:08:47:50 -0500] "GET /sipse/faces/javax.faces.resource/jquery/jquery.js?ln=primefaces&v=4.0 HTTP/1.1" 304 -
186.31.168.112 - - [11/Aug/2020:08:47:50 -0500] "GET /sipse/faces/javax.faces.resource/jquery/jquery-plugins.js?ln=primefaces&v=4.0 HTTP/1.1" 304 -
186.31.168.112 - - [11/Aug/2020:08:47:50 -0500] "GET /sipse/faces/javax.faces.resource/primefaces.js?ln=primefaces&v=4.0 HTTP/1.1" 304 -
186.31.168.112 - - [11/Aug/2020:08:47:50 -0500] "GET /sipse/faces/javax.faces.resource/layout/layout.js?ln=primefaces&v=4.0 HTTP/1.1" 304 -
181.56.76.134 - - [11/Aug/2020:08:47:50 -0500] "POST /sipse/faces/presentacion/financiero/solicitudProceso/listarSolicitudProceso.xhtml HTTP/1.1" 200 34498
186.31.168.112 - - [11/Aug/2020:08:47:50 -0500] "POST /sipse/faces/presentacion/financiero/solicitudProceso/listarSolicitudProceso.xhtml HTTP/1.1" 200 1344
181.56.76.134 - - [11/Aug/2020:08:47:51 -0500] "POST /sipse/faces/presentacion/financiero/solicitudProceso/listarSolicitudProceso.xhtml HTTP/1.1" 200 34180
181.56.76.134 - - [11/Aug/2020:08:47:53 -0500] "POST /sipse/faces/presentacion/financiero/solicitudProceso/listarSolicitudProceso.xhtml HTTP/1.1" 200 34180
181.56.76.134 - - [11/Aug/2020:08:47:54 -0500] "POST /sipse/faces/presentacion/financiero/solicitudProceso/listarSolicitudProceso.xhtml HTTP/1.1" 200 34177
186.31.168.112 - - [11/Aug/2020:08:47:57 -0500] "POST /sipse/faces/presentacion/financiero/solicitudProceso/listarSolicitudProceso.xhtml HTTP/1.1" 200 122413
186.31.168.112 - - [11/Aug/2020:08:47:58 -0500] "GET /sipse/faces/javax.faces.resource/jquery/jquery.js?ln=primefaces&v=4.0 HTTP/1.1" 304 -
186.31.168.112 - - [11/Aug/2020:08:47:58 -0500] "GET /sipse/faces/javax.faces.resource/jquery/jquery-plugins.js?ln=primefaces&v=4.0 HTTP/1.1" 304 -
186.31.168.112 - - [11/Aug/2020:08:47:58 -0500] "GET /sipse/faces/javax.faces.resource/primefaces.js?ln=primefaces&v=4.0 HTTP/1.1" 304 -
186.31.168.112 - - [11/Aug/2020:08:47:58 -0500] "GET /sipse/faces/javax.faces.resource/layout/layout.js?ln=primefaces&v=4.0 HTTP/1.1" 304 -
190.27.245.107 - - [11/Aug/2020:08:47:58 -0500] "GET /reportes_sipse/sdg/ServletReporte?reporte=experienia_idoneidad&solicitud=10819&pfdrid_c=false HTTP/1.1" 200 113804
181.61.205.0 - - [11/Aug/2020:08:48:00 -0500] "POST /sipse/faces/presentacion/financiero/solicitudProceso/listarSolicitudProceso.xhtml HTTP/1.1" 200 18892
186.80.191.201 - - [11/Aug/2020:08:48:01 -0500] "POST /sipse/faces/presentacion/financiero/solicitudProceso/consultarSolicitudProceso.xhtml HTTP/1.1" 200 93973
190.84.172.33 - - [11/Aug/2020:08:48:02 -0500] "POST /sipse/faces/presentacion/contratacion/procesoContractual/registrarInvitacionContratista.xhtml HTTP/1.1" 200 30158
190.84.172.33 - - [11/Aug/2020:08:48:02 -0500] "GET /sipse/faces/javax.faces.resource/jquery/jquery.js?ln=primefaces&v=4.0 HTTP/1.1" 304 -
190.84.172.33 - - [11/Aug/2020:08:48:03 -0500] "GET /sipse/faces/javax.faces.resource/jquery/jquery-plugins.js?ln=primefaces&v=4.0 HTTP/1.1" 304 -
190.84.172.33 - - [11/Aug/2020:08:48:03 -0500] "GET /sipse/faces/javax.faces.resource/primefaces.js?ln=primefaces&v=4.0 HTTP/1.1" 304 -
190.84.172.33 - - [11/Aug/2020:08:48:03 -0500] "GET /sipse/faces/javax.faces.resource/layout/layout.js?ln=primefaces&v=4.0 HTTP/1.1" 304 -
190.84.172.33 - - [11/Aug/2020:08:48:12 -0500] "POST /sipse/faces/presentacion/contratacion/contratista/listarContratista.xhtml HTTP/1.1" 200 67760
190.84.172.33 - - [11/Aug/2020:08:48:13 -0500] "GET /sipse/faces/javax.faces.resource/primefaces.js?ln=primefaces&v=4.0 HTTP/1.1" 304 -
190.84.172.33 - - [11/Aug/2020:08:48:13 -0500] "GET /sipse/faces/javax.faces.resource/theme.css?ln=primefaces-sipse HTTP/1.1" 304 -
190.84.172.33 - - [11/Aug/2020:08:48:13 -0500] "GET /sipse/faces/javax.faces.resource/primefaces.css?ln=primefaces&v=4.0 HTTP/1.1" 304 -
190.84.172.33 - - [11/Aug/2020:08:48:13 -0500] "GET /sipse/faces/javax.faces.resource/layout/layout.css?ln=primefaces&v=4.0 HTTP/1.1" 304 -
190.84.172.33 - - [11/Aug/2020:08:48:13 -0500] "GET /sipse/faces/javax.faces.resource/jquery/jquery.js?ln=primefaces&v=4.0 HTTP/1.1" 304 -
190.84.172.33 - - [11/Aug/2020:08:48:13 -0500] "GET /sipse/faces/javax.faces.resource/layout/layout.js?ln=primefaces&v=4.0 HTTP/1.1" 304 -
190.84.172.33 - - [11/Aug/2020:08:48:13 -0500] "GET /sipse/faces/javax.faces.resource/jquery/jquery-plugins.js?ln=primefaces&v=4.0 HTTP/1.1" 304 -
190.84.172.33 - - [11/Aug/2020:08:48:13 -0500] "GET /sipse/faces/javax.faces.resource/spacer/dot_clear.gif?ln=primefaces&v=4.0 HTTP/1.1" 304 -
190.84.172.33 - - [11/Aug/2020:08:48:13 -0500] "GET /sipse/faces/javax.faces.resource/images/ui-icons_898989_256x240.png?ln=primefaces-aristo HTTP/1.1" 304 -
201.244.44.156 - - [11/Aug/2020:08:48:16 -0500] "GET /galeria/galeria/fotos/mico1P.jpg HTTP/1.1" 200 28110
201.244.44.156 - - [11/Aug/2020:08:48:16 -0500] "GET /galeria/galeria/fotos/micos6P.jpg HTTP/1.1" 200 31809
201.244.44.156 - - [11/Aug/2020:08:48:16 -0500] "GET /galeria/galeria/fotos/micos7P.jpg HTTP/1.1" 200 30212
201.244.44.156 - - [11/Aug/2020:08:48:16 -0500] "GET /galeria/galeria/fotos/micos5P.jpg HTTP/1.1" 200 37145
201.244.44.156 - - [11/Aug/2020:08:48:16 -0500] "GET /galeria/galeria/fotos/boa8P.jpg HTTP/1.1" 200 28060
201.244.44.156 - - [11/Aug/2020:08:48:16 -0500] "GET /galeria/galeria/fotos/boa10P.jpg HTTP/1.1" 200 19337
201.244.44.156 - - [11/Aug/2020:08:48:16 -0500] "GET /galeria/galeria/fotos/boa11P.jpg HTTP/1.1" 200 25099
201.244.44.156 - - [11/Aug/2020:08:48:16 -0500] "GET /galeria/galeria/fotos/loro3P.jpg HTTP/1.1" 200 24900
201.244.44.156 - - [11/Aug/2020:08:48:16 -0500] "GET /galeria/galeria/fotos/cusumbo4P.jpg HTTP/1.1" 200 34990
201.244.44.156 - - [11/Aug/2020:08:48:16 -0500] "GET /galeria/galeria/fotos/tortuga2P.jpg HTTP/1.1" 200 33472
190.0.244.43 - - [11/Aug/2020:08:48:17 -0500] "GET /galeria/galeria/jquery.fancybox.css?v=2.1.5 HTTP/1.1" 200 4895
186.148.184.90 - - [11/Aug/2020:08:48:17 -0500] "GET /BLA/boletinlegal/js/jquery.scrollShow.js HTTP/1.1" 200 4586
186.148.184.90 - - [11/Aug/2020:08:48:17 -0500] "GET /galeria/galeria/jquery.fancybox.js?v=2.1.5 HTTP/1.1" 200 48706
186.31.168.112 - - [11/Aug/2020:08:48:16 -0500] "POST /sipse/faces/presentacion/financiero/solicitudProceso/consultarSolicitudProceso.xhtml HTTP/1.1" 200 31759
200.118.63.56 - - [11/Aug/2020:08:48:18 -0500] "GET /galeria/carrusel/Carrusel/jquery.thumbnailScroller.css HTTP/1.1" 200 2066
186.31.168.112 - - [11/Aug/2020:08:48:18 -0500] "GET /sipse/faces/javax.faces.resource/jquery/jquery.js?ln=primefaces&v=4.0 HTTP/1.1" 304 -
186.31.168.112 - - [11/Aug/2020:08:48:18 -0500] "GET /sipse/faces/javax.faces.resource/jquery/jquery-plugins.js?ln=primefaces&v=4.0 HTTP/1.1" 304 -
200.118.63.56 - - [11/Aug/2020:08:48:18 -0500] "GET /galeria/carrusel/Carrusel/jquery-ui-1.8.13.custom.min.js HTTP/1.1" 200 10800
186.31.168.112 - - [11/Aug/2020:08:48:18 -0500] "GET /sipse/faces/javax.faces.resource/primefaces.js?ln=primefaces&v=4.0 HTTP/1.1" 304 -
200.118.63.56 - - [11/Aug/2020:08:48:18 -0500] "GET /galeria/carrusel/Carrusel/jquery.thumbnailScroller.js HTTP/1.1" 200 8157
200.118.63.56 - - [11/Aug/2020:08:48:18 -0500] "GET /galeria/nivo-slider/demo/inicio80.html HTTP/1.1" 200 5365
186.31.168.112 - - [11/Aug/2020:08:48:18 -0500] "GET /sipse/faces/javax.faces.resource/layout/layout.js?ln=primefaces&v=4.0 HTTP/1.1" 304 -
200.118.63.56 - - [11/Aug/2020:08:48:18 -0500] "GET /galeria/nivo-slider/themes/default/default.css HTTP/1.1" 200 1569
200.118.63.56 - - [11/Aug/2020:08:48:18 -0500] "GET /galeria/nivo-slider/themes/pascal/pascal.css HTTP/1.1" 200 2258
186.31.168.112 - - [11/Aug/2020:08:48:18 -0500] "POST /sipse/faces/presentacion/financiero/solicitudProceso/listarSolicitudProceso.xhtml HTTP/1.1" 200 1328
200.118.63.56 - - [11/Aug/2020:08:48:18 -0500] "GET /galeria/nivo-slider/themes/orman/orman.css HTTP/1.1" 200 2152
200.118.63.56 - - [11/Aug/2020:08:48:18 -0500] "GET /galeria/nivo-slider/nivo-slider.css HTTP/1.1" 200 1507
200.118.63.56 - - [11/Aug/2020:08:48:18 -0500] "GET /galeria/nivo-slider/demo/style.css HTTP/1.1" 200 2222
200.118.63.56 - - [11/Aug/2020:08:48:18 -0500] "GET /galeria/nivo-slider/demo/images/bannerwebforo.png HTTP/1.1" 200 277381
200.118.63.56 - - [11/Aug/2020:08:48:18 -0500] "GET /galeria/nivo-slider/demo/images/bannerclasesvirtual.jpg HTTP/1.1" 200 191931
200.118.63.56 - - [11/Aug/2020:08:48:19 -0500] "GET /galeria/nivo-slider/demo/images/bannerwebvejez.jpg HTTP/1.1" 200 27281
200.118.63.56 - - [11/Aug/2020:08:48:19 -0500] "GET /galeria/nivo-slider/demo/images/bannernaranja.jpg HTTP/1.1" 200 40936
200.118.63.56 - - [11/Aug/2020:08:48:19 -0500] "GET /galeria/nivo-slider/demo/images/bannercopeton.jpg HTTP/1.1" 200 312974
200.118.63.56 - - [11/Aug/2020:08:48:19 -0500] "GET /galeria/nivo-slider/demo/images/bannerjardin.jpg HTTP/1.1" 200 302761
200.118.63.56 - - [11/Aug/2020:08:48:19 -0500] "GET /galeria/nivo-slider/demo/images/Bannercuidate.jpg HTTP/1.1" 200 75508
