190.27.7.129 - - [16/Aug/2020:10:37:48 -0500] "POST /sipse/faces/presentacion/financiero/solicitudProceso/listarSolicitudProceso.xhtml HTTP/1.1" 200 34456
186.84.91.8 - - [16/Aug/2020:10:37:56 -0500] "GET /sipse/faces/javax.faces.resource/theme.css?ln=primefaces-sipse HTTP/1.1" 304 -
186.84.91.8 - - [16/Aug/2020:10:37:56 -0500] "GET /sipse/faces/javax.faces.resource/primefaces.css?ln=primefaces&v=4.0 HTTP/1.1" 304 -
186.84.91.8 - - [16/Aug/2020:10:37:56 -0500] "GET /sipse/faces/javax.faces.resource/layout/layout.css?ln=primefaces&v=4.0 HTTP/1.1" 304 -
186.84.91.8 - - [16/Aug/2020:10:37:56 -0500] "GET /sipse/faces/javax.faces.resource/jquery/jquery.js?ln=primefaces&v=4.0 HTTP/1.1" 304 -
186.84.91.8 - - [16/Aug/2020:10:37:56 -0500] "GET /sipse/faces/javax.faces.resource/jquery/jquery-plugins.js?ln=primefaces&v=4.0 HTTP/1.1" 304 -
186.84.91.8 - - [16/Aug/2020:10:37:56 -0500] "GET /sipse/faces/javax.faces.resource/primefaces.js?ln=primefaces&v=4.0 HTTP/1.1" 304 -
186.84.91.8 - - [16/Aug/2020:10:37:56 -0500] "GET /sipse/faces/javax.faces.resource/layout/layout.js?ln=primefaces&v=4.0 HTTP/1.1" 304 -
186.84.91.8 - - [16/Aug/2020:10:37:54 -0500] "POST /sipse/faces/presentacion/sistema/anexos/cargarAnexoSolicitudProceso.xhtml HTTP/1.1" 200 200324
190.27.245.107 - - [16/Aug/2020:10:37:58 -0500] "GET /reportes_sipse/sdg/ServletReporte?reporte=experienia_idoneidad&solicitud=10672&pfdrid_c=false HTTP/1.1" 200 163877
186.84.91.8 - - [16/Aug/2020:10:38:03 -0500] "POST /sipse/faces/presentacion/financiero/solicitudProceso/consultarSolicitudProceso.xhtml HTTP/1.1" 200 6194
186.84.22.0 - - [16/Aug/2020:10:38:01 -0500] "POST /sipse/faces/presentacion/financiero/solicitudProceso/consultarSolicitudProceso.xhtml HTTP/1.1" 200 4581028
186.84.91.8 - - [16/Aug/2020:10:38:04 -0500] "POST /sipse/faces/presentacion/financiero/solicitudProceso/consultarSolicitudProceso.xhtml HTTP/1.1" 200 58683
186.84.91.8 - - [16/Aug/2020:10:38:07 -0500] "GET /sipse/faces/javax.faces.resource/theme.css?ln=primefaces-sipse HTTP/1.1" 304 -
186.84.91.8 - - [16/Aug/2020:10:38:07 -0500] "GET /sipse/faces/javax.faces.resource/layout/layout.css?ln=primefaces&v=4.0 HTTP/1.1" 304 -
186.84.91.8 - - [16/Aug/2020:10:38:07 -0500] "GET /sipse/faces/javax.faces.resource/primefaces.css?ln=primefaces&v=4.0 HTTP/1.1" 304 -
186.84.91.8 - - [16/Aug/2020:10:38:07 -0500] "GET /sipse/faces/javax.faces.resource/jquery/jquery.js?ln=primefaces&v=4.0 HTTP/1.1" 304 -
186.84.91.8 - - [16/Aug/2020:10:38:07 -0500] "GET /sipse/faces/javax.faces.resource/jquery/jquery-plugins.js?ln=primefaces&v=4.0 HTTP/1.1" 304 -
186.84.91.8 - - [16/Aug/2020:10:38:07 -0500] "GET /sipse/faces/javax.faces.resource/primefaces.js?ln=primefaces&v=4.0 HTTP/1.1" 304 -
186.84.91.8 - - [16/Aug/2020:10:38:08 -0500] "GET /sipse/faces/javax.faces.resource/layout/layout.js?ln=primefaces&v=4.0 HTTP/1.1" 304 -
186.84.91.8 - - [16/Aug/2020:10:38:09 -0500] "POST /sipse/faces/presentacion/financiero/solicitudProceso/listarSolicitudProceso.xhtml HTTP/1.1" 200 1448
190.27.7.129 - - [16/Aug/2020:10:38:24 -0500] "POST /sipse/faces/presentacion/financiero/solicitudProceso/listarSolicitudProceso.xhtml HTTP/1.1" 200 34452
186.84.22.0 - - [16/Aug/2020:10:38:30 -0500] "POST /sipse/faces/presentacion/financiero/solicitudProceso/consultarSolicitudProceso.xhtml HTTP/1.1" 200 1403532
186.84.91.8 - - [16/Aug/2020:10:38:30 -0500] "POST /sipse/faces/presentacion/financiero/solicitudProceso/listarSolicitudProceso.xhtml HTTP/1.1" 200 148840
186.84.91.8 - - [16/Aug/2020:10:38:32 -0500] "GET /sipse/faces/javax.faces.resource/theme.css?ln=primefaces-sipse HTTP/1.1" 304 -
186.84.91.8 - - [16/Aug/2020:10:38:32 -0500] "GET /sipse/faces/javax.faces.resource/layout/layout.css?ln=primefaces&v=4.0 HTTP/1.1" 304 -
186.84.91.8 - - [16/Aug/2020:10:38:32 -0500] "GET /sipse/faces/javax.faces.resource/primefaces.css?ln=primefaces&v=4.0 HTTP/1.1" 304 -
186.84.91.8 - - [16/Aug/2020:10:38:32 -0500] "GET /sipse/faces/javax.faces.resource/jquery/jquery.js?ln=primefaces&v=4.0 HTTP/1.1" 304 -
186.84.91.8 - - [16/Aug/2020:10:38:32 -0500] "GET /sipse/faces/javax.faces.resource/jquery/jquery-plugins.js?ln=primefaces&v=4.0 HTTP/1.1" 304 -
186.84.91.8 - - [16/Aug/2020:10:38:33 -0500] "GET /sipse/faces/javax.faces.resource/primefaces.js?ln=primefaces&v=4.0 HTTP/1.1" 304 -
186.84.91.8 - - [16/Aug/2020:10:38:33 -0500] "GET /sipse/faces/javax.faces.resource/layout/layout.js?ln=primefaces&v=4.0 HTTP/1.1" 304 -
190.27.245.107 - - [16/Aug/2020:10:38:35 -0500] "GET /reportes_sipse/sdg/ServletReporte?reporte=experienia_idoneidad&solicitud=10672&pfdrid_c=false HTTP/1.1" 200 163877
200.119.48.200 - - [16/Aug/2020:10:38:47 -0500] "GET /galeria/galeria/jquery.fancybox.css?v=2.1.5 HTTP/1.1" 200 4895
200.119.48.200 - - [16/Aug/2020:10:38:47 -0500] "GET /BLA/boletinlegal/js/jquery.scrollShow.js HTTP/1.1" 200 4586
200.119.48.200 - - [16/Aug/2020:10:38:47 -0500] "GET /galeria/galeria/jquery.fancybox.js?v=2.1.5 HTTP/1.1" 200 48706
186.30.30.67 - - [16/Aug/2020:10:38:53 -0500] "POST /sipse/faces/presentacion/financiero/solicitudProceso/consultarHistorialSolProceso.xhtml HTTP/1.1" 200 34400
186.30.30.67 - - [16/Aug/2020:10:38:53 -0500] "GET /sipse/faces/javax.faces.resource/theme.css?ln=primefaces-sipse HTTP/1.1" 304 -
186.30.30.67 - - [16/Aug/2020:10:38:53 -0500] "GET /sipse/faces/javax.faces.resource/primefaces.css?ln=primefaces&v=4.0 HTTP/1.1" 304 -
186.30.30.67 - - [16/Aug/2020:10:38:53 -0500] "GET /sipse/faces/javax.faces.resource/layout/layout.css?ln=primefaces&v=4.0 HTTP/1.1" 304 -
186.30.30.67 - - [16/Aug/2020:10:38:53 -0500] "GET /sipse/faces/javax.faces.resource/jquery/jquery.js?ln=primefaces&v=4.0 HTTP/1.1" 304 -
186.30.30.67 - - [16/Aug/2020:10:38:53 -0500] "GET /sipse/faces/javax.faces.resource/jquery/jquery-plugins.js?ln=primefaces&v=4.0 HTTP/1.1" 304 -
186.30.30.67 - - [16/Aug/2020:10:38:53 -0500] "GET /sipse/faces/javax.faces.resource/primefaces.js?ln=primefaces&v=4.0 HTTP/1.1" 304 -
186.30.30.67 - - [16/Aug/2020:10:38:54 -0500] "GET /sipse/faces/javax.faces.resource/layout/layout.js?ln=primefaces&v=4.0 HTTP/1.1" 304 -
186.30.30.67 - - [16/Aug/2020:10:38:54 -0500] "POST /sipse/faces/presentacion/financiero/solicitudProceso/listarSolicitudProceso.xhtml HTTP/1.1" 200 1344
186.30.30.67 - - [16/Aug/2020:10:38:57 -0500] "POST /sipse/faces/presentacion/financiero/solicitudProceso/listarSolicitudProceso.xhtml HTTP/1.1" 200 8151
186.29.49.202 - - [16/Aug/2020:10:39:00 -0500] "GET /sipse/faces/faces/faces/faces/faces/faces/faces/faces/faces/faces/faces/faces/faces/faces/faces/faces/faces/autenticacion.xhtml HTTP/1.1" 200 12502
186.29.49.202 - - [16/Aug/2020:10:39:00 -0500] "GET /sipse/faces/javax.faces.resource/layout/layout.css;jsessionid=4chr9vKN9mDJoPdU2Q5hdFA2.undefined?ln=primefaces&v=4.0 HTTP/1.1" 200 542
186.29.49.202 - - [16/Aug/2020:10:39:00 -0500] "GET /sipse/faces/javax.faces.resource/jquery/jquery-plugins.js;jsessionid=4chr9vKN9mDJoPdU2Q5hdFA2.undefined?ln=primefaces&v=4.0 HTTP/1.1" 200 220526
186.29.49.202 - - [16/Aug/2020:10:39:00 -0500] "GET /sipse/faces/javax.faces.resource/primefaces.css;jsessionid=4chr9vKN9mDJoPdU2Q5hdFA2.undefined?ln=primefaces&v=4.0 HTTP/1.1" 200 53295
186.29.49.202 - - [16/Aug/2020:10:39:00 -0500] "GET /sipse/faces/javax.faces.resource/jquery/jquery.js;jsessionid=4chr9vKN9mDJoPdU2Q5hdFA2.undefined?ln=primefaces&v=4.0 HTTP/1.1" 200 105384
186.29.49.202 - - [16/Aug/2020:10:39:00 -0500] "GET /sipse/js/funciones.js HTTP/1.1" 304 -
186.29.49.202 - - [16/Aug/2020:10:39:00 -0500] "GET /sipse/css/custom_css_sg.css HTTP/1.1" 304 -
186.29.49.202 - - [16/Aug/2020:10:39:00 -0500] "GET /sipse/faces/javax.faces.resource/layout/layout.js;jsessionid=4chr9vKN9mDJoPdU2Q5hdFA2.undefined?ln=primefaces&v=4.0 HTTP/1.1" 200 87560
186.29.49.202 - - [16/Aug/2020:10:39:00 -0500] "GET /sipse/css/custom_css_sg_prime_login.css HTTP/1.1" 304 -
186.29.49.202 - - [16/Aug/2020:10:39:00 -0500] "GET /sipse/js/disable_browser_buttons.js HTTP/1.1" 304 -
186.29.49.202 - - [16/Aug/2020:10:39:00 -0500] "GET /sipse/faces/javax.faces.resource/theme.css?ln=primefaces-sipse HTTP/1.1" 304 -
186.29.49.202 - - [16/Aug/2020:10:39:00 -0500] "GET /sipse/faces/javax.faces.resource/primefaces.js;jsessionid=4chr9vKN9mDJoPdU2Q5hdFA2.undefined?ln=primefaces&v=4.0 HTTP/1.1" 200 276924
186.29.49.202 - - [16/Aug/2020:10:39:01 -0500] "GET /sipse/css/imagen/logoSDG.png HTTP/1.1" 304 -
186.29.49.202 - - [16/Aug/2020:10:39:01 -0500] "GET /sipse/css/imagen/loginimg.png HTTP/1.1" 304 -
186.29.49.202 - - [16/Aug/2020:10:39:01 -0500] "GET /sipse/faces/javax.faces.resource/images/ui-icons_898989_256x240.png?ln=primefaces-aristo HTTP/1.1" 304 -
186.29.49.202 - - [16/Aug/2020:10:39:01 -0500] "GET /sipse/faces/faces/faces/faces/faces/faces/faces/faces/faces/faces/faces/faces/faces/faces/faces/faces/faces/index.xhtml HTTP/1.1" 200 677
186.29.49.202 - - [16/Aug/2020:10:39:01 -0500] "GET /sipse/faces/javax.faces.resource/theme.css?ln=primefaces-sipse HTTP/1.1" 304 -
186.29.49.202 - - [16/Aug/2020:10:39:01 -0500] "GET /sipse/faces/faces/faces/faces/faces/faces/faces/faces/faces/faces/faces/faces/faces/faces/faces/faces/faces/faces/autenticacion.xhtml HTTP/1.1" 200 12180
186.29.49.202 - - [16/Aug/2020:10:39:01 -0500] "GET /sipse/faces/javax.faces.resource/theme.css?ln=primefaces-sipse HTTP/1.1" 304 -
186.29.49.202 - - [16/Aug/2020:10:39:01 -0500] "GET /sipse/faces/javax.faces.resource/layout/layout.css?ln=primefaces&v=4.0 HTTP/1.1" 304 -
186.29.49.202 - - [16/Aug/2020:10:39:01 -0500] "GET /sipse/faces/javax.faces.resource/primefaces.css?ln=primefaces&v=4.0 HTTP/1.1" 304 -
186.29.49.202 - - [16/Aug/2020:10:39:01 -0500] "GET /sipse/faces/javax.faces.resource/jquery/jquery.js?ln=primefaces&v=4.0 HTTP/1.1" 304 -
186.29.49.202 - - [16/Aug/2020:10:39:01 -0500] "GET /sipse/faces/javax.faces.resource/layout/layout.js?ln=primefaces&v=4.0 HTTP/1.1" 304 -
186.29.49.202 - - [16/Aug/2020:10:39:01 -0500] "GET /sipse/faces/javax.faces.resource/jquery/jquery-plugins.js?ln=primefaces&v=4.0 HTTP/1.1" 304 -
186.29.49.202 - - [16/Aug/2020:10:39:01 -0500] "GET /sipse/faces/javax.faces.resource/primefaces.js?ln=primefaces&v=4.0 HTTP/1.1" 304 -
186.29.49.202 - - [16/Aug/2020:10:39:01 -0500] "GET /sipse/faces/javax.faces.resource/images/ui-icons_898989_256x240.png?ln=primefaces-aristo HTTP/1.1" 304 -
186.84.91.8 - - [16/Aug/2020:10:39:04 -0500] "POST /sipse/faces/presentacion/financiero/solicitudProceso/consultarSolicitudProceso.xhtml HTTP/1.1" 200 20180
186.84.91.8 - - [16/Aug/2020:10:39:05 -0500] "GET /sipse/faces/javax.faces.resource/primefaces.css?ln=primefaces&v=4.0 HTTP/1.1" 304 -
186.84.91.8 - - [16/Aug/2020:10:39:05 -0500] "GET /sipse/faces/javax.faces.resource/theme.css?ln=primefaces-sipse HTTP/1.1" 304 -
186.84.91.8 - - [16/Aug/2020:10:39:05 -0500] "GET /sipse/faces/javax.faces.resource/jquery/jquery.js?ln=primefaces&v=4.0 HTTP/1.1" 304 -
186.84.91.8 - - [16/Aug/2020:10:39:05 -0500] "GET /sipse/faces/javax.faces.resource/jquery/jquery-plugins.js?ln=primefaces&v=4.0 HTTP/1.1" 304 -
186.84.91.8 - - [16/Aug/2020:10:39:05 -0500] "GET /sipse/faces/javax.faces.resource/primefaces.js?ln=primefaces&v=4.0 HTTP/1.1" 304 -
186.84.91.8 - - [16/Aug/2020:10:39:05 -0500] "GET /sipse/faces/javax.faces.resource/layout/layout.js?ln=primefaces&v=4.0 HTTP/1.1" 304 -
186.84.91.8 - - [16/Aug/2020:10:39:05 -0500] "GET /sipse/faces/javax.faces.resource/fileupload/fileupload.js?ln=primefaces&v=4.0 HTTP/1.1" 304 -
186.84.91.8 - - [16/Aug/2020:10:39:06 -0500] "GET /sipse/faces/javax.faces.resource/layout/layout.css?ln=primefaces&v=4.0 HTTP/1.1" 304 -
186.84.91.8 - - [16/Aug/2020:10:39:06 -0500] "GET /sipse/faces/javax.faces.resource/fileupload/fileupload.css?ln=primefaces&v=4.0 HTTP/1.1" 304 -
186.29.49.202 - - [16/Aug/2020:10:39:10 -0500] "POST /sipse/faces/autenticacion.xhtml HTTP/1.1" 200 16467
186.29.49.202 - - [16/Aug/2020:10:39:10 -0500] "GET /sipse/css/custom_css_sg_prime.css HTTP/1.1" 304 -
186.29.49.202 - - [16/Aug/2020:10:39:10 -0500] "GET /sipse/faces/javax.faces.resource/theme.css?ln=primefaces-sipse HTTP/1.1" 304 -
186.29.49.202 - - [16/Aug/2020:10:39:10 -0500] "GET /sipse/faces/javax.faces.resource/primefaces.css?ln=primefaces&v=4.0 HTTP/1.1" 304 -
186.29.49.202 - - [16/Aug/2020:10:39:10 -0500] "GET /sipse/faces/javax.faces.resource/layout/layout.css?ln=primefaces&v=4.0 HTTP/1.1" 304 -
186.29.49.202 - - [16/Aug/2020:10:39:10 -0500] "GET /sipse/js/jquery.min.js HTTP/1.1" 304 -
186.29.49.202 - - [16/Aug/2020:10:39:10 -0500] "GET /sipse/faces/javax.faces.resource/jquery/jquery.js?ln=primefaces&v=4.0 HTTP/1.1" 304 -
186.29.49.202 - - [16/Aug/2020:10:39:10 -0500] "GET /sipse/faces/javax.faces.resource/jquery/jquery-plugins.js?ln=primefaces&v=4.0 HTTP/1.1" 304 -
186.29.49.202 - - [16/Aug/2020:10:39:10 -0500] "GET /sipse/faces/javax.faces.resource/primefaces.js?ln=primefaces&v=4.0 HTTP/1.1" 304 -
186.29.49.202 - - [16/Aug/2020:10:39:10 -0500] "GET /sipse/faces/javax.faces.resource/layout/layout.js?ln=primefaces&v=4.0 HTTP/1.1" 304 -
186.29.49.202 - - [16/Aug/2020:10:39:10 -0500] "GET /sipse/imagenes/cargando.gif HTTP/1.1" 304 -
186.29.49.202 - - [16/Aug/2020:10:39:10 -0500] "GET /sipse/imagenes/logoAplicacion.jpg HTTP/1.1" 304 -
186.29.49.202 - - [16/Aug/2020:10:39:10 -0500] "GET /sipse/css/imagen/contrasena.png HTTP/1.1" 304 -
186.29.49.202 - - [16/Aug/2020:10:39:10 -0500] "GET /sipse/faces/javax.faces.resource/messages/messages.png?ln=primefaces&v=4.0 HTTP/1.1" 304 -
186.29.49.202 - - [16/Aug/2020:10:39:10 -0500] "GET /sipse/faces/javax.faces.resource/images/ui-icons_898989_256x240.png?ln=primefaces-aristo HTTP/1.1" 304 -
200.119.48.200 - - [16/Aug/2020:10:39:12 -0500] "GET /BLA/boletinlegal/js/jquery.scrollShow.js HTTP/1.1" 304 -
200.119.48.200 - - [16/Aug/2020:10:39:12 -0500] "GET /galeria/galeria/jquery.fancybox.js?v=2.1.5 HTTP/1.1" 304 -
200.119.48.200 - - [16/Aug/2020:10:39:12 -0500] "GET /galeria/galeria/jquery.fancybox.css?v=2.1.5 HTTP/1.1" 304 -
191.156.46.217 - - [16/Aug/2020:10:39:13 -0500] "GET /galeria/galeria/jquery.fancybox.css?v=2.1.5 HTTP/1.1" 200 4895
191.156.42.86 - - [16/Aug/2020:10:39:13 -0500] "GET /BLA/boletinlegal/js/jquery.scrollShow.js HTTP/1.1" 200 4586
191.156.46.217 - - [16/Aug/2020:10:39:13 -0500] "GET /galeria/galeria/jquery.fancybox.js?v=2.1.5 HTTP/1.1" 200 48706
186.30.30.67 - - [16/Aug/2020:10:39:13 -0500] "POST /sipse/faces/presentacion/financiero/solicitudProceso/listarSolicitudProceso.xhtml HTTP/1.1" 200 8175
186.29.49.202 - - [16/Aug/2020:10:39:16 -0500] "GET /sipse/faces/javax.faces.resource/images/ui-bg_flat_0_2d5972_40x100.png?ln=primefaces-aristo HTTP/1.1" 304 -
186.29.49.202 - - [16/Aug/2020:10:39:16 -0500] "POST /sipse/faces/bienvenido.xhtml HTTP/1.1" 200 3255
186.155.25.31 - - [16/Aug/2020:10:39:17 -0500] "GET /BLA/boletinlegal/js/jquery.scrollShow.js HTTP/1.1" 200 4586
186.155.25.31 - - [16/Aug/2020:10:39:17 -0500] "GET /galeria/galeria/jquery.fancybox.js?v=2.1.5 HTTP/1.1" 200 48706
186.155.25.31 - - [16/Aug/2020:10:39:17 -0500] "GET /galeria/galeria/jquery.fancybox.css?v=2.1.5 HTTP/1.1" 200 4895
186.29.49.202 - - [16/Aug/2020:10:39:17 -0500] "POST /sipse/faces/bienvenido.xhtml HTTP/1.1" 200 60083
186.29.49.202 - - [16/Aug/2020:10:39:18 -0500] "GET /sipse/faces/javax.faces.resource/theme.css?ln=primefaces-sipse HTTP/1.1" 304 -
186.29.49.202 - - [16/Aug/2020:10:39:18 -0500] "GET /sipse/faces/javax.faces.resource/layout/layout.css?ln=primefaces&v=4.0 HTTP/1.1" 304 -
186.29.49.202 - - [16/Aug/2020:10:39:18 -0500] "GET /sipse/faces/javax.faces.resource/primefaces.css?ln=primefaces&v=4.0 HTTP/1.1" 304 -
186.29.49.202 - - [16/Aug/2020:10:39:18 -0500] "GET /sipse/faces/javax.faces.resource/jquery/jquery.js?ln=primefaces&v=4.0 HTTP/1.1" 304 -
186.29.49.202 - - [16/Aug/2020:10:39:18 -0500] "GET /sipse/faces/javax.faces.resource/jquery/jquery-plugins.js?ln=primefaces&v=4.0 HTTP/1.1" 304 -
186.29.49.202 - - [16/Aug/2020:10:39:18 -0500] "GET /sipse/faces/javax.faces.resource/primefaces.js?ln=primefaces&v=4.0 HTTP/1.1" 304 -
186.29.49.202 - - [16/Aug/2020:10:39:18 -0500] "GET /sipse/faces/javax.faces.resource/layout/layout.js?ln=primefaces&v=4.0 HTTP/1.1" 304 -
186.29.49.202 - - [16/Aug/2020:10:39:18 -0500] "GET /sipse/faces/javax.faces.resource/images/ui-icons_898989_256x240.png?ln=primefaces-aristo HTTP/1.1" 304 -
186.29.49.202 - - [16/Aug/2020:10:39:18 -0500] "GET /sipse/faces/javax.faces.resource/images/ui-bg_flat_0_2d5972_40x100.png?ln=primefaces-aristo HTTP/1.1" 304 -
186.29.49.202 - - [16/Aug/2020:10:39:18 -0500] "POST /sipse/faces/presentacion/financiero/solicitudProceso/listarSolicitudProceso.xhtml HTTP/1.1" 200 1448
186.84.22.0 - - [16/Aug/2020:10:39:24 -0500] "POST /sipse/faces/presentacion/financiero/solicitudProceso/consultarSolicitudProceso.xhtml HTTP/1.1" 200 575893
186.84.91.8 - - [16/Aug/2020:10:39:25 -0500] "GET /sipse/faces/javax.faces.resource/theme.css?ln=primefaces-sipse HTTP/1.1" 304 -
186.84.91.8 - - [16/Aug/2020:10:39:25 -0500] "GET /sipse/faces/javax.faces.resource/primefaces.css?ln=primefaces&v=4.0 HTTP/1.1" 304 -
186.84.91.8 - - [16/Aug/2020:10:39:25 -0500] "GET /sipse/faces/javax.faces.resource/layout/layout.css?ln=primefaces&v=4.0 HTTP/1.1" 304 -
186.84.91.8 - - [16/Aug/2020:10:39:25 -0500] "GET /sipse/faces/javax.faces.resource/jquery/jquery.js?ln=primefaces&v=4.0 HTTP/1.1" 304 -
186.84.91.8 - - [16/Aug/2020:10:39:25 -0500] "GET /sipse/faces/javax.faces.resource/jquery/jquery-plugins.js?ln=primefaces&v=4.0 HTTP/1.1" 304 -
186.84.91.8 - - [16/Aug/2020:10:39:24 -0500] "POST /sipse/faces/presentacion/sistema/anexos/cargarAnexoSolicitudProceso.xhtml HTTP/1.1" 200 198608
186.84.91.8 - - [16/Aug/2020:10:39:25 -0500] "GET /sipse/faces/javax.faces.resource/layout/layout.js?ln=primefaces&v=4.0 HTTP/1.1" 304 -
186.84.91.8 - - [16/Aug/2020:10:39:25 -0500] "GET /sipse/faces/javax.faces.resource/primefaces.js?ln=primefaces&v=4.0 HTTP/1.1" 304 -
186.155.25.31 - - [16/Aug/2020:10:39:26 -0500] "GET /BLA/boletinlegal/js/jquery.scrollShow.js HTTP/1.1" 304 -
186.155.25.31 - - [16/Aug/2020:10:39:26 -0500] "GET /galeria/galeria/jquery.fancybox.js?v=2.1.5 HTTP/1.1" 304 -
186.155.25.31 - - [16/Aug/2020:10:39:26 -0500] "GET /galeria/galeria/jquery.fancybox.css?v=2.1.5 HTTP/1.1" 304 -
186.84.22.0 - - [16/Aug/2020:10:39:25 -0500] "POST /sipse/faces/presentacion/financiero/solicitudProceso/consultarSolicitudProceso.xhtml HTTP/1.1" 200 98483
186.29.49.202 - - [16/Aug/2020:10:39:27 -0500] "GET /sipse/faces/javax.faces.resource/images/ui-icons_898989_256x240.png?ln=primefaces-aristo HTTP/1.1" 304 -
186.84.22.0 - - [16/Aug/2020:10:39:28 -0500] "POST /sipse/faces/presentacion/financiero/solicitudProceso/consultarSolicitudProceso.xhtml HTTP/1.1" 200 95041
191.156.61.76 - - [16/Aug/2020:10:39:30 -0500] "GET /galeria/galeria/jquery.fancybox.css?v=2.1.5 HTTP/1.1" 200 4895
191.156.58.217 - - [16/Aug/2020:10:39:30 -0500] "GET /BLA/boletinlegal/js/jquery.scrollShow.js HTTP/1.1" 200 4586
191.156.61.76 - - [16/Aug/2020:10:39:30 -0500] "GET /galeria/galeria/jquery.fancybox.js?v=2.1.5 HTTP/1.1" 200 48706
190.27.7.129 - - [16/Aug/2020:10:39:30 -0500] "POST /sipse/faces/presentacion/financiero/solicitudProceso/listarSolicitudProceso.xhtml HTTP/1.1" 200 9117
190.27.245.107 - - [16/Aug/2020:10:39:30 -0500] "GET /reportes_sipse/sdg/ServletReporte?reporte=experienia_idoneidad&solicitud=10672&pfdrid_c=false HTTP/1.1" 200 163877
186.84.22.0 - - [16/Aug/2020:10:39:32 -0500] "POST /sipse/faces/presentacion/financiero/solicitudProceso/consultarSolicitudProceso.xhtml HTTP/1.1" 200 98483
186.29.49.202 - - [16/Aug/2020:10:39:32 -0500] "GET /sipse/faces/javax.faces.resource/images/ui-icons_898989_256x240.png?ln=primefaces-aristo HTTP/1.1" 304 -
190.27.7.129 - - [16/Aug/2020:10:39:32 -0500] "POST /sipse/faces/presentacion/financiero/solicitudProceso/listarSolicitudProceso.xhtml HTTP/1.1" 200 136058
190.27.7.129 - - [16/Aug/2020:10:39:34 -0500] "GET /sipse/faces/javax.faces.resource/primefaces.css?ln=primefaces&v=4.0 HTTP/1.1" 304 -
190.27.7.129 - - [16/Aug/2020:10:39:34 -0500] "GET /sipse/faces/javax.faces.resource/theme.css?ln=primefaces-sipse HTTP/1.1" 304 -
190.27.7.129 - - [16/Aug/2020:10:39:34 -0500] "GET /sipse/faces/javax.faces.resource/layout/layout.css?ln=primefaces&v=4.0 HTTP/1.1" 304 -
190.27.7.129 - - [16/Aug/2020:10:39:34 -0500] "GET /sipse/css/imagen/contrasena.png HTTP/1.1" 404 383
190.27.7.129 - - [16/Aug/2020:10:39:34 -0500] "GET /sipse/faces/javax.faces.resource/jquery/jquery.js?ln=primefaces&v=4.0 HTTP/1.1" 304 -
186.29.49.202 - - [16/Aug/2020:10:39:32 -0500] "POST /sipse/faces/presentacion/financiero/solicitudProceso/listarSolicitudProceso.xhtml HTTP/1.1" 200 142953
186.29.49.202 - - [16/Aug/2020:10:39:34 -0500] "GET /sipse/faces/javax.faces.resource/layout/layout.css?ln=primefaces&v=4.0 HTTP/1.1" 304 -
186.29.49.202 - - [16/Aug/2020:10:39:34 -0500] "GET /sipse/faces/javax.faces.resource/theme.css?ln=primefaces-sipse HTTP/1.1" 304 -
186.29.49.202 - - [16/Aug/2020:10:39:34 -0500] "GET /sipse/faces/javax.faces.resource/primefaces.css?ln=primefaces&v=4.0 HTTP/1.1" 304 -
186.29.49.202 - - [16/Aug/2020:10:39:34 -0500] "GET /sipse/faces/javax.faces.resource/jquery/jquery.js?ln=primefaces&v=4.0 HTTP/1.1" 304 -
186.29.49.202 - - [16/Aug/2020:10:39:34 -0500] "GET /sipse/faces/javax.faces.resource/jquery/jquery-plugins.js?ln=primefaces&v=4.0 HTTP/1.1" 304 -
186.29.49.202 - - [16/Aug/2020:10:39:34 -0500] "GET /sipse/faces/javax.faces.resource/primefaces.js?ln=primefaces&v=4.0 HTTP/1.1" 304 -
186.29.49.202 - - [16/Aug/2020:10:39:34 -0500] "GET /sipse/faces/javax.faces.resource/layout/layout.js?ln=primefaces&v=4.0 HTTP/1.1" 304 -
186.29.49.202 - - [16/Aug/2020:10:39:34 -0500] "GET /sipse/faces/javax.faces.resource/images/ui-icons_898989_256x240.png?ln=primefaces-aristo HTTP/1.1" 304 -
190.27.7.129 - - [16/Aug/2020:10:39:34 -0500] "GET /sipse/faces/javax.faces.resource/jquery/jquery-plugins.js?ln=primefaces&v=4.0 HTTP/1.1" 304 -
186.30.30.67 - - [16/Aug/2020:10:39:34 -0500] "POST /sipse/faces/presentacion/financiero/solicitudProceso/listarSolicitudProceso.xhtml HTTP/1.1" 200 8139
190.27.7.129 - - [16/Aug/2020:10:39:35 -0500] "GET /sipse/faces/javax.faces.resource/primefaces.js?ln=primefaces&v=4.0 HTTP/1.1" 304 -
190.27.7.129 - - [16/Aug/2020:10:39:35 -0500] "GET /sipse/faces/javax.faces.resource/layout/layout.js?ln=primefaces&v=4.0 HTTP/1.1" 304 -
190.27.245.107 - - [16/Aug/2020:10:39:34 -0500] "GET /reportes_sipse/sdg/ServletReporte?reporte=experienia_idoneidad&solicitud=10672&pfdrid_c=false HTTP/1.1" 200 163877
190.27.245.107 - - [16/Aug/2020:10:39:36 -0500] "GET /reportes_sipse/sdg/ServletReporte?reporte=experienia_idoneidad&solicitud=10672&pfdrid_c=false HTTP/1.1" 200 163877
186.84.91.8 - - [16/Aug/2020:10:39:37 -0500] "POST /sipse/faces/presentacion/financiero/solicitudProceso/consultarSolicitudProceso.xhtml HTTP/1.1" 200 6194
186.29.49.202 - - [16/Aug/2020:10:39:39 -0500] "GET /sipse/faces/javax.faces.resource/images/ui-icons_898989_256x240.png?ln=primefaces-aristo HTTP/1.1" 304 -
186.29.49.202 - - [16/Aug/2020:10:39:39 -0500] "GET /sipse/faces/javax.faces.resource/images/ui-bg_flat_0_2d5972_40x100.png?ln=primefaces-aristo HTTP/1.1" 304 -
186.84.22.0 - - [16/Aug/2020:10:39:39 -0500] "POST /sipse/faces/presentacion/financiero/solicitudProceso/consultarSolicitudProceso.xhtml HTTP/1.1" 200 575893
190.27.245.107 - - [16/Aug/2020:10:39:39 -0500] "GET /reportes_sipse/sdg/ServletReporte?reporte=experienia_idoneidad&solicitud=10672&pfdrid_c=false HTTP/1.1" 200 163877
190.27.245.107 - - [16/Aug/2020:10:39:39 -0500] "GET /reportes_sipse/sdg/ServletFirma?solicitud=9705 HTTP/1.1" 200 -
186.84.22.0 - - [16/Aug/2020:10:39:43 -0500] "POST /sipse/faces/presentacion/financiero/solicitudProceso/consultarSolicitudProceso.xhtml HTTP/1.1" 200 98483
190.27.245.107 - - [16/Aug/2020:10:39:42 -0500] "GET /reportes_sipse/sdg/ServletReporte?reporte=experienia_idoneidad&solicitud=10672&pfdrid_c=false HTTP/1.1" 200 163877
181.61.209.25 - - [16/Aug/2020:10:39:44 -0500] "GET /galeria/carrusel/Carrusel/jquery.thumbnailScroller.css HTTP/1.1" 200 2066
181.61.209.25 - - [16/Aug/2020:10:39:44 -0500] "GET /galeria/galeria/jquery.fancybox.js?v=2.1.5 HTTP/1.1" 200 48706
181.61.209.25 - - [16/Aug/2020:10:39:44 -0500] "GET /galeria/galeria/jquery.fancybox.css?v=2.1.5 HTTP/1.1" 200 4895
181.61.209.25 - - [16/Aug/2020:10:39:44 -0500] "GET /galeria/carrusel/Carrusel/jquery.thumbnailScroller.js HTTP/1.1" 200 8157
181.61.209.25 - - [16/Aug/2020:10:39:44 -0500] "GET /galeria/carrusel/Carrusel/jquery-ui-1.8.13.custom.min.js HTTP/1.1" 200 10800
181.61.209.25 - - [16/Aug/2020:10:39:44 -0500] "GET /BLA/boletinlegal/js/jquery.scrollShow.js HTTP/1.1" 200 4586
181.61.209.25 - - [16/Aug/2020:10:39:44 -0500] "GET /galeria/nivo-slider/demo/inicio80.html HTTP/1.1" 200 4991
181.61.209.25 - - [16/Aug/2020:10:39:45 -0500] "GET /galeria/nivo-slider/themes/default/default.css HTTP/1.1" 200 1569
181.61.209.25 - - [16/Aug/2020:10:39:45 -0500] "GET /galeria/nivo-slider/themes/pascal/pascal.css HTTP/1.1" 200 2258
181.61.209.25 - - [16/Aug/2020:10:39:45 -0500] "GET /galeria/nivo-slider/themes/orman/orman.css HTTP/1.1" 200 2152
181.61.209.25 - - [16/Aug/2020:10:39:45 -0500] "GET /galeria/nivo-slider/nivo-slider.css HTTP/1.1" 200 1507
181.61.209.25 - - [16/Aug/2020:10:39:45 -0500] "GET /galeria/nivo-slider/demo/style.css HTTP/1.1" 200 2222
181.61.209.25 - - [16/Aug/2020:10:39:45 -0500] "GET /galeria/nivo-slider/demo/images/bannerwebvejez.jpg HTTP/1.1" 200 27281
181.61.209.25 - - [16/Aug/2020:10:39:45 -0500] "GET /galeria/nivo-slider/demo/images/bannernaranja.jpg HTTP/1.1" 200 40936
181.61.209.25 - - [16/Aug/2020:10:39:45 -0500] "GET /galeria/nivo-slider/demo/images/bannerdecreto.jpg HTTP/1.1" 200 292178
181.61.209.25 - - [16/Aug/2020:10:39:45 -0500] "GET /galeria/nivo-slider/demo/images/bannerclasesvirtual.jpg HTTP/1.1" 200 191931
181.61.209.25 - - [16/Aug/2020:10:39:45 -0500] "GET /galeria/nivo-slider/demo/images/bannerjardin.jpg HTTP/1.1" 200 302761
181.61.209.25 - - [16/Aug/2020:10:39:45 -0500] "GET /galeria/nivo-slider/demo/images/Bannercuidate.jpg HTTP/1.1" 200 75508
181.61.209.25 - - [16/Aug/2020:10:39:45 -0500] "GET /galeria/nivo-slider/demo/scripts/jquery-1.7.1.min.js HTTP/1.1" 200 93868
186.84.91.8 - - [16/Aug/2020:10:39:42 -0500] "POST /sipse/faces/presentacion/financiero/solicitudProceso/consultarSolicitudProceso.xhtml HTTP/1.1" 200 58683
181.61.209.25 - - [16/Aug/2020:10:39:45 -0500] "GET /galeria/nivo-slider/jquery.nivo.slider.pack.js HTTP/1.1" 200 11561
181.61.209.25 - - [16/Aug/2020:10:39:45 -0500] "GET /galeria/nivo-slider/demo/images/4Simple_Slider.png HTTP/1.1" 200 11722
181.61.209.25 - - [16/Aug/2020:10:39:45 -0500] "GET /galeria/nivo-slider/themes/default/loading.gif HTTP/1.1" 200 1737
181.61.209.25 - - [16/Aug/2020:10:39:45 -0500] "GET /galeria/nivo-slider/demo/images/Banner%20canales%20virtuales.jpg HTTP/1.1" 200 209438
181.61.209.25 - - [16/Aug/2020:10:39:45 -0500] "GET /galeria/nivo-slider/demo/images/bannerhorarios.jpg HTTP/1.1" 200 50157
181.61.209.25 - - [16/Aug/2020:10:39:45 -0500] "GET /galeria/nivo-slider/demo/images/bannerimpuesto.jpg HTTP/1.1" 200 278604
186.29.49.202 - - [16/Aug/2020:10:39:39 -0500] "POST /sipse/faces/presentacion/financiero/solicitudProceso/consultarSolicitudProceso.xhtml HTTP/1.1" 200 57728
186.84.91.8 - - [16/Aug/2020:10:39:45 -0500] "GET /sipse/faces/javax.faces.resource/theme.css?ln=primefaces-sipse HTTP/1.1" 304 -
186.84.91.8 - - [16/Aug/2020:10:39:45 -0500] "GET /sipse/faces/javax.faces.resource/primefaces.css?ln=primefaces&v=4.0 HTTP/1.1" 304 -
186.84.91.8 - - [16/Aug/2020:10:39:45 -0500] "GET /sipse/faces/javax.faces.resource/layout/layout.css?ln=primefaces&v=4.0 HTTP/1.1" 304 -
186.29.49.202 - - [16/Aug/2020:10:39:45 -0500] "GET /sipse/faces/javax.faces.resource/theme.css?ln=primefaces-sipse HTTP/1.1" 304 -
186.29.49.202 - - [16/Aug/2020:10:39:45 -0500] "GET /sipse/faces/javax.faces.resource/primefaces.css?ln=primefaces&v=4.0 HTTP/1.1" 304 -
186.29.49.202 - - [16/Aug/2020:10:39:45 -0500] "GET /sipse/faces/javax.faces.resource/layout/layout.css?ln=primefaces&v=4.0 HTTP/1.1" 304 -
181.61.209.25 - - [16/Aug/2020:10:39:45 -0500] "GET /galeria/nivo-slider/demo/images/bannerbolsas.jpg HTTP/1.1" 200 283727
186.29.49.202 - - [16/Aug/2020:10:39:45 -0500] "GET /sipse/faces/javax.faces.resource/jquery/jquery.js?ln=primefaces&v=4.0 HTTP/1.1" 304 -
186.29.49.202 - - [16/Aug/2020:10:39:45 -0500] "GET /sipse/faces/javax.faces.resource/jquery/jquery-plugins.js?ln=primefaces&v=4.0 HTTP/1.1" 304 -
181.61.209.25 - - [16/Aug/2020:10:39:45 -0500] "GET /galeria/nivo-slider/demo/images/bannerbioseguridad.jpg HTTP/1.1" 200 228661
181.61.209.25 - - [16/Aug/2020:10:39:45 -0500] "GET /galeria/nivo-slider/demo/images/bannercovid.jpg HTTP/1.1" 200 352563
186.84.91.8 - - [16/Aug/2020:10:39:45 -0500] "GET /sipse/faces/javax.faces.resource/jquery/jquery.js?ln=primefaces&v=4.0 HTTP/1.1" 304 -
186.84.91.8 - - [16/Aug/2020:10:39:46 -0500] "GET /sipse/faces/javax.faces.resource/jquery/jquery-plugins.js?ln=primefaces&v=4.0 HTTP/1.1" 304 -
181.61.209.25 - - [16/Aug/2020:10:39:46 -0500] "GET /galeria/nivo-slider/demo/images/bannersolidariacasa.jpg HTTP/1.1" 200 70999
181.61.209.25 - - [16/Aug/2020:10:39:46 -0500] "GET /galeria/nivo-slider/demo/images/bannerplan2020.png HTTP/1.1" 200 144663
186.29.49.202 - - [16/Aug/2020:10:39:46 -0500] "GET /sipse/faces/javax.faces.resource/primefaces.js?ln=primefaces&v=4.0 HTTP/1.1" 304 -
186.29.49.202 - - [16/Aug/2020:10:39:46 -0500] "GET /sipse/faces/javax.faces.resource/layout/layout.js?ln=primefaces&v=4.0 HTTP/1.1" 304 -
186.84.91.8 - - [16/Aug/2020:10:39:46 -0500] "GET /sipse/faces/javax.faces.resource/primefaces.js?ln=primefaces&v=4.0 HTTP/1.1" 304 -
186.84.91.8 - - [16/Aug/2020:10:39:46 -0500] "GET /sipse/faces/javax.faces.resource/layout/layout.js?ln=primefaces&v=4.0 HTTP/1.1" 304 -
186.29.49.202 - - [16/Aug/2020:10:39:46 -0500] "GET /sipse/faces/javax.faces.resource/images/ui-icons_898989_256x240.png?ln=primefaces-aristo HTTP/1.1" 304 -
186.29.49.202 - - [16/Aug/2020:10:39:47 -0500] "GET /sipse/faces/javax.faces.resource/messages/messages.png?ln=primefaces&v=4.0 HTTP/1.1" 304 -
186.29.49.202 - - [16/Aug/2020:10:39:47 -0500] "GET /sipse/faces/javax.faces.resource/images/ui-bg_flat_0_2d5972_40x100.png?ln=primefaces-aristo HTTP/1.1" 304 -
186.84.22.0 - - [16/Aug/2020:10:39:46 -0500] "POST /sipse/faces/presentacion/financiero/solicitudProceso/consultarSolicitudProceso.xhtml HTTP/1.1" 200 95041
190.27.245.107 - - [16/Aug/2020:10:39:45 -0500] "GET /reportes_sipse/sdg/ServletReporte?reporte=experienia_idoneidad&solicitud=10672&pfdrid_c=false HTTP/1.1" 200 163877
186.29.49.202 - - [16/Aug/2020:10:39:46 -0500] "POST /sipse/faces/presentacion/financiero/solicitudProceso/listarSolicitudProceso.xhtml HTTP/1.1" 200 1448
186.84.91.8 - - [16/Aug/2020:10:39:47 -0500] "POST /sipse/faces/presentacion/financiero/solicitudProceso/listarSolicitudProceso.xhtml HTTP/1.1" 200 1448
181.61.209.25 - - [16/Aug/2020:10:39:48 -0500] "GET /galeria/nivo-slider/themes/default/arrows.png HTTP/1.1" 200 824
181.61.209.25 - - [16/Aug/2020:10:39:48 -0500] "GET /galeria/nivo-slider/themes/default/bullets.png HTTP/1.1" 200 1281
190.69.49.177 - - [16/Aug/2020:10:39:54 -0500] "GET /galeria/galeria/jquery.fancybox.js?v=2.1.5 HTTP/1.1" 200 48706
190.69.49.177 - - [16/Aug/2020:10:39:54 -0500] "GET /BLA/boletinlegal/js/jquery.scrollShow.js HTTP/1.1" 200 4586
190.69.49.177 - - [16/Aug/2020:10:39:54 -0500] "GET /galeria/galeria/jquery.fancybox.css?v=2.1.5 HTTP/1.1" 200 4895
186.84.91.8 - - [16/Aug/2020:10:40:03 -0500] "POST /sipse/faces/presentacion/financiero/solicitudProceso/listarSolicitudProceso.xhtml HTTP/1.1" 200 24879
186.29.49.202 - - [16/Aug/2020:10:40:11 -0500] "GET /sipse/faces/javax.faces.resource/images/ui-icons_898989_256x240.png?ln=primefaces-aristo HTTP/1.1" 304 -
186.29.49.202 - - [16/Aug/2020:10:40:11 -0500] "POST /sipse/faces/presentacion/financiero/solicitudProceso/listarSolicitudProceso.xhtml HTTP/1.1" 200 139590
186.29.49.202 - - [16/Aug/2020:10:40:12 -0500] "GET /sipse/faces/javax.faces.resource/theme.css?ln=primefaces-sipse HTTP/1.1" 304 -
186.29.49.202 - - [16/Aug/2020:10:40:12 -0500] "GET /sipse/faces/javax.faces.resource/primefaces.css?ln=primefaces&v=4.0 HTTP/1.1" 304 -
186.29.49.202 - - [16/Aug/2020:10:40:12 -0500] "GET /sipse/faces/javax.faces.resource/layout/layout.css?ln=primefaces&v=4.0 HTTP/1.1" 304 -
186.29.49.202 - - [16/Aug/2020:10:40:12 -0500] "GET /sipse/faces/javax.faces.resource/jquery/jquery.js?ln=primefaces&v=4.0 HTTP/1.1" 304 -
186.29.49.202 - - [16/Aug/2020:10:40:12 -0500] "GET /sipse/faces/javax.faces.resource/jquery/jquery-plugins.js?ln=primefaces&v=4.0 HTTP/1.1" 304 -
186.29.49.202 - - [16/Aug/2020:10:40:12 -0500] "GET /sipse/faces/javax.faces.resource/primefaces.js?ln=primefaces&v=4.0 HTTP/1.1" 304 -
186.29.49.202 - - [16/Aug/2020:10:40:12 -0500] "GET /sipse/faces/javax.faces.resource/layout/layout.js?ln=primefaces&v=4.0 HTTP/1.1" 304 -
186.29.49.202 - - [16/Aug/2020:10:40:12 -0500] "GET /sipse/faces/javax.faces.resource/images/ui-icons_898989_256x240.png?ln=primefaces-aristo HTTP/1.1" 304 -
190.27.245.107 - - [16/Aug/2020:10:40:12 -0500] "GET /reportes_sipse/sdg/ServletReporte?reporte=experienia_idoneidad&solicitud=10672&pfdrid_c=false HTTP/1.1" 200 163877
186.29.49.202 - - [16/Aug/2020:10:40:16 -0500] "GET /sipse/faces/javax.faces.resource/images/ui-icons_898989_256x240.png?ln=primefaces-aristo HTTP/1.1" 304 -
186.29.49.202 - - [16/Aug/2020:10:40:16 -0500] "GET /sipse/faces/javax.faces.resource/images/ui-bg_flat_0_2d5972_40x100.png?ln=primefaces-aristo HTTP/1.1" 304 -
190.27.245.107 - - [16/Aug/2020:10:40:16 -0500] "GET /reportes_sipse/sdg/ServletReporte?reporte=experienia_idoneidad&solicitud=10672&pfdrid_c=false HTTP/1.1" 200 163877
190.27.245.107 - - [16/Aug/2020:10:40:16 -0500] "GET /reportes_sipse/sdg/ServletFirma?solicitud=9766 HTTP/1.1" 200 -
186.29.49.202 - - [16/Aug/2020:10:40:16 -0500] "POST /sipse/faces/presentacion/financiero/solicitudProceso/consultarSolicitudProceso.xhtml HTTP/1.1" 200 54873
186.29.49.202 - - [16/Aug/2020:10:40:22 -0500] "GET /sipse/faces/javax.faces.resource/primefaces.css?ln=primefaces&v=4.0 HTTP/1.1" 304 -
186.29.49.202 - - [16/Aug/2020:10:40:22 -0500] "GET /sipse/faces/javax.faces.resource/layout/layout.css?ln=primefaces&v=4.0 HTTP/1.1" 304 -
186.29.49.202 - - [16/Aug/2020:10:40:22 -0500] "GET /sipse/faces/javax.faces.resource/theme.css?ln=primefaces-sipse HTTP/1.1" 304 -
186.29.49.202 - - [16/Aug/2020:10:40:22 -0500] "GET /sipse/faces/javax.faces.resource/jquery/jquery.js?ln=primefaces&v=4.0 HTTP/1.1" 304 -
186.29.49.202 - - [16/Aug/2020:10:40:22 -0500] "GET /sipse/faces/javax.faces.resource/jquery/jquery-plugins.js?ln=primefaces&v=4.0 HTTP/1.1" 304 -
186.29.49.202 - - [16/Aug/2020:10:40:22 -0500] "GET /sipse/faces/javax.faces.resource/primefaces.js?ln=primefaces&v=4.0 HTTP/1.1" 304 -
186.29.49.202 - - [16/Aug/2020:10:40:22 -0500] "GET /sipse/faces/javax.faces.resource/layout/layout.js?ln=primefaces&v=4.0 HTTP/1.1" 304 -
186.29.49.202 - - [16/Aug/2020:10:40:22 -0500] "GET /sipse/faces/javax.faces.resource/images/ui-icons_898989_256x240.png?ln=primefaces-aristo HTTP/1.1" 304 -
186.29.49.202 - - [16/Aug/2020:10:40:22 -0500] "GET /sipse/faces/javax.faces.resource/images/ui-bg_flat_0_2d5972_40x100.png?ln=primefaces-aristo HTTP/1.1" 304 -
186.29.49.202 - - [16/Aug/2020:10:40:22 -0500] "GET /sipse/faces/javax.faces.resource/messages/messages.png?ln=primefaces&v=4.0 HTTP/1.1" 304 -
186.29.49.202 - - [16/Aug/2020:10:40:22 -0500] "POST /sipse/faces/presentacion/financiero/solicitudProceso/listarSolicitudProceso.xhtml HTTP/1.1" 200 1436
190.27.245.107 - - [16/Aug/2020:10:40:22 -0500] "GET /reportes_sipse/sdg/ServletReporte?reporte=experienia_idoneidad&solicitud=10672&pfdrid_c=false HTTP/1.1" 200 163877
186.29.49.202 - - [16/Aug/2020:10:40:27 -0500] "GET /sipse/faces/javax.faces.resource/images/ui-icons_898989_256x240.png?ln=primefaces-aristo HTTP/1.1" 304 -
186.29.49.202 - - [16/Aug/2020:10:40:27 -0500] "POST /sipse/faces/presentacion/financiero/solicitudProceso/listarSolicitudProceso.xhtml HTTP/1.1" 200 142752
186.29.49.202 - - [16/Aug/2020:10:40:28 -0500] "GET /sipse/faces/javax.faces.resource/theme.css?ln=primefaces-sipse HTTP/1.1" 304 -
186.29.49.202 - - [16/Aug/2020:10:40:28 -0500] "GET /sipse/faces/javax.faces.resource/layout/layout.css?ln=primefaces&v=4.0 HTTP/1.1" 304 -
186.29.49.202 - - [16/Aug/2020:10:40:28 -0500] "GET /sipse/faces/javax.faces.resource/primefaces.css?ln=primefaces&v=4.0 HTTP/1.1" 304 -
186.29.49.202 - - [16/Aug/2020:10:40:28 -0500] "GET /sipse/faces/javax.faces.resource/jquery/jquery.js?ln=primefaces&v=4.0 HTTP/1.1" 304 -
186.29.49.202 - - [16/Aug/2020:10:40:28 -0500] "GET /sipse/faces/javax.faces.resource/jquery/jquery-plugins.js?ln=primefaces&v=4.0 HTTP/1.1" 304 -
186.29.49.202 - - [16/Aug/2020:10:40:28 -0500] "GET /sipse/faces/javax.faces.resource/primefaces.js?ln=primefaces&v=4.0 HTTP/1.1" 304 -
186.29.49.202 - - [16/Aug/2020:10:40:28 -0500] "GET /sipse/faces/javax.faces.resource/layout/layout.js?ln=primefaces&v=4.0 HTTP/1.1" 304 -
186.29.49.202 - - [16/Aug/2020:10:40:29 -0500] "GET /sipse/faces/javax.faces.resource/images/ui-icons_898989_256x240.png?ln=primefaces-aristo HTTP/1.1" 304 -
190.27.245.107 - - [16/Aug/2020:10:40:28 -0500] "GET /reportes_sipse/sdg/ServletReporte?reporte=experienia_idoneidad&solicitud=10672&pfdrid_c=false HTTP/1.1" 200 163877
186.29.49.202 - - [16/Aug/2020:10:40:32 -0500] "GET /sipse/faces/javax.faces.resource/images/ui-icons_898989_256x240.png?ln=primefaces-aristo HTTP/1.1" 304 -
186.29.49.202 - - [16/Aug/2020:10:40:32 -0500] "GET /sipse/faces/javax.faces.resource/images/ui-bg_flat_0_2d5972_40x100.png?ln=primefaces-aristo HTTP/1.1" 304 -
190.27.245.107 - - [16/Aug/2020:10:40:32 -0500] "GET /reportes_sipse/sdg/ServletReporte?reporte=experienia_idoneidad&solicitud=10672&pfdrid_c=false HTTP/1.1" 200 163877
190.27.245.107 - - [16/Aug/2020:10:40:32 -0500] "GET /reportes_sipse/sdg/ServletFirma?solicitud=9879 HTTP/1.1" 200 -
186.29.49.202 - - [16/Aug/2020:10:40:32 -0500] "POST /sipse/faces/presentacion/financiero/solicitudProceso/consultarSolicitudProceso.xhtml HTTP/1.1" 200 52069
186.29.49.202 - - [16/Aug/2020:10:40:37 -0500] "GET /sipse/faces/javax.faces.resource/theme.css?ln=primefaces-sipse HTTP/1.1" 304 -
186.29.49.202 - - [16/Aug/2020:10:40:37 -0500] "GET /sipse/faces/javax.faces.resource/primefaces.css?ln=primefaces&v=4.0 HTTP/1.1" 304 -
186.29.49.202 - - [16/Aug/2020:10:40:37 -0500] "GET /sipse/faces/javax.faces.resource/layout/layout.css?ln=primefaces&v=4.0 HTTP/1.1" 304 -
186.29.49.202 - - [16/Aug/2020:10:40:37 -0500] "GET /sipse/faces/javax.faces.resource/jquery/jquery.js?ln=primefaces&v=4.0 HTTP/1.1" 304 -
186.29.49.202 - - [16/Aug/2020:10:40:37 -0500] "GET /sipse/faces/javax.faces.resource/jquery/jquery-plugins.js?ln=primefaces&v=4.0 HTTP/1.1" 304 -
186.29.49.202 - - [16/Aug/2020:10:40:37 -0500] "GET /sipse/faces/javax.faces.resource/primefaces.js?ln=primefaces&v=4.0 HTTP/1.1" 304 -
186.29.49.202 - - [16/Aug/2020:10:40:37 -0500] "GET /sipse/faces/javax.faces.resource/layout/layout.js?ln=primefaces&v=4.0 HTTP/1.1" 304 -
186.29.49.202 - - [16/Aug/2020:10:40:37 -0500] "GET /sipse/faces/javax.faces.resource/images/ui-icons_898989_256x240.png?ln=primefaces-aristo HTTP/1.1" 304 -
186.29.49.202 - - [16/Aug/2020:10:40:37 -0500] "GET /sipse/faces/javax.faces.resource/messages/messages.png?ln=primefaces&v=4.0 HTTP/1.1" 304 -
186.29.49.202 - - [16/Aug/2020:10:40:37 -0500] "GET /sipse/faces/javax.faces.resource/images/ui-bg_flat_0_2d5972_40x100.png?ln=primefaces-aristo HTTP/1.1" 304 -
186.29.49.202 - - [16/Aug/2020:10:40:37 -0500] "POST /sipse/faces/presentacion/financiero/solicitudProceso/listarSolicitudProceso.xhtml HTTP/1.1" 200 1428
190.27.245.107 - - [16/Aug/2020:10:40:37 -0500] "GET /reportes_sipse/sdg/ServletReporte?reporte=experienia_idoneidad&solicitud=10672&pfdrid_c=false HTTP/1.1" 200 163877
186.29.49.202 - - [16/Aug/2020:10:40:40 -0500] "GET /sipse/faces/javax.faces.resource/images/ui-icons_898989_256x240.png?ln=primefaces-aristo HTTP/1.1" 304 -
186.29.49.202 - - [16/Aug/2020:10:40:40 -0500] "POST /sipse/faces/presentacion/financiero/solicitudProceso/listarSolicitudProceso.xhtml HTTP/1.1" 200 139431
186.29.49.202 - - [16/Aug/2020:10:40:41 -0500] "GET /sipse/faces/javax.faces.resource/theme.css?ln=primefaces-sipse HTTP/1.1" 304 -
186.29.49.202 - - [16/Aug/2020:10:40:41 -0500] "GET /sipse/faces/javax.faces.resource/layout/layout.css?ln=primefaces&v=4.0 HTTP/1.1" 304 -
186.29.49.202 - - [16/Aug/2020:10:40:41 -0500] "GET /sipse/faces/javax.faces.resource/primefaces.css?ln=primefaces&v=4.0 HTTP/1.1" 304 -
186.29.49.202 - - [16/Aug/2020:10:40:41 -0500] "GET /sipse/faces/javax.faces.resource/jquery/jquery.js?ln=primefaces&v=4.0 HTTP/1.1" 304 -
186.29.49.202 - - [16/Aug/2020:10:40:41 -0500] "GET /sipse/faces/javax.faces.resource/jquery/jquery-plugins.js?ln=primefaces&v=4.0 HTTP/1.1" 304 -
186.29.49.202 - - [16/Aug/2020:10:40:41 -0500] "GET /sipse/faces/javax.faces.resource/primefaces.js?ln=primefaces&v=4.0 HTTP/1.1" 304 -
186.29.49.202 - - [16/Aug/2020:10:40:41 -0500] "GET /sipse/faces/javax.faces.resource/layout/layout.js?ln=primefaces&v=4.0 HTTP/1.1" 304 -
186.29.49.202 - - [16/Aug/2020:10:40:41 -0500] "GET /sipse/faces/javax.faces.resource/images/ui-icons_898989_256x240.png?ln=primefaces-aristo HTTP/1.1" 304 -
190.27.245.107 - - [16/Aug/2020:10:40:41 -0500] "GET /reportes_sipse/sdg/ServletReporte?reporte=experienia_idoneidad&solicitud=10672&pfdrid_c=false HTTP/1.1" 200 163877
190.25.217.111 - - [16/Aug/2020:10:40:44 -0500] "GET /galeria/galeria/jquery.fancybox.css?v=2.1.5 HTTP/1.1" 200 4895
190.25.217.111 - - [16/Aug/2020:10:40:44 -0500] "GET /BLA/boletinlegal/js/jquery.scrollShow.js HTTP/1.1" 200 4586
190.25.217.111 - - [16/Aug/2020:10:40:44 -0500] "GET /galeria/galeria/jquery.fancybox.js?v=2.1.5 HTTP/1.1" 200 48706
186.29.49.202 - - [16/Aug/2020:10:40:46 -0500] "GET /sipse/faces/javax.faces.resource/images/ui-icons_898989_256x240.png?ln=primefaces-aristo HTTP/1.1" 304 -
186.29.49.202 - - [16/Aug/2020:10:40:46 -0500] "GET /sipse/faces/javax.faces.resource/images/ui-bg_flat_0_2d5972_40x100.png?ln=primefaces-aristo HTTP/1.1" 304 -
190.27.245.107 - - [16/Aug/2020:10:40:46 -0500] "GET /reportes_sipse/sdg/ServletReporte?reporte=experienia_idoneidad&solicitud=10672&pfdrid_c=false HTTP/1.1" 200 163877
190.27.245.107 - - [16/Aug/2020:10:40:46 -0500] "GET /reportes_sipse/sdg/ServletFirma?solicitud=9740 HTTP/1.1" 200 -
186.29.49.202 - - [16/Aug/2020:10:40:46 -0500] "POST /sipse/faces/presentacion/financiero/solicitudProceso/consultarSolicitudProceso.xhtml HTTP/1.1" 200 49158
186.29.49.202 - - [16/Aug/2020:10:40:51 -0500] "GET /sipse/faces/javax.faces.resource/layout/layout.css?ln=primefaces&v=4.0 HTTP/1.1" 304 -
186.29.49.202 - - [16/Aug/2020:10:40:51 -0500] "GET /sipse/faces/javax.faces.resource/theme.css?ln=primefaces-sipse HTTP/1.1" 304 -
186.29.49.202 - - [16/Aug/2020:10:40:51 -0500] "GET /sipse/faces/javax.faces.resource/primefaces.css?ln=primefaces&v=4.0 HTTP/1.1" 304 -
186.29.49.202 - - [16/Aug/2020:10:40:51 -0500] "GET /sipse/faces/javax.faces.resource/jquery/jquery.js?ln=primefaces&v=4.0 HTTP/1.1" 304 -
186.29.49.202 - - [16/Aug/2020:10:40:51 -0500] "GET /sipse/faces/javax.faces.resource/jquery/jquery-plugins.js?ln=primefaces&v=4.0 HTTP/1.1" 304 -
186.29.49.202 - - [16/Aug/2020:10:40:51 -0500] "GET /sipse/faces/javax.faces.resource/primefaces.js?ln=primefaces&v=4.0 HTTP/1.1" 304 -
186.29.49.202 - - [16/Aug/2020:10:40:51 -0500] "GET /sipse/faces/javax.faces.resource/layout/layout.js?ln=primefaces&v=4.0 HTTP/1.1" 304 -
186.29.49.202 - - [16/Aug/2020:10:40:51 -0500] "GET /sipse/faces/javax.faces.resource/messages/messages.png?ln=primefaces&v=4.0 HTTP/1.1" 304 -
186.29.49.202 - - [16/Aug/2020:10:40:51 -0500] "GET /sipse/faces/javax.faces.resource/images/ui-icons_898989_256x240.png?ln=primefaces-aristo HTTP/1.1" 304 -
186.29.49.202 - - [16/Aug/2020:10:40:51 -0500] "GET /sipse/faces/javax.faces.resource/images/ui-bg_flat_0_2d5972_40x100.png?ln=primefaces-aristo HTTP/1.1" 304 -
186.29.49.202 - - [16/Aug/2020:10:40:51 -0500] "POST /sipse/faces/presentacion/financiero/solicitudProceso/listarSolicitudProceso.xhtml HTTP/1.1" 200 1420
190.27.245.107 - - [16/Aug/2020:10:40:51 -0500] "GET /reportes_sipse/sdg/ServletReporte?reporte=experienia_idoneidad&solicitud=10672&pfdrid_c=false HTTP/1.1" 200 163877
186.29.49.202 - - [16/Aug/2020:10:40:55 -0500] "GET /sipse/faces/javax.faces.resource/images/ui-icons_898989_256x240.png?ln=primefaces-aristo HTTP/1.1" 304 -
186.29.49.202 - - [16/Aug/2020:10:40:58 -0500] "POST /sipse/faces/presentacion/financiero/solicitudProceso/listarSolicitudProceso.xhtml HTTP/1.1" 200 139517
186.29.49.202 - - [16/Aug/2020:10:40:59 -0500] "GET /sipse/faces/javax.faces.resource/theme.css?ln=primefaces-sipse HTTP/1.1" 304 -
186.29.49.202 - - [16/Aug/2020:10:40:59 -0500] "GET /sipse/faces/javax.faces.resource/primefaces.css?ln=primefaces&v=4.0 HTTP/1.1" 304 -
186.29.49.202 - - [16/Aug/2020:10:40:59 -0500] "GET /sipse/faces/javax.faces.resource/layout/layout.css?ln=primefaces&v=4.0 HTTP/1.1" 304 -
186.29.49.202 - - [16/Aug/2020:10:41:00 -0500] "GET /sipse/faces/javax.faces.resource/jquery/jquery.js?ln=primefaces&v=4.0 HTTP/1.1" 304 -
186.29.49.202 - - [16/Aug/2020:10:41:00 -0500] "GET /sipse/faces/javax.faces.resource/jquery/jquery-plugins.js?ln=primefaces&v=4.0 HTTP/1.1" 304 -
186.29.49.202 - - [16/Aug/2020:10:41:00 -0500] "GET /sipse/faces/javax.faces.resource/primefaces.js?ln=primefaces&v=4.0 HTTP/1.1" 304 -
186.29.49.202 - - [16/Aug/2020:10:41:00 -0500] "GET /sipse/faces/javax.faces.resource/layout/layout.js?ln=primefaces&v=4.0 HTTP/1.1" 304 -
186.29.49.202 - - [16/Aug/2020:10:41:00 -0500] "GET /sipse/faces/javax.faces.resource/images/ui-icons_898989_256x240.png?ln=primefaces-aristo HTTP/1.1" 304 -
191.156.58.154 - - [16/Aug/2020:10:41:01 -0500] "-" 408 -
186.84.22.0 - - [16/Aug/2020:10:41:00 -0500] "POST /sipse/faces/presentacion/financiero/solicitudProceso/consultarSolicitudProceso.xhtml HTTP/1.1" 200 420378
190.27.245.107 - - [16/Aug/2020:10:41:00 -0500] "GET /reportes_sipse/sdg/ServletReporte?reporte=experienia_idoneidad&solicitud=10672&pfdrid_c=false HTTP/1.1" 200 163877
186.29.49.202 - - [16/Aug/2020:10:41:03 -0500] "GET /sipse/faces/javax.faces.resource/images/ui-icons_898989_256x240.png?ln=primefaces-aristo HTTP/1.1" 304 -
186.29.49.202 - - [16/Aug/2020:10:41:03 -0500] "GET /sipse/faces/javax.faces.resource/images/ui-bg_flat_0_2d5972_40x100.png?ln=primefaces-aristo HTTP/1.1" 304 -
190.27.245.107 - - [16/Aug/2020:10:41:03 -0500] "GET /reportes_sipse/sdg/ServletReporte?reporte=experienia_idoneidad&solicitud=10672&pfdrid_c=false HTTP/1.1" 200 163877
190.27.245.107 - - [16/Aug/2020:10:41:04 -0500] "GET /reportes_sipse/sdg/ServletFirma?solicitud=10623 HTTP/1.1" 500 3317
186.29.49.202 - - [16/Aug/2020:10:41:03 -0500] "POST /sipse/faces/presentacion/financiero/solicitudProceso/consultarSolicitudProceso.xhtml HTTP/1.1" 200 4437
186.29.49.202 - - [16/Aug/2020:10:41:06 -0500] "GET /sipse/faces/javax.faces.resource/messages/messages.png?ln=primefaces&v=4.0 HTTP/1.1" 304 -
186.84.22.0 - - [16/Aug/2020:10:41:10 -0500] "POST /sipse/faces/presentacion/financiero/solicitudProceso/consultarSolicitudProceso.xhtml HTTP/1.1" 200 2883195
190.27.245.107 - - [16/Aug/2020:10:41:11 -0500] "GET /reportes_sipse/sdg/ServletReporte?reporte=experienia_idoneidad&solicitud=10672&pfdrid_c=false HTTP/1.1" 200 163877
190.27.245.107 - - [16/Aug/2020:10:41:13 -0500] "GET /reportes_sipse/sdg/ServletReporte?reporte=experienia_idoneidad&solicitud=10672&pfdrid_c=false HTTP/1.1" 200 163877
190.27.245.107 - - [16/Aug/2020:10:41:14 -0500] "GET /reportes_sipse/sdg/ServletReporte?reporte=experienia_idoneidad&solicitud=10672&pfdrid_c=false HTTP/1.1" 200 163877
190.27.7.129 - - [16/Aug/2020:10:41:18 -0500] "POST /sipse/faces/presentacion/financiero/solicitudProceso/consultarSolicitudProceso.xhtml HTTP/1.1" 200 34739
190.27.7.129 - - [16/Aug/2020:10:41:19 -0500] "GET /sipse/faces/javax.faces.resource/theme.css?ln=primefaces-sipse HTTP/1.1" 304 -
190.27.7.129 - - [16/Aug/2020:10:41:19 -0500] "GET /sipse/faces/javax.faces.resource/primefaces.css?ln=primefaces&v=4.0 HTTP/1.1" 304 -
190.27.7.129 - - [16/Aug/2020:10:41:19 -0500] "GET /sipse/faces/javax.faces.resource/layout/layout.css?ln=primefaces&v=4.0 HTTP/1.1" 304 -
190.27.7.129 - - [16/Aug/2020:10:41:19 -0500] "GET /sipse/faces/javax.faces.resource/jquery/jquery.js?ln=primefaces&v=4.0 HTTP/1.1" 304 -
190.27.7.129 - - [16/Aug/2020:10:41:19 -0500] "GET /sipse/faces/javax.faces.resource/jquery/jquery-plugins.js?ln=primefaces&v=4.0 HTTP/1.1" 304 -
69.162.124.227 - - [16/Aug/2020:10:41:19 -0500] "HEAD / HTTP/1.1" 200 -
190.27.7.129 - - [16/Aug/2020:10:41:19 -0500] "GET /sipse/faces/javax.faces.resource/primefaces.js?ln=primefaces&v=4.0 HTTP/1.1" 304 -
190.27.7.129 - - [16/Aug/2020:10:41:19 -0500] "GET /sipse/faces/javax.faces.resource/layout/layout.js?ln=primefaces&v=4.0 HTTP/1.1" 304 -
190.27.7.129 - - [16/Aug/2020:10:41:19 -0500] "POST /sipse/faces/presentacion/financiero/solicitudProceso/listarSolicitudProceso.xhtml HTTP/1.1" 200 27972
190.27.7.129 - - [16/Aug/2020:10:41:20 -0500] "POST /sipse/faces/presentacion/financiero/solicitudProceso/listarSolicitudProceso.xhtml HTTP/1.1" 200 27972
190.27.7.129 - - [16/Aug/2020:10:41:21 -0500] "POST /sipse/faces/presentacion/financiero/solicitudProceso/listarSolicitudProceso.xhtml HTTP/1.1" 200 27972
190.27.245.107 - - [16/Aug/2020:10:41:20 -0500] "GET /reportes_sipse/sdg/ServletReporte?reporte=experienia_idoneidad&solicitud=10672&pfdrid_c=false HTTP/1.1" 200 163877
190.27.7.129 - - [16/Aug/2020:10:41:21 -0500] "POST /sipse/faces/presentacion/financiero/solicitudProceso/listarSolicitudProceso.xhtml HTTP/1.1" 200 27972
190.27.7.129 - - [16/Aug/2020:10:41:22 -0500] "POST /sipse/faces/presentacion/financiero/solicitudProceso/listarSolicitudProceso.xhtml HTTP/1.1" 200 1344
