190.27.245.107 - - [17/Aug/2020:09:58:38 -0500] "GET /reportes_sipse/sdg/ServletReporte?reporte=experienia_idoneidad&solicitud=10805&pfdrid_c=false HTTP/1.1" 200 188682
186.102.33.103 - - [17/Aug/2020:09:58:40 -0500] "GET /sipse/faces/javax.faces.resource/theme.css?ln=primefaces-sipse HTTP/1.1" 304 -
186.102.33.103 - - [17/Aug/2020:09:58:40 -0500] "GET /sipse/faces/javax.faces.resource/primefaces.css?ln=primefaces&v=4.0 HTTP/1.1" 304 -
186.102.33.103 - - [17/Aug/2020:09:58:40 -0500] "GET /sipse/faces/javax.faces.resource/layout/layout.css?ln=primefaces&v=4.0 HTTP/1.1" 304 -
186.102.33.103 - - [17/Aug/2020:09:58:40 -0500] "GET /sipse/faces/javax.faces.resource/jquery/jquery-plugins.js?ln=primefaces&v=4.0 HTTP/1.1" 304 -
186.102.33.103 - - [17/Aug/2020:09:58:40 -0500] "GET /sipse/faces/javax.faces.resource/jquery/jquery.js?ln=primefaces&v=4.0 HTTP/1.1" 304 -
186.102.33.103 - - [17/Aug/2020:09:58:40 -0500] "GET /sipse/faces/javax.faces.resource/primefaces.js?ln=primefaces&v=4.0 HTTP/1.1" 304 -
186.102.33.103 - - [17/Aug/2020:09:58:40 -0500] "GET /sipse/faces/javax.faces.resource/layout/layout.js?ln=primefaces&v=4.0 HTTP/1.1" 304 -
186.102.33.103 - - [17/Aug/2020:09:58:40 -0500] "GET /sipse/faces/javax.faces.resource/images/ui-icons_898989_256x240.png?ln=primefaces-aristo HTTP/1.1" 304 -
186.102.33.103 - - [17/Aug/2020:09:58:40 -0500] "GET /sipse/faces/faces/index.xhtml HTTP/1.1" 200 677
186.102.33.103 - - [17/Aug/2020:09:58:40 -0500] "GET /sipse/faces/javax.faces.resource/theme.css?ln=primefaces-sipse HTTP/1.1" 304 -
186.102.33.103 - - [17/Aug/2020:09:58:40 -0500] "GET /sipse/faces/faces/faces/autenticacion.xhtml HTTP/1.1" 200 12178
186.102.33.103 - - [17/Aug/2020:09:58:40 -0500] "GET /sipse/faces/javax.faces.resource/theme.css?ln=primefaces-sipse HTTP/1.1" 304 -
186.102.33.103 - - [17/Aug/2020:09:58:40 -0500] "GET /sipse/faces/javax.faces.resource/primefaces.css?ln=primefaces&v=4.0 HTTP/1.1" 304 -
186.102.33.103 - - [17/Aug/2020:09:58:40 -0500] "GET /sipse/faces/javax.faces.resource/jquery/jquery.js?ln=primefaces&v=4.0 HTTP/1.1" 304 -
186.102.33.103 - - [17/Aug/2020:09:58:40 -0500] "GET /sipse/faces/javax.faces.resource/layout/layout.css?ln=primefaces&v=4.0 HTTP/1.1" 304 -
186.102.33.103 - - [17/Aug/2020:09:58:40 -0500] "GET /sipse/faces/javax.faces.resource/jquery/jquery-plugins.js?ln=primefaces&v=4.0 HTTP/1.1" 304 -
186.102.33.103 - - [17/Aug/2020:09:58:40 -0500] "GET /sipse/faces/javax.faces.resource/primefaces.js?ln=primefaces&v=4.0 HTTP/1.1" 304 -
186.102.33.103 - - [17/Aug/2020:09:58:40 -0500] "GET /sipse/faces/javax.faces.resource/layout/layout.js?ln=primefaces&v=4.0 HTTP/1.1" 304 -
186.31.97.14 - - [17/Aug/2020:09:58:50 -0500] "POST /sipse/faces/presentacion/financiero/solicitudProceso/consultarSolicitudProceso.xhtml HTTP/1.1" 200 1684713
190.27.245.107 - - [17/Aug/2020:09:59:15 -0500] "GET /sipse/ HTTP/1.1" 302 -
191.102.196.129 - - [17/Aug/2020:09:59:15 -0500] "GET /sipse/faces/autenticacion.xhtml HTTP/1.1" 200 12500
191.102.196.129 - - [17/Aug/2020:09:59:16 -0500] "GET /sipse/js/funciones.js HTTP/1.1" 304 -
191.102.196.129 - - [17/Aug/2020:09:59:16 -0500] "GET /sipse/js/disable_browser_buttons.js HTTP/1.1" 304 -
191.102.196.129 - - [17/Aug/2020:09:59:16 -0500] "GET /sipse/css/custom_css_sg.css HTTP/1.1" 304 -
191.102.196.129 - - [17/Aug/2020:09:59:16 -0500] "GET /sipse/css/custom_css_sg_prime_login.css HTTP/1.1" 304 -
191.102.196.129 - - [17/Aug/2020:09:59:16 -0500] "GET /sipse/faces/javax.faces.resource/layout/layout.css;jsessionid=Xef65tQ13Bw94n5EkMORe-un.undefined?ln=primefaces&v=4.0 HTTP/1.1" 200 542
191.102.196.129 - - [17/Aug/2020:09:59:17 -0500] "GET /sipse/faces/javax.faces.resource/theme.css?ln=primefaces-sipse HTTP/1.1" 304 -
191.102.196.129 - - [17/Aug/2020:09:59:17 -0500] "GET /sipse/faces/javax.faces.resource/jquery/jquery.js;jsessionid=Xef65tQ13Bw94n5EkMORe-un.undefined?ln=primefaces&v=4.0 HTTP/1.1" 200 105384
191.102.196.129 - - [17/Aug/2020:09:59:17 -0500] "GET /sipse/faces/javax.faces.resource/layout/layout.js;jsessionid=Xef65tQ13Bw94n5EkMORe-un.undefined?ln=primefaces&v=4.0 HTTP/1.1" 200 87560
191.102.196.129 - - [17/Aug/2020:09:59:16 -0500] "GET /sipse/faces/javax.faces.resource/primefaces.css;jsessionid=Xef65tQ13Bw94n5EkMORe-un.undefined?ln=primefaces&v=4.0 HTTP/1.1" 200 53295
191.102.196.129 - - [17/Aug/2020:09:59:17 -0500] "GET /sipse/faces/javax.faces.resource/jquery/jquery-plugins.js;jsessionid=Xef65tQ13Bw94n5EkMORe-un.undefined?ln=primefaces&v=4.0 HTTP/1.1" 200 220526
191.102.196.129 - - [17/Aug/2020:09:59:17 -0500] "GET /sipse/faces/javax.faces.resource/primefaces.js;jsessionid=Xef65tQ13Bw94n5EkMORe-un.undefined?ln=primefaces&v=4.0 HTTP/1.1" 200 276924
191.102.196.129 - - [17/Aug/2020:09:59:18 -0500] "GET /sipse/css/imagen/logoSDG.png HTTP/1.1" 304 -
191.102.196.129 - - [17/Aug/2020:09:59:19 -0500] "GET /sipse/css/imagen/loginimg.png HTTP/1.1" 304 -
191.102.196.129 - - [17/Aug/2020:09:59:19 -0500] "GET /sipse/faces/javax.faces.resource/images/ui-icons_898989_256x240.png?ln=primefaces-aristo HTTP/1.1" 304 -
191.102.196.129 - - [17/Aug/2020:09:59:20 -0500] "GET /sipse/faces/index.xhtml HTTP/1.1" 200 677
191.102.196.129 - - [17/Aug/2020:09:59:20 -0500] "GET /sipse/faces/javax.faces.resource/theme.css?ln=primefaces-sipse HTTP/1.1" 304 -
191.102.196.129 - - [17/Aug/2020:09:59:21 -0500] "GET /sipse/faces/faces/autenticacion.xhtml HTTP/1.1" 200 12178
191.102.196.129 - - [17/Aug/2020:09:59:21 -0500] "GET /sipse/faces/javax.faces.resource/primefaces.css?ln=primefaces&v=4.0 HTTP/1.1" 304 -
191.102.196.129 - - [17/Aug/2020:09:59:21 -0500] "GET /sipse/faces/javax.faces.resource/layout/layout.css?ln=primefaces&v=4.0 HTTP/1.1" 304 -
191.102.196.129 - - [17/Aug/2020:09:59:21 -0500] "GET /sipse/faces/javax.faces.resource/theme.css?ln=primefaces-sipse HTTP/1.1" 304 -
191.102.196.129 - - [17/Aug/2020:09:59:21 -0500] "GET /sipse/faces/javax.faces.resource/jquery/jquery.js?ln=primefaces&v=4.0 HTTP/1.1" 304 -
191.102.196.129 - - [17/Aug/2020:09:59:21 -0500] "GET /sipse/faces/javax.faces.resource/jquery/jquery-plugins.js?ln=primefaces&v=4.0 HTTP/1.1" 304 -
191.102.196.129 - - [17/Aug/2020:09:59:21 -0500] "GET /sipse/faces/javax.faces.resource/primefaces.js?ln=primefaces&v=4.0 HTTP/1.1" 304 -
191.102.196.129 - - [17/Aug/2020:09:59:21 -0500] "GET /sipse/faces/javax.faces.resource/layout/layout.js?ln=primefaces&v=4.0 HTTP/1.1" 304 -
186.102.33.103 - - [17/Aug/2020:09:59:23 -0500] "POST /sipse/faces/autenticacion.xhtml HTTP/1.1" 200 2183
186.102.33.103 - - [17/Aug/2020:09:59:23 -0500] "GET /sipse/faces/javax.faces.resource/messages/messages.png?ln=primefaces&v=4.0 HTTP/1.1" 200 27209
186.102.33.103 - - [17/Aug/2020:09:59:27 -0500] "POST /sipse/faces/autenticacion.xhtml HTTP/1.1" 200 2183
181.206.38.18 - - [17/Aug/2020:09:59:34 -0500] "GET /galeria/galeria/jquery.fancybox.css?v=2.1.5 HTTP/1.1" 200 4895
181.206.38.18 - - [17/Aug/2020:09:59:34 -0500] "GET /galeria/galeria/jquery.fancybox.js?v=2.1.5 HTTP/1.1" 200 48706
186.31.97.14 - - [17/Aug/2020:09:59:38 -0500] "POST /sipse/faces/presentacion/financiero/solicitudProceso/consultarSolicitudProceso.xhtml HTTP/1.1" 200 41819
186.31.97.14 - - [17/Aug/2020:09:59:38 -0500] "GET /sipse/faces/javax.faces.resource/jquery/jquery.js?ln=primefaces&v=4.0 HTTP/1.1" 304 -
186.31.97.14 - - [17/Aug/2020:09:59:38 -0500] "GET /sipse/faces/javax.faces.resource/jquery/jquery-plugins.js?ln=primefaces&v=4.0 HTTP/1.1" 304 -
191.102.196.129 - - [17/Aug/2020:09:59:38 -0500] "POST /sipse/faces/autenticacion.xhtml HTTP/1.1" 200 2221
186.31.97.14 - - [17/Aug/2020:09:59:38 -0500] "GET /sipse/faces/javax.faces.resource/primefaces.js?ln=primefaces&v=4.0 HTTP/1.1" 304 -
191.102.196.129 - - [17/Aug/2020:09:59:39 -0500] "GET /sipse/faces/javax.faces.resource/messages/messages.png?ln=primefaces&v=4.0 HTTP/1.1" 304 -
186.31.97.14 - - [17/Aug/2020:09:59:39 -0500] "GET /sipse/faces/javax.faces.resource/layout/layout.js?ln=primefaces&v=4.0 HTTP/1.1" 304 -
186.31.97.14 - - [17/Aug/2020:09:59:39 -0500] "POST /sipse/faces/presentacion/financiero/solicitudProceso/consultar.xhtml HTTP/1.1" 200 35101
186.31.97.14 - - [17/Aug/2020:09:59:39 -0500] "POST /sipse/faces/presentacion/financiero/solicitudProceso/consultar.xhtml HTTP/1.1" 200 35101
191.102.196.129 - - [17/Aug/2020:09:59:40 -0500] "GET /sipse/faces/javax.faces.resource/images/ui-icons_898989_256x240.png?ln=primefaces-aristo HTTP/1.1" 304 -
186.31.97.14 - - [17/Aug/2020:09:59:39 -0500] "POST /sipse/faces/presentacion/financiero/solicitudProceso/consultar.xhtml HTTP/1.1" 200 35101
186.31.97.14 - - [17/Aug/2020:09:59:40 -0500] "POST /sipse/faces/presentacion/financiero/solicitudProceso/consultar.xhtml HTTP/1.1" 200 35101
186.31.97.14 - - [17/Aug/2020:09:59:40 -0500] "POST /sipse/faces/presentacion/financiero/solicitudProceso/consultar.xhtml HTTP/1.1" 200 35101
186.31.97.14 - - [17/Aug/2020:09:59:40 -0500] "POST /sipse/faces/presentacion/financiero/solicitudProceso/consultar.xhtml HTTP/1.1" 200 35101
186.31.97.14 - - [17/Aug/2020:09:59:40 -0500] "POST /sipse/faces/presentacion/financiero/solicitudProceso/consultar.xhtml HTTP/1.1" 200 35101
191.102.196.129 - - [17/Aug/2020:09:59:40 -0500] "POST /sipse/faces/autenticacion.xhtml HTTP/1.1" 200 16029
186.31.97.14 - - [17/Aug/2020:09:59:41 -0500] "POST /sipse/faces/presentacion/financiero/solicitudProceso/consultar.xhtml HTTP/1.1" 200 35101
191.102.196.129 - - [17/Aug/2020:09:59:42 -0500] "GET /sipse/css/custom_css_sg_prime.css HTTP/1.1" 304 -
186.31.97.14 - - [17/Aug/2020:09:59:41 -0500] "POST /sipse/faces/presentacion/financiero/solicitudProceso/consultar.xhtml HTTP/1.1" 200 35101
191.102.196.129 - - [17/Aug/2020:09:59:42 -0500] "GET /sipse/faces/javax.faces.resource/theme.css?ln=primefaces-sipse HTTP/1.1" 304 -
191.102.196.129 - - [17/Aug/2020:09:59:42 -0500] "GET /sipse/faces/javax.faces.resource/primefaces.css?ln=primefaces&v=4.0 HTTP/1.1" 304 -
191.102.196.129 - - [17/Aug/2020:09:59:42 -0500] "GET /sipse/faces/javax.faces.resource/layout/layout.css?ln=primefaces&v=4.0 HTTP/1.1" 304 -
191.102.196.129 - - [17/Aug/2020:09:59:42 -0500] "GET /sipse/js/jquery.min.js HTTP/1.1" 304 -
186.31.97.14 - - [17/Aug/2020:09:59:42 -0500] "POST /sipse/faces/presentacion/financiero/solicitudProceso/consultar.xhtml HTTP/1.1" 200 35101
191.102.196.129 - - [17/Aug/2020:09:59:42 -0500] "GET /sipse/faces/javax.faces.resource/jquery/jquery.js?ln=primefaces&v=4.0 HTTP/1.1" 304 -
191.102.196.129 - - [17/Aug/2020:09:59:42 -0500] "GET /sipse/faces/javax.faces.resource/jquery/jquery-plugins.js?ln=primefaces&v=4.0 HTTP/1.1" 304 -
186.31.97.14 - - [17/Aug/2020:09:59:42 -0500] "POST /sipse/faces/presentacion/financiero/solicitudProceso/consultar.xhtml HTTP/1.1" 200 35101
186.84.88.120 - - [17/Aug/2020:09:59:42 -0500] "POST /sipse/faces/presentacion/financiero/solicitudProceso/consultarSolicitudProceso.xhtml HTTP/1.1" 200 62980
186.84.88.120 - - [17/Aug/2020:09:59:43 -0500] "GET /sipse/faces/javax.faces.resource/jquery/jquery.js?ln=primefaces&v=4.0 HTTP/1.1" 304 -
186.31.97.14 - - [17/Aug/2020:09:59:43 -0500] "POST /sipse/faces/presentacion/financiero/solicitudProceso/consultar.xhtml HTTP/1.1" 200 35101
186.84.88.120 - - [17/Aug/2020:09:59:43 -0500] "GET /sipse/faces/javax.faces.resource/jquery/jquery-plugins.js?ln=primefaces&v=4.0 HTTP/1.1" 304 -
186.31.97.14 - - [17/Aug/2020:09:59:43 -0500] "POST /sipse/faces/presentacion/financiero/solicitudProceso/consultar.xhtml HTTP/1.1" 200 35101
186.84.88.120 - - [17/Aug/2020:09:59:43 -0500] "GET /sipse/faces/javax.faces.resource/primefaces.js?ln=primefaces&v=4.0 HTTP/1.1" 304 -
186.84.88.120 - - [17/Aug/2020:09:59:43 -0500] "GET /sipse/faces/javax.faces.resource/layout/layout.js?ln=primefaces&v=4.0 HTTP/1.1" 304 -
191.102.196.129 - - [17/Aug/2020:09:59:43 -0500] "GET /sipse/faces/javax.faces.resource/primefaces.js?ln=primefaces&v=4.0 HTTP/1.1" 304 -
186.31.97.14 - - [17/Aug/2020:09:59:43 -0500] "POST /sipse/faces/presentacion/financiero/solicitudProceso/consultar.xhtml HTTP/1.1" 200 35101
191.102.196.129 - - [17/Aug/2020:09:59:43 -0500] "GET /sipse/faces/javax.faces.resource/layout/layout.js?ln=primefaces&v=4.0 HTTP/1.1" 304 -
186.31.97.14 - - [17/Aug/2020:09:59:43 -0500] "POST /sipse/faces/presentacion/financiero/solicitudProceso/consultar.xhtml HTTP/1.1" 200 35101
191.102.196.129 - - [17/Aug/2020:09:59:44 -0500] "GET /sipse/imagenes/logoAplicacion.jpg HTTP/1.1" 304 -
191.102.196.129 - - [17/Aug/2020:09:59:44 -0500] "GET /sipse/css/imagen/contrasena.png HTTP/1.1" 404 383
191.102.196.129 - - [17/Aug/2020:09:59:44 -0500] "GET /sipse/imagenes/cargando.gif HTTP/1.1" 304 -
186.84.88.120 - - [17/Aug/2020:09:59:43 -0500] "POST /sipse/faces/presentacion/financiero/solicitudProceso/listarSolicitudProceso.xhtml HTTP/1.1" 200 56244
186.31.97.14 - - [17/Aug/2020:09:59:44 -0500] "POST /sipse/faces/presentacion/financiero/solicitudProceso/consultar.xhtml HTTP/1.1" 200 35101
186.31.97.14 - - [17/Aug/2020:09:59:44 -0500] "POST /sipse/faces/presentacion/financiero/solicitudProceso/consultar.xhtml HTTP/1.1" 200 35101
186.84.88.120 - - [17/Aug/2020:09:59:44 -0500] "POST /sipse/faces/presentacion/financiero/solicitudProceso/listarSolicitudProceso.xhtml HTTP/1.1" 200 56244
186.31.97.14 - - [17/Aug/2020:09:59:44 -0500] "POST /sipse/faces/presentacion/financiero/solicitudProceso/consultar.xhtml HTTP/1.1" 200 35101
186.31.97.14 - - [17/Aug/2020:09:59:45 -0500] "POST /sipse/faces/presentacion/financiero/solicitudProceso/consultar.xhtml HTTP/1.1" 200 35101
186.102.33.103 - - [17/Aug/2020:09:59:45 -0500] "POST /sipse/faces/autenticacion.xhtml HTTP/1.1" 200 2183
186.31.97.14 - - [17/Aug/2020:09:59:45 -0500] "POST /sipse/faces/presentacion/financiero/solicitudProceso/consultar.xhtml HTTP/1.1" 200 35101
186.84.88.120 - - [17/Aug/2020:09:59:45 -0500] "POST /sipse/faces/presentacion/financiero/solicitudProceso/listarSolicitudProceso.xhtml HTTP/1.1" 200 1448
186.31.97.14 - - [17/Aug/2020:09:59:45 -0500] "POST /sipse/faces/presentacion/financiero/solicitudProceso/consultar.xhtml HTTP/1.1" 200 35101
186.84.88.120 - - [17/Aug/2020:09:59:45 -0500] "POST /sipse/faces/presentacion/financiero/solicitudProceso/listarSolicitudProceso.xhtml HTTP/1.1" 200 1448
191.102.196.129 - - [17/Aug/2020:09:59:45 -0500] "GET /sipse/faces/javax.faces.resource/images/ui-bg_flat_0_2d5972_40x100.png?ln=primefaces-aristo HTTP/1.1" 304 -
191.102.196.129 - - [17/Aug/2020:09:59:45 -0500] "POST /sipse/faces/bienvenido.xhtml HTTP/1.1" 200 2073
186.31.97.14 - - [17/Aug/2020:09:59:45 -0500] "POST /sipse/faces/presentacion/financiero/solicitudProceso/consultar.xhtml HTTP/1.1" 200 35101
186.84.88.120 - - [17/Aug/2020:09:59:46 -0500] "POST /sipse/faces/presentacion/financiero/solicitudProceso/listarSolicitudProceso.xhtml HTTP/1.1" 200 1452
186.31.97.14 - - [17/Aug/2020:09:59:46 -0500] "POST /sipse/faces/presentacion/financiero/solicitudProceso/consultar.xhtml HTTP/1.1" 200 35101
186.31.97.14 - - [17/Aug/2020:09:59:46 -0500] "POST /sipse/faces/presentacion/financiero/solicitudProceso/consultar.xhtml HTTP/1.1" 200 35101
186.31.97.14 - - [17/Aug/2020:09:59:46 -0500] "POST /sipse/faces/presentacion/financiero/solicitudProceso/consultar.xhtml HTTP/1.1" 200 35101
186.31.97.14 - - [17/Aug/2020:09:59:46 -0500] "POST /sipse/faces/presentacion/financiero/solicitudProceso/consultar.xhtml HTTP/1.1" 200 35101
186.31.97.14 - - [17/Aug/2020:09:59:47 -0500] "POST /sipse/faces/presentacion/financiero/solicitudProceso/consultar.xhtml HTTP/1.1" 200 35101
190.27.245.107 - - [17/Aug/2020:09:59:47 -0500] "GET /sipse/ HTTP/1.1" 302 -
186.31.97.14 - - [17/Aug/2020:09:59:47 -0500] "POST /sipse/faces/presentacion/financiero/solicitudProceso/consultar.xhtml HTTP/1.1" 200 35101
191.102.196.129 - - [17/Aug/2020:09:59:47 -0500] "POST /sipse/faces/bienvenido.xhtml HTTP/1.1" 200 38755
186.31.97.14 - - [17/Aug/2020:09:59:47 -0500] "POST /sipse/faces/presentacion/financiero/solicitudProceso/consultar.xhtml HTTP/1.1" 200 35101
191.102.196.129 - - [17/Aug/2020:09:59:47 -0500] "GET /sipse/faces/javax.faces.resource/theme.css?ln=primefaces-sipse HTTP/1.1" 304 -
191.102.196.129 - - [17/Aug/2020:09:59:47 -0500] "GET /sipse/faces/javax.faces.resource/primefaces.css?ln=primefaces&v=4.0 HTTP/1.1" 304 -
191.102.196.129 - - [17/Aug/2020:09:59:47 -0500] "GET /sipse/faces/javax.faces.resource/layout/layout.css?ln=primefaces&v=4.0 HTTP/1.1" 304 -
191.102.196.129 - - [17/Aug/2020:09:59:47 -0500] "GET /sipse/faces/javax.faces.resource/jquery/jquery.js?ln=primefaces&v=4.0 HTTP/1.1" 304 -
191.102.196.129 - - [17/Aug/2020:09:59:48 -0500] "GET /sipse/faces/javax.faces.resource/jquery/jquery-plugins.js?ln=primefaces&v=4.0 HTTP/1.1" 304 -
186.31.97.14 - - [17/Aug/2020:09:59:47 -0500] "POST /sipse/faces/presentacion/financiero/solicitudProceso/consultar.xhtml HTTP/1.1" 200 35101
191.102.196.129 - - [17/Aug/2020:09:59:48 -0500] "GET /sipse/faces/javax.faces.resource/primefaces.js?ln=primefaces&v=4.0 HTTP/1.1" 304 -
191.102.196.129 - - [17/Aug/2020:09:59:48 -0500] "GET /sipse/faces/javax.faces.resource/layout/layout.js?ln=primefaces&v=4.0 HTTP/1.1" 304 -
186.31.97.14 - - [17/Aug/2020:09:59:48 -0500] "POST /sipse/faces/presentacion/financiero/solicitudProceso/consultar.xhtml HTTP/1.1" 200 35101
186.31.97.14 - - [17/Aug/2020:09:59:48 -0500] "POST /sipse/faces/presentacion/financiero/solicitudProceso/consultar.xhtml HTTP/1.1" 200 35101
186.28.187.21 - - [17/Aug/2020:09:59:48 -0500] "GET /sipse/faces/autenticacion.xhtml HTTP/1.1" 200 12500
186.31.97.14 - - [17/Aug/2020:09:59:48 -0500] "POST /sipse/faces/presentacion/financiero/solicitudProceso/consultar.xhtml HTTP/1.1" 200 35101
186.102.33.103 - - [17/Aug/2020:09:59:49 -0500] "POST /sipse/faces/autenticacion.xhtml HTTP/1.1" 200 2183
186.31.97.14 - - [17/Aug/2020:09:59:49 -0500] "POST /sipse/faces/presentacion/financiero/solicitudProceso/consultar.xhtml HTTP/1.1" 200 35101
186.28.187.21 - - [17/Aug/2020:09:59:49 -0500] "GET /sipse/js/disable_browser_buttons.js HTTP/1.1" 304 -
186.28.187.21 - - [17/Aug/2020:09:59:49 -0500] "GET /sipse/faces/javax.faces.resource/layout/layout.css;jsessionid=0VM4-zJJ+uxQBiTuRvOqD0aj.undefined?ln=primefaces&v=4.0 HTTP/1.1" 200 542
186.31.97.14 - - [17/Aug/2020:09:59:49 -0500] "POST /sipse/faces/presentacion/financiero/solicitudProceso/consultar.xhtml HTTP/1.1" 200 35101
186.28.187.21 - - [17/Aug/2020:09:59:49 -0500] "GET /sipse/faces/javax.faces.resource/primefaces.css;jsessionid=0VM4-zJJ+uxQBiTuRvOqD0aj.undefined?ln=primefaces&v=4.0 HTTP/1.1" 200 53295
186.31.97.14 - - [17/Aug/2020:09:59:50 -0500] "POST /sipse/faces/presentacion/financiero/solicitudProceso/consultar.xhtml HTTP/1.1" 200 35101
186.28.187.21 - - [17/Aug/2020:09:59:50 -0500] "GET /sipse/faces/javax.faces.resource/jquery/jquery.js;jsessionid=0VM4-zJJ+uxQBiTuRvOqD0aj.undefined?ln=primefaces&v=4.0 HTTP/1.1" 200 105384
186.31.97.14 - - [17/Aug/2020:09:59:50 -0500] "POST /sipse/faces/presentacion/financiero/solicitudProceso/consultar.xhtml HTTP/1.1" 200 35101
186.28.187.21 - - [17/Aug/2020:09:59:50 -0500] "GET /sipse/css/custom_css_sg.css HTTP/1.1" 304 -
186.31.97.14 - - [17/Aug/2020:09:59:50 -0500] "POST /sipse/faces/presentacion/financiero/solicitudProceso/consultar.xhtml HTTP/1.1" 200 35101
186.28.187.21 - - [17/Aug/2020:09:59:50 -0500] "GET /sipse/css/custom_css_sg_prime_login.css HTTP/1.1" 304 -
186.28.187.21 - - [17/Aug/2020:09:59:50 -0500] "GET /sipse/faces/javax.faces.resource/theme.css?ln=primefaces-sipse HTTP/1.1" 304 -
186.28.187.21 - - [17/Aug/2020:09:59:50 -0500] "GET /sipse/faces/javax.faces.resource/jquery/jquery-plugins.js;jsessionid=0VM4-zJJ+uxQBiTuRvOqD0aj.undefined?ln=primefaces&v=4.0 HTTP/1.1" 200 220526
186.31.97.14 - - [17/Aug/2020:09:59:50 -0500] "POST /sipse/faces/presentacion/financiero/solicitudProceso/consultar.xhtml HTTP/1.1" 200 35101
186.28.187.21 - - [17/Aug/2020:09:59:51 -0500] "GET /sipse/js/funciones.js HTTP/1.1" 304 -
186.31.97.14 - - [17/Aug/2020:09:59:51 -0500] "POST /sipse/faces/presentacion/financiero/solicitudProceso/consultar.xhtml HTTP/1.1" 200 35101
186.28.187.21 - - [17/Aug/2020:09:59:50 -0500] "GET /sipse/faces/javax.faces.resource/primefaces.js;jsessionid=0VM4-zJJ+uxQBiTuRvOqD0aj.undefined?ln=primefaces&v=4.0 HTTP/1.1" 200 276924
186.28.187.21 - - [17/Aug/2020:09:59:51 -0500] "GET /sipse/faces/javax.faces.resource/layout/layout.js;jsessionid=0VM4-zJJ+uxQBiTuRvOqD0aj.undefined?ln=primefaces&v=4.0 HTTP/1.1" 200 87560
186.31.97.14 - - [17/Aug/2020:09:59:51 -0500] "POST /sipse/faces/presentacion/financiero/solicitudProceso/consultar.xhtml HTTP/1.1" 200 35101
186.31.97.14 - - [17/Aug/2020:09:59:52 -0500] "POST /sipse/faces/presentacion/financiero/solicitudProceso/consultar.xhtml HTTP/1.1" 200 35101
186.31.97.14 - - [17/Aug/2020:09:59:52 -0500] "POST /sipse/faces/presentacion/financiero/solicitudProceso/consultar.xhtml HTTP/1.1" 200 35101
186.31.97.14 - - [17/Aug/2020:09:59:52 -0500] "POST /sipse/faces/presentacion/financiero/solicitudProceso/consultar.xhtml HTTP/1.1" 200 35101
186.31.97.14 - - [17/Aug/2020:09:59:53 -0500] "POST /sipse/faces/presentacion/financiero/solicitudProceso/consultar.xhtml HTTP/1.1" 200 35101
186.31.97.14 - - [17/Aug/2020:09:59:53 -0500] "POST /sipse/faces/presentacion/financiero/solicitudProceso/consultar.xhtml HTTP/1.1" 200 35101
186.28.187.21 - - [17/Aug/2020:09:59:53 -0500] "GET /sipse/css/imagen/loginimg.png HTTP/1.1" 304 -
186.28.187.21 - - [17/Aug/2020:09:59:53 -0500] "GET /sipse/css/imagen/logoSDG.png HTTP/1.1" 304 -
186.28.187.21 - - [17/Aug/2020:09:59:53 -0500] "GET /sipse/faces/javax.faces.resource/images/ui-icons_898989_256x240.png?ln=primefaces-aristo HTTP/1.1" 304 -
186.31.97.14 - - [17/Aug/2020:09:59:53 -0500] "POST /sipse/faces/presentacion/financiero/solicitudProceso/consultar.xhtml HTTP/1.1" 200 35101
186.28.187.21 - - [17/Aug/2020:09:59:54 -0500] "GET /sipse/faces/index.xhtml HTTP/1.1" 200 677
186.31.97.14 - - [17/Aug/2020:09:59:54 -0500] "POST /sipse/faces/presentacion/financiero/solicitudProceso/consultar.xhtml HTTP/1.1" 200 35101
186.31.97.14 - - [17/Aug/2020:09:59:55 -0500] "POST /sipse/faces/presentacion/financiero/solicitudProceso/consultar.xhtml HTTP/1.1" 200 35101
186.28.187.21 - - [17/Aug/2020:09:59:55 -0500] "GET /sipse/faces/javax.faces.resource/theme.css?ln=primefaces-sipse HTTP/1.1" 304 -
186.31.97.14 - - [17/Aug/2020:09:59:55 -0500] "POST /sipse/faces/presentacion/financiero/solicitudProceso/consultar.xhtml HTTP/1.1" 200 35101
186.28.187.21 - - [17/Aug/2020:09:59:55 -0500] "GET /sipse/faces/faces/autenticacion.xhtml HTTP/1.1" 200 12178
186.31.97.14 - - [17/Aug/2020:09:59:55 -0500] "POST /sipse/faces/presentacion/financiero/solicitudProceso/consultar.xhtml HTTP/1.1" 200 35101
186.31.97.14 - - [17/Aug/2020:09:59:56 -0500] "POST /sipse/faces/presentacion/financiero/solicitudProceso/consultar.xhtml HTTP/1.1" 200 35101
186.31.97.14 - - [17/Aug/2020:09:59:56 -0500] "POST /sipse/faces/presentacion/financiero/solicitudProceso/consultar.xhtml HTTP/1.1" 200 35101
186.28.187.21 - - [17/Aug/2020:09:59:56 -0500] "GET /sipse/faces/javax.faces.resource/theme.css?ln=primefaces-sipse HTTP/1.1" 304 -
186.31.97.14 - - [17/Aug/2020:09:59:56 -0500] "POST /sipse/faces/presentacion/financiero/solicitudProceso/consultar.xhtml HTTP/1.1" 200 35101
186.28.187.21 - - [17/Aug/2020:09:59:56 -0500] "GET /sipse/faces/javax.faces.resource/primefaces.css?ln=primefaces&v=4.0 HTTP/1.1" 304 -
186.28.187.21 - - [17/Aug/2020:09:59:56 -0500] "GET /sipse/faces/javax.faces.resource/layout/layout.css?ln=primefaces&v=4.0 HTTP/1.1" 304 -
186.28.187.21 - - [17/Aug/2020:09:59:56 -0500] "GET /sipse/faces/javax.faces.resource/jquery/jquery-plugins.js?ln=primefaces&v=4.0 HTTP/1.1" 304 -
186.28.187.21 - - [17/Aug/2020:09:59:56 -0500] "GET /sipse/faces/javax.faces.resource/primefaces.js?ln=primefaces&v=4.0 HTTP/1.1" 304 -
186.28.187.21 - - [17/Aug/2020:09:59:56 -0500] "GET /sipse/faces/javax.faces.resource/jquery/jquery.js?ln=primefaces&v=4.0 HTTP/1.1" 304 -
186.28.187.21 - - [17/Aug/2020:09:59:56 -0500] "GET /sipse/faces/javax.faces.resource/layout/layout.js?ln=primefaces&v=4.0 HTTP/1.1" 304 -
186.31.97.14 - - [17/Aug/2020:09:59:56 -0500] "POST /sipse/faces/presentacion/financiero/solicitudProceso/consultar.xhtml HTTP/1.1" 200 35101
186.31.97.14 - - [17/Aug/2020:09:59:56 -0500] "POST /sipse/faces/presentacion/financiero/solicitudProceso/consultar.xhtml HTTP/1.1" 200 35101
186.31.97.14 - - [17/Aug/2020:09:59:57 -0500] "POST /sipse/faces/presentacion/financiero/solicitudProceso/consultar.xhtml HTTP/1.1" 200 35101
186.31.97.14 - - [17/Aug/2020:09:59:58 -0500] "POST /sipse/faces/presentacion/financiero/solicitudProceso/consultar.xhtml HTTP/1.1" 200 35101
186.31.97.14 - - [17/Aug/2020:09:59:59 -0500] "POST /sipse/faces/presentacion/financiero/solicitudProceso/consultar.xhtml HTTP/1.1" 200 35101
186.31.97.14 - - [17/Aug/2020:09:59:59 -0500] "POST /sipse/faces/presentacion/financiero/solicitudProceso/consultar.xhtml HTTP/1.1" 200 35101
186.84.39.216 - - [17/Aug/2020:09:59:59 -0500] "POST /sipse/faces/presentacion/financiero/solicitudProceso/consultarSolicitudProceso.xhtml HTTP/1.1" 200 36451
186.84.39.216 - - [17/Aug/2020:10:00:00 -0500] "GET /sipse/faces/javax.faces.resource/theme.css?ln=primefaces-sipse HTTP/1.1" 304 -
186.102.33.103 - - [17/Aug/2020:10:00:00 -0500] "POST /sipse/faces/autenticacion.xhtml HTTP/1.1" 200 2183
186.84.39.216 - - [17/Aug/2020:10:00:00 -0500] "GET /sipse/faces/javax.faces.resource/primefaces.css?ln=primefaces&v=4.0 HTTP/1.1" 304 -
186.84.39.216 - - [17/Aug/2020:10:00:00 -0500] "GET /sipse/faces/javax.faces.resource/layout/layout.css?ln=primefaces&v=4.0 HTTP/1.1" 304 -
186.84.39.216 - - [17/Aug/2020:10:00:00 -0500] "GET /sipse/faces/javax.faces.resource/jquery/jquery.js?ln=primefaces&v=4.0 HTTP/1.1" 304 -
186.84.39.216 - - [17/Aug/2020:10:00:00 -0500] "GET /sipse/faces/javax.faces.resource/jquery/jquery-plugins.js?ln=primefaces&v=4.0 HTTP/1.1" 304 -
186.84.39.216 - - [17/Aug/2020:10:00:00 -0500] "GET /sipse/faces/javax.faces.resource/primefaces.js?ln=primefaces&v=4.0 HTTP/1.1" 304 -
186.84.39.216 - - [17/Aug/2020:10:00:00 -0500] "GET /sipse/faces/javax.faces.resource/layout/layout.js?ln=primefaces&v=4.0 HTTP/1.1" 304 -
186.84.39.216 - - [17/Aug/2020:10:00:01 -0500] "GET /sipse/faces/javax.faces.resource/images/ui-icons_898989_256x240.png?ln=primefaces-aristo HTTP/1.1" 304 -
186.84.39.216 - - [17/Aug/2020:10:00:01 -0500] "GET /sipse/faces/javax.faces.resource/images/ui-bg_flat_0_2d5972_40x100.png?ln=primefaces-aristo HTTP/1.1" 304 -
186.84.39.216 - - [17/Aug/2020:10:00:01 -0500] "POST /sipse/faces/presentacion/financiero/solicitudProceso/listarSolicitudProceso.xhtml HTTP/1.1" 200 1344
186.84.88.120 - - [17/Aug/2020:09:59:59 -0500] "POST /sipse/faces/presentacion/financiero/solicitudProceso/listarSolicitudProceso.xhtml HTTP/1.1" 200 151299
186.84.39.216 - - [17/Aug/2020:10:00:01 -0500] "POST /sipse/faces/presentacion/financiero/solicitudProceso/listarSolicitudProceso.xhtml HTTP/1.1" 200 1344
186.84.88.120 - - [17/Aug/2020:10:00:01 -0500] "GET /sipse/faces/javax.faces.resource/jquery/jquery.js?ln=primefaces&v=4.0 HTTP/1.1" 304 -
186.84.88.120 - - [17/Aug/2020:10:00:01 -0500] "GET /sipse/faces/javax.faces.resource/jquery/jquery-plugins.js?ln=primefaces&v=4.0 HTTP/1.1" 304 -
186.84.88.120 - - [17/Aug/2020:10:00:01 -0500] "GET /sipse/faces/javax.faces.resource/primefaces.js?ln=primefaces&v=4.0 HTTP/1.1" 304 -
186.84.88.120 - - [17/Aug/2020:10:00:01 -0500] "GET /sipse/faces/javax.faces.resource/layout/layout.js?ln=primefaces&v=4.0 HTTP/1.1" 304 -
186.28.187.21 - - [17/Aug/2020:10:00:03 -0500] "POST /sipse/faces/autenticacion.xhtml HTTP/1.1" 200 2221
190.27.245.107 - - [17/Aug/2020:10:00:01 -0500] "GET /reportes_sipse/sdg/ServletReporte?reporte=experienia_idoneidad&solicitud=10805&pfdrid_c=false HTTP/1.1" 200 188682
186.28.187.21 - - [17/Aug/2020:10:00:03 -0500] "GET /sipse/faces/javax.faces.resource/messages/messages.png?ln=primefaces&v=4.0 HTTP/1.1" 304 -
186.28.187.21 - - [17/Aug/2020:10:00:04 -0500] "GET /sipse/faces/javax.faces.resource/images/ui-icons_898989_256x240.png?ln=primefaces-aristo HTTP/1.1" 304 -
186.28.187.21 - - [17/Aug/2020:10:00:04 -0500] "POST /sipse/faces/autenticacion.xhtml HTTP/1.1" 200 16029
186.28.187.21 - - [17/Aug/2020:10:00:04 -0500] "GET /sipse/css/custom_css_sg_prime.css HTTP/1.1" 304 -
186.28.187.21 - - [17/Aug/2020:10:00:04 -0500] "GET /sipse/faces/javax.faces.resource/layout/layout.css?ln=primefaces&v=4.0 HTTP/1.1" 304 -
186.28.187.21 - - [17/Aug/2020:10:00:04 -0500] "GET /sipse/faces/javax.faces.resource/primefaces.css?ln=primefaces&v=4.0 HTTP/1.1" 304 -
186.28.187.21 - - [17/Aug/2020:10:00:04 -0500] "GET /sipse/faces/javax.faces.resource/theme.css?ln=primefaces-sipse HTTP/1.1" 304 -
186.28.187.21 - - [17/Aug/2020:10:00:04 -0500] "GET /sipse/js/jquery.min.js HTTP/1.1" 304 -
186.31.97.14 - - [17/Aug/2020:10:00:05 -0500] "POST /sipse/faces/presentacion/financiero/solicitudProceso/consultar.xhtml HTTP/1.1" 200 12877
201.244.103.38 - - [17/Aug/2020:10:00:05 -0500] "GET /BLA/boletinlegal/js/jquery.scrollShow.js HTTP/1.1" 200 4586
201.244.103.38 - - [17/Aug/2020:10:00:05 -0500] "GET /galeria/galeria/jquery.fancybox.css?v=2.1.5 HTTP/1.1" 200 4895
201.244.103.38 - - [17/Aug/2020:10:00:05 -0500] "GET /galeria/galeria/jquery.fancybox.js?v=2.1.5 HTTP/1.1" 200 48706
186.28.187.21 - - [17/Aug/2020:10:00:07 -0500] "GET /sipse/faces/javax.faces.resource/jquery/jquery.js?ln=primefaces&v=4.0 HTTP/1.1" 304 -
186.28.187.21 - - [17/Aug/2020:10:00:07 -0500] "GET /sipse/faces/javax.faces.resource/jquery/jquery-plugins.js?ln=primefaces&v=4.0 HTTP/1.1" 304 -
186.84.39.216 - - [17/Aug/2020:10:00:08 -0500] "POST /sipse/faces/presentacion/financiero/solicitudProceso/listarSolicitudProceso.xhtml HTTP/1.1" 200 4754
186.28.187.21 - - [17/Aug/2020:10:00:08 -0500] "GET /sipse/faces/javax.faces.resource/primefaces.js?ln=primefaces&v=4.0 HTTP/1.1" 304 -
186.28.187.21 - - [17/Aug/2020:10:00:08 -0500] "GET /sipse/faces/javax.faces.resource/layout/layout.js?ln=primefaces&v=4.0 HTTP/1.1" 304 -
186.28.187.21 - - [17/Aug/2020:10:00:08 -0500] "GET /sipse/imagenes/cargando.gif HTTP/1.1" 304 -
186.28.187.21 - - [17/Aug/2020:10:00:08 -0500] "GET /sipse/imagenes/logoAplicacion.jpg HTTP/1.1" 304 -
186.28.187.21 - - [17/Aug/2020:10:00:08 -0500] "GET /sipse/css/imagen/contrasena.png HTTP/1.1" 404 383
186.31.97.14 - - [17/Aug/2020:10:00:07 -0500] "POST /sipse/faces/presentacion/financiero/solicitudProceso/consultar.xhtml HTTP/1.1" 200 138610
186.31.97.14 - - [17/Aug/2020:10:00:09 -0500] "GET /sipse/faces/javax.faces.resource/jquery/jquery.js?ln=primefaces&v=4.0 HTTP/1.1" 304 -
186.31.97.14 - - [17/Aug/2020:10:00:09 -0500] "GET /sipse/faces/javax.faces.resource/jquery/jquery-plugins.js?ln=primefaces&v=4.0 HTTP/1.1" 304 -
186.31.97.14 - - [17/Aug/2020:10:00:09 -0500] "GET /sipse/faces/javax.faces.resource/primefaces.js?ln=primefaces&v=4.0 HTTP/1.1" 304 -
186.31.97.14 - - [17/Aug/2020:10:00:09 -0500] "GET /sipse/faces/javax.faces.resource/layout/layout.js?ln=primefaces&v=4.0 HTTP/1.1" 304 -
190.27.245.107 - - [17/Aug/2020:10:00:09 -0500] "GET /reportes_sipse/sdg/ServletReporte?reporte=experienia_idoneidad&solicitud=10805&pfdrid_c=false HTTP/1.1" 200 188682
186.84.39.216 - - [17/Aug/2020:10:00:10 -0500] "POST /sipse/faces/presentacion/financiero/solicitudProceso/listarSolicitudProceso.xhtml HTTP/1.1" 200 144837
186.84.39.216 - - [17/Aug/2020:10:00:12 -0500] "GET /sipse/faces/javax.faces.resource/theme.css?ln=primefaces-sipse HTTP/1.1" 304 -
186.84.39.216 - - [17/Aug/2020:10:00:12 -0500] "GET /sipse/faces/javax.faces.resource/primefaces.css?ln=primefaces&v=4.0 HTTP/1.1" 304 -
186.84.39.216 - - [17/Aug/2020:10:00:12 -0500] "GET /sipse/faces/javax.faces.resource/layout/layout.css?ln=primefaces&v=4.0 HTTP/1.1" 304 -
186.84.39.216 - - [17/Aug/2020:10:00:12 -0500] "GET /sipse/faces/javax.faces.resource/jquery/jquery.js?ln=primefaces&v=4.0 HTTP/1.1" 304 -
186.84.39.216 - - [17/Aug/2020:10:00:12 -0500] "GET /sipse/faces/javax.faces.resource/jquery/jquery-plugins.js?ln=primefaces&v=4.0 HTTP/1.1" 304 -
186.84.39.216 - - [17/Aug/2020:10:00:12 -0500] "GET /sipse/faces/javax.faces.resource/primefaces.js?ln=primefaces&v=4.0 HTTP/1.1" 304 -
186.84.39.216 - - [17/Aug/2020:10:00:12 -0500] "GET /sipse/faces/javax.faces.resource/layout/layout.js?ln=primefaces&v=4.0 HTTP/1.1" 304 -
186.28.187.21 - - [17/Aug/2020:10:00:13 -0500] "POST /sipse/faces/bienvenido.xhtml HTTP/1.1" 200 2073
186.28.187.21 - - [17/Aug/2020:10:00:13 -0500] "GET /sipse/faces/javax.faces.resource/images/ui-bg_flat_0_2d5972_40x100.png?ln=primefaces-aristo HTTP/1.1" 304 -
186.84.91.8 - - [17/Aug/2020:10:00:12 -0500] "POST /sipse/faces/presentacion/financiero/solicitudProceso/consultarSolicitudProceso.xhtml HTTP/1.1" 200 57775
186.84.91.8 - - [17/Aug/2020:10:00:13 -0500] "GET /sipse/faces/javax.faces.resource/theme.css?ln=primefaces-sipse HTTP/1.1" 304 -
186.84.91.8 - - [17/Aug/2020:10:00:13 -0500] "GET /sipse/faces/javax.faces.resource/primefaces.css?ln=primefaces&v=4.0 HTTP/1.1" 304 -
186.84.91.8 - - [17/Aug/2020:10:00:13 -0500] "GET /sipse/faces/javax.faces.resource/layout/layout.css?ln=primefaces&v=4.0 HTTP/1.1" 304 -
186.84.91.8 - - [17/Aug/2020:10:00:13 -0500] "GET /sipse/faces/javax.faces.resource/jquery/jquery.js?ln=primefaces&v=4.0 HTTP/1.1" 304 -
186.84.91.8 - - [17/Aug/2020:10:00:13 -0500] "GET /sipse/faces/javax.faces.resource/jquery/jquery-plugins.js?ln=primefaces&v=4.0 HTTP/1.1" 304 -
186.84.91.8 - - [17/Aug/2020:10:00:14 -0500] "GET /sipse/faces/javax.faces.resource/primefaces.js?ln=primefaces&v=4.0 HTTP/1.1" 304 -
190.27.245.107 - - [17/Aug/2020:10:00:13 -0500] "GET /reportes_sipse/sdg/ServletReporte?reporte=experienia_idoneidad&solicitud=10805&pfdrid_c=false HTTP/1.1" 200 188682
186.84.91.8 - - [17/Aug/2020:10:00:14 -0500] "GET /sipse/faces/javax.faces.resource/layout/layout.js?ln=primefaces&v=4.0 HTTP/1.1" 304 -
186.31.97.14 - - [17/Aug/2020:10:00:13 -0500] "POST /sipse/faces/presentacion/financiero/solicitudProceso/consultarSolicitudProceso.xhtml HTTP/1.1" 200 493647
186.28.187.21 - - [17/Aug/2020:10:00:14 -0500] "POST /sipse/faces/bienvenido.xhtml HTTP/1.1" 200 38755
186.28.187.21 - - [17/Aug/2020:10:00:14 -0500] "GET /sipse/faces/javax.faces.resource/theme.css?ln=primefaces-sipse HTTP/1.1" 304 -
186.28.187.21 - - [17/Aug/2020:10:00:14 -0500] "GET /sipse/faces/javax.faces.resource/primefaces.css?ln=primefaces&v=4.0 HTTP/1.1" 304 -
186.28.187.21 - - [17/Aug/2020:10:00:14 -0500] "GET /sipse/faces/javax.faces.resource/layout/layout.css?ln=primefaces&v=4.0 HTTP/1.1" 304 -
186.28.187.21 - - [17/Aug/2020:10:00:14 -0500] "GET /sipse/faces/javax.faces.resource/jquery/jquery.js?ln=primefaces&v=4.0 HTTP/1.1" 304 -
186.28.187.21 - - [17/Aug/2020:10:00:15 -0500] "GET /sipse/faces/javax.faces.resource/jquery/jquery-plugins.js?ln=primefaces&v=4.0 HTTP/1.1" 304 -
186.28.187.21 - - [17/Aug/2020:10:00:15 -0500] "GET /sipse/faces/javax.faces.resource/primefaces.js?ln=primefaces&v=4.0 HTTP/1.1" 304 -
186.28.187.21 - - [17/Aug/2020:10:00:15 -0500] "GET /sipse/faces/javax.faces.resource/layout/layout.js?ln=primefaces&v=4.0 HTTP/1.1" 304 -
186.84.91.8 - - [17/Aug/2020:10:00:15 -0500] "POST /sipse/faces/presentacion/financiero/solicitudProceso/listarSolicitudProceso.xhtml HTTP/1.1" 200 1448
186.28.187.21 - - [17/Aug/2020:10:00:21 -0500] "POST /sipse/faces/presentacion/financiero/solicitudProceso/consultar.xhtml HTTP/1.1" 200 12841
186.102.33.103 - - [17/Aug/2020:10:00:21 -0500] "POST /sipse/faces/autenticacion.xhtml HTTP/1.1" 200 2183
186.28.187.21 - - [17/Aug/2020:10:00:30 -0500] "POST /sipse/faces/presentacion/financiero/solicitudProceso/consultar.xhtml HTTP/1.1" 200 12816
186.84.21.195 - - [17/Aug/2020:10:00:35 -0500] "GET /galeria/galeria/jquery.fancybox.css?v=2.1.5 HTTP/1.1" 200 4895
186.84.21.195 - - [17/Aug/2020:10:00:35 -0500] "GET /BLA/boletinlegal/js/jquery.scrollShow.js HTTP/1.1" 200 4586
186.84.21.195 - - [17/Aug/2020:10:00:35 -0500] "GET /galeria/galeria/jquery.fancybox.js?v=2.1.5 HTTP/1.1" 200 48706
186.28.187.21 - - [17/Aug/2020:10:00:37 -0500] "POST /sipse/faces/presentacion/financiero/solicitudProceso/consultar.xhtml HTTP/1.1" 200 12838
186.102.33.103 - - [17/Aug/2020:10:00:43 -0500] "POST /sipse/faces/autenticacion.xhtml HTTP/1.1" 200 2183
69.162.124.227 - - [17/Aug/2020:10:00:44 -0500] "HEAD / HTTP/1.1" 200 -
186.102.33.103 - - [17/Aug/2020:10:00:45 -0500] "POST /sipse/faces/autenticacion.xhtml HTTP/1.1" 200 2183
179.14.29.204 - - [17/Aug/2020:10:00:46 -0500] "GET /galeria/galeria/jquery.fancybox.css?v=2.1.5 HTTP/1.1" 200 4895
179.14.29.204 - - [17/Aug/2020:10:00:46 -0500] "GET /BLA/boletinlegal/js/jquery.scrollShow.js HTTP/1.1" 200 4586
179.14.29.204 - - [17/Aug/2020:10:00:46 -0500] "GET /galeria/galeria/jquery.fancybox.js?v=2.1.5 HTTP/1.1" 200 48706
186.84.91.35 - - [17/Aug/2020:10:00:54 -0500] "GET /sipse/faces/javax.faces.resource/theme.css?ln=primefaces-sipse HTTP/1.1" 304 -
186.84.91.35 - - [17/Aug/2020:10:00:54 -0500] "GET /sipse/faces/javax.faces.resource/layout/layout.css?ln=primefaces&v=4.0 HTTP/1.1" 304 -
186.84.91.35 - - [17/Aug/2020:10:00:54 -0500] "GET /sipse/faces/javax.faces.resource/primefaces.js?ln=primefaces&v=4.0 HTTP/1.1" 304 -
186.84.91.35 - - [17/Aug/2020:10:00:54 -0500] "GET /sipse/faces/javax.faces.resource/primefaces.css?ln=primefaces&v=4.0 HTTP/1.1" 304 -
186.84.91.35 - - [17/Aug/2020:10:00:54 -0500] "GET /sipse/faces/javax.faces.resource/jquery/jquery.js?ln=primefaces&v=4.0 HTTP/1.1" 304 -
186.84.91.35 - - [17/Aug/2020:10:00:54 -0500] "GET /sipse/faces/javax.faces.resource/jquery/jquery-plugins.js?ln=primefaces&v=4.0 HTTP/1.1" 304 -
186.84.91.35 - - [17/Aug/2020:10:00:54 -0500] "GET /sipse/faces/javax.faces.resource/layout/layout.js?ln=primefaces&v=4.0 HTTP/1.1" 304 -
186.84.91.35 - - [17/Aug/2020:10:00:53 -0500] "POST /sipse/faces/presentacion/financiero/solicitudProceso/consultarHistorialSolProceso.xhtml HTTP/1.1" 200 190118
190.27.245.107 - - [17/Aug/2020:10:00:54 -0500] "GET /reportes_sipse/sdg/ServletReporte?reporte=experienia_idoneidad&solicitud=10805&pfdrid_c=false HTTP/1.1" 200 188682
191.102.196.129 - - [17/Aug/2020:10:01:00 -0500] "POST /sipse/faces/presentacion/financiero/solicitudProceso/consultar.xhtml HTTP/1.1" 200 12877
186.154.82.160 - - [17/Aug/2020:10:01:04 -0500] "POST /sipse/faces/presentacion/financiero/solicitudProceso/consultarSolicitudProceso.xhtml HTTP/1.1" 200 5585
191.102.196.129 - - [17/Aug/2020:10:01:05 -0500] "POST /sipse/faces/presentacion/financiero/solicitudProceso/consultar.xhtml HTTP/1.1" 200 142449
191.102.196.129 - - [17/Aug/2020:10:01:07 -0500] "GET /sipse/faces/javax.faces.resource/theme.css?ln=primefaces-sipse HTTP/1.1" 304 -
191.102.196.129 - - [17/Aug/2020:10:01:07 -0500] "GET /sipse/faces/javax.faces.resource/primefaces.css?ln=primefaces&v=4.0 HTTP/1.1" 304 -
191.102.196.129 - - [17/Aug/2020:10:01:07 -0500] "GET /sipse/faces/javax.faces.resource/layout/layout.css?ln=primefaces&v=4.0 HTTP/1.1" 304 -
191.102.196.129 - - [17/Aug/2020:10:01:07 -0500] "GET /sipse/faces/javax.faces.resource/jquery/jquery.js?ln=primefaces&v=4.0 HTTP/1.1" 304 -
191.102.196.129 - - [17/Aug/2020:10:01:07 -0500] "GET /sipse/faces/javax.faces.resource/jquery/jquery-plugins.js?ln=primefaces&v=4.0 HTTP/1.1" 304 -
186.102.33.103 - - [17/Aug/2020:10:01:08 -0500] "POST /sipse/faces/autenticacion.xhtml HTTP/1.1" 200 2183
190.27.245.107 - - [17/Aug/2020:10:01:05 -0500] "GET /reportes_sipse/sdg/ServletReporte?reporte=experienia_idoneidad&solicitud=9684&pfdrid_c=false HTTP/1.1" 200 146078
191.102.196.129 - - [17/Aug/2020:10:01:11 -0500] "GET /sipse/faces/javax.faces.resource/primefaces.js?ln=primefaces&v=4.0 HTTP/1.1" 304 -
191.102.196.129 - - [17/Aug/2020:10:01:11 -0500] "GET /sipse/faces/javax.faces.resource/layout/layout.js?ln=primefaces&v=4.0 HTTP/1.1" 304 -
186.84.91.8 - - [17/Aug/2020:10:01:13 -0500] "POST /sipse/faces/presentacion/financiero/solicitudProceso/listarSolicitudProceso.xhtml HTTP/1.1" 200 18520
186.84.91.35 - - [17/Aug/2020:10:01:11 -0500] "POST /sipse/faces/presentacion/financiero/solicitudProceso/consultarSolicitudProceso.xhtml HTTP/1.1" 200 2634306
190.27.245.107 - - [17/Aug/2020:10:01:12 -0500] "GET /reportes_sipse/sdg/ServletReporte?reporte=experienia_idoneidad&solicitud=9684&pfdrid_c=false HTTP/1.1" 200 146078
190.27.27.36 - - [17/Aug/2020:10:01:16 -0500] "GET /galeria/galeria/jquery.fancybox.css?v=2.1.5 HTTP/1.1" 200 4895
190.27.27.36 - - [17/Aug/2020:10:01:16 -0500] "GET /BLA/boletinlegal/js/jquery.scrollShow.js HTTP/1.1" 200 4586
190.27.27.36 - - [17/Aug/2020:10:01:16 -0500] "GET /galeria/galeria/jquery.fancybox.js?v=2.1.5 HTTP/1.1" 200 48706
186.31.97.14 - - [17/Aug/2020:10:01:21 -0500] "POST /sipse/faces/presentacion/financiero/solicitudProceso/consultarSolicitudProceso.xhtml HTTP/1.1" 200 41819
186.31.97.14 - - [17/Aug/2020:10:01:21 -0500] "GET /sipse/faces/javax.faces.resource/jquery/jquery.js?ln=primefaces&v=4.0 HTTP/1.1" 304 -
186.31.97.14 - - [17/Aug/2020:10:01:21 -0500] "GET /sipse/faces/javax.faces.resource/jquery/jquery-plugins.js?ln=primefaces&v=4.0 HTTP/1.1" 304 -
186.31.97.14 - - [17/Aug/2020:10:01:21 -0500] "GET /sipse/faces/javax.faces.resource/primefaces.js?ln=primefaces&v=4.0 HTTP/1.1" 304 -
186.31.97.14 - - [17/Aug/2020:10:01:21 -0500] "GET /sipse/faces/javax.faces.resource/layout/layout.js?ln=primefaces&v=4.0 HTTP/1.1" 304 -
191.102.196.129 - - [17/Aug/2020:10:01:22 -0500] "GET /sipse/faces/javax.faces.resource/theme.css?ln=primefaces-sipse HTTP/1.1" 304 -
186.31.97.14 - - [17/Aug/2020:10:01:21 -0500] "POST /sipse/faces/presentacion/financiero/solicitudProceso/consultar.xhtml HTTP/1.1" 200 35101
186.31.97.14 - - [17/Aug/2020:10:01:22 -0500] "POST /sipse/faces/presentacion/financiero/solicitudProceso/consultar.xhtml HTTP/1.1" 200 35101
191.102.196.129 - - [17/Aug/2020:10:01:22 -0500] "GET /sipse/faces/javax.faces.resource/primefaces.css?ln=primefaces&v=4.0 HTTP/1.1" 304 -
191.102.196.129 - - [17/Aug/2020:10:01:22 -0500] "GET /sipse/faces/javax.faces.resource/layout/layout.css?ln=primefaces&v=4.0 HTTP/1.1" 304 -
191.102.196.129 - - [17/Aug/2020:10:01:22 -0500] "GET /sipse/faces/javax.faces.resource/jquery/jquery.js?ln=primefaces&v=4.0 HTTP/1.1" 304 -
191.102.196.129 - - [17/Aug/2020:10:01:22 -0500] "GET /sipse/faces/javax.faces.resource/primefaces.js?ln=primefaces&v=4.0 HTTP/1.1" 304 -
191.102.196.129 - - [17/Aug/2020:10:01:22 -0500] "GET /sipse/faces/javax.faces.resource/jquery/jquery-plugins.js?ln=primefaces&v=4.0 HTTP/1.1" 304 -
186.31.97.14 - - [17/Aug/2020:10:01:22 -0500] "POST /sipse/faces/presentacion/financiero/solicitudProceso/consultar.xhtml HTTP/1.1" 200 35101
186.102.33.103 - - [17/Aug/2020:10:01:22 -0500] "POST /sipse/faces/autenticacion.xhtml HTTP/1.1" 200 2183
191.102.196.129 - - [17/Aug/2020:10:01:22 -0500] "GET /sipse/faces/javax.faces.resource/layout/layout.js?ln=primefaces&v=4.0 HTTP/1.1" 304 -
186.31.97.14 - - [17/Aug/2020:10:01:22 -0500] "POST /sipse/faces/presentacion/financiero/solicitudProceso/consultar.xhtml HTTP/1.1" 200 35101
191.102.196.129 - - [17/Aug/2020:10:01:20 -0500] "POST /sipse/faces/presentacion/financiero/solicitudProceso/consultarSolicitudProceso.xhtml HTTP/1.1" 200 40389
186.31.97.14 - - [17/Aug/2020:10:01:23 -0500] "POST /sipse/faces/presentacion/financiero/solicitudProceso/consultar.xhtml HTTP/1.1" 200 35101
186.31.97.14 - - [17/Aug/2020:10:01:23 -0500] "POST /sipse/faces/presentacion/financiero/solicitudProceso/consultar.xhtml HTTP/1.1" 200 35101
186.31.97.14 - - [17/Aug/2020:10:01:23 -0500] "POST /sipse/faces/presentacion/financiero/solicitudProceso/consultar.xhtml HTTP/1.1" 200 35101
186.84.91.8 - - [17/Aug/2020:10:01:22 -0500] "POST /sipse/faces/presentacion/financiero/solicitudProceso/listarSolicitudProceso.xhtml HTTP/1.1" 200 145930
186.84.91.8 - - [17/Aug/2020:10:01:24 -0500] "GET /sipse/faces/javax.faces.resource/theme.css?ln=primefaces-sipse HTTP/1.1" 304 -
186.84.91.8 - - [17/Aug/2020:10:01:24 -0500] "GET /sipse/faces/javax.faces.resource/primefaces.css?ln=primefaces&v=4.0 HTTP/1.1" 304 -
186.84.91.8 - - [17/Aug/2020:10:01:24 -0500] "GET /sipse/faces/javax.faces.resource/layout/layout.css?ln=primefaces&v=4.0 HTTP/1.1" 304 -
186.31.97.14 - - [17/Aug/2020:10:01:24 -0500] "POST /sipse/faces/presentacion/financiero/solicitudProceso/consultar.xhtml HTTP/1.1" 200 35101
186.84.91.8 - - [17/Aug/2020:10:01:24 -0500] "GET /sipse/faces/javax.faces.resource/jquery/jquery.js?ln=primefaces&v=4.0 HTTP/1.1" 304 -
186.84.91.8 - - [17/Aug/2020:10:01:25 -0500] "GET /sipse/faces/javax.faces.resource/jquery/jquery-plugins.js?ln=primefaces&v=4.0 HTTP/1.1" 304 -
179.18.16.214 - - [17/Aug/2020:10:01:23 -0500] "POST /sipse/faces/presentacion/financiero/solicitudProceso/listarSolicitudProceso.xhtml HTTP/1.1" 200 149846
181.188.179.6 - - [17/Aug/2020:10:01:25 -0500] "GET /galeria/galeria/jquery.fancybox.css?v=2.1.5 HTTP/1.1" 200 4895
186.84.91.8 - - [17/Aug/2020:10:01:25 -0500] "GET /sipse/faces/javax.faces.resource/primefaces.js?ln=primefaces&v=4.0 HTTP/1.1" 304 -
181.188.179.6 - - [17/Aug/2020:10:01:25 -0500] "GET /galeria/galeria/jquery.fancybox.js?v=2.1.5 HTTP/1.1" 200 48706
179.18.16.214 - - [17/Aug/2020:10:01:25 -0500] "GET /sipse/faces/javax.faces.resource/theme.css?ln=primefaces-sipse HTTP/1.1" 304 -
179.18.16.214 - - [17/Aug/2020:10:01:25 -0500] "GET /sipse/faces/javax.faces.resource/jquery/jquery.js?ln=primefaces&v=4.0 HTTP/1.1" 304 -
179.18.16.214 - - [17/Aug/2020:10:01:25 -0500] "GET /sipse/faces/javax.faces.resource/layout/layout.css?ln=primefaces&v=4.0 HTTP/1.1" 304 -
179.18.16.214 - - [17/Aug/2020:10:01:25 -0500] "GET /sipse/faces/javax.faces.resource/primefaces.css?ln=primefaces&v=4.0 HTTP/1.1" 304 -
186.31.97.14 - - [17/Aug/2020:10:01:25 -0500] "POST /sipse/faces/presentacion/financiero/solicitudProceso/consultar.xhtml HTTP/1.1" 200 35101
179.18.16.214 - - [17/Aug/2020:10:01:25 -0500] "GET /sipse/faces/javax.faces.resource/jquery/jquery-plugins.js?ln=primefaces&v=4.0 HTTP/1.1" 304 -
186.84.91.8 - - [17/Aug/2020:10:01:25 -0500] "GET /sipse/faces/javax.faces.resource/layout/layout.js?ln=primefaces&v=4.0 HTTP/1.1" 304 -
179.18.16.214 - - [17/Aug/2020:10:01:25 -0500] "GET /sipse/faces/javax.faces.resource/primefaces.js?ln=primefaces&v=4.0 HTTP/1.1" 304 -
179.18.16.214 - - [17/Aug/2020:10:01:25 -0500] "GET /sipse/faces/javax.faces.resource/layout/layout.js?ln=primefaces&v=4.0 HTTP/1.1" 304 -
186.31.97.14 - - [17/Aug/2020:10:01:25 -0500] "POST /sipse/faces/presentacion/financiero/solicitudProceso/consultar.xhtml HTTP/1.1" 200 35101
186.31.97.14 - - [17/Aug/2020:10:01:25 -0500] "POST /sipse/faces/presentacion/financiero/solicitudProceso/consultar.xhtml HTTP/1.1" 200 35101
186.31.97.14 - - [17/Aug/2020:10:01:25 -0500] "POST /sipse/faces/presentacion/financiero/solicitudProceso/consultar.xhtml HTTP/1.1" 200 35101
186.31.97.14 - - [17/Aug/2020:10:01:26 -0500] "POST /sipse/faces/presentacion/financiero/solicitudProceso/consultar.xhtml HTTP/1.1" 200 35101
186.31.97.14 - - [17/Aug/2020:10:01:26 -0500] "POST /sipse/faces/presentacion/financiero/solicitudProceso/consultar.xhtml HTTP/1.1" 200 35101
186.31.97.14 - - [17/Aug/2020:10:01:26 -0500] "POST /sipse/faces/presentacion/financiero/solicitudProceso/consultar.xhtml HTTP/1.1" 200 35101
186.31.97.14 - - [17/Aug/2020:10:01:27 -0500] "POST /sipse/faces/presentacion/financiero/solicitudProceso/consultar.xhtml HTTP/1.1" 200 35101
186.31.97.14 - - [17/Aug/2020:10:01:28 -0500] "POST /sipse/faces/presentacion/financiero/solicitudProceso/consultar.xhtml HTTP/1.1" 200 35101
190.27.245.107 - - [17/Aug/2020:10:01:25 -0500] "GET /reportes_sipse/sdg/ServletReporte?reporte=experienia_idoneidad&solicitud=9684&pfdrid_c=false HTTP/1.1" 200 146078
186.31.97.14 - - [17/Aug/2020:10:01:28 -0500] "POST /sipse/faces/presentacion/financiero/solicitudProceso/consultar.xhtml HTTP/1.1" 200 35101
186.31.97.14 - - [17/Aug/2020:10:01:28 -0500] "POST /sipse/faces/presentacion/financiero/solicitudProceso/consultar.xhtml HTTP/1.1" 200 35101
186.31.97.14 - - [17/Aug/2020:10:01:28 -0500] "POST /sipse/faces/presentacion/financiero/solicitudProceso/consultar.xhtml HTTP/1.1" 200 35101
186.31.97.14 - - [17/Aug/2020:10:01:29 -0500] "POST /sipse/faces/presentacion/financiero/solicitudProceso/consultar.xhtml HTTP/1.1" 200 35101
186.31.97.14 - - [17/Aug/2020:10:01:29 -0500] "POST /sipse/faces/presentacion/financiero/solicitudProceso/consultar.xhtml HTTP/1.1" 200 35101
186.31.97.14 - - [17/Aug/2020:10:01:29 -0500] "POST /sipse/faces/presentacion/financiero/solicitudProceso/consultar.xhtml HTTP/1.1" 200 35101
186.31.97.14 - - [17/Aug/2020:10:01:30 -0500] "POST /sipse/faces/presentacion/financiero/solicitudProceso/consultar.xhtml HTTP/1.1" 200 35101
186.31.97.14 - - [17/Aug/2020:10:01:30 -0500] "POST /sipse/faces/presentacion/financiero/solicitudProceso/consultar.xhtml HTTP/1.1" 200 35101
186.31.97.14 - - [17/Aug/2020:10:01:31 -0500] "POST /sipse/faces/presentacion/financiero/solicitudProceso/consultar.xhtml HTTP/1.1" 200 35101
186.31.97.14 - - [17/Aug/2020:10:01:31 -0500] "POST /sipse/faces/presentacion/financiero/solicitudProceso/consultar.xhtml HTTP/1.1" 200 35101
190.27.245.107 - - [17/Aug/2020:10:01:28 -0500] "GET /reportes_sipse/sdg/ServletReporte?reporte=experienia_idoneidad&solicitud=9684&pfdrid_c=false HTTP/1.1" 200 146078
186.31.97.14 - - [17/Aug/2020:10:01:31 -0500] "POST /sipse/faces/presentacion/financiero/solicitudProceso/consultar.xhtml HTTP/1.1" 200 35101
186.31.97.14 - - [17/Aug/2020:10:01:31 -0500] "POST /sipse/faces/presentacion/financiero/solicitudProceso/consultar.xhtml HTTP/1.1" 200 35101
186.31.97.14 - - [17/Aug/2020:10:01:32 -0500] "POST /sipse/faces/presentacion/financiero/solicitudProceso/consultar.xhtml HTTP/1.1" 200 35101
186.31.97.14 - - [17/Aug/2020:10:01:32 -0500] "POST /sipse/faces/presentacion/financiero/solicitudProceso/consultar.xhtml HTTP/1.1" 200 35101
186.31.97.14 - - [17/Aug/2020:10:01:32 -0500] "POST /sipse/faces/presentacion/financiero/solicitudProceso/consultar.xhtml HTTP/1.1" 200 35101
186.31.97.14 - - [17/Aug/2020:10:01:32 -0500] "POST /sipse/faces/presentacion/financiero/solicitudProceso/consultar.xhtml HTTP/1.1" 200 35101
