201.221.165.176 - - [17/Aug/2020:10:56:34 -0500] "POST /sipse/faces/presentacion/financiero/solicitudProceso/consultarSolicitudProceso.xhtml HTTP/1.1" 200 52098
201.221.165.176 - - [17/Aug/2020:10:56:37 -0500] "GET /sipse/faces/javax.faces.resource/theme.css?ln=primefaces-sipse HTTP/1.1" 304 -
201.221.165.176 - - [17/Aug/2020:10:56:37 -0500] "GET /sipse/faces/javax.faces.resource/primefaces.css?ln=primefaces&v=4.0 HTTP/1.1" 304 -
201.221.165.176 - - [17/Aug/2020:10:56:37 -0500] "GET /sipse/faces/javax.faces.resource/layout/layout.css?ln=primefaces&v=4.0 HTTP/1.1" 304 -
201.221.165.176 - - [17/Aug/2020:10:56:37 -0500] "GET /sipse/faces/javax.faces.resource/jquery/jquery.js?ln=primefaces&v=4.0 HTTP/1.1" 304 -
201.221.165.176 - - [17/Aug/2020:10:56:37 -0500] "GET /sipse/faces/javax.faces.resource/jquery/jquery-plugins.js?ln=primefaces&v=4.0 HTTP/1.1" 304 -
201.221.165.176 - - [17/Aug/2020:10:56:37 -0500] "GET /sipse/faces/javax.faces.resource/primefaces.js?ln=primefaces&v=4.0 HTTP/1.1" 304 -
201.221.165.176 - - [17/Aug/2020:10:56:37 -0500] "GET /sipse/faces/javax.faces.resource/layout/layout.js?ln=primefaces&v=4.0 HTTP/1.1" 304 -
201.221.165.176 - - [17/Aug/2020:10:56:37 -0500] "POST /sipse/faces/presentacion/financiero/solicitudProceso/listarSolicitudProceso.xhtml HTTP/1.1" 200 1436
201.221.165.176 - - [17/Aug/2020:10:56:40 -0500] "POST /sipse/faces/presentacion/financiero/solicitudProceso/listarSolicitudProceso.xhtml HTTP/1.1" 200 30250
186.84.89.239 - - [17/Aug/2020:10:56:42 -0500] "GET /BLA/boletinlegal/js/jquery.scrollShow.js HTTP/1.1" 200 4586
186.84.89.239 - - [17/Aug/2020:10:56:42 -0500] "GET /galeria/galeria/jquery.fancybox.js?v=2.1.5 HTTP/1.1" 200 48706
186.84.89.239 - - [17/Aug/2020:10:56:42 -0500] "GET /galeria/galeria/jquery.fancybox.css?v=2.1.5 HTTP/1.1" 200 4895
186.84.89.239 - - [17/Aug/2020:10:56:43 -0500] "GET /galeria/carrusel/Carrusel/jquery.thumbnailScroller.css HTTP/1.1" 200 2066
186.84.89.239 - - [17/Aug/2020:10:56:43 -0500] "GET /galeria/carrusel/Carrusel/jquery-ui-1.8.13.custom.min.js HTTP/1.1" 200 10800
201.221.165.176 - - [17/Aug/2020:10:56:44 -0500] "POST /sipse/faces/presentacion/financiero/solicitudProceso/listarSolicitudProceso.xhtml HTTP/1.1" 200 21885
186.84.89.239 - - [17/Aug/2020:10:56:48 -0500] "GET /galeria/carrusel/Carrusel/jquery.thumbnailScroller.js HTTP/1.1" 200 8157
186.84.89.239 - - [17/Aug/2020:10:56:48 -0500] "GET /galeria/nivo-slider/demo/inicio80.html HTTP/1.1" 200 4991
201.221.165.176 - - [17/Aug/2020:10:56:48 -0500] "POST /sipse/faces/presentacion/financiero/solicitudProceso/listarSolicitudProceso.xhtml HTTP/1.1" 200 142835
201.221.165.176 - - [17/Aug/2020:10:56:49 -0500] "GET /sipse/faces/javax.faces.resource/theme.css?ln=primefaces-sipse HTTP/1.1" 304 -
201.221.165.176 - - [17/Aug/2020:10:56:50 -0500] "GET /sipse/faces/javax.faces.resource/primefaces.css?ln=primefaces&v=4.0 HTTP/1.1" 304 -
201.221.165.176 - - [17/Aug/2020:10:56:50 -0500] "GET /sipse/faces/javax.faces.resource/layout/layout.css?ln=primefaces&v=4.0 HTTP/1.1" 304 -
201.221.165.176 - - [17/Aug/2020:10:56:50 -0500] "GET /sipse/faces/javax.faces.resource/jquery/jquery.js?ln=primefaces&v=4.0 HTTP/1.1" 304 -
201.221.165.176 - - [17/Aug/2020:10:56:50 -0500] "GET /sipse/faces/javax.faces.resource/jquery/jquery-plugins.js?ln=primefaces&v=4.0 HTTP/1.1" 304 -
201.221.165.176 - - [17/Aug/2020:10:56:50 -0500] "GET /sipse/faces/javax.faces.resource/primefaces.js?ln=primefaces&v=4.0 HTTP/1.1" 304 -
201.221.165.176 - - [17/Aug/2020:10:56:50 -0500] "GET /sipse/faces/javax.faces.resource/layout/layout.js?ln=primefaces&v=4.0 HTTP/1.1" 304 -
190.128.60.38 - - [17/Aug/2020:10:56:50 -0500] "GET /galeria/galeria/jquery.fancybox.css?v=2.1.5 HTTP/1.1" 200 4895
190.128.60.38 - - [17/Aug/2020:10:56:50 -0500] "GET /BLA/boletinlegal/js/jquery.scrollShow.js HTTP/1.1" 200 4586
190.128.60.38 - - [17/Aug/2020:10:56:50 -0500] "GET /galeria/galeria/jquery.fancybox.js?v=2.1.5 HTTP/1.1" 200 48706
190.27.245.107 - - [17/Aug/2020:10:56:50 -0500] "GET /reportes_sipse/sdg/ServletReporte?reporte=experienia_idoneidad&solicitud=10850&pfdrid_c=false HTTP/1.1" 200 144167
186.84.89.239 - - [17/Aug/2020:10:56:53 -0500] "GET /galeria/nivo-slider/themes/pascal/pascal.css HTTP/1.1" 200 2258
186.84.89.239 - - [17/Aug/2020:10:56:53 -0500] "GET /galeria/nivo-slider/themes/default/default.css HTTP/1.1" 200 1569
186.84.89.239 - - [17/Aug/2020:10:56:53 -0500] "GET /galeria/nivo-slider/themes/orman/orman.css HTTP/1.1" 200 2152
186.84.89.239 - - [17/Aug/2020:10:56:53 -0500] "GET /galeria/nivo-slider/nivo-slider.css HTTP/1.1" 200 1507
186.84.89.239 - - [17/Aug/2020:10:56:53 -0500] "GET /galeria/nivo-slider/demo/style.css HTTP/1.1" 200 2222
201.221.165.176 - - [17/Aug/2020:10:56:53 -0500] "POST /sipse/faces/presentacion/financiero/solicitudProceso/consultarSolicitudProceso.xhtml HTTP/1.1" 200 67403
186.84.89.239 - - [17/Aug/2020:10:56:55 -0500] "GET /galeria/nivo-slider/demo/scripts/jquery-1.7.1.min.js HTTP/1.1" 200 93868
201.245.192.253 - - [17/Aug/2020:10:56:56 -0500] "POST /sipse/faces/presentacion/financiero/solicitudProceso/consultar.xhtml HTTP/1.1" 200 12883
186.84.89.239 - - [17/Aug/2020:10:56:57 -0500] "GET /galeria/nivo-slider/demo/images/Banner%20canales%20virtuales.jpg HTTP/1.1" 200 209438
186.84.89.239 - - [17/Aug/2020:10:56:57 -0500] "GET /galeria/nivo-slider/demo/images/Bannercuidate.jpg HTTP/1.1" 200 75508
186.84.89.239 - - [17/Aug/2020:10:56:57 -0500] "GET /galeria/nivo-slider/demo/images/bannerhorarios.jpg HTTP/1.1" 200 50157
186.84.89.239 - - [17/Aug/2020:10:56:57 -0500] "GET /galeria/nivo-slider/demo/images/bannerclasesvirtual.jpg HTTP/1.1" 200 191931
186.84.89.239 - - [17/Aug/2020:10:56:57 -0500] "GET /galeria/nivo-slider/demo/images/bannerdecreto.jpg HTTP/1.1" 200 292178
186.84.89.239 - - [17/Aug/2020:10:56:58 -0500] "GET /galeria/nivo-slider/demo/images/bannernaranja.jpg HTTP/1.1" 200 40936
186.84.89.239 - - [17/Aug/2020:10:56:59 -0500] "GET /galeria/nivo-slider/demo/images/bannerimpuesto.jpg HTTP/1.1" 200 278604
186.84.89.239 - - [17/Aug/2020:10:56:59 -0500] "GET /galeria/nivo-slider/demo/images/bannerwebvejez.jpg HTTP/1.1" 200 27281
186.84.89.239 - - [17/Aug/2020:10:56:59 -0500] "GET /galeria/nivo-slider/demo/images/bannerjardin.jpg HTTP/1.1" 200 302761
201.245.192.253 - - [17/Aug/2020:10:56:59 -0500] "POST /sipse/faces/presentacion/financiero/solicitudProceso/consultar.xhtml HTTP/1.1" 200 5024
186.84.89.239 - - [17/Aug/2020:10:57:00 -0500] "GET /galeria/nivo-slider/demo/images/bannerbolsas.jpg HTTP/1.1" 200 283727
186.84.89.239 - - [17/Aug/2020:10:57:00 -0500] "GET /galeria/nivo-slider/demo/images/bannerbioseguridad.jpg HTTP/1.1" 200 228661
186.84.89.239 - - [17/Aug/2020:10:57:00 -0500] "GET /galeria/nivo-slider/demo/images/bannercovid.jpg HTTP/1.1" 200 352563
201.245.192.253 - - [17/Aug/2020:10:57:00 -0500] "POST /sipse/faces/presentacion/financiero/solicitudProceso/consultar.xhtml HTTP/1.1" 200 36236
186.84.89.239 - - [17/Aug/2020:10:57:01 -0500] "GET /galeria/nivo-slider/demo/images/bannersolidariacasa.jpg HTTP/1.1" 200 70999
201.245.192.253 - - [17/Aug/2020:10:57:01 -0500] "GET /sipse/faces/javax.faces.resource/jquery/jquery.js?ln=primefaces&v=4.0 HTTP/1.1" 304 -
186.84.89.239 - - [17/Aug/2020:10:57:01 -0500] "GET /galeria/nivo-slider/demo/images/bannerplan2020.png HTTP/1.1" 200 144663
201.245.192.253 - - [17/Aug/2020:10:57:01 -0500] "GET /sipse/faces/javax.faces.resource/jquery/jquery-plugins.js?ln=primefaces&v=4.0 HTTP/1.1" 304 -
201.245.192.253 - - [17/Aug/2020:10:57:01 -0500] "GET /sipse/faces/javax.faces.resource/primefaces.js?ln=primefaces&v=4.0 HTTP/1.1" 304 -
201.245.192.253 - - [17/Aug/2020:10:57:01 -0500] "GET /sipse/faces/javax.faces.resource/layout/layout.js?ln=primefaces&v=4.0 HTTP/1.1" 304 -
186.84.89.239 - - [17/Aug/2020:10:57:01 -0500] "GET /galeria/nivo-slider/demo/images/4Simple_Slider.png HTTP/1.1" 200 11722
186.84.89.239 - - [17/Aug/2020:10:57:01 -0500] "GET /galeria/nivo-slider/themes/default/loading.gif HTTP/1.1" 200 1737
186.84.89.239 - - [17/Aug/2020:10:57:01 -0500] "GET /galeria/nivo-slider/jquery.nivo.slider.pack.js HTTP/1.1" 200 11561
201.245.192.253 - - [17/Aug/2020:10:57:01 -0500] "POST /sipse/faces/presentacion/workflow/reasignarReenrutar.xhtml HTTP/1.1" 200 29543
201.245.192.253 - - [17/Aug/2020:10:57:01 -0500] "POST /sipse/faces/presentacion/workflow/reasignarReenrutar.xhtml HTTP/1.1" 200 29543
201.245.192.253 - - [17/Aug/2020:10:57:02 -0500] "POST /sipse/faces/presentacion/workflow/reasignarReenrutar.xhtml HTTP/1.1" 200 29543
201.245.192.253 - - [17/Aug/2020:10:57:02 -0500] "POST /sipse/faces/presentacion/workflow/reasignarReenrutar.xhtml HTTP/1.1" 200 29543
201.245.192.253 - - [17/Aug/2020:10:57:02 -0500] "POST /sipse/faces/presentacion/workflow/reasignarReenrutar.xhtml HTTP/1.1" 200 29543
201.245.192.253 - - [17/Aug/2020:10:57:02 -0500] "POST /sipse/faces/presentacion/workflow/reasignarReenrutar.xhtml HTTP/1.1" 200 29543
201.245.192.253 - - [17/Aug/2020:10:57:03 -0500] "POST /sipse/faces/presentacion/workflow/reasignarReenrutar.xhtml HTTP/1.1" 200 29543
201.245.192.253 - - [17/Aug/2020:10:57:03 -0500] "POST /sipse/faces/presentacion/workflow/reasignarReenrutar.xhtml HTTP/1.1" 200 29543
201.245.192.253 - - [17/Aug/2020:10:57:03 -0500] "POST /sipse/faces/presentacion/workflow/reasignarReenrutar.xhtml HTTP/1.1" 200 29543
201.245.192.253 - - [17/Aug/2020:10:57:03 -0500] "POST /sipse/faces/presentacion/workflow/reasignarReenrutar.xhtml HTTP/1.1" 200 29543
201.245.192.253 - - [17/Aug/2020:10:57:04 -0500] "POST /sipse/faces/presentacion/workflow/reasignarReenrutar.xhtml HTTP/1.1" 200 29543
201.245.192.253 - - [17/Aug/2020:10:57:04 -0500] "POST /sipse/faces/presentacion/workflow/reasignarReenrutar.xhtml HTTP/1.1" 200 29543
201.245.192.253 - - [17/Aug/2020:10:57:04 -0500] "POST /sipse/faces/presentacion/workflow/reasignarReenrutar.xhtml HTTP/1.1" 200 29543
201.245.192.253 - - [17/Aug/2020:10:57:04 -0500] "POST /sipse/faces/presentacion/workflow/reasignarReenrutar.xhtml HTTP/1.1" 200 29543
201.245.192.253 - - [17/Aug/2020:10:57:05 -0500] "POST /sipse/faces/presentacion/workflow/reasignarReenrutar.xhtml HTTP/1.1" 200 29543
190.128.60.38 - - [17/Aug/2020:10:57:06 -0500] "GET /BLA/boletinlegal/js/jquery.scrollShow.js HTTP/1.1" 304 -
190.128.60.38 - - [17/Aug/2020:10:57:06 -0500] "GET /galeria/galeria/jquery.fancybox.js?v=2.1.5 HTTP/1.1" 304 -
190.128.60.38 - - [17/Aug/2020:10:57:06 -0500] "GET /galeria/galeria/jquery.fancybox.css?v=2.1.5 HTTP/1.1" 304 -
201.245.192.253 - - [17/Aug/2020:10:57:07 -0500] "POST /sipse/faces/presentacion/workflow/reasignarReenrutar.xhtml HTTP/1.1" 200 15569
201.245.192.253 - - [17/Aug/2020:10:57:08 -0500] "POST /sipse/faces/presentacion/workflow/reasignarReenrutar.xhtml HTTP/1.1" 200 15658
186.84.89.239 - - [17/Aug/2020:10:57:09 -0500] "GET /galeria/nivo-slider/themes/default/bullets.png HTTP/1.1" 200 1281
186.84.89.239 - - [17/Aug/2020:10:57:09 -0500] "GET /galeria/nivo-slider/themes/default/arrows.png HTTP/1.1" 200 824
201.245.192.253 - - [17/Aug/2020:10:57:09 -0500] "POST /sipse/faces/presentacion/workflow/reasignarReenrutar.xhtml HTTP/1.1" 200 23493
181.61.52.78 - - [17/Aug/2020:10:57:18 -0500] "POST /sipse/faces/presentacion/financiero/solicitudProceso/consultarSolicitudProceso.xhtml HTTP/1.1" 200 40073
181.61.52.78 - - [17/Aug/2020:10:57:18 -0500] "GET /sipse/faces/javax.faces.resource/theme.css?ln=primefaces-sipse HTTP/1.1" 304 -
181.61.52.78 - - [17/Aug/2020:10:57:18 -0500] "GET /sipse/faces/javax.faces.resource/primefaces.css?ln=primefaces&v=4.0 HTTP/1.1" 304 -
181.61.52.78 - - [17/Aug/2020:10:57:19 -0500] "GET /sipse/faces/javax.faces.resource/jquery/jquery.js?ln=primefaces&v=4.0 HTTP/1.1" 304 -
181.61.52.78 - - [17/Aug/2020:10:57:19 -0500] "GET /sipse/faces/javax.faces.resource/layout/layout.css?ln=primefaces&v=4.0 HTTP/1.1" 304 -
181.61.52.78 - - [17/Aug/2020:10:57:19 -0500] "GET /sipse/faces/javax.faces.resource/jquery/jquery-plugins.js?ln=primefaces&v=4.0 HTTP/1.1" 304 -
181.61.52.78 - - [17/Aug/2020:10:57:19 -0500] "GET /sipse/faces/javax.faces.resource/primefaces.js?ln=primefaces&v=4.0 HTTP/1.1" 304 -
181.61.52.78 - - [17/Aug/2020:10:57:19 -0500] "GET /sipse/faces/javax.faces.resource/layout/layout.js?ln=primefaces&v=4.0 HTTP/1.1" 304 -
201.245.192.253 - - [17/Aug/2020:10:57:17 -0500] "POST /sipse/faces/presentacion/workflow/reasignarReenrutar.xhtml HTTP/1.1" 200 75457
201.245.192.253 - - [17/Aug/2020:10:57:24 -0500] "POST /sipse/faces/presentacion/workflow/reasignarReenrutar.xhtml HTTP/1.1" 200 75605
190.14.232.181 - - [17/Aug/2020:10:57:27 -0500] "GET /galeria/galeria/jquery.fancybox.css?v=2.1.5 HTTP/1.1" 200 4895
190.14.232.181 - - [17/Aug/2020:10:57:30 -0500] "GET /BLA/boletinlegal/js/jquery.scrollShow.js HTTP/1.1" 200 4586
190.14.232.181 - - [17/Aug/2020:10:57:31 -0500] "GET /galeria/galeria/jquery.fancybox.js?v=2.1.5 HTTP/1.1" 200 48706
181.61.52.78 - - [17/Aug/2020:10:57:31 -0500] "POST /sipse/faces/presentacion/financiero/estudioPrevio/personalSolicitado/expedirExperienciaIdoneidad.xhtml HTTP/1.1" 200 2920
181.61.52.78 - - [17/Aug/2020:10:57:33 -0500] "POST /sipse/faces/presentacion/financiero/estudioPrevio/personalSolicitado/expedirExperienciaIdoneidad.xhtml HTTP/1.1" 200 27992
181.61.52.78 - - [17/Aug/2020:10:57:33 -0500] "GET /sipse/faces/javax.faces.resource/theme.css?ln=primefaces-sipse HTTP/1.1" 304 -
181.61.52.78 - - [17/Aug/2020:10:57:33 -0500] "GET /sipse/faces/javax.faces.resource/primefaces.css?ln=primefaces&v=4.0 HTTP/1.1" 304 -
181.61.52.78 - - [17/Aug/2020:10:57:33 -0500] "GET /sipse/faces/javax.faces.resource/layout/layout.css?ln=primefaces&v=4.0 HTTP/1.1" 304 -
181.61.52.78 - - [17/Aug/2020:10:57:33 -0500] "GET /sipse/faces/javax.faces.resource/jquery/jquery.js?ln=primefaces&v=4.0 HTTP/1.1" 304 -
181.61.52.78 - - [17/Aug/2020:10:57:33 -0500] "GET /sipse/faces/javax.faces.resource/jquery/jquery-plugins.js?ln=primefaces&v=4.0 HTTP/1.1" 304 -
181.61.52.78 - - [17/Aug/2020:10:57:33 -0500] "GET /sipse/faces/javax.faces.resource/primefaces.js?ln=primefaces&v=4.0 HTTP/1.1" 304 -
181.61.52.78 - - [17/Aug/2020:10:57:33 -0500] "GET /sipse/faces/javax.faces.resource/layout/layout.js?ln=primefaces&v=4.0 HTTP/1.1" 304 -
181.61.52.78 - - [17/Aug/2020:10:57:33 -0500] "POST /sipse/faces/presentacion/contratacion/contratista/listarContratista.xhtml HTTP/1.1" 200 21260
186.155.19.194 - - [17/Aug/2020:10:57:33 -0500] "GET /galeria/galeria/jquery.fancybox.css?v=2.1.5 HTTP/1.1" 200 4895
186.155.19.194 - - [17/Aug/2020:10:57:33 -0500] "GET /galeria/galeria/jquery.fancybox.js?v=2.1.5 HTTP/1.1" 200 48706
201.245.192.253 - - [17/Aug/2020:10:57:34 -0500] "POST /sipse/faces/presentacion/workflow/reasignarReenrutar.xhtml HTTP/1.1" 200 76173
186.155.19.194 - - [17/Aug/2020:10:57:34 -0500] "GET /galeria/galeria/fotos/Soratama1P.jpg HTTP/1.1" 200 9622
186.155.19.194 - - [17/Aug/2020:10:57:34 -0500] "GET /galeria/galeria/fotos/Soratama2P.jpg HTTP/1.1" 200 10548
186.155.19.194 - - [17/Aug/2020:10:57:34 -0500] "GET /galeria/galeria/fotos/Soratama3P.jpg HTTP/1.1" 200 11298
186.155.19.194 - - [17/Aug/2020:10:57:34 -0500] "GET /galeria/galeria/fotos/Soratama4P.jpg HTTP/1.1" 200 10482
201.245.192.253 - - [17/Aug/2020:10:57:35 -0500] "POST /sipse/faces/presentacion/workflow/reasignarReenrutar.xhtml HTTP/1.1" 200 4989
201.221.165.176 - - [17/Aug/2020:10:57:33 -0500] "POST /sipse/faces/presentacion/financiero/solicitudProceso/consultarSolicitudProceso.xhtml HTTP/1.1" 200 49153
201.221.165.176 - - [17/Aug/2020:10:57:36 -0500] "GET /sipse/faces/javax.faces.resource/theme.css?ln=primefaces-sipse HTTP/1.1" 304 -
201.221.165.176 - - [17/Aug/2020:10:57:36 -0500] "GET /sipse/faces/javax.faces.resource/primefaces.css?ln=primefaces&v=4.0 HTTP/1.1" 304 -
201.221.165.176 - - [17/Aug/2020:10:57:36 -0500] "GET /sipse/faces/javax.faces.resource/layout/layout.css?ln=primefaces&v=4.0 HTTP/1.1" 304 -
201.221.165.176 - - [17/Aug/2020:10:57:36 -0500] "GET /sipse/faces/javax.faces.resource/jquery/jquery.js?ln=primefaces&v=4.0 HTTP/1.1" 304 -
201.221.165.176 - - [17/Aug/2020:10:57:36 -0500] "GET /sipse/faces/javax.faces.resource/jquery/jquery-plugins.js?ln=primefaces&v=4.0 HTTP/1.1" 304 -
201.221.165.176 - - [17/Aug/2020:10:57:36 -0500] "GET /sipse/faces/javax.faces.resource/primefaces.js?ln=primefaces&v=4.0 HTTP/1.1" 304 -
201.221.165.176 - - [17/Aug/2020:10:57:36 -0500] "GET /sipse/faces/javax.faces.resource/layout/layout.js?ln=primefaces&v=4.0 HTTP/1.1" 304 -
201.221.165.176 - - [17/Aug/2020:10:57:37 -0500] "POST /sipse/faces/presentacion/financiero/solicitudProceso/listarSolicitudProceso.xhtml HTTP/1.1" 200 1428
181.61.52.78 - - [17/Aug/2020:10:57:38 -0500] "POST /sipse/faces/presentacion/contratacion/contratista/listarContratista.xhtml HTTP/1.1" 200 7819
201.221.165.176 - - [17/Aug/2020:10:57:39 -0500] "POST /sipse/faces/presentacion/financiero/solicitudProceso/listarSolicitudProceso.xhtml HTTP/1.1" 200 30477
181.61.52.78 - - [17/Aug/2020:10:57:44 -0500] "POST /sipse/faces/presentacion/contratacion/contratista/listarContratista.xhtml HTTP/1.1" 200 8750
181.61.52.78 - - [17/Aug/2020:10:57:47 -0500] "POST /sipse/faces/presentacion/contratacion/contratista/listarContratista.xhtml HTTP/1.1" 200 63124
181.61.52.78 - - [17/Aug/2020:10:57:49 -0500] "GET /sipse/faces/javax.faces.resource/primefaces.css?ln=primefaces&v=4.0 HTTP/1.1" 304 -
181.61.52.78 - - [17/Aug/2020:10:57:49 -0500] "GET /sipse/faces/javax.faces.resource/theme.css?ln=primefaces-sipse HTTP/1.1" 304 -
181.61.52.78 - - [17/Aug/2020:10:57:49 -0500] "GET /sipse/faces/javax.faces.resource/layout/layout.css?ln=primefaces&v=4.0 HTTP/1.1" 304 -
181.61.52.78 - - [17/Aug/2020:10:57:49 -0500] "GET /sipse/faces/javax.faces.resource/jquery/jquery.js?ln=primefaces&v=4.0 HTTP/1.1" 304 -
181.61.52.78 - - [17/Aug/2020:10:57:49 -0500] "GET /sipse/faces/javax.faces.resource/jquery/jquery-plugins.js?ln=primefaces&v=4.0 HTTP/1.1" 304 -
181.61.52.78 - - [17/Aug/2020:10:57:49 -0500] "GET /sipse/faces/javax.faces.resource/primefaces.js?ln=primefaces&v=4.0 HTTP/1.1" 304 -
181.61.52.78 - - [17/Aug/2020:10:57:49 -0500] "GET /sipse/faces/javax.faces.resource/layout/layout.js?ln=primefaces&v=4.0 HTTP/1.1" 304 -
181.61.52.78 - - [17/Aug/2020:10:57:49 -0500] "GET /sipse/faces/javax.faces.resource/spacer/dot_clear.gif?ln=primefaces&v=4.0 HTTP/1.1" 200 42
201.221.165.176 - - [17/Aug/2020:10:57:50 -0500] "POST /sipse/faces/presentacion/financiero/solicitudProceso/listarSolicitudProceso.xhtml HTTP/1.1" 200 143591
201.221.165.176 - - [17/Aug/2020:10:57:51 -0500] "GET /sipse/faces/javax.faces.resource/theme.css?ln=primefaces-sipse HTTP/1.1" 304 -
201.221.165.176 - - [17/Aug/2020:10:57:51 -0500] "GET /sipse/faces/javax.faces.resource/primefaces.css?ln=primefaces&v=4.0 HTTP/1.1" 304 -
201.221.165.176 - - [17/Aug/2020:10:57:51 -0500] "GET /sipse/faces/javax.faces.resource/layout/layout.css?ln=primefaces&v=4.0 HTTP/1.1" 304 -
201.221.165.176 - - [17/Aug/2020:10:57:51 -0500] "GET /sipse/faces/javax.faces.resource/jquery/jquery.js?ln=primefaces&v=4.0 HTTP/1.1" 304 -
201.221.165.176 - - [17/Aug/2020:10:57:51 -0500] "GET /sipse/faces/javax.faces.resource/jquery/jquery-plugins.js?ln=primefaces&v=4.0 HTTP/1.1" 304 -
201.221.165.176 - - [17/Aug/2020:10:57:51 -0500] "GET /sipse/faces/javax.faces.resource/primefaces.js?ln=primefaces&v=4.0 HTTP/1.1" 304 -
201.221.165.176 - - [17/Aug/2020:10:57:51 -0500] "GET /sipse/faces/javax.faces.resource/layout/layout.js?ln=primefaces&v=4.0 HTTP/1.1" 304 -
186.30.26.124 - - [17/Aug/2020:10:57:51 -0500] "GET /sipse/faces/javax.faces.resource/jquery/jquery.js?ln=primefaces&v=4.0 HTTP/1.1" 304 -
186.30.26.124 - - [17/Aug/2020:10:57:51 -0500] "GET /sipse/faces/javax.faces.resource/jquery/jquery-plugins.js?ln=primefaces&v=4.0 HTTP/1.1" 304 -
186.30.26.124 - - [17/Aug/2020:10:57:51 -0500] "GET /sipse/faces/javax.faces.resource/primefaces.css?ln=primefaces&v=4.0 HTTP/1.1" 304 -
186.30.26.124 - - [17/Aug/2020:10:57:51 -0500] "GET /sipse/faces/javax.faces.resource/theme.css?ln=primefaces-sipse HTTP/1.1" 304 -
186.30.26.124 - - [17/Aug/2020:10:57:51 -0500] "GET /sipse/faces/javax.faces.resource/layout/layout.css?ln=primefaces&v=4.0 HTTP/1.1" 304 -
186.30.26.124 - - [17/Aug/2020:10:57:50 -0500] "POST /sipse/faces/presentacion/financiero/solicitudProceso/consultarHistorialSolProceso.xhtml HTTP/1.1" 200 194900
186.30.26.124 - - [17/Aug/2020:10:57:51 -0500] "GET /sipse/faces/javax.faces.resource/primefaces.js?ln=primefaces&v=4.0 HTTP/1.1" 304 -
186.30.26.124 - - [17/Aug/2020:10:57:51 -0500] "GET /sipse/faces/javax.faces.resource/layout/layout.js?ln=primefaces&v=4.0 HTTP/1.1" 304 -
190.27.245.107 - - [17/Aug/2020:10:57:52 -0500] "GET /reportes_sipse/sdg/ServletReporte?reporte=experienia_idoneidad&solicitud=10850&pfdrid_c=false HTTP/1.1" 200 144167
190.27.245.107 - - [17/Aug/2020:10:57:52 -0500] "GET /reportes_sipse/sdg/ServletReporte?reporte=experienia_idoneidad&solicitud=10850&pfdrid_c=false HTTP/1.1" 200 144167
201.221.165.176 - - [17/Aug/2020:10:58:04 -0500] "POST /sipse/faces/presentacion/financiero/solicitudProceso/consultarSolicitudProceso.xhtml HTTP/1.1" 200 58309
201.221.165.176 - - [17/Aug/2020:10:58:04 -0500] "GET /sipse/faces/javax.faces.resource/theme.css?ln=primefaces-sipse HTTP/1.1" 304 -
201.221.165.176 - - [17/Aug/2020:10:58:04 -0500] "GET /sipse/faces/javax.faces.resource/primefaces.css?ln=primefaces&v=4.0 HTTP/1.1" 304 -
201.221.165.176 - - [17/Aug/2020:10:58:04 -0500] "GET /sipse/faces/javax.faces.resource/layout/layout.css?ln=primefaces&v=4.0 HTTP/1.1" 304 -
201.221.165.176 - - [17/Aug/2020:10:58:04 -0500] "GET /sipse/faces/javax.faces.resource/jquery/jquery.js?ln=primefaces&v=4.0 HTTP/1.1" 304 -
201.221.165.176 - - [17/Aug/2020:10:58:04 -0500] "GET /sipse/faces/javax.faces.resource/jquery/jquery-plugins.js?ln=primefaces&v=4.0 HTTP/1.1" 304 -
201.221.165.176 - - [17/Aug/2020:10:58:05 -0500] "GET /sipse/faces/javax.faces.resource/primefaces.js?ln=primefaces&v=4.0 HTTP/1.1" 304 -
201.221.165.176 - - [17/Aug/2020:10:58:05 -0500] "GET /sipse/faces/javax.faces.resource/layout/layout.js?ln=primefaces&v=4.0 HTTP/1.1" 304 -
201.221.165.176 - - [17/Aug/2020:10:58:05 -0500] "POST /sipse/faces/presentacion/financiero/solicitudProceso/listarSolicitudProceso.xhtml HTTP/1.1" 200 51569
186.84.91.8 - - [17/Aug/2020:10:58:05 -0500] "POST /sipse/faces/presentacion/sistema/reporte/ventanaVerReporteParametros.xhtml HTTP/1.1" 200 63242
186.84.91.8 - - [17/Aug/2020:10:58:05 -0500] "GET /sipse/faces/javax.faces.resource/theme.css?ln=primefaces-sipse HTTP/1.1" 304 -
186.84.91.8 - - [17/Aug/2020:10:58:05 -0500] "GET /sipse/faces/javax.faces.resource/layout/layout.css?ln=primefaces&v=4.0 HTTP/1.1" 304 -
186.84.91.8 - - [17/Aug/2020:10:58:05 -0500] "GET /sipse/faces/javax.faces.resource/primefaces.css?ln=primefaces&v=4.0 HTTP/1.1" 304 -
201.221.165.176 - - [17/Aug/2020:10:58:05 -0500] "POST /sipse/faces/presentacion/financiero/solicitudProceso/listarSolicitudProceso.xhtml HTTP/1.1" 200 51569
186.84.91.8 - - [17/Aug/2020:10:58:05 -0500] "GET /sipse/faces/javax.faces.resource/jquery/jquery.js?ln=primefaces&v=4.0 HTTP/1.1" 304 -
186.84.91.8 - - [17/Aug/2020:10:58:06 -0500] "GET /sipse/faces/javax.faces.resource/jquery/jquery-plugins.js?ln=primefaces&v=4.0 HTTP/1.1" 304 -
186.84.91.8 - - [17/Aug/2020:10:58:06 -0500] "GET /sipse/css/imagen/contrasena.png HTTP/1.1" 404 383
201.221.165.176 - - [17/Aug/2020:10:58:06 -0500] "POST /sipse/faces/presentacion/financiero/solicitudProceso/listarSolicitudProceso.xhtml HTTP/1.1" 200 51569
186.84.91.8 - - [17/Aug/2020:10:58:06 -0500] "GET /sipse/faces/javax.faces.resource/primefaces.js?ln=primefaces&v=4.0 HTTP/1.1" 304 -
186.84.91.8 - - [17/Aug/2020:10:58:06 -0500] "GET /sipse/faces/javax.faces.resource/layout/layout.js?ln=primefaces&v=4.0 HTTP/1.1" 304 -
157.55.39.83 - - [17/Aug/2020:10:58:06 -0500] "GET /POT-2013/index.php?dir=expediente/&sort=date&order=desc HTTP/1.1" 200 1902
201.221.165.176 - - [17/Aug/2020:10:58:06 -0500] "POST /sipse/faces/presentacion/financiero/solicitudProceso/listarSolicitudProceso.xhtml HTTP/1.1" 200 51569
201.221.165.176 - - [17/Aug/2020:10:58:06 -0500] "POST /sipse/faces/presentacion/financiero/solicitudProceso/listarSolicitudProceso.xhtml HTTP/1.1" 200 1448
201.221.165.176 - - [17/Aug/2020:10:58:07 -0500] "POST /sipse/faces/presentacion/financiero/solicitudProceso/listarSolicitudProceso.xhtml HTTP/1.1" 200 1448
186.84.91.8 - - [17/Aug/2020:10:58:07 -0500] "GET /sipse/faces/javax.faces.resource/images/ui-icons_898989_256x240.png?ln=primefaces-aristo HTTP/1.1" 304 -
186.84.91.8 - - [17/Aug/2020:10:58:07 -0500] "POST /sipse/faces/presentacion/financiero/solicitudProceso/listarSolicitudProceso.xhtml HTTP/1.1" 200 1448
186.84.91.8 - - [17/Aug/2020:10:58:07 -0500] "GET /sipse/faces/javax.faces.resource/images/ui-bg_flat_0_2d5972_40x100.png?ln=primefaces-aristo HTTP/1.1" 304 -
201.221.165.176 - - [17/Aug/2020:10:58:07 -0500] "POST /sipse/faces/presentacion/financiero/solicitudProceso/listarSolicitudProceso.xhtml HTTP/1.1" 200 1452
201.221.165.176 - - [17/Aug/2020:10:58:07 -0500] "POST /sipse/faces/presentacion/financiero/solicitudProceso/listarSolicitudProceso.xhtml HTTP/1.1" 200 1448
201.221.165.176 - - [17/Aug/2020:10:58:08 -0500] "POST /sipse/faces/presentacion/financiero/solicitudProceso/listarSolicitudProceso.xhtml HTTP/1.1" 200 1448
201.221.165.176 - - [17/Aug/2020:10:58:09 -0500] "POST /sipse/faces/presentacion/financiero/solicitudProceso/listarSolicitudProceso.xhtml HTTP/1.1" 200 19175
201.245.192.253 - - [17/Aug/2020:10:58:13 -0500] "POST /sipse/faces/presentacion/workflow/reasignarReenrutar.xhtml HTTP/1.1" 200 47214
201.245.192.253 - - [17/Aug/2020:10:58:13 -0500] "GET /sipse/faces/javax.faces.resource/jquery/jquery.js?ln=primefaces&v=4.0 HTTP/1.1" 304 -
201.245.192.253 - - [17/Aug/2020:10:58:14 -0500] "GET /sipse/faces/javax.faces.resource/jquery/jquery-plugins.js?ln=primefaces&v=4.0 HTTP/1.1" 304 -
201.245.192.253 - - [17/Aug/2020:10:58:14 -0500] "GET /sipse/faces/javax.faces.resource/primefaces.js?ln=primefaces&v=4.0 HTTP/1.1" 304 -
201.245.192.253 - - [17/Aug/2020:10:58:14 -0500] "GET /sipse/faces/javax.faces.resource/layout/layout.js?ln=primefaces&v=4.0 HTTP/1.1" 304 -
201.245.192.253 - - [17/Aug/2020:10:58:14 -0500] "POST /sipse/faces/presentacion/financiero/solicitudProceso/consultar.xhtml HTTP/1.1" 200 40501
201.245.192.253 - - [17/Aug/2020:10:58:14 -0500] "POST /sipse/faces/presentacion/financiero/solicitudProceso/consultar.xhtml HTTP/1.1" 200 40501
201.245.192.253 - - [17/Aug/2020:10:58:14 -0500] "POST /sipse/faces/presentacion/financiero/solicitudProceso/consultar.xhtml HTTP/1.1" 200 40501
201.245.192.253 - - [17/Aug/2020:10:58:15 -0500] "POST /sipse/faces/presentacion/financiero/solicitudProceso/consultar.xhtml HTTP/1.1" 200 40501
201.245.192.253 - - [17/Aug/2020:10:58:15 -0500] "POST /sipse/faces/presentacion/financiero/solicitudProceso/consultar.xhtml HTTP/1.1" 200 40501
201.245.192.253 - - [17/Aug/2020:10:58:15 -0500] "POST /sipse/faces/presentacion/financiero/solicitudProceso/consultar.xhtml HTTP/1.1" 200 40501
201.245.192.253 - - [17/Aug/2020:10:58:15 -0500] "POST /sipse/faces/presentacion/financiero/solicitudProceso/consultar.xhtml HTTP/1.1" 200 40501
201.245.192.253 - - [17/Aug/2020:10:58:16 -0500] "POST /sipse/faces/presentacion/financiero/solicitudProceso/consultar.xhtml HTTP/1.1" 200 40501
201.245.192.253 - - [17/Aug/2020:10:58:16 -0500] "POST /sipse/faces/presentacion/financiero/solicitudProceso/consultar.xhtml HTTP/1.1" 200 40501
201.245.192.253 - - [17/Aug/2020:10:58:16 -0500] "POST /sipse/faces/presentacion/financiero/solicitudProceso/consultar.xhtml HTTP/1.1" 200 40501
201.245.192.253 - - [17/Aug/2020:10:58:16 -0500] "POST /sipse/faces/presentacion/financiero/solicitudProceso/consultar.xhtml HTTP/1.1" 200 40501
201.245.192.253 - - [17/Aug/2020:10:58:17 -0500] "POST /sipse/faces/presentacion/financiero/solicitudProceso/consultar.xhtml HTTP/1.1" 200 40501
186.28.0.69 - - [17/Aug/2020:10:58:17 -0500] "GET /galeria/galeria/jquery.fancybox.css?v=2.1.5 HTTP/1.1" 200 4895
186.28.0.69 - - [17/Aug/2020:10:58:17 -0500] "GET /BLA/boletinlegal/js/jquery.scrollShow.js HTTP/1.1" 200 4586
186.28.0.69 - - [17/Aug/2020:10:58:17 -0500] "GET /galeria/galeria/jquery.fancybox.js?v=2.1.5 HTTP/1.1" 200 48706
201.245.192.253 - - [17/Aug/2020:10:58:17 -0500] "POST /sipse/faces/presentacion/financiero/solicitudProceso/consultar.xhtml HTTP/1.1" 200 40501
201.245.192.253 - - [17/Aug/2020:10:58:17 -0500] "POST /sipse/faces/presentacion/financiero/solicitudProceso/consultar.xhtml HTTP/1.1" 200 40501
201.245.192.253 - - [17/Aug/2020:10:58:18 -0500] "POST /sipse/faces/presentacion/financiero/solicitudProceso/consultar.xhtml HTTP/1.1" 200 40501
201.221.165.176 - - [17/Aug/2020:10:58:17 -0500] "POST /sipse/faces/presentacion/financiero/solicitudProceso/listarSolicitudProceso.xhtml HTTP/1.1" 200 136916
201.245.192.253 - - [17/Aug/2020:10:58:18 -0500] "POST /sipse/faces/presentacion/financiero/solicitudProceso/consultar.xhtml HTTP/1.1" 200 40501
201.221.165.176 - - [17/Aug/2020:10:58:18 -0500] "GET /sipse/faces/javax.faces.resource/theme.css?ln=primefaces-sipse HTTP/1.1" 304 -
201.221.165.176 - - [17/Aug/2020:10:58:18 -0500] "GET /sipse/faces/javax.faces.resource/layout/layout.css?ln=primefaces&v=4.0 HTTP/1.1" 304 -
201.221.165.176 - - [17/Aug/2020:10:58:18 -0500] "GET /sipse/faces/javax.faces.resource/primefaces.css?ln=primefaces&v=4.0 HTTP/1.1" 304 -
201.221.165.176 - - [17/Aug/2020:10:58:18 -0500] "GET /sipse/faces/javax.faces.resource/jquery/jquery.js?ln=primefaces&v=4.0 HTTP/1.1" 304 -
201.221.165.176 - - [17/Aug/2020:10:58:18 -0500] "GET /sipse/faces/javax.faces.resource/jquery/jquery-plugins.js?ln=primefaces&v=4.0 HTTP/1.1" 304 -
201.221.165.176 - - [17/Aug/2020:10:58:18 -0500] "GET /sipse/faces/javax.faces.resource/primefaces.js?ln=primefaces&v=4.0 HTTP/1.1" 304 -
201.221.165.176 - - [17/Aug/2020:10:58:18 -0500] "GET /sipse/faces/javax.faces.resource/layout/layout.js?ln=primefaces&v=4.0 HTTP/1.1" 304 -
190.27.245.107 - - [17/Aug/2020:10:58:19 -0500] "GET /reportes_sipse/sdg/ServletReporte?reporte=experienia_idoneidad&solicitud=10850&pfdrid_c=false HTTP/1.1" 200 144167
201.245.192.253 - - [17/Aug/2020:10:58:20 -0500] "POST /sipse/faces/presentacion/financiero/solicitudProceso/consultar.xhtml HTTP/1.1" 200 12877
201.221.165.176 - - [17/Aug/2020:10:58:22 -0500] "POST /sipse/faces/presentacion/financiero/solicitudProceso/consultarSolicitudProceso.xhtml HTTP/1.1" 200 105710
190.24.98.6 - - [17/Aug/2020:10:58:26 -0500] "GET /galeria/galeria/jquery.fancybox.css?v=2.1.5 HTTP/1.1" 200 4895
190.24.98.6 - - [17/Aug/2020:10:58:26 -0500] "GET /BLA/boletinlegal/js/jquery.scrollShow.js HTTP/1.1" 200 4586
190.24.98.6 - - [17/Aug/2020:10:58:26 -0500] "GET /galeria/galeria/jquery.fancybox.js?v=2.1.5 HTTP/1.1" 200 48706
186.154.101.109 - - [17/Aug/2020:10:58:30 -0500] "POST /sipse/faces/presentacion/financiero/solicitudProceso/consultar.xhtml HTTP/1.1" 200 12924
66.249.64.173 - - [17/Aug/2020:10:58:31 -0500] "-" 408 -
201.245.192.253 - - [17/Aug/2020:10:58:35 -0500] "POST /sipse/faces/presentacion/financiero/solicitudProceso/consultar.xhtml HTTP/1.1" 200 36236
201.245.192.253 - - [17/Aug/2020:10:58:36 -0500] "GET /sipse/faces/javax.faces.resource/jquery/jquery.js?ln=primefaces&v=4.0 HTTP/1.1" 304 -
201.245.192.253 - - [17/Aug/2020:10:58:36 -0500] "GET /sipse/faces/javax.faces.resource/jquery/jquery-plugins.js?ln=primefaces&v=4.0 HTTP/1.1" 304 -
201.245.192.253 - - [17/Aug/2020:10:58:36 -0500] "GET /sipse/faces/javax.faces.resource/primefaces.js?ln=primefaces&v=4.0 HTTP/1.1" 304 -
201.245.192.253 - - [17/Aug/2020:10:58:36 -0500] "GET /sipse/faces/javax.faces.resource/layout/layout.js?ln=primefaces&v=4.0 HTTP/1.1" 304 -
201.245.192.253 - - [17/Aug/2020:10:58:36 -0500] "POST /sipse/faces/presentacion/workflow/reasignarReenrutar.xhtml HTTP/1.1" 200 29543
201.245.192.253 - - [17/Aug/2020:10:58:36 -0500] "POST /sipse/faces/presentacion/workflow/reasignarReenrutar.xhtml HTTP/1.1" 200 29543
201.245.192.253 - - [17/Aug/2020:10:58:36 -0500] "POST /sipse/faces/presentacion/workflow/reasignarReenrutar.xhtml HTTP/1.1" 200 29543
201.245.192.253 - - [17/Aug/2020:10:58:36 -0500] "POST /sipse/faces/presentacion/workflow/reasignarReenrutar.xhtml HTTP/1.1" 200 29543
201.245.192.253 - - [17/Aug/2020:10:58:37 -0500] "POST /sipse/faces/presentacion/workflow/reasignarReenrutar.xhtml HTTP/1.1" 200 29543
201.245.192.253 - - [17/Aug/2020:10:58:37 -0500] "POST /sipse/faces/presentacion/workflow/reasignarReenrutar.xhtml HTTP/1.1" 200 29543
201.245.192.253 - - [17/Aug/2020:10:58:37 -0500] "POST /sipse/faces/presentacion/workflow/reasignarReenrutar.xhtml HTTP/1.1" 200 29543
201.245.192.253 - - [17/Aug/2020:10:58:37 -0500] "POST /sipse/faces/presentacion/workflow/reasignarReenrutar.xhtml HTTP/1.1" 200 29543
201.245.192.253 - - [17/Aug/2020:10:58:37 -0500] "POST /sipse/faces/presentacion/workflow/reasignarReenrutar.xhtml HTTP/1.1" 200 29543
201.245.192.253 - - [17/Aug/2020:10:58:38 -0500] "POST /sipse/faces/presentacion/workflow/reasignarReenrutar.xhtml HTTP/1.1" 200 29543
201.245.192.253 - - [17/Aug/2020:10:58:38 -0500] "POST /sipse/faces/presentacion/workflow/reasignarReenrutar.xhtml HTTP/1.1" 200 29543
201.245.192.253 - - [17/Aug/2020:10:58:38 -0500] "POST /sipse/faces/presentacion/workflow/reasignarReenrutar.xhtml HTTP/1.1" 200 29543
201.245.192.253 - - [17/Aug/2020:10:58:38 -0500] "POST /sipse/faces/presentacion/workflow/reasignarReenrutar.xhtml HTTP/1.1" 200 29543
201.245.192.253 - - [17/Aug/2020:10:58:38 -0500] "POST /sipse/faces/presentacion/workflow/reasignarReenrutar.xhtml HTTP/1.1" 200 29543
201.245.192.253 - - [17/Aug/2020:10:58:38 -0500] "POST /sipse/faces/presentacion/workflow/reasignarReenrutar.xhtml HTTP/1.1" 200 29543
201.245.192.253 - - [17/Aug/2020:10:58:39 -0500] "POST /sipse/faces/presentacion/workflow/reasignarReenrutar.xhtml HTTP/1.1" 200 29543
201.245.192.253 - - [17/Aug/2020:10:58:39 -0500] "POST /sipse/faces/presentacion/workflow/reasignarReenrutar.xhtml HTTP/1.1" 200 29543
201.245.192.253 - - [17/Aug/2020:10:58:42 -0500] "POST /sipse/faces/presentacion/workflow/reasignarReenrutar.xhtml HTTP/1.1" 200 15569
201.245.192.253 - - [17/Aug/2020:10:58:43 -0500] "POST /sipse/faces/presentacion/workflow/reasignarReenrutar.xhtml HTTP/1.1" 200 15658
186.154.101.109 - - [17/Aug/2020:10:58:44 -0500] "POST /sipse/faces/presentacion/financiero/solicitudProceso/consultar.xhtml HTTP/1.1" 200 12974
201.245.192.253 - - [17/Aug/2020:10:58:45 -0500] "POST /sipse/faces/presentacion/workflow/reasignarReenrutar.xhtml HTTP/1.1" 200 23485
201.245.192.253 - - [17/Aug/2020:10:58:52 -0500] "POST /sipse/faces/presentacion/workflow/reasignarReenrutar.xhtml HTTP/1.1" 200 50546
201.245.192.253 - - [17/Aug/2020:10:59:02 -0500] "POST /sipse/faces/presentacion/workflow/reasignarReenrutar.xhtml HTTP/1.1" 200 50570
157.55.39.83 - - [17/Aug/2020:10:59:04 -0500] "GET /contra/ter/ts119.htm HTTP/1.1" 404 1019
201.245.192.253 - - [17/Aug/2020:10:59:15 -0500] "POST /sipse/faces/presentacion/workflow/reasignarReenrutar.xhtml HTTP/1.1" 200 51142
201.245.192.253 - - [17/Aug/2020:10:59:16 -0500] "POST /sipse/faces/presentacion/workflow/reasignarReenrutar.xhtml HTTP/1.1" 200 4989
201.221.165.176 - - [17/Aug/2020:10:59:22 -0500] "POST /sipse/faces/presentacion/financiero/solicitudProceso/consultarSolicitudProceso.xhtml HTTP/1.1" 200 20176
201.221.165.176 - - [17/Aug/2020:10:59:23 -0500] "GET /sipse/faces/javax.faces.resource/theme.css?ln=primefaces-sipse HTTP/1.1" 304 -
201.221.165.176 - - [17/Aug/2020:10:59:23 -0500] "GET /sipse/faces/javax.faces.resource/primefaces.css?ln=primefaces&v=4.0 HTTP/1.1" 304 -
201.221.165.176 - - [17/Aug/2020:10:59:23 -0500] "GET /sipse/faces/javax.faces.resource/layout/layout.css?ln=primefaces&v=4.0 HTTP/1.1" 304 -
201.221.165.176 - - [17/Aug/2020:10:59:23 -0500] "GET /sipse/faces/javax.faces.resource/fileupload/fileupload.css?ln=primefaces&v=4.0 HTTP/1.1" 304 -
201.221.165.176 - - [17/Aug/2020:10:59:23 -0500] "GET /sipse/faces/javax.faces.resource/layout/layout.js?ln=primefaces&v=4.0 HTTP/1.1" 304 -
201.221.165.176 - - [17/Aug/2020:10:59:23 -0500] "GET /sipse/faces/javax.faces.resource/jquery/jquery.js?ln=primefaces&v=4.0 HTTP/1.1" 304 -
201.221.165.176 - - [17/Aug/2020:10:59:23 -0500] "GET /sipse/faces/javax.faces.resource/jquery/jquery-plugins.js?ln=primefaces&v=4.0 HTTP/1.1" 304 -
201.221.165.176 - - [17/Aug/2020:10:59:23 -0500] "GET /sipse/faces/javax.faces.resource/fileupload/fileupload.js?ln=primefaces&v=4.0 HTTP/1.1" 304 -
201.221.165.176 - - [17/Aug/2020:10:59:23 -0500] "GET /sipse/faces/javax.faces.resource/primefaces.js?ln=primefaces&v=4.0 HTTP/1.1" 304 -
190.255.250.98 - - [17/Aug/2020:10:59:23 -0500] "GET /BLA/boletinlegal/js/jquery.scrollShow.js HTTP/1.1" 200 4586
190.255.250.98 - - [17/Aug/2020:10:59:23 -0500] "GET /galeria/galeria/jquery.fancybox.css?v=2.1.5 HTTP/1.1" 200 4895
190.255.250.98 - - [17/Aug/2020:10:59:23 -0500] "GET /galeria/galeria/jquery.fancybox.js?v=2.1.5 HTTP/1.1" 200 48706
190.27.245.107 - - [17/Aug/2020:10:59:28 -0500] "GET /sipse/ HTTP/1.1" 302 -
181.54.158.36 - - [17/Aug/2020:10:59:28 -0500] "GET /sipse/faces/autenticacion.xhtml HTTP/1.1" 200 12500
181.54.158.36 - - [17/Aug/2020:10:59:29 -0500] "GET /sipse/js/funciones.js HTTP/1.1" 200 12592
181.54.158.36 - - [17/Aug/2020:10:59:29 -0500] "GET /sipse/css/custom_css_sg.css HTTP/1.1" 200 9694
181.54.158.36 - - [17/Aug/2020:10:59:29 -0500] "GET /sipse/css/custom_css_sg_prime_login.css HTTP/1.1" 200 443
181.54.158.36 - - [17/Aug/2020:10:59:29 -0500] "GET /sipse/js/disable_browser_buttons.js HTTP/1.1" 200 3230
181.54.158.36 - - [17/Aug/2020:10:59:29 -0500] "GET /sipse/faces/javax.faces.resource/primefaces.css;jsessionid=O4HgdZQ14d8n7a5hInp4H9ht.undefined?ln=primefaces&v=4.0 HTTP/1.1" 200 53295
181.54.158.36 - - [17/Aug/2020:10:59:29 -0500] "GET /sipse/faces/javax.faces.resource/layout/layout.css;jsessionid=O4HgdZQ14d8n7a5hInp4H9ht.undefined?ln=primefaces&v=4.0 HTTP/1.1" 200 542
181.54.158.36 - - [17/Aug/2020:10:59:29 -0500] "GET /sipse/faces/javax.faces.resource/theme.css?ln=primefaces-sipse HTTP/1.1" 200 50058
181.54.158.36 - - [17/Aug/2020:10:59:29 -0500] "GET /sipse/faces/javax.faces.resource/jquery/jquery.js;jsessionid=O4HgdZQ14d8n7a5hInp4H9ht.undefined?ln=primefaces&v=4.0 HTTP/1.1" 200 105384
181.54.158.36 - - [17/Aug/2020:10:59:29 -0500] "GET /sipse/faces/javax.faces.resource/jquery/jquery-plugins.js;jsessionid=O4HgdZQ14d8n7a5hInp4H9ht.undefined?ln=primefaces&v=4.0 HTTP/1.1" 200 220526
181.54.158.36 - - [17/Aug/2020:10:59:29 -0500] "GET /sipse/faces/javax.faces.resource/primefaces.js;jsessionid=O4HgdZQ14d8n7a5hInp4H9ht.undefined?ln=primefaces&v=4.0 HTTP/1.1" 200 276924
181.54.158.36 - - [17/Aug/2020:10:59:30 -0500] "GET /sipse/faces/javax.faces.resource/layout/layout.js;jsessionid=O4HgdZQ14d8n7a5hInp4H9ht.undefined?ln=primefaces&v=4.0 HTTP/1.1" 200 87560
181.54.158.36 - - [17/Aug/2020:10:59:31 -0500] "GET /sipse/faces/javax.faces.resource/images/ui-icons_898989_256x240.png?ln=primefaces-aristo HTTP/1.1" 200 5355
181.54.158.36 - - [17/Aug/2020:10:59:31 -0500] "GET /sipse/css/imagen/logoSDG.png HTTP/1.1" 200 53064
181.54.158.36 - - [17/Aug/2020:10:59:31 -0500] "GET /sipse/css/imagen/loginimg.png HTTP/1.1" 200 71635
181.54.158.36 - - [17/Aug/2020:10:59:32 -0500] "GET /sipse/faces/index.xhtml HTTP/1.1" 200 677
181.54.158.36 - - [17/Aug/2020:10:59:32 -0500] "GET /sipse/faces/javax.faces.resource/theme.css?ln=primefaces-sipse HTTP/1.1" 304 -
186.84.91.35 - - [17/Aug/2020:10:59:34 -0500] "POST /sipse/faces/autenticacion.xhtml HTTP/1.1" 200 2226
186.84.91.35 - - [17/Aug/2020:10:59:36 -0500] "POST /sipse/faces/autenticacion.xhtml HTTP/1.1" 200 16044
186.84.91.35 - - [17/Aug/2020:10:59:36 -0500] "GET /sipse/faces/javax.faces.resource/layout/layout.css?ln=primefaces&v=4.0 HTTP/1.1" 304 -
186.84.91.35 - - [17/Aug/2020:10:59:36 -0500] "GET /sipse/faces/javax.faces.resource/primefaces.css?ln=primefaces&v=4.0 HTTP/1.1" 304 -
186.84.91.35 - - [17/Aug/2020:10:59:36 -0500] "GET /sipse/faces/javax.faces.resource/theme.css?ln=primefaces-sipse HTTP/1.1" 304 -
186.84.91.35 - - [17/Aug/2020:10:59:36 -0500] "GET /sipse/faces/javax.faces.resource/jquery/jquery.js?ln=primefaces&v=4.0 HTTP/1.1" 304 -
186.84.91.35 - - [17/Aug/2020:10:59:36 -0500] "GET /sipse/faces/javax.faces.resource/jquery/jquery-plugins.js?ln=primefaces&v=4.0 HTTP/1.1" 304 -
186.84.91.35 - - [17/Aug/2020:10:59:36 -0500] "GET /sipse/faces/javax.faces.resource/primefaces.js?ln=primefaces&v=4.0 HTTP/1.1" 304 -
186.84.91.35 - - [17/Aug/2020:10:59:36 -0500] "GET /sipse/faces/javax.faces.resource/layout/layout.js?ln=primefaces&v=4.0 HTTP/1.1" 304 -
201.221.165.176 - - [17/Aug/2020:10:59:41 -0500] "GET /sipse/faces/javax.faces.resource/theme.css?ln=primefaces-sipse HTTP/1.1" 304 -
201.221.165.176 - - [17/Aug/2020:10:59:41 -0500] "GET /sipse/faces/javax.faces.resource/primefaces.css?ln=primefaces&v=4.0 HTTP/1.1" 304 -
201.221.165.176 - - [17/Aug/2020:10:59:41 -0500] "GET /sipse/faces/javax.faces.resource/layout/layout.css?ln=primefaces&v=4.0 HTTP/1.1" 304 -
201.221.165.176 - - [17/Aug/2020:10:59:41 -0500] "GET /sipse/faces/javax.faces.resource/primefaces.js?ln=primefaces&v=4.0 HTTP/1.1" 304 -
201.221.165.176 - - [17/Aug/2020:10:59:41 -0500] "GET /sipse/faces/javax.faces.resource/jquery/jquery-plugins.js?ln=primefaces&v=4.0 HTTP/1.1" 304 -
201.221.165.176 - - [17/Aug/2020:10:59:41 -0500] "GET /sipse/faces/javax.faces.resource/jquery/jquery.js?ln=primefaces&v=4.0 HTTP/1.1" 304 -
201.221.165.176 - - [17/Aug/2020:10:59:41 -0500] "GET /sipse/faces/javax.faces.resource/layout/layout.js?ln=primefaces&v=4.0 HTTP/1.1" 304 -
201.221.165.176 - - [17/Aug/2020:10:59:37 -0500] "POST /sipse/faces/presentacion/sistema/anexos/cargarAnexoSolicitudProceso.xhtml HTTP/1.1" 200 186101
190.27.245.107 - - [17/Aug/2020:10:59:41 -0500] "GET /reportes_sipse/sdg/ServletReporte?reporte=experienia_idoneidad&solicitud=10850&pfdrid_c=false HTTP/1.1" 200 144167
186.84.91.35 - - [17/Aug/2020:10:59:46 -0500] "POST /sipse/faces/bienvenido.xhtml HTTP/1.1" 200 2658
186.84.91.35 - - [17/Aug/2020:10:59:48 -0500] "POST /sipse/faces/bienvenido.xhtml HTTP/1.1" 200 61091
186.84.91.35 - - [17/Aug/2020:10:59:50 -0500] "GET /sipse/faces/javax.faces.resource/theme.css?ln=primefaces-sipse HTTP/1.1" 304 -
186.84.91.35 - - [17/Aug/2020:10:59:50 -0500] "GET /sipse/faces/javax.faces.resource/layout/layout.css?ln=primefaces&v=4.0 HTTP/1.1" 304 -
186.84.91.35 - - [17/Aug/2020:10:59:50 -0500] "GET /sipse/faces/javax.faces.resource/primefaces.css?ln=primefaces&v=4.0 HTTP/1.1" 304 -
186.84.91.35 - - [17/Aug/2020:10:59:50 -0500] "GET /sipse/faces/javax.faces.resource/jquery/jquery.js?ln=primefaces&v=4.0 HTTP/1.1" 304 -
186.84.91.35 - - [17/Aug/2020:10:59:50 -0500] "GET /sipse/faces/javax.faces.resource/jquery/jquery-plugins.js?ln=primefaces&v=4.0 HTTP/1.1" 304 -
186.84.91.35 - - [17/Aug/2020:10:59:51 -0500] "GET /sipse/faces/javax.faces.resource/primefaces.js?ln=primefaces&v=4.0 HTTP/1.1" 304 -
186.84.91.35 - - [17/Aug/2020:10:59:51 -0500] "GET /sipse/faces/javax.faces.resource/layout/layout.js?ln=primefaces&v=4.0 HTTP/1.1" 304 -
186.84.91.35 - - [17/Aug/2020:10:59:51 -0500] "POST /sipse/faces/presentacion/financiero/solicitudProceso/listarSolicitudProceso.xhtml HTTP/1.1" 200 1448
201.245.192.253 - - [17/Aug/2020:10:59:53 -0500] "POST /sipse/faces/presentacion/workflow/reasignarReenrutar.xhtml HTTP/1.1" 200 29543
201.245.192.253 - - [17/Aug/2020:10:59:53 -0500] "POST /sipse/faces/presentacion/workflow/reasignarReenrutar.xhtml HTTP/1.1" 200 29543
201.245.192.253 - - [17/Aug/2020:10:59:54 -0500] "POST /sipse/faces/presentacion/workflow/reasignarReenrutar.xhtml HTTP/1.1" 200 29543
201.245.192.253 - - [17/Aug/2020:10:59:54 -0500] "POST /sipse/faces/presentacion/workflow/reasignarReenrutar.xhtml HTTP/1.1" 200 29543
201.245.192.253 - - [17/Aug/2020:10:59:54 -0500] "POST /sipse/faces/presentacion/workflow/reasignarReenrutar.xhtml HTTP/1.1" 200 29543
201.245.192.253 - - [17/Aug/2020:10:59:54 -0500] "POST /sipse/faces/presentacion/workflow/reasignarReenrutar.xhtml HTTP/1.1" 200 29543
186.102.13.254 - - [17/Aug/2020:10:59:55 -0500] "GET /galeria/galeria/jquery.fancybox.css?v=2.1.5 HTTP/1.1" 200 4895
186.102.13.254 - - [17/Aug/2020:10:59:55 -0500] "GET /BLA/boletinlegal/js/jquery.scrollShow.js HTTP/1.1" 200 4586
186.102.13.254 - - [17/Aug/2020:10:59:55 -0500] "GET /galeria/galeria/jquery.fancybox.js?v=2.1.5 HTTP/1.1" 200 48706
201.245.192.253 - - [17/Aug/2020:10:59:55 -0500] "POST /sipse/faces/presentacion/workflow/reasignarReenrutar.xhtml HTTP/1.1" 200 29543
201.245.192.253 - - [17/Aug/2020:10:59:55 -0500] "POST /sipse/faces/presentacion/workflow/reasignarReenrutar.xhtml HTTP/1.1" 200 29543
201.245.192.253 - - [17/Aug/2020:10:59:55 -0500] "POST /sipse/faces/presentacion/workflow/reasignarReenrutar.xhtml HTTP/1.1" 200 29543
201.245.192.253 - - [17/Aug/2020:10:59:55 -0500] "POST /sipse/faces/presentacion/workflow/reasignarReenrutar.xhtml HTTP/1.1" 200 29543
201.245.192.253 - - [17/Aug/2020:10:59:56 -0500] "POST /sipse/faces/presentacion/workflow/reasignarReenrutar.xhtml HTTP/1.1" 200 29543
186.154.101.109 - - [17/Aug/2020:10:59:56 -0500] "POST /sipse/faces/presentacion/financiero/solicitudProceso/consultar.xhtml HTTP/1.1" 200 12972
201.245.192.253 - - [17/Aug/2020:10:59:57 -0500] "POST /sipse/faces/presentacion/workflow/reasignarReenrutar.xhtml HTTP/1.1" 200 29543
201.221.165.176 - - [17/Aug/2020:10:59:55 -0500] "POST /sipse/faces/presentacion/financiero/solicitudProceso/consultarSolicitudProceso.xhtml HTTP/1.1" 200 46502
201.221.165.176 - - [17/Aug/2020:10:59:57 -0500] "GET /sipse/faces/javax.faces.resource/theme.css?ln=primefaces-sipse HTTP/1.1" 304 -
201.221.165.176 - - [17/Aug/2020:10:59:57 -0500] "GET /sipse/faces/javax.faces.resource/layout/layout.css?ln=primefaces&v=4.0 HTTP/1.1" 304 -
201.221.165.176 - - [17/Aug/2020:10:59:57 -0500] "GET /sipse/faces/javax.faces.resource/primefaces.css?ln=primefaces&v=4.0 HTTP/1.1" 304 -
201.221.165.176 - - [17/Aug/2020:10:59:58 -0500] "GET /sipse/faces/javax.faces.resource/jquery/jquery.js?ln=primefaces&v=4.0 HTTP/1.1" 304 -
201.221.165.176 - - [17/Aug/2020:10:59:58 -0500] "GET /sipse/faces/javax.faces.resource/jquery/jquery-plugins.js?ln=primefaces&v=4.0 HTTP/1.1" 304 -
201.221.165.176 - - [17/Aug/2020:10:59:58 -0500] "GET /sipse/faces/javax.faces.resource/primefaces.js?ln=primefaces&v=4.0 HTTP/1.1" 304 -
201.245.192.253 - - [17/Aug/2020:10:59:58 -0500] "POST /sipse/faces/presentacion/workflow/reasignarReenrutar.xhtml HTTP/1.1" 200 29543
201.221.165.176 - - [17/Aug/2020:10:59:58 -0500] "GET /sipse/faces/javax.faces.resource/layout/layout.js?ln=primefaces&v=4.0 HTTP/1.1" 304 -
201.245.192.253 - - [17/Aug/2020:10:59:58 -0500] "POST /sipse/faces/presentacion/workflow/reasignarReenrutar.xhtml HTTP/1.1" 200 29543
201.221.165.176 - - [17/Aug/2020:10:59:58 -0500] "POST /sipse/faces/presentacion/financiero/solicitudProceso/listarSolicitudProceso.xhtml HTTP/1.1" 200 1420
201.245.192.253 - - [17/Aug/2020:10:59:58 -0500] "POST /sipse/faces/presentacion/workflow/reasignarReenrutar.xhtml HTTP/1.1" 200 29543
201.245.192.253 - - [17/Aug/2020:10:59:58 -0500] "POST /sipse/faces/presentacion/workflow/reasignarReenrutar.xhtml HTTP/1.1" 200 29543
201.245.192.253 - - [17/Aug/2020:10:59:59 -0500] "POST /sipse/faces/presentacion/workflow/reasignarReenrutar.xhtml HTTP/1.1" 200 29543
201.245.192.253 - - [17/Aug/2020:10:59:59 -0500] "POST /sipse/faces/presentacion/workflow/reasignarReenrutar.xhtml HTTP/1.1" 200 29543
201.245.192.253 - - [17/Aug/2020:10:59:59 -0500] "POST /sipse/faces/presentacion/workflow/reasignarReenrutar.xhtml HTTP/1.1" 200 29543
201.221.165.176 - - [17/Aug/2020:11:00:00 -0500] "POST /sipse/faces/presentacion/financiero/solicitudProceso/listarSolicitudProceso.xhtml HTTP/1.1" 200 30576
201.245.192.253 - - [17/Aug/2020:11:00:04 -0500] "POST /sipse/faces/presentacion/workflow/reasignarReenrutar.xhtml HTTP/1.1" 200 15569
181.61.52.78 - - [17/Aug/2020:11:00:04 -0500] "POST /sipse/faces/presentacion/contratacion/contratista/consultarContratista.xhtml HTTP/1.1" 200 32693
181.61.52.78 - - [17/Aug/2020:11:00:05 -0500] "GET /sipse/faces/javax.faces.resource/theme.css?ln=primefaces-sipse HTTP/1.1" 304 -
181.61.52.78 - - [17/Aug/2020:11:00:05 -0500] "GET /sipse/faces/javax.faces.resource/primefaces.css?ln=primefaces&v=4.0 HTTP/1.1" 304 -
181.61.52.78 - - [17/Aug/2020:11:00:05 -0500] "GET /sipse/faces/javax.faces.resource/layout/layout.css?ln=primefaces&v=4.0 HTTP/1.1" 304 -
181.61.52.78 - - [17/Aug/2020:11:00:05 -0500] "GET /sipse/faces/javax.faces.resource/jquery/jquery.js?ln=primefaces&v=4.0 HTTP/1.1" 304 -
181.61.52.78 - - [17/Aug/2020:11:00:05 -0500] "GET /sipse/faces/javax.faces.resource/jquery/jquery-plugins.js?ln=primefaces&v=4.0 HTTP/1.1" 304 -
181.61.52.78 - - [17/Aug/2020:11:00:05 -0500] "GET /sipse/faces/javax.faces.resource/primefaces.js?ln=primefaces&v=4.0 HTTP/1.1" 304 -
181.61.52.78 - - [17/Aug/2020:11:00:05 -0500] "GET /sipse/faces/javax.faces.resource/layout/layout.js?ln=primefaces&v=4.0 HTTP/1.1" 304 -
201.245.192.253 - - [17/Aug/2020:11:00:05 -0500] "POST /sipse/faces/presentacion/workflow/reasignarReenrutar.xhtml HTTP/1.1" 200 15658
181.61.52.78 - - [17/Aug/2020:11:00:05 -0500] "GET /sipse/faces/javax.faces.resource/messages/messages.png?ln=primefaces&v=4.0 HTTP/1.1" 304 -
186.84.91.35 - - [17/Aug/2020:11:00:07 -0500] "POST /sipse/faces/presentacion/financiero/solicitudProceso/listarSolicitudProceso.xhtml HTTP/1.1" 200 8183
201.245.192.253 - - [17/Aug/2020:11:00:06 -0500] "POST /sipse/faces/presentacion/workflow/reasignarReenrutar.xhtml HTTP/1.1" 200 23481
186.154.101.109 - - [17/Aug/2020:11:00:09 -0500] "POST /sipse/faces/presentacion/financiero/solicitudProceso/consultar.xhtml HTTP/1.1" 200 138840
186.154.101.109 - - [17/Aug/2020:11:00:10 -0500] "GET /sipse/faces/javax.faces.resource/jquery/jquery.js?ln=primefaces&v=4.0 HTTP/1.1" 304 -
186.154.101.109 - - [17/Aug/2020:11:00:10 -0500] "GET /sipse/faces/javax.faces.resource/jquery/jquery-plugins.js?ln=primefaces&v=4.0 HTTP/1.1" 304 -
