181.61.75.10 - - [27/Aug/2020:08:04:29 -0500] "POST /sipse/faces/bienvenido.xhtml HTTP/1.1" 200 3255
186.29.35.200 - - [27/Aug/2020:08:04:31 -0500] "GET /sipse/faces/javax.faces.resource/images/ui-bg_flat_0_2d5972_40x100.png?ln=primefaces-aristo HTTP/1.1" 304 -
186.29.35.200 - - [27/Aug/2020:08:04:31 -0500] "POST /sipse/faces/presentacion/contratacion/contrato/crearModificarContrato.xhtml HTTP/1.1" 200 155939
186.29.35.200 - - [27/Aug/2020:08:04:34 -0500] "GET /sipse/faces/javax.faces.resource/jquery/jquery.js?ln=primefaces&v=4.0 HTTP/1.1" 304 -
186.29.35.200 - - [27/Aug/2020:08:04:34 -0500] "GET /sipse/faces/javax.faces.resource/jquery/jquery-plugins.js?ln=primefaces&v=4.0 HTTP/1.1" 304 -
186.29.35.200 - - [27/Aug/2020:08:04:34 -0500] "GET /sipse/faces/javax.faces.resource/primefaces.js?ln=primefaces&v=4.0 HTTP/1.1" 304 -
186.29.35.200 - - [27/Aug/2020:08:04:34 -0500] "GET /sipse/faces/javax.faces.resource/layout/layout.js?ln=primefaces&v=4.0 HTTP/1.1" 304 -
181.61.75.10 - - [27/Aug/2020:08:04:31 -0500] "POST /sipse/faces/bienvenido.xhtml HTTP/1.1" 200 59705
181.61.75.10 - - [27/Aug/2020:08:04:35 -0500] "GET /sipse/faces/javax.faces.resource/theme.css?ln=primefaces-sipse HTTP/1.1" 304 -
181.61.75.10 - - [27/Aug/2020:08:04:35 -0500] "GET /sipse/faces/javax.faces.resource/primefaces.css?ln=primefaces&v=4.0 HTTP/1.1" 304 -
181.61.75.10 - - [27/Aug/2020:08:04:35 -0500] "GET /sipse/faces/javax.faces.resource/layout/layout.css?ln=primefaces&v=4.0 HTTP/1.1" 304 -
181.61.75.10 - - [27/Aug/2020:08:04:35 -0500] "GET /sipse/faces/javax.faces.resource/jquery/jquery.js?ln=primefaces&v=4.0 HTTP/1.1" 304 -
181.61.75.10 - - [27/Aug/2020:08:04:35 -0500] "GET /sipse/faces/javax.faces.resource/jquery/jquery-plugins.js?ln=primefaces&v=4.0 HTTP/1.1" 304 -
181.61.75.10 - - [27/Aug/2020:08:04:35 -0500] "GET /sipse/faces/javax.faces.resource/primefaces.js?ln=primefaces&v=4.0 HTTP/1.1" 304 -
181.61.75.10 - - [27/Aug/2020:08:04:35 -0500] "GET /sipse/faces/javax.faces.resource/layout/layout.js?ln=primefaces&v=4.0 HTTP/1.1" 304 -
190.27.245.107 - - [27/Aug/2020:08:04:35 -0500] "GET /reportes_sipse/sdg/ServletReporte?reporte=experienia_idoneidad&solicitud=10790&pfdrid_c=false HTTP/1.1" 200 213957
181.61.75.10 - - [27/Aug/2020:08:04:35 -0500] "POST /sipse/faces/presentacion/financiero/solicitudProceso/listarSolicitudProceso.xhtml HTTP/1.1" 200 1448
186.145.4.213 - - [27/Aug/2020:08:04:40 -0500] "-" 408 -
181.61.205.119 - - [27/Aug/2020:08:04:55 -0500] "GET /galeria/galeria/jquery.fancybox.css?v=2.1.5 HTTP/1.1" 200 4895
181.61.205.119 - - [27/Aug/2020:08:04:55 -0500] "GET /BLA/boletinlegal/js/jquery.scrollShow.js HTTP/1.1" 200 4586
191.95.174.116 - - [27/Aug/2020:08:04:55 -0500] "POST /appsia/controlador HTTP/1.1" 200 7781
181.61.205.119 - - [27/Aug/2020:08:04:56 -0500] "GET /galeria/galeria/jquery.fancybox.js?v=2.1.5 HTTP/1.1" 200 48706
186.29.35.200 - - [27/Aug/2020:08:04:54 -0500] "POST /sipse/faces/presentacion/financiero/solicitudProceso/consultarSolicitudProceso.xhtml HTTP/1.1" 200 33436
186.29.35.200 - - [27/Aug/2020:08:05:02 -0500] "GET /sipse/faces/javax.faces.resource/jquery/jquery.js?ln=primefaces&v=4.0 HTTP/1.1" 304 -
186.29.35.200 - - [27/Aug/2020:08:05:02 -0500] "GET /sipse/faces/javax.faces.resource/jquery/jquery-plugins.js?ln=primefaces&v=4.0 HTTP/1.1" 304 -
186.29.35.200 - - [27/Aug/2020:08:05:02 -0500] "GET /sipse/faces/javax.faces.resource/primefaces.js?ln=primefaces&v=4.0 HTTP/1.1" 304 -
186.29.35.200 - - [27/Aug/2020:08:05:02 -0500] "GET /sipse/faces/javax.faces.resource/layout/layout.js?ln=primefaces&v=4.0 HTTP/1.1" 304 -
191.95.174.116 - - [27/Aug/2020:08:05:02 -0500] "POST /appsia/controlador HTTP/1.1" 200 6646
186.29.35.200 - - [27/Aug/2020:08:05:02 -0500] "GET /sipse/faces/javax.faces.resource/messages/messages.png?ln=primefaces&v=4.0 HTTP/1.1" 304 -
186.29.35.200 - - [27/Aug/2020:08:05:03 -0500] "POST /sipse/faces/presentacion/financiero/solicitudProceso/listarSolicitudProceso.xhtml HTTP/1.1" 200 1344
191.95.174.116 - - [27/Aug/2020:08:05:04 -0500] "POST /appsia/controlador HTTP/1.1" 200 10961
191.95.174.116 - - [27/Aug/2020:08:05:05 -0500] "POST /appsia/controlador HTTP/1.1" 200 75932
186.29.35.200 - - [27/Aug/2020:08:05:06 -0500] "POST /sipse/faces/presentacion/financiero/solicitudProceso/listarSolicitudProceso.xhtml HTTP/1.1" 200 5048
181.61.75.10 - - [27/Aug/2020:08:05:13 -0500] "POST /sipse/faces/presentacion/financiero/solicitudProceso/listarSolicitudProceso.xhtml HTTP/1.1" 200 4990
186.81.238.77 - - [27/Aug/2020:08:05:16 -0500] "GET /BLA/boletinlegal/js/jquery.scrollShow.js HTTP/1.1" 200 4586
186.81.238.77 - - [27/Aug/2020:08:05:16 -0500] "GET /galeria/galeria/jquery.fancybox.js?v=2.1.5 HTTP/1.1" 200 48706
186.81.238.77 - - [27/Aug/2020:08:05:16 -0500] "GET /galeria/galeria/jquery.fancybox.css?v=2.1.5 HTTP/1.1" 200 4895
186.29.35.200 - - [27/Aug/2020:08:05:16 -0500] "POST /sipse/faces/presentacion/financiero/solicitudProceso/listarSolicitudProceso.xhtml HTTP/1.1" 200 7850
186.81.238.77 - - [27/Aug/2020:08:05:16 -0500] "GET /galeria/carrusel/Carrusel/jquery.thumbnailScroller.css HTTP/1.1" 200 2066
186.81.238.77 - - [27/Aug/2020:08:05:16 -0500] "GET /galeria/carrusel/Carrusel/jquery-ui-1.8.13.custom.min.js HTTP/1.1" 200 10800
186.81.238.77 - - [27/Aug/2020:08:05:16 -0500] "GET /galeria/carrusel/Carrusel/jquery.thumbnailScroller.js HTTP/1.1" 200 8157
181.61.75.10 - - [27/Aug/2020:08:05:15 -0500] "POST /sipse/faces/presentacion/financiero/solicitudProceso/listarSolicitudProceso.xhtml HTTP/1.1" 200 148001
181.61.75.10 - - [27/Aug/2020:08:05:16 -0500] "GET /sipse/faces/javax.faces.resource/theme.css?ln=primefaces-sipse HTTP/1.1" 304 -
181.61.75.10 - - [27/Aug/2020:08:05:16 -0500] "GET /sipse/faces/javax.faces.resource/layout/layout.css?ln=primefaces&v=4.0 HTTP/1.1" 304 -
181.61.75.10 - - [27/Aug/2020:08:05:16 -0500] "GET /sipse/faces/javax.faces.resource/primefaces.css?ln=primefaces&v=4.0 HTTP/1.1" 304 -
181.61.75.10 - - [27/Aug/2020:08:05:16 -0500] "GET /sipse/faces/javax.faces.resource/jquery/jquery.js?ln=primefaces&v=4.0 HTTP/1.1" 304 -
186.29.35.200 - - [27/Aug/2020:08:05:16 -0500] "POST /sipse/faces/presentacion/financiero/solicitudProceso/listarSolicitudProceso.xhtml HTTP/1.1" 200 7846
181.61.75.10 - - [27/Aug/2020:08:05:16 -0500] "GET /sipse/faces/javax.faces.resource/jquery/jquery-plugins.js?ln=primefaces&v=4.0 HTTP/1.1" 304 -
181.61.75.10 - - [27/Aug/2020:08:05:17 -0500] "GET /sipse/faces/javax.faces.resource/primefaces.js?ln=primefaces&v=4.0 HTTP/1.1" 304 -
181.61.75.10 - - [27/Aug/2020:08:05:17 -0500] "GET /sipse/faces/javax.faces.resource/layout/layout.js?ln=primefaces&v=4.0 HTTP/1.1" 304 -
186.29.35.200 - - [27/Aug/2020:08:05:19 -0500] "POST /sipse/faces/presentacion/financiero/solicitudProceso/listarSolicitudProceso.xhtml HTTP/1.1" 200 2378
190.27.245.107 - - [27/Aug/2020:08:05:17 -0500] "GET /reportes_sipse/sdg/ServletReporte?reporte=experienia_idoneidad&solicitud=10790&pfdrid_c=false HTTP/1.1" 200 213957
181.61.75.10 - - [27/Aug/2020:08:05:20 -0500] "POST /sipse/faces/presentacion/financiero/solicitudProceso/consultarSolicitudProceso.xhtml HTTP/1.1" 200 22588
181.61.75.10 - - [27/Aug/2020:08:05:20 -0500] "GET /sipse/faces/javax.faces.resource/theme.css?ln=primefaces-sipse HTTP/1.1" 304 -
181.61.75.10 - - [27/Aug/2020:08:05:20 -0500] "GET /sipse/faces/javax.faces.resource/primefaces.css?ln=primefaces&v=4.0 HTTP/1.1" 304 -
181.61.75.10 - - [27/Aug/2020:08:05:20 -0500] "GET /sipse/faces/javax.faces.resource/layout/layout.css?ln=primefaces&v=4.0 HTTP/1.1" 304 -
181.61.75.10 - - [27/Aug/2020:08:05:20 -0500] "GET /sipse/faces/javax.faces.resource/fileupload/fileupload.css?ln=primefaces&v=4.0 HTTP/1.1" 304 -
181.61.75.10 - - [27/Aug/2020:08:05:20 -0500] "GET /sipse/faces/javax.faces.resource/jquery/jquery.js?ln=primefaces&v=4.0 HTTP/1.1" 304 -
181.61.75.10 - - [27/Aug/2020:08:05:20 -0500] "GET /sipse/faces/javax.faces.resource/jquery/jquery-plugins.js?ln=primefaces&v=4.0 HTTP/1.1" 304 -
181.61.75.10 - - [27/Aug/2020:08:05:20 -0500] "GET /sipse/faces/javax.faces.resource/primefaces.js?ln=primefaces&v=4.0 HTTP/1.1" 304 -
181.61.75.10 - - [27/Aug/2020:08:05:20 -0500] "GET /sipse/faces/javax.faces.resource/fileupload/fileupload.js?ln=primefaces&v=4.0 HTTP/1.1" 304 -
181.61.75.10 - - [27/Aug/2020:08:05:20 -0500] "GET /sipse/faces/javax.faces.resource/layout/layout.js?ln=primefaces&v=4.0 HTTP/1.1" 304 -
186.29.35.200 - - [27/Aug/2020:08:05:21 -0500] "POST /sipse/faces/presentacion/financiero/solicitudProceso/listarSolicitudProceso.xhtml HTTP/1.1" 200 7846
186.29.35.200 - - [27/Aug/2020:08:05:21 -0500] "POST /sipse/faces/presentacion/financiero/solicitudProceso/listarSolicitudProceso.xhtml HTTP/1.1" 200 7850
186.81.238.77 - - [27/Aug/2020:08:05:23 -0500] "GET /galeria/nivo-slider/demo/inicio80.html HTTP/1.1" 200 4718
186.81.238.77 - - [27/Aug/2020:08:05:23 -0500] "GET /galeria/nivo-slider/themes/default/default.css HTTP/1.1" 200 1569
186.81.238.77 - - [27/Aug/2020:08:05:23 -0500] "GET /galeria/nivo-slider/themes/pascal/pascal.css HTTP/1.1" 200 2258
186.81.238.77 - - [27/Aug/2020:08:05:23 -0500] "GET /galeria/nivo-slider/themes/orman/orman.css HTTP/1.1" 200 2152
186.81.238.77 - - [27/Aug/2020:08:05:23 -0500] "GET /galeria/nivo-slider/nivo-slider.css HTTP/1.1" 200 1507
186.81.238.77 - - [27/Aug/2020:08:05:23 -0500] "GET /galeria/nivo-slider/demo/scripts/jquery-1.7.1.min.js HTTP/1.1" 200 93868
186.81.238.77 - - [27/Aug/2020:08:05:23 -0500] "GET /galeria/nivo-slider/demo/images/bannerwebcade.jpg HTTP/1.1" 200 70832
186.81.238.77 - - [27/Aug/2020:08:05:23 -0500] "GET /galeria/nivo-slider/jquery.nivo.slider.pack.js HTTP/1.1" 200 11561
186.81.238.77 - - [27/Aug/2020:08:05:23 -0500] "GET /galeria/nivo-slider/demo/style.css HTTP/1.1" 200 2222
186.81.238.77 - - [27/Aug/2020:08:05:23 -0500] "GET /galeria/nivo-slider/demo/images/bannersolidariacasa.jpg HTTP/1.1" 200 70999
186.81.238.77 - - [27/Aug/2020:08:05:23 -0500] "GET /galeria/nivo-slider/demo/images/Bannercuidate.jpg HTTP/1.1" 200 75508
186.81.238.77 - - [27/Aug/2020:08:05:23 -0500] "GET /galeria/nivo-slider/demo/images/Banner%20canales%20virtuales.jpg HTTP/1.1" 200 209438
186.81.238.77 - - [27/Aug/2020:08:05:23 -0500] "GET /galeria/nivo-slider/demo/images/bannerplan2020.png HTTP/1.1" 200 144663
186.81.238.77 - - [27/Aug/2020:08:05:23 -0500] "GET /galeria/nivo-slider/demo/images/bannerwebvejez.jpg HTTP/1.1" 200 27281
186.81.238.77 - - [27/Aug/2020:08:05:23 -0500] "GET /galeria/nivo-slider/demo/images/bannernaranja.jpg HTTP/1.1" 200 40936
186.81.238.77 - - [27/Aug/2020:08:05:24 -0500] "GET /galeria/nivo-slider/demo/images/bannerbolsas.jpg HTTP/1.1" 200 283727
186.81.238.77 - - [27/Aug/2020:08:05:24 -0500] "GET /galeria/nivo-slider/demo/images/bannercovid.jpg HTTP/1.1" 200 352563
186.81.238.77 - - [27/Aug/2020:08:05:24 -0500] "GET /galeria/nivo-slider/demo/images/bannerhorarios.jpg HTTP/1.1" 200 50157
186.81.238.77 - - [27/Aug/2020:08:05:24 -0500] "GET /galeria/nivo-slider/demo/images/bannerimpuesto.jpg HTTP/1.1" 200 278604
186.81.238.77 - - [27/Aug/2020:08:05:24 -0500] "GET /galeria/nivo-slider/demo/images/bannerclasesweb.jpg HTTP/1.1" 200 180765
186.81.238.77 - - [27/Aug/2020:08:05:24 -0500] "GET /galeria/nivo-slider/demo/images/bannerbioseguridad.jpg HTTP/1.1" 200 228661
186.81.238.77 - - [27/Aug/2020:08:05:24 -0500] "GET /galeria/nivo-slider/themes/default/loading.gif HTTP/1.1" 200 1737
186.81.238.77 - - [27/Aug/2020:08:05:24 -0500] "GET /galeria/nivo-slider/demo/images/4Simple_Slider.png HTTP/1.1" 200 11722
186.81.238.77 - - [27/Aug/2020:08:05:25 -0500] "GET /galeria/nivo-slider/themes/default/arrows.png HTTP/1.1" 200 824
186.81.238.77 - - [27/Aug/2020:08:05:25 -0500] "GET /galeria/nivo-slider/themes/default/bullets.png HTTP/1.1" 200 1281
186.29.35.200 - - [27/Aug/2020:08:05:25 -0500] "POST /sipse/faces/presentacion/financiero/solicitudProceso/listarSolicitudProceso.xhtml HTTP/1.1" 200 5048
191.156.60.118 - - [27/Aug/2020:08:05:26 -0500] "GET /galeria/galeria/jquery.fancybox.css?v=2.1.5 HTTP/1.1" 200 4895
191.156.60.118 - - [27/Aug/2020:08:05:26 -0500] "GET /galeria/galeria/jquery.fancybox.js?v=2.1.5 HTTP/1.1" 200 48706
191.156.52.201 - - [27/Aug/2020:08:05:26 -0500] "GET /BLA/boletinlegal/js/jquery.scrollShow.js HTTP/1.1" 200 4586
181.61.75.10 - - [27/Aug/2020:08:05:28 -0500] "GET /sipse/faces/javax.faces.resource/theme.css?ln=primefaces-sipse HTTP/1.1" 304 -
181.61.75.10 - - [27/Aug/2020:08:05:28 -0500] "GET /sipse/faces/javax.faces.resource/layout/layout.css?ln=primefaces&v=4.0 HTTP/1.1" 304 -
181.61.75.10 - - [27/Aug/2020:08:05:28 -0500] "GET /sipse/faces/javax.faces.resource/jquery/jquery.js?ln=primefaces&v=4.0 HTTP/1.1" 304 -
181.61.75.10 - - [27/Aug/2020:08:05:28 -0500] "GET /sipse/faces/javax.faces.resource/jquery/jquery-plugins.js?ln=primefaces&v=4.0 HTTP/1.1" 304 -
181.61.75.10 - - [27/Aug/2020:08:05:28 -0500] "GET /sipse/faces/javax.faces.resource/primefaces.css?ln=primefaces&v=4.0 HTTP/1.1" 304 -
181.61.75.10 - - [27/Aug/2020:08:05:28 -0500] "GET /sipse/faces/javax.faces.resource/primefaces.js?ln=primefaces&v=4.0 HTTP/1.1" 304 -
181.61.75.10 - - [27/Aug/2020:08:05:28 -0500] "GET /sipse/faces/javax.faces.resource/layout/layout.js?ln=primefaces&v=4.0 HTTP/1.1" 304 -
181.61.75.10 - - [27/Aug/2020:08:05:26 -0500] "POST /sipse/faces/presentacion/sistema/anexos/cargarAnexoSolicitudProceso.xhtml HTTP/1.1" 200 197822
190.27.245.107 - - [27/Aug/2020:08:05:28 -0500] "GET /reportes_sipse/sdg/ServletReporte?reporte=experienia_idoneidad&solicitud=10790&pfdrid_c=false HTTP/1.1" 200 213957
186.29.35.200 - - [27/Aug/2020:08:05:30 -0500] "POST /sipse/faces/presentacion/financiero/solicitudProceso/listarSolicitudProceso.xhtml HTTP/1.1" 200 145429
186.29.35.200 - - [27/Aug/2020:08:05:31 -0500] "GET /sipse/faces/javax.faces.resource/jquery/jquery.js?ln=primefaces&v=4.0 HTTP/1.1" 304 -
186.29.35.200 - - [27/Aug/2020:08:05:32 -0500] "GET /sipse/faces/javax.faces.resource/jquery/jquery-plugins.js?ln=primefaces&v=4.0 HTTP/1.1" 304 -
186.29.35.200 - - [27/Aug/2020:08:05:32 -0500] "GET /sipse/faces/javax.faces.resource/primefaces.js?ln=primefaces&v=4.0 HTTP/1.1" 304 -
186.29.35.200 - - [27/Aug/2020:08:05:32 -0500] "GET /sipse/faces/javax.faces.resource/layout/layout.js?ln=primefaces&v=4.0 HTTP/1.1" 304 -
190.27.245.107 - - [27/Aug/2020:08:05:32 -0500] "GET /reportes_sipse/sdg/ServletReporte?reporte=experienia_idoneidad&solicitud=10790&pfdrid_c=false HTTP/1.1" 200 213957
181.61.75.10 - - [27/Aug/2020:08:05:40 -0500] "POST /sipse/faces/presentacion/financiero/solicitudProceso/consultarSolicitudProceso.xhtml HTTP/1.1" 200 6180
181.61.75.10 - - [27/Aug/2020:08:05:42 -0500] "POST /sipse/faces/presentacion/financiero/solicitudProceso/consultarSolicitudProceso.xhtml HTTP/1.1" 200 34772
181.61.75.10 - - [27/Aug/2020:08:05:49 -0500] "GET /sipse/faces/javax.faces.resource/theme.css?ln=primefaces-sipse HTTP/1.1" 304 -
181.61.75.10 - - [27/Aug/2020:08:05:49 -0500] "GET /sipse/faces/javax.faces.resource/primefaces.css?ln=primefaces&v=4.0 HTTP/1.1" 304 -
181.61.75.10 - - [27/Aug/2020:08:05:49 -0500] "GET /sipse/faces/javax.faces.resource/layout/layout.css?ln=primefaces&v=4.0 HTTP/1.1" 304 -
181.61.75.10 - - [27/Aug/2020:08:05:49 -0500] "GET /sipse/faces/javax.faces.resource/jquery/jquery.js?ln=primefaces&v=4.0 HTTP/1.1" 304 -
181.61.75.10 - - [27/Aug/2020:08:05:50 -0500] "GET /sipse/faces/javax.faces.resource/jquery/jquery-plugins.js?ln=primefaces&v=4.0 HTTP/1.1" 304 -
181.61.75.10 - - [27/Aug/2020:08:05:50 -0500] "GET /sipse/faces/javax.faces.resource/primefaces.js?ln=primefaces&v=4.0 HTTP/1.1" 304 -
181.61.75.10 - - [27/Aug/2020:08:05:50 -0500] "GET /sipse/faces/javax.faces.resource/layout/layout.js?ln=primefaces&v=4.0 HTTP/1.1" 304 -
181.61.75.10 - - [27/Aug/2020:08:05:50 -0500] "POST /sipse/faces/presentacion/financiero/solicitudProceso/listarSolicitudProceso.xhtml HTTP/1.1" 200 1344
181.61.75.10 - - [27/Aug/2020:08:05:54 -0500] "POST /sipse/faces/presentacion/financiero/solicitudProceso/listarSolicitudProceso.xhtml HTTP/1.1" 200 29497
186.29.35.200 - - [27/Aug/2020:08:05:55 -0500] "POST /sipse/faces/presentacion/financiero/solicitudProceso/consultarSolicitudProceso.xhtml HTTP/1.1" 200 244637
181.61.75.10 - - [27/Aug/2020:08:05:57 -0500] "POST /sipse/faces/presentacion/financiero/solicitudProceso/listarSolicitudProceso.xhtml HTTP/1.1" 200 5100
186.102.22.150 - - [27/Aug/2020:08:05:59 -0500] "GET /BLA/boletinlegal/js/jquery.scrollShow.js HTTP/1.1" 200 4586
186.102.22.150 - - [27/Aug/2020:08:05:59 -0500] "GET /galeria/galeria/jquery.fancybox.js?v=2.1.5 HTTP/1.1" 200 48706
186.102.22.150 - - [27/Aug/2020:08:05:59 -0500] "GET /galeria/galeria/jquery.fancybox.css?v=2.1.5 HTTP/1.1" 200 4895
181.61.75.10 - - [27/Aug/2020:08:05:59 -0500] "POST /sipse/faces/presentacion/financiero/solicitudProceso/listarSolicitudProceso.xhtml HTTP/1.1" 200 18656
181.61.75.10 - - [27/Aug/2020:08:06:01 -0500] "POST /sipse/faces/presentacion/financiero/solicitudProceso/listarSolicitudProceso.xhtml HTTP/1.1" 200 29119
186.102.22.150 - - [27/Aug/2020:08:06:02 -0500] "GET /BLA/boletinlegal/js/jquery.scrollShow.js HTTP/1.1" 304 -
186.102.22.150 - - [27/Aug/2020:08:06:02 -0500] "GET /galeria/galeria/jquery.fancybox.js?v=2.1.5 HTTP/1.1" 304 -
186.102.22.150 - - [27/Aug/2020:08:06:02 -0500] "GET /galeria/galeria/jquery.fancybox.css?v=2.1.5 HTTP/1.1" 304 -
191.95.174.116 - - [27/Aug/2020:08:06:02 -0500] "POST /appsia/controlador HTTP/1.1" 200 7781
181.61.75.10 - - [27/Aug/2020:08:06:03 -0500] "POST /sipse/faces/presentacion/financiero/solicitudProceso/listarSolicitudProceso.xhtml HTTP/1.1" 200 911
181.61.75.10 - - [27/Aug/2020:08:06:05 -0500] "GET /sipse/faces/presentacion/sistema/anexos/faces/autenticacion HTTP/1.1" 302 -
181.61.75.10 - - [27/Aug/2020:08:06:05 -0500] "GET /sipse/faces/autenticacion.xhtml HTTP/1.1" 200 12179
181.61.75.10 - - [27/Aug/2020:08:06:05 -0500] "GET /sipse/faces/javax.faces.resource/theme.css?ln=primefaces-sipse HTTP/1.1" 304 -
181.61.75.10 - - [27/Aug/2020:08:06:05 -0500] "GET /sipse/faces/javax.faces.resource/layout/layout.css?ln=primefaces&v=4.0 HTTP/1.1" 304 -
181.61.75.10 - - [27/Aug/2020:08:06:05 -0500] "GET /sipse/faces/javax.faces.resource/primefaces.css?ln=primefaces&v=4.0 HTTP/1.1" 304 -
181.61.75.10 - - [27/Aug/2020:08:06:05 -0500] "GET /sipse/faces/javax.faces.resource/jquery/jquery.js?ln=primefaces&v=4.0 HTTP/1.1" 304 -
181.61.75.10 - - [27/Aug/2020:08:06:05 -0500] "GET /sipse/faces/javax.faces.resource/layout/layout.js?ln=primefaces&v=4.0 HTTP/1.1" 304 -
181.61.75.10 - - [27/Aug/2020:08:06:05 -0500] "GET /sipse/faces/javax.faces.resource/primefaces.js?ln=primefaces&v=4.0 HTTP/1.1" 304 -
181.61.75.10 - - [27/Aug/2020:08:06:05 -0500] "GET /sipse/faces/javax.faces.resource/jquery/jquery-plugins.js?ln=primefaces&v=4.0 HTTP/1.1" 304 -
181.61.75.10 - - [27/Aug/2020:08:06:05 -0500] "GET /sipse/faces/javax.faces.resource/images/ui-icons_898989_256x240.png?ln=primefaces-aristo HTTP/1.1" 304 -
181.61.75.10 - - [27/Aug/2020:08:06:07 -0500] "POST /sipse/faces/autenticacion.xhtml HTTP/1.1" 200 2221
181.61.75.10 - - [27/Aug/2020:08:06:07 -0500] "GET /sipse/faces/javax.faces.resource/messages/messages.png?ln=primefaces&v=4.0 HTTP/1.1" 304 -
181.61.75.10 - - [27/Aug/2020:08:06:08 -0500] "POST /sipse/faces/autenticacion.xhtml HTTP/1.1" 200 16028
181.61.75.10 - - [27/Aug/2020:08:06:08 -0500] "GET /sipse/faces/javax.faces.resource/theme.css?ln=primefaces-sipse HTTP/1.1" 304 -
181.61.75.10 - - [27/Aug/2020:08:06:08 -0500] "GET /sipse/faces/javax.faces.resource/primefaces.css?ln=primefaces&v=4.0 HTTP/1.1" 304 -
181.61.75.10 - - [27/Aug/2020:08:06:08 -0500] "GET /sipse/faces/javax.faces.resource/layout/layout.css?ln=primefaces&v=4.0 HTTP/1.1" 304 -
181.61.75.10 - - [27/Aug/2020:08:06:08 -0500] "GET /sipse/faces/javax.faces.resource/jquery/jquery.js?ln=primefaces&v=4.0 HTTP/1.1" 304 -
181.61.75.10 - - [27/Aug/2020:08:06:08 -0500] "GET /sipse/faces/javax.faces.resource/jquery/jquery-plugins.js?ln=primefaces&v=4.0 HTTP/1.1" 304 -
181.61.75.10 - - [27/Aug/2020:08:06:08 -0500] "GET /sipse/faces/javax.faces.resource/primefaces.js?ln=primefaces&v=4.0 HTTP/1.1" 304 -
181.61.75.10 - - [27/Aug/2020:08:06:08 -0500] "GET /sipse/faces/javax.faces.resource/layout/layout.js?ln=primefaces&v=4.0 HTTP/1.1" 304 -
181.61.75.10 - - [27/Aug/2020:08:06:08 -0500] "GET /sipse/css/imagen/contrasena.png HTTP/1.1" 404 383
181.61.75.10 - - [27/Aug/2020:08:06:09 -0500] "GET /sipse/faces/javax.faces.resource/images/ui-bg_flat_0_2d5972_40x100.png?ln=primefaces-aristo HTTP/1.1" 304 -
181.61.75.10 - - [27/Aug/2020:08:06:09 -0500] "POST /sipse/faces/bienvenido.xhtml HTTP/1.1" 200 2658
191.95.174.116 - - [27/Aug/2020:08:06:12 -0500] "POST /appsia/controlador HTTP/1.1" 200 6646
181.61.75.10 - - [27/Aug/2020:08:06:10 -0500] "POST /sipse/faces/bienvenido.xhtml HTTP/1.1" 200 59341
181.61.75.10 - - [27/Aug/2020:08:06:13 -0500] "GET /sipse/faces/javax.faces.resource/theme.css?ln=primefaces-sipse HTTP/1.1" 304 -
181.61.75.10 - - [27/Aug/2020:08:06:13 -0500] "GET /sipse/faces/javax.faces.resource/primefaces.css?ln=primefaces&v=4.0 HTTP/1.1" 304 -
181.61.75.10 - - [27/Aug/2020:08:06:13 -0500] "GET /sipse/faces/javax.faces.resource/layout/layout.css?ln=primefaces&v=4.0 HTTP/1.1" 304 -
181.61.75.10 - - [27/Aug/2020:08:06:13 -0500] "GET /sipse/faces/javax.faces.resource/jquery/jquery.js?ln=primefaces&v=4.0 HTTP/1.1" 304 -
181.61.75.10 - - [27/Aug/2020:08:06:13 -0500] "GET /sipse/faces/javax.faces.resource/jquery/jquery-plugins.js?ln=primefaces&v=4.0 HTTP/1.1" 304 -
181.61.75.10 - - [27/Aug/2020:08:06:13 -0500] "GET /sipse/faces/javax.faces.resource/primefaces.js?ln=primefaces&v=4.0 HTTP/1.1" 304 -
181.61.75.10 - - [27/Aug/2020:08:06:13 -0500] "GET /sipse/faces/javax.faces.resource/layout/layout.js?ln=primefaces&v=4.0 HTTP/1.1" 304 -
191.95.174.116 - - [27/Aug/2020:08:06:13 -0500] "POST /appsia/controlador HTTP/1.1" 200 10961
181.61.75.10 - - [27/Aug/2020:08:06:13 -0500] "POST /sipse/faces/presentacion/financiero/solicitudProceso/listarSolicitudProceso.xhtml HTTP/1.1" 200 1448
181.61.75.10 - - [27/Aug/2020:08:06:17 -0500] "POST /sipse/faces/presentacion/financiero/solicitudProceso/listarSolicitudProceso.xhtml HTTP/1.1" 200 5821
191.95.174.116 - - [27/Aug/2020:08:06:20 -0500] "POST /appsia/controlador HTTP/1.1" 200 75931
181.61.75.10 - - [27/Aug/2020:08:06:20 -0500] "POST /sipse/faces/presentacion/financiero/solicitudProceso/listarSolicitudProceso.xhtml HTTP/1.1" 200 154220
181.61.75.10 - - [27/Aug/2020:08:06:21 -0500] "GET /sipse/faces/javax.faces.resource/theme.css?ln=primefaces-sipse HTTP/1.1" 304 -
181.61.75.10 - - [27/Aug/2020:08:06:21 -0500] "GET /sipse/faces/javax.faces.resource/primefaces.css?ln=primefaces&v=4.0 HTTP/1.1" 304 -
181.61.75.10 - - [27/Aug/2020:08:06:21 -0500] "GET /sipse/faces/javax.faces.resource/layout/layout.css?ln=primefaces&v=4.0 HTTP/1.1" 304 -
181.61.75.10 - - [27/Aug/2020:08:06:22 -0500] "GET /sipse/faces/javax.faces.resource/jquery/jquery.js?ln=primefaces&v=4.0 HTTP/1.1" 304 -
181.61.75.10 - - [27/Aug/2020:08:06:22 -0500] "GET /sipse/faces/javax.faces.resource/jquery/jquery-plugins.js?ln=primefaces&v=4.0 HTTP/1.1" 304 -
181.61.75.10 - - [27/Aug/2020:08:06:22 -0500] "GET /sipse/faces/javax.faces.resource/primefaces.js?ln=primefaces&v=4.0 HTTP/1.1" 304 -
181.61.75.10 - - [27/Aug/2020:08:06:22 -0500] "GET /sipse/faces/javax.faces.resource/layout/layout.js?ln=primefaces&v=4.0 HTTP/1.1" 304 -
190.27.245.107 - - [27/Aug/2020:08:06:22 -0500] "GET /reportes_sipse/sdg/ServletReporte?reporte=experienia_idoneidad&solicitud=10790&pfdrid_c=false HTTP/1.1" 200 213957
186.29.35.200 - - [27/Aug/2020:08:06:23 -0500] "POST /sipse/faces/presentacion/financiero/solicitudProceso/consultarSolicitudProceso.xhtml HTTP/1.1" 200 73927
186.29.35.200 - - [27/Aug/2020:08:06:24 -0500] "GET /sipse/faces/javax.faces.resource/jquery/jquery.js?ln=primefaces&v=4.0 HTTP/1.1" 304 -
186.29.35.200 - - [27/Aug/2020:08:06:24 -0500] "GET /sipse/faces/javax.faces.resource/jquery/jquery-plugins.js?ln=primefaces&v=4.0 HTTP/1.1" 304 -
186.29.35.200 - - [27/Aug/2020:08:06:24 -0500] "GET /sipse/faces/javax.faces.resource/primefaces.js?ln=primefaces&v=4.0 HTTP/1.1" 304 -
186.29.35.200 - - [27/Aug/2020:08:06:24 -0500] "GET /sipse/faces/javax.faces.resource/layout/layout.js?ln=primefaces&v=4.0 HTTP/1.1" 304 -
186.84.21.118 - - [27/Aug/2020:08:06:35 -0500] "GET /BLA/boletinlegal/js/jquery.scrollShow.js HTTP/1.1" 200 4586
186.84.21.118 - - [27/Aug/2020:08:06:35 -0500] "GET /galeria/galeria/jquery.fancybox.css?v=2.1.5 HTTP/1.1" 200 4895
186.84.21.118 - - [27/Aug/2020:08:06:35 -0500] "GET /galeria/galeria/jquery.fancybox.js?v=2.1.5 HTTP/1.1" 200 48706
191.95.174.116 - - [27/Aug/2020:08:06:50 -0500] "POST /appsia/controlador HTTP/1.1" 200 7781
66.249.64.173 - - [27/Aug/2020:08:06:55 -0500] "-" 408 -
191.95.174.116 - - [27/Aug/2020:08:06:58 -0500] "POST /appsia/controlador HTTP/1.1" 200 6646
191.95.174.116 - - [27/Aug/2020:08:06:59 -0500] "POST /appsia/controlador HTTP/1.1" 200 11355
181.61.75.10 - - [27/Aug/2020:08:07:03 -0500] "POST /sipse/faces/presentacion/financiero/solicitudProceso/consultarSolicitudProceso.xhtml HTTP/1.1" 200 34033
181.61.75.10 - - [27/Aug/2020:08:07:04 -0500] "GET /sipse/faces/javax.faces.resource/theme.css?ln=primefaces-sipse HTTP/1.1" 304 -
181.61.75.10 - - [27/Aug/2020:08:07:04 -0500] "GET /sipse/faces/javax.faces.resource/primefaces.css?ln=primefaces&v=4.0 HTTP/1.1" 304 -
181.61.75.10 - - [27/Aug/2020:08:07:04 -0500] "GET /sipse/faces/javax.faces.resource/layout/layout.css?ln=primefaces&v=4.0 HTTP/1.1" 304 -
181.61.75.10 - - [27/Aug/2020:08:07:05 -0500] "GET /sipse/faces/javax.faces.resource/jquery/jquery.js?ln=primefaces&v=4.0 HTTP/1.1" 304 -
181.61.75.10 - - [27/Aug/2020:08:07:05 -0500] "GET /sipse/faces/javax.faces.resource/jquery/jquery-plugins.js?ln=primefaces&v=4.0 HTTP/1.1" 304 -
181.61.75.10 - - [27/Aug/2020:08:07:05 -0500] "GET /sipse/faces/javax.faces.resource/primefaces.js?ln=primefaces&v=4.0 HTTP/1.1" 304 -
181.61.75.10 - - [27/Aug/2020:08:07:05 -0500] "GET /sipse/faces/javax.faces.resource/layout/layout.js?ln=primefaces&v=4.0 HTTP/1.1" 304 -
181.61.75.10 - - [27/Aug/2020:08:07:05 -0500] "POST /sipse/faces/presentacion/financiero/solicitudProceso/listarSolicitudProceso.xhtml HTTP/1.1" 200 27286
181.48.254.198 - - [27/Aug/2020:08:07:06 -0500] "GET /galeria/galeria/jquery.fancybox.css?v=2.1.5 HTTP/1.1" 200 4895
181.48.254.198 - - [27/Aug/2020:08:07:06 -0500] "GET /galeria/galeria/jquery.fancybox.js?v=2.1.5 HTTP/1.1" 200 48706
181.48.254.198 - - [27/Aug/2020:08:07:06 -0500] "GET /BLA/boletinlegal/js/jquery.scrollShow.js HTTP/1.1" 200 4586
181.61.75.10 - - [27/Aug/2020:08:07:06 -0500] "POST /sipse/faces/presentacion/financiero/solicitudProceso/listarSolicitudProceso.xhtml HTTP/1.1" 200 27286
181.61.75.10 - - [27/Aug/2020:08:07:07 -0500] "POST /sipse/faces/presentacion/financiero/solicitudProceso/listarSolicitudProceso.xhtml HTTP/1.1" 200 1344
181.61.75.10 - - [27/Aug/2020:08:07:10 -0500] "POST /sipse/faces/presentacion/financiero/solicitudProceso/listarSolicitudProceso.xhtml HTTP/1.1" 200 1344
181.48.254.198 - - [27/Aug/2020:08:07:14 -0500] "GET /BLA/boletinlegal/js/jquery.scrollShow.js HTTP/1.1" 304 -
181.48.254.198 - - [27/Aug/2020:08:07:14 -0500] "GET /galeria/galeria/jquery.fancybox.js?v=2.1.5 HTTP/1.1" 304 -
191.95.174.116 - - [27/Aug/2020:08:07:13 -0500] "POST /appsia/controlador HTTP/1.1" 200 75991
181.48.254.198 - - [27/Aug/2020:08:07:14 -0500] "GET /galeria/galeria/jquery.fancybox.css?v=2.1.5 HTTP/1.1" 304 -
181.61.75.10 - - [27/Aug/2020:08:07:13 -0500] "POST /sipse/faces/presentacion/financiero/solicitudProceso/listarSolicitudProceso.xhtml HTTP/1.1" 200 1348
186.29.35.200 - - [27/Aug/2020:08:07:21 -0500] "POST /sipse/faces/presentacion/contratacion/contrato/crearModificarContrato.xhtml HTTP/1.1" 200 17781
186.29.35.200 - - [27/Aug/2020:08:07:21 -0500] "POST /sipse/faces/presentacion/contratacion/contrato/crearModificarContrato.xhtml HTTP/1.1" 200 32462
186.29.35.200 - - [27/Aug/2020:08:07:22 -0500] "GET /sipse/faces/javax.faces.resource/theme.css?ln=primefaces-sipse HTTP/1.1" 304 -
186.29.35.200 - - [27/Aug/2020:08:07:22 -0500] "GET /sipse/faces/javax.faces.resource/jquery/jquery-plugins.js?ln=primefaces&v=4.0 HTTP/1.1" 304 -
186.29.35.200 - - [27/Aug/2020:08:07:22 -0500] "GET /sipse/faces/javax.faces.resource/layout/layout.css?ln=primefaces&v=4.0 HTTP/1.1" 304 -
186.29.35.200 - - [27/Aug/2020:08:07:22 -0500] "GET /sipse/faces/javax.faces.resource/primefaces.css?ln=primefaces&v=4.0 HTTP/1.1" 304 -
186.29.35.200 - - [27/Aug/2020:08:07:22 -0500] "GET /sipse/faces/javax.faces.resource/jquery/jquery.js?ln=primefaces&v=4.0 HTTP/1.1" 304 -
186.29.35.200 - - [27/Aug/2020:08:07:22 -0500] "GET /sipse/faces/javax.faces.resource/primefaces.js?ln=primefaces&v=4.0 HTTP/1.1" 304 -
186.29.35.200 - - [27/Aug/2020:08:07:22 -0500] "GET /sipse/faces/javax.faces.resource/layout/layout.js?ln=primefaces&v=4.0 HTTP/1.1" 304 -
186.29.35.200 - - [27/Aug/2020:08:07:22 -0500] "GET /sipse/faces/javax.faces.resource/images/ui-icons_898989_256x240.png?ln=primefaces-aristo HTTP/1.1" 304 -
186.29.35.200 - - [27/Aug/2020:08:07:27 -0500] "GET /sipse/faces/javax.faces.resource/images/ui-bg_flat_0_2d5972_40x100.png?ln=primefaces-aristo HTTP/1.1" 304 -
186.29.35.200 - - [27/Aug/2020:08:07:27 -0500] "POST /sipse/faces/presentacion/contratacion/procesoContractual/registrarInvitacionContratista.xhtml HTTP/1.1" 200 9698
181.61.75.10 - - [27/Aug/2020:08:07:37 -0500] "POST /sipse/faces/presentacion/financiero/solicitudProceso/listarSolicitudProceso.xhtml HTTP/1.1" 200 5821
69.162.124.227 - - [27/Aug/2020:08:07:39 -0500] "HEAD / HTTP/1.1" 200 -
191.95.174.116 - - [27/Aug/2020:08:07:43 -0500] "POST /appsia/controlador HTTP/1.1" 200 7781
191.95.174.116 - - [27/Aug/2020:08:07:51 -0500] "POST /appsia/controlador HTTP/1.1" 200 6646
181.61.75.10 - - [27/Aug/2020:08:07:51 -0500] "POST /sipse/faces/presentacion/financiero/solicitudProceso/listarSolicitudProceso.xhtml HTTP/1.1" 200 58940
181.61.75.10 - - [27/Aug/2020:08:07:51 -0500] "GET /sipse/faces/javax.faces.resource/theme.css?ln=primefaces-sipse HTTP/1.1" 304 -
181.61.75.10 - - [27/Aug/2020:08:07:51 -0500] "GET /sipse/faces/javax.faces.resource/primefaces.css?ln=primefaces&v=4.0 HTTP/1.1" 304 -
181.61.75.10 - - [27/Aug/2020:08:07:51 -0500] "GET /sipse/faces/javax.faces.resource/layout/layout.css?ln=primefaces&v=4.0 HTTP/1.1" 304 -
181.61.75.10 - - [27/Aug/2020:08:07:51 -0500] "GET /sipse/faces/javax.faces.resource/jquery/jquery.js?ln=primefaces&v=4.0 HTTP/1.1" 304 -
181.61.75.10 - - [27/Aug/2020:08:07:51 -0500] "GET /sipse/faces/javax.faces.resource/jquery/jquery-plugins.js?ln=primefaces&v=4.0 HTTP/1.1" 304 -
181.61.75.10 - - [27/Aug/2020:08:07:51 -0500] "GET /sipse/faces/javax.faces.resource/primefaces.js?ln=primefaces&v=4.0 HTTP/1.1" 304 -
181.61.75.10 - - [27/Aug/2020:08:07:52 -0500] "GET /sipse/faces/javax.faces.resource/layout/layout.js?ln=primefaces&v=4.0 HTTP/1.1" 304 -
191.95.174.116 - - [27/Aug/2020:08:07:53 -0500] "POST /appsia/controlador HTTP/1.1" 200 10961
191.95.174.116 - - [27/Aug/2020:08:07:55 -0500] "POST /appsia/controlador HTTP/1.1" 200 75931
114.119.161.71 - - [27/Aug/2020:08:08:01 -0500] "-" 408 -
181.61.75.10 - - [27/Aug/2020:08:08:01 -0500] "POST /sipse/faces/presentacion/financiero/solicitudProceso/crearModificarSolicitudProceso.xhtml HTTP/1.1" 200 26757
191.95.174.116 - - [27/Aug/2020:08:08:27 -0500] "POST /appsia/controlador HTTP/1.1" 200 7781
191.95.174.116 - - [27/Aug/2020:08:08:33 -0500] "POST /appsia/controlador HTTP/1.1" 200 6646
191.95.174.116 - - [27/Aug/2020:08:08:34 -0500] "POST /appsia/controlador HTTP/1.1" 200 10961
191.95.174.116 - - [27/Aug/2020:08:08:37 -0500] "POST /appsia/controlador HTTP/1.1" 200 75931
181.234.255.26 - - [27/Aug/2020:08:08:38 -0500] "GET /BLA/boletinlegal/js/jquery.scrollShow.js HTTP/1.1" 200 4586
181.234.255.26 - - [27/Aug/2020:08:08:39 -0500] "GET /galeria/galeria/jquery.fancybox.css?v=2.1.5 HTTP/1.1" 200 4895
181.234.255.26 - - [27/Aug/2020:08:08:39 -0500] "GET /galeria/galeria/jquery.fancybox.js?v=2.1.5 HTTP/1.1" 200 48706
181.234.255.26 - - [27/Aug/2020:08:08:39 -0500] "GET /galeria/carrusel/Carrusel/jquery.thumbnailScroller.css HTTP/1.1" 200 2066
181.234.255.26 - - [27/Aug/2020:08:08:39 -0500] "GET /galeria/carrusel/Carrusel/jquery.thumbnailScroller.js HTTP/1.1" 200 8157
181.234.255.26 - - [27/Aug/2020:08:08:39 -0500] "GET /galeria/carrusel/Carrusel/jquery-ui-1.8.13.custom.min.js HTTP/1.1" 200 10800
186.29.35.200 - - [27/Aug/2020:08:08:44 -0500] "POST /sipse/faces/presentacion/contratacion/procesoContractual/registrarInvitacionContratista.xhtml HTTP/1.1" 200 9257
190.27.245.107 - - [27/Aug/2020:08:08:45 -0500] "GET /sipse/ HTTP/1.1" 302 -
186.82.151.107 - - [27/Aug/2020:08:08:45 -0500] "GET /sipse/faces/autenticacion.xhtml HTTP/1.1" 200 12501
186.82.151.107 - - [27/Aug/2020:08:08:45 -0500] "GET /sipse/faces/javax.faces.resource/layout/layout.css;jsessionid=jpJfq4upSpBklRvqpbqg9zUA.undefined?ln=primefaces&v=4.0 HTTP/1.1" 200 542
186.82.151.107 - - [27/Aug/2020:08:08:45 -0500] "GET /sipse/faces/javax.faces.resource/primefaces.css;jsessionid=jpJfq4upSpBklRvqpbqg9zUA.undefined?ln=primefaces&v=4.0 HTTP/1.1" 200 53295
186.82.151.107 - - [27/Aug/2020:08:08:45 -0500] "GET /sipse/faces/javax.faces.resource/layout/layout.js;jsessionid=jpJfq4upSpBklRvqpbqg9zUA.undefined?ln=primefaces&v=4.0 HTTP/1.1" 200 87560
186.82.151.107 - - [27/Aug/2020:08:08:45 -0500] "GET /sipse/faces/javax.faces.resource/jquery/jquery.js;jsessionid=jpJfq4upSpBklRvqpbqg9zUA.undefined?ln=primefaces&v=4.0 HTTP/1.1" 200 105384
186.82.151.107 - - [27/Aug/2020:08:08:46 -0500] "GET /sipse/faces/javax.faces.resource/theme.css?ln=primefaces-sipse HTTP/1.1" 304 -
186.82.151.107 - - [27/Aug/2020:08:08:45 -0500] "GET /sipse/faces/javax.faces.resource/jquery/jquery-plugins.js;jsessionid=jpJfq4upSpBklRvqpbqg9zUA.undefined?ln=primefaces&v=4.0 HTTP/1.1" 200 220526
186.82.151.107 - - [27/Aug/2020:08:08:45 -0500] "GET /sipse/faces/javax.faces.resource/primefaces.js;jsessionid=jpJfq4upSpBklRvqpbqg9zUA.undefined?ln=primefaces&v=4.0 HTTP/1.1" 200 276924
186.82.151.107 - - [27/Aug/2020:08:08:46 -0500] "GET /sipse/faces/javax.faces.resource/images/ui-icons_898989_256x240.png?ln=primefaces-aristo HTTP/1.1" 200 5355
186.82.151.107 - - [27/Aug/2020:08:08:46 -0500] "GET /sipse/css/imagen/logoSDG.png HTTP/1.1" 200 53064
186.82.151.107 - - [27/Aug/2020:08:08:46 -0500] "GET /sipse/css/imagen/loginimg.png HTTP/1.1" 200 71635
186.82.151.107 - - [27/Aug/2020:08:08:46 -0500] "GET /sipse/faces/index.xhtml HTTP/1.1" 200 677
186.82.151.107 - - [27/Aug/2020:08:08:46 -0500] "GET /sipse/faces/javax.faces.resource/theme.css?ln=primefaces-sipse HTTP/1.1" 304 -
186.82.151.107 - - [27/Aug/2020:08:08:47 -0500] "GET /sipse/faces/faces/autenticacion.xhtml HTTP/1.1" 200 12179
186.82.151.107 - - [27/Aug/2020:08:08:47 -0500] "GET /sipse/faces/javax.faces.resource/theme.css?ln=primefaces-sipse HTTP/1.1" 304 -
186.82.151.107 - - [27/Aug/2020:08:08:47 -0500] "GET /sipse/faces/javax.faces.resource/primefaces.css?ln=primefaces&v=4.0 HTTP/1.1" 304 -
186.82.151.107 - - [27/Aug/2020:08:08:47 -0500] "GET /sipse/faces/javax.faces.resource/layout/layout.css?ln=primefaces&v=4.0 HTTP/1.1" 304 -
186.82.151.107 - - [27/Aug/2020:08:08:47 -0500] "GET /sipse/faces/javax.faces.resource/jquery/jquery.js?ln=primefaces&v=4.0 HTTP/1.1" 304 -
186.82.151.107 - - [27/Aug/2020:08:08:47 -0500] "GET /sipse/faces/javax.faces.resource/jquery/jquery-plugins.js?ln=primefaces&v=4.0 HTTP/1.1" 304 -
186.82.151.107 - - [27/Aug/2020:08:08:47 -0500] "GET /sipse/faces/javax.faces.resource/primefaces.js?ln=primefaces&v=4.0 HTTP/1.1" 304 -
186.82.151.107 - - [27/Aug/2020:08:08:47 -0500] "GET /sipse/faces/javax.faces.resource/layout/layout.js?ln=primefaces&v=4.0 HTTP/1.1" 304 -
186.82.151.107 - - [27/Aug/2020:08:08:47 -0500] "GET /sipse/faces/javax.faces.resource/images/ui-icons_898989_256x240.png?ln=primefaces-aristo HTTP/1.1" 304 -
186.82.151.107 - - [27/Aug/2020:08:08:50 -0500] "POST /sipse/faces/autenticacion.xhtml HTTP/1.1" 200 16467
186.82.151.107 - - [27/Aug/2020:08:08:51 -0500] "GET /sipse/css/custom_css_sg_prime.css HTTP/1.1" 200 5201
186.82.151.107 - - [27/Aug/2020:08:08:52 -0500] "GET /sipse/faces/javax.faces.resource/jquery/jquery.js?ln=primefaces&v=4.0 HTTP/1.1" 304 -
186.82.151.107 - - [27/Aug/2020:08:08:52 -0500] "GET /sipse/faces/javax.faces.resource/jquery/jquery-plugins.js?ln=primefaces&v=4.0 HTTP/1.1" 304 -
186.82.151.107 - - [27/Aug/2020:08:08:52 -0500] "GET /sipse/faces/javax.faces.resource/primefaces.js?ln=primefaces&v=4.0 HTTP/1.1" 304 -
186.82.151.107 - - [27/Aug/2020:08:08:52 -0500] "GET /sipse/faces/javax.faces.resource/layout/layout.js?ln=primefaces&v=4.0 HTTP/1.1" 304 -
186.82.151.107 - - [27/Aug/2020:08:08:52 -0500] "GET /sipse/css/imagen/contrasena.png HTTP/1.1" 404 383
186.82.151.107 - - [27/Aug/2020:08:08:52 -0500] "GET /sipse/faces/javax.faces.resource/messages/messages.png?ln=primefaces&v=4.0 HTTP/1.1" 304 -
186.29.35.200 - - [27/Aug/2020:08:08:53 -0500] "POST /sipse/faces/presentacion/contratacion/procesoContractual/registrarInvitacionContratista.xhtml HTTP/1.1" 200 74767
186.29.35.200 - - [27/Aug/2020:08:08:54 -0500] "GET /sipse/faces/javax.faces.resource/jquery/jquery.js?ln=primefaces&v=4.0 HTTP/1.1" 304 -
186.29.35.200 - - [27/Aug/2020:08:08:54 -0500] "GET /sipse/faces/javax.faces.resource/jquery/jquery-plugins.js?ln=primefaces&v=4.0 HTTP/1.1" 304 -
186.29.35.200 - - [27/Aug/2020:08:08:54 -0500] "GET /sipse/faces/javax.faces.resource/primefaces.js?ln=primefaces&v=4.0 HTTP/1.1" 304 -
186.82.151.107 - - [27/Aug/2020:08:08:54 -0500] "GET /sipse/faces/javax.faces.resource/images/ui-bg_flat_0_2d5972_40x100.png?ln=primefaces-aristo HTTP/1.1" 304 -
186.82.151.107 - - [27/Aug/2020:08:08:54 -0500] "POST /sipse/faces/bienvenido.xhtml HTTP/1.1" 200 1471
186.29.35.200 - - [27/Aug/2020:08:08:55 -0500] "GET /sipse/faces/javax.faces.resource/layout/layout.js?ln=primefaces&v=4.0 HTTP/1.1" 304 -
186.82.151.107 - - [27/Aug/2020:08:08:56 -0500] "POST /sipse/faces/bienvenido.xhtml HTTP/1.1" 200 58060
186.82.151.107 - - [27/Aug/2020:08:08:59 -0500] "GET /sipse/faces/javax.faces.resource/jquery/jquery.js?ln=primefaces&v=4.0 HTTP/1.1" 304 -
186.82.151.107 - - [27/Aug/2020:08:08:59 -0500] "GET /sipse/faces/javax.faces.resource/jquery/jquery-plugins.js?ln=primefaces&v=4.0 HTTP/1.1" 304 -
186.82.151.107 - - [27/Aug/2020:08:08:59 -0500] "GET /sipse/faces/javax.faces.resource/primefaces.js?ln=primefaces&v=4.0 HTTP/1.1" 304 -
186.82.151.107 - - [27/Aug/2020:08:08:59 -0500] "GET /sipse/faces/javax.faces.resource/layout/layout.js?ln=primefaces&v=4.0 HTTP/1.1" 304 -
186.82.151.107 - - [27/Aug/2020:08:09:00 -0500] "POST /sipse/faces/presentacion/financiero/solicitudProceso/listarSolicitudProceso.xhtml HTTP/1.1" 200 1448
190.27.245.107 - - [27/Aug/2020:08:09:03 -0500] "GET /sipse/ HTTP/1.1" 302 -
190.131.222.58 - - [27/Aug/2020:08:09:03 -0500] "GET /sipse/faces/autenticacion.xhtml HTTP/1.1" 200 12501
190.131.222.58 - - [27/Aug/2020:08:09:03 -0500] "GET /sipse/js/funciones.js HTTP/1.1" 304 -
190.131.222.58 - - [27/Aug/2020:08:09:03 -0500] "GET /sipse/css/custom_css_sg_prime_login.css HTTP/1.1" 304 -
190.131.222.58 - - [27/Aug/2020:08:09:03 -0500] "GET /sipse/css/custom_css_sg.css HTTP/1.1" 304 -
190.131.222.58 - - [27/Aug/2020:08:09:03 -0500] "GET /sipse/faces/javax.faces.resource/theme.css?ln=primefaces-sipse HTTP/1.1" 304 -
190.131.222.58 - - [27/Aug/2020:08:09:03 -0500] "GET /sipse/faces/javax.faces.resource/primefaces.css;jsessionid=j71SrVnqfKQzvKgYc94iMKJI.undefined?ln=primefaces&v=4.0 HTTP/1.1" 200 53295
190.131.222.58 - - [27/Aug/2020:08:09:05 -0500] "GET /sipse/faces/javax.faces.resource/layout/layout.css;jsessionid=j71SrVnqfKQzvKgYc94iMKJI.undefined?ln=primefaces&v=4.0 HTTP/1.1" 200 542
190.131.222.58 - - [27/Aug/2020:08:09:05 -0500] "GET /sipse/js/disable_browser_buttons.js HTTP/1.1" 304 -
190.131.222.58 - - [27/Aug/2020:08:09:05 -0500] "GET /sipse/faces/javax.faces.resource/jquery/jquery.js;jsessionid=j71SrVnqfKQzvKgYc94iMKJI.undefined?ln=primefaces&v=4.0 HTTP/1.1" 200 105384
190.131.222.58 - - [27/Aug/2020:08:09:06 -0500] "GET /sipse/faces/javax.faces.resource/layout/layout.js;jsessionid=j71SrVnqfKQzvKgYc94iMKJI.undefined?ln=primefaces&v=4.0 HTTP/1.1" 200 87560
190.131.222.58 - - [27/Aug/2020:08:09:06 -0500] "GET /sipse/faces/javax.faces.resource/jquery/jquery-plugins.js;jsessionid=j71SrVnqfKQzvKgYc94iMKJI.undefined?ln=primefaces&v=4.0 HTTP/1.1" 200 220526
186.29.35.200 - - [27/Aug/2020:08:09:05 -0500] "POST /sipse/faces/presentacion/contratacion/contrato/crearModificarContrato.xhtml HTTP/1.1" 200 39559
186.29.35.200 - - [27/Aug/2020:08:09:08 -0500] "GET /sipse/faces/javax.faces.resource/theme.css?ln=primefaces-sipse HTTP/1.1" 304 -
186.29.35.200 - - [27/Aug/2020:08:09:08 -0500] "GET /sipse/faces/javax.faces.resource/layout/layout.js?ln=primefaces&v=4.0 HTTP/1.1" 304 -
186.29.35.200 - - [27/Aug/2020:08:09:08 -0500] "GET /sipse/faces/javax.faces.resource/primefaces.css?ln=primefaces&v=4.0 HTTP/1.1" 304 -
186.29.35.200 - - [27/Aug/2020:08:09:08 -0500] "GET /sipse/faces/javax.faces.resource/layout/layout.css?ln=primefaces&v=4.0 HTTP/1.1" 304 -
186.29.35.200 - - [27/Aug/2020:08:09:08 -0500] "GET /sipse/faces/javax.faces.resource/jquery/jquery.js?ln=primefaces&v=4.0 HTTP/1.1" 304 -
186.29.35.200 - - [27/Aug/2020:08:09:08 -0500] "GET /sipse/faces/javax.faces.resource/jquery/jquery-plugins.js?ln=primefaces&v=4.0 HTTP/1.1" 304 -
186.29.35.200 - - [27/Aug/2020:08:09:08 -0500] "GET /sipse/faces/javax.faces.resource/primefaces.js?ln=primefaces&v=4.0 HTTP/1.1" 304 -
186.29.35.200 - - [27/Aug/2020:08:09:09 -0500] "GET /sipse/faces/javax.faces.resource/images/ui-icons_898989_256x240.png?ln=primefaces-aristo HTTP/1.1" 304 -
186.170.110.43 - - [27/Aug/2020:08:09:10 -0500] "GET /galeria/galeria/jquery.fancybox.css?v=2.1.5 HTTP/1.1" 200 4895
186.170.110.43 - - [27/Aug/2020:08:09:10 -0500] "GET /BLA/boletinlegal/js/jquery.scrollShow.js HTTP/1.1" 200 4586
186.170.110.43 - - [27/Aug/2020:08:09:10 -0500] "GET /galeria/galeria/jquery.fancybox.js?v=2.1.5 HTTP/1.1" 200 48706
186.82.151.107 - - [27/Aug/2020:08:09:10 -0500] "POST /sipse/faces/presentacion/financiero/solicitudProceso/listarSolicitudProceso.xhtml HTTP/1.1" 200 911
186.82.151.107 - - [27/Aug/2020:08:09:12 -0500] "GET /sipse/faces/faces/faces/autenticacion HTTP/1.1" 302 -
186.82.151.107 - - [27/Aug/2020:08:09:12 -0500] "GET /sipse/faces/autenticacion.xhtml HTTP/1.1" 200 12179
186.82.151.107 - - [27/Aug/2020:08:09:12 -0500] "GET /sipse/faces/javax.faces.resource/theme.css?ln=primefaces-sipse HTTP/1.1" 304 -
186.82.151.107 - - [27/Aug/2020:08:09:13 -0500] "GET /sipse/faces/javax.faces.resource/jquery/jquery.js?ln=primefaces&v=4.0 HTTP/1.1" 304 -
186.82.151.107 - - [27/Aug/2020:08:09:13 -0500] "GET /sipse/faces/javax.faces.resource/layout/layout.css?ln=primefaces&v=4.0 HTTP/1.1" 304 -
186.82.151.107 - - [27/Aug/2020:08:09:13 -0500] "GET /sipse/faces/javax.faces.resource/jquery/jquery-plugins.js?ln=primefaces&v=4.0 HTTP/1.1" 304 -
186.82.151.107 - - [27/Aug/2020:08:09:13 -0500] "GET /sipse/faces/javax.faces.resource/primefaces.css?ln=primefaces&v=4.0 HTTP/1.1" 304 -
186.82.151.107 - - [27/Aug/2020:08:09:13 -0500] "GET /sipse/faces/javax.faces.resource/primefaces.js?ln=primefaces&v=4.0 HTTP/1.1" 304 -
186.82.151.107 - - [27/Aug/2020:08:09:13 -0500] "GET /sipse/faces/javax.faces.resource/layout/layout.js?ln=primefaces&v=4.0 HTTP/1.1" 304 -
186.82.151.107 - - [27/Aug/2020:08:09:13 -0500] "GET /sipse/faces/javax.faces.resource/images/ui-icons_898989_256x240.png?ln=primefaces-aristo HTTP/1.1" 304 -
186.86.32.206 - - [27/Aug/2020:08:09:13 -0500] "GET /galeria/galeria/jquery.fancybox.css?v=2.1.5 HTTP/1.1" 200 4895
186.86.32.206 - - [27/Aug/2020:08:09:13 -0500] "GET /galeria/galeria/jquery.fancybox.js?v=2.1.5 HTTP/1.1" 200 48706
186.86.32.206 - - [27/Aug/2020:08:09:13 -0500] "GET /BLA/boletinlegal/js/jquery.scrollShow.js HTTP/1.1" 200 4586
191.156.56.197 - - [27/Aug/2020:08:09:15 -0500] "GET /galeria/galeria/jquery.fancybox.css?v=2.1.5 HTTP/1.1" 200 4895
191.156.52.201 - - [27/Aug/2020:08:09:15 -0500] "GET /BLA/boletinlegal/js/jquery.scrollShow.js HTTP/1.1" 200 4586
191.156.49.131 - - [27/Aug/2020:08:09:15 -0500] "GET /galeria/galeria/jquery.fancybox.js?v=2.1.5 HTTP/1.1" 200 48706
191.95.174.116 - - [27/Aug/2020:08:09:15 -0500] "POST /appsia/controlador HTTP/1.1" 200 7781
186.28.131.106 - - [27/Aug/2020:08:09:16 -0500] "GET /BLA/boletinlegal/js/jquery.scrollShow.js HTTP/1.1" 200 4586
186.28.131.106 - - [27/Aug/2020:08:09:16 -0500] "GET /galeria/galeria/jquery.fancybox.css?v=2.1.5 HTTP/1.1" 200 4895
186.28.131.106 - - [27/Aug/2020:08:09:16 -0500] "GET /galeria/galeria/jquery.fancybox.js?v=2.1.5 HTTP/1.1" 200 48706
186.82.151.107 - - [27/Aug/2020:08:09:16 -0500] "POST /sipse/faces/autenticacion.xhtml HTTP/1.1" 200 11242
186.82.151.107 - - [27/Aug/2020:08:09:17 -0500] "GET /sipse/faces/javax.faces.resource/jquery/jquery.js?ln=primefaces&v=4.0 HTTP/1.1" 304 -
186.82.151.107 - - [27/Aug/2020:08:09:17 -0500] "GET /sipse/faces/javax.faces.resource/jquery/jquery-plugins.js?ln=primefaces&v=4.0 HTTP/1.1" 304 -
186.82.151.107 - - [27/Aug/2020:08:09:17 -0500] "GET /sipse/faces/javax.faces.resource/primefaces.js?ln=primefaces&v=4.0 HTTP/1.1" 304 -
186.82.151.107 - - [27/Aug/2020:08:09:17 -0500] "GET /sipse/faces/javax.faces.resource/layout/layout.js?ln=primefaces&v=4.0 HTTP/1.1" 304 -
186.82.151.107 - - [27/Aug/2020:08:09:17 -0500] "GET /sipse/faces/javax.faces.resource/messages/messages.png?ln=primefaces&v=4.0 HTTP/1.1" 304 -
186.82.151.107 - - [27/Aug/2020:08:09:20 -0500] "POST /sipse/faces/presentacion/sistema/seguridad/seleccionRol.xhtml HTTP/1.1" 200 5610
186.82.151.107 - - [27/Aug/2020:08:09:21 -0500] "POST /sipse/faces/presentacion/sistema/seguridad/seleccionRol.xhtml HTTP/1.1" 200 16034
186.82.151.107 - - [27/Aug/2020:08:09:22 -0500] "GET /sipse/faces/javax.faces.resource/jquery/jquery.js?ln=primefaces&v=4.0 HTTP/1.1" 304 -
186.82.151.107 - - [27/Aug/2020:08:09:22 -0500] "GET /sipse/faces/javax.faces.resource/jquery/jquery-plugins.js?ln=primefaces&v=4.0 HTTP/1.1" 304 -
186.82.151.107 - - [27/Aug/2020:08:09:22 -0500] "GET /sipse/faces/javax.faces.resource/primefaces.js?ln=primefaces&v=4.0 HTTP/1.1" 304 -
186.82.151.107 - - [27/Aug/2020:08:09:22 -0500] "GET /sipse/faces/javax.faces.resource/layout/layout.js?ln=primefaces&v=4.0 HTTP/1.1" 304 -
186.28.131.106 - - [27/Aug/2020:08:09:23 -0500] "GET /BLA/boletinlegal/js/jquery.scrollShow.js HTTP/1.1" 200 4586
186.28.131.106 - - [27/Aug/2020:08:09:23 -0500] "GET /galeria/galeria/jquery.fancybox.js?v=2.1.5 HTTP/1.1" 200 48706
186.28.131.106 - - [27/Aug/2020:08:09:23 -0500] "GET /galeria/galeria/jquery.fancybox.css?v=2.1.5 HTTP/1.1" 200 4895
191.95.174.116 - - [27/Aug/2020:08:09:23 -0500] "POST /appsia/controlador HTTP/1.1" 200 6646
191.95.174.116 - - [27/Aug/2020:08:09:24 -0500] "POST /appsia/controlador HTTP/1.1" 200 10961
186.82.151.107 - - [27/Aug/2020:08:09:25 -0500] "GET /sipse/faces/javax.faces.resource/images/ui-bg_flat_0_2d5972_40x100.png?ln=primefaces-aristo HTTP/1.1" 304 -
186.82.151.107 - - [27/Aug/2020:08:09:25 -0500] "POST /sipse/faces/bienvenido.xhtml HTTP/1.1" 200 1471
186.82.151.107 - - [27/Aug/2020:08:09:26 -0500] "POST /sipse/faces/bienvenido.xhtml HTTP/1.1" 200 59268
186.82.151.107 - - [27/Aug/2020:08:09:27 -0500] "GET /sipse/faces/javax.faces.resource/jquery/jquery.js?ln=primefaces&v=4.0 HTTP/1.1" 304 -
186.82.151.107 - - [27/Aug/2020:08:09:27 -0500] "GET /sipse/faces/javax.faces.resource/jquery/jquery-plugins.js?ln=primefaces&v=4.0 HTTP/1.1" 304 -
186.82.151.107 - - [27/Aug/2020:08:09:27 -0500] "GET /sipse/faces/javax.faces.resource/primefaces.js?ln=primefaces&v=4.0 HTTP/1.1" 304 -
186.82.151.107 - - [27/Aug/2020:08:09:27 -0500] "GET /sipse/faces/javax.faces.resource/layout/layout.js?ln=primefaces&v=4.0 HTTP/1.1" 304 -
191.95.174.116 - - [27/Aug/2020:08:09:27 -0500] "POST /appsia/controlador HTTP/1.1" 200 75932
186.82.151.107 - - [27/Aug/2020:08:09:28 -0500] "POST /sipse/faces/presentacion/financiero/solicitudProceso/listarSolicitudProceso.xhtml HTTP/1.1" 200 1448
191.95.162.231 - - [27/Aug/2020:08:09:29 -0500] "GET /galeria/galeria/jquery.fancybox.js?v=2.1.5 HTTP/1.1" 200 48706
191.95.162.231 - - [27/Aug/2020:08:09:29 -0500] "GET /galeria/galeria/jquery.fancybox.css?v=2.1.5 HTTP/1.1" 200 4895
191.95.162.231 - - [27/Aug/2020:08:09:29 -0500] "GET /BLA/boletinlegal/js/jquery.scrollShow.js HTTP/1.1" 200 4586
190.131.222.58 - - [27/Aug/2020:08:09:06 -0500] "GET /sipse/faces/javax.faces.resource/primefaces.js;jsessionid=j71SrVnqfKQzvKgYc94iMKJI.undefined?ln=primefaces&v=4.0 HTTP/1.1" 200 276924
190.131.222.58 - - [27/Aug/2020:08:09:32 -0500] "GET /sipse/css/imagen/logoSDG.png HTTP/1.1" 304 -
190.131.222.58 - - [27/Aug/2020:08:09:32 -0500] "GET /sipse/css/imagen/loginimg.png HTTP/1.1" 304 -
190.131.222.58 - - [27/Aug/2020:08:09:32 -0500] "GET /sipse/faces/javax.faces.resource/images/ui-icons_898989_256x240.png?ln=primefaces-aristo HTTP/1.1" 304 -
190.131.222.58 - - [27/Aug/2020:08:09:32 -0500] "GET /sipse/faces/index.xhtml HTTP/1.1" 200 677
190.131.222.58 - - [27/Aug/2020:08:09:32 -0500] "GET /sipse/faces/javax.faces.resource/theme.css?ln=primefaces-sipse HTTP/1.1" 304 -
190.131.222.58 - - [27/Aug/2020:08:09:33 -0500] "GET /sipse/faces/faces/autenticacion.xhtml HTTP/1.1" 200 12179
190.131.222.58 - - [27/Aug/2020:08:09:33 -0500] "GET /sipse/faces/javax.faces.resource/theme.css?ln=primefaces-sipse HTTP/1.1" 304 -
190.131.222.58 - - [27/Aug/2020:08:09:33 -0500] "GET /sipse/faces/javax.faces.resource/primefaces.css?ln=primefaces&v=4.0 HTTP/1.1" 304 -
190.131.222.58 - - [27/Aug/2020:08:09:33 -0500] "GET /sipse/faces/javax.faces.resource/layout/layout.css?ln=primefaces&v=4.0 HTTP/1.1" 304 -
190.131.222.58 - - [27/Aug/2020:08:09:33 -0500] "GET /sipse/faces/javax.faces.resource/primefaces.js?ln=primefaces&v=4.0 HTTP/1.1" 304 -
190.131.222.58 - - [27/Aug/2020:08:09:33 -0500] "GET /sipse/faces/javax.faces.resource/layout/layout.js?ln=primefaces&v=4.0 HTTP/1.1" 304 -
