186.154.36.197 - - [24/Nov/2020:10:10:51 -0500] "GET /BLA/boletinlegal/js/jquery.scrollShow.js HTTP/1.1" 200 4586
181.52.58.143 - - [24/Nov/2020:10:10:50 -0500] "POST /sipse/faces/presentacion/financiero/solicitudProceso/listarSolicitudProceso.xhtml HTTP/1.1" 200 1344
181.52.58.143 - - [24/Nov/2020:10:10:51 -0500] "POST /sipse/faces/presentacion/financiero/solicitudProceso/listarSolicitudProceso.xhtml HTTP/1.1" 200 1344
186.154.36.197 - - [24/Nov/2020:10:10:52 -0500] "GET /galeria/galeria/jquery.fancybox.js?v=2.1.5 HTTP/1.1" 200 48706
186.154.36.197 - - [24/Nov/2020:10:10:52 -0500] "GET /galeria/galeria/jquery.fancybox.css?v=2.1.5 HTTP/1.1" 200 4895
181.52.58.143 - - [24/Nov/2020:10:10:52 -0500] "POST /sipse/faces/presentacion/financiero/solicitudProceso/listarSolicitudProceso.xhtml HTTP/1.1" 200 1344
186.154.36.197 - - [24/Nov/2020:10:10:53 -0500] "GET /galeria/carrusel/Carrusel/jquery.thumbnailScroller.css HTTP/1.1" 200 2066
186.82.225.151 - - [24/Nov/2020:10:10:53 -0500] "GET /galeria/nivo-slider/demo/inicio80.html HTTP/1.1" 304 -
181.52.58.143 - - [24/Nov/2020:10:10:53 -0500] "POST /sipse/faces/presentacion/financiero/solicitudProceso/listarSolicitudProceso.xhtml HTTP/1.1" 200 1344
186.82.225.151 - - [24/Nov/2020:10:10:54 -0500] "GET /galeria/nivo-slider/demo/images/bannervivero.jpg HTTP/1.1" 304 -
186.154.36.197 - - [24/Nov/2020:10:10:54 -0500] "GET /galeria/carrusel/Carrusel/jquery-ui-1.8.13.custom.min.js HTTP/1.1" 200 10800
186.154.36.197 - - [24/Nov/2020:10:10:54 -0500] "GET /galeria/carrusel/Carrusel/jquery.thumbnailScroller.js HTTP/1.1" 200 8157
181.52.58.143 - - [24/Nov/2020:10:10:53 -0500] "POST /sipse/faces/presentacion/financiero/solicitudProceso/listarSolicitudProceso.xhtml HTTP/1.1" 200 1344
181.52.58.143 - - [24/Nov/2020:10:10:54 -0500] "POST /sipse/faces/presentacion/financiero/solicitudProceso/listarSolicitudProceso.xhtml HTTP/1.1" 200 1344
181.52.58.143 - - [24/Nov/2020:10:10:55 -0500] "POST /sipse/faces/presentacion/financiero/solicitudProceso/listarSolicitudProceso.xhtml HTTP/1.1" 200 1344
190.27.6.70 - - [24/Nov/2020:10:10:56 -0500] "GET /BLA/boletinlegal/js/jquery.scrollShow.js HTTP/1.1" 200 4586
190.27.6.70 - - [24/Nov/2020:10:10:56 -0500] "GET /galeria/galeria/jquery.fancybox.js?v=2.1.5 HTTP/1.1" 200 48706
190.27.6.70 - - [24/Nov/2020:10:10:56 -0500] "GET /galeria/galeria/jquery.fancybox.css?v=2.1.5 HTTP/1.1" 200 4895
181.52.58.143 - - [24/Nov/2020:10:10:56 -0500] "POST /sipse/faces/presentacion/financiero/solicitudProceso/listarSolicitudProceso.xhtml HTTP/1.1" 200 1344
190.27.6.70 - - [24/Nov/2020:10:10:57 -0500] "GET /BLA/boletinlegal/js/jquery.scrollShow.js HTTP/1.1" 304 -
190.27.6.70 - - [24/Nov/2020:10:10:57 -0500] "GET /galeria/galeria/jquery.fancybox.css?v=2.1.5 HTTP/1.1" 304 -
190.27.6.70 - - [24/Nov/2020:10:10:57 -0500] "GET /galeria/galeria/jquery.fancybox.js?v=2.1.5 HTTP/1.1" 304 -
181.52.58.143 - - [24/Nov/2020:10:11:01 -0500] "POST /sipse/faces/presentacion/financiero/solicitudProceso/listarSolicitudProceso.xhtml HTTP/1.1" 200 5358
186.81.183.75 - - [24/Nov/2020:10:11:06 -0500] "GET /galeria/galeria/jquery.fancybox.css?v=2.1.5 HTTP/1.1" 200 4895
186.81.183.75 - - [24/Nov/2020:10:11:06 -0500] "GET /BLA/boletinlegal/js/jquery.scrollShow.js HTTP/1.1" 200 4586
186.81.183.75 - - [24/Nov/2020:10:11:06 -0500] "GET /galeria/galeria/jquery.fancybox.js?v=2.1.5 HTTP/1.1" 200 48706
181.52.58.143 - - [24/Nov/2020:10:11:07 -0500] "POST /sipse/faces/presentacion/financiero/solicitudProceso/listarSolicitudProceso.xhtml HTTP/1.1" 200 33331
192.168.175.225 - - [24/Nov/2020:10:11:07 -0500] "GET / HTTP/1.1" 200 9990
181.52.58.143 - - [24/Nov/2020:10:11:08 -0500] "POST /sipse/faces/presentacion/financiero/solicitudProceso/listarSolicitudProceso.xhtml HTTP/1.1" 200 33331
181.52.58.143 - - [24/Nov/2020:10:11:09 -0500] "POST /sipse/faces/presentacion/financiero/solicitudProceso/listarSolicitudProceso.xhtml HTTP/1.1" 200 30508
181.52.58.143 - - [24/Nov/2020:10:11:11 -0500] "POST /sipse/faces/presentacion/financiero/solicitudProceso/listarSolicitudProceso.xhtml HTTP/1.1" 200 8090
181.52.58.143 - - [24/Nov/2020:10:11:14 -0500] "POST /sipse/faces/presentacion/financiero/solicitudProceso/listarSolicitudProceso.xhtml HTTP/1.1" 200 114327
181.52.58.143 - - [24/Nov/2020:10:11:15 -0500] "GET /sipse/faces/javax.faces.resource/theme.css?ln=primefaces-sipse HTTP/1.1" 304 -
181.52.58.143 - - [24/Nov/2020:10:11:15 -0500] "GET /sipse/faces/javax.faces.resource/primefaces.css?ln=primefaces&v=4.0 HTTP/1.1" 304 -
181.52.58.143 - - [24/Nov/2020:10:11:15 -0500] "GET /sipse/faces/javax.faces.resource/jquery/jquery.js?ln=primefaces&v=4.0 HTTP/1.1" 304 -
181.52.58.143 - - [24/Nov/2020:10:11:15 -0500] "GET /sipse/faces/javax.faces.resource/layout/layout.css?ln=primefaces&v=4.0 HTTP/1.1" 304 -
181.52.58.143 - - [24/Nov/2020:10:11:15 -0500] "GET /sipse/faces/javax.faces.resource/jquery/jquery-plugins.js?ln=primefaces&v=4.0 HTTP/1.1" 304 -
181.52.58.143 - - [24/Nov/2020:10:11:15 -0500] "GET /sipse/faces/javax.faces.resource/primefaces.js?ln=primefaces&v=4.0 HTTP/1.1" 304 -
181.52.58.143 - - [24/Nov/2020:10:11:15 -0500] "GET /sipse/faces/javax.faces.resource/layout/layout.js?ln=primefaces&v=4.0 HTTP/1.1" 304 -
181.52.58.143 - - [24/Nov/2020:10:11:15 -0500] "GET /sipse/faces/javax.faces.resource/dynamiccontent.properties?ln=primefaces&pfdrid=XjOR5%2F%2FfPAZAuY9TpWQeCiM0BhlXxYRBGKi%2FQcXXfeA%3D&pfdrid_c=false HTTP/1.1" 500 383
190.61.47.174 - - [24/Nov/2020:10:11:21 -0500] "GET /galeria/galeria/jquery.fancybox.css?v=2.1.5 HTTP/1.1" 200 4895
190.61.47.174 - - [24/Nov/2020:10:11:21 -0500] "GET /BLA/boletinlegal/js/jquery.scrollShow.js HTTP/1.1" 200 4586
190.61.47.174 - - [24/Nov/2020:10:11:21 -0500] "GET /galeria/galeria/jquery.fancybox.js?v=2.1.5 HTTP/1.1" 200 48706
181.52.58.143 - - [24/Nov/2020:10:11:25 -0500] "POST /sipse/faces/presentacion/financiero/solicitudProceso/consultarSolicitudProceso.xhtml HTTP/1.1" 200 34246
181.52.58.143 - - [24/Nov/2020:10:11:27 -0500] "GET /sipse/faces/javax.faces.resource/theme.css?ln=primefaces-sipse HTTP/1.1" 304 -
181.52.58.143 - - [24/Nov/2020:10:11:27 -0500] "GET /sipse/faces/javax.faces.resource/primefaces.css?ln=primefaces&v=4.0 HTTP/1.1" 304 -
181.52.58.143 - - [24/Nov/2020:10:11:27 -0500] "GET /sipse/faces/javax.faces.resource/layout/layout.css?ln=primefaces&v=4.0 HTTP/1.1" 304 -
181.52.58.143 - - [24/Nov/2020:10:11:27 -0500] "GET /sipse/faces/javax.faces.resource/jquery/jquery.js?ln=primefaces&v=4.0 HTTP/1.1" 304 -
181.52.58.143 - - [24/Nov/2020:10:11:27 -0500] "GET /sipse/faces/javax.faces.resource/jquery/jquery-plugins.js?ln=primefaces&v=4.0 HTTP/1.1" 304 -
181.52.58.143 - - [24/Nov/2020:10:11:27 -0500] "GET /sipse/faces/javax.faces.resource/primefaces.js?ln=primefaces&v=4.0 HTTP/1.1" 304 -
181.52.58.143 - - [24/Nov/2020:10:11:27 -0500] "GET /sipse/faces/javax.faces.resource/layout/layout.js?ln=primefaces&v=4.0 HTTP/1.1" 304 -
181.52.58.143 - - [24/Nov/2020:10:11:27 -0500] "POST /sipse/faces/presentacion/financiero/solicitudProceso/listarSolicitudProceso.xhtml HTTP/1.1" 200 27487
181.52.58.143 - - [24/Nov/2020:10:11:28 -0500] "POST /sipse/faces/presentacion/financiero/solicitudProceso/listarSolicitudProceso.xhtml HTTP/1.1" 200 27487
181.52.58.143 - - [24/Nov/2020:10:11:30 -0500] "POST /sipse/faces/presentacion/financiero/solicitudProceso/listarSolicitudProceso.xhtml HTTP/1.1" 200 27487
181.52.58.143 - - [24/Nov/2020:10:11:31 -0500] "POST /sipse/faces/presentacion/financiero/solicitudProceso/listarSolicitudProceso.xhtml HTTP/1.1" 200 27487
186.82.68.91 - - [24/Nov/2020:10:11:32 -0500] "GET /galeria/galeria/jquery.fancybox.js?v=2.1.5 HTTP/1.1" 200 48706
186.82.68.91 - - [24/Nov/2020:10:11:32 -0500] "GET /galeria/galeria/jquery.fancybox.css?v=2.1.5 HTTP/1.1" 200 4895
186.82.68.91 - - [24/Nov/2020:10:11:32 -0500] "GET /BLA/boletinlegal/js/jquery.scrollShow.js HTTP/1.1" 200 4586
186.82.68.91 - - [24/Nov/2020:10:11:33 -0500] "GET /galeria/carrusel/Carrusel/jquery.thumbnailScroller.css HTTP/1.1" 200 2066
186.82.68.91 - - [24/Nov/2020:10:11:33 -0500] "GET /galeria/carrusel/Carrusel/jquery-ui-1.8.13.custom.min.js HTTP/1.1" 200 10800
186.82.68.91 - - [24/Nov/2020:10:11:33 -0500] "GET /galeria/carrusel/Carrusel/jquery.thumbnailScroller.js HTTP/1.1" 200 8157
181.52.58.143 - - [24/Nov/2020:10:11:32 -0500] "POST /sipse/faces/presentacion/financiero/solicitudProceso/listarSolicitudProceso.xhtml HTTP/1.1" 200 27487
186.82.68.91 - - [24/Nov/2020:10:11:34 -0500] "GET /galeria/nivo-slider/demo/inicio80.html HTTP/1.1" 200 4210
181.52.58.143 - - [24/Nov/2020:10:11:33 -0500] "POST /sipse/faces/presentacion/financiero/solicitudProceso/listarSolicitudProceso.xhtml HTTP/1.1" 200 27487
186.82.68.91 - - [24/Nov/2020:10:11:35 -0500] "GET /galeria/nivo-slider/themes/default/default.css HTTP/1.1" 200 1569
186.82.68.91 - - [24/Nov/2020:10:11:35 -0500] "GET /galeria/nivo-slider/themes/pascal/pascal.css HTTP/1.1" 200 2258
186.82.68.91 - - [24/Nov/2020:10:11:35 -0500] "GET /galeria/nivo-slider/nivo-slider.css HTTP/1.1" 200 1507
186.82.68.91 - - [24/Nov/2020:10:11:35 -0500] "GET /galeria/nivo-slider/themes/orman/orman.css HTTP/1.1" 200 2152
186.82.68.91 - - [24/Nov/2020:10:11:35 -0500] "GET /galeria/nivo-slider/demo/style.css HTTP/1.1" 200 2222
186.82.68.91 - - [24/Nov/2020:10:11:35 -0500] "GET /galeria/nivo-slider/demo/images/bannerpreguntas.png HTTP/1.1" 200 196681
186.82.68.91 - - [24/Nov/2020:10:11:35 -0500] "GET /galeria/nivo-slider/demo/scripts/jquery-1.7.1.min.js HTTP/1.1" 200 93868
186.82.68.91 - - [24/Nov/2020:10:11:35 -0500] "GET /galeria/nivo-slider/jquery.nivo.slider.pack.js HTTP/1.1" 200 11561
186.82.68.91 - - [24/Nov/2020:10:11:35 -0500] "GET /galeria/nivo-slider/demo/images/bannervivero.jpg HTTP/1.1" 200 126098
186.82.68.91 - - [24/Nov/2020:10:11:35 -0500] "GET /galeria/nivo-slider/demo/images/banneraperturahumedales.jpg HTTP/1.1" 200 91161
186.82.68.91 - - [24/Nov/2020:10:11:35 -0500] "GET /galeria/nivo-slider/demo/images/bannertingua2020.png HTTP/1.1" 200 105392
186.82.68.91 - - [24/Nov/2020:10:11:36 -0500] "GET /galeria/nivo-slider/demo/images/banneratencionpuntos.jpg HTTP/1.1" 200 249106
186.82.68.91 - - [24/Nov/2020:10:11:36 -0500] "GET /galeria/nivo-slider/demo/images/bannerresiduos.jpg HTTP/1.1" 200 155409
186.82.68.91 - - [24/Nov/2020:10:11:36 -0500] "GET /galeria/nivo-slider/demo/images/bannerclasesweb.jpg HTTP/1.1" 200 180765
186.82.68.91 - - [24/Nov/2020:10:11:36 -0500] "GET /galeria/nivo-slider/demo/images/4Simple_Slider.png HTTP/1.1" 200 11722
186.82.68.91 - - [24/Nov/2020:10:11:36 -0500] "GET /galeria/nivo-slider/themes/default/loading.gif HTTP/1.1" 200 1737
186.82.68.91 - - [24/Nov/2020:10:11:36 -0500] "GET /galeria/nivo-slider/demo/images/bannerbioseguridad.jpg HTTP/1.1" 200 228661
181.52.58.143 - - [24/Nov/2020:10:11:35 -0500] "POST /sipse/faces/presentacion/financiero/solicitudProceso/listarSolicitudProceso.xhtml HTTP/1.1" 200 27487
186.82.68.91 - - [24/Nov/2020:10:11:36 -0500] "GET /galeria/nivo-slider/demo/images/Bannercuidate.jpg HTTP/1.1" 200 75508
186.82.68.91 - - [24/Nov/2020:10:11:36 -0500] "GET /galeria/nivo-slider/demo/images/Banner%20canales%20virtuales.jpg HTTP/1.1" 200 209438
186.82.68.91 - - [24/Nov/2020:10:11:36 -0500] "GET /galeria/nivo-slider/demo/images/bannerbolsas.jpg HTTP/1.1" 200 283727
181.52.58.143 - - [24/Nov/2020:10:11:36 -0500] "POST /sipse/faces/presentacion/financiero/solicitudProceso/listarSolicitudProceso.xhtml HTTP/1.1" 200 27487
186.82.68.91 - - [24/Nov/2020:10:11:37 -0500] "GET /galeria/nivo-slider/themes/default/bullets.png HTTP/1.1" 200 1281
186.82.68.91 - - [24/Nov/2020:10:11:37 -0500] "GET /galeria/nivo-slider/themes/default/arrows.png HTTP/1.1" 200 824
181.52.58.143 - - [24/Nov/2020:10:11:37 -0500] "POST /sipse/faces/presentacion/financiero/solicitudProceso/listarSolicitudProceso.xhtml HTTP/1.1" 200 27487
181.52.58.143 - - [24/Nov/2020:10:11:38 -0500] "POST /sipse/faces/presentacion/financiero/solicitudProceso/listarSolicitudProceso.xhtml HTTP/1.1" 200 27487
181.52.58.143 - - [24/Nov/2020:10:11:40 -0500] "POST /sipse/faces/presentacion/financiero/solicitudProceso/listarSolicitudProceso.xhtml HTTP/1.1" 200 27487
181.52.58.143 - - [24/Nov/2020:10:11:41 -0500] "POST /sipse/faces/presentacion/financiero/solicitudProceso/listarSolicitudProceso.xhtml HTTP/1.1" 200 27487
181.52.58.143 - - [24/Nov/2020:10:11:41 -0500] "POST /sipse/faces/presentacion/financiero/solicitudProceso/listarSolicitudProceso.xhtml HTTP/1.1" 200 27487
181.52.58.143 - - [24/Nov/2020:10:11:42 -0500] "POST /sipse/faces/presentacion/financiero/solicitudProceso/listarSolicitudProceso.xhtml HTTP/1.1" 200 27487
181.52.58.143 - - [24/Nov/2020:10:11:43 -0500] "POST /sipse/faces/presentacion/financiero/solicitudProceso/listarSolicitudProceso.xhtml HTTP/1.1" 200 27487
181.52.58.143 - - [24/Nov/2020:10:11:43 -0500] "POST /sipse/faces/presentacion/financiero/solicitudProceso/listarSolicitudProceso.xhtml HTTP/1.1" 200 27487
181.52.58.143 - - [24/Nov/2020:10:11:44 -0500] "POST /sipse/faces/presentacion/financiero/solicitudProceso/listarSolicitudProceso.xhtml HTTP/1.1" 200 27487
181.52.58.143 - - [24/Nov/2020:10:11:45 -0500] "POST /sipse/faces/presentacion/financiero/solicitudProceso/listarSolicitudProceso.xhtml HTTP/1.1" 200 27487
181.52.58.143 - - [24/Nov/2020:10:11:46 -0500] "POST /sipse/faces/presentacion/financiero/solicitudProceso/listarSolicitudProceso.xhtml HTTP/1.1" 200 1344
181.52.58.143 - - [24/Nov/2020:10:11:47 -0500] "POST /sipse/faces/presentacion/financiero/solicitudProceso/listarSolicitudProceso.xhtml HTTP/1.1" 200 1344
181.52.58.143 - - [24/Nov/2020:10:11:48 -0500] "POST /sipse/faces/presentacion/financiero/solicitudProceso/listarSolicitudProceso.xhtml HTTP/1.1" 200 1348
181.52.58.143 - - [24/Nov/2020:10:11:49 -0500] "POST /sipse/faces/presentacion/financiero/solicitudProceso/listarSolicitudProceso.xhtml HTTP/1.1" 200 1344
181.52.58.143 - - [24/Nov/2020:10:11:49 -0500] "POST /sipse/faces/presentacion/financiero/solicitudProceso/listarSolicitudProceso.xhtml HTTP/1.1" 200 1344
181.52.58.143 - - [24/Nov/2020:10:11:50 -0500] "POST /sipse/faces/presentacion/financiero/solicitudProceso/listarSolicitudProceso.xhtml HTTP/1.1" 200 1344
181.52.58.143 - - [24/Nov/2020:10:11:52 -0500] "POST /sipse/faces/presentacion/financiero/solicitudProceso/listarSolicitudProceso.xhtml HTTP/1.1" 200 1344
181.52.58.143 - - [24/Nov/2020:10:11:53 -0500] "POST /sipse/faces/presentacion/financiero/solicitudProceso/listarSolicitudProceso.xhtml HTTP/1.1" 200 1344
181.52.58.143 - - [24/Nov/2020:10:11:54 -0500] "POST /sipse/faces/presentacion/financiero/solicitudProceso/listarSolicitudProceso.xhtml HTTP/1.1" 200 1344
181.52.58.143 - - [24/Nov/2020:10:11:55 -0500] "POST /sipse/faces/presentacion/financiero/solicitudProceso/listarSolicitudProceso.xhtml HTTP/1.1" 200 1344
181.52.58.143 - - [24/Nov/2020:10:11:56 -0500] "POST /sipse/faces/presentacion/financiero/solicitudProceso/listarSolicitudProceso.xhtml HTTP/1.1" 200 1344
181.52.58.143 - - [24/Nov/2020:10:11:57 -0500] "POST /sipse/faces/presentacion/financiero/solicitudProceso/listarSolicitudProceso.xhtml HTTP/1.1" 200 1344
181.52.58.143 - - [24/Nov/2020:10:11:57 -0500] "POST /sipse/faces/presentacion/financiero/solicitudProceso/listarSolicitudProceso.xhtml HTTP/1.1" 200 1344
181.52.58.143 - - [24/Nov/2020:10:11:58 -0500] "POST /sipse/faces/presentacion/financiero/solicitudProceso/listarSolicitudProceso.xhtml HTTP/1.1" 200 1344
181.52.58.143 - - [24/Nov/2020:10:11:58 -0500] "POST /sipse/faces/presentacion/financiero/solicitudProceso/listarSolicitudProceso.xhtml HTTP/1.1" 200 1344
181.52.58.143 - - [24/Nov/2020:10:11:59 -0500] "POST /sipse/faces/presentacion/financiero/solicitudProceso/listarSolicitudProceso.xhtml HTTP/1.1" 200 1344
181.52.58.143 - - [24/Nov/2020:10:12:00 -0500] "POST /sipse/faces/presentacion/financiero/solicitudProceso/listarSolicitudProceso.xhtml HTTP/1.1" 200 1344
181.52.58.143 - - [24/Nov/2020:10:12:01 -0500] "POST /sipse/faces/presentacion/financiero/solicitudProceso/listarSolicitudProceso.xhtml HTTP/1.1" 200 1344
181.52.58.143 - - [24/Nov/2020:10:12:02 -0500] "POST /sipse/faces/presentacion/financiero/solicitudProceso/listarSolicitudProceso.xhtml HTTP/1.1" 200 1344
181.52.58.143 - - [24/Nov/2020:10:12:05 -0500] "POST /sipse/faces/presentacion/financiero/solicitudProceso/listarSolicitudProceso.xhtml HTTP/1.1" 200 33327
181.52.58.143 - - [24/Nov/2020:10:12:05 -0500] "POST /sipse/faces/presentacion/financiero/solicitudProceso/listarSolicitudProceso.xhtml HTTP/1.1" 200 33331
138.117.85.59 - - [24/Nov/2020:10:12:06 -0500] "GET /galeria/galeria/jquery.fancybox.css?v=2.1.5 HTTP/1.1" 200 4895
138.117.85.59 - - [24/Nov/2020:10:12:06 -0500] "GET /galeria/galeria/jquery.fancybox.js?v=2.1.5 HTTP/1.1" 200 48706
138.117.85.59 - - [24/Nov/2020:10:12:06 -0500] "GET /BLA/boletinlegal/js/jquery.scrollShow.js HTTP/1.1" 200 4586
181.52.58.143 - - [24/Nov/2020:10:12:06 -0500] "POST /sipse/faces/presentacion/financiero/solicitudProceso/listarSolicitudProceso.xhtml HTTP/1.1" 200 33331
181.52.58.143 - - [24/Nov/2020:10:12:08 -0500] "POST /sipse/faces/presentacion/financiero/solicitudProceso/listarSolicitudProceso.xhtml HTTP/1.1" 200 30508
186.83.205.46 - - [24/Nov/2020:10:12:09 -0500] "POST /sipse/faces/presentacion/financiero/solicitudProceso/listarSolicitudProceso.xhtml HTTP/1.1" 200 15816
181.52.58.143 - - [24/Nov/2020:10:12:09 -0500] "POST /sipse/faces/presentacion/financiero/solicitudProceso/listarSolicitudProceso.xhtml HTTP/1.1" 200 8012
186.83.205.46 - - [24/Nov/2020:10:12:10 -0500] "POST /sipse/faces/presentacion/financiero/solicitudProceso/listarSolicitudProceso.xhtml HTTP/1.1" 200 2769
201.245.192.253 - - [24/Nov/2020:10:11:29 -0500] "POST /kwsrmcab/Wsrmcab HTTP/1.1" 200 45931
201.245.192.253 - - [24/Nov/2020:10:11:30 -0500] "POST /kwsrmcab/Wsrmcab HTTP/1.1" 200 46083
186.83.205.46 - - [24/Nov/2020:10:12:11 -0500] "POST /sipse/faces/presentacion/financiero/solicitudProceso/listarSolicitudProceso.xhtml HTTP/1.1" 200 39906
186.83.205.46 - - [24/Nov/2020:10:12:11 -0500] "GET /sipse/faces/javax.faces.resource/jquery/jquery.js?ln=primefaces&v=4.0 HTTP/1.1" 304 -
186.83.205.46 - - [24/Nov/2020:10:12:11 -0500] "GET /sipse/faces/javax.faces.resource/jquery/jquery-plugins.js?ln=primefaces&v=4.0 HTTP/1.1" 304 -
186.83.205.46 - - [24/Nov/2020:10:12:11 -0500] "GET /sipse/faces/javax.faces.resource/primefaces.js?ln=primefaces&v=4.0 HTTP/1.1" 304 -
186.83.205.46 - - [24/Nov/2020:10:12:12 -0500] "GET /sipse/faces/javax.faces.resource/layout/layout.js?ln=primefaces&v=4.0 HTTP/1.1" 304 -
186.83.205.46 - - [24/Nov/2020:10:12:12 -0500] "POST /sipse/faces/presentacion/financiero/solicitudProceso/consultar.xhtml HTTP/1.1" 200 33181
181.52.58.143 - - [24/Nov/2020:10:12:12 -0500] "POST /sipse/faces/presentacion/financiero/solicitudProceso/listarSolicitudProceso.xhtml HTTP/1.1" 200 114362
181.52.58.143 - - [24/Nov/2020:10:12:13 -0500] "GET /sipse/faces/javax.faces.resource/theme.css?ln=primefaces-sipse HTTP/1.1" 304 -
181.52.58.143 - - [24/Nov/2020:10:12:13 -0500] "GET /sipse/faces/javax.faces.resource/primefaces.css?ln=primefaces&v=4.0 HTTP/1.1" 304 -
181.52.58.143 - - [24/Nov/2020:10:12:13 -0500] "GET /sipse/faces/javax.faces.resource/layout/layout.css?ln=primefaces&v=4.0 HTTP/1.1" 304 -
181.52.58.143 - - [24/Nov/2020:10:12:13 -0500] "GET /sipse/faces/javax.faces.resource/jquery/jquery.js?ln=primefaces&v=4.0 HTTP/1.1" 304 -
181.52.58.143 - - [24/Nov/2020:10:12:13 -0500] "GET /sipse/faces/javax.faces.resource/jquery/jquery-plugins.js?ln=primefaces&v=4.0 HTTP/1.1" 304 -
181.52.58.143 - - [24/Nov/2020:10:12:13 -0500] "GET /sipse/faces/javax.faces.resource/primefaces.js?ln=primefaces&v=4.0 HTTP/1.1" 304 -
181.52.58.143 - - [24/Nov/2020:10:12:13 -0500] "GET /sipse/faces/javax.faces.resource/layout/layout.js?ln=primefaces&v=4.0 HTTP/1.1" 304 -
181.52.58.143 - - [24/Nov/2020:10:12:14 -0500] "GET /sipse/faces/javax.faces.resource/dynamiccontent.properties?ln=primefaces&pfdrid=XjOR5%2F%2FfPAZAuY9TpWQeCiM0BhlXxYRBGKi%2FQcXXfeA%3D&pfdrid_c=false HTTP/1.1" 500 383
186.83.205.46 - - [24/Nov/2020:10:12:15 -0500] "POST /sipse/faces/presentacion/financiero/solicitudProceso/consultar.xhtml HTTP/1.1" 200 12781
181.52.58.143 - - [24/Nov/2020:10:12:20 -0500] "POST /sipse/faces/presentacion/financiero/solicitudProceso/consultarSolicitudProceso.xhtml HTTP/1.1" 200 34168
181.52.58.143 - - [24/Nov/2020:10:12:21 -0500] "GET /sipse/faces/javax.faces.resource/theme.css?ln=primefaces-sipse HTTP/1.1" 304 -
181.52.58.143 - - [24/Nov/2020:10:12:21 -0500] "GET /sipse/faces/javax.faces.resource/primefaces.css?ln=primefaces&v=4.0 HTTP/1.1" 304 -
181.52.58.143 - - [24/Nov/2020:10:12:21 -0500] "GET /sipse/faces/javax.faces.resource/layout/layout.css?ln=primefaces&v=4.0 HTTP/1.1" 304 -
181.52.58.143 - - [24/Nov/2020:10:12:21 -0500] "GET /sipse/faces/javax.faces.resource/jquery/jquery.js?ln=primefaces&v=4.0 HTTP/1.1" 304 -
181.52.58.143 - - [24/Nov/2020:10:12:21 -0500] "GET /sipse/faces/javax.faces.resource/jquery/jquery-plugins.js?ln=primefaces&v=4.0 HTTP/1.1" 304 -
181.52.58.143 - - [24/Nov/2020:10:12:21 -0500] "GET /sipse/faces/javax.faces.resource/primefaces.js?ln=primefaces&v=4.0 HTTP/1.1" 304 -
181.52.58.143 - - [24/Nov/2020:10:12:21 -0500] "GET /sipse/faces/javax.faces.resource/layout/layout.js?ln=primefaces&v=4.0 HTTP/1.1" 304 -
186.30.137.124 - - [24/Nov/2020:10:12:22 -0500] "GET /BLA/boletinlegal/js/jquery.scrollShow.js HTTP/1.1" 200 4586
186.30.137.124 - - [24/Nov/2020:10:12:22 -0500] "GET /galeria/galeria/jquery.fancybox.js?v=2.1.5 HTTP/1.1" 200 48706
181.52.58.143 - - [24/Nov/2020:10:12:21 -0500] "POST /sipse/faces/presentacion/financiero/solicitudProceso/listarSolicitudProceso.xhtml HTTP/1.1" 200 27409
186.30.137.124 - - [24/Nov/2020:10:12:23 -0500] "GET /galeria/galeria/jquery.fancybox.css?v=2.1.5 HTTP/1.1" 200 4895
186.30.137.124 - - [24/Nov/2020:10:12:23 -0500] "GET /galeria/carrusel/Carrusel/jquery.thumbnailScroller.css HTTP/1.1" 200 2066
186.30.137.124 - - [24/Nov/2020:10:12:23 -0500] "GET /galeria/carrusel/Carrusel/jquery-ui-1.8.13.custom.min.js HTTP/1.1" 200 10800
186.30.137.124 - - [24/Nov/2020:10:12:23 -0500] "GET /galeria/carrusel/Carrusel/jquery.thumbnailScroller.js HTTP/1.1" 200 8157
190.66.14.194 - - [24/Nov/2020:10:12:24 -0500] "GET /galeria/galeria/jquery.fancybox.css?v=2.1.5 HTTP/1.1" 200 4895
190.66.14.194 - - [24/Nov/2020:10:12:24 -0500] "GET /BLA/boletinlegal/js/jquery.scrollShow.js HTTP/1.1" 200 4586
181.52.58.143 - - [24/Nov/2020:10:12:23 -0500] "POST /sipse/faces/presentacion/financiero/solicitudProceso/listarSolicitudProceso.xhtml HTTP/1.1" 200 27409
190.66.14.194 - - [24/Nov/2020:10:12:24 -0500] "GET /galeria/galeria/jquery.fancybox.js?v=2.1.5 HTTP/1.1" 200 48706
181.52.58.143 - - [24/Nov/2020:10:12:24 -0500] "POST /sipse/faces/presentacion/financiero/solicitudProceso/listarSolicitudProceso.xhtml HTTP/1.1" 200 27409
186.30.137.124 - - [24/Nov/2020:10:12:26 -0500] "GET /galeria/nivo-slider/demo/inicio80.html HTTP/1.1" 200 4210
186.30.137.124 - - [24/Nov/2020:10:12:27 -0500] "GET /galeria/nivo-slider/themes/default/default.css HTTP/1.1" 200 1569
186.30.137.124 - - [24/Nov/2020:10:12:27 -0500] "GET /galeria/nivo-slider/themes/pascal/pascal.css HTTP/1.1" 200 2258
186.30.137.124 - - [24/Nov/2020:10:12:27 -0500] "GET /galeria/nivo-slider/themes/orman/orman.css HTTP/1.1" 200 2152
186.30.137.124 - - [24/Nov/2020:10:12:27 -0500] "GET /galeria/nivo-slider/demo/style.css HTTP/1.1" 200 2222
186.30.137.124 - - [24/Nov/2020:10:12:27 -0500] "GET /galeria/nivo-slider/nivo-slider.css HTTP/1.1" 200 1507
186.30.137.124 - - [24/Nov/2020:10:12:27 -0500] "GET /galeria/nivo-slider/demo/scripts/jquery-1.7.1.min.js HTTP/1.1" 200 93868
186.30.137.124 - - [24/Nov/2020:10:12:27 -0500] "GET /galeria/nivo-slider/demo/images/bannerpreguntas.png HTTP/1.1" 200 196681
186.30.137.124 - - [24/Nov/2020:10:12:27 -0500] "GET /galeria/nivo-slider/jquery.nivo.slider.pack.js HTTP/1.1" 200 11561
186.30.137.124 - - [24/Nov/2020:10:12:27 -0500] "GET /galeria/nivo-slider/demo/images/bannervivero.jpg HTTP/1.1" 200 126098
186.30.137.124 - - [24/Nov/2020:10:12:27 -0500] "GET /galeria/nivo-slider/demo/images/banneraperturahumedales.jpg HTTP/1.1" 200 91161
186.30.137.124 - - [24/Nov/2020:10:12:27 -0500] "GET /galeria/nivo-slider/demo/images/bannertingua2020.png HTTP/1.1" 200 105392
186.30.137.124 - - [24/Nov/2020:10:12:27 -0500] "GET /galeria/nivo-slider/themes/default/loading.gif HTTP/1.1" 200 1737
186.30.137.124 - - [24/Nov/2020:10:12:27 -0500] "GET /galeria/nivo-slider/demo/images/4Simple_Slider.png HTTP/1.1" 200 11722
186.30.137.124 - - [24/Nov/2020:10:12:27 -0500] "GET /galeria/nivo-slider/demo/images/banneratencionpuntos.jpg HTTP/1.1" 200 249106
186.30.137.124 - - [24/Nov/2020:10:12:27 -0500] "GET /galeria/nivo-slider/demo/images/bannerresiduos.jpg HTTP/1.1" 200 155409
186.30.137.124 - - [24/Nov/2020:10:12:27 -0500] "GET /galeria/nivo-slider/demo/images/bannerclasesweb.jpg HTTP/1.1" 200 180765
186.30.137.124 - - [24/Nov/2020:10:12:27 -0500] "GET /galeria/nivo-slider/demo/images/bannerbioseguridad.jpg HTTP/1.1" 200 228661
186.30.137.124 - - [24/Nov/2020:10:12:27 -0500] "GET /galeria/nivo-slider/demo/images/Bannercuidate.jpg HTTP/1.1" 200 75508
186.30.137.124 - - [24/Nov/2020:10:12:27 -0500] "GET /galeria/nivo-slider/demo/images/Banner%20canales%20virtuales.jpg HTTP/1.1" 200 209438
186.30.137.124 - - [24/Nov/2020:10:12:27 -0500] "GET /galeria/nivo-slider/demo/images/bannerbolsas.jpg HTTP/1.1" 200 283727
181.52.58.143 - - [24/Nov/2020:10:12:26 -0500] "POST /sipse/faces/presentacion/financiero/solicitudProceso/listarSolicitudProceso.xhtml HTTP/1.1" 200 27409
186.30.137.124 - - [24/Nov/2020:10:12:27 -0500] "GET /galeria/nivo-slider/themes/default/bullets.png HTTP/1.1" 200 1281
186.30.137.124 - - [24/Nov/2020:10:12:27 -0500] "GET /galeria/nivo-slider/themes/default/arrows.png HTTP/1.1" 200 824
181.52.58.143 - - [24/Nov/2020:10:12:27 -0500] "POST /sipse/faces/presentacion/financiero/solicitudProceso/listarSolicitudProceso.xhtml HTTP/1.1" 200 27409
181.52.58.143 - - [24/Nov/2020:10:12:28 -0500] "POST /sipse/faces/presentacion/financiero/solicitudProceso/listarSolicitudProceso.xhtml HTTP/1.1" 200 27409
191.97.15.202 - - [24/Nov/2020:10:12:31 -0500] "POST /sipse/faces/presentacion/financiero/solicitudProceso/crearModificarSolicitudProceso.xhtml HTTP/1.1" 200 911
200.118.96.252 - - [24/Nov/2020:10:12:31 -0500] "GET /galeria/galeria/jquery.fancybox.js?v=2.1.5 HTTP/1.1" 200 48706
200.118.96.252 - - [24/Nov/2020:10:12:31 -0500] "GET /galeria/galeria/jquery.fancybox.css?v=2.1.5 HTTP/1.1" 200 4895
200.118.96.252 - - [24/Nov/2020:10:12:31 -0500] "GET /BLA/boletinlegal/js/jquery.scrollShow.js HTTP/1.1" 200 4586
181.52.58.143 - - [24/Nov/2020:10:12:30 -0500] "POST /sipse/faces/presentacion/financiero/solicitudProceso/listarSolicitudProceso.xhtml HTTP/1.1" 200 27409
191.97.15.202 - - [24/Nov/2020:10:12:32 -0500] "GET /sipse/faces/presentacion/sistema/anexos/faces/autenticacion HTTP/1.1" 302 -
191.97.15.202 - - [24/Nov/2020:10:12:32 -0500] "GET /sipse/faces/autenticacion.xhtml HTTP/1.1" 200 12174
181.52.58.143 - - [24/Nov/2020:10:12:31 -0500] "POST /sipse/faces/presentacion/financiero/solicitudProceso/listarSolicitudProceso.xhtml HTTP/1.1" 200 27409
191.97.15.202 - - [24/Nov/2020:10:12:33 -0500] "GET /sipse/faces/javax.faces.resource/theme.css?ln=primefaces-sipse HTTP/1.1" 304 -
191.97.15.202 - - [24/Nov/2020:10:12:33 -0500] "GET /sipse/faces/javax.faces.resource/primefaces.css?ln=primefaces&v=4.0 HTTP/1.1" 304 -
191.97.15.202 - - [24/Nov/2020:10:12:33 -0500] "GET /sipse/faces/javax.faces.resource/layout/layout.css?ln=primefaces&v=4.0 HTTP/1.1" 304 -
191.97.15.202 - - [24/Nov/2020:10:12:33 -0500] "GET /sipse/faces/javax.faces.resource/jquery/jquery.js?ln=primefaces&v=4.0 HTTP/1.1" 304 -
191.97.15.202 - - [24/Nov/2020:10:12:33 -0500] "GET /sipse/faces/javax.faces.resource/jquery/jquery-plugins.js?ln=primefaces&v=4.0 HTTP/1.1" 304 -
191.97.15.202 - - [24/Nov/2020:10:12:33 -0500] "GET /sipse/faces/javax.faces.resource/primefaces.js?ln=primefaces&v=4.0 HTTP/1.1" 304 -
191.97.15.202 - - [24/Nov/2020:10:12:33 -0500] "GET /sipse/faces/javax.faces.resource/layout/layout.js?ln=primefaces&v=4.0 HTTP/1.1" 304 -
181.52.58.143 - - [24/Nov/2020:10:12:33 -0500] "POST /sipse/faces/presentacion/financiero/solicitudProceso/listarSolicitudProceso.xhtml HTTP/1.1" 200 27409
181.52.58.143 - - [24/Nov/2020:10:12:33 -0500] "POST /sipse/faces/presentacion/financiero/solicitudProceso/listarSolicitudProceso.xhtml HTTP/1.1" 200 27409
181.52.58.143 - - [24/Nov/2020:10:12:34 -0500] "POST /sipse/faces/presentacion/financiero/solicitudProceso/listarSolicitudProceso.xhtml HTTP/1.1" 200 27409
191.97.15.202 - - [24/Nov/2020:10:12:35 -0500] "POST /sipse/faces/autenticacion.xhtml HTTP/1.1" 200 2220
181.52.58.143 - - [24/Nov/2020:10:12:35 -0500] "POST /sipse/faces/presentacion/financiero/solicitudProceso/listarSolicitudProceso.xhtml HTTP/1.1" 200 27409
181.52.58.143 - - [24/Nov/2020:10:12:36 -0500] "POST /sipse/faces/presentacion/financiero/solicitudProceso/listarSolicitudProceso.xhtml HTTP/1.1" 200 27409
191.97.15.202 - - [24/Nov/2020:10:12:37 -0500] "POST /sipse/faces/autenticacion.xhtml HTTP/1.1" 200 16056
191.97.15.202 - - [24/Nov/2020:10:12:37 -0500] "GET /sipse/faces/javax.faces.resource/theme.css?ln=primefaces-sipse HTTP/1.1" 304 -
191.97.15.202 - - [24/Nov/2020:10:12:37 -0500] "GET /sipse/faces/javax.faces.resource/layout/layout.css?ln=primefaces&v=4.0 HTTP/1.1" 304 -
191.97.15.202 - - [24/Nov/2020:10:12:37 -0500] "GET /sipse/faces/javax.faces.resource/primefaces.css?ln=primefaces&v=4.0 HTTP/1.1" 304 -
181.52.58.143 - - [24/Nov/2020:10:12:37 -0500] "POST /sipse/faces/presentacion/financiero/solicitudProceso/listarSolicitudProceso.xhtml HTTP/1.1" 200 27409
191.97.15.202 - - [24/Nov/2020:10:12:38 -0500] "GET /sipse/faces/javax.faces.resource/jquery/jquery.js?ln=primefaces&v=4.0 HTTP/1.1" 304 -
191.97.15.202 - - [24/Nov/2020:10:12:38 -0500] "GET /sipse/faces/javax.faces.resource/jquery/jquery-plugins.js?ln=primefaces&v=4.0 HTTP/1.1" 304 -
191.97.15.202 - - [24/Nov/2020:10:12:38 -0500] "GET /sipse/faces/javax.faces.resource/primefaces.js?ln=primefaces&v=4.0 HTTP/1.1" 304 -
191.97.15.202 - - [24/Nov/2020:10:12:38 -0500] "GET /sipse/faces/javax.faces.resource/layout/layout.js?ln=primefaces&v=4.0 HTTP/1.1" 304 -
181.52.58.143 - - [24/Nov/2020:10:12:38 -0500] "POST /sipse/faces/presentacion/financiero/solicitudProceso/listarSolicitudProceso.xhtml HTTP/1.1" 200 27409
181.52.58.143 - - [24/Nov/2020:10:12:38 -0500] "POST /sipse/faces/presentacion/financiero/solicitudProceso/listarSolicitudProceso.xhtml HTTP/1.1" 200 27409
181.52.58.143 - - [24/Nov/2020:10:12:39 -0500] "POST /sipse/faces/presentacion/financiero/solicitudProceso/listarSolicitudProceso.xhtml HTTP/1.1" 200 27409
191.97.15.202 - - [24/Nov/2020:10:12:40 -0500] "POST /sipse/faces/bienvenido.xhtml HTTP/1.1" 200 2658
181.52.58.143 - - [24/Nov/2020:10:12:39 -0500] "POST /sipse/faces/presentacion/financiero/solicitudProceso/listarSolicitudProceso.xhtml HTTP/1.1" 200 27409
181.52.58.143 - - [24/Nov/2020:10:12:40 -0500] "POST /sipse/faces/presentacion/financiero/solicitudProceso/listarSolicitudProceso.xhtml HTTP/1.1" 200 27409
191.97.15.202 - - [24/Nov/2020:10:12:40 -0500] "POST /sipse/faces/bienvenido.xhtml HTTP/1.1" 200 61948
191.97.15.202 - - [24/Nov/2020:10:12:41 -0500] "GET /sipse/faces/javax.faces.resource/theme.css?ln=primefaces-sipse HTTP/1.1" 304 -
191.97.15.202 - - [24/Nov/2020:10:12:41 -0500] "GET /sipse/faces/javax.faces.resource/primefaces.css?ln=primefaces&v=4.0 HTTP/1.1" 304 -
191.97.15.202 - - [24/Nov/2020:10:12:41 -0500] "GET /sipse/faces/javax.faces.resource/layout/layout.css?ln=primefaces&v=4.0 HTTP/1.1" 304 -
191.97.15.202 - - [24/Nov/2020:10:12:41 -0500] "GET /sipse/faces/javax.faces.resource/jquery/jquery.js?ln=primefaces&v=4.0 HTTP/1.1" 304 -
191.97.15.202 - - [24/Nov/2020:10:12:41 -0500] "GET /sipse/faces/javax.faces.resource/jquery/jquery-plugins.js?ln=primefaces&v=4.0 HTTP/1.1" 304 -
181.52.58.143 - - [24/Nov/2020:10:12:41 -0500] "POST /sipse/faces/presentacion/financiero/solicitudProceso/listarSolicitudProceso.xhtml HTTP/1.1" 200 27409
191.97.15.202 - - [24/Nov/2020:10:12:42 -0500] "GET /sipse/faces/javax.faces.resource/primefaces.js?ln=primefaces&v=4.0 HTTP/1.1" 304 -
191.97.15.202 - - [24/Nov/2020:10:12:42 -0500] "GET /sipse/faces/javax.faces.resource/layout/layout.js?ln=primefaces&v=4.0 HTTP/1.1" 304 -
191.97.15.202 - - [24/Nov/2020:10:12:42 -0500] "POST /sipse/faces/presentacion/financiero/solicitudProceso/listarSolicitudProceso.xhtml HTTP/1.1" 200 1448
181.52.58.143 - - [24/Nov/2020:10:12:42 -0500] "POST /sipse/faces/presentacion/financiero/solicitudProceso/listarSolicitudProceso.xhtml HTTP/1.1" 200 1344
191.97.15.202 - - [24/Nov/2020:10:12:43 -0500] "POST /sipse/faces/presentacion/financiero/solicitudProceso/listarSolicitudProceso.xhtml HTTP/1.1" 200 58988
191.97.15.202 - - [24/Nov/2020:10:12:44 -0500] "GET /sipse/faces/javax.faces.resource/theme.css?ln=primefaces-sipse HTTP/1.1" 304 -
191.97.15.202 - - [24/Nov/2020:10:12:44 -0500] "GET /sipse/faces/javax.faces.resource/primefaces.css?ln=primefaces&v=4.0 HTTP/1.1" 304 -
191.97.15.202 - - [24/Nov/2020:10:12:44 -0500] "GET /sipse/faces/javax.faces.resource/layout/layout.css?ln=primefaces&v=4.0 HTTP/1.1" 304 -
191.97.15.202 - - [24/Nov/2020:10:12:44 -0500] "GET /sipse/faces/javax.faces.resource/jquery/jquery.js?ln=primefaces&v=4.0 HTTP/1.1" 304 -
191.97.15.202 - - [24/Nov/2020:10:12:44 -0500] "GET /sipse/faces/javax.faces.resource/jquery/jquery-plugins.js?ln=primefaces&v=4.0 HTTP/1.1" 304 -
191.97.15.202 - - [24/Nov/2020:10:12:44 -0500] "GET /sipse/faces/javax.faces.resource/primefaces.js?ln=primefaces&v=4.0 HTTP/1.1" 304 -
191.97.15.202 - - [24/Nov/2020:10:12:44 -0500] "GET /sipse/faces/javax.faces.resource/layout/layout.js?ln=primefaces&v=4.0 HTTP/1.1" 304 -
181.52.58.143 - - [24/Nov/2020:10:12:43 -0500] "POST /sipse/faces/presentacion/financiero/solicitudProceso/listarSolicitudProceso.xhtml HTTP/1.1" 200 1344
181.52.58.143 - - [24/Nov/2020:10:12:44 -0500] "POST /sipse/faces/presentacion/financiero/solicitudProceso/listarSolicitudProceso.xhtml HTTP/1.1" 200 1348
181.52.58.143 - - [24/Nov/2020:10:12:45 -0500] "POST /sipse/faces/presentacion/financiero/solicitudProceso/listarSolicitudProceso.xhtml HTTP/1.1" 200 1344
181.52.58.143 - - [24/Nov/2020:10:12:45 -0500] "POST /sipse/faces/presentacion/financiero/solicitudProceso/listarSolicitudProceso.xhtml HTTP/1.1" 200 1344
181.52.58.143 - - [24/Nov/2020:10:12:46 -0500] "POST /sipse/faces/presentacion/financiero/solicitudProceso/listarSolicitudProceso.xhtml HTTP/1.1" 200 1344
80.63.77.6 - - [24/Nov/2020:10:12:46 -0500] "GET /BLA/boletinlegal/js/jquery.scrollShow.js HTTP/1.1" 200 4586
80.63.77.6 - - [24/Nov/2020:10:12:47 -0500] "GET /galeria/galeria/jquery.fancybox.js?v=2.1.5 HTTP/1.1" 200 48706
80.63.77.6 - - [24/Nov/2020:10:12:47 -0500] "GET /galeria/galeria/jquery.fancybox.css?v=2.1.5 HTTP/1.1" 200 4895
181.52.58.143 - - [24/Nov/2020:10:12:46 -0500] "POST /sipse/faces/presentacion/financiero/solicitudProceso/listarSolicitudProceso.xhtml HTTP/1.1" 200 1344
80.63.77.6 - - [24/Nov/2020:10:12:47 -0500] "GET /galeria/carrusel/Carrusel/jquery.thumbnailScroller.css HTTP/1.1" 200 2066
80.63.77.6 - - [24/Nov/2020:10:12:47 -0500] "GET /galeria/carrusel/Carrusel/jquery-ui-1.8.13.custom.min.js HTTP/1.1" 200 10800
80.63.77.6 - - [24/Nov/2020:10:12:47 -0500] "GET /galeria/carrusel/Carrusel/jquery.thumbnailScroller.js HTTP/1.1" 200 8157
181.52.58.143 - - [24/Nov/2020:10:12:47 -0500] "POST /sipse/faces/presentacion/financiero/solicitudProceso/listarSolicitudProceso.xhtml HTTP/1.1" 200 1344
191.97.15.202 - - [24/Nov/2020:10:12:48 -0500] "POST /sipse/faces/presentacion/financiero/solicitudProceso/crearModificarSolicitudProceso.xhtml HTTP/1.1" 200 27409
181.52.58.143 - - [24/Nov/2020:10:12:47 -0500] "POST /sipse/faces/presentacion/financiero/solicitudProceso/listarSolicitudProceso.xhtml HTTP/1.1" 200 1344
181.52.58.143 - - [24/Nov/2020:10:12:48 -0500] "POST /sipse/faces/presentacion/financiero/solicitudProceso/listarSolicitudProceso.xhtml HTTP/1.1" 200 1344
181.52.58.143 - - [24/Nov/2020:10:12:48 -0500] "POST /sipse/faces/presentacion/financiero/solicitudProceso/listarSolicitudProceso.xhtml HTTP/1.1" 200 1344
181.52.58.143 - - [24/Nov/2020:10:12:49 -0500] "POST /sipse/faces/presentacion/financiero/solicitudProceso/listarSolicitudProceso.xhtml HTTP/1.1" 200 1344
181.52.58.143 - - [24/Nov/2020:10:12:49 -0500] "POST /sipse/faces/presentacion/financiero/solicitudProceso/listarSolicitudProceso.xhtml HTTP/1.1" 200 1344
181.52.58.143 - - [24/Nov/2020:10:12:50 -0500] "POST /sipse/faces/presentacion/financiero/solicitudProceso/listarSolicitudProceso.xhtml HTTP/1.1" 200 1344
181.52.58.143 - - [24/Nov/2020:10:12:50 -0500] "POST /sipse/faces/presentacion/financiero/solicitudProceso/listarSolicitudProceso.xhtml HTTP/1.1" 200 1344
181.52.58.143 - - [24/Nov/2020:10:12:51 -0500] "POST /sipse/faces/presentacion/financiero/solicitudProceso/listarSolicitudProceso.xhtml HTTP/1.1" 200 1344
181.52.58.143 - - [24/Nov/2020:10:12:51 -0500] "POST /sipse/faces/presentacion/financiero/solicitudProceso/listarSolicitudProceso.xhtml HTTP/1.1" 200 1344
181.52.58.143 - - [24/Nov/2020:10:12:52 -0500] "POST /sipse/faces/presentacion/financiero/solicitudProceso/listarSolicitudProceso.xhtml HTTP/1.1" 200 1344
181.52.58.143 - - [24/Nov/2020:10:12:52 -0500] "POST /sipse/faces/presentacion/financiero/solicitudProceso/listarSolicitudProceso.xhtml HTTP/1.1" 200 1344
181.52.58.143 - - [24/Nov/2020:10:12:53 -0500] "POST /sipse/faces/presentacion/financiero/solicitudProceso/listarSolicitudProceso.xhtml HTTP/1.1" 200 1344
201.245.192.253 - - [24/Nov/2020:10:12:12 -0500] "POST /kwsrmcab/Wsrmcab HTTP/1.1" 200 45931
181.52.58.143 - - [24/Nov/2020:10:12:53 -0500] "POST /sipse/faces/presentacion/financiero/solicitudProceso/listarSolicitudProceso.xhtml HTTP/1.1" 200 1344
181.52.58.143 - - [24/Nov/2020:10:13:00 -0500] "POST /sipse/faces/presentacion/financiero/solicitudProceso/listarSolicitudProceso.xhtml HTTP/1.1" 200 33328
181.52.58.143 - - [24/Nov/2020:10:13:00 -0500] "POST /sipse/faces/presentacion/financiero/solicitudProceso/listarSolicitudProceso.xhtml HTTP/1.1" 200 33332
181.52.58.143 - - [24/Nov/2020:10:13:02 -0500] "POST /sipse/faces/presentacion/financiero/solicitudProceso/listarSolicitudProceso.xhtml HTTP/1.1" 200 33327
181.52.58.143 - - [24/Nov/2020:10:13:03 -0500] "POST /sipse/faces/presentacion/financiero/solicitudProceso/listarSolicitudProceso.xhtml HTTP/1.1" 200 33335
181.52.58.143 - - [24/Nov/2020:10:13:04 -0500] "POST /sipse/faces/presentacion/financiero/solicitudProceso/listarSolicitudProceso.xhtml HTTP/1.1" 200 27527
181.52.58.143 - - [24/Nov/2020:10:13:04 -0500] "POST /sipse/faces/presentacion/financiero/solicitudProceso/listarSolicitudProceso.xhtml HTTP/1.1" 200 7998
186.82.85.175 - - [24/Nov/2020:10:13:08 -0500] "GET /galeria/galeria/jquery.fancybox.css?v=2.1.5 HTTP/1.1" 200 4895
186.82.85.175 - - [24/Nov/2020:10:13:08 -0500] "GET /BLA/boletinlegal/js/jquery.scrollShow.js HTTP/1.1" 200 4586
186.82.85.175 - - [24/Nov/2020:10:13:08 -0500] "GET /galeria/galeria/jquery.fancybox.js?v=2.1.5 HTTP/1.1" 200 48706
190.25.64.22 - - [24/Nov/2020:10:13:07 -0500] "GET /sipse/faces/autenticacion.xhtml HTTP/1.1" 200 12182
190.25.64.22 - - [24/Nov/2020:10:13:08 -0500] "GET /sipse/css/custom_css_sg.css HTTP/1.1" 304 -
190.25.64.22 - - [24/Nov/2020:10:13:08 -0500] "GET /sipse/faces/javax.faces.resource/primefaces.js?ln=primefaces&v=4.0 HTTP/1.1" 304 -
190.25.64.22 - - [24/Nov/2020:10:13:08 -0500] "GET /sipse/css/custom_css_sg_prime_login.css HTTP/1.1" 304 -
190.25.64.22 - - [24/Nov/2020:10:13:08 -0500] "GET /sipse/faces/javax.faces.resource/theme.css?ln=primefaces-sipse HTTP/1.1" 304 -
190.25.64.22 - - [24/Nov/2020:10:13:08 -0500] "GET /sipse/faces/javax.faces.resource/primefaces.css?ln=primefaces&v=4.0 HTTP/1.1" 304 -
190.25.64.22 - - [24/Nov/2020:10:13:08 -0500] "GET /sipse/faces/javax.faces.resource/layout/layout.css?ln=primefaces&v=4.0 HTTP/1.1" 304 -
190.25.64.22 - - [24/Nov/2020:10:13:08 -0500] "GET /sipse/faces/javax.faces.resource/jquery/jquery.js?ln=primefaces&v=4.0 HTTP/1.1" 304 -
190.25.64.22 - - [24/Nov/2020:10:13:08 -0500] "GET /sipse/faces/javax.faces.resource/jquery/jquery-plugins.js?ln=primefaces&v=4.0 HTTP/1.1" 304 -
190.25.64.22 - - [24/Nov/2020:10:13:08 -0500] "GET /sipse/faces/javax.faces.resource/layout/layout.js?ln=primefaces&v=4.0 HTTP/1.1" 304 -
190.25.64.22 - - [24/Nov/2020:10:13:08 -0500] "GET /sipse/css/imagen/loginimg.png HTTP/1.1" 304 -
190.25.64.22 - - [24/Nov/2020:10:13:08 -0500] "GET /sipse/css/imagen/logoSDG.png HTTP/1.1" 304 -
190.25.64.22 - - [24/Nov/2020:10:13:08 -0500] "GET /sipse/faces/javax.faces.resource/images/ui-icons_898989_256x240.png?ln=primefaces-aristo HTTP/1.1" 304 -
190.25.64.22 - - [24/Nov/2020:10:13:08 -0500] "GET /sipse/faces/index.xhtml HTTP/1.1" 200 677
190.25.64.22 - - [24/Nov/2020:10:13:08 -0500] "GET /sipse/faces/javax.faces.resource/theme.css?ln=primefaces-sipse HTTP/1.1" 304 -
190.25.64.22 - - [24/Nov/2020:10:13:08 -0500] "GET /sipse/faces/faces/autenticacion.xhtml HTTP/1.1" 200 12182
190.25.64.22 - - [24/Nov/2020:10:13:08 -0500] "GET /sipse/faces/javax.faces.resource/primefaces.css?ln=primefaces&v=4.0 HTTP/1.1" 304 -
190.25.64.22 - - [24/Nov/2020:10:13:08 -0500] "GET /sipse/faces/javax.faces.resource/theme.css?ln=primefaces-sipse HTTP/1.1" 304 -
190.25.64.22 - - [24/Nov/2020:10:13:08 -0500] "GET /sipse/faces/javax.faces.resource/jquery/jquery.js?ln=primefaces&v=4.0 HTTP/1.1" 304 -
190.25.64.22 - - [24/Nov/2020:10:13:08 -0500] "GET /sipse/faces/javax.faces.resource/layout/layout.css?ln=primefaces&v=4.0 HTTP/1.1" 304 -
190.25.64.22 - - [24/Nov/2020:10:13:08 -0500] "GET /sipse/faces/javax.faces.resource/primefaces.js?ln=primefaces&v=4.0 HTTP/1.1" 304 -
190.25.64.22 - - [24/Nov/2020:10:13:08 -0500] "GET /sipse/faces/javax.faces.resource/jquery/jquery-plugins.js?ln=primefaces&v=4.0 HTTP/1.1" 304 -
190.25.64.22 - - [24/Nov/2020:10:13:08 -0500] "GET /sipse/faces/javax.faces.resource/layout/layout.js?ln=primefaces&v=4.0 HTTP/1.1" 304 -
190.25.64.22 - - [24/Nov/2020:10:13:08 -0500] "GET /sipse/faces/javax.faces.resource/images/ui-icons_898989_256x240.png?ln=primefaces-aristo HTTP/1.1" 304 -
181.52.58.143 - - [24/Nov/2020:10:13:08 -0500] "POST /sipse/faces/presentacion/financiero/solicitudProceso/listarSolicitudProceso.xhtml HTTP/1.1" 200 114349
181.52.58.143 - - [24/Nov/2020:10:13:09 -0500] "GET /sipse/faces/javax.faces.resource/theme.css?ln=primefaces-sipse HTTP/1.1" 304 -
181.52.58.143 - - [24/Nov/2020:10:13:09 -0500] "GET /sipse/faces/javax.faces.resource/layout/layout.css?ln=primefaces&v=4.0 HTTP/1.1" 304 -
181.52.58.143 - - [24/Nov/2020:10:13:09 -0500] "GET /sipse/faces/javax.faces.resource/primefaces.css?ln=primefaces&v=4.0 HTTP/1.1" 304 -
181.52.58.143 - - [24/Nov/2020:10:13:09 -0500] "GET /sipse/faces/javax.faces.resource/jquery/jquery.js?ln=primefaces&v=4.0 HTTP/1.1" 304 -
181.52.58.143 - - [24/Nov/2020:10:13:09 -0500] "GET /sipse/faces/javax.faces.resource/jquery/jquery-plugins.js?ln=primefaces&v=4.0 HTTP/1.1" 304 -
181.52.58.143 - - [24/Nov/2020:10:13:09 -0500] "GET /sipse/faces/javax.faces.resource/primefaces.js?ln=primefaces&v=4.0 HTTP/1.1" 304 -
181.52.58.143 - - [24/Nov/2020:10:13:09 -0500] "GET /sipse/faces/javax.faces.resource/layout/layout.js?ln=primefaces&v=4.0 HTTP/1.1" 304 -
181.52.58.143 - - [24/Nov/2020:10:13:09 -0500] "GET /sipse/faces/javax.faces.resource/dynamiccontent.properties?ln=primefaces&pfdrid=XjOR5%2F%2FfPAZAuY9TpWQeCiM0BhlXxYRBGKi%2FQcXXfeA%3D&pfdrid_c=false HTTP/1.1" 500 383
190.25.64.22 - - [24/Nov/2020:10:13:10 -0500] "POST /sipse/faces/autenticacion.xhtml HTTP/1.1" 200 16502
190.25.64.22 - - [24/Nov/2020:10:13:10 -0500] "GET /sipse/css/custom_css_sg_prime.css HTTP/1.1" 304 -
190.25.64.22 - - [24/Nov/2020:10:13:10 -0500] "GET /sipse/faces/javax.faces.resource/jquery/jquery.js?ln=primefaces&v=4.0 HTTP/1.1" 304 -
190.25.64.22 - - [24/Nov/2020:10:13:10 -0500] "GET /sipse/faces/javax.faces.resource/jquery/jquery-plugins.js?ln=primefaces&v=4.0 HTTP/1.1" 304 -
190.25.64.22 - - [24/Nov/2020:10:13:10 -0500] "GET /sipse/faces/javax.faces.resource/primefaces.js?ln=primefaces&v=4.0 HTTP/1.1" 304 -
190.25.64.22 - - [24/Nov/2020:10:13:10 -0500] "GET /sipse/faces/javax.faces.resource/layout/layout.js?ln=primefaces&v=4.0 HTTP/1.1" 304 -
190.25.64.22 - - [24/Nov/2020:10:13:11 -0500] "GET /sipse/imagenes/logoAplicacion.jpg HTTP/1.1" 304 -
190.25.64.22 - - [24/Nov/2020:10:13:11 -0500] "GET /sipse/imagenes/cargando.gif HTTP/1.1" 304 -
190.25.64.22 - - [24/Nov/2020:10:13:11 -0500] "GET /sipse/css/imagen/contrasena.png HTTP/1.1" 404 383
190.25.64.22 - - [24/Nov/2020:10:13:11 -0500] "GET /sipse/faces/javax.faces.resource/messages/messages.png?ln=primefaces&v=4.0 HTTP/1.1" 304 -
190.25.64.22 - - [24/Nov/2020:10:13:12 -0500] "GET /sipse/faces/javax.faces.resource/images/ui-bg_flat_0_2d5972_40x100.png?ln=primefaces-aristo HTTP/1.1" 304 -
190.25.64.22 - - [24/Nov/2020:10:13:12 -0500] "POST /sipse/faces/bienvenido.xhtml HTTP/1.1" 200 1471
190.25.64.22 - - [24/Nov/2020:10:13:13 -0500] "POST /sipse/faces/bienvenido.xhtml HTTP/1.1" 200 35208
190.25.64.22 - - [24/Nov/2020:10:13:13 -0500] "GET /sipse/faces/javax.faces.resource/jquery/jquery.js?ln=primefaces&v=4.0 HTTP/1.1" 304 -
190.25.64.22 - - [24/Nov/2020:10:13:13 -0500] "GET /sipse/faces/javax.faces.resource/jquery/jquery-plugins.js?ln=primefaces&v=4.0 HTTP/1.1" 304 -
190.25.64.22 - - [24/Nov/2020:10:13:13 -0500] "GET /sipse/faces/javax.faces.resource/primefaces.js?ln=primefaces&v=4.0 HTTP/1.1" 304 -
190.25.64.22 - - [24/Nov/2020:10:13:13 -0500] "GET /sipse/faces/javax.faces.resource/layout/layout.js?ln=primefaces&v=4.0 HTTP/1.1" 304 -
190.25.64.22 - - [24/Nov/2020:10:13:13 -0500] "POST /sipse/faces/presentacion/financiero/solicitudProceso/listarSolicitudProceso.xhtml HTTP/1.1" 200 1360
181.52.58.143 - - [24/Nov/2020:10:13:20 -0500] "POST /sipse/faces/presentacion/financiero/solicitudProceso/consultarSolicitudProceso.xhtml HTTP/1.1" 200 34150
181.52.58.143 - - [24/Nov/2020:10:13:21 -0500] "GET /sipse/faces/javax.faces.resource/primefaces.css?ln=primefaces&v=4.0 HTTP/1.1" 304 -
181.52.58.143 - - [24/Nov/2020:10:13:21 -0500] "GET /sipse/faces/javax.faces.resource/theme.css?ln=primefaces-sipse HTTP/1.1" 304 -
181.52.58.143 - - [24/Nov/2020:10:13:21 -0500] "GET /sipse/faces/javax.faces.resource/layout/layout.css?ln=primefaces&v=4.0 HTTP/1.1" 304 -
181.52.58.143 - - [24/Nov/2020:10:13:21 -0500] "GET /sipse/faces/javax.faces.resource/jquery/jquery.js?ln=primefaces&v=4.0 HTTP/1.1" 304 -
181.52.58.143 - - [24/Nov/2020:10:13:21 -0500] "GET /sipse/faces/javax.faces.resource/jquery/jquery-plugins.js?ln=primefaces&v=4.0 HTTP/1.1" 304 -
181.52.58.143 - - [24/Nov/2020:10:13:21 -0500] "GET /sipse/faces/javax.faces.resource/primefaces.js?ln=primefaces&v=4.0 HTTP/1.1" 304 -
181.52.58.143 - - [24/Nov/2020:10:13:21 -0500] "GET /sipse/faces/javax.faces.resource/layout/layout.js?ln=primefaces&v=4.0 HTTP/1.1" 304 -
181.52.58.143 - - [24/Nov/2020:10:13:21 -0500] "POST /sipse/faces/presentacion/financiero/solicitudProceso/listarSolicitudProceso.xhtml HTTP/1.1" 200 27391
181.52.58.143 - - [24/Nov/2020:10:13:22 -0500] "POST /sipse/faces/presentacion/financiero/solicitudProceso/listarSolicitudProceso.xhtml HTTP/1.1" 200 27391
181.52.58.143 - - [24/Nov/2020:10:13:23 -0500] "POST /sipse/faces/presentacion/financiero/solicitudProceso/listarSolicitudProceso.xhtml HTTP/1.1" 200 27391
181.52.58.143 - - [24/Nov/2020:10:13:23 -0500] "POST /sipse/faces/presentacion/financiero/solicitudProceso/listarSolicitudProceso.xhtml HTTP/1.1" 200 27391
181.52.58.143 - - [24/Nov/2020:10:13:24 -0500] "POST /sipse/faces/presentacion/financiero/solicitudProceso/listarSolicitudProceso.xhtml HTTP/1.1" 200 27391
181.52.58.143 - - [24/Nov/2020:10:13:24 -0500] "POST /sipse/faces/presentacion/financiero/solicitudProceso/listarSolicitudProceso.xhtml HTTP/1.1" 200 27391
181.52.58.143 - - [24/Nov/2020:10:13:25 -0500] "POST /sipse/faces/presentacion/financiero/solicitudProceso/listarSolicitudProceso.xhtml HTTP/1.1" 200 27391
181.52.58.143 - - [24/Nov/2020:10:13:26 -0500] "POST /sipse/faces/presentacion/financiero/solicitudProceso/listarSolicitudProceso.xhtml HTTP/1.1" 200 27391
181.52.58.143 - - [24/Nov/2020:10:13:26 -0500] "POST /sipse/faces/presentacion/financiero/solicitudProceso/listarSolicitudProceso.xhtml HTTP/1.1" 200 27391
181.52.58.143 - - [24/Nov/2020:10:13:27 -0500] "POST /sipse/faces/presentacion/financiero/solicitudProceso/listarSolicitudProceso.xhtml HTTP/1.1" 200 27391
181.52.58.143 - - [24/Nov/2020:10:13:27 -0500] "POST /sipse/faces/presentacion/financiero/solicitudProceso/listarSolicitudProceso.xhtml HTTP/1.1" 200 27391
191.97.15.202 - - [24/Nov/2020:10:13:28 -0500] "POST /sipse/faces/presentacion/financiero/solicitudProceso/crearModificarSolicitudProceso.xhtml HTTP/1.1" 200 9412
181.52.58.143 - - [24/Nov/2020:10:13:28 -0500] "POST /sipse/faces/presentacion/financiero/solicitudProceso/listarSolicitudProceso.xhtml HTTP/1.1" 200 27391
181.52.58.143 - - [24/Nov/2020:10:13:28 -0500] "POST /sipse/faces/presentacion/financiero/solicitudProceso/listarSolicitudProceso.xhtml HTTP/1.1" 200 27391
181.52.58.143 - - [24/Nov/2020:10:13:29 -0500] "POST /sipse/faces/presentacion/financiero/solicitudProceso/listarSolicitudProceso.xhtml HTTP/1.1" 200 27391
181.52.58.143 - - [24/Nov/2020:10:13:29 -0500] "POST /sipse/faces/presentacion/financiero/solicitudProceso/listarSolicitudProceso.xhtml HTTP/1.1" 200 27391
181.52.58.143 - - [24/Nov/2020:10:13:30 -0500] "POST /sipse/faces/presentacion/financiero/solicitudProceso/listarSolicitudProceso.xhtml HTTP/1.1" 200 27391
181.52.58.143 - - [24/Nov/2020:10:13:31 -0500] "POST /sipse/faces/presentacion/financiero/solicitudProceso/listarSolicitudProceso.xhtml HTTP/1.1" 200 27391
181.52.58.143 - - [24/Nov/2020:10:13:31 -0500] "POST /sipse/faces/presentacion/financiero/solicitudProceso/listarSolicitudProceso.xhtml HTTP/1.1" 200 27391
