186.155.17.250 - - [05/Dec/2020:02:52:26 -0500] "GET /BLA/resoluciones/AUTOS%202009/1595.pdf HTTP/1.1" 200 126401
66.249.66.205 - - [05/Dec/2020:02:52:31 -0500] "GET /BLA/resoluciones/RESOLUCIONES%202009/5805.pdf HTTP/1.1" 200 171107
181.53.13.100 - - [05/Dec/2020:02:52:45 -0500] "GET /galeria/galeria/jquery.fancybox.css?v=2.1.5 HTTP/1.1" 200 4895
181.53.13.100 - - [05/Dec/2020:02:52:45 -0500] "GET /BLA/boletinlegal/js/jquery.scrollShow.js HTTP/1.1" 200 4586
181.53.13.100 - - [05/Dec/2020:02:52:45 -0500] "GET /galeria/galeria/jquery.fancybox.js?v=2.1.5 HTTP/1.1" 200 48706
168.228.166.244 - - [05/Dec/2020:02:52:48 -0500] "GET / HTTP/1.1" 200 9990
66.249.66.207 - - [05/Dec/2020:02:53:01 -0500] "GET /BLA/resoluciones/AUTOS%202017/4516.pdf HTTP/1.1" 200 15180333
66.249.66.205 - - [05/Dec/2020:02:53:14 -0500] "GET /BLA/resoluciones/RESOLUCIONES%202008/3167.pdf HTTP/1.1" 200 251574
181.55.144.147 - - [05/Dec/2020:02:53:21 -0500] "GET /galeria/galeria/jquery.fancybox.css?v=2.1.5 HTTP/1.1" 200 4895
181.55.144.147 - - [05/Dec/2020:02:53:21 -0500] "GET /BLA/boletinlegal/js/jquery.scrollShow.js HTTP/1.1" 200 4586
181.55.144.147 - - [05/Dec/2020:02:53:21 -0500] "GET /galeria/galeria/jquery.fancybox.js?v=2.1.5 HTTP/1.1" 200 48706
186.113.10.143 - - [05/Dec/2020:02:53:23 -0500] "GET /galeria/nivo-slider/demo/images/bannertinguaweb.jpg HTTP/1.1" 304 -
157.55.39.212 - - [05/Dec/2020:02:53:24 -0500] "GET /Autoliquidacion/index.php?dir=Grupo%20Forestal%20-%20Industria%20de%20la%20Madera/&sort=name&order=asc HTTP/1.1" 200 5307
69.162.124.227 - - [05/Dec/2020:02:53:28 -0500] "HEAD / HTTP/1.1" 200 -
201.245.192.253 - - [05/Dec/2020:02:52:51 -0500] "POST /kwsrmcab/Wsrmcab HTTP/1.1" 200 113058
114.119.135.169 - - [05/Dec/2020:02:53:44 -0500] "GET /BLA/resoluciones/RESOLUCIONES%202015/1959.pdf HTTP/1.1" 200 665233
66.249.66.207 - - [05/Dec/2020:02:53:57 -0500] "GET /BLA/resoluciones/AUTOS%202012/3002.pdf HTTP/1.1" 200 2442265
181.48.254.74 - - [05/Dec/2020:02:55:04 -0500] "GET /BLA/resoluciones/ HTTP/1.1" 200 12275
181.48.254.74 - - [05/Dec/2020:02:55:05 -0500] "GET /BLA/resoluciones/dlf/folder.png HTTP/1.1" 200 410
181.48.254.74 - - [05/Dec/2020:02:55:05 -0500] "GET /BLA/resoluciones/dlf/styles.css HTTP/1.1" 200 3049
181.48.254.74 - - [05/Dec/2020:02:55:05 -0500] "GET /BLA/resoluciones/dlf/bg.gif HTTP/1.1" 200 54
66.249.66.205 - - [05/Dec/2020:02:55:17 -0500] "GET /BLA/resoluciones/AUTOS%202007/2054.pdf HTTP/1.1" 200 174888
190.130.89.87 - - [05/Dec/2020:02:55:19 -0500] "GET /BLA/boletinlegal/js/jquery.scrollShow.js HTTP/1.1" 200 4586
190.130.89.87 - - [05/Dec/2020:02:55:19 -0500] "GET /galeria/galeria/jquery.fancybox.css?v=2.1.5 HTTP/1.1" 200 4895
190.130.89.87 - - [05/Dec/2020:02:55:19 -0500] "GET /galeria/galeria/jquery.fancybox.js?v=2.1.5 HTTP/1.1" 200 48706
161.10.24.188 - - [05/Dec/2020:02:55:56 -0500] "GET /galeria/galeria/jquery.fancybox.css?v=2.1.5 HTTP/1.1" 200 4895
161.10.24.188 - - [05/Dec/2020:02:55:56 -0500] "GET /BLA/boletinlegal/js/jquery.scrollShow.js HTTP/1.1" 200 4586
161.10.24.188 - - [05/Dec/2020:02:55:56 -0500] "GET /galeria/galeria/jquery.fancybox.js?v=2.1.5 HTTP/1.1" 200 48706
192.168.175.225 - - [05/Dec/2020:02:56:35 -0500] "GET / HTTP/1.1" 200 9990
190.146.134.20 - - [05/Dec/2020:02:56:35 -0500] "GET /galeria/galeria/jquery.fancybox.css?v=2.1.5 HTTP/1.1" 200 4895
190.146.134.20 - - [05/Dec/2020:02:56:35 -0500] "GET /BLA/boletinlegal/js/jquery.scrollShow.js HTTP/1.1" 200 4586
190.146.134.20 - - [05/Dec/2020:02:56:35 -0500] "GET /galeria/galeria/jquery.fancybox.js?v=2.1.5 HTTP/1.1" 200 48706
186.155.17.250 - - [05/Dec/2020:02:57:22 -0500] "GET /BLA/resoluciones/AUTOS%202009/2000.pdf HTTP/1.1" 200 99343
186.155.17.250 - - [05/Dec/2020:02:57:28 -0500] "GET /BLA/resoluciones/index.php?dir=RESOLUCIONES+2009%2F HTTP/1.1" 200 1694101
186.155.17.250 - - [05/Dec/2020:02:57:35 -0500] "GET /BLA/resoluciones/RESOLUCIONES%202009/2000.pdf HTTP/1.1" 200 623555
66.249.66.145 - - [05/Dec/2020:02:58:08 -0500] "GET /Autoliquidacion/Solicitudes%20relacionadas%20con%20ocupaci%C3%B3n%20de%20cauce/Aplicativo.html HTTP/1.1" 200 359
69.162.124.227 - - [05/Dec/2020:02:58:28 -0500] "HEAD / HTTP/1.1" 200 -
66.249.66.207 - - [05/Dec/2020:02:58:38 -0500] "GET /BLA/resoluciones/RESOLUCIONES%202009/5653.pdf HTTP/1.1" 200 674959
114.119.153.118 - - [05/Dec/2020:02:58:54 -0500] "GET /BLA/resoluciones/RESOLUCIONES%202009/2075.pdf HTTP/1.1" 200 664005
179.33.93.113 - - [05/Dec/2020:02:59:31 -0500] "GET /galeria/galeria/jquery.fancybox.css?v=2.1.5 HTTP/1.1" 200 4895
179.33.93.113 - - [05/Dec/2020:02:59:31 -0500] "GET /BLA/boletinlegal/js/jquery.scrollShow.js HTTP/1.1" 200 4586
179.33.93.113 - - [05/Dec/2020:02:59:31 -0500] "GET /galeria/galeria/jquery.fancybox.js?v=2.1.5 HTTP/1.1" 200 48706
186.155.17.250 - - [05/Dec/2020:02:59:49 -0500] "GET /BLA/resoluciones/RESOLUCIONES%202009/7199.pdf HTTP/1.1" 200 1127173
186.155.17.250 - - [05/Dec/2020:02:59:50 -0500] "GET /BLA/resoluciones/RESOLUCIONES%202009/7199.pdf HTTP/1.1" 206 13061
186.155.105.184 - - [05/Dec/2020:02:59:50 -0500] "GET /BLA/boletinlegal/js/jquery.scrollShow.js HTTP/1.1" 200 4586
186.155.105.184 - - [05/Dec/2020:02:59:50 -0500] "GET /galeria/galeria/jquery.fancybox.js?v=2.1.5 HTTP/1.1" 200 48706
186.155.105.184 - - [05/Dec/2020:02:59:50 -0500] "GET /galeria/galeria/jquery.fancybox.css?v=2.1.5 HTTP/1.1" 200 4895
186.155.105.184 - - [05/Dec/2020:03:00:01 -0500] "GET /BLA/boletinlegal/js/jquery.scrollShow.js HTTP/1.1" 304 -
186.155.105.184 - - [05/Dec/2020:03:00:01 -0500] "GET /galeria/galeria/jquery.fancybox.css?v=2.1.5 HTTP/1.1" 304 -
186.155.105.184 - - [05/Dec/2020:03:00:01 -0500] "GET /galeria/galeria/jquery.fancybox.js?v=2.1.5 HTTP/1.1" 304 -
186.102.32.72 - - [05/Dec/2020:03:00:04 -0500] "GET /galeria/galeria/jquery.fancybox.css?v=2.1.5 HTTP/1.1" 200 4895
186.102.32.72 - - [05/Dec/2020:03:00:04 -0500] "GET /BLA/boletinlegal/js/jquery.scrollShow.js HTTP/1.1" 200 4586
186.102.32.72 - - [05/Dec/2020:03:00:04 -0500] "GET /galeria/galeria/jquery.fancybox.js?v=2.1.5 HTTP/1.1" 200 48706
186.102.32.72 - - [05/Dec/2020:03:00:06 -0500] "GET /galeria/carrusel/Carrusel/jquery.thumbnailScroller.css HTTP/1.1" 200 2066
186.102.32.72 - - [05/Dec/2020:03:00:06 -0500] "GET /galeria/carrusel/Carrusel/jquery-ui-1.8.13.custom.min.js HTTP/1.1" 200 10800
186.102.32.72 - - [05/Dec/2020:03:00:06 -0500] "GET /galeria/carrusel/Carrusel/jquery.thumbnailScroller.js HTTP/1.1" 200 8157
186.102.32.72 - - [05/Dec/2020:03:00:06 -0500] "GET /galeria/nivo-slider/demo/inicio80.html HTTP/1.1" 200 4663
186.102.32.72 - - [05/Dec/2020:03:00:07 -0500] "GET /galeria/nivo-slider/themes/default/default.css HTTP/1.1" 200 1569
186.102.32.72 - - [05/Dec/2020:03:00:07 -0500] "GET /galeria/nivo-slider/themes/pascal/pascal.css HTTP/1.1" 200 2258
186.102.32.72 - - [05/Dec/2020:03:00:07 -0500] "GET /galeria/nivo-slider/themes/orman/orman.css HTTP/1.1" 200 2152
186.102.32.72 - - [05/Dec/2020:03:00:07 -0500] "GET /galeria/nivo-slider/demo/style.css HTTP/1.1" 200 2222
186.102.32.72 - - [05/Dec/2020:03:00:07 -0500] "GET /galeria/nivo-slider/nivo-slider.css HTTP/1.1" 200 1507
186.102.32.72 - - [05/Dec/2020:03:00:07 -0500] "GET /galeria/nivo-slider/jquery.nivo.slider.pack.js HTTP/1.1" 200 11561
186.102.32.72 - - [05/Dec/2020:03:00:07 -0500] "GET /galeria/nivo-slider/demo/scripts/jquery-1.7.1.min.js HTTP/1.1" 200 93868
186.102.32.72 - - [05/Dec/2020:03:00:07 -0500] "GET /galeria/nivo-slider/demo/images/bannerdisrito.jpg HTTP/1.1" 200 278984
186.102.32.72 - - [05/Dec/2020:03:00:07 -0500] "GET /galeria/nivo-slider/demo/images/banner2020acercar.jpg HTTP/1.1" 200 180505
186.102.32.72 - - [05/Dec/2020:03:00:07 -0500] "GET /galeria/nivo-slider/demo/images/bannermusgo2020.jpg HTTP/1.1" 200 78281
186.102.32.72 - - [05/Dec/2020:03:00:07 -0500] "GET /galeria/nivo-slider/demo/images/bannervivero.jpg HTTP/1.1" 200 126098
186.102.32.72 - - [05/Dec/2020:03:00:07 -0500] "GET /galeria/nivo-slider/demo/images/bannerarbol.jpg HTTP/1.1" 200 109125
186.102.32.72 - - [05/Dec/2020:03:00:07 -0500] "GET /galeria/nivo-slider/demo/images/banneraperturahumedales.jpg HTTP/1.1" 200 91161
66.249.66.205 - - [05/Dec/2020:03:01:00 -0500] "GET /BLA/resoluciones/AUTOS%202015/2389.pdf HTTP/1.1" 200 764179
187.206.213.93 - - [05/Dec/2020:03:01:20 -0500] "GET /BLA/boletinlegal/js/jquery.scrollShow.js HTTP/1.1" 200 4586
187.206.213.93 - - [05/Dec/2020:03:01:20 -0500] "GET /galeria/galeria/jquery.fancybox.js?v=2.1.5 HTTP/1.1" 200 48706
187.206.213.93 - - [05/Dec/2020:03:01:20 -0500] "GET /galeria/galeria/jquery.fancybox.css?v=2.1.5 HTTP/1.1" 200 4895
192.168.175.225 - - [05/Dec/2020:03:01:35 -0500] "GET / HTTP/1.1" 200 9990
69.162.124.227 - - [05/Dec/2020:03:03:28 -0500] "HEAD / HTTP/1.1" 200 -
201.245.192.253 - - [05/Dec/2020:03:02:50 -0500] "POST /kwsrmcab/Wsrmcab HTTP/1.1" 200 213
114.119.136.138 - - [05/Dec/2020:03:04:15 -0500] "GET /BLA/resoluciones/RESOLUCIONES%202016/1257.pdf HTTP/1.1" 200 553554
186.84.90.60 - - [05/Dec/2020:03:04:45 -0500] "GET /BLA/resoluciones/ HTTP/1.1" 200 12275
186.84.90.60 - - [05/Dec/2020:03:04:46 -0500] "GET /BLA/resoluciones/dlf/styles.css HTTP/1.1" 200 3049
186.84.90.60 - - [05/Dec/2020:03:04:46 -0500] "GET /BLA/resoluciones/dlf/folder.png HTTP/1.1" 200 410
186.84.90.60 - - [05/Dec/2020:03:04:46 -0500] "GET /BLA/resoluciones/dlf/bg.gif HTTP/1.1" 200 54
186.84.90.60 - - [05/Dec/2020:03:04:46 -0500] "GET /favicon.ico HTTP/1.1" 200 7782
186.84.90.60 - - [05/Dec/2020:03:04:48 -0500] "GET /BLA/resoluciones/dlf/dirup.png HTTP/1.1" 200 644
186.84.90.60 - - [05/Dec/2020:03:04:48 -0500] "GET /BLA/resoluciones/dlf/pdf.gif HTTP/1.1" 200 272
186.84.90.60 - - [05/Dec/2020:03:04:49 -0500] "GET /BLA/resoluciones/dlf/unknown.png HTTP/1.1" 200 266
186.84.90.60 - - [05/Dec/2020:03:04:48 -0500] "GET /BLA/resoluciones/index.php?dir=AUTOS+2015%2F HTTP/1.1" 200 553520
186.84.90.60 - - [05/Dec/2020:03:04:52 -0500] "GET /BLA/resoluciones/AUTOS%202015/3819.pdf HTTP/1.1" 200 953763
66.249.66.205 - - [05/Dec/2020:03:05:01 -0500] "GET /BLA/resoluciones/RESOLUCIONES%202010/7712.pdf HTTP/1.1" 200 559402
114.119.151.133 - - [05/Dec/2020:03:05:26 -0500] "GET /Anexos%20estudio%20Organizacional%20SDA/index.php?dir=ANEXO%20No.%204%20-%20ENCUESTA%20DE%20AN%C3%83%C2%AF%C3%82%C2%BF%C3%82%C2%BDLISIS%20ORGANIZACIONAL%2F&sort=date&order=asc HTTP/1.1" 200 6193
181.53.101.193 - - [05/Dec/2020:03:05:32 -0500] "GET /galeria/galeria/jquery.fancybox.css?v=2.1.5 HTTP/1.1" 200 4895
181.53.101.193 - - [05/Dec/2020:03:05:34 -0500] "GET /BLA/boletinlegal/js/jquery.scrollShow.js HTTP/1.1" 200 4586
181.53.101.193 - - [05/Dec/2020:03:05:37 -0500] "GET /galeria/galeria/jquery.fancybox.js?v=2.1.5 HTTP/1.1" 200 48706
66.249.66.207 - - [05/Dec/2020:03:05:46 -0500] "GET /Publicaciones/2020EE210528.pdf HTTP/1.1" 200 236005
66.249.66.79 - - [05/Dec/2020:03:06:02 -0500] "GET /dama/libreria/pdf/pdf_entrenubes/a3.pdf HTTP/1.1" 404 1019
192.168.175.225 - - [05/Dec/2020:03:06:35 -0500] "GET / HTTP/1.1" 200 9990
200.118.201.132 - - [05/Dec/2020:03:08:10 -0500] "GET /BLA/boletinlegal/js/jquery.scrollShow.js HTTP/1.1" 200 4586
200.118.201.132 - - [05/Dec/2020:03:08:10 -0500] "GET /galeria/galeria/jquery.fancybox.css?v=2.1.5 HTTP/1.1" 200 4895
200.118.201.132 - - [05/Dec/2020:03:08:10 -0500] "GET /galeria/galeria/jquery.fancybox.js?v=2.1.5 HTTP/1.1" 200 48706
69.162.124.227 - - [05/Dec/2020:03:08:28 -0500] "HEAD / HTTP/1.1" 200 -
66.249.66.207 - - [05/Dec/2020:03:09:26 -0500] "GET /BLA/resoluciones/RESOLUCIONES%202012/0416.pdf HTTP/1.1" 200 412829
114.119.156.120 - - [05/Dec/2020:03:09:29 -0500] "GET /BLA/resoluciones/RESOLUCIONES%202009/1678.pdf HTTP/1.1" 200 535811
114.119.141.135 - - [05/Dec/2020:03:10:44 -0500] "GET /Anexos%20estudio%20Organizacional%20SDA/index.php?dir=ANEXO%2BNo.%2B8%2B-%2BMATRICES%2BDE%2BREGISTRO%2BY%2BDE%2BSALIDA%2BMEDICI%C3%83%C2%83%C3%82%C2%AF%C3%83%C2%82%C3%82%C2%BF%C3%83%C2%82%C3%82%C2%BDN%2BCARGAS%2BLABORALES%2BSDA%2F&sort=size&order=asc HTTP/1.1" 200 6310
66.249.66.133 - - [05/Dec/2020:03:11:01 -0500] "GET /Autoliquidacion/TR%C3%81MITES%20ACEITES-RESIDUOS-ESTACIONES/aceites-ES/Lista%20de%20chequeo%20-%20Solicitud%20de%20registro%20%C3%BAnico%20de%20movilizaci%C3%B3n%20de%20aceites%20usados.xlsx HTTP/1.1" 200 51254
201.245.192.253 - - [05/Dec/2020:03:10:39 -0500] "POST /kwsrmcab/Wsrmcab HTTP/1.1" 200 43634
201.245.192.253 - - [05/Dec/2020:03:10:40 -0500] "POST /kwsrmcab/Wsrmcab HTTP/1.1" 200 44380
66.249.66.205 - - [05/Dec/2020:03:11:30 -0500] "GET /transparencia/financiera/Desagregado%20con%20modificaciones/Vigencia%20actual/ HTTP/1.1" 200 3739
66.249.66.205 - - [05/Dec/2020:03:11:31 -0500] "GET /BLA/resoluciones/RESOLUCIONES%202009/3954.pdf HTTP/1.1" 200 114696
192.168.175.225 - - [05/Dec/2020:03:11:35 -0500] "GET / HTTP/1.1" 200 9990
201.245.192.253 - - [05/Dec/2020:03:11:23 -0500] "POST /kwsrmcab/Wsrmcab HTTP/1.1" 200 43634
186.113.10.19 - - [05/Dec/2020:03:12:44 -0500] "GET /galeria/nivo-slider/demo/images/bannertinguaweb.jpg HTTP/1.1" 304 -
66.249.66.205 - - [05/Dec/2020:03:12:52 -0500] "GET /BLA/resoluciones/RESOLUCIONES%202010/4891.pdf HTTP/1.1" 200 750137
66.249.66.205 - - [05/Dec/2020:03:13:02 -0500] "GET /BLA/resoluciones/RESOLUCIONES%202018/1466.pdf HTTP/1.1" 200 339441
69.162.124.227 - - [05/Dec/2020:03:13:28 -0500] "HEAD / HTTP/1.1" 200 -
201.245.192.253 - - [05/Dec/2020:03:12:51 -0500] "POST /kwsrmcab/Wsrmcab HTTP/1.1" 200 112647
40.77.202.107 - - [05/Dec/2020:03:13:36 -0500] "GET /galeria/carrusel/Carrusel/jquery.thumbnailScroller.css HTTP/1.1" 200 2066
40.77.202.107 - - [05/Dec/2020:03:13:38 -0500] "GET /galeria/nivo-slider/demo/inicio80.html HTTP/1.1" 200 4663
40.77.202.107 - - [05/Dec/2020:03:13:40 -0500] "GET /galeria/nivo-slider/themes/pascal/pascal.css HTTP/1.1" 200 2258
40.77.202.107 - - [05/Dec/2020:03:13:40 -0500] "GET /galeria/nivo-slider/themes/orman/orman.css HTTP/1.1" 200 2152
40.77.202.107 - - [05/Dec/2020:03:13:40 -0500] "GET /galeria/nivo-slider/themes/default/default.css HTTP/1.1" 200 1569
40.77.202.107 - - [05/Dec/2020:03:13:40 -0500] "GET /galeria/nivo-slider/demo/style.css HTTP/1.1" 200 2222
40.77.202.107 - - [05/Dec/2020:03:13:40 -0500] "GET /galeria/nivo-slider/nivo-slider.css HTTP/1.1" 200 1507
40.77.202.107 - - [05/Dec/2020:03:13:40 -0500] "GET /galeria/nivo-slider/demo/scripts/jquery-1.7.1.min.js HTTP/1.1" 200 93868
40.77.202.107 - - [05/Dec/2020:03:13:40 -0500] "GET /galeria/nivo-slider/jquery.nivo.slider.pack.js HTTP/1.1" 200 11561
66.249.66.209 - - [05/Dec/2020:03:13:46 -0500] "GET /BLA/resoluciones/RESOLUCIONES%202013/1619.pdf HTTP/1.1" 200 643986
66.249.66.207 - - [05/Dec/2020:03:13:59 -0500] "GET /resoluciones/RESOLUCIONES%202009/0410.pdf HTTP/1.1" 404 1018
66.249.66.205 - - [05/Dec/2020:03:14:29 -0500] "GET /BLA/resoluciones/RESOLUCIONES%202009/2070.pdf HTTP/1.1" 200 649019
114.119.146.206 - - [05/Dec/2020:03:14:46 -0500] "GET /BLA/resoluciones/RESOLUCIONES%202011/0038.pdf HTTP/1.1" 200 596024
186.84.88.237 - - [05/Dec/2020:03:16:05 -0500] "GET /galeria/galeria/jquery.fancybox.css?v=2.1.5 HTTP/1.1" 200 4895
186.84.88.237 - - [05/Dec/2020:03:16:05 -0500] "GET /galeria/galeria/jquery.fancybox.js?v=2.1.5 HTTP/1.1" 200 48706
186.84.88.237 - - [05/Dec/2020:03:16:05 -0500] "GET /BLA/boletinlegal/js/jquery.scrollShow.js HTTP/1.1" 200 4586
192.168.175.225 - - [05/Dec/2020:03:16:33 -0500] "GET / HTTP/1.1" 200 9990
66.249.66.209 - - [05/Dec/2020:03:17:03 -0500] "GET /Autoliquidacion/index.php?dir=Solicitudes%20relacionadas%20con%20calidad%20del%20aire%20auditiva%20y%20visual/Evaluaci%F3n%20conceptos%20favorabilidad%20realizaci%F3n%20Eventos/&sort=name&order=desc HTTP/1.1" 200 2884
69.162.124.227 - - [05/Dec/2020:03:18:28 -0500] "HEAD / HTTP/1.1" 200 -
66.249.66.207 - - [05/Dec/2020:03:18:35 -0500] "GET /BLA/resoluciones/RESOLUCIONES%202010/5185.pdf HTTP/1.1" 200 849599
66.249.66.207 - - [05/Dec/2020:03:18:54 -0500] "GET /Publicaciones/2020EE209336.pdf HTTP/1.1" 404 228
37.165.126.214 - - [05/Dec/2020:03:18:54 -0500] "-" 408 -
37.165.126.214 - - [05/Dec/2020:03:18:54 -0500] "-" 408 -
37.165.126.214 - - [05/Dec/2020:03:18:54 -0500] "-" 408 -
191.97.15.186 - - [05/Dec/2020:03:19:09 -0500] "GET /BLA/boletinlegal/js/jquery.scrollShow.js HTTP/1.1" 200 4586
191.97.15.186 - - [05/Dec/2020:03:19:09 -0500] "GET /galeria/galeria/jquery.fancybox.css?v=2.1.5 HTTP/1.1" 200 4895
191.97.15.186 - - [05/Dec/2020:03:19:09 -0500] "GET /galeria/galeria/jquery.fancybox.js?v=2.1.5 HTTP/1.1" 200 48706
114.119.159.6 - - [05/Dec/2020:03:20:01 -0500] "GET /BLA/resoluciones/RESOLUCIONES%202014/2455.pdf HTTP/1.1" 200 275641
17.58.96.119 - - [05/Dec/2020:03:20:14 -0500] "GET /robots.txt HTTP/1.1" 404 1018
17.58.96.119 - - [05/Dec/2020:03:20:15 -0500] "GET /BLA/boletinlegal/js/jquery.scrollShow.js HTTP/1.1" 200 4586
17.58.96.119 - - [05/Dec/2020:03:20:15 -0500] "GET /galeria/galeria/jquery.fancybox.js?v=2.1.5 HTTP/1.1" 200 48706
17.58.96.128 - - [05/Dec/2020:03:20:15 -0500] "GET /galeria/galeria/jquery.fancybox.css?v=2.1.5 HTTP/1.1" 200 4895
13.66.139.92 - - [05/Dec/2020:03:21:00 -0500] "GET /Anexos%20estudio%20Organizacional%20SDA/ANEXO%20No.%201-%20NORMAS%20LEGALES%20DE%20ESTRUCTURA%20Y%20PLANTA/Decreto%20175%20de%202009_files/FFFFFFbr.gif HTTP/1.1" 200 84
31.13.115.2 - - [05/Dec/2020:03:21:03 -0500] "GET /galeria/galeria/jquery.fancybox.css?v=2.1.5 HTTP/1.1" 200 4895
31.13.115.1 - - [05/Dec/2020:03:21:04 -0500] "GET /BLA/boletinlegal/js/jquery.scrollShow.js HTTP/1.1" 200 4586
31.13.115.24 - - [05/Dec/2020:03:21:05 -0500] "GET /galeria/galeria/jquery.fancybox.js?v=2.1.5 HTTP/1.1" 200 48706
66.249.66.205 - - [05/Dec/2020:03:21:19 -0500] "GET /BLA/resoluciones/RESOLUCIONES%202011/3042.pdf HTTP/1.1" 200 708278
201.245.192.253 - - [05/Dec/2020:03:20:41 -0500] "POST /kwsrmcab/Wsrmcab HTTP/1.1" 200 44380
212.129.57.169 - - [05/Dec/2020:03:21:27 -0500] "GET /galeria/galeria/jquery.fancybox.css?v=2.1.5 HTTP/1.1" 200 4895
192.168.175.225 - - [05/Dec/2020:03:21:33 -0500] "GET / HTTP/1.1" 200 9990
13.66.139.34 - - [05/Dec/2020:03:22:02 -0500] "GET /Anexos%20estudio%20Organizacional%20SDA/ANEXO%20No.%201-%20NORMAS%20LEGALES%20DE%20ESTRUCTURA%20Y%20PLANTA/Decreto%20175%20de%202009_files/compedit.jpg HTTP/1.1" 200 6688
201.245.192.253 - - [05/Dec/2020:03:21:24 -0500] "POST /kwsrmcab/Wsrmcab HTTP/1.1" 200 43634
186.113.10.143 - - [05/Dec/2020:03:22:21 -0500] "GET /galeria/nivo-slider/demo/images/bannerpuntosweb.jpg HTTP/1.1" 304 -
66.249.66.209 - - [05/Dec/2020:03:22:24 -0500] "GET /BLA/resoluciones/RESOLUCIONES%202008/3227.pdf HTTP/1.1" 200 83849
190.145.165.213 - - [05/Dec/2020:03:22:30 -0500] "GET /BLA/boletinlegal/js/jquery.scrollShow.js HTTP/1.1" 200 4586
190.145.165.213 - - [05/Dec/2020:03:22:30 -0500] "GET /galeria/galeria/jquery.fancybox.js?v=2.1.5 HTTP/1.1" 200 48706
190.145.165.213 - - [05/Dec/2020:03:22:30 -0500] "GET /galeria/galeria/jquery.fancybox.css?v=2.1.5 HTTP/1.1" 200 4895
114.119.158.193 - - [05/Dec/2020:03:22:32 -0500] "GET /Anexos%20estudio%20Organizacional%20SDA/index.php?dir=ANEXO%20No.%208%20-%20MATRICES%20DE%20REGISTRO%20Y%20DE%20SALIDA%20MEDICI%C3%83%C2%AF%C3%82%C2%BF%C3%82%C2%BDN%20CARGAS%20LABORALES%20SDA%2F3.%20Direccion%20de%20Planeacion%2F&sort=date&order=desc HTTP/1.1" 200 6468
190.145.165.213 - - [05/Dec/2020:03:22:34 -0500] "GET /BLA/boletinlegal/js/jquery.scrollShow.js HTTP/1.1" 304 -
190.145.165.213 - - [05/Dec/2020:03:22:34 -0500] "GET /galeria/galeria/jquery.fancybox.css?v=2.1.5 HTTP/1.1" 304 -
190.145.165.213 - - [05/Dec/2020:03:22:34 -0500] "GET /galeria/galeria/jquery.fancybox.js?v=2.1.5 HTTP/1.1" 304 -
66.249.66.207 - - [05/Dec/2020:03:22:41 -0500] "GET /BLA/resoluciones/Autos%202008/0812.pdf HTTP/1.1" 200 82731
66.249.66.207 - - [05/Dec/2020:03:22:59 -0500] "GET /BLA/resoluciones/Autos%202008/1022.pdf HTTP/1.1" 200 121011
66.249.66.205 - - [05/Dec/2020:03:23:11 -0500] "GET /BLA/resoluciones/AUTOS%202015/4893.pdf HTTP/1.1" 200 488768
66.249.66.205 - - [05/Dec/2020:03:23:17 -0500] "GET /BLA/resoluciones/AUTOS%202007/1019.pdf HTTP/1.1" 200 117046
69.162.124.227 - - [05/Dec/2020:03:23:28 -0500] "HEAD / HTTP/1.1" 200 -
201.245.192.253 - - [05/Dec/2020:03:22:49 -0500] "POST /kwsrmcab/Wsrmcab HTTP/1.1" 200 112647
66.249.66.205 - - [05/Dec/2020:03:23:34 -0500] "GET /BLA/resoluciones/AUTOS%202017/2725.pdf HTTP/1.1" 200 237363
66.249.66.209 - - [05/Dec/2020:03:23:42 -0500] "GET /BLA/resoluciones/AUTOS%202014/0459.pdf HTTP/1.1" 200 666923
66.249.66.205 - - [05/Dec/2020:03:23:48 -0500] "GET /BLA/resoluciones/AUTOS%202017/5256.pdf HTTP/1.1" 200 507777
66.249.66.205 - - [05/Dec/2020:03:23:57 -0500] "GET /BLA/resoluciones/RESOLUCIONES%202009/6913.pdf HTTP/1.1" 200 54366
186.144.188.242 - - [05/Dec/2020:03:24:39 -0500] "GET /galeria/galeria/jquery.fancybox.css?v=2.1.5 HTTP/1.1" 200 4895
186.144.188.242 - - [05/Dec/2020:03:24:39 -0500] "GET /BLA/boletinlegal/js/jquery.scrollShow.js HTTP/1.1" 200 4586
186.144.188.242 - - [05/Dec/2020:03:24:39 -0500] "GET /galeria/galeria/jquery.fancybox.js?v=2.1.5 HTTP/1.1" 200 48706
186.154.36.222 - - [05/Dec/2020:03:25:03 -0500] "GET /galeria/galeria/jquery.fancybox.css?v=2.1.5 HTTP/1.1" 200 4895
186.154.36.222 - - [05/Dec/2020:03:25:03 -0500] "GET /BLA/boletinlegal/js/jquery.scrollShow.js HTTP/1.1" 200 4586
66.249.66.205 - - [05/Dec/2020:03:25:04 -0500] "GET /BLA/resoluciones/RESOLUCIONES%202016/2101.pdf HTTP/1.1" 200 540678
186.154.36.222 - - [05/Dec/2020:03:25:04 -0500] "GET /galeria/galeria/jquery.fancybox.js?v=2.1.5 HTTP/1.1" 200 48706
66.249.66.205 - - [05/Dec/2020:03:25:17 -0500] "GET /BLA/resoluciones/RESOLUCIONES%202015/1572.pdf HTTP/1.1" 200 753752
114.119.130.12 - - [05/Dec/2020:03:25:18 -0500] "GET /BLA/resoluciones/AUTOS%202012/0327.pdf HTTP/1.1" 200 308498
66.249.66.205 - - [05/Dec/2020:03:25:33 -0500] "GET /BLA/resoluciones/AUTOS%202018/1328.pdf HTTP/1.1" 200 294249
66.249.66.207 - - [05/Dec/2020:03:25:52 -0500] "GET /BLA/resoluciones/AUTOS%202014/5792.pdf HTTP/1.1" 200 199883
66.249.66.205 - - [05/Dec/2020:03:26:14 -0500] "GET /BLA/boletinlegal/Circulares/2012/Circular%20No.%202%20del%2014%20de%20Marzo%20de%202012.pdf HTTP/1.1" 200 113666
192.168.175.225 - - [05/Dec/2020:03:26:33 -0500] "GET / HTTP/1.1" 200 9990
186.83.108.244 - - [05/Dec/2020:03:26:54 -0500] "GET /BLA/boletinlegal/js/jquery.scrollShow.js HTTP/1.1" 200 4586
186.83.108.244 - - [05/Dec/2020:03:26:54 -0500] "GET /galeria/galeria/jquery.fancybox.css?v=2.1.5 HTTP/1.1" 200 4895
186.83.108.244 - - [05/Dec/2020:03:26:54 -0500] "GET /galeria/galeria/jquery.fancybox.js?v=2.1.5 HTTP/1.1" 200 48706
186.83.108.244 - - [05/Dec/2020:03:26:59 -0500] "GET /BLA/boletinlegal/js/jquery.scrollShow.js HTTP/1.1" 304 -
186.83.108.244 - - [05/Dec/2020:03:26:59 -0500] "GET /galeria/galeria/jquery.fancybox.js?v=2.1.5 HTTP/1.1" 304 -
186.83.108.244 - - [05/Dec/2020:03:26:59 -0500] "GET /galeria/galeria/jquery.fancybox.css?v=2.1.5 HTTP/1.1" 304 -
66.249.66.205 - - [05/Dec/2020:03:27:20 -0500] "GET /BLA/resoluciones/RESOLUCIONES%202009/4053.pdf HTTP/1.1" 200 717496
186.155.17.250 - - [05/Dec/2020:03:27:25 -0500] "GET /BLA/resoluciones/index.php?dir=AUTOS+2010%2F HTTP/1.1" 200 271231
186.155.17.250 - - [05/Dec/2020:03:27:25 -0500] "GET /BLA/resoluciones/dlf/styles.css HTTP/1.1" 200 3049
186.155.17.250 - - [05/Dec/2020:03:27:25 -0500] "GET /BLA/resoluciones/dlf/dirup.png HTTP/1.1" 200 644
186.28.207.209 - - [05/Dec/2020:03:27:50 -0500] "GET /galeria/galeria/jquery.fancybox.css?v=2.1.5 HTTP/1.1" 200 4895
186.28.207.209 - - [05/Dec/2020:03:27:50 -0500] "GET /galeria/galeria/jquery.fancybox.js?v=2.1.5 HTTP/1.1" 200 48706
186.28.207.209 - - [05/Dec/2020:03:27:50 -0500] "GET /BLA/boletinlegal/js/jquery.scrollShow.js HTTP/1.1" 200 4586
186.155.17.250 - - [05/Dec/2020:03:27:50 -0500] "GET /BLA/resoluciones/index.php?dir=RESOLUCIONES+2010%2F HTTP/1.1" 200 1307629
186.155.17.250 - - [05/Dec/2020:03:27:56 -0500] "GET /BLA/resoluciones/RESOLUCIONES%202010/6821.pdf HTTP/1.1" 200 464965
199.58.86.211 - - [05/Dec/2020:03:28:07 -0500] "GET /robots.txt HTTP/1.1" 404 1019
199.58.86.211 - - [05/Dec/2020:03:28:09 -0500] "GET / HTTP/1.1" 200 9990
69.162.124.227 - - [05/Dec/2020:03:28:28 -0500] "HEAD / HTTP/1.1" 200 -
186.28.93.222 - - [05/Dec/2020:03:28:35 -0500] "GET /galeria/galeria/jquery.fancybox.css?v=2.1.5 HTTP/1.1" 200 4895
186.28.93.222 - - [05/Dec/2020:03:28:35 -0500] "GET /BLA/boletinlegal/js/jquery.scrollShow.js HTTP/1.1" 200 4586
186.28.93.222 - - [05/Dec/2020:03:28:35 -0500] "GET /galeria/galeria/jquery.fancybox.js?v=2.1.5 HTTP/1.1" 200 48706
186.84.20.107 - - [05/Dec/2020:03:29:26 -0500] "GET /galeria/galeria/jquery.fancybox.css?v=2.1.5 HTTP/1.1" 200 4895
186.84.20.107 - - [05/Dec/2020:03:29:26 -0500] "GET /BLA/boletinlegal/js/jquery.scrollShow.js HTTP/1.1" 200 4586
186.84.20.107 - - [05/Dec/2020:03:29:27 -0500] "GET /galeria/galeria/jquery.fancybox.js?v=2.1.5 HTTP/1.1" 200 48706
114.119.142.12 - - [05/Dec/2020:03:30:36 -0500] "GET /BLA/resoluciones/RESOLUCIONES%202019/2463.pdf HTTP/1.1" 200 397580
66.249.66.205 - - [05/Dec/2020:03:31:11 -0500] "GET /transparencia/financiera/Desagregado%20con%20modificaciones/Historico/Modificaciones%20Pptales%202015.xls HTTP/1.1" 200 296960
66.249.66.205 - - [05/Dec/2020:03:31:19 -0500] "GET /BLA/resoluciones/RESOLUCIONES%202009/0001.pdf HTTP/1.1" 200 17707
201.245.192.253 - - [05/Dec/2020:03:30:40 -0500] "POST /kwsrmcab/Wsrmcab HTTP/1.1" 200 44380
186.155.17.250 - - [05/Dec/2020:03:31:32 -0500] "GET /BLA/resoluciones/index.php?dir=AUTOS+2010%2F HTTP/1.1" 200 271231
192.168.175.225 - - [05/Dec/2020:03:31:33 -0500] "GET / HTTP/1.1" 200 9990
181.128.98.85 - - [05/Dec/2020:03:31:44 -0500] "GET /galeria/galeria/jquery.fancybox.css?v=2.1.5 HTTP/1.1" 200 4895
181.128.98.85 - - [05/Dec/2020:03:31:44 -0500] "GET /BLA/boletinlegal/js/jquery.scrollShow.js HTTP/1.1" 200 4586
181.128.98.85 - - [05/Dec/2020:03:31:44 -0500] "GET /galeria/galeria/jquery.fancybox.js?v=2.1.5 HTTP/1.1" 200 48706
114.119.133.30 - - [05/Dec/2020:03:31:47 -0500] "GET /Autoliquidacion/index.php?dir=TR%C3%83%C2%AF%C3%82%C2%BF%C3%82%C2%BDMITES%2BMINER%C3%83%C2%AF%C3%82%C2%BF%C3%82%C2%BDA%2F&sort=date&order=desc HTTP/1.1" 200 6897
201.245.192.253 - - [05/Dec/2020:03:31:22 -0500] "POST /kwsrmcab/Wsrmcab HTTP/1.1" 200 43634
66.249.66.205 - - [05/Dec/2020:03:32:07 -0500] "GET /BLA/resoluciones/AUTOS%202008/1972.pdf HTTP/1.1" 200 90468
186.155.17.250 - - [05/Dec/2020:03:32:36 -0500] "GET /BLA/resoluciones/index.php?dir=RESOLUCIONES+2011%2F HTTP/1.1" 200 744608
186.155.17.250 - - [05/Dec/2020:03:32:41 -0500] "GET /BLA/resoluciones/index.php?dir=RESOLUCIONES+2011%2F HTTP/1.1" 200 744608
66.249.66.207 - - [05/Dec/2020:03:32:54 -0500] "GET /BLA/resoluciones/RESOLUCIONES%202009/8035.pdf HTTP/1.1" 200 419672
66.249.66.207 - - [05/Dec/2020:03:33:23 -0500] "GET /BLA/resoluciones/Autos%202008/2116.pdf HTTP/1.1" 200 76996
66.249.66.205 - - [05/Dec/2020:03:33:26 -0500] "GET /BLA/resoluciones/RESOLUCIONES%202010/7665.pdf HTTP/1.1" 200 242155
5.9.140.242 - - [05/Dec/2020:03:33:27 -0500] "GET /robots.txt HTTP/1.1" 404 1019
69.162.124.227 - - [05/Dec/2020:03:33:28 -0500] "HEAD / HTTP/1.1" 200 -
5.9.140.242 - - [05/Dec/2020:03:33:31 -0500] "GET /SIG/index.php/?dir=Gestion%20Documental//&sort=date&order=asc/ HTTP/1.1" 200 5675
201.245.192.253 - - [05/Dec/2020:03:32:50 -0500] "POST /kwsrmcab/Wsrmcab HTTP/1.1" 200 112647
5.9.140.242 - - [05/Dec/2020:03:33:34 -0500] "GET /SIG/index.php/?dir=Gestion%20Documental//&sort=name&order=asc/ HTTP/1.1" 200 5675
5.9.140.242 - - [05/Dec/2020:03:33:36 -0500] "GET /SIG/index.php/?dir=Gestion%20Documental//&sort=name&order=desc/ HTTP/1.1" 200 5675
5.9.140.242 - - [05/Dec/2020:03:33:40 -0500] "GET /SIG/index.php/?dir=Gestion%20Documental//&sort=size&order=asc/ HTTP/1.1" 200 5675
5.9.140.242 - - [05/Dec/2020:03:33:44 -0500] "GET /SIG/index.php/Comunicaciones/126PG02-PR01.pdf/?dir=&sort=date&order=asc/ HTTP/1.1" 200 5190
5.9.140.242 - - [05/Dec/2020:03:33:46 -0500] "GET /SIG/index.php/Comunicaciones/126PG02-PR01.pdf/?dir=&sort=name&order=asc/ HTTP/1.1" 200 5190
66.249.66.207 - - [05/Dec/2020:03:33:49 -0500] "GET /BLA/resoluciones/AUTOS%202012/1619.pdf HTTP/1.1" 200 392969
5.9.140.242 - - [05/Dec/2020:03:33:49 -0500] "GET /SIG/index.php/Comunicaciones/126PG02-PR01.pdf/?dir=&sort=name&order=desc/ HTTP/1.1" 200 5190
5.9.140.242 - - [05/Dec/2020:03:33:52 -0500] "GET /SIG/index.php/Comunicaciones/126PG02-PR01.pdf/?dir=&sort=size&order=asc/ HTTP/1.1" 200 5190
5.9.140.242 - - [05/Dec/2020:03:33:56 -0500] "GET /SIG/index.php/Comunicaciones/126PG02-PR01.pdf/?dir=Comunicaciones// HTTP/1.1" 200 3285
66.249.66.205 - - [05/Dec/2020:03:33:58 -0500] "GET /BLA/resoluciones/AUTOS%202014/5231.pdf HTTP/1.1" 200 500686
5.9.140.242 - - [05/Dec/2020:03:34:00 -0500] "GET /SIG/index.php/Comunicaciones/126PG02-PR04.pdf/?dir=&sort=date&order=asc/ HTTP/1.1" 200 5190
66.249.66.207 - - [05/Dec/2020:03:34:01 -0500] "GET /BLA/resoluciones/RESOLUCIONES%202015/2552.pdf HTTP/1.1" 200 1045280
5.9.140.242 - - [05/Dec/2020:03:34:03 -0500] "GET /SIG/index.php/Comunicaciones/126PG02-PR04.pdf/?dir=&sort=name&order=desc/ HTTP/1.1" 200 5190
5.9.140.242 - - [05/Dec/2020:03:34:06 -0500] "GET /SIG/index.php/Comunicaciones/126PG02-PR04.pdf/?dir=&sort=size&order=asc/ HTTP/1.1" 200 5190
5.9.140.242 - - [05/Dec/2020:03:34:09 -0500] "GET /SIG/index.php/Comunicaciones/126PG02-PR04.pdf/?dir=Comunicaciones// HTTP/1.1" 200 3285
5.9.140.242 - - [05/Dec/2020:03:34:12 -0500] "GET /SIG/index.php/Comunicaciones/126PG02-PR04.pdf/?dir=Control%20Disciplinario// HTTP/1.1" 200 3084
5.9.140.242 - - [05/Dec/2020:03:34:15 -0500] "GET /SIG/index.php/Comunicaciones/126PG02-PR04.pdf/?dir=Control%20y%20mejora// HTTP/1.1" 200 3185
5.9.140.242 - - [05/Dec/2020:03:34:18 -0500] "GET /SIG/index.php/Comunicaciones/126PG02-PR04.pdf/?dir=Direccionamiento%20Estrategico// HTTP/1.1" 200 4348
5.9.140.242 - - [05/Dec/2020:03:34:23 -0500] "GET /SIG/index.php/Comunicaciones/126PG02-PR04.pdf/?dir=ECS// HTTP/1.1" 200 16994
66.249.66.207 - - [05/Dec/2020:03:34:26 -0500] "GET /BLA/resoluciones/Autos%202008/0434.pdf HTTP/1.1" 200 170166
5.9.140.242 - - [05/Dec/2020:03:34:26 -0500] "GET /SIG/index.php/Comunicaciones/126PG02-PR04.pdf/?dir=Gestion%20Documental// HTTP/1.1" 200 5950
5.9.140.242 - - [05/Dec/2020:03:34:29 -0500] "GET /SIG/index.php/Comunicaciones/126PG02-PR04.pdf/?dir=Gestion%20Recursos%20Financieros// HTTP/1.1" 200 9258
5.9.140.242 - - [05/Dec/2020:03:34:32 -0500] "GET /SIG/index.php/Comunicaciones/126PG02-PR06.pdf/?dir=&sort=date&order=asc/ HTTP/1.1" 200 5190
5.9.140.242 - - [05/Dec/2020:03:34:36 -0500] "GET /SIG/index.php/Comunicaciones/126PG02-PR06.pdf/?dir=&sort=name&order=desc/ HTTP/1.1" 200 5190
5.9.140.242 - - [05/Dec/2020:03:34:40 -0500] "GET /SIG/index.php/Comunicaciones/126PG02-PR06.pdf/?dir=&sort=size&order=asc/ HTTP/1.1" 200 5190
13.66.139.34 - - [05/Dec/2020:03:34:43 -0500] "GET /Anexos%20estudio%20Organizacional%20SDA/ANEXO%20No.%201-%20NORMAS%20LEGALES%20DE%20ESTRUCTURA%20Y%20PLANTA/Decreto%20175%20de%202009_files/arrowl.png HTTP/1.1" 200 423
5.9.140.242 - - [05/Dec/2020:03:34:44 -0500] "GET /SIG/index.php/Comunicaciones/126PG02-PR06.pdf/?dir=Comunicaciones// HTTP/1.1" 200 3285
5.9.140.242 - - [05/Dec/2020:03:34:47 -0500] "GET /SIG/index.php/Comunicaciones/126PG02-PR06.pdf/?dir=Control%20Disciplinario// HTTP/1.1" 200 3084
5.9.140.242 - - [05/Dec/2020:03:34:50 -0500] "GET /SIG/index.php/Comunicaciones/126PG02-PR06.pdf/?dir=Control%20y%20mejora// HTTP/1.1" 200 3185
5.9.140.242 - - [05/Dec/2020:03:34:52 -0500] "GET /SIG/index.php/Comunicaciones/126PG02-PR06.pdf/?dir=Control%20y%20mejora//&sort=date&order=asc/ HTTP/1.1" 200 3184
5.9.140.242 - - [05/Dec/2020:03:34:55 -0500] "GET /SIG/index.php/Comunicaciones/126PG02-PR06.pdf/?dir=Direccionamiento%20Estrategico// HTTP/1.1" 200 4348
152.61.192.232 - - [05/Dec/2020:03:34:55 -0500] "GET / HTTP/1.1" 200 9990
66.249.66.205 - - [05/Dec/2020:03:34:56 -0500] "GET /BLA/resoluciones/RESOLUCIONES%202010/0702.pdf HTTP/1.1" 200 103438
5.9.140.242 - - [05/Dec/2020:03:34:57 -0500] "GET /SIG/index.php/Comunicaciones/126PG02-PR06.pdf/?dir=Direccionamiento%20Estrategico//&sort=name&order=desc/ HTTP/1.1" 200 4347
5.9.140.242 - - [05/Dec/2020:03:35:00 -0500] "GET /SIG/index.php/Comunicaciones/126PG02-PR06.pdf/?dir=Direccionamiento%20Estrategico//&sort=size&order=asc/ HTTP/1.1" 200 4347
5.9.140.242 - - [05/Dec/2020:03:35:02 -0500] "GET /SIG/index.php/Comunicaciones/126PG02-PR06.pdf/?dir=ECS// HTTP/1.1" 200 16994
5.9.140.242 - - [05/Dec/2020:03:35:05 -0500] "GET /SIG/index.php/Comunicaciones/126PG02-PR06.pdf/?dir=Gestion%20Documental// HTTP/1.1" 200 5950
5.9.140.242 - - [05/Dec/2020:03:35:07 -0500] "GET /SIG/index.php/Comunicaciones/126PG02-PR06.pdf/?dir=Gestion%20Recursos%20Financieros// HTTP/1.1" 200 9258
5.9.140.242 - - [05/Dec/2020:03:35:10 -0500] "GET /SIG/index.php/Comunicaciones/126PG02-PR09.pdf/?dir=&sort=date&order=asc/ HTTP/1.1" 200 5190
5.9.140.242 - - [05/Dec/2020:03:35:12 -0500] "GET /SIG/index.php/Comunicaciones/126PG02-PR09.pdf/?dir=&sort=name&order=desc/ HTTP/1.1" 200 5190
5.9.140.242 - - [05/Dec/2020:03:35:14 -0500] "GET /SIG/index.php/Comunicaciones/126PG02-PR09.pdf/?dir=&sort=size&order=asc/ HTTP/1.1" 200 5190
66.249.66.207 - - [05/Dec/2020:03:35:15 -0500] "GET /BLA/resoluciones/AUTOS%202010/1670.pdf HTTP/1.1" 200 8193845
152.61.192.232 - - [05/Dec/2020:03:34:56 -0500] "GET /arcgis/services/Calidad_del_Agua_WQI/MapServer/WMSServer?request=GetCapabilities&service=WMS HTTP/1.1" 503 1020
152.61.192.232 - - [05/Dec/2020:03:35:17 -0500] "GET /arcgis/services/Calidad_del_Agua_WQI/MapServer/WMSServer?SERVICE=WMS&REQUEST=GetCapabilities HTTP/1.1" 503 1020
152.61.192.232 - - [05/Dec/2020:03:35:17 -0500] "GET /arcgis/services/Calidad_del_Agua_WQI/MapServer/WMSServer?WMTVER=1.0.0&REQUEST=capabilities HTTP/1.1" 503 1020
5.9.140.242 - - [05/Dec/2020:03:35:18 -0500] "GET /SIG/index.php/Comunicaciones/126PG02-PR09.pdf/?dir=Comunicaciones// HTTP/1.1" 200 3285
5.9.140.242 - - [05/Dec/2020:03:35:21 -0500] "GET /SIG/index.php/Control%20Disciplinario/plantilla%20para%20Procedimientos%20-%20disciplinario%20ordinario%20version%20080.pdf/?dir=Control%20Disciplinario// HTTP/1.1" 200 3532
5.9.140.242 - - [05/Dec/2020:03:35:23 -0500] "GET /SIG/index.php/Control%20Disciplinario/plantilla%20para%20Procedimientos%20-%20disciplinario%20ordinario%20version%20080.pdf/?dir=Control%20y%20mejora// HTTP/1.1" 200 3695
66.249.66.213 - - [05/Dec/2020:03:35:25 -0500] "GET /BLA/resoluciones/AUTOS%202017/3143.pdf HTTP/1.1" 200 267987
5.9.140.242 - - [05/Dec/2020:03:35:25 -0500] "GET /SIG/index.php/Control%20Disciplinario/plantilla%20para%20Procedimientos%20-%20disciplinario%20ordinario%20version%20080.pdf/?dir=Direccionamiento%20Estrategico// HTTP/1.1" 200 4796
5.9.140.242 - - [05/Dec/2020:03:35:27 -0500] "GET /SIG/index.php/Control%20Disciplinario/plantilla%20para%20Procedimientos%20-%20disciplinario%20ordinario%20version%20080.pdf/?dir=ECS// HTTP/1.1" 200 17442
5.9.140.242 - - [05/Dec/2020:03:35:30 -0500] "GET /SIG/index.php/Control%20Disciplinario/plantilla%20para%20Procedimientos%20-%20disciplinario%20ordinario%20version%20080.pdf/?dir=Gestion%20Documental// HTTP/1.1" 200 6398
66.249.66.211 - - [05/Dec/2020:03:35:31 -0500] "GET /BLA/resoluciones/AUTOS%202016/0320.pdf HTTP/1.1" 200 599243
5.9.140.242 - - [05/Dec/2020:03:35:32 -0500] "GET /SIG/index.php/Control%20Disciplinario/plantilla%20para%20Procedimientos%20-%20disciplinario%20ordinario%20version%20080.pdf/?dir=Gestion%20Recursos%20Financieros// HTTP/1.1" 200 9706
5.9.140.242 - - [05/Dec/2020:03:35:35 -0500] "GET /SIG/index.php/Control%20Disciplinario/plantilla%20para%20Procedimientos%20-%20disciplinario%20verbal%20version%20070.pdf/?dir=&sort=date&order=asc/ HTTP/1.1" 200 6325
5.9.140.242 - - [05/Dec/2020:03:35:37 -0500] "GET /SIG/index.php/Control%20Disciplinario/plantilla%20para%20Procedimientos%20-%20disciplinario%20verbal%20version%20070.pdf/?dir=&sort=name&order=desc/ HTTP/1.1" 200 6325
5.9.140.242 - - [05/Dec/2020:03:35:40 -0500] "GET /SIG/index.php/Control%20Disciplinario/plantilla%20para%20Procedimientos%20-%20disciplinario%20verbal%20version%20070.pdf/?dir=&sort=size&order=asc/ HTTP/1.1" 200 6325
186.155.17.250 - - [05/Dec/2020:03:35:40 -0500] "GET /BLA/resoluciones/index.php?dir=RESOLUCIONES+2010%2F HTTP/1.1" 200 1307629
66.249.66.209 - - [05/Dec/2020:03:35:43 -0500] "GET /BLA/resoluciones/RESOLUCIONES%202014/3254.pdf HTTP/1.1" 200 643794
5.9.140.242 - - [05/Dec/2020:03:35:43 -0500] "GET /SIG/index.php/Control%20Disciplinario/plantilla%20para%20Procedimientos%20-%20disciplinario%20verbal%20version%20070.pdf/?dir=Comunicaciones// HTTP/1.1" 200 3712
5.9.140.242 - - [05/Dec/2020:03:35:46 -0500] "GET /SIG/index.php/Control%20Disciplinario/plantilla%20para%20Procedimientos%20-%20disciplinario%20verbal%20version%20070.pdf/?dir=Control%20Disciplinario// HTTP/1.1" 200 3511
66.249.66.205 - - [05/Dec/2020:03:35:47 -0500] "GET /BLA/resoluciones/AUTOS%202015/5752.pdf HTTP/1.1" 200 550614
186.155.17.250 - - [05/Dec/2020:03:35:48 -0500] "GET /BLA/resoluciones/RESOLUCIONES%202010/7447.pdf HTTP/1.1" 200 574140
5.9.140.242 - - [05/Dec/2020:03:35:49 -0500] "GET /SIG/index.php/Control%20Disciplinario/plantilla%20para%20Procedimientos%20-%20disciplinario%20verbal%20version%20070.pdf/?dir=Control%20y%20mejora// HTTP/1.1" 200 3671
114.119.156.120 - - [05/Dec/2020:03:35:50 -0500] "GET /BLA/resoluciones/RESOLUCIONES%202009/0266.pdf HTTP/1.1" 200 26597
5.9.140.242 - - [05/Dec/2020:03:35:52 -0500] "GET /SIG/index.php/Control%20Disciplinario/plantilla%20para%20Procedimientos%20-%20disciplinario%20verbal%20version%20070.pdf/?dir=Direccionamiento%20Estrategico// HTTP/1.1" 200 4775
5.9.140.242 - - [05/Dec/2020:03:35:56 -0500] "GET /SIG/index.php/Control%20Disciplinario/plantilla%20para%20Procedimientos%20-%20disciplinario%20verbal%20version%20070.pdf/?dir=ECS// HTTP/1.1" 200 17421
66.249.66.205 - - [05/Dec/2020:03:35:59 -0500] "GET /BLA/resoluciones/Autos%202008/1109.pdf HTTP/1.1" 200 54995
5.9.140.242 - - [05/Dec/2020:03:35:59 -0500] "GET /SIG/index.php/Control%20Disciplinario/plantilla%20para%20Procedimientos%20-%20disciplinario%20verbal%20version%20070.pdf/?dir=Gestion%20Documental// HTTP/1.1" 200 6377
5.9.140.242 - - [05/Dec/2020:03:36:03 -0500] "GET /SIG/index.php/Control%20Disciplinario/plantilla%20para%20Procedimientos%20-%20disciplinario%20verbal%20version%20070.pdf/?dir=Gestion%20Recursos%20Financieros// HTTP/1.1" 200 9685
5.9.140.242 - - [05/Dec/2020:03:36:05 -0500] "GET /SIG/index.php/Control%20Disciplinario/plantilla%20para%20Procedimientos%20-%20segunda%20instancia%20version%20050.pdf/?dir=&sort=date&order=asc/ HTTP/1.1" 200 6268
66.249.66.207 - - [05/Dec/2020:03:36:06 -0500] "GET /BLA/resoluciones/RESOLUCIONES%202009/8666.pdf HTTP/1.1" 200 582726
5.9.140.242 - - [05/Dec/2020:03:36:08 -0500] "GET /SIG/index.php/Control%20Disciplinario/plantilla%20para%20Procedimientos%20-%20segunda%20instancia%20version%20050.pdf/?dir=&sort=name&order=desc/ HTTP/1.1" 200 6268
5.9.140.242 - - [05/Dec/2020:03:36:10 -0500] "GET /SIG/index.php/Control%20Disciplinario/plantilla%20para%20Procedimientos%20-%20segunda%20instancia%20version%20050.pdf/?dir=&sort=size&order=asc/ HTTP/1.1" 200 6268
5.9.140.242 - - [05/Dec/2020:03:36:12 -0500] "GET /SIG/index.php/Control%20Disciplinario/plantilla%20para%20Procedimientos%20-%20segunda%20instancia%20version%20050.pdf/?dir=Comunicaciones// HTTP/1.1" 200 3691
5.9.140.242 - - [05/Dec/2020:03:36:14 -0500] "GET /SIG/index.php/Control%20Disciplinario/plantilla%20para%20Procedimientos%20-%20segunda%20instancia%20version%20050.pdf/?dir=Comunicaciones//&sort=size&order=asc/ HTTP/1.1" 200 3690
5.9.140.242 - - [05/Dec/2020:03:36:16 -0500] "GET /SIG/index.php/Control%20Disciplinario/plantilla%20para%20Procedimientos%20-%20segunda%20instancia%20version%20050.pdf/?dir=Control%20Disciplinario// HTTP/1.1" 200 3490
201.130.185.3 - - [05/Dec/2020:03:36:17 -0500] "GET /galeria/galeria/jquery.fancybox.css?v=2.1.5 HTTP/1.1" 200 4895
5.9.140.242 - - [05/Dec/2020:03:36:19 -0500] "GET /SIG/index.php/Control%20Disciplinario/plantilla%20para%20Procedimientos%20-%20segunda%20instancia%20version%20050.pdf/?dir=Control%20Disciplinario//&sort=name&order=desc/ HTTP/1.1" 200 3489
201.130.185.3 - - [05/Dec/2020:03:36:20 -0500] "GET /BLA/boletinlegal/js/jquery.scrollShow.js HTTP/1.1" 200 4586
201.130.185.3 - - [05/Dec/2020:03:36:21 -0500] "GET /galeria/galeria/jquery.fancybox.js?v=2.1.5 HTTP/1.1" 200 48706
5.9.140.242 - - [05/Dec/2020:03:36:21 -0500] "GET /SIG/index.php/Control%20Disciplinario/plantilla%20para%20Procedimientos%20-%20segunda%20instancia%20version%20050.pdf/?dir=Control%20y%20mejora// HTTP/1.1" 200 3647
5.9.140.242 - - [05/Dec/2020:03:36:24 -0500] "GET /SIG/index.php/Control%20Disciplinario/plantilla%20para%20Procedimientos%20-%20segunda%20instancia%20version%20050.pdf/?dir=Direccionamiento%20Estrategico// HTTP/1.1" 200 4754
5.9.140.242 - - [05/Dec/2020:03:36:26 -0500] "GET /SIG/index.php/Control%20Disciplinario/plantilla%20para%20Procedimientos%20-%20segunda%20instancia%20version%20050.pdf/?dir=Direccionamiento%20Estrategico//&sort=date&order=asc/ HTTP/1.1" 200 4753
5.9.140.242 - - [05/Dec/2020:03:36:29 -0500] "GET /SIG/index.php/Control%20Disciplinario/plantilla%20para%20Procedimientos%20-%20segunda%20instancia%20version%20050.pdf/?dir=ECS// HTTP/1.1" 200 17400
5.9.140.242 - - [05/Dec/2020:03:36:33 -0500] "GET /SIG/index.php/Control%20Disciplinario/plantilla%20para%20Procedimientos%20-%20segunda%20instancia%20version%20050.pdf/?dir=ECS//&sort=date&order=asc/ HTTP/1.1" 200 17399
192.168.175.225 - - [05/Dec/2020:03:36:33 -0500] "GET / HTTP/1.1" 200 9990
5.9.140.242 - - [05/Dec/2020:03:36:36 -0500] "GET /SIG/index.php/Control%20Disciplinario/plantilla%20para%20Procedimientos%20-%20segunda%20instancia%20version%20050.pdf/?dir=ECS//&sort=size&order=asc/ HTTP/1.1" 200 17399
5.9.140.242 - - [05/Dec/2020:03:36:39 -0500] "GET /SIG/index.php/ECS/126PM04-PR08.pdf/ECS/126PM04-PR14.pdf/?dir=&sort=name&order=desc/ HTTP/1.1" 200 5400
5.9.140.242 - - [05/Dec/2020:03:36:42 -0500] "GET /SIG/index.php/ECS/126PM04-PR102.pdf/?dir=&sort=date&order=asc/ HTTP/1.1" 200 4978
5.9.140.242 - - [05/Dec/2020:03:36:45 -0500] "GET /SIG/index.php/ECS/126PM04-PR102.pdf/?dir=&sort=name&order=desc/ HTTP/1.1" 200 4978
5.9.140.242 - - [05/Dec/2020:03:36:47 -0500] "GET /SIG/index.php/ECS/126PM04-PR102.pdf/?dir=&sort=size&order=asc/ HTTP/1.1" 200 4978
5.9.140.242 - - [05/Dec/2020:03:36:50 -0500] "GET /SIG/index.php/ECS/126PM04-PR102.pdf/?dir=Comunicaciones// HTTP/1.1" 200 3193
5.9.140.242 - - [05/Dec/2020:03:36:53 -0500] "GET /SIG/index.php/ECS/126PM04-PR102.pdf/?dir=Control%20Disciplinario// HTTP/1.1" 200 2992
5.9.140.242 - - [05/Dec/2020:03:36:56 -0500] "GET /SIG/index.php/ECS/126PM04-PR21.pdf/?dir=&sort=date&order=asc/ HTTP/1.1" 200 4959
66.249.66.205 - - [05/Dec/2020:03:36:58 -0500] "GET /BLA/resoluciones/RESOLUCIONES%202009/0064.pdf HTTP/1.1" 200 226408
5.9.140.242 - - [05/Dec/2020:03:37:00 -0500] "GET /SIG/index.php/ECS/126PM04-PR21.pdf/?dir=&sort=name&order=desc/ HTTP/1.1" 200 4959
5.9.140.242 - - [05/Dec/2020:03:37:02 -0500] "GET /SIG/index.php/ECS/126PM04-PR21.pdf/?dir=&sort=size&order=asc/ HTTP/1.1" 200 4959
5.9.140.242 - - [05/Dec/2020:03:37:04 -0500] "GET /SIG/index.php/ECS/126PM04-PR21.pdf/?dir=Comunicaciones// HTTP/1.1" 200 3186
186.85.91.92 - - [05/Dec/2020:03:37:05 -0500] "GET /galeria/galeria/jquery.fancybox.css?v=2.1.5 HTTP/1.1" 200 4895
186.85.91.92 - - [05/Dec/2020:03:37:05 -0500] "GET /BLA/boletinlegal/js/jquery.scrollShow.js HTTP/1.1" 200 4586
186.85.91.92 - - [05/Dec/2020:03:37:05 -0500] "GET /galeria/galeria/jquery.fancybox.js?v=2.1.5 HTTP/1.1" 200 48706
5.9.140.242 - - [05/Dec/2020:03:37:08 -0500] "GET /SIG/index.php/ECS/126PM04-PR21.pdf/?dir=Control%20Disciplinario// HTTP/1.1" 200 2985
5.9.140.242 - - [05/Dec/2020:03:37:10 -0500] "GET /SIG/index.php/ECS/126PM04-PR21.pdf/?dir=Control%20y%20mejora//&sort=name&order=desc/ HTTP/1.1" 200 3074
5.9.140.242 - - [05/Dec/2020:03:37:13 -0500] "GET /SIG/index.php/ECS/126PM04-PR21.pdf/?dir=Direccionamiento%20Estrategico// HTTP/1.1" 200 4249
5.9.140.242 - - [05/Dec/2020:03:37:15 -0500] "GET /SIG/index.php/ECS/126PM04-PR21.pdf/?dir=ECS// HTTP/1.1" 200 16895
195.154.179.93 - - [05/Dec/2020:03:37:17 -0500] "GET /galeria/galeria/jquery.fancybox.css?v=2.1.5 HTTP/1.1" 200 4895
114.119.140.102 - - [05/Dec/2020:03:37:17 -0500] "GET /logos/logos.htm HTTP/1.1" 404 1121
5.9.140.242 - - [05/Dec/2020:03:37:18 -0500] "GET /SIG/index.php/ECS/126PM04-PR21.pdf/?dir=Gestion%20Documental// HTTP/1.1" 200 5851
5.9.140.242 - - [05/Dec/2020:03:37:21 -0500] "GET /SIG/index.php/ECS/126PM04-PR21.pdf/?dir=Gestion%20Recursos%20Financieros// HTTP/1.1" 200 9159
5.9.140.242 - - [05/Dec/2020:03:37:23 -0500] "GET /SIG/index.php/ECS/126PM04-PR22.pdf/?dir=&sort=date&order=asc/ HTTP/1.1" 200 4959
5.9.140.242 - - [05/Dec/2020:03:37:27 -0500] "GET /SIG/index.php/ECS/126PM04-PR22.pdf/?dir=&sort=name&order=desc/ HTTP/1.1" 200 4959
5.9.140.242 - - [05/Dec/2020:03:37:30 -0500] "GET /SIG/index.php/ECS/126PM04-PR22.pdf/?dir=&sort=size&order=asc/ HTTP/1.1" 200 4959
5.9.140.242 - - [05/Dec/2020:03:37:32 -0500] "GET /SIG/index.php/ECS/126PM04-PR22.pdf/?dir=Comunicaciones// HTTP/1.1" 200 3186
5.9.140.242 - - [05/Dec/2020:03:37:34 -0500] "GET /SIG/index.php/ECS/126PM04-PR22.pdf/?dir=Control%20Disciplinario// HTTP/1.1" 200 2985
5.9.140.242 - - [05/Dec/2020:03:37:38 -0500] "GET /SIG/index.php/ECS/126PM04-PR22.pdf/?dir=Control%20y%20mejora// HTTP/1.1" 200 3075
5.9.140.242 - - [05/Dec/2020:03:37:40 -0500] "GET /SIG/index.php/ECS/126PM04-PR22.pdf/?dir=Direccionamiento%20Estrategico// HTTP/1.1" 200 4249
66.249.66.209 - - [05/Dec/2020:03:37:40 -0500] "GET /BLA/resoluciones/AUTOS%202013/3506.pdf HTTP/1.1" 200 413585
5.9.140.242 - - [05/Dec/2020:03:37:42 -0500] "GET /SIG/index.php/ECS/126PM04-PR22.pdf/?dir=ECS// HTTP/1.1" 200 16895
5.9.140.242 - - [05/Dec/2020:03:37:44 -0500] "GET /SIG/index.php/ECS/126PM04-PR22.pdf/?dir=Gestion%20Documental// HTTP/1.1" 200 5851
5.9.140.242 - - [05/Dec/2020:03:37:47 -0500] "GET /SIG/index.php/ECS/126PM04-PR22.pdf/?dir=Gestion%20Recursos%20Financieros// HTTP/1.1" 200 9159
5.9.140.242 - - [05/Dec/2020:03:37:50 -0500] "GET /SIG/index.php/ECS/126PM04-PR23.pdf/?dir=&sort=date&order=asc/ HTTP/1.1" 200 4959
5.9.140.242 - - [05/Dec/2020:03:37:53 -0500] "GET /SIG/index.php/ECS/126PM04-PR23.pdf/?dir=&sort=name&order=asc/ HTTP/1.1" 200 4959
5.9.140.242 - - [05/Dec/2020:03:37:56 -0500] "GET /SIG/index.php/ECS/126PM04-PR23.pdf/?dir=&sort=name&order=desc/ HTTP/1.1" 200 4959
5.9.140.242 - - [05/Dec/2020:03:37:57 -0500] "GET /SIG/index.php/ECS/126PM04-PR23.pdf/?dir=&sort=size&order=asc/ HTTP/1.1" 200 4959
5.9.140.242 - - [05/Dec/2020:03:38:00 -0500] "GET /SIG/index.php/ECS/126PM04-PR27.pdf/?dir=&sort=name&order=desc/ HTTP/1.1" 200 4959
5.9.140.242 - - [05/Dec/2020:03:38:03 -0500] "GET /SIG/index.php/ECS/126PM04-PR29.pdf/?dir=&sort=date&order=asc/ HTTP/1.1" 200 4959
186.169.200.65 - - [05/Dec/2020:03:38:03 -0500] "GET /galeria/galeria/jquery.fancybox.css?v=2.1.5 HTTP/1.1" 200 4895
186.169.200.65 - - [05/Dec/2020:03:38:04 -0500] "GET /BLA/boletinlegal/js/jquery.scrollShow.js HTTP/1.1" 200 4586
5.9.140.242 - - [05/Dec/2020:03:38:05 -0500] "GET /SIG/index.php/ECS/126PM04-PR37.pdf/?dir=&sort=date&order=asc/ HTTP/1.1" 200 4959
186.169.200.65 - - [05/Dec/2020:03:38:05 -0500] "GET /galeria/galeria/jquery.fancybox.js?v=2.1.5 HTTP/1.1" 200 48706
5.9.140.242 - - [05/Dec/2020:03:38:07 -0500] "GET /SIG/index.php/ECS/126PM04-PR37.pdf/?dir=&sort=name&order=desc/ HTTP/1.1" 200 4959
5.9.140.242 - - [05/Dec/2020:03:38:10 -0500] "GET /SIG/index.php/ECS/126PM04-PR37.pdf/?dir=&sort=size&order=asc/ HTTP/1.1" 200 4959
5.9.140.242 - - [05/Dec/2020:03:38:13 -0500] "GET /SIG/index.php/ECS/126PM04-PR37.pdf/?dir=Comunicaciones// HTTP/1.1" 200 3186
5.9.140.242 - - [05/Dec/2020:03:38:17 -0500] "GET /SIG/index.php/ECS/126PM04-PR37.pdf/?dir=Gestion%20Documental// HTTP/1.1" 200 5851
5.9.140.242 - - [05/Dec/2020:03:38:19 -0500] "GET /SIG/index.php/ECS/126PM04-PR37.pdf/?dir=Gestion%20Recursos%20Financieros// HTTP/1.1" 200 9159
5.9.140.242 - - [05/Dec/2020:03:38:22 -0500] "GET /SIG/index.php/ECS/126PM04-PR38.pdf/?dir=&sort=date&order=asc/ HTTP/1.1" 200 4959
5.9.140.242 - - [05/Dec/2020:03:38:25 -0500] "GET /SIG/index.php/ECS/126PM04-PR38.pdf/?dir=&sort=name&order=desc/ HTTP/1.1" 200 4959
5.9.140.242 - - [05/Dec/2020:03:38:27 -0500] "GET /SIG/index.php/ECS/126PM04-PR38.pdf/?dir=&sort=size&order=asc/ HTTP/1.1" 200 4959
69.162.124.227 - - [05/Dec/2020:03:38:28 -0500] "HEAD / HTTP/1.1" 200 -
5.9.140.242 - - [05/Dec/2020:03:38:29 -0500] "GET /SIG/index.php/ECS/126PM04-PR38.pdf/?dir=Comunicaciones// HTTP/1.1" 200 3186
5.9.140.242 - - [05/Dec/2020:03:38:31 -0500] "GET /SIG/index.php/ECS/126PM04-PR38.pdf/?dir=Control%20Disciplinario// HTTP/1.1" 200 2985
207.241.232.129 - - [05/Dec/2020:03:38:32 -0500] "GET /robots.txt HTTP/1.0" 404 1018
5.9.140.242 - - [05/Dec/2020:03:38:34 -0500] "GET /SIG/index.php/ECS/126PM04-PR38.pdf/?dir=Direccionamiento%20Estrategico// HTTP/1.1" 200 4249
5.9.140.242 - - [05/Dec/2020:03:38:36 -0500] "GET /SIG/index.php/ECS/126PM04-PR39.pdf/?dir=&sort=date&order=asc/ HTTP/1.1" 200 4959
207.241.232.129 - - [05/Dec/2020:03:38:38 -0500] "GET /galeria/nivo-slider/demo/inicio88.html HTTP/1.0" 200 4096
5.9.140.242 - - [05/Dec/2020:03:38:39 -0500] "GET /SIG/index.php/ECS/126PM04-PR39.pdf/?dir=&sort=name&order=asc/ HTTP/1.1" 200 4959
5.9.140.242 - - [05/Dec/2020:03:38:41 -0500] "GET /SIG/index.php/ECS/126PM04-PR39.pdf/?dir=&sort=size&order=asc/ HTTP/1.1" 200 4959
5.9.140.242 - - [05/Dec/2020:03:38:44 -0500] "GET /SIG/index.php/ECS/126PM04-PR39.pdf/?dir=Comunicaciones// HTTP/1.1" 200 3186
5.9.140.242 - - [05/Dec/2020:03:38:46 -0500] "GET /SIG/index.php/ECS/126PM04-PR39.pdf/?dir=Comunicaciones//&sort=date&order=asc/ HTTP/1.1" 200 3185
5.9.140.242 - - [05/Dec/2020:03:38:48 -0500] "GET /SIG/index.php/ECS/126PM04-PR39.pdf/?dir=Comunicaciones//&sort=name&order=desc/ HTTP/1.1" 200 3185
5.9.140.242 - - [05/Dec/2020:03:38:51 -0500] "GET /SIG/index.php/ECS/126PM04-PR39.pdf/?dir=Comunicaciones//&sort=size&order=asc/ HTTP/1.1" 200 3185
