191.102.197.15 - - [08/Dec/2020:06:13:06 -0500] "GET /galeria/galeria/jquery.fancybox.js?v=2.1.5 HTTP/1.1" 304 -
191.102.197.15 - - [08/Dec/2020:06:13:06 -0500] "GET /BLA/boletinlegal/js/jquery.scrollShow.js HTTP/1.1" 304 -
191.102.197.15 - - [08/Dec/2020:06:13:06 -0500] "GET /galeria/galeria/jquery.fancybox.css?v=2.1.5 HTTP/1.1" 304 -
186.84.89.141 - - [08/Dec/2020:06:13:06 -0500] "GET /galeria/galeria/jquery.fancybox.css?v=2.1.5 HTTP/1.1" 200 4895
186.84.89.141 - - [08/Dec/2020:06:13:06 -0500] "GET /BLA/boletinlegal/js/jquery.scrollShow.js HTTP/1.1" 200 4586
186.84.89.141 - - [08/Dec/2020:06:13:06 -0500] "GET /galeria/galeria/jquery.fancybox.js?v=2.1.5 HTTP/1.1" 200 48706
69.162.124.227 - - [08/Dec/2020:06:13:17 -0500] "HEAD / HTTP/1.1" 200 -
201.245.192.253 - - [08/Dec/2020:06:12:39 -0500] "POST /kwsrmcab/Wsrmcab HTTP/1.1" 200 104438
66.249.70.75 - - [08/Dec/2020:06:13:27 -0500] "GET /SIG/Gesti%C3%83%C2%B3n%20Talento%20Humano/Gesti%C3%83%C2%B3n%20Talento%20Humano/126PA01-PR08.pdf HTTP/1.1" 404 1019
66.249.64.49 - - [08/Dec/2020:06:14:17 -0500] "GET /BLA/resoluciones/RESOLUCIONES%202009/3339.pdf HTTP/1.1" 200 632486
191.156.57.216 - - [08/Dec/2020:06:14:32 -0500] "GET /galeria/galeria/jquery.fancybox.css?v=2.1.5 HTTP/1.1" 200 4895
191.156.57.143 - - [08/Dec/2020:06:14:32 -0500] "GET /BLA/boletinlegal/js/jquery.scrollShow.js HTTP/1.1" 200 4586
191.156.57.216 - - [08/Dec/2020:06:14:32 -0500] "GET /galeria/galeria/jquery.fancybox.js?v=2.1.5 HTTP/1.1" 200 48706
121.8.179.169 - - [08/Dec/2020:06:15:10 -0500] "GET /galeria/galeria/jquery.fancybox.css?v=2.1.5 HTTP/1.1" 200 4895
121.8.179.169 - - [08/Dec/2020:06:15:10 -0500] "GET /BLA/boletinlegal/js/jquery.scrollShow.js HTTP/1.1" 200 4586
121.8.179.169 - - [08/Dec/2020:06:15:11 -0500] "GET /galeria/galeria/jquery.fancybox.js?v=2.1.5 HTTP/1.1" 200 48706
192.168.175.225 - - [08/Dec/2020:06:15:26 -0500] "GET / HTTP/1.1" 200 9990
186.85.101.224 - - [08/Dec/2020:06:15:26 -0500] "GET /galeria/galeria/jquery.fancybox.css?v=2.1.5 HTTP/1.1" 200 4895
186.85.101.224 - - [08/Dec/2020:06:15:26 -0500] "GET /BLA/boletinlegal/js/jquery.scrollShow.js HTTP/1.1" 200 4586
186.85.101.224 - - [08/Dec/2020:06:15:26 -0500] "GET /galeria/galeria/jquery.fancybox.js?v=2.1.5 HTTP/1.1" 200 48706
208.80.194.32 - - [08/Dec/2020:06:15:30 -0500] "GET /galeria/nivo-slider/demo/inicio80.html HTTP/1.0" 200 4360
35.160.247.74 - - [08/Dec/2020:06:15:41 -0500] "GET /galeria/galeria/jquery.fancybox.js?v=2.1.5 HTTP/1.1" 200 48706
114.119.130.12 - - [08/Dec/2020:06:15:51 -0500] "GET /BLA/resoluciones/AUTOS%202008/0398.pdf HTTP/1.1" 200 78831
168.90.13.165 - - [08/Dec/2020:06:15:53 -0500] "GET /galeria/galeria/jquery.fancybox.css?v=2.1.5 HTTP/1.1" 200 4895
168.90.13.165 - - [08/Dec/2020:06:15:53 -0500] "GET /BLA/boletinlegal/js/jquery.scrollShow.js HTTP/1.1" 200 4586
168.90.13.165 - - [08/Dec/2020:06:15:53 -0500] "GET /galeria/galeria/jquery.fancybox.js?v=2.1.5 HTTP/1.1" 200 48706
181.54.170.141 - - [08/Dec/2020:06:15:55 -0500] "GET /galeria/galeria/jquery.fancybox.css?v=2.1.5 HTTP/1.1" 200 4895
181.54.170.141 - - [08/Dec/2020:06:15:55 -0500] "GET /BLA/boletinlegal/js/jquery.scrollShow.js HTTP/1.1" 200 4586
181.54.170.141 - - [08/Dec/2020:06:15:55 -0500] "GET /galeria/galeria/jquery.fancybox.js?v=2.1.5 HTTP/1.1" 200 48706
186.155.12.116 - - [08/Dec/2020:06:16:16 -0500] "GET /galeria/galeria/jquery.fancybox.css?v=2.1.5 HTTP/1.1" 200 4895
186.155.12.116 - - [08/Dec/2020:06:16:16 -0500] "GET /BLA/boletinlegal/js/jquery.scrollShow.js HTTP/1.1" 200 4586
186.155.12.116 - - [08/Dec/2020:06:16:16 -0500] "GET /galeria/galeria/jquery.fancybox.js?v=2.1.5 HTTP/1.1" 200 48706
66.249.88.235 - - [08/Dec/2020:06:16:34 -0500] "GET /galeria/galeria/jquery.fancybox.js?v=2.1.5 HTTP/1.1" 200 48706
66.249.88.235 - - [08/Dec/2020:06:16:34 -0500] "GET /galeria/galeria/jquery.fancybox.css?v=2.1.5 HTTP/1.1" 200 4895
66.249.88.239 - - [08/Dec/2020:06:16:34 -0500] "GET /BLA/boletinlegal/js/jquery.scrollShow.js HTTP/1.1" 200 4586
201.249.29.184 - - [08/Dec/2020:06:17:36 -0500] "GET /galeria/galeria/jquery.fancybox.css?v=2.1.5 HTTP/1.1" 200 4895
201.249.29.184 - - [08/Dec/2020:06:17:36 -0500] "GET /BLA/boletinlegal/js/jquery.scrollShow.js HTTP/1.1" 200 4586
201.249.29.184 - - [08/Dec/2020:06:17:37 -0500] "GET /galeria/galeria/jquery.fancybox.js?v=2.1.5 HTTP/1.1" 200 48706
69.162.124.227 - - [08/Dec/2020:06:18:17 -0500] "HEAD / HTTP/1.1" 200 -
186.102.60.103 - - [08/Dec/2020:06:18:36 -0500] "GET /galeria/galeria/jquery.fancybox.css?v=2.1.5 HTTP/1.1" 200 4895
186.102.60.103 - - [08/Dec/2020:06:18:36 -0500] "GET /galeria/galeria/jquery.fancybox.js?v=2.1.5 HTTP/1.1" 200 48706
186.102.60.103 - - [08/Dec/2020:06:18:36 -0500] "GET /BLA/boletinlegal/js/jquery.scrollShow.js HTTP/1.1" 200 4586
186.102.60.103 - - [08/Dec/2020:06:18:41 -0500] "GET /galeria/galeria/jquery.fancybox.css?v=2.1.5 HTTP/1.1" 304 -
186.102.60.103 - - [08/Dec/2020:06:18:41 -0500] "GET /galeria/galeria/jquery.fancybox.js?v=2.1.5 HTTP/1.1" 304 -
186.102.60.103 - - [08/Dec/2020:06:18:41 -0500] "GET /BLA/boletinlegal/js/jquery.scrollShow.js HTTP/1.1" 304 -
186.154.28.190 - - [08/Dec/2020:06:19:51 -0500] "GET /galeria/galeria/jquery.fancybox.css?v=2.1.5 HTTP/1.1" 200 4895
186.154.28.190 - - [08/Dec/2020:06:19:51 -0500] "GET /BLA/boletinlegal/js/jquery.scrollShow.js HTTP/1.1" 200 4586
186.154.28.190 - - [08/Dec/2020:06:19:51 -0500] "GET /galeria/galeria/jquery.fancybox.js?v=2.1.5 HTTP/1.1" 200 48706
200.118.62.130 - - [08/Dec/2020:06:20:04 -0500] "GET /galeria/galeria/jquery.fancybox.css?v=2.1.5 HTTP/1.1" 200 4895
200.118.62.130 - - [08/Dec/2020:06:20:04 -0500] "GET /BLA/boletinlegal/js/jquery.scrollShow.js HTTP/1.1" 200 4586
200.118.62.130 - - [08/Dec/2020:06:20:04 -0500] "GET /galeria/galeria/jquery.fancybox.js?v=2.1.5 HTTP/1.1" 200 48706
192.168.175.225 - - [08/Dec/2020:06:20:26 -0500] "GET / HTTP/1.1" 200 9990
189.250.120.85 - - [08/Dec/2020:06:20:27 -0500] "GET /BLA/boletinlegal/js/jquery.scrollShow.js HTTP/1.1" 200 4586
189.250.120.85 - - [08/Dec/2020:06:20:27 -0500] "GET /galeria/galeria/jquery.fancybox.js?v=2.1.5 HTTP/1.1" 200 48706
189.250.120.85 - - [08/Dec/2020:06:20:27 -0500] "GET /galeria/galeria/jquery.fancybox.css?v=2.1.5 HTTP/1.1" 200 4895
181.62.14.125 - - [08/Dec/2020:06:20:36 -0500] "GET /BLA/boletinlegal/js/jquery.scrollShow.js HTTP/1.1" 200 4586
181.62.14.125 - - [08/Dec/2020:06:20:36 -0500] "GET /galeria/galeria/jquery.fancybox.js?v=2.1.5 HTTP/1.1" 200 48706
181.62.14.125 - - [08/Dec/2020:06:20:36 -0500] "GET /galeria/galeria/jquery.fancybox.css?v=2.1.5 HTTP/1.1" 200 4895
181.62.14.125 - - [08/Dec/2020:06:20:38 -0500] "GET /BLA/boletinlegal/js/jquery.scrollShow.js HTTP/1.1" 304 -
181.62.14.125 - - [08/Dec/2020:06:20:38 -0500] "GET /galeria/galeria/jquery.fancybox.js?v=2.1.5 HTTP/1.1" 304 -
181.62.14.125 - - [08/Dec/2020:06:20:38 -0500] "GET /galeria/galeria/jquery.fancybox.css?v=2.1.5 HTTP/1.1" 304 -
201.245.192.253 - - [08/Dec/2020:06:20:25 -0500] "POST /kwsrmcab/Wsrmcab HTTP/1.1" 200 43545
114.119.135.169 - - [08/Dec/2020:06:21:20 -0500] "GET /BLA/resoluciones/AUTOS%202007/2577.pdf HTTP/1.1" 200 220688
201.245.192.253 - - [08/Dec/2020:06:21:08 -0500] "POST /kwsrmcab/Wsrmcab HTTP/1.1" 200 40528
199.83.232.60 - - [08/Dec/2020:06:21:55 -0500] "GET /galeria/galeria/fotos/Humedal-la-conejera1P.jpg HTTP/1.1" 200 31504
69.162.124.227 - - [08/Dec/2020:06:23:17 -0500] "HEAD / HTTP/1.1" 200 -
186.102.29.196 - - [08/Dec/2020:06:23:39 -0500] "GET /galeria/galeria/jquery.fancybox.css?v=2.1.5 HTTP/1.1" 200 4895
186.102.29.196 - - [08/Dec/2020:06:23:39 -0500] "GET /BLA/boletinlegal/js/jquery.scrollShow.js HTTP/1.1" 200 4586
186.102.29.196 - - [08/Dec/2020:06:23:39 -0500] "GET /galeria/galeria/jquery.fancybox.js?v=2.1.5 HTTP/1.1" 200 48706
186.86.33.3 - - [08/Dec/2020:06:23:40 -0500] "GET /galeria/galeria/jquery.fancybox.css?v=2.1.5 HTTP/1.1" 200 4895
186.86.33.3 - - [08/Dec/2020:06:23:40 -0500] "GET /BLA/boletinlegal/js/jquery.scrollShow.js HTTP/1.1" 200 4586
186.86.33.3 - - [08/Dec/2020:06:23:40 -0500] "GET /galeria/galeria/jquery.fancybox.js?v=2.1.5 HTTP/1.1" 200 48706
66.249.64.47 - - [08/Dec/2020:06:23:42 -0500] "GET /BLA/resoluciones/RESOLUCIONES%202009/3495.pdf HTTP/1.1" 200 684688
186.116.88.250 - - [08/Dec/2020:06:24:00 -0500] "GET /BLA/boletinlegal/js/jquery.scrollShow.js HTTP/1.1" 304 -
186.116.88.250 - - [08/Dec/2020:06:24:00 -0500] "GET /galeria/galeria/jquery.fancybox.js?v=2.1.5 HTTP/1.1" 304 -
186.116.88.250 - - [08/Dec/2020:06:24:00 -0500] "GET /galeria/galeria/jquery.fancybox.css?v=2.1.5 HTTP/1.1" 304 -
66.249.70.77 - - [08/Dec/2020:06:24:15 -0500] "GET /SIG/Gesti%C3%83%C2%B3n%20de%20Recursos%20F%C3%83%C2%ADsicos/126PA04-PR20.pdf HTTP/1.1" 404 1019
161.18.152.187 - - [08/Dec/2020:06:24:57 -0500] "GET /galeria/galeria/jquery.fancybox.css?v=2.1.5 HTTP/1.1" 304 -
161.18.152.187 - - [08/Dec/2020:06:24:57 -0500] "GET /galeria/galeria/jquery.fancybox.js?v=2.1.5 HTTP/1.1" 304 -
161.18.152.187 - - [08/Dec/2020:06:24:57 -0500] "GET /BLA/boletinlegal/js/jquery.scrollShow.js HTTP/1.1" 304 -
192.168.175.225 - - [08/Dec/2020:06:25:25 -0500] "GET / HTTP/1.1" 200 9990
85.10.199.185 - - [08/Dec/2020:06:25:33 -0500] "GET /robots.txt HTTP/1.1" 404 1019
85.10.199.185 - - [08/Dec/2020:06:25:44 -0500] "GET /Autoliquidacion/Grupo%20Forestal%20-%20Industria%20de%20la%20Madera/Instructivo-solicitud-Verificaci%C3%B3n-para-expedici%C3%B3n-SUNL.pdf/ HTTP/1.1" 404 1019
190.146.46.36 - - [08/Dec/2020:06:25:46 -0500] "GET /galeria/galeria/jquery.fancybox.css?v=2.1.5 HTTP/1.1" 304 -
190.146.46.36 - - [08/Dec/2020:06:25:46 -0500] "GET /galeria/galeria/jquery.fancybox.js?v=2.1.5 HTTP/1.1" 304 -
190.146.46.36 - - [08/Dec/2020:06:25:46 -0500] "GET /BLA/boletinlegal/js/jquery.scrollShow.js HTTP/1.1" 304 -
85.10.199.185 - - [08/Dec/2020:06:25:51 -0500] "GET /Autoliquidacion/Grupo%20Forestal%20-%20Silvicultura/Ficha%20de%20actualizaci%C3%B3n%20del%20catastro%20de%20%C3%A1rboles.xls/ HTTP/1.1" 404 1019
85.10.199.185 - - [08/Dec/2020:06:25:58 -0500] "GET /Autoliquidacion/Grupo%20Forestal%20-%20Silvicultura/Formato%20de%20ejecuci%C3%B3n%20de%20actividades%20silviculturales.xlsx/ HTTP/1.1" 404 1019
190.152.201.34 - - [08/Dec/2020:06:26:06 -0500] "GET /galeria/galeria/jquery.fancybox.css?v=2.1.5 HTTP/1.1" 200 4895
190.152.201.34 - - [08/Dec/2020:06:26:06 -0500] "GET /BLA/boletinlegal/js/jquery.scrollShow.js HTTP/1.1" 200 4586
190.152.201.34 - - [08/Dec/2020:06:26:06 -0500] "GET /galeria/galeria/jquery.fancybox.js?v=2.1.5 HTTP/1.1" 200 48706
85.10.199.185 - - [08/Dec/2020:06:26:06 -0500] "GET /Autoliquidacion/Grupo%20Forestal%20-%20Silvicultura/Instructivo-solicitud-Verificaci%C3%B3n-para-expedici%C3%B3n-SUNL.pdf/ HTTP/1.1" 404 1019
190.152.201.34 - - [08/Dec/2020:06:26:12 -0500] "GET /BLA/boletinlegal/js/jquery.scrollShow.js HTTP/1.1" 200 4586
190.152.201.34 - - [08/Dec/2020:06:26:12 -0500] "GET /galeria/galeria/jquery.fancybox.js?v=2.1.5 HTTP/1.1" 200 48706
190.152.201.34 - - [08/Dec/2020:06:26:12 -0500] "GET /galeria/galeria/jquery.fancybox.css?v=2.1.5 HTTP/1.1" 200 4895
85.10.199.185 - - [08/Dec/2020:06:26:17 -0500] "GET /SIG/index.php/Comunicaciones/126PG02-PR09.pdf/?dir=ECS// HTTP/1.1" 200 16994
85.10.199.185 - - [08/Dec/2020:06:26:24 -0500] "GET /SIG/index.php/Comunicaciones/126PG02-PR09.pdf/?dir=Gestion%20Documental// HTTP/1.1" 200 5950
186.102.23.99 - - [08/Dec/2020:06:26:27 -0500] "GET /galeria/galeria/jquery.fancybox.css?v=2.1.5 HTTP/1.1" 200 4895
186.102.23.99 - - [08/Dec/2020:06:26:27 -0500] "GET /BLA/boletinlegal/js/jquery.scrollShow.js HTTP/1.1" 200 4586
186.102.23.99 - - [08/Dec/2020:06:26:27 -0500] "GET /galeria/galeria/jquery.fancybox.js?v=2.1.5 HTTP/1.1" 200 48706
85.10.199.185 - - [08/Dec/2020:06:26:33 -0500] "GET /SIG/index.php/Comunicaciones/126PG02-PR09.pdf/?dir=Gestion%20Recursos%20Financieros// HTTP/1.1" 200 9258
85.10.199.185 - - [08/Dec/2020:06:26:45 -0500] "GET /SIG/index.php/Comunicaciones/126PG02-PR10.pdf/?dir=&sort=name&order=desc/ HTTP/1.1" 200 5190
181.139.217.130 - - [08/Dec/2020:06:26:52 -0500] "GET /galeria/galeria/jquery.fancybox.css?v=2.1.5 HTTP/1.1" 200 4895
181.139.217.130 - - [08/Dec/2020:06:26:52 -0500] "GET /BLA/boletinlegal/js/jquery.scrollShow.js HTTP/1.1" 200 4586
181.139.217.130 - - [08/Dec/2020:06:26:52 -0500] "GET /galeria/galeria/jquery.fancybox.js?v=2.1.5 HTTP/1.1" 200 48706
85.10.199.185 - - [08/Dec/2020:06:26:54 -0500] "GET /SIG/index.php/Comunicaciones/126PG02-PR10.pdf/?dir=&sort=size&order=asc/ HTTP/1.1" 200 5190
85.10.199.185 - - [08/Dec/2020:06:27:02 -0500] "GET /SIG/index.php/Comunicaciones/126PG02-PR10.pdf/?dir=Comunicaciones// HTTP/1.1" 200 3285
85.10.199.185 - - [08/Dec/2020:06:27:10 -0500] "GET /SIG/index.php/Comunicaciones/126PG02-PR10.pdf/?dir=Comunicaciones//&sort=date&order=asc/ HTTP/1.1" 200 3284
186.113.10.19 - - [08/Dec/2020:06:27:19 -0500] "GET /galeria/nivo-slider/demo/images/bannerpico.jpg HTTP/1.1" 304 -
85.10.199.185 - - [08/Dec/2020:06:27:20 -0500] "GET /SIG/index.php/Comunicaciones/126PG02-PR10.pdf/?dir=Comunicaciones//&sort=name&order=desc/ HTTP/1.1" 200 3284
85.10.199.185 - - [08/Dec/2020:06:27:26 -0500] "GET /SIG/index.php/Control%20Disciplinario/plantilla%20para%20Procedimientos%20-%20segunda%20instancia%20version%20050.pdf/?dir=Gestion%20Documental// HTTP/1.1" 200 6356
85.10.199.185 - - [08/Dec/2020:06:27:30 -0500] "GET /SIG/index.php/Control%20y%20mejora/126PE01-PR04.pdf/?dir=Direccionamiento%20Estrategico// HTTP/1.1" 200 4366
85.10.199.185 - - [08/Dec/2020:06:27:37 -0500] "GET /SIG/index.php/Control%20y%20mejora/126PE01-PR04.pdf/?dir=Gestion%20Documental// HTTP/1.1" 200 5968
85.10.199.185 - - [08/Dec/2020:06:27:45 -0500] "GET /SIG/index.php/Control%20y%20mejora/126PE01-PR04.pdf/?dir=Gestion%20Recursos%20Financieros// HTTP/1.1" 200 9276
85.10.199.185 - - [08/Dec/2020:06:27:51 -0500] "GET /SIG/index.php/Control%20y%20mejora/126PE01-PR05.pdf/?dir=&sort=date&order=asc/ HTTP/1.1" 200 5232
45.226.35.133 - - [08/Dec/2020:06:27:51 -0500] "GET /galeria/galeria/jquery.fancybox.css?v=2.1.5 HTTP/1.1" 200 4895
45.226.35.133 - - [08/Dec/2020:06:27:51 -0500] "GET /BLA/boletinlegal/js/jquery.scrollShow.js HTTP/1.1" 200 4586
45.226.35.133 - - [08/Dec/2020:06:27:51 -0500] "GET /galeria/galeria/jquery.fancybox.js?v=2.1.5 HTTP/1.1" 200 48706
85.10.199.185 - - [08/Dec/2020:06:27:56 -0500] "GET /SIG/index.php/Control%20y%20mejora/126PE01-PR05.pdf/?dir=&sort=name&order=desc/ HTTP/1.1" 200 5232
85.10.199.185 - - [08/Dec/2020:06:28:00 -0500] "GET /SIG/index.php/Control%20y%20mejora/126PE01-PR05.pdf/?dir=&sort=size&order=asc/ HTTP/1.1" 200 5232
85.10.199.185 - - [08/Dec/2020:06:28:09 -0500] "GET /SIG/index.php/Control%20y%20mejora/126PE01-PR05.pdf/?dir=Comunicaciones// HTTP/1.1" 200 3303
85.10.199.185 - - [08/Dec/2020:06:28:15 -0500] "GET /SIG/index.php/Control%20y%20mejora/126PE01-PR05.pdf/?dir=Control%20Disciplinario// HTTP/1.1" 200 3102
69.162.124.227 - - [08/Dec/2020:06:28:17 -0500] "HEAD / HTTP/1.1" 200 -
85.10.199.185 - - [08/Dec/2020:06:28:20 -0500] "GET /SIG/index.php/Control%20y%20mejora/126PE01-PR05.pdf/?dir=Control%20y%20mejora// HTTP/1.1" 200 3205
85.10.199.185 - - [08/Dec/2020:06:28:28 -0500] "GET /SIG/index.php/Control%20y%20mejora/126PE01-PR05.pdf/?dir=Direccionamiento%20Estrategico// HTTP/1.1" 200 4366
85.10.199.185 - - [08/Dec/2020:06:28:34 -0500] "GET /SIG/index.php/Control%20y%20mejora/126PE01-PR05.pdf/?dir=ECS// HTTP/1.1" 200 17012
190.27.61.160 - - [08/Dec/2020:06:28:37 -0500] "GET /galeria/galeria/jquery.fancybox.css?v=2.1.5 HTTP/1.1" 200 4895
190.27.61.160 - - [08/Dec/2020:06:28:37 -0500] "GET /galeria/galeria/jquery.fancybox.js?v=2.1.5 HTTP/1.1" 200 48706
190.27.61.160 - - [08/Dec/2020:06:28:38 -0500] "GET /BLA/boletinlegal/js/jquery.scrollShow.js HTTP/1.1" 200 4586
85.10.199.185 - - [08/Dec/2020:06:28:48 -0500] "GET /SIG/index.php/Control%20y%20mejora/126PE01-PR05.pdf/?dir=Gestion%20Documental// HTTP/1.1" 200 5968
85.10.199.185 - - [08/Dec/2020:06:28:53 -0500] "GET /SIG/index.php/Control%20y%20mejora/126PE01-PR05.pdf/?dir=Gestion%20Recursos%20Financieros// HTTP/1.1" 200 9276
85.10.199.185 - - [08/Dec/2020:06:28:59 -0500] "GET /SIG/index.php/Control%20y%20mejora/126PE01-PR07.pdf/?dir=&sort=date&order=asc/ HTTP/1.1" 200 5232
85.10.199.185 - - [08/Dec/2020:06:29:05 -0500] "GET /SIG/index.php/Control%20y%20mejora/126PE01-PR07.pdf/?dir=&sort=name&order=desc/ HTTP/1.1" 200 5232
85.10.199.185 - - [08/Dec/2020:06:29:11 -0500] "GET /SIG/index.php/Control%20y%20mejora/126PE01-PR07.pdf/?dir=&sort=size&order=asc/ HTTP/1.1" 200 5232
85.10.199.185 - - [08/Dec/2020:06:29:19 -0500] "GET /SIG/index.php/Control%20y%20mejora/126PE01-PR07.pdf/?dir=Comunicaciones// HTTP/1.1" 200 3303
186.84.20.32 - - [08/Dec/2020:06:29:22 -0500] "GET /BLA/boletinlegal/js/jquery.scrollShow.js HTTP/1.1" 200 4586
186.84.20.32 - - [08/Dec/2020:06:29:23 -0500] "GET /galeria/galeria/jquery.fancybox.js?v=2.1.5 HTTP/1.1" 200 48706
186.84.20.32 - - [08/Dec/2020:06:29:23 -0500] "GET /galeria/galeria/jquery.fancybox.css?v=2.1.5 HTTP/1.1" 200 4895
186.84.20.32 - - [08/Dec/2020:06:29:23 -0500] "GET /galeria/carrusel/Carrusel/jquery.thumbnailScroller.css HTTP/1.1" 200 2066
186.84.20.32 - - [08/Dec/2020:06:29:23 -0500] "GET /galeria/carrusel/Carrusel/jquery-ui-1.8.13.custom.min.js HTTP/1.1" 200 10800
186.84.20.32 - - [08/Dec/2020:06:29:23 -0500] "GET /galeria/carrusel/Carrusel/jquery.thumbnailScroller.js HTTP/1.1" 200 8157
186.84.20.32 - - [08/Dec/2020:06:29:24 -0500] "GET /galeria/nivo-slider/demo/inicio80.html HTTP/1.1" 200 4360
186.84.20.32 - - [08/Dec/2020:06:29:25 -0500] "GET /galeria/nivo-slider/themes/default/default.css HTTP/1.1" 200 1569
186.84.20.32 - - [08/Dec/2020:06:29:25 -0500] "GET /galeria/nivo-slider/themes/pascal/pascal.css HTTP/1.1" 200 2258
186.84.20.32 - - [08/Dec/2020:06:29:25 -0500] "GET /galeria/nivo-slider/themes/orman/orman.css HTTP/1.1" 200 2152
186.84.20.32 - - [08/Dec/2020:06:29:25 -0500] "GET /galeria/nivo-slider/nivo-slider.css HTTP/1.1" 200 1507
186.84.20.32 - - [08/Dec/2020:06:29:25 -0500] "GET /galeria/nivo-slider/demo/style.css HTTP/1.1" 200 2222
186.84.20.32 - - [08/Dec/2020:06:29:25 -0500] "GET /galeria/nivo-slider/demo/scripts/jquery-1.7.1.min.js HTTP/1.1" 200 93868
186.84.20.32 - - [08/Dec/2020:06:29:25 -0500] "GET /galeria/nivo-slider/demo/images/banner2020acercar.jpg HTTP/1.1" 200 180505
186.84.20.32 - - [08/Dec/2020:06:29:25 -0500] "GET /galeria/nivo-slider/demo/images/bannermusgo2020.jpg HTTP/1.1" 200 78281
186.84.20.32 - - [08/Dec/2020:06:29:25 -0500] "GET /galeria/nivo-slider/jquery.nivo.slider.pack.js HTTP/1.1" 200 11561
186.84.20.32 - - [08/Dec/2020:06:29:25 -0500] "GET /galeria/nivo-slider/demo/images/bannerarbol.jpg HTTP/1.1" 200 109125
186.84.20.32 - - [08/Dec/2020:06:29:25 -0500] "GET /galeria/nivo-slider/demo/images/banneraperturahumedales.jpg HTTP/1.1" 200 91161
186.84.20.32 - - [08/Dec/2020:06:29:25 -0500] "GET /galeria/nivo-slider/demo/images/4Simple_Slider.png HTTP/1.1" 200 11722
186.84.20.32 - - [08/Dec/2020:06:29:25 -0500] "GET /galeria/nivo-slider/themes/default/loading.gif HTTP/1.1" 200 1737
186.84.20.32 - - [08/Dec/2020:06:29:25 -0500] "GET /galeria/nivo-slider/demo/images/bannertingua2020.png HTTP/1.1" 200 105392
186.84.20.32 - - [08/Dec/2020:06:29:25 -0500] "GET /galeria/nivo-slider/demo/images/banneratencionpuntos.jpg HTTP/1.1" 200 249106
186.84.20.32 - - [08/Dec/2020:06:29:25 -0500] "GET /galeria/nivo-slider/demo/images/bannerresiduos.jpg HTTP/1.1" 200 155409
186.84.20.32 - - [08/Dec/2020:06:29:25 -0500] "GET /galeria/nivo-slider/demo/images/Bannercuidate.jpg HTTP/1.1" 200 75508
186.84.20.32 - - [08/Dec/2020:06:29:25 -0500] "GET /galeria/nivo-slider/demo/images/bannerbioseguridad.jpg HTTP/1.1" 200 228661
186.84.20.32 - - [08/Dec/2020:06:29:25 -0500] "GET /galeria/nivo-slider/demo/images/bannerclasesweb.jpg HTTP/1.1" 200 180765
186.84.20.32 - - [08/Dec/2020:06:29:25 -0500] "GET /galeria/nivo-slider/demo/images/Banner%20canales%20virtuales.jpg HTTP/1.1" 200 209438
186.84.20.32 - - [08/Dec/2020:06:29:25 -0500] "GET /galeria/nivo-slider/demo/images/bannerbolsas.jpg HTTP/1.1" 200 283727
186.84.20.32 - - [08/Dec/2020:06:29:26 -0500] "GET /galeria/nivo-slider/themes/default/arrows.png HTTP/1.1" 200 824
186.84.20.32 - - [08/Dec/2020:06:29:26 -0500] "GET /galeria/nivo-slider/themes/default/bullets.png HTTP/1.1" 200 1281
85.10.199.185 - - [08/Dec/2020:06:29:27 -0500] "GET /SIG/index.php/Control%20y%20mejora/126PE01-PR07.pdf/?dir=Control%20Disciplinario// HTTP/1.1" 200 3102
85.10.199.185 - - [08/Dec/2020:06:29:41 -0500] "GET /SIG/index.php/Control%20y%20mejora/126PE01-PR07.pdf/?dir=Control%20y%20mejora// HTTP/1.1" 200 3205
85.10.199.185 - - [08/Dec/2020:06:29:49 -0500] "GET /SIG/index.php/Control%20y%20mejora/126PE01-PR07.pdf/?dir=Direccionamiento%20Estrategico// HTTP/1.1" 200 4366
85.10.199.185 - - [08/Dec/2020:06:30:06 -0500] "GET /SIG/index.php/Control%20y%20mejora/126PE01-PR07.pdf/?dir=ECS// HTTP/1.1" 200 17012
85.10.199.185 - - [08/Dec/2020:06:30:15 -0500] "GET /SIG/index.php/Control%20y%20mejora/126PE01-PR07.pdf/?dir=Gestion%20Documental// HTTP/1.1" 200 5968
40.77.188.76 - - [08/Dec/2020:06:30:15 -0500] "GET /galeria/galeria/jquery.fancybox.js?v=2.1.5 HTTP/1.1" 200 48706
192.168.175.225 - - [08/Dec/2020:06:30:25 -0500] "GET / HTTP/1.1" 200 9990
85.10.199.185 - - [08/Dec/2020:06:30:28 -0500] "GET /SIG/index.php/Control%20y%20mejora/126PE01-PR07.pdf/?dir=Gestion%20Recursos%20Financieros// HTTP/1.1" 200 9276
85.10.199.185 - - [08/Dec/2020:06:30:40 -0500] "GET /SIG/index.php/Control%20y%20mejora/126PE01-PR08.pdf/?dir=&sort=date&order=asc/ HTTP/1.1" 200 5232
85.10.199.185 - - [08/Dec/2020:06:30:49 -0500] "GET /SIG/index.php/Control%20y%20mejora/126PE01-PR08.pdf/?dir=&sort=name&order=desc/ HTTP/1.1" 200 5232
191.156.145.228 - - [08/Dec/2020:06:30:56 -0500] "GET /galeria/galeria/jquery.fancybox.css?v=2.1.5 HTTP/1.1" 200 4895
181.137.115.15 - - [08/Dec/2020:06:30:56 -0500] "GET /BLA/boletinlegal/js/jquery.scrollShow.js HTTP/1.1" 200 4586
181.137.115.15 - - [08/Dec/2020:06:30:56 -0500] "GET /galeria/galeria/jquery.fancybox.js?v=2.1.5 HTTP/1.1" 200 48706
181.137.115.15 - - [08/Dec/2020:06:30:56 -0500] "GET /galeria/galeria/jquery.fancybox.css?v=2.1.5 HTTP/1.1" 200 4895
66.249.70.75 - - [08/Dec/2020:06:30:56 -0500] "GET /BLA/boletinlegal/Circulares/2011/Circular%20No.%204%20del%2012%20de%20Agosto%20de%202011.pdf HTTP/1.1" 200 601047
85.10.199.185 - - [08/Dec/2020:06:30:58 -0500] "GET /SIG/index.php/Control%20y%20mejora/126PE01-PR08.pdf/?dir=&sort=size&order=asc/ HTTP/1.1" 200 5232
191.156.145.228 - - [08/Dec/2020:06:30:58 -0500] "GET /BLA/boletinlegal/js/jquery.scrollShow.js HTTP/1.1" 200 4586
191.156.145.228 - - [08/Dec/2020:06:30:58 -0500] "GET /galeria/galeria/jquery.fancybox.js?v=2.1.5 HTTP/1.1" 200 48706
181.137.115.15 - - [08/Dec/2020:06:30:59 -0500] "GET /BLA/boletinlegal/js/jquery.scrollShow.js HTTP/1.1" 304 -
181.137.115.15 - - [08/Dec/2020:06:30:59 -0500] "GET /galeria/galeria/jquery.fancybox.css?v=2.1.5 HTTP/1.1" 304 -
181.137.115.15 - - [08/Dec/2020:06:30:59 -0500] "GET /galeria/galeria/jquery.fancybox.js?v=2.1.5 HTTP/1.1" 304 -
201.245.192.253 - - [08/Dec/2020:06:30:26 -0500] "POST /kwsrmcab/Wsrmcab HTTP/1.1" 200 43545
85.10.199.185 - - [08/Dec/2020:06:31:08 -0500] "GET /SIG/index.php/Control%20y%20mejora/126PE01-PR08.pdf/?dir=Comunicaciones// HTTP/1.1" 200 3303
85.10.199.185 - - [08/Dec/2020:06:31:21 -0500] "GET /SIG/index.php/Control%20y%20mejora/126PE01-PR08.pdf/?dir=Control%20Disciplinario// HTTP/1.1" 200 3102
85.10.199.185 - - [08/Dec/2020:06:31:31 -0500] "GET /SIG/index.php/Direccionamiento%20Estrategico/126PG01-PR15.pdf/?dir=&sort=date&order=asc/ HTTP/1.1" 200 5484
85.10.199.185 - - [08/Dec/2020:06:31:40 -0500] "GET /SIG/index.php/Direccionamiento%20Estrategico/126PG01-PR15.pdf/?dir=&sort=name&order=desc/ HTTP/1.1" 200 5484
85.10.199.185 - - [08/Dec/2020:06:31:48 -0500] "GET /SIG/index.php/Direccionamiento%20Estrategico/126PG01-PR15.pdf/?dir=&sort=size&order=asc/ HTTP/1.1" 200 5484
201.245.192.253 - - [08/Dec/2020:06:31:09 -0500] "POST /kwsrmcab/Wsrmcab HTTP/1.1" 200 40528
85.10.199.185 - - [08/Dec/2020:06:31:55 -0500] "GET /SIG/index.php/Direccionamiento%20Estrategico/126PG01-PR15.pdf/?dir=Comunicaciones// HTTP/1.1" 200 3411
85.10.199.185 - - [08/Dec/2020:06:32:06 -0500] "GET /SIG/index.php/Direccionamiento%20Estrategico/126PG01-PR15.pdf/?dir=Control%20Disciplinario// HTTP/1.1" 200 3210
186.146.10.162 - - [08/Dec/2020:06:32:11 -0500] "GET /galeria/galeria/jquery.fancybox.css?v=2.1.5 HTTP/1.1" 200 4895
186.146.10.162 - - [08/Dec/2020:06:32:11 -0500] "GET /BLA/boletinlegal/js/jquery.scrollShow.js HTTP/1.1" 200 4586
186.146.10.162 - - [08/Dec/2020:06:32:11 -0500] "GET /galeria/galeria/jquery.fancybox.js?v=2.1.5 HTTP/1.1" 200 48706
85.10.199.185 - - [08/Dec/2020:06:32:13 -0500] "GET /SIG/index.php/Direccionamiento%20Estrategico/126PG01-PR15.pdf/?dir=Control%20y%20mejora// HTTP/1.1" 200 3325
85.10.199.185 - - [08/Dec/2020:06:32:21 -0500] "GET /SIG/index.php/Direccionamiento%20Estrategico/126PG01-PR15.pdf/?dir=Direccionamiento%20Estrategico// HTTP/1.1" 200 4474
66.249.64.47 - - [08/Dec/2020:06:32:28 -0500] "GET /BLA/resoluciones/RESOLUCIONES%202007/RES%202007%204001%20AL%204100/RESOLUCION%204065%20DE%202007.pdf HTTP/1.1" 200 248019
190.66.148.198 - - [08/Dec/2020:06:32:29 -0500] "GET /galeria/galeria/jquery.fancybox.css?v=2.1.5 HTTP/1.1" 200 4895
190.66.148.198 - - [08/Dec/2020:06:32:29 -0500] "GET /BLA/boletinlegal/js/jquery.scrollShow.js HTTP/1.1" 200 4586
190.66.148.198 - - [08/Dec/2020:06:32:29 -0500] "GET /galeria/galeria/jquery.fancybox.js?v=2.1.5 HTTP/1.1" 200 48706
85.10.199.185 - - [08/Dec/2020:06:32:34 -0500] "GET /SIG/index.php/Direccionamiento%20Estrategico/126PG01-PR15.pdf/?dir=ECS// HTTP/1.1" 200 17120
66.249.64.47 - - [08/Dec/2020:06:32:36 -0500] "GET /BLA/resoluciones/RESOLUCIONES%202017/0270.pdf HTTP/1.1" 304 -
85.10.199.185 - - [08/Dec/2020:06:32:47 -0500] "GET /SIG/index.php/Direccionamiento%20Estrategico/126PG01-PR15.pdf/?dir=Gestion%20Documental// HTTP/1.1" 200 6076
186.84.90.235 - - [08/Dec/2020:06:32:53 -0500] "GET /BLA/boletinlegal/js/jquery.scrollShow.js HTTP/1.1" 304 -
186.84.90.235 - - [08/Dec/2020:06:32:53 -0500] "GET /galeria/galeria/jquery.fancybox.js?v=2.1.5 HTTP/1.1" 304 -
186.84.90.235 - - [08/Dec/2020:06:32:53 -0500] "GET /galeria/galeria/jquery.fancybox.css?v=2.1.5 HTTP/1.1" 304 -
66.249.64.45 - - [08/Dec/2020:06:32:57 -0500] "GET /BLA/resoluciones/RESOLUCIONES%202009/5522.pdf HTTP/1.1" 200 518729
85.10.199.185 - - [08/Dec/2020:06:32:57 -0500] "GET /SIG/index.php/Direccionamiento%20Estrategico/126PG01-PR15.pdf/?dir=Gestion%20Recursos%20Financieros// HTTP/1.1" 200 9384
85.10.199.185 - - [08/Dec/2020:06:33:09 -0500] "GET /SIG/index.php/Direccionamiento%20Estrategico/126PG01-PR16.pdf/?dir=&sort=date&order=asc/ HTTP/1.1" 200 5484
69.162.124.227 - - [08/Dec/2020:06:33:17 -0500] "HEAD / HTTP/1.1" 200 -
85.10.199.185 - - [08/Dec/2020:06:33:20 -0500] "GET /SIG/index.php/Direccionamiento%20Estrategico/126PG01-PR16.pdf/?dir=&sort=name&order=desc/ HTTP/1.1" 200 5484
201.245.192.253 - - [08/Dec/2020:06:32:39 -0500] "POST /kwsrmcab/Wsrmcab HTTP/1.1" 200 104438
85.10.199.185 - - [08/Dec/2020:06:33:29 -0500] "GET /SIG/index.php/Direccionamiento%20Estrategico/126PG01-PR16.pdf/?dir=&sort=size&order=asc/ HTTP/1.1" 200 5484
85.10.199.185 - - [08/Dec/2020:06:33:41 -0500] "GET /SIG/index.php/Direccionamiento%20Estrategico/126PG01-PR16.pdf/?dir=Comunicaciones// HTTP/1.1" 200 3411
85.10.199.185 - - [08/Dec/2020:06:33:52 -0500] "GET /SIG/index.php/Direccionamiento%20Estrategico/126PG01-PR16.pdf/?dir=Control%20Disciplinario// HTTP/1.1" 200 3210
85.10.199.185 - - [08/Dec/2020:06:34:02 -0500] "GET /SIG/index.php/Direccionamiento%20Estrategico/126PG01-PR16.pdf/?dir=Control%20y%20mejora// HTTP/1.1" 200 3325
85.10.199.185 - - [08/Dec/2020:06:34:12 -0500] "GET /SIG/index.php/Direccionamiento%20Estrategico/126PG01-PR16.pdf/?dir=Direccionamiento%20Estrategico// HTTP/1.1" 200 4474
85.10.199.185 - - [08/Dec/2020:06:34:21 -0500] "GET /SIG/index.php/Direccionamiento%20Estrategico/126PG01-PR16.pdf/?dir=ECS// HTTP/1.1" 200 17120
85.10.199.185 - - [08/Dec/2020:06:34:28 -0500] "GET /SIG/index.php/Direccionamiento%20Estrategico/126PG01-PR16.pdf/?dir=Gestion%20Documental// HTTP/1.1" 200 6076
85.10.199.185 - - [08/Dec/2020:06:34:38 -0500] "GET /SIG/index.php/Direccionamiento%20Estrategico/126PG01-PR16.pdf/?dir=Gestion%20Recursos%20Financieros// HTTP/1.1" 200 9384
73.159.171.3 - - [08/Dec/2020:06:34:43 -0500] "GET /BLA/boletinlegal/js/jquery.scrollShow.js HTTP/1.1" 200 4586
73.159.171.3 - - [08/Dec/2020:06:34:43 -0500] "GET /galeria/galeria/jquery.fancybox.js?v=2.1.5 HTTP/1.1" 200 48706
73.159.171.3 - - [08/Dec/2020:06:34:43 -0500] "GET /galeria/galeria/jquery.fancybox.css?v=2.1.5 HTTP/1.1" 200 4895
85.10.199.185 - - [08/Dec/2020:06:34:47 -0500] "GET /SIG/index.php/Direccionamiento%20Estrategico/126PG01-PR18.pdf/?dir=&sort=size&order=asc/ HTTP/1.1" 200 5484
73.159.171.3 - - [08/Dec/2020:06:34:47 -0500] "GET /BLA/boletinlegal/js/jquery.scrollShow.js HTTP/1.1" 304 -
73.159.171.3 - - [08/Dec/2020:06:34:47 -0500] "GET /galeria/galeria/jquery.fancybox.css?v=2.1.5 HTTP/1.1" 304 -
73.159.171.3 - - [08/Dec/2020:06:34:47 -0500] "GET /galeria/galeria/jquery.fancybox.js?v=2.1.5 HTTP/1.1" 304 -
85.10.199.185 - - [08/Dec/2020:06:34:56 -0500] "GET /SIG/index.php/Direccionamiento%20Estrategico/126PG01-PR18.pdf/?dir=Comunicaciones// HTTP/1.1" 200 3411
85.10.199.185 - - [08/Dec/2020:06:35:05 -0500] "GET /SIG/index.php/Direccionamiento%20Estrategico/126PG01-PR18.pdf/?dir=Control%20Disciplinario// HTTP/1.1" 200 3210
85.10.199.185 - - [08/Dec/2020:06:35:13 -0500] "GET /SIG/index.php/Direccionamiento%20Estrategico/126PG01-PR18.pdf/?dir=Control%20y%20mejora// HTTP/1.1" 200 3325
85.10.199.185 - - [08/Dec/2020:06:35:22 -0500] "GET /SIG/index.php/Direccionamiento%20Estrategico/126PG01-PR18.pdf/?dir=Direccionamiento%20Estrategico// HTTP/1.1" 200 4474
192.168.175.225 - - [08/Dec/2020:06:35:25 -0500] "GET / HTTP/1.1" 200 9990
186.85.43.178 - - [08/Dec/2020:06:35:28 -0500] "GET /galeria/galeria/jquery.fancybox.css?v=2.1.5 HTTP/1.1" 200 4895
186.85.43.178 - - [08/Dec/2020:06:35:28 -0500] "GET /galeria/galeria/jquery.fancybox.js?v=2.1.5 HTTP/1.1" 200 48706
186.85.43.178 - - [08/Dec/2020:06:35:28 -0500] "GET /BLA/boletinlegal/js/jquery.scrollShow.js HTTP/1.1" 200 4586
49.7.20.142 - - [08/Dec/2020:06:35:31 -0500] "GET / HTTP/1.1" 200 9990
85.10.199.185 - - [08/Dec/2020:06:35:31 -0500] "GET /SIG/index.php/Direccionamiento%20Estrategico/126PG01-PR18.pdf/?dir=ECS// HTTP/1.1" 200 17120
85.10.199.185 - - [08/Dec/2020:06:35:40 -0500] "GET /SIG/index.php/Direccionamiento%20Estrategico/126PG01-PR18.pdf/?dir=Gestion%20Documental// HTTP/1.1" 200 6076
186.84.104.249 - - [08/Dec/2020:06:35:46 -0500] "GET /galeria/galeria/jquery.fancybox.css?v=2.1.5 HTTP/1.1" 200 4895
186.84.104.249 - - [08/Dec/2020:06:35:46 -0500] "GET /BLA/boletinlegal/js/jquery.scrollShow.js HTTP/1.1" 200 4586
186.84.104.249 - - [08/Dec/2020:06:35:46 -0500] "GET /galeria/galeria/jquery.fancybox.js?v=2.1.5 HTTP/1.1" 200 48706
85.10.199.185 - - [08/Dec/2020:06:35:48 -0500] "GET /SIG/index.php/ECS/126PM04-PR04.pdf/?dir=&sort=date&order=asc/ HTTP/1.1" 200 4959
186.84.104.249 - - [08/Dec/2020:06:35:49 -0500] "GET /galeria/galeria/jquery.fancybox.css?v=2.1.5 HTTP/1.1" 304 -
186.84.104.249 - - [08/Dec/2020:06:35:49 -0500] "GET /galeria/galeria/jquery.fancybox.js?v=2.1.5 HTTP/1.1" 304 -
186.84.104.249 - - [08/Dec/2020:06:35:49 -0500] "GET /BLA/boletinlegal/js/jquery.scrollShow.js HTTP/1.1" 304 -
85.10.199.185 - - [08/Dec/2020:06:35:56 -0500] "GET /SIG/index.php/ECS/126PM04-PR04.pdf/?dir=Comunicaciones// HTTP/1.1" 200 3186
201.245.192.253 - - [08/Dec/2020:06:35:58 -0500] "GET /sipse/ HTTP/1.1" 503 1124
85.10.199.185 - - [08/Dec/2020:06:36:01 -0500] "GET /SIG/index.php/ECS/126PM04-PR06.pdf/?dir=&sort=date&order=asc/ HTTP/1.1" 200 4959
114.119.135.169 - - [08/Dec/2020:06:36:01 -0500] "GET /BLA/resoluciones/AUTOS%202007/1236.pdf HTTP/1.1" 200 120105
201.245.192.253 - - [08/Dec/2020:06:36:04 -0500] "GET /sipse/ HTTP/1.1" 503 1124
85.10.199.185 - - [08/Dec/2020:06:36:10 -0500] "GET /SIG/index.php/ECS/126PM04-PR06.pdf/?dir=&sort=name&order=desc/ HTTP/1.1" 200 4959
85.10.199.185 - - [08/Dec/2020:06:36:21 -0500] "GET /SIG/index.php/ECS/126PM04-PR06.pdf/?dir=&sort=size&order=asc/ HTTP/1.1" 200 4959
85.10.199.185 - - [08/Dec/2020:06:36:29 -0500] "GET /SIG/index.php/ECS/126PM04-PR06.pdf/?dir=Comunicaciones// HTTP/1.1" 200 3186
85.10.199.185 - - [08/Dec/2020:06:36:41 -0500] "GET /SIG/index.php/ECS/126PM04-PR06.pdf/?dir=Control%20Disciplinario// HTTP/1.1" 200 2985
186.80.5.15 - - [08/Dec/2020:06:36:47 -0500] "GET /galeria/galeria/jquery.fancybox.css?v=2.1.5 HTTP/1.1" 200 4895
186.80.5.15 - - [08/Dec/2020:06:36:47 -0500] "GET /galeria/galeria/jquery.fancybox.js?v=2.1.5 HTTP/1.1" 200 48706
186.80.5.15 - - [08/Dec/2020:06:36:47 -0500] "GET /BLA/boletinlegal/js/jquery.scrollShow.js HTTP/1.1" 200 4586
181.61.208.255 - - [08/Dec/2020:06:36:48 -0500] "GET /galeria/galeria/jquery.fancybox.css?v=2.1.5 HTTP/1.1" 200 4895
181.61.208.255 - - [08/Dec/2020:06:36:48 -0500] "GET /galeria/galeria/jquery.fancybox.js?v=2.1.5 HTTP/1.1" 200 48706
181.61.208.255 - - [08/Dec/2020:06:36:48 -0500] "GET /BLA/boletinlegal/js/jquery.scrollShow.js HTTP/1.1" 200 4586
85.10.199.185 - - [08/Dec/2020:06:36:54 -0500] "GET /SIG/index.php/ECS/126PM04-PR06.pdf/?dir=Control%20y%20mejora// HTTP/1.1" 200 3075
85.10.199.185 - - [08/Dec/2020:06:37:03 -0500] "GET /SIG/index.php/ECS/126PM04-PR06.pdf/?dir=Direccionamiento%20Estrategico// HTTP/1.1" 200 4249
181.243.75.82 - - [08/Dec/2020:06:37:10 -0500] "GET /BLA/boletinlegal/js/jquery.scrollShow.js HTTP/1.1" 200 4586
85.10.199.185 - - [08/Dec/2020:06:37:15 -0500] "GET /SIG/index.php/ECS/126PM04-PR06.pdf/?dir=Direccionamiento%20Estrategico//&sort=date&order=asc/ HTTP/1.1" 200 4248
201.245.192.253 - - [08/Dec/2020:06:37:19 -0500] "GET / HTTP/1.1" 200 9990
201.245.192.253 - - [08/Dec/2020:06:37:19 -0500] "GET /css/bootstrap.min.css HTTP/1.1" 200 105939
201.245.192.253 - - [08/Dec/2020:06:37:19 -0500] "GET /css/style.css HTTP/1.1" 200 3610
201.245.192.253 - - [08/Dec/2020:06:37:19 -0500] "GET /js/jquery.js HTTP/1.1" 200 97120
201.245.192.253 - - [08/Dec/2020:06:37:19 -0500] "GET /js/bootstrap.min.js HTTP/1.1" 200 28538
201.245.192.253 - - [08/Dec/2020:06:37:19 -0500] "GET /images/SDA.jpg HTTP/1.1" 200 48976
201.245.192.253 - - [08/Dec/2020:06:37:19 -0500] "GET /images/INTRANET.jpg HTTP/1.1" 200 37297
201.245.192.253 - - [08/Dec/2020:06:37:19 -0500] "GET /images/LINEA.jpg HTTP/1.1" 200 33035
201.245.192.253 - - [08/Dec/2020:06:37:19 -0500] "GET /images/INTERNET.jpg HTTP/1.1" 200 34880
201.245.192.253 - - [08/Dec/2020:06:37:19 -0500] "GET /images/NINOS.jpg HTTP/1.1" 200 44828
201.245.192.253 - - [08/Dec/2020:06:37:19 -0500] "GET /images/FOREST.jpg HTTP/1.1" 200 33277
201.245.192.253 - - [08/Dec/2020:06:37:19 -0500] "GET /images/BLA.jpg HTTP/1.1" 200 34672
201.245.192.253 - - [08/Dec/2020:06:37:19 -0500] "GET /images/SDQS.jpg HTTP/1.1" 200 47976
201.245.192.253 - - [08/Dec/2020:06:37:19 -0500] "GET /images/CORREO.jpg HTTP/1.1" 200 39337
201.245.192.253 - - [08/Dec/2020:06:37:19 -0500] "GET /images/RMCAB.jpg HTTP/1.1" 200 49926
201.245.192.253 - - [08/Dec/2020:06:37:19 -0500] "GET /images/FORMATOS.jpg HTTP/1.1" 200 41585
201.245.192.253 - - [08/Dec/2020:06:37:19 -0500] "GET /images/CATALOGO.jpg HTTP/1.1" 200 35661
85.10.199.185 - - [08/Dec/2020:06:37:24 -0500] "GET /SIG/index.php/ECS/126PM04-PR06.pdf/?dir=Direccionamiento%20Estrategico//&sort=name&order=desc/ HTTP/1.1" 200 4248
85.10.199.185 - - [08/Dec/2020:06:37:31 -0500] "GET /SIG/index.php/ECS/126PM04-PR06.pdf/?dir=Direccionamiento%20Estrategico//&sort=size&order=asc/ HTTP/1.1" 200 4248
85.10.199.185 - - [08/Dec/2020:06:37:40 -0500] "GET /SIG/index.php/ECS/126PM04-PR07.pdf/?dir=&sort=name&order=desc/ HTTP/1.1" 200 4959
186.30.70.177 - - [08/Dec/2020:06:37:51 -0500] "GET /galeria/galeria/jquery.fancybox.js?v=2.1.5 HTTP/1.1" 200 48706
186.30.70.177 - - [08/Dec/2020:06:37:51 -0500] "GET /BLA/boletinlegal/js/jquery.scrollShow.js HTTP/1.1" 200 4586
186.30.70.177 - - [08/Dec/2020:06:37:51 -0500] "GET /galeria/galeria/jquery.fancybox.css?v=2.1.5 HTTP/1.1" 200 4895
186.82.249.65 - - [08/Dec/2020:06:37:51 -0500] "GET /galeria/galeria/jquery.fancybox.js?v=2.1.5 HTTP/1.1" 200 48706
186.82.249.65 - - [08/Dec/2020:06:37:51 -0500] "GET /galeria/galeria/jquery.fancybox.css?v=2.1.5 HTTP/1.1" 200 4895
186.82.249.65 - - [08/Dec/2020:06:37:51 -0500] "GET /BLA/boletinlegal/js/jquery.scrollShow.js HTTP/1.1" 200 4586
85.10.199.185 - - [08/Dec/2020:06:37:51 -0500] "GET /SIG/index.php/ECS/126PM04-PR07.pdf/?dir=&sort=size&order=asc/ HTTP/1.1" 200 4959
85.10.199.185 - - [08/Dec/2020:06:38:04 -0500] "GET /SIG/index.php/ECS/126PM04-PR07.pdf/?dir=Gestion%20Recursos%20Financieros// HTTP/1.1" 200 9159
85.10.199.185 - - [08/Dec/2020:06:38:13 -0500] "GET /SIG/index.php/ECS/126PM04-PR08.pdf/?dir=&sort=date&order=asc/ HTTP/1.1" 200 4959
69.162.124.227 - - [08/Dec/2020:06:38:17 -0500] "HEAD / HTTP/1.1" 200 -
181.63.28.19 - - [08/Dec/2020:06:38:18 -0500] "GET /galeria/galeria/jquery.fancybox.css?v=2.1.5 HTTP/1.1" 200 4895
181.63.28.19 - - [08/Dec/2020:06:38:18 -0500] "GET /BLA/boletinlegal/js/jquery.scrollShow.js HTTP/1.1" 200 4586
181.63.28.19 - - [08/Dec/2020:06:38:18 -0500] "GET /galeria/galeria/jquery.fancybox.js?v=2.1.5 HTTP/1.1" 200 48706
85.10.199.185 - - [08/Dec/2020:06:38:21 -0500] "GET /SIG/index.php/ECS/126PM04-PR08.pdf/?dir=&sort=name&order=desc/ HTTP/1.1" 200 4959
85.10.199.185 - - [08/Dec/2020:06:38:29 -0500] "GET /SIG/index.php/ECS/126PM04-PR08.pdf/?dir=&sort=size&order=asc/ HTTP/1.1" 200 4959
85.10.199.185 - - [08/Dec/2020:06:38:36 -0500] "GET /SIG/index.php/ECS/126PM04-PR08.pdf/?dir=Comunicaciones// HTTP/1.1" 200 3186
181.63.28.19 - - [08/Dec/2020:06:38:39 -0500] "GET /galeria/carrusel/Carrusel/jquery.thumbnailScroller.css HTTP/1.1" 200 2066
181.63.28.19 - - [08/Dec/2020:06:38:40 -0500] "GET /galeria/carrusel/Carrusel/jquery-ui-1.8.13.custom.min.js HTTP/1.1" 200 10800
181.63.28.19 - - [08/Dec/2020:06:38:40 -0500] "GET /galeria/carrusel/Carrusel/jquery.thumbnailScroller.js HTTP/1.1" 200 8157
181.63.28.19 - - [08/Dec/2020:06:38:40 -0500] "GET /galeria/nivo-slider/demo/inicio80.html HTTP/1.1" 200 4360
181.63.28.19 - - [08/Dec/2020:06:38:41 -0500] "GET /galeria/nivo-slider/themes/default/default.css HTTP/1.1" 200 1569
181.63.28.19 - - [08/Dec/2020:06:38:41 -0500] "GET /galeria/nivo-slider/themes/pascal/pascal.css HTTP/1.1" 200 2258
181.63.28.19 - - [08/Dec/2020:06:38:41 -0500] "GET /galeria/nivo-slider/themes/orman/orman.css HTTP/1.1" 200 2152
181.63.28.19 - - [08/Dec/2020:06:38:41 -0500] "GET /galeria/nivo-slider/demo/style.css HTTP/1.1" 200 2222
181.63.28.19 - - [08/Dec/2020:06:38:41 -0500] "GET /galeria/nivo-slider/nivo-slider.css HTTP/1.1" 200 1507
181.63.28.19 - - [08/Dec/2020:06:38:41 -0500] "GET /galeria/nivo-slider/demo/scripts/jquery-1.7.1.min.js HTTP/1.1" 200 93868
181.63.28.19 - - [08/Dec/2020:06:38:41 -0500] "GET /galeria/nivo-slider/jquery.nivo.slider.pack.js HTTP/1.1" 200 11561
181.63.28.19 - - [08/Dec/2020:06:38:41 -0500] "GET /galeria/nivo-slider/demo/images/banner2020acercar.jpg HTTP/1.1" 200 180505
181.63.28.19 - - [08/Dec/2020:06:38:41 -0500] "GET /galeria/nivo-slider/demo/images/bannermusgo2020.jpg HTTP/1.1" 200 78281
181.63.28.19 - - [08/Dec/2020:06:38:41 -0500] "GET /galeria/nivo-slider/demo/images/bannerarbol.jpg HTTP/1.1" 200 109125
181.63.28.19 - - [08/Dec/2020:06:38:41 -0500] "GET /galeria/nivo-slider/demo/images/banneraperturahumedales.jpg HTTP/1.1" 200 91161
181.63.28.19 - - [08/Dec/2020:06:38:41 -0500] "GET /galeria/nivo-slider/demo/images/bannertingua2020.png HTTP/1.1" 200 105392
181.63.28.19 - - [08/Dec/2020:06:38:41 -0500] "GET /galeria/nivo-slider/demo/images/banneratencionpuntos.jpg HTTP/1.1" 200 249106
181.63.28.19 - - [08/Dec/2020:06:38:42 -0500] "GET /galeria/nivo-slider/demo/images/bannerresiduos.jpg HTTP/1.1" 200 155409
181.63.28.19 - - [08/Dec/2020:06:38:42 -0500] "GET /galeria/nivo-slider/demo/images/bannerbioseguridad.jpg HTTP/1.1" 200 228661
181.63.28.19 - - [08/Dec/2020:06:38:42 -0500] "GET /galeria/nivo-slider/demo/images/Bannercuidate.jpg HTTP/1.1" 200 75508
181.63.28.19 - - [08/Dec/2020:06:38:42 -0500] "GET /galeria/nivo-slider/demo/images/bannerclasesweb.jpg HTTP/1.1" 200 180765
181.63.28.19 - - [08/Dec/2020:06:38:42 -0500] "GET /galeria/nivo-slider/demo/images/Banner%20canales%20virtuales.jpg HTTP/1.1" 200 209438
181.63.28.19 - - [08/Dec/2020:06:38:42 -0500] "GET /galeria/nivo-slider/demo/images/bannerbolsas.jpg HTTP/1.1" 200 283727
181.63.28.19 - - [08/Dec/2020:06:38:43 -0500] "GET /galeria/nivo-slider/demo/images/4Simple_Slider.png HTTP/1.1" 200 11722
181.63.28.19 - - [08/Dec/2020:06:38:43 -0500] "GET /galeria/nivo-slider/themes/default/loading.gif HTTP/1.1" 200 1737
181.63.28.19 - - [08/Dec/2020:06:38:44 -0500] "GET /galeria/nivo-slider/themes/default/arrows.png HTTP/1.1" 200 824
181.63.28.19 - - [08/Dec/2020:06:38:44 -0500] "GET /galeria/nivo-slider/themes/default/bullets.png HTTP/1.1" 200 1281
85.10.199.185 - - [08/Dec/2020:06:38:45 -0500] "GET /SIG/index.php/ECS/126PM04-PR08.pdf/?dir=Control%20Disciplinario// HTTP/1.1" 200 2985
85.10.199.185 - - [08/Dec/2020:06:38:52 -0500] "GET /SIG/index.php/ECS/126PM04-PR08.pdf/?dir=Control%20y%20mejora// HTTP/1.1" 200 3075
85.10.199.185 - - [08/Dec/2020:06:39:03 -0500] "GET /SIG/index.php/ECS/126PM04-PR08.pdf/?dir=Direccionamiento%20Estrategico// HTTP/1.1" 200 4249
85.10.199.185 - - [08/Dec/2020:06:39:10 -0500] "GET /SIG/index.php/ECS/126PM04-PR08.pdf/?dir=ECS// HTTP/1.1" 200 16895
199.201.65.243 - - [08/Dec/2020:06:39:15 -0500] "GET /galeria/galeria/jquery.fancybox.css?v=2.1.5 HTTP/1.1" 200 4895
199.201.65.243 - - [08/Dec/2020:06:39:16 -0500] "GET /BLA/boletinlegal/js/jquery.scrollShow.js HTTP/1.1" 200 4586
199.201.65.243 - - [08/Dec/2020:06:39:17 -0500] "GET /galeria/galeria/jquery.fancybox.js?v=2.1.5 HTTP/1.1" 200 48706
85.10.199.185 - - [08/Dec/2020:06:39:20 -0500] "GET /SIG/index.php/ECS/126PM04-PR08.pdf/?dir=Gestion%20Recursos%20Financieros// HTTP/1.1" 200 9159
85.10.199.185 - - [08/Dec/2020:06:39:28 -0500] "GET /SIG/index.php/ECS/126PM04-PR08.pdf/ECS/126PM04-PR103.pdf/?dir=&sort=date&order=asc/ HTTP/1.1" 200 5419
85.10.199.185 - - [08/Dec/2020:06:39:36 -0500] "GET /SIG/index.php/ECS/126PM04-PR08.pdf/ECS/126PM04-PR103.pdf/?dir=&sort=name&order=desc/ HTTP/1.1" 200 5419
85.10.199.185 - - [08/Dec/2020:06:39:42 -0500] "GET /SIG/index.php/ECS/126PM04-PR08.pdf/ECS/126PM04-PR103.pdf/?dir=&sort=size&order=asc/ HTTP/1.1" 200 5419
85.10.199.185 - - [08/Dec/2020:06:39:51 -0500] "GET /SIG/index.php/ECS/126PM04-PR08.pdf/ECS/126PM04-PR103.pdf/?dir=Comunicaciones// HTTP/1.1" 200 3382
85.10.199.185 - - [08/Dec/2020:06:40:01 -0500] "GET /SIG/index.php/ECS/126PM04-PR08.pdf/ECS/126PM04-PR103.pdf/?dir=Control%20Disciplinario// HTTP/1.1" 200 3181
85.10.199.185 - - [08/Dec/2020:06:40:08 -0500] "GET /SIG/index.php/ECS/126PM04-PR08.pdf/ECS/126PM04-PR103.pdf/?dir=Control%20y%20mejora// HTTP/1.1" 200 3293
85.10.199.185 - - [08/Dec/2020:06:40:13 -0500] "GET /SIG/index.php/ECS/126PM04-PR08.pdf/ECS/126PM04-PR103.pdf/?dir=Direccionamiento%20Estrategico// HTTP/1.1" 200 4445
85.10.199.185 - - [08/Dec/2020:06:40:23 -0500] "GET /SIG/index.php/ECS/126PM04-PR08.pdf/ECS/126PM04-PR103.pdf/?dir=Gestion%20Recursos%20Financieros// HTTP/1.1" 200 9355
192.168.175.225 - - [08/Dec/2020:06:40:25 -0500] "GET / HTTP/1.1" 200 9990
85.10.199.185 - - [08/Dec/2020:06:40:29 -0500] "GET /SIG/index.php/ECS/126PM04-PR08.pdf/ECS/126PM04-PR13.pdf/?dir=&sort=date&order=asc/ HTTP/1.1" 200 5400
85.10.199.185 - - [08/Dec/2020:06:40:35 -0500] "GET /SIG/index.php/ECS/126PM04-PR08.pdf/ECS/126PM04-PR13.pdf/?dir=&sort=name&order=desc/ HTTP/1.1" 200 5400
13.66.139.11 - - [08/Dec/2020:06:40:41 -0500] "GET / HTTP/1.1" 200 9990
85.10.199.185 - - [08/Dec/2020:06:40:44 -0500] "GET /SIG/index.php/ECS/126PM04-PR08.pdf/ECS/126PM04-PR13.pdf/?dir=&sort=size&order=asc/ HTTP/1.1" 200 5400
85.10.199.185 - - [08/Dec/2020:06:40:53 -0500] "GET /SIG/index.php/ECS/126PM04-PR08.pdf/ECS/126PM04-PR13.pdf/?dir=Comunicaciones// HTTP/1.1" 200 3375
85.10.199.185 - - [08/Dec/2020:06:41:01 -0500] "GET /SIG/index.php/ECS/126PM04-PR08.pdf/ECS/126PM04-PR13.pdf/?dir=Control%20Disciplinario// HTTP/1.1" 200 3174
85.10.199.185 - - [08/Dec/2020:06:41:10 -0500] "GET /SIG/index.php/ECS/126PM04-PR101.pdf/?dir=Comunicaciones// HTTP/1.1" 200 3193
85.10.199.185 - - [08/Dec/2020:06:41:18 -0500] "GET /SIG/index.php/ECS/126PM04-PR42.pdf/?dir=Comunicaciones//&sort=name&order=desc/ HTTP/1.1" 200 3185
85.10.199.185 - - [08/Dec/2020:06:41:27 -0500] "GET /SIG/index.php/ECS/126PM04-PR42.pdf/?dir=Comunicaciones//&sort=size&order=asc/ HTTP/1.1" 200 3185
85.10.199.185 - - [08/Dec/2020:06:41:39 -0500] "GET /SIG/index.php/ECS/126PM04-PR47.pdf/?dir=&sort=name&order=desc/ HTTP/1.1" 200 4959
201.233.7.198 - - [08/Dec/2020:06:41:43 -0500] "GET /galeria/galeria/jquery.fancybox.js?v=2.1.5 HTTP/1.1" 200 48706
201.233.7.198 - - [08/Dec/2020:06:41:43 -0500] "GET /BLA/boletinlegal/js/jquery.scrollShow.js HTTP/1.1" 200 4586
201.233.7.198 - - [08/Dec/2020:06:41:43 -0500] "GET /galeria/galeria/jquery.fancybox.css?v=2.1.5 HTTP/1.1" 200 4895
190.27.105.186 - - [08/Dec/2020:06:41:43 -0500] "GET /BLA/boletinlegal/js/jquery.scrollShow.js HTTP/1.1" 200 4586
190.27.105.186 - - [08/Dec/2020:06:41:43 -0500] "GET /galeria/galeria/jquery.fancybox.css?v=2.1.5 HTTP/1.1" 200 4895
190.27.105.186 - - [08/Dec/2020:06:41:43 -0500] "GET /galeria/galeria/jquery.fancybox.js?v=2.1.5 HTTP/1.1" 200 48706
190.27.105.186 - - [08/Dec/2020:06:41:47 -0500] "GET /BLA/boletinlegal/js/jquery.scrollShow.js HTTP/1.1" 304 -
190.27.105.186 - - [08/Dec/2020:06:41:47 -0500] "GET /galeria/galeria/jquery.fancybox.css?v=2.1.5 HTTP/1.1" 304 -
190.27.105.186 - - [08/Dec/2020:06:41:47 -0500] "GET /galeria/galeria/jquery.fancybox.js?v=2.1.5 HTTP/1.1" 304 -
85.10.199.185 - - [08/Dec/2020:06:41:53 -0500] "GET /SIG/index.php/ECS/126PM04-PR48.pdf/?dir=&sort=date&order=asc/ HTTP/1.1" 200 4959
85.10.199.185 - - [08/Dec/2020:06:42:04 -0500] "GET /SIG/index.php/ECS/126PM04-PR48.pdf/?dir=&sort=name&order=desc/ HTTP/1.1" 200 4959
186.170.255.187 - - [08/Dec/2020:06:42:05 -0500] "GET /galeria/galeria/jquery.fancybox.css?v=2.1.5 HTTP/1.1" 200 4895
186.170.255.187 - - [08/Dec/2020:06:42:05 -0500] "GET /BLA/boletinlegal/js/jquery.scrollShow.js HTTP/1.1" 200 4586
186.170.255.187 - - [08/Dec/2020:06:42:05 -0500] "GET /galeria/galeria/jquery.fancybox.js?v=2.1.5 HTTP/1.1" 200 48706
181.49.120.194 - - [08/Dec/2020:06:42:09 -0500] "GET /galeria/galeria/jquery.fancybox.css?v=2.1.5 HTTP/1.1" 200 4895
181.49.120.194 - - [08/Dec/2020:06:42:09 -0500] "GET /galeria/galeria/jquery.fancybox.js?v=2.1.5 HTTP/1.1" 200 48706
181.49.120.194 - - [08/Dec/2020:06:42:09 -0500] "GET /BLA/boletinlegal/js/jquery.scrollShow.js HTTP/1.1" 200 4586
85.10.199.185 - - [08/Dec/2020:06:42:13 -0500] "GET /SIG/index.php/ECS/126PM04-PR48.pdf/?dir=&sort=size&order=asc/ HTTP/1.1" 200 4959
85.10.199.185 - - [08/Dec/2020:06:42:25 -0500] "GET /SIG/index.php/ECS/126PM04-PR48.pdf/?dir=Comunicaciones// HTTP/1.1" 200 3186
66.249.64.49 - - [08/Dec/2020:06:42:28 -0500] "GET /BLA/resoluciones/RESOLUCIONES%202009/5690.pdf HTTP/1.1" 200 2541983
201.245.214.108 - - [08/Dec/2020:06:42:29 -0500] "GET /galeria/galeria/jquery.fancybox.css?v=2.1.5 HTTP/1.1" 200 4895
201.245.214.108 - - [08/Dec/2020:06:42:29 -0500] "GET /BLA/boletinlegal/js/jquery.scrollShow.js HTTP/1.1" 200 4586
201.245.214.108 - - [08/Dec/2020:06:42:29 -0500] "GET /galeria/galeria/jquery.fancybox.js?v=2.1.5 HTTP/1.1" 200 48706
200.118.16.159 - - [08/Dec/2020:06:42:31 -0500] "GET /BLA/boletinlegal/js/jquery.scrollShow.js HTTP/1.1" 200 4586
200.118.16.159 - - [08/Dec/2020:06:42:31 -0500] "GET /galeria/galeria/jquery.fancybox.css?v=2.1.5 HTTP/1.1" 200 4895
200.118.16.159 - - [08/Dec/2020:06:42:31 -0500] "GET /galeria/galeria/jquery.fancybox.js?v=2.1.5 HTTP/1.1" 200 48706
85.10.199.185 - - [08/Dec/2020:06:42:38 -0500] "GET /SIG/index.php/ECS/126PM04-PR48.pdf/?dir=Control%20Disciplinario// HTTP/1.1" 200 2985
66.249.64.47 - - [08/Dec/2020:06:42:43 -0500] "GET /BLA/resoluciones/RESOLUCIONES%202009/3787.pdf HTTP/1.1" 200 372888
181.53.13.146 - - [08/Dec/2020:06:42:48 -0500] "GET /galeria/galeria/jquery.fancybox.js?v=2.1.5 HTTP/1.1" 200 48706
85.10.199.185 - - [08/Dec/2020:06:42:49 -0500] "GET /SIG/index.php/ECS/126PM04-PR48.pdf/?dir=Control%20y%20mejora// HTTP/1.1" 200 3075
66.249.70.75 - - [08/Dec/2020:06:42:51 -0500] "GET /Autoliquidacion/Solicitudes%20relacionadas%20con%20calidad%20del%20aire%20auditiva%20y%20visual/Acompa%C3%B1amiento%20para%20muestreo%20isocin%C3%A9tico%20y%20o%20determinaciones%20de%20emisiones%20a%20fuentes%20fijas/Protocolo%20para%20Monitoreo%20Emisiones%20Atmosfericas.pdf HTTP/1.1" 304 -
85.10.199.185 - - [08/Dec/2020:06:43:02 -0500] "GET /SIG/index.php/ECS/126PM04-PR48.pdf/?dir=Direccionamiento%20Estrategico// HTTP/1.1" 200 4249
85.10.199.185 - - [08/Dec/2020:06:43:10 -0500] "GET /SIG/index.php/ECS/126PM04-PR48.pdf/?dir=ECS// HTTP/1.1" 200 16895
69.162.124.227 - - [08/Dec/2020:06:43:17 -0500] "HEAD / HTTP/1.1" 200 -
85.10.199.185 - - [08/Dec/2020:06:43:19 -0500] "GET /SIG/index.php/ECS/126PM04-PR48.pdf/?dir=Gestion%20Documental// HTTP/1.1" 200 5851
201.245.192.253 - - [08/Dec/2020:06:42:39 -0500] "POST /kwsrmcab/Wsrmcab HTTP/1.1" 200 104438
181.63.28.19 - - [08/Dec/2020:06:43:30 -0500] "GET /galeria/bibloteca/contentflow.js HTTP/1.1" 200 42804
181.63.28.19 - - [08/Dec/2020:06:43:31 -0500] "GET /galeria/bibloteca/contentflow.css HTTP/1.1" 200 3201
181.63.28.19 - - [08/Dec/2020:06:43:31 -0500] "GET /galeria/bibloteca/mycontentflow.css HTTP/1.1" 200 3110
181.63.28.19 - - [08/Dec/2020:06:43:31 -0500] "GET /galeria/bibloteca/ContentFlowAddOn_white.js HTTP/1.1" 200 2497
181.63.28.19 - - [08/Dec/2020:06:43:31 -0500] "GET /galeria/bibloteca/ContentFlowAddOn_white.css HTTP/1.1" 200 3355
181.63.28.19 - - [08/Dec/2020:06:43:31 -0500] "GET /galeria/bibloteca/img/loader.gif HTTP/1.1" 200 8238
