201.245.192.253 - - [27/Dec/2020:21:10:32 -0500] "GET /sipse/faces/javax.faces.resource/primefaces.js?ln=primefaces&v=4.0 HTTP/1.1" 304 -
201.245.192.253 - - [27/Dec/2020:21:10:32 -0500] "GET /sipse/faces/javax.faces.resource/layout/layout.js?ln=primefaces&v=4.0 HTTP/1.1" 304 -
88.99.244.56 - - [27/Dec/2020:21:10:35 -0500] "GET /bla/resoluciones/resoluciones%202002/res%202002%20151-200/2002res181.tif HTTP/1.1" 200 182596
201.245.192.253 - - [27/Dec/2020:21:10:40 -0500] "POST /sipse/faces/presentacion/contratacion/contrato/registroPresupuestal/expedirRP.xhtml HTTP/1.1" 200 2248
190.237.1.165 - - [27/Dec/2020:21:10:40 -0500] "GET /galeria/galeria/jquery.fancybox.css?v=2.1.5 HTTP/1.1" 200 4895
190.237.1.165 - - [27/Dec/2020:21:10:40 -0500] "GET /BLA/boletinlegal/js/jquery.scrollShow.js HTTP/1.1" 200 4586
190.237.1.165 - - [27/Dec/2020:21:10:40 -0500] "GET /galeria/galeria/jquery.fancybox.js?v=2.1.5 HTTP/1.1" 200 48706
194.67.210.77 - - [27/Dec/2020:21:10:41 -0500] "HEAD / HTTP/1.1" 200 -
201.245.192.253 - - [27/Dec/2020:21:10:44 -0500] "POST /sipse/faces/presentacion/contratacion/contrato/registroPresupuestal/expedirRP.xhtml HTTP/1.1" 200 20597
201.245.192.253 - - [27/Dec/2020:21:10:44 -0500] "GET /sipse/faces/javax.faces.resource/theme.css?ln=primefaces-sipse HTTP/1.1" 304 -
201.245.192.253 - - [27/Dec/2020:21:10:44 -0500] "GET /sipse/faces/javax.faces.resource/primefaces.css?ln=primefaces&v=4.0 HTTP/1.1" 304 -
201.245.192.253 - - [27/Dec/2020:21:10:44 -0500] "GET /sipse/faces/javax.faces.resource/layout/layout.css?ln=primefaces&v=4.0 HTTP/1.1" 304 -
201.245.192.253 - - [27/Dec/2020:21:10:44 -0500] "GET /sipse/faces/javax.faces.resource/jquery/jquery.js?ln=primefaces&v=4.0 HTTP/1.1" 304 -
201.245.192.253 - - [27/Dec/2020:21:10:44 -0500] "GET /sipse/faces/javax.faces.resource/jquery/jquery-plugins.js?ln=primefaces&v=4.0 HTTP/1.1" 304 -
201.245.192.253 - - [27/Dec/2020:21:10:44 -0500] "GET /sipse/faces/javax.faces.resource/primefaces.js?ln=primefaces&v=4.0 HTTP/1.1" 304 -
201.245.192.253 - - [27/Dec/2020:21:10:44 -0500] "GET /sipse/faces/javax.faces.resource/layout/layout.js?ln=primefaces&v=4.0 HTTP/1.1" 304 -
88.99.244.56 - - [27/Dec/2020:21:10:45 -0500] "GET /bla/resoluciones/resoluciones%202002/res%202002%201501-1550/20021534.tif HTTP/1.1" 200 63544
201.245.192.253 - - [27/Dec/2020:21:10:46 -0500] "POST /sipse/faces/presentacion/contratacion/contrato/registroPresupuestal/consultarActividadesRP.xhtml HTTP/1.1" 200 22849
201.245.192.253 - - [27/Dec/2020:21:10:46 -0500] "GET /sipse/faces/javax.faces.resource/theme.css?ln=primefaces-sipse HTTP/1.1" 304 -
201.245.192.253 - - [27/Dec/2020:21:10:46 -0500] "GET /sipse/faces/javax.faces.resource/layout/layout.css?ln=primefaces&v=4.0 HTTP/1.1" 304 -
201.245.192.253 - - [27/Dec/2020:21:10:46 -0500] "GET /sipse/faces/javax.faces.resource/primefaces.css?ln=primefaces&v=4.0 HTTP/1.1" 304 -
201.245.192.253 - - [27/Dec/2020:21:10:46 -0500] "GET /sipse/faces/javax.faces.resource/jquery/jquery.js?ln=primefaces&v=4.0 HTTP/1.1" 304 -
201.245.192.253 - - [27/Dec/2020:21:10:46 -0500] "GET /sipse/faces/javax.faces.resource/primefaces.js?ln=primefaces&v=4.0 HTTP/1.1" 304 -
201.245.192.253 - - [27/Dec/2020:21:10:46 -0500] "GET /sipse/faces/javax.faces.resource/jquery/jquery-plugins.js?ln=primefaces&v=4.0 HTTP/1.1" 304 -
201.245.192.253 - - [27/Dec/2020:21:10:46 -0500] "GET /sipse/faces/javax.faces.resource/layout/layout.js?ln=primefaces&v=4.0 HTTP/1.1" 304 -
186.154.39.139 - - [27/Dec/2020:21:10:50 -0500] "GET /BLA/boletinlegal/js/jquery.scrollShow.js HTTP/1.1" 200 4586
186.154.39.139 - - [27/Dec/2020:21:10:50 -0500] "GET /galeria/galeria/jquery.fancybox.css?v=2.1.5 HTTP/1.1" 200 4895
186.154.39.139 - - [27/Dec/2020:21:10:50 -0500] "GET /galeria/galeria/jquery.fancybox.js?v=2.1.5 HTTP/1.1" 200 48706
201.245.192.253 - - [27/Dec/2020:21:10:51 -0500] "POST /sipse/faces/presentacion/contratacion/contrato/registroPresupuestal/asociarPresupuestoActividadesRP.xhtml HTTP/1.1" 200 37160
201.245.192.253 - - [27/Dec/2020:21:10:51 -0500] "GET /sipse/faces/javax.faces.resource/theme.css?ln=primefaces-sipse HTTP/1.1" 304 -
201.245.192.253 - - [27/Dec/2020:21:10:51 -0500] "GET /sipse/faces/javax.faces.resource/layout/layout.css?ln=primefaces&v=4.0 HTTP/1.1" 304 -
201.245.192.253 - - [27/Dec/2020:21:10:51 -0500] "GET /sipse/faces/javax.faces.resource/primefaces.css?ln=primefaces&v=4.0 HTTP/1.1" 304 -
201.245.192.253 - - [27/Dec/2020:21:10:51 -0500] "GET /sipse/faces/javax.faces.resource/jquery/jquery.js?ln=primefaces&v=4.0 HTTP/1.1" 304 -
201.245.192.253 - - [27/Dec/2020:21:10:51 -0500] "GET /sipse/faces/javax.faces.resource/jquery/jquery-plugins.js?ln=primefaces&v=4.0 HTTP/1.1" 304 -
201.245.192.253 - - [27/Dec/2020:21:10:51 -0500] "GET /sipse/faces/javax.faces.resource/primefaces.js?ln=primefaces&v=4.0 HTTP/1.1" 304 -
201.245.192.253 - - [27/Dec/2020:21:10:51 -0500] "GET /sipse/faces/javax.faces.resource/layout/layout.js?ln=primefaces&v=4.0 HTTP/1.1" 304 -
157.55.39.65 - - [27/Dec/2020:21:10:53 -0500] "GET /SIG/index.php?dir=Control%20y%20mejora/&sort=date&order=asc HTTP/1.1" 200 2777
201.245.192.253 - - [27/Dec/2020:21:10:54 -0500] "POST /sipse/faces/presentacion/contratacion/contrato/registroPresupuestal/expedirRP.xhtml HTTP/1.1" 200 117525
201.245.192.253 - - [27/Dec/2020:21:10:55 -0500] "GET /sipse/faces/javax.faces.resource/theme.css?ln=primefaces-sipse HTTP/1.1" 304 -
201.245.192.253 - - [27/Dec/2020:21:10:55 -0500] "GET /sipse/faces/javax.faces.resource/primefaces.css?ln=primefaces&v=4.0 HTTP/1.1" 304 -
201.245.192.253 - - [27/Dec/2020:21:10:55 -0500] "GET /sipse/faces/javax.faces.resource/layout/layout.css?ln=primefaces&v=4.0 HTTP/1.1" 304 -
201.245.192.253 - - [27/Dec/2020:21:10:55 -0500] "GET /sipse/faces/javax.faces.resource/jquery/jquery.js?ln=primefaces&v=4.0 HTTP/1.1" 304 -
201.245.192.253 - - [27/Dec/2020:21:10:55 -0500] "GET /sipse/faces/javax.faces.resource/jquery/jquery-plugins.js?ln=primefaces&v=4.0 HTTP/1.1" 304 -
201.245.192.253 - - [27/Dec/2020:21:10:55 -0500] "GET /sipse/faces/javax.faces.resource/primefaces.js?ln=primefaces&v=4.0 HTTP/1.1" 304 -
201.245.192.253 - - [27/Dec/2020:21:10:55 -0500] "GET /sipse/faces/javax.faces.resource/layout/layout.js?ln=primefaces&v=4.0 HTTP/1.1" 304 -
88.99.244.56 - - [27/Dec/2020:21:10:55 -0500] "GET /bla/resoluciones/resoluciones%202002/res%202002%20151-200/2002res182.tif HTTP/1.1" 200 79810
201.245.192.253 - - [27/Dec/2020:21:10:58 -0500] "POST /sipse/faces/presentacion/financiero/solicitudProceso/consultarSolicitudProceso.xhtml HTTP/1.1" 200 34204
201.245.192.253 - - [27/Dec/2020:21:11:00 -0500] "GET /sipse/faces/javax.faces.resource/theme.css?ln=primefaces-sipse HTTP/1.1" 304 -
201.245.192.253 - - [27/Dec/2020:21:11:00 -0500] "GET /sipse/faces/javax.faces.resource/primefaces.css?ln=primefaces&v=4.0 HTTP/1.1" 304 -
201.245.192.253 - - [27/Dec/2020:21:11:00 -0500] "GET /sipse/faces/javax.faces.resource/layout/layout.css?ln=primefaces&v=4.0 HTTP/1.1" 304 -
201.245.192.253 - - [27/Dec/2020:21:11:00 -0500] "GET /sipse/faces/javax.faces.resource/jquery/jquery.js?ln=primefaces&v=4.0 HTTP/1.1" 304 -
201.245.192.253 - - [27/Dec/2020:21:11:00 -0500] "GET /sipse/faces/javax.faces.resource/jquery/jquery-plugins.js?ln=primefaces&v=4.0 HTTP/1.1" 304 -
201.245.192.253 - - [27/Dec/2020:21:11:00 -0500] "GET /sipse/faces/javax.faces.resource/primefaces.js?ln=primefaces&v=4.0 HTTP/1.1" 304 -
201.245.192.253 - - [27/Dec/2020:21:11:00 -0500] "GET /sipse/faces/javax.faces.resource/layout/layout.js?ln=primefaces&v=4.0 HTTP/1.1" 304 -
201.245.192.253 - - [27/Dec/2020:21:11:00 -0500] "POST /sipse/faces/presentacion/financiero/solicitudProceso/listarSolicitudProceso.xhtml HTTP/1.1" 200 1344
201.245.192.253 - - [27/Dec/2020:21:11:04 -0500] "POST /sipse/faces/presentacion/financiero/solicitudProceso/listarSolicitudProceso.xhtml HTTP/1.1" 200 30831
88.99.244.56 - - [27/Dec/2020:21:11:05 -0500] "GET /bla/resoluciones/resoluciones%202002/res%202002%201501-1550/20021533.tif HTTP/1.1" 200 93860
201.245.192.253 - - [27/Dec/2020:21:11:06 -0500] "POST /sipse/faces/presentacion/financiero/solicitudProceso/listarSolicitudProceso.xhtml HTTP/1.1" 200 10868
201.245.192.253 - - [27/Dec/2020:21:11:08 -0500] "POST /sipse/faces/presentacion/financiero/solicitudProceso/listarSolicitudProceso.xhtml HTTP/1.1" 200 31134
191.102.224.201 - - [27/Dec/2020:21:11:13 -0500] "GET /galeria/galeria/jquery.fancybox.css?v=2.1.5 HTTP/1.1" 200 4895
191.102.224.201 - - [27/Dec/2020:21:11:13 -0500] "GET /galeria/galeria/jquery.fancybox.js?v=2.1.5 HTTP/1.1" 200 48706
191.102.224.201 - - [27/Dec/2020:21:11:13 -0500] "GET /BLA/boletinlegal/js/jquery.scrollShow.js HTTP/1.1" 200 4586
185.125.219.13 - - [27/Dec/2020:21:11:15 -0500] "HEAD / HTTP/1.1" 200 -
194.67.207.9 - - [27/Dec/2020:21:11:15 -0500] "HEAD / HTTP/1.1" 200 -
193.124.188.188 - - [27/Dec/2020:21:11:15 -0500] "HEAD / HTTP/1.1" 200 -
88.99.244.56 - - [27/Dec/2020:21:11:16 -0500] "GET /bla/resoluciones/resoluciones%202002/res%202002%20151-200/2002res183.tif HTTP/1.1" 200 120786
191.102.224.201 - - [27/Dec/2020:21:11:19 -0500] "GET /galeria/galeria/jquery.fancybox.js?v=2.1.5 HTTP/1.1" 304 -
191.102.224.201 - - [27/Dec/2020:21:11:19 -0500] "GET /galeria/galeria/jquery.fancybox.css?v=2.1.5 HTTP/1.1" 304 -
191.102.224.201 - - [27/Dec/2020:21:11:19 -0500] "GET /BLA/boletinlegal/js/jquery.scrollShow.js HTTP/1.1" 304 -
204.199.94.85 - - [27/Dec/2020:21:11:24 -0500] "GET /galeria/nivo-slider/demo/inicio80.html HTTP/1.1" 304 -
204.199.94.85 - - [27/Dec/2020:21:11:24 -0500] "GET /galeria/nivo-slider/demo/images/bannerpicoycedula.jpg HTTP/1.1" 304 -
88.99.244.56 - - [27/Dec/2020:21:11:26 -0500] "GET /bla/resoluciones/resoluciones%202002/res%202002%201501-1550/20021532.tif HTTP/1.1" 200 82350
88.99.244.56 - - [27/Dec/2020:21:11:37 -0500] "GET /bla/resoluciones/resoluciones%202002/res%202002%20151-200/2002res184.tif HTTP/1.1" 200 81828
201.245.192.253 - - [27/Dec/2020:21:10:56 -0500] "POST /kwsrmcab/Wsrmcab HTTP/1.1" 200 44410
201.245.192.253 - - [27/Dec/2020:21:10:56 -0500] "POST /kwsrmcab/Wsrmcab HTTP/1.1" 200 47186
186.84.88.130 - - [27/Dec/2020:21:11:48 -0500] "GET /galeria/galeria/jquery.fancybox.js?v=2.1.5 HTTP/1.1" 200 48706
186.84.88.130 - - [27/Dec/2020:21:11:48 -0500] "GET /BLA/boletinlegal/js/jquery.scrollShow.js HTTP/1.1" 200 4586
186.84.88.130 - - [27/Dec/2020:21:11:48 -0500] "GET /galeria/galeria/jquery.fancybox.css?v=2.1.5 HTTP/1.1" 200 4895
88.99.244.56 - - [27/Dec/2020:21:11:48 -0500] "GET /bla/resoluciones/resoluciones%202002/res%202002%201501-1550/20021531.tif HTTP/1.1" 200 74250
186.84.88.130 - - [27/Dec/2020:21:11:48 -0500] "GET /galeria/carrusel/Carrusel/jquery.thumbnailScroller.css HTTP/1.1" 200 2066
186.84.88.130 - - [27/Dec/2020:21:11:49 -0500] "GET /galeria/carrusel/Carrusel/jquery-ui-1.8.13.custom.min.js HTTP/1.1" 200 10800
186.84.88.130 - - [27/Dec/2020:21:11:49 -0500] "GET /galeria/carrusel/Carrusel/jquery.thumbnailScroller.js HTTP/1.1" 200 8157
186.84.88.130 - - [27/Dec/2020:21:11:51 -0500] "GET /galeria/nivo-slider/demo/inicio80.html HTTP/1.1" 200 4371
186.84.88.130 - - [27/Dec/2020:21:11:51 -0500] "GET /galeria/nivo-slider/themes/orman/orman.css HTTP/1.1" 200 2152
186.84.88.130 - - [27/Dec/2020:21:11:51 -0500] "GET /galeria/nivo-slider/themes/pascal/pascal.css HTTP/1.1" 200 2258
186.84.88.130 - - [27/Dec/2020:21:11:51 -0500] "GET /galeria/nivo-slider/themes/default/default.css HTTP/1.1" 200 1569
186.84.88.130 - - [27/Dec/2020:21:11:51 -0500] "GET /galeria/nivo-slider/demo/scripts/jquery-1.7.1.min.js HTTP/1.1" 200 93868
186.84.88.130 - - [27/Dec/2020:21:11:51 -0500] "GET /galeria/nivo-slider/nivo-slider.css HTTP/1.1" 200 1507
186.84.88.130 - - [27/Dec/2020:21:11:51 -0500] "GET /galeria/nivo-slider/demo/style.css HTTP/1.1" 200 2222
186.84.88.130 - - [27/Dec/2020:21:11:52 -0500] "GET /galeria/nivo-slider/jquery.nivo.slider.pack.js HTTP/1.1" 200 11561
186.84.88.130 - - [27/Dec/2020:21:11:52 -0500] "GET /galeria/nivo-slider/demo/images/bannerwebrendicion.jpg HTTP/1.1" 200 251589
186.84.88.130 - - [27/Dec/2020:21:11:52 -0500] "GET /galeria/nivo-slider/demo/images/bannermusgo2020.jpg HTTP/1.1" 200 78281
186.84.88.130 - - [27/Dec/2020:21:11:52 -0500] "GET /galeria/nivo-slider/demo/images/bannerpicoycedula.jpg HTTP/1.1" 200 249013
186.84.88.130 - - [27/Dec/2020:21:11:52 -0500] "GET /galeria/nivo-slider/demo/images/banner2020acercar.jpg HTTP/1.1" 200 180505
186.84.88.130 - - [27/Dec/2020:21:11:52 -0500] "GET /galeria/nivo-slider/demo/images/4Simple_Slider.png HTTP/1.1" 200 11722
186.84.88.130 - - [27/Dec/2020:21:11:52 -0500] "GET /galeria/nivo-slider/themes/default/loading.gif HTTP/1.1" 200 1737
186.84.88.130 - - [27/Dec/2020:21:11:52 -0500] "GET /galeria/nivo-slider/demo/images/banneraperturahumedales.jpg HTTP/1.1" 200 91161
186.84.88.130 - - [27/Dec/2020:21:11:52 -0500] "GET /galeria/nivo-slider/demo/images/bannertingua2020.png HTTP/1.1" 200 105392
186.84.88.130 - - [27/Dec/2020:21:11:53 -0500] "GET /galeria/nivo-slider/demo/images/bannerresiduos.jpg HTTP/1.1" 200 155409
186.84.88.130 - - [27/Dec/2020:21:11:53 -0500] "GET /galeria/nivo-slider/demo/images/bannerclasesweb.jpg HTTP/1.1" 200 180765
186.84.88.130 - - [27/Dec/2020:21:11:53 -0500] "GET /galeria/nivo-slider/demo/images/bannerbioseguridad.jpg HTTP/1.1" 200 228661
186.84.88.130 - - [27/Dec/2020:21:11:53 -0500] "GET /galeria/nivo-slider/demo/images/Bannercuidate.jpg HTTP/1.1" 200 75508
186.84.88.130 - - [27/Dec/2020:21:11:53 -0500] "GET /galeria/nivo-slider/demo/images/Banner%20canales%20virtuales.jpg HTTP/1.1" 200 209438
186.84.88.130 - - [27/Dec/2020:21:11:53 -0500] "GET /galeria/nivo-slider/demo/images/bannerbolsas.jpg HTTP/1.1" 200 283727
186.84.88.130 - - [27/Dec/2020:21:11:54 -0500] "GET /galeria/nivo-slider/themes/default/arrows.png HTTP/1.1" 200 824
186.84.88.130 - - [27/Dec/2020:21:11:54 -0500] "GET /galeria/nivo-slider/themes/default/bullets.png HTTP/1.1" 200 1281
88.99.244.56 - - [27/Dec/2020:21:11:58 -0500] "GET /bla/resoluciones/resoluciones%202002/res%202002%20151-200/2002res185.tif HTTP/1.1" 200 117680
88.99.244.56 - - [27/Dec/2020:21:12:09 -0500] "GET /bla/resoluciones/resoluciones%202002/res%202002%201501-1550/20021530.tif HTTP/1.1" 200 98770
194.67.207.94 - - [27/Dec/2020:21:12:11 -0500] "HEAD / HTTP/1.1" 200 -
88.99.244.56 - - [27/Dec/2020:21:12:21 -0500] "GET /bla/resoluciones/resoluciones%202002/res%202002%20151-200/2002res186.tif HTTP/1.1" 200 71612
201.245.192.253 - - [27/Dec/2020:21:11:40 -0500] "POST /kwsrmcab/Wsrmcab HTTP/1.1" 200 47186
201.245.192.253 - - [27/Dec/2020:21:12:25 -0500] "POST /sipse/faces/presentacion/financiero/solicitudProceso/listarSolicitudProceso.xhtml HTTP/1.1" 200 5141
201.245.192.253 - - [27/Dec/2020:21:12:28 -0500] "POST /sipse/faces/presentacion/financiero/solicitudProceso/listarSolicitudProceso.xhtml HTTP/1.1" 200 118008
201.245.192.253 - - [27/Dec/2020:21:12:28 -0500] "GET /sipse/faces/javax.faces.resource/theme.css?ln=primefaces-sipse HTTP/1.1" 304 -
201.245.192.253 - - [27/Dec/2020:21:12:28 -0500] "GET /sipse/faces/javax.faces.resource/primefaces.css?ln=primefaces&v=4.0 HTTP/1.1" 304 -
201.245.192.253 - - [27/Dec/2020:21:12:28 -0500] "GET /sipse/faces/javax.faces.resource/layout/layout.css?ln=primefaces&v=4.0 HTTP/1.1" 304 -
201.245.192.253 - - [27/Dec/2020:21:12:28 -0500] "GET /sipse/faces/javax.faces.resource/jquery/jquery.js?ln=primefaces&v=4.0 HTTP/1.1" 304 -
201.245.192.253 - - [27/Dec/2020:21:12:28 -0500] "GET /sipse/faces/javax.faces.resource/jquery/jquery-plugins.js?ln=primefaces&v=4.0 HTTP/1.1" 304 -
201.245.192.253 - - [27/Dec/2020:21:12:28 -0500] "GET /sipse/faces/javax.faces.resource/primefaces.js?ln=primefaces&v=4.0 HTTP/1.1" 304 -
201.245.192.253 - - [27/Dec/2020:21:12:28 -0500] "GET /sipse/faces/javax.faces.resource/layout/layout.js?ln=primefaces&v=4.0 HTTP/1.1" 304 -
88.99.244.56 - - [27/Dec/2020:21:12:30 -0500] "GET /bla/resoluciones/resoluciones%202002/res%202002%201501-1550/20021529.tif HTTP/1.1" 200 77934
201.245.192.253 - - [27/Dec/2020:21:12:37 -0500] "POST /sipse/faces/presentacion/financiero/solicitudProceso/consultarSolicitudProceso.xhtml HTTP/1.1" 200 426438
181.61.181.91 - - [27/Dec/2020:21:12:38 -0500] "GET /autoliquidacion2020/ HTTP/1.1" 200 6146
88.99.244.56 - - [27/Dec/2020:21:12:41 -0500] "GET /bla/resoluciones/resoluciones%202002/res%202002%20151-200/2002res187.tif HTTP/1.1" 200 127050
179.61.113.111 - - [27/Dec/2020:21:12:51 -0500] "GET /BLA/boletinlegal/js/jquery.scrollShow.js HTTP/1.1" 200 4586
179.61.113.111 - - [27/Dec/2020:21:12:51 -0500] "GET /galeria/galeria/jquery.fancybox.js?v=2.1.5 HTTP/1.1" 200 48706
179.61.113.111 - - [27/Dec/2020:21:12:51 -0500] "GET /galeria/galeria/jquery.fancybox.css?v=2.1.5 HTTP/1.1" 200 4895
88.99.244.56 - - [27/Dec/2020:21:12:52 -0500] "GET /bla/resoluciones/resoluciones%202002/res%202002%201501-1550/20021528.tif HTTP/1.1" 200 67396
181.61.181.91 - - [27/Dec/2020:21:12:59 -0500] "GET /autoliquidacion2020/index.php?dir=Calidad+del+aire+auditiva+y+visual-%2F HTTP/1.1" 200 5234
181.61.181.91 - - [27/Dec/2020:21:12:59 -0500] "GET /autoliquidacion2020/dlf/dirup.png HTTP/1.1" 200 644
181.61.181.91 - - [27/Dec/2020:21:12:59 -0500] "GET /autoliquidacion2020/dlf/html.gif HTTP/1.1" 200 632
88.99.244.56 - - [27/Dec/2020:21:13:03 -0500] "GET /bla/resoluciones/resoluciones%202002/res%202002%20151-200/2002res188.tif HTTP/1.1" 200 72784
181.61.181.91 - - [27/Dec/2020:21:13:05 -0500] "GET /autoliquidacion2020/index.php?dir=Calidad+del+aire+auditiva+y+visual-%2FRegistro+de+la+publicidad+exterior+visual%2F HTTP/1.1" 200 3476
181.61.181.91 - - [27/Dec/2020:21:13:05 -0500] "GET /autoliquidacion2020/dlf/xls.gif HTTP/1.1" 200 636
181.61.181.91 - - [27/Dec/2020:21:13:08 -0500] "GET /autoliquidacion2020/Calidad%20del%20aire%20auditiva%20y%20visual-/Registro%20de%20la%20publicidad%20exterior%20visual/PM04-PR16-F2%20Formulario%20Solicitud%20de%20Registro%20PEV.xls HTTP/1.1" 200 3604480
181.61.181.91 - - [27/Dec/2020:21:13:10 -0500] "GET /autoliquidacion2020/Calidad%20del%20aire%20auditiva%20y%20visual-/Registro%20de%20la%20publicidad%20exterior%20visual/PM04-PR16-F1Lista%20de%20Chequeo%20Documentos%20Solicitud%20de%20Registro%20PEV.xls HTTP/1.1" 200 88064
88.99.244.56 - - [27/Dec/2020:21:13:12 -0500] "GET /bla/resoluciones/resoluciones%202002/res%202002%201501-1550/20021527.tif HTTP/1.1" 200 36108
181.61.181.91 - - [27/Dec/2020:21:13:12 -0500] "GET /autoliquidacion2020/Calidad%20del%20aire%20auditiva%20y%20visual-/Registro%20de%20la%20publicidad%20exterior%20visual/Aplicativo%20PEV%202020%20Tarifas%20de%20Cobro%20por%20servicio%20de%20evaluaci%C3%B3n.xls HTTP/1.1" 200 50688
201.245.192.253 - - [27/Dec/2020:21:13:22 -0500] "POST /sipse/faces/presentacion/financiero/solicitudProceso/consultarSolicitudProceso.xhtml HTTP/1.1" 200 37082
201.245.192.253 - - [27/Dec/2020:21:13:22 -0500] "GET /sipse/faces/javax.faces.resource/theme.css?ln=primefaces-sipse HTTP/1.1" 304 -
201.245.192.253 - - [27/Dec/2020:21:13:22 -0500] "GET /sipse/faces/javax.faces.resource/primefaces.css?ln=primefaces&v=4.0 HTTP/1.1" 304 -
201.245.192.253 - - [27/Dec/2020:21:13:22 -0500] "GET /sipse/faces/javax.faces.resource/layout/layout.css?ln=primefaces&v=4.0 HTTP/1.1" 304 -
201.245.192.253 - - [27/Dec/2020:21:13:22 -0500] "GET /sipse/faces/javax.faces.resource/jquery/jquery.js?ln=primefaces&v=4.0 HTTP/1.1" 304 -
201.245.192.253 - - [27/Dec/2020:21:13:22 -0500] "GET /sipse/faces/javax.faces.resource/jquery/jquery-plugins.js?ln=primefaces&v=4.0 HTTP/1.1" 304 -
201.245.192.253 - - [27/Dec/2020:21:13:22 -0500] "GET /sipse/faces/javax.faces.resource/primefaces.js?ln=primefaces&v=4.0 HTTP/1.1" 304 -
201.245.192.253 - - [27/Dec/2020:21:13:22 -0500] "GET /sipse/faces/javax.faces.resource/layout/layout.js?ln=primefaces&v=4.0 HTTP/1.1" 304 -
88.99.244.56 - - [27/Dec/2020:21:13:23 -0500] "GET /bla/resoluciones/resoluciones%202002/res%202002%20151-200/2002res189.tif HTTP/1.1" 200 61924
201.245.192.253 - - [27/Dec/2020:21:13:31 -0500] "POST /sipse/faces/presentacion/contratacion/contrato/registroPresupuestal/expedirRP.xhtml HTTP/1.1" 200 2248
88.99.244.56 - - [27/Dec/2020:21:13:33 -0500] "GET /bla/resoluciones/resoluciones%202002/res%202002%201501-1550/20021526.tif HTTP/1.1" 200 76962
179.61.113.111 - - [27/Dec/2020:21:13:40 -0500] "GET /BLA/boletinlegal/js/jquery.scrollShow.js HTTP/1.1" 304 -
179.61.113.111 - - [27/Dec/2020:21:13:40 -0500] "GET /galeria/galeria/jquery.fancybox.js?v=2.1.5 HTTP/1.1" 304 -
179.61.113.111 - - [27/Dec/2020:21:13:40 -0500] "GET /galeria/galeria/jquery.fancybox.css?v=2.1.5 HTTP/1.1" 304 -
88.99.244.56 - - [27/Dec/2020:21:13:42 -0500] "GET /bla/resoluciones/resoluciones%202002/res%202002%20151-200/2002res190.tif HTTP/1.1" 200 131444
201.245.192.253 - - [27/Dec/2020:21:13:46 -0500] "POST /sipse/faces/presentacion/contratacion/contrato/registroPresupuestal/expedirRP.xhtml HTTP/1.1" 200 20771
201.245.192.253 - - [27/Dec/2020:21:13:46 -0500] "GET /sipse/faces/javax.faces.resource/theme.css?ln=primefaces-sipse HTTP/1.1" 304 -
201.245.192.253 - - [27/Dec/2020:21:13:46 -0500] "GET /sipse/faces/javax.faces.resource/primefaces.css?ln=primefaces&v=4.0 HTTP/1.1" 304 -
201.245.192.253 - - [27/Dec/2020:21:13:46 -0500] "GET /sipse/faces/javax.faces.resource/layout/layout.css?ln=primefaces&v=4.0 HTTP/1.1" 304 -
201.245.192.253 - - [27/Dec/2020:21:13:46 -0500] "GET /sipse/faces/javax.faces.resource/jquery/jquery.js?ln=primefaces&v=4.0 HTTP/1.1" 304 -
201.245.192.253 - - [27/Dec/2020:21:13:46 -0500] "GET /sipse/faces/javax.faces.resource/jquery/jquery-plugins.js?ln=primefaces&v=4.0 HTTP/1.1" 304 -
201.245.192.253 - - [27/Dec/2020:21:13:46 -0500] "GET /sipse/faces/javax.faces.resource/primefaces.js?ln=primefaces&v=4.0 HTTP/1.1" 304 -
201.245.192.253 - - [27/Dec/2020:21:13:46 -0500] "GET /sipse/faces/javax.faces.resource/layout/layout.js?ln=primefaces&v=4.0 HTTP/1.1" 304 -
88.99.244.56 - - [27/Dec/2020:21:13:48 -0500] "GET /bla/resoluciones/resoluciones%202002/res%202002%201501-1550/20021525.tif HTTP/1.1" 200 68562
69.162.124.227 - - [27/Dec/2020:21:13:48 -0500] "HEAD / HTTP/1.1" 200 -
201.245.192.253 - - [27/Dec/2020:21:13:50 -0500] "POST /sipse/faces/presentacion/contratacion/contrato/registroPresupuestal/consultarActividadesRP.xhtml HTTP/1.1" 200 23024
201.245.192.253 - - [27/Dec/2020:21:13:50 -0500] "GET /sipse/faces/javax.faces.resource/theme.css?ln=primefaces-sipse HTTP/1.1" 304 -
201.245.192.253 - - [27/Dec/2020:21:13:50 -0500] "GET /sipse/faces/javax.faces.resource/primefaces.css?ln=primefaces&v=4.0 HTTP/1.1" 304 -
201.245.192.253 - - [27/Dec/2020:21:13:50 -0500] "GET /sipse/faces/javax.faces.resource/layout/layout.css?ln=primefaces&v=4.0 HTTP/1.1" 304 -
201.245.192.253 - - [27/Dec/2020:21:13:50 -0500] "GET /sipse/faces/javax.faces.resource/primefaces.js?ln=primefaces&v=4.0 HTTP/1.1" 304 -
201.245.192.253 - - [27/Dec/2020:21:13:50 -0500] "GET /sipse/faces/javax.faces.resource/jquery/jquery.js?ln=primefaces&v=4.0 HTTP/1.1" 304 -
201.245.192.253 - - [27/Dec/2020:21:13:50 -0500] "GET /sipse/faces/javax.faces.resource/jquery/jquery-plugins.js?ln=primefaces&v=4.0 HTTP/1.1" 304 -
201.245.192.253 - - [27/Dec/2020:21:13:50 -0500] "GET /sipse/faces/javax.faces.resource/layout/layout.js?ln=primefaces&v=4.0 HTTP/1.1" 304 -
201.245.192.253 - - [27/Dec/2020:21:13:51 -0500] "POST /sipse/faces/presentacion/contratacion/contrato/registroPresupuestal/asociarPresupuestoActividadesRP.xhtml HTTP/1.1" 200 37151
201.245.192.253 - - [27/Dec/2020:21:13:52 -0500] "GET /sipse/faces/javax.faces.resource/theme.css?ln=primefaces-sipse HTTP/1.1" 304 -
201.245.192.253 - - [27/Dec/2020:21:13:52 -0500] "GET /sipse/faces/javax.faces.resource/primefaces.css?ln=primefaces&v=4.0 HTTP/1.1" 304 -
201.245.192.253 - - [27/Dec/2020:21:13:52 -0500] "GET /sipse/faces/javax.faces.resource/layout/layout.css?ln=primefaces&v=4.0 HTTP/1.1" 304 -
201.245.192.253 - - [27/Dec/2020:21:13:52 -0500] "GET /sipse/faces/javax.faces.resource/jquery/jquery.js?ln=primefaces&v=4.0 HTTP/1.1" 304 -
201.245.192.253 - - [27/Dec/2020:21:13:52 -0500] "GET /sipse/faces/javax.faces.resource/jquery/jquery-plugins.js?ln=primefaces&v=4.0 HTTP/1.1" 304 -
201.245.192.253 - - [27/Dec/2020:21:13:52 -0500] "GET /sipse/faces/javax.faces.resource/primefaces.js?ln=primefaces&v=4.0 HTTP/1.1" 304 -
201.245.192.253 - - [27/Dec/2020:21:13:52 -0500] "GET /sipse/faces/javax.faces.resource/layout/layout.js?ln=primefaces&v=4.0 HTTP/1.1" 304 -
88.99.244.56 - - [27/Dec/2020:21:13:54 -0500] "GET /bla/resoluciones/resoluciones%202002/res%202002%20151-200/2002res191.tif HTTP/1.1" 200 44276
201.245.192.253 - - [27/Dec/2020:21:13:56 -0500] "POST /sipse/faces/presentacion/contratacion/contrato/registroPresupuestal/expedirRP.xhtml HTTP/1.1" 200 20771
201.245.192.253 - - [27/Dec/2020:21:13:56 -0500] "GET /sipse/faces/javax.faces.resource/theme.css?ln=primefaces-sipse HTTP/1.1" 304 -
201.245.192.253 - - [27/Dec/2020:21:13:56 -0500] "GET /sipse/faces/javax.faces.resource/jquery/jquery-plugins.js?ln=primefaces&v=4.0 HTTP/1.1" 304 -
201.245.192.253 - - [27/Dec/2020:21:13:56 -0500] "GET /sipse/faces/javax.faces.resource/layout/layout.css?ln=primefaces&v=4.0 HTTP/1.1" 304 -
201.245.192.253 - - [27/Dec/2020:21:13:56 -0500] "GET /sipse/faces/javax.faces.resource/primefaces.css?ln=primefaces&v=4.0 HTTP/1.1" 304 -
201.245.192.253 - - [27/Dec/2020:21:13:56 -0500] "GET /sipse/faces/javax.faces.resource/jquery/jquery.js?ln=primefaces&v=4.0 HTTP/1.1" 304 -
201.245.192.253 - - [27/Dec/2020:21:13:56 -0500] "GET /sipse/faces/javax.faces.resource/primefaces.js?ln=primefaces&v=4.0 HTTP/1.1" 304 -
201.245.192.253 - - [27/Dec/2020:21:13:56 -0500] "GET /sipse/faces/javax.faces.resource/layout/layout.js?ln=primefaces&v=4.0 HTTP/1.1" 304 -
201.245.192.253 - - [27/Dec/2020:21:13:58 -0500] "POST /sipse/faces/presentacion/contratacion/contrato/registroPresupuestal/consultarActividadesRP.xhtml HTTP/1.1" 200 23024
201.245.192.253 - - [27/Dec/2020:21:13:58 -0500] "GET /sipse/faces/javax.faces.resource/theme.css?ln=primefaces-sipse HTTP/1.1" 304 -
201.245.192.253 - - [27/Dec/2020:21:13:58 -0500] "GET /sipse/faces/javax.faces.resource/primefaces.css?ln=primefaces&v=4.0 HTTP/1.1" 304 -
201.245.192.253 - - [27/Dec/2020:21:13:58 -0500] "GET /sipse/faces/javax.faces.resource/jquery/jquery.js?ln=primefaces&v=4.0 HTTP/1.1" 304 -
201.245.192.253 - - [27/Dec/2020:21:13:58 -0500] "GET /sipse/faces/javax.faces.resource/jquery/jquery-plugins.js?ln=primefaces&v=4.0 HTTP/1.1" 304 -
201.245.192.253 - - [27/Dec/2020:21:13:58 -0500] "GET /sipse/faces/javax.faces.resource/layout/layout.css?ln=primefaces&v=4.0 HTTP/1.1" 304 -
201.245.192.253 - - [27/Dec/2020:21:13:58 -0500] "GET /sipse/faces/javax.faces.resource/primefaces.js?ln=primefaces&v=4.0 HTTP/1.1" 304 -
201.245.192.253 - - [27/Dec/2020:21:13:58 -0500] "GET /sipse/faces/javax.faces.resource/layout/layout.js?ln=primefaces&v=4.0 HTTP/1.1" 304 -
88.99.244.56 - - [27/Dec/2020:21:14:02 -0500] "GET /bla/resoluciones/resoluciones%202002/res%202002%201501-1550/20021524.tif HTTP/1.1" 200 64976
66.249.73.12 - - [27/Dec/2020:21:14:03 -0500] "-" 408 -
201.245.192.253 - - [27/Dec/2020:21:14:04 -0500] "POST /sipse/faces/presentacion/contratacion/contrato/registroPresupuestal/asociarPresupuestoActividadesRP.xhtml HTTP/1.1" 200 37159
201.245.192.253 - - [27/Dec/2020:21:14:04 -0500] "GET /sipse/faces/javax.faces.resource/theme.css?ln=primefaces-sipse HTTP/1.1" 304 -
201.245.192.253 - - [27/Dec/2020:21:14:04 -0500] "GET /sipse/faces/javax.faces.resource/primefaces.css?ln=primefaces&v=4.0 HTTP/1.1" 304 -
201.245.192.253 - - [27/Dec/2020:21:14:04 -0500] "GET /sipse/faces/javax.faces.resource/layout/layout.css?ln=primefaces&v=4.0 HTTP/1.1" 304 -
201.245.192.253 - - [27/Dec/2020:21:14:04 -0500] "GET /sipse/faces/javax.faces.resource/jquery/jquery.js?ln=primefaces&v=4.0 HTTP/1.1" 304 -
201.245.192.253 - - [27/Dec/2020:21:14:04 -0500] "GET /sipse/faces/javax.faces.resource/jquery/jquery-plugins.js?ln=primefaces&v=4.0 HTTP/1.1" 304 -
201.245.192.253 - - [27/Dec/2020:21:14:04 -0500] "GET /sipse/faces/javax.faces.resource/primefaces.js?ln=primefaces&v=4.0 HTTP/1.1" 304 -
201.245.192.253 - - [27/Dec/2020:21:14:04 -0500] "GET /sipse/faces/javax.faces.resource/layout/layout.js?ln=primefaces&v=4.0 HTTP/1.1" 304 -
88.99.244.56 - - [27/Dec/2020:21:14:09 -0500] "GET /bla/resoluciones/resoluciones%202002/res%202002%20151-200/2002res192.tif HTTP/1.1" 200 42276
201.245.192.253 - - [27/Dec/2020:21:14:14 -0500] "POST /sipse/faces/presentacion/contratacion/contrato/registroPresupuestal/expedirRP.xhtml HTTP/1.1" 200 119706
201.245.192.253 - - [27/Dec/2020:21:14:14 -0500] "GET /sipse/faces/javax.faces.resource/layout/layout.css?ln=primefaces&v=4.0 HTTP/1.1" 304 -
201.245.192.253 - - [27/Dec/2020:21:14:14 -0500] "GET /sipse/faces/javax.faces.resource/primefaces.css?ln=primefaces&v=4.0 HTTP/1.1" 304 -
201.245.192.253 - - [27/Dec/2020:21:14:14 -0500] "GET /sipse/faces/javax.faces.resource/theme.css?ln=primefaces-sipse HTTP/1.1" 304 -
201.245.192.253 - - [27/Dec/2020:21:14:14 -0500] "GET /sipse/faces/javax.faces.resource/jquery/jquery.js?ln=primefaces&v=4.0 HTTP/1.1" 304 -
201.245.192.253 - - [27/Dec/2020:21:14:14 -0500] "GET /sipse/faces/javax.faces.resource/jquery/jquery-plugins.js?ln=primefaces&v=4.0 HTTP/1.1" 304 -
201.245.192.253 - - [27/Dec/2020:21:14:14 -0500] "GET /sipse/faces/javax.faces.resource/primefaces.js?ln=primefaces&v=4.0 HTTP/1.1" 304 -
201.245.192.253 - - [27/Dec/2020:21:14:14 -0500] "GET /sipse/faces/javax.faces.resource/layout/layout.js?ln=primefaces&v=4.0 HTTP/1.1" 304 -
88.99.244.56 - - [27/Dec/2020:21:14:17 -0500] "GET /bla/resoluciones/resoluciones%202002/res%202002%201501-1550/20021523.tif HTTP/1.1" 200 73124
201.245.192.253 - - [27/Dec/2020:21:14:17 -0500] "POST /sipse/faces/presentacion/financiero/solicitudProceso/consultarSolicitudProceso.xhtml HTTP/1.1" 200 34236
201.245.192.253 - - [27/Dec/2020:21:14:20 -0500] "GET /sipse/faces/javax.faces.resource/theme.css?ln=primefaces-sipse HTTP/1.1" 304 -
201.245.192.253 - - [27/Dec/2020:21:14:20 -0500] "GET /sipse/faces/javax.faces.resource/primefaces.css?ln=primefaces&v=4.0 HTTP/1.1" 304 -
201.245.192.253 - - [27/Dec/2020:21:14:20 -0500] "GET /sipse/faces/javax.faces.resource/layout/layout.css?ln=primefaces&v=4.0 HTTP/1.1" 304 -
201.245.192.253 - - [27/Dec/2020:21:14:20 -0500] "GET /sipse/faces/javax.faces.resource/jquery/jquery.js?ln=primefaces&v=4.0 HTTP/1.1" 304 -
201.245.192.253 - - [27/Dec/2020:21:14:20 -0500] "GET /sipse/faces/javax.faces.resource/jquery/jquery-plugins.js?ln=primefaces&v=4.0 HTTP/1.1" 304 -
201.245.192.253 - - [27/Dec/2020:21:14:20 -0500] "GET /sipse/faces/javax.faces.resource/primefaces.js?ln=primefaces&v=4.0 HTTP/1.1" 304 -
201.245.192.253 - - [27/Dec/2020:21:14:20 -0500] "GET /sipse/faces/javax.faces.resource/layout/layout.js?ln=primefaces&v=4.0 HTTP/1.1" 304 -
201.245.192.253 - - [27/Dec/2020:21:14:20 -0500] "POST /sipse/faces/presentacion/financiero/solicitudProceso/listarSolicitudProceso.xhtml HTTP/1.1" 200 1344
201.245.192.253 - - [27/Dec/2020:21:14:23 -0500] "POST /sipse/faces/presentacion/financiero/solicitudProceso/listarSolicitudProceso.xhtml HTTP/1.1" 200 5169
192.168.175.225 - - [27/Dec/2020:21:14:26 -0500] "GET / HTTP/1.1" 200 9990
201.245.192.253 - - [27/Dec/2020:21:14:26 -0500] "POST /sipse/faces/presentacion/financiero/solicitudProceso/listarSolicitudProceso.xhtml HTTP/1.1" 200 119451
201.245.192.253 - - [27/Dec/2020:21:14:26 -0500] "GET /sipse/faces/javax.faces.resource/theme.css?ln=primefaces-sipse HTTP/1.1" 304 -
201.245.192.253 - - [27/Dec/2020:21:14:26 -0500] "GET /sipse/faces/javax.faces.resource/layout/layout.css?ln=primefaces&v=4.0 HTTP/1.1" 304 -
201.245.192.253 - - [27/Dec/2020:21:14:26 -0500] "GET /sipse/faces/javax.faces.resource/primefaces.css?ln=primefaces&v=4.0 HTTP/1.1" 304 -
201.245.192.253 - - [27/Dec/2020:21:14:26 -0500] "GET /sipse/faces/javax.faces.resource/jquery/jquery.js?ln=primefaces&v=4.0 HTTP/1.1" 304 -
201.245.192.253 - - [27/Dec/2020:21:14:26 -0500] "GET /sipse/faces/javax.faces.resource/jquery/jquery-plugins.js?ln=primefaces&v=4.0 HTTP/1.1" 304 -
201.245.192.253 - - [27/Dec/2020:21:14:26 -0500] "GET /sipse/faces/javax.faces.resource/primefaces.js?ln=primefaces&v=4.0 HTTP/1.1" 304 -
201.245.192.253 - - [27/Dec/2020:21:14:26 -0500] "GET /sipse/faces/javax.faces.resource/layout/layout.js?ln=primefaces&v=4.0 HTTP/1.1" 304 -
88.99.244.56 - - [27/Dec/2020:21:14:29 -0500] "GET /bla/resoluciones/resoluciones%202002/res%202002%20151-200/2002res193.tif HTTP/1.1" 200 42698
201.245.192.253 - - [27/Dec/2020:21:14:34 -0500] "POST /sipse/faces/presentacion/financiero/solicitudProceso/consultarSolicitudProceso.xhtml HTTP/1.1" 200 421299
88.99.244.56 - - [27/Dec/2020:21:14:38 -0500] "GET /bla/resoluciones/resoluciones%202002/res%202002%201501-1550/20021522.tif HTTP/1.1" 200 110002
88.99.244.56 - - [27/Dec/2020:21:14:49 -0500] "GET /bla/resoluciones/resoluciones%202002/res%202002%20151-200/2002res194.tif HTTP/1.1" 200 43024
88.99.244.56 - - [27/Dec/2020:21:14:59 -0500] "GET /bla/resoluciones/resoluciones%202002/res%202002%201501-1550/20021521.tif HTTP/1.1" 200 94074
88.99.244.56 - - [27/Dec/2020:21:15:12 -0500] "GET /bla/resoluciones/resoluciones%202002/res%202002%20151-200/2002res195.tif HTTP/1.1" 200 41628
193.124.190.18 - - [27/Dec/2020:21:15:14 -0500] "HEAD / HTTP/1.1" 200 -
88.99.244.56 - - [27/Dec/2020:21:15:22 -0500] "GET /bla/resoluciones/resoluciones%202002/res%202002%201501-1550/20021520.tif HTTP/1.1" 200 108992
201.245.192.253 - - [27/Dec/2020:21:15:30 -0500] "POST /sipse/faces/presentacion/financiero/solicitudProceso/consultarSolicitudProceso.xhtml HTTP/1.1" 200 37082
201.245.192.253 - - [27/Dec/2020:21:15:30 -0500] "GET /sipse/faces/javax.faces.resource/theme.css?ln=primefaces-sipse HTTP/1.1" 304 -
201.245.192.253 - - [27/Dec/2020:21:15:30 -0500] "GET /sipse/faces/javax.faces.resource/primefaces.css?ln=primefaces&v=4.0 HTTP/1.1" 304 -
201.245.192.253 - - [27/Dec/2020:21:15:30 -0500] "GET /sipse/faces/javax.faces.resource/layout/layout.css?ln=primefaces&v=4.0 HTTP/1.1" 304 -
201.245.192.253 - - [27/Dec/2020:21:15:30 -0500] "GET /sipse/faces/javax.faces.resource/jquery/jquery.js?ln=primefaces&v=4.0 HTTP/1.1" 304 -
201.245.192.253 - - [27/Dec/2020:21:15:30 -0500] "GET /sipse/faces/javax.faces.resource/jquery/jquery-plugins.js?ln=primefaces&v=4.0 HTTP/1.1" 304 -
201.245.192.253 - - [27/Dec/2020:21:15:31 -0500] "GET /sipse/faces/javax.faces.resource/primefaces.js?ln=primefaces&v=4.0 HTTP/1.1" 304 -
201.245.192.253 - - [27/Dec/2020:21:15:31 -0500] "GET /sipse/faces/javax.faces.resource/layout/layout.js?ln=primefaces&v=4.0 HTTP/1.1" 304 -
201.245.192.253 - - [27/Dec/2020:21:15:39 -0500] "POST /sipse/faces/presentacion/contratacion/contrato/registroPresupuestal/expedirRP.xhtml HTTP/1.1" 200 2248
201.245.192.253 - - [27/Dec/2020:21:15:42 -0500] "POST /sipse/faces/presentacion/contratacion/contrato/registroPresupuestal/expedirRP.xhtml HTTP/1.1" 200 20930
201.245.192.253 - - [27/Dec/2020:21:15:42 -0500] "GET /sipse/faces/javax.faces.resource/theme.css?ln=primefaces-sipse HTTP/1.1" 304 -
201.245.192.253 - - [27/Dec/2020:21:15:42 -0500] "GET /sipse/faces/javax.faces.resource/primefaces.css?ln=primefaces&v=4.0 HTTP/1.1" 304 -
201.245.192.253 - - [27/Dec/2020:21:15:42 -0500] "GET /sipse/faces/javax.faces.resource/layout/layout.css?ln=primefaces&v=4.0 HTTP/1.1" 304 -
201.245.192.253 - - [27/Dec/2020:21:15:42 -0500] "GET /sipse/faces/javax.faces.resource/jquery/jquery.js?ln=primefaces&v=4.0 HTTP/1.1" 304 -
201.245.192.253 - - [27/Dec/2020:21:15:42 -0500] "GET /sipse/faces/javax.faces.resource/jquery/jquery-plugins.js?ln=primefaces&v=4.0 HTTP/1.1" 304 -
201.245.192.253 - - [27/Dec/2020:21:15:42 -0500] "GET /sipse/faces/javax.faces.resource/primefaces.js?ln=primefaces&v=4.0 HTTP/1.1" 304 -
201.245.192.253 - - [27/Dec/2020:21:15:42 -0500] "GET /sipse/faces/javax.faces.resource/layout/layout.js?ln=primefaces&v=4.0 HTTP/1.1" 304 -
201.245.192.253 - - [27/Dec/2020:21:15:44 -0500] "POST /sipse/faces/presentacion/contratacion/contrato/registroPresupuestal/consultarActividadesRP.xhtml HTTP/1.1" 200 23102
201.245.192.253 - - [27/Dec/2020:21:15:44 -0500] "GET /sipse/faces/javax.faces.resource/layout/layout.css?ln=primefaces&v=4.0 HTTP/1.1" 304 -
201.245.192.253 - - [27/Dec/2020:21:15:44 -0500] "GET /sipse/faces/javax.faces.resource/theme.css?ln=primefaces-sipse HTTP/1.1" 304 -
201.245.192.253 - - [27/Dec/2020:21:15:44 -0500] "GET /sipse/faces/javax.faces.resource/primefaces.css?ln=primefaces&v=4.0 HTTP/1.1" 304 -
201.245.192.253 - - [27/Dec/2020:21:15:44 -0500] "GET /sipse/faces/javax.faces.resource/primefaces.js?ln=primefaces&v=4.0 HTTP/1.1" 304 -
201.245.192.253 - - [27/Dec/2020:21:15:44 -0500] "GET /sipse/faces/javax.faces.resource/jquery/jquery.js?ln=primefaces&v=4.0 HTTP/1.1" 304 -
201.245.192.253 - - [27/Dec/2020:21:15:44 -0500] "GET /sipse/faces/javax.faces.resource/jquery/jquery-plugins.js?ln=primefaces&v=4.0 HTTP/1.1" 304 -
201.245.192.253 - - [27/Dec/2020:21:15:44 -0500] "GET /sipse/faces/javax.faces.resource/layout/layout.js?ln=primefaces&v=4.0 HTTP/1.1" 304 -
88.99.244.56 - - [27/Dec/2020:21:15:44 -0500] "GET /bla/resoluciones/resoluciones%202002/res%202002%201551-1600/20021573.tif HTTP/1.1" 200 100458
201.245.192.253 - - [27/Dec/2020:21:15:49 -0500] "POST /sipse/faces/presentacion/contratacion/contrato/registroPresupuestal/asociarPresupuestoActividadesRP.xhtml HTTP/1.1" 200 37159
201.245.192.253 - - [27/Dec/2020:21:15:49 -0500] "GET /sipse/faces/javax.faces.resource/theme.css?ln=primefaces-sipse HTTP/1.1" 304 -
201.245.192.253 - - [27/Dec/2020:21:15:49 -0500] "GET /sipse/faces/javax.faces.resource/layout/layout.css?ln=primefaces&v=4.0 HTTP/1.1" 304 -
201.245.192.253 - - [27/Dec/2020:21:15:49 -0500] "GET /sipse/faces/javax.faces.resource/primefaces.css?ln=primefaces&v=4.0 HTTP/1.1" 304 -
201.245.192.253 - - [27/Dec/2020:21:15:49 -0500] "GET /sipse/faces/javax.faces.resource/jquery/jquery.js?ln=primefaces&v=4.0 HTTP/1.1" 304 -
201.245.192.253 - - [27/Dec/2020:21:15:49 -0500] "GET /sipse/faces/javax.faces.resource/jquery/jquery-plugins.js?ln=primefaces&v=4.0 HTTP/1.1" 304 -
201.245.192.253 - - [27/Dec/2020:21:15:49 -0500] "GET /sipse/faces/javax.faces.resource/primefaces.js?ln=primefaces&v=4.0 HTTP/1.1" 304 -
201.245.192.253 - - [27/Dec/2020:21:15:49 -0500] "GET /sipse/faces/javax.faces.resource/layout/layout.js?ln=primefaces&v=4.0 HTTP/1.1" 304 -
201.245.192.253 - - [27/Dec/2020:21:15:53 -0500] "POST /sipse/faces/presentacion/contratacion/contrato/registroPresupuestal/expedirRP.xhtml HTTP/1.1" 200 121149
201.245.192.253 - - [27/Dec/2020:21:15:53 -0500] "GET /sipse/faces/javax.faces.resource/layout/layout.css?ln=primefaces&v=4.0 HTTP/1.1" 304 -
201.245.192.253 - - [27/Dec/2020:21:15:53 -0500] "GET /sipse/faces/javax.faces.resource/primefaces.css?ln=primefaces&v=4.0 HTTP/1.1" 304 -
201.245.192.253 - - [27/Dec/2020:21:15:53 -0500] "GET /sipse/faces/javax.faces.resource/theme.css?ln=primefaces-sipse HTTP/1.1" 304 -
201.245.192.253 - - [27/Dec/2020:21:15:53 -0500] "GET /sipse/faces/javax.faces.resource/jquery/jquery.js?ln=primefaces&v=4.0 HTTP/1.1" 304 -
201.245.192.253 - - [27/Dec/2020:21:15:53 -0500] "GET /sipse/faces/javax.faces.resource/jquery/jquery-plugins.js?ln=primefaces&v=4.0 HTTP/1.1" 304 -
201.245.192.253 - - [27/Dec/2020:21:15:53 -0500] "GET /sipse/faces/javax.faces.resource/primefaces.js?ln=primefaces&v=4.0 HTTP/1.1" 304 -
201.245.192.253 - - [27/Dec/2020:21:15:53 -0500] "GET /sipse/faces/javax.faces.resource/layout/layout.js?ln=primefaces&v=4.0 HTTP/1.1" 304 -
88.99.244.56 - - [27/Dec/2020:21:15:56 -0500] "GET /bla/resoluciones/resoluciones%202002/res%202002%201551-1600/20021572.tif HTTP/1.1" 200 155070
201.245.192.253 - - [27/Dec/2020:21:15:56 -0500] "POST /sipse/faces/presentacion/financiero/solicitudProceso/consultarSolicitudProceso.xhtml HTTP/1.1" 200 34296
201.245.192.253 - - [27/Dec/2020:21:15:58 -0500] "GET /sipse/faces/javax.faces.resource/theme.css?ln=primefaces-sipse HTTP/1.1" 304 -
201.245.192.253 - - [27/Dec/2020:21:15:58 -0500] "GET /sipse/faces/javax.faces.resource/layout/layout.css?ln=primefaces&v=4.0 HTTP/1.1" 304 -
201.245.192.253 - - [27/Dec/2020:21:15:58 -0500] "GET /sipse/faces/javax.faces.resource/primefaces.css?ln=primefaces&v=4.0 HTTP/1.1" 304 -
201.245.192.253 - - [27/Dec/2020:21:15:58 -0500] "GET /sipse/faces/javax.faces.resource/jquery/jquery.js?ln=primefaces&v=4.0 HTTP/1.1" 304 -
201.245.192.253 - - [27/Dec/2020:21:15:58 -0500] "GET /sipse/faces/javax.faces.resource/jquery/jquery-plugins.js?ln=primefaces&v=4.0 HTTP/1.1" 304 -
201.245.192.253 - - [27/Dec/2020:21:15:58 -0500] "GET /sipse/faces/javax.faces.resource/primefaces.js?ln=primefaces&v=4.0 HTTP/1.1" 304 -
201.245.192.253 - - [27/Dec/2020:21:15:58 -0500] "GET /sipse/faces/javax.faces.resource/layout/layout.js?ln=primefaces&v=4.0 HTTP/1.1" 304 -
201.245.192.253 - - [27/Dec/2020:21:15:58 -0500] "POST /sipse/faces/presentacion/financiero/solicitudProceso/listarSolicitudProceso.xhtml HTTP/1.1" 200 1344
201.245.192.253 - - [27/Dec/2020:21:16:03 -0500] "POST /sipse/faces/presentacion/financiero/solicitudProceso/listarSolicitudProceso.xhtml HTTP/1.1" 200 117127
201.245.192.253 - - [27/Dec/2020:21:16:03 -0500] "GET /sipse/faces/javax.faces.resource/primefaces.css?ln=primefaces&v=4.0 HTTP/1.1" 304 -
201.245.192.253 - - [27/Dec/2020:21:16:03 -0500] "GET /sipse/faces/javax.faces.resource/theme.css?ln=primefaces-sipse HTTP/1.1" 304 -
201.245.192.253 - - [27/Dec/2020:21:16:03 -0500] "GET /sipse/faces/javax.faces.resource/layout/layout.css?ln=primefaces&v=4.0 HTTP/1.1" 304 -
201.245.192.253 - - [27/Dec/2020:21:16:03 -0500] "GET /sipse/faces/javax.faces.resource/jquery/jquery.js?ln=primefaces&v=4.0 HTTP/1.1" 304 -
201.245.192.253 - - [27/Dec/2020:21:16:03 -0500] "GET /sipse/faces/javax.faces.resource/jquery/jquery-plugins.js?ln=primefaces&v=4.0 HTTP/1.1" 304 -
201.245.192.253 - - [27/Dec/2020:21:16:03 -0500] "GET /sipse/faces/javax.faces.resource/primefaces.js?ln=primefaces&v=4.0 HTTP/1.1" 304 -
201.245.192.253 - - [27/Dec/2020:21:16:03 -0500] "GET /sipse/faces/javax.faces.resource/layout/layout.js?ln=primefaces&v=4.0 HTTP/1.1" 304 -
201.245.192.253 - - [27/Dec/2020:21:16:03 -0500] "POST /sipse/faces/presentacion/financiero/solicitudProceso/consultarSolicitudProceso.xhtml HTTP/1.1" 200 3892
201.245.192.253 - - [27/Dec/2020:21:16:06 -0500] "POST /sipse/faces/presentacion/financiero/solicitudProceso/consultarSolicitudProceso.xhtml HTTP/1.1" 200 33794
201.245.192.253 - - [27/Dec/2020:21:16:07 -0500] "GET /sipse/faces/javax.faces.resource/theme.css?ln=primefaces-sipse HTTP/1.1" 304 -
201.245.192.253 - - [27/Dec/2020:21:16:07 -0500] "GET /sipse/faces/javax.faces.resource/layout/layout.css?ln=primefaces&v=4.0 HTTP/1.1" 304 -
201.245.192.253 - - [27/Dec/2020:21:16:07 -0500] "GET /sipse/faces/javax.faces.resource/primefaces.css?ln=primefaces&v=4.0 HTTP/1.1" 304 -
201.245.192.253 - - [27/Dec/2020:21:16:07 -0500] "GET /sipse/faces/javax.faces.resource/jquery/jquery.js?ln=primefaces&v=4.0 HTTP/1.1" 304 -
201.245.192.253 - - [27/Dec/2020:21:16:07 -0500] "GET /sipse/faces/javax.faces.resource/jquery/jquery-plugins.js?ln=primefaces&v=4.0 HTTP/1.1" 304 -
201.245.192.253 - - [27/Dec/2020:21:16:07 -0500] "GET /sipse/faces/javax.faces.resource/primefaces.js?ln=primefaces&v=4.0 HTTP/1.1" 304 -
201.245.192.253 - - [27/Dec/2020:21:16:07 -0500] "GET /sipse/faces/javax.faces.resource/layout/layout.js?ln=primefaces&v=4.0 HTTP/1.1" 304 -
88.99.244.56 - - [27/Dec/2020:21:16:07 -0500] "GET /bla/resoluciones/resoluciones%202002/res%202002%201551-1600/20021571.tif HTTP/1.1" 200 115114
201.245.192.253 - - [27/Dec/2020:21:16:07 -0500] "POST /sipse/faces/presentacion/financiero/solicitudProceso/listarSolicitudProceso.xhtml HTTP/1.1" 200 27049
201.245.192.253 - - [27/Dec/2020:21:16:07 -0500] "POST /sipse/faces/presentacion/financiero/solicitudProceso/listarSolicitudProceso.xhtml HTTP/1.1" 200 27049
201.245.192.253 - - [27/Dec/2020:21:16:08 -0500] "POST /sipse/faces/presentacion/financiero/solicitudProceso/listarSolicitudProceso.xhtml HTTP/1.1" 200 27049
201.245.192.253 - - [27/Dec/2020:21:16:08 -0500] "POST /sipse/faces/presentacion/financiero/solicitudProceso/listarSolicitudProceso.xhtml HTTP/1.1" 200 1344
201.245.192.253 - - [27/Dec/2020:21:16:08 -0500] "POST /sipse/faces/presentacion/financiero/solicitudProceso/listarSolicitudProceso.xhtml HTTP/1.1" 200 1344
201.245.192.253 - - [27/Dec/2020:21:16:08 -0500] "POST /sipse/faces/presentacion/financiero/solicitudProceso/listarSolicitudProceso.xhtml HTTP/1.1" 200 1344
201.245.192.253 - - [27/Dec/2020:21:16:08 -0500] "POST /sipse/faces/presentacion/financiero/solicitudProceso/listarSolicitudProceso.xhtml HTTP/1.1" 200 1344
201.245.192.253 - - [27/Dec/2020:21:16:10 -0500] "POST /sipse/faces/presentacion/financiero/solicitudProceso/listarSolicitudProceso.xhtml HTTP/1.1" 200 30823
201.245.192.253 - - [27/Dec/2020:21:16:11 -0500] "POST /sipse/faces/presentacion/financiero/solicitudProceso/listarSolicitudProceso.xhtml HTTP/1.1" 200 30900
201.245.192.253 - - [27/Dec/2020:21:16:12 -0500] "POST /sipse/faces/presentacion/financiero/solicitudProceso/listarSolicitudProceso.xhtml HTTP/1.1" 200 19399
201.245.192.253 - - [27/Dec/2020:21:16:12 -0500] "POST /sipse/faces/presentacion/financiero/solicitudProceso/listarSolicitudProceso.xhtml HTTP/1.1" 200 7909
201.245.192.253 - - [27/Dec/2020:21:16:13 -0500] "POST /sipse/faces/presentacion/financiero/solicitudProceso/listarSolicitudProceso.xhtml HTTP/1.1" 200 4979
201.245.192.253 - - [27/Dec/2020:21:16:15 -0500] "POST /sipse/faces/presentacion/financiero/solicitudProceso/listarSolicitudProceso.xhtml HTTP/1.1" 200 143763
201.245.192.253 - - [27/Dec/2020:21:16:16 -0500] "GET /sipse/faces/javax.faces.resource/theme.css?ln=primefaces-sipse HTTP/1.1" 304 -
201.245.192.253 - - [27/Dec/2020:21:16:16 -0500] "GET /sipse/faces/javax.faces.resource/primefaces.css?ln=primefaces&v=4.0 HTTP/1.1" 304 -
201.245.192.253 - - [27/Dec/2020:21:16:16 -0500] "GET /sipse/faces/javax.faces.resource/layout/layout.css?ln=primefaces&v=4.0 HTTP/1.1" 304 -
201.245.192.253 - - [27/Dec/2020:21:16:16 -0500] "GET /sipse/faces/javax.faces.resource/jquery/jquery.js?ln=primefaces&v=4.0 HTTP/1.1" 304 -
201.245.192.253 - - [27/Dec/2020:21:16:16 -0500] "GET /sipse/faces/javax.faces.resource/jquery/jquery-plugins.js?ln=primefaces&v=4.0 HTTP/1.1" 304 -
201.245.192.253 - - [27/Dec/2020:21:16:16 -0500] "GET /sipse/faces/javax.faces.resource/primefaces.js?ln=primefaces&v=4.0 HTTP/1.1" 304 -
201.245.192.253 - - [27/Dec/2020:21:16:16 -0500] "GET /sipse/faces/javax.faces.resource/layout/layout.js?ln=primefaces&v=4.0 HTTP/1.1" 304 -
88.99.244.56 - - [27/Dec/2020:21:16:18 -0500] "GET /bla/resoluciones/resoluciones%202002/res%202002%201551-1600/20021570.tif HTTP/1.1" 200 122762
201.245.192.253 - - [27/Dec/2020:21:16:25 -0500] "POST /sipse/faces/presentacion/financiero/solicitudProceso/consultarSolicitudProceso.xhtml HTTP/1.1" 200 353281
88.99.244.56 - - [27/Dec/2020:21:16:29 -0500] "GET /bla/resoluciones/resoluciones%202002/res%202002%201551-1600/20021569.tif HTTP/1.1" 200 130972
23.100.232.233 - - [27/Dec/2020:21:16:30 -0500] "GET /BLA/boletinlegal/js/jquery.scrollShow.js HTTP/1.1" 200 4586
23.100.232.233 - - [27/Dec/2020:21:16:30 -0500] "GET /galeria/galeria/jquery.fancybox.js?v=2.1.5 HTTP/1.1" 200 48706
23.100.232.233 - - [27/Dec/2020:21:16:30 -0500] "GET /galeria/galeria/jquery.fancybox.css?v=2.1.5 HTTP/1.1" 200 4895
23.100.232.233 - - [27/Dec/2020:21:16:34 -0500] "GET /galeria/galeria/jquery.fancybox.js?v=2.1.5 HTTP/1.1" 200 48706
23.100.232.233 - - [27/Dec/2020:21:16:34 -0500] "GET /BLA/boletinlegal/js/jquery.scrollShow.js HTTP/1.1" 200 4586
23.100.232.233 - - [27/Dec/2020:21:16:34 -0500] "GET /galeria/galeria/jquery.fancybox.css?v=2.1.5 HTTP/1.1" 200 4895
88.99.244.56 - - [27/Dec/2020:21:16:38 -0500] "GET /bla/resoluciones/resoluciones%202002/res%202002%201551-1600/20021568.tif HTTP/1.1" 200 120294
88.99.244.56 - - [27/Dec/2020:21:16:50 -0500] "GET /bla/resoluciones/resoluciones%202002/res%202002%201551-1600/20021567.tif HTTP/1.1" 200 114158
88.99.244.56 - - [27/Dec/2020:21:17:02 -0500] "GET /bla/resoluciones/resoluciones%202002/res%202002%201551-1600/20021566.tif HTTP/1.1" 200 123050
88.99.244.56 - - [27/Dec/2020:21:17:11 -0500] "GET /bla/resoluciones/resoluciones%202002/res%202002%201551-1600/20021565.tif HTTP/1.1" 200 142834
88.99.244.56 - - [27/Dec/2020:21:17:24 -0500] "GET /bla/resoluciones/resoluciones%202002/res%202002%201551-1600/20021564.tif HTTP/1.1" 200 125260
201.245.192.253 - - [27/Dec/2020:21:17:26 -0500] "POST /sipse/faces/presentacion/financiero/solicitudProceso/consultarSolicitudProceso.xhtml HTTP/1.1" 200 4946
201.245.192.253 - - [27/Dec/2020:21:17:32 -0500] "POST /sipse/faces/presentacion/financiero/solicitudProceso/consultarSolicitudProceso.xhtml HTTP/1.1" 200 109178
201.245.192.253 - - [27/Dec/2020:21:17:32 -0500] "GET /sipse/faces/javax.faces.resource/theme.css?ln=primefaces-sipse HTTP/1.1" 304 -
201.245.192.253 - - [27/Dec/2020:21:17:32 -0500] "GET /sipse/faces/javax.faces.resource/primefaces.css?ln=primefaces&v=4.0 HTTP/1.1" 304 -
201.245.192.253 - - [27/Dec/2020:21:17:32 -0500] "GET /sipse/faces/javax.faces.resource/layout/layout.css?ln=primefaces&v=4.0 HTTP/1.1" 304 -
201.245.192.253 - - [27/Dec/2020:21:17:32 -0500] "GET /sipse/faces/javax.faces.resource/jquery/jquery.js?ln=primefaces&v=4.0 HTTP/1.1" 304 -
201.245.192.253 - - [27/Dec/2020:21:17:32 -0500] "GET /sipse/faces/javax.faces.resource/jquery/jquery-plugins.js?ln=primefaces&v=4.0 HTTP/1.1" 304 -
201.245.192.253 - - [27/Dec/2020:21:17:32 -0500] "GET /sipse/faces/javax.faces.resource/primefaces.js?ln=primefaces&v=4.0 HTTP/1.1" 304 -
201.245.192.253 - - [27/Dec/2020:21:17:32 -0500] "GET /sipse/faces/javax.faces.resource/layout/layout.js?ln=primefaces&v=4.0 HTTP/1.1" 304 -
88.99.244.56 - - [27/Dec/2020:21:17:35 -0500] "GET /bla/resoluciones/resoluciones%202002/res%202002%201551-1600/20021563.tif HTTP/1.1" 200 125866
201.245.192.253 - - [27/Dec/2020:21:17:37 -0500] "POST /sipse/faces/presentacion/contratacion/contrato/consultarContrato.xhtml HTTP/1.1" 200 39743
