201.245.192.253 - - [27/Dec/2020:21:17:37 -0500] "GET /sipse/faces/javax.faces.resource/theme.css?ln=primefaces-sipse HTTP/1.1" 304 -
201.245.192.253 - - [27/Dec/2020:21:17:37 -0500] "GET /sipse/faces/javax.faces.resource/layout/layout.css?ln=primefaces&v=4.0 HTTP/1.1" 304 -
201.245.192.253 - - [27/Dec/2020:21:17:37 -0500] "GET /sipse/faces/javax.faces.resource/primefaces.css?ln=primefaces&v=4.0 HTTP/1.1" 304 -
201.245.192.253 - - [27/Dec/2020:21:17:37 -0500] "GET /sipse/faces/javax.faces.resource/jquery/jquery.js?ln=primefaces&v=4.0 HTTP/1.1" 304 -
201.245.192.253 - - [27/Dec/2020:21:17:37 -0500] "GET /sipse/faces/javax.faces.resource/jquery/jquery-plugins.js?ln=primefaces&v=4.0 HTTP/1.1" 304 -
201.245.192.253 - - [27/Dec/2020:21:17:37 -0500] "GET /sipse/faces/javax.faces.resource/primefaces.js?ln=primefaces&v=4.0 HTTP/1.1" 304 -
201.245.192.253 - - [27/Dec/2020:21:17:37 -0500] "GET /sipse/faces/javax.faces.resource/layout/layout.js?ln=primefaces&v=4.0 HTTP/1.1" 304 -
88.99.244.56 - - [27/Dec/2020:21:17:46 -0500] "GET /bla/resoluciones/resoluciones%202002/res%202002%201551-1600/20021562.tif HTTP/1.1" 200 139110
201.245.192.253 - - [27/Dec/2020:21:17:47 -0500] "POST /sipse/faces/presentacion/contratacion/contrato/registroPresupuestal/expedirRP.xhtml HTTP/1.1" 200 2388
186.84.90.155 - - [27/Dec/2020:21:17:58 -0500] "GET /BLA/resoluciones/ HTTP/1.1" 200 12275
186.84.90.155 - - [27/Dec/2020:21:17:58 -0500] "GET /BLA/resoluciones/dlf/styles.css HTTP/1.1" 200 3049
186.84.90.155 - - [27/Dec/2020:21:17:58 -0500] "GET /BLA/resoluciones/dlf/folder.png HTTP/1.1" 200 410
88.99.244.56 - - [27/Dec/2020:21:17:58 -0500] "GET /bla/resoluciones/resoluciones%202002/res%202002%201551-1600/20021561.tif HTTP/1.1" 200 119732
186.84.90.155 - - [27/Dec/2020:21:17:58 -0500] "GET /BLA/resoluciones/dlf/bg.gif HTTP/1.1" 200 54
186.84.90.155 - - [27/Dec/2020:21:18:03 -0500] "GET /BLA/resoluciones/dlf/dirup.png HTTP/1.1" 200 644
186.84.90.155 - - [27/Dec/2020:21:18:03 -0500] "GET /BLA/resoluciones/dlf/pdf.gif HTTP/1.1" 200 272
186.84.90.155 - - [27/Dec/2020:21:18:04 -0500] "GET /BLA/resoluciones/dlf/unknown.png HTTP/1.1" 200 266
186.84.90.155 - - [27/Dec/2020:21:18:02 -0500] "GET /BLA/resoluciones/index.php?dir=RESOLUCIONES+2008%2F HTTP/1.1" 200 976272
201.245.192.253 - - [27/Dec/2020:21:18:08 -0500] "POST /sipse/faces/presentacion/contratacion/contrato/registroPresupuestal/expedirRP.xhtml HTTP/1.1" 200 20529
201.245.192.253 - - [27/Dec/2020:21:18:08 -0500] "GET /sipse/faces/javax.faces.resource/theme.css?ln=primefaces-sipse HTTP/1.1" 304 -
201.245.192.253 - - [27/Dec/2020:21:18:08 -0500] "GET /sipse/faces/javax.faces.resource/primefaces.css?ln=primefaces&v=4.0 HTTP/1.1" 304 -
201.245.192.253 - - [27/Dec/2020:21:18:08 -0500] "GET /sipse/faces/javax.faces.resource/layout/layout.css?ln=primefaces&v=4.0 HTTP/1.1" 304 -
201.245.192.253 - - [27/Dec/2020:21:18:08 -0500] "GET /sipse/faces/javax.faces.resource/jquery/jquery.js?ln=primefaces&v=4.0 HTTP/1.1" 304 -
201.245.192.253 - - [27/Dec/2020:21:18:08 -0500] "GET /sipse/faces/javax.faces.resource/jquery/jquery-plugins.js?ln=primefaces&v=4.0 HTTP/1.1" 304 -
201.245.192.253 - - [27/Dec/2020:21:18:08 -0500] "GET /sipse/faces/javax.faces.resource/primefaces.js?ln=primefaces&v=4.0 HTTP/1.1" 304 -
201.245.192.253 - - [27/Dec/2020:21:18:08 -0500] "GET /sipse/faces/javax.faces.resource/layout/layout.js?ln=primefaces&v=4.0 HTTP/1.1" 304 -
201.245.192.253 - - [27/Dec/2020:21:18:10 -0500] "POST /sipse/faces/presentacion/contratacion/contrato/registroPresupuestal/consultarActividadesRP.xhtml HTTP/1.1" 200 22809
201.245.192.253 - - [27/Dec/2020:21:18:10 -0500] "GET /sipse/faces/javax.faces.resource/theme.css?ln=primefaces-sipse HTTP/1.1" 304 -
201.245.192.253 - - [27/Dec/2020:21:18:10 -0500] "GET /sipse/faces/javax.faces.resource/primefaces.css?ln=primefaces&v=4.0 HTTP/1.1" 304 -
201.245.192.253 - - [27/Dec/2020:21:18:10 -0500] "GET /sipse/faces/javax.faces.resource/layout/layout.css?ln=primefaces&v=4.0 HTTP/1.1" 304 -
201.245.192.253 - - [27/Dec/2020:21:18:10 -0500] "GET /sipse/faces/javax.faces.resource/jquery/jquery.js?ln=primefaces&v=4.0 HTTP/1.1" 304 -
201.245.192.253 - - [27/Dec/2020:21:18:10 -0500] "GET /sipse/faces/javax.faces.resource/primefaces.js?ln=primefaces&v=4.0 HTTP/1.1" 304 -
201.245.192.253 - - [27/Dec/2020:21:18:10 -0500] "GET /sipse/faces/javax.faces.resource/jquery/jquery-plugins.js?ln=primefaces&v=4.0 HTTP/1.1" 304 -
201.245.192.253 - - [27/Dec/2020:21:18:10 -0500] "GET /sipse/faces/javax.faces.resource/layout/layout.js?ln=primefaces&v=4.0 HTTP/1.1" 304 -
200.122.239.122 - - [27/Dec/2020:21:18:10 -0500] "GET /BLA/boletinlegal/js/jquery.scrollShow.js HTTP/1.1" 200 4586
200.122.239.122 - - [27/Dec/2020:21:18:10 -0500] "GET /galeria/galeria/jquery.fancybox.js?v=2.1.5 HTTP/1.1" 200 48706
200.122.239.122 - - [27/Dec/2020:21:18:10 -0500] "GET /galeria/galeria/jquery.fancybox.css?v=2.1.5 HTTP/1.1" 200 4895
88.99.244.56 - - [27/Dec/2020:21:18:11 -0500] "GET /bla/resoluciones/resoluciones%202002/res%202002%201551-1600/20021558.tif HTTP/1.1" 200 123926
186.84.90.155 - - [27/Dec/2020:21:18:12 -0500] "GET /BLA/resoluciones/RESOLUCIONES%202008/0001.pdf HTTP/1.1" 200 39270
181.53.12.7 - - [27/Dec/2020:21:18:15 -0500] "GET /galeria/carrusel/Carrusel/jquery.thumbnailScroller.css HTTP/1.1" 200 2066
181.53.12.7 - - [27/Dec/2020:21:18:15 -0500] "GET /galeria/galeria/jquery.fancybox.css?v=2.1.5 HTTP/1.1" 200 4895
181.53.12.7 - - [27/Dec/2020:21:18:15 -0500] "GET /BLA/boletinlegal/js/jquery.scrollShow.js HTTP/1.1" 200 4586
181.53.12.7 - - [27/Dec/2020:21:18:15 -0500] "GET /galeria/galeria/jquery.fancybox.js?v=2.1.5 HTTP/1.1" 200 48706
181.53.12.7 - - [27/Dec/2020:21:18:15 -0500] "GET /galeria/carrusel/Carrusel/jquery.thumbnailScroller.js HTTP/1.1" 200 8157
181.53.12.7 - - [27/Dec/2020:21:18:15 -0500] "GET /galeria/carrusel/Carrusel/jquery-ui-1.8.13.custom.min.js HTTP/1.1" 200 10800
201.245.192.253 - - [27/Dec/2020:21:18:19 -0500] "POST /sipse/faces/presentacion/contratacion/contrato/registroPresupuestal/asociarPresupuestoActividadesRP.xhtml HTTP/1.1" 200 39811
201.245.192.253 - - [27/Dec/2020:21:18:19 -0500] "GET /sipse/faces/javax.faces.resource/primefaces.css?ln=primefaces&v=4.0 HTTP/1.1" 304 -
201.245.192.253 - - [27/Dec/2020:21:18:19 -0500] "GET /sipse/faces/javax.faces.resource/theme.css?ln=primefaces-sipse HTTP/1.1" 304 -
201.245.192.253 - - [27/Dec/2020:21:18:19 -0500] "GET /sipse/faces/javax.faces.resource/layout/layout.css?ln=primefaces&v=4.0 HTTP/1.1" 304 -
201.245.192.253 - - [27/Dec/2020:21:18:19 -0500] "GET /sipse/faces/javax.faces.resource/jquery/jquery.js?ln=primefaces&v=4.0 HTTP/1.1" 304 -
201.245.192.253 - - [27/Dec/2020:21:18:19 -0500] "GET /sipse/faces/javax.faces.resource/jquery/jquery-plugins.js?ln=primefaces&v=4.0 HTTP/1.1" 304 -
201.245.192.253 - - [27/Dec/2020:21:18:19 -0500] "GET /sipse/faces/javax.faces.resource/primefaces.js?ln=primefaces&v=4.0 HTTP/1.1" 304 -
201.245.192.253 - - [27/Dec/2020:21:18:19 -0500] "GET /sipse/faces/javax.faces.resource/layout/layout.js?ln=primefaces&v=4.0 HTTP/1.1" 304 -
88.99.244.56 - - [27/Dec/2020:21:18:21 -0500] "GET /bla/resoluciones/resoluciones%202002/res%202002%201551-1600/20021557.tif HTTP/1.1" 200 80396
88.99.244.56 - - [27/Dec/2020:21:18:33 -0500] "GET /bla/resoluciones/resoluciones%202002/res%202002%201551-1600/20021556.tif HTTP/1.1" 200 128118
186.30.111.239 - - [27/Dec/2020:21:18:39 -0500] "GET /BLA/boletinlegal/actos.php HTTP/1.1" 200 8832
201.245.192.253 - - [27/Dec/2020:21:18:42 -0500] "POST /sipse/faces/presentacion/contratacion/contrato/registroPresupuestal/expedirRP.xhtml HTTP/1.1" 200 110881
201.245.192.253 - - [27/Dec/2020:21:18:42 -0500] "GET /sipse/faces/javax.faces.resource/theme.css?ln=primefaces-sipse HTTP/1.1" 304 -
201.245.192.253 - - [27/Dec/2020:21:18:42 -0500] "GET /sipse/faces/javax.faces.resource/primefaces.css?ln=primefaces&v=4.0 HTTP/1.1" 304 -
201.245.192.253 - - [27/Dec/2020:21:18:42 -0500] "GET /sipse/faces/javax.faces.resource/layout/layout.css?ln=primefaces&v=4.0 HTTP/1.1" 304 -
201.245.192.253 - - [27/Dec/2020:21:18:42 -0500] "GET /sipse/faces/javax.faces.resource/jquery/jquery.js?ln=primefaces&v=4.0 HTTP/1.1" 304 -
201.245.192.253 - - [27/Dec/2020:21:18:42 -0500] "GET /sipse/faces/javax.faces.resource/jquery/jquery-plugins.js?ln=primefaces&v=4.0 HTTP/1.1" 304 -
201.245.192.253 - - [27/Dec/2020:21:18:42 -0500] "GET /sipse/faces/javax.faces.resource/primefaces.js?ln=primefaces&v=4.0 HTTP/1.1" 304 -
201.245.192.253 - - [27/Dec/2020:21:18:42 -0500] "GET /sipse/faces/javax.faces.resource/layout/layout.js?ln=primefaces&v=4.0 HTTP/1.1" 304 -
88.99.244.56 - - [27/Dec/2020:21:18:42 -0500] "GET /bla/resoluciones/resoluciones%202002/res%202002%201551-1600/20021555.tif HTTP/1.1" 200 141082
201.245.192.253 - - [27/Dec/2020:21:18:47 -0500] "GET /sipse/faces/javax.faces.resource/theme.css?ln=primefaces-sipse HTTP/1.1" 304 -
201.245.192.253 - - [27/Dec/2020:21:18:47 -0500] "GET /sipse/faces/javax.faces.resource/primefaces.css?ln=primefaces&v=4.0 HTTP/1.1" 304 -
201.245.192.253 - - [27/Dec/2020:21:18:47 -0500] "GET /sipse/faces/javax.faces.resource/layout/layout.css?ln=primefaces&v=4.0 HTTP/1.1" 304 -
201.245.192.253 - - [27/Dec/2020:21:18:47 -0500] "GET /sipse/faces/javax.faces.resource/jquery/jquery.js?ln=primefaces&v=4.0 HTTP/1.1" 304 -
201.245.192.253 - - [27/Dec/2020:21:18:47 -0500] "GET /sipse/faces/javax.faces.resource/jquery/jquery-plugins.js?ln=primefaces&v=4.0 HTTP/1.1" 304 -
201.245.192.253 - - [27/Dec/2020:21:18:47 -0500] "GET /sipse/faces/javax.faces.resource/primefaces.js?ln=primefaces&v=4.0 HTTP/1.1" 304 -
201.245.192.253 - - [27/Dec/2020:21:18:47 -0500] "GET /sipse/faces/javax.faces.resource/layout/layout.js?ln=primefaces&v=4.0 HTTP/1.1" 304 -
201.245.192.253 - - [27/Dec/2020:21:18:47 -0500] "POST /sipse/faces/presentacion/contratacion/contrato/consultarContrato.xhtml HTTP/1.1" 200 190526
186.84.90.155 - - [27/Dec/2020:21:18:48 -0500] "GET /BLA/resoluciones/index.php HTTP/1.1" 200 12275
69.162.124.227 - - [27/Dec/2020:21:18:48 -0500] "HEAD / HTTP/1.1" 200 -
88.99.244.56 - - [27/Dec/2020:21:18:50 -0500] "GET /bla/resoluciones/resoluciones%202002/res%202002%201551-1600/20021554.tif HTTP/1.1" 200 53296
186.84.90.155 - - [27/Dec/2020:21:18:52 -0500] "GET /BLA/resoluciones/index.php?dir=RESOLUCIONES+2007%2F HTTP/1.1" 200 26446
201.245.192.253 - - [27/Dec/2020:21:18:51 -0500] "POST /sipse/faces/presentacion/financiero/solicitudProceso/consultarSolicitudProceso.xhtml HTTP/1.1" 200 34105
201.245.192.253 - - [27/Dec/2020:21:18:53 -0500] "GET /sipse/faces/javax.faces.resource/theme.css?ln=primefaces-sipse HTTP/1.1" 304 -
201.245.192.253 - - [27/Dec/2020:21:18:53 -0500] "GET /sipse/faces/javax.faces.resource/layout/layout.css?ln=primefaces&v=4.0 HTTP/1.1" 304 -
201.245.192.253 - - [27/Dec/2020:21:18:53 -0500] "GET /sipse/faces/javax.faces.resource/primefaces.css?ln=primefaces&v=4.0 HTTP/1.1" 304 -
201.245.192.253 - - [27/Dec/2020:21:18:53 -0500] "GET /sipse/faces/javax.faces.resource/jquery/jquery.js?ln=primefaces&v=4.0 HTTP/1.1" 304 -
201.245.192.253 - - [27/Dec/2020:21:18:53 -0500] "GET /sipse/faces/javax.faces.resource/jquery/jquery-plugins.js?ln=primefaces&v=4.0 HTTP/1.1" 304 -
201.245.192.253 - - [27/Dec/2020:21:18:53 -0500] "GET /sipse/faces/javax.faces.resource/primefaces.js?ln=primefaces&v=4.0 HTTP/1.1" 304 -
201.245.192.253 - - [27/Dec/2020:21:18:53 -0500] "GET /sipse/faces/javax.faces.resource/layout/layout.js?ln=primefaces&v=4.0 HTTP/1.1" 304 -
201.245.192.253 - - [27/Dec/2020:21:18:53 -0500] "POST /sipse/faces/presentacion/financiero/solicitudProceso/listarSolicitudProceso.xhtml HTTP/1.1" 200 1344
201.245.192.253 - - [27/Dec/2020:21:18:58 -0500] "POST /sipse/faces/presentacion/financiero/solicitudProceso/listarSolicitudProceso.xhtml HTTP/1.1" 200 5129
88.99.244.56 - - [27/Dec/2020:21:18:59 -0500] "GET /bla/resoluciones/resoluciones%202002/res%202002%201551-1600/20021553.tif HTTP/1.1" 200 120548
186.84.90.155 - - [27/Dec/2020:21:18:59 -0500] "GET /BLA/resoluciones/index.php?dir=RESOLUCIONES+2007%2FRES+2007+1+AL+100%2F HTTP/1.1" 200 26175
201.245.192.253 - - [27/Dec/2020:21:19:00 -0500] "POST /sipse/faces/presentacion/financiero/solicitudProceso/listarSolicitudProceso.xhtml HTTP/1.1" 200 116497
201.245.192.253 - - [27/Dec/2020:21:19:00 -0500] "GET /sipse/faces/javax.faces.resource/theme.css?ln=primefaces-sipse HTTP/1.1" 304 -
201.245.192.253 - - [27/Dec/2020:21:19:00 -0500] "GET /sipse/faces/javax.faces.resource/primefaces.css?ln=primefaces&v=4.0 HTTP/1.1" 304 -
201.245.192.253 - - [27/Dec/2020:21:19:00 -0500] "GET /sipse/faces/javax.faces.resource/layout/layout.css?ln=primefaces&v=4.0 HTTP/1.1" 304 -
201.245.192.253 - - [27/Dec/2020:21:19:00 -0500] "GET /sipse/faces/javax.faces.resource/jquery/jquery.js?ln=primefaces&v=4.0 HTTP/1.1" 304 -
201.245.192.253 - - [27/Dec/2020:21:19:00 -0500] "GET /sipse/faces/javax.faces.resource/jquery/jquery-plugins.js?ln=primefaces&v=4.0 HTTP/1.1" 304 -
201.245.192.253 - - [27/Dec/2020:21:19:00 -0500] "GET /sipse/faces/javax.faces.resource/primefaces.js?ln=primefaces&v=4.0 HTTP/1.1" 304 -
201.245.192.253 - - [27/Dec/2020:21:19:00 -0500] "GET /sipse/faces/javax.faces.resource/layout/layout.js?ln=primefaces&v=4.0 HTTP/1.1" 304 -
186.84.90.155 - - [27/Dec/2020:21:19:02 -0500] "GET /BLA/resoluciones/RESOLUCIONES%202007/RES%202007%201%20AL%20100/RESOLUCION%200001%20DE%202007.pdf HTTP/1.1" 200 8495935
186.30.111.239 - - [27/Dec/2020:21:19:04 -0500] "GET /BLA/boletinlegal/consulta_actos.php?tipo=autos&no=1046&usuario=&sector=&fecha=2020&resuelve= HTTP/1.1" 200 1336
186.84.90.155 - - [27/Dec/2020:21:19:09 -0500] "GET /BLA/resoluciones/RESOLUCIONES%202007/RES%202007%201%20AL%20100/RESOLUCION%200023%20DE%202007.pdf HTTP/1.1" 200 69371
88.99.244.56 - - [27/Dec/2020:21:19:09 -0500] "GET /bla/resoluciones/resoluciones%202002/res%202002%201551-1600/20021552.tif HTTP/1.1" 200 90158
201.245.192.253 - - [27/Dec/2020:21:19:10 -0500] "POST /sipse/faces/presentacion/financiero/solicitudProceso/consultarSolicitudProceso.xhtml HTTP/1.1" 200 280344
186.84.90.155 - - [27/Dec/2020:21:19:12 -0500] "GET /BLA/resoluciones/RESOLUCIONES%202007/RES%202007%201%20AL%20100/RESOLUCION%200040%20%20DE%202007.pdf HTTP/1.1" 200 79686
88.99.244.56 - - [27/Dec/2020:21:19:18 -0500] "GET /bla/resoluciones/resoluciones%202002/res%202002%201551-1600/20021551.tif HTTP/1.1" 200 139746
186.30.111.239 - - [27/Dec/2020:21:19:21 -0500] "GET /BLA/resoluciones/AUTOS%202020/1046.pdf HTTP/1.1" 200 379250
186.84.90.155 - - [27/Dec/2020:21:19:25 -0500] "GET /BLA/resoluciones/RESOLUCIONES%202007/RES%202007%201%20AL%20100/RESOLUCION%200071%20DE%202007.pdf HTTP/1.1" 200 461476
192.168.175.225 - - [27/Dec/2020:21:19:26 -0500] "GET / HTTP/1.1" 200 9990
88.99.244.56 - - [27/Dec/2020:21:19:27 -0500] "GET /bla/resoluciones/resoluciones%202002/res%202002%20151-200/2002res200.tif HTTP/1.1" 200 54606
186.84.90.155 - - [27/Dec/2020:21:19:28 -0500] "GET /BLA/resoluciones/RESOLUCIONES%202007/RES%202007%201%20AL%20100/RESOLUCION%200073DE%202007.pdf HTTP/1.1" 200 419401
186.84.90.155 - - [27/Dec/2020:21:19:33 -0500] "GET /BLA/resoluciones/RESOLUCIONES%202007/RES%202007%201%20AL%20100/RESOLUCION%200086%20DE%202007.pdf HTTP/1.1" 200 243601
88.99.244.56 - - [27/Dec/2020:21:19:37 -0500] "GET /bla/resoluciones/resoluciones%202002/res%202002%20151-200/2002res199.tif HTTP/1.1" 200 73992
186.84.90.155 - - [27/Dec/2020:21:19:39 -0500] "GET /BLA/resoluciones/index.php?dir=RESOLUCIONES+2007%2F HTTP/1.1" 200 26446
186.84.90.155 - - [27/Dec/2020:21:19:42 -0500] "GET /BLA/resoluciones/index.php?dir=RESOLUCIONES+2007%2FRES+2007+101+AL+200%2F HTTP/1.1" 200 26931
186.84.90.155 - - [27/Dec/2020:21:19:47 -0500] "GET /BLA/resoluciones/RESOLUCIONES%202007/RES%202007%20101%20AL%20200/RESOLUCION%200110%20%20DE%202007.pdf HTTP/1.1" 200 1605474
88.99.244.56 - - [27/Dec/2020:21:19:49 -0500] "GET /bla/resoluciones/resoluciones%202002/res%202002%20151-200/2002res198.tif HTTP/1.1" 200 154054
186.84.90.155 - - [27/Dec/2020:21:19:55 -0500] "GET /BLA/resoluciones/RESOLUCIONES%202007/RES%202007%20101%20AL%20200/RESOLUCION%200198%20DE%202007.pdf HTTP/1.1" 200 49857
201.245.192.253 - - [27/Dec/2020:21:19:57 -0500] "POST /sipse/faces/presentacion/financiero/solicitudProceso/consultarSolicitudProceso.xhtml HTTP/1.1" 200 37082
201.245.192.253 - - [27/Dec/2020:21:19:57 -0500] "GET /sipse/faces/javax.faces.resource/theme.css?ln=primefaces-sipse HTTP/1.1" 304 -
201.245.192.253 - - [27/Dec/2020:21:19:57 -0500] "GET /sipse/faces/javax.faces.resource/primefaces.css?ln=primefaces&v=4.0 HTTP/1.1" 304 -
201.245.192.253 - - [27/Dec/2020:21:19:57 -0500] "GET /sipse/faces/javax.faces.resource/layout/layout.css?ln=primefaces&v=4.0 HTTP/1.1" 304 -
201.245.192.253 - - [27/Dec/2020:21:19:57 -0500] "GET /sipse/faces/javax.faces.resource/jquery/jquery.js?ln=primefaces&v=4.0 HTTP/1.1" 304 -
201.245.192.253 - - [27/Dec/2020:21:19:57 -0500] "GET /sipse/faces/javax.faces.resource/jquery/jquery-plugins.js?ln=primefaces&v=4.0 HTTP/1.1" 304 -
201.245.192.253 - - [27/Dec/2020:21:19:57 -0500] "GET /sipse/faces/javax.faces.resource/primefaces.js?ln=primefaces&v=4.0 HTTP/1.1" 304 -
201.245.192.253 - - [27/Dec/2020:21:19:57 -0500] "GET /sipse/faces/javax.faces.resource/layout/layout.js?ln=primefaces&v=4.0 HTTP/1.1" 304 -
88.99.244.56 - - [27/Dec/2020:21:20:00 -0500] "GET /bla/resoluciones/resoluciones%202002/res%202002%20151-200/2002res197.tif HTTP/1.1" 200 44214
186.84.142.119 - - [27/Dec/2020:21:20:01 -0500] "GET /BLA/boletinlegal/js/jquery.scrollShow.js HTTP/1.1" 200 4586
186.84.142.119 - - [27/Dec/2020:21:20:01 -0500] "GET /galeria/galeria/jquery.fancybox.js?v=2.1.5 HTTP/1.1" 200 48706
186.84.142.119 - - [27/Dec/2020:21:20:01 -0500] "GET /galeria/galeria/jquery.fancybox.css?v=2.1.5 HTTP/1.1" 200 4895
186.84.142.119 - - [27/Dec/2020:21:20:01 -0500] "GET /galeria/carrusel/Carrusel/jquery.thumbnailScroller.css HTTP/1.1" 200 2066
186.84.142.119 - - [27/Dec/2020:21:20:01 -0500] "GET /galeria/carrusel/Carrusel/jquery-ui-1.8.13.custom.min.js HTTP/1.1" 200 10800
186.84.142.119 - - [27/Dec/2020:21:20:01 -0500] "GET /galeria/carrusel/Carrusel/jquery.thumbnailScroller.js HTTP/1.1" 200 8157
186.84.142.119 - - [27/Dec/2020:21:20:04 -0500] "GET /galeria/nivo-slider/demo/inicio80.html HTTP/1.1" 200 4371
186.84.142.119 - - [27/Dec/2020:21:20:04 -0500] "GET /galeria/nivo-slider/nivo-slider.css HTTP/1.1" 200 1507
186.84.142.119 - - [27/Dec/2020:21:20:04 -0500] "GET /galeria/nivo-slider/themes/pascal/pascal.css HTTP/1.1" 200 2258
186.84.142.119 - - [27/Dec/2020:21:20:04 -0500] "GET /galeria/nivo-slider/themes/orman/orman.css HTTP/1.1" 200 2152
186.84.142.119 - - [27/Dec/2020:21:20:04 -0500] "GET /galeria/nivo-slider/themes/default/default.css HTTP/1.1" 200 1569
186.84.142.119 - - [27/Dec/2020:21:20:04 -0500] "GET /galeria/nivo-slider/demo/style.css HTTP/1.1" 200 2222
186.84.142.119 - - [27/Dec/2020:21:20:04 -0500] "GET /galeria/nivo-slider/demo/scripts/jquery-1.7.1.min.js HTTP/1.1" 200 93868
201.245.192.253 - - [27/Dec/2020:21:20:04 -0500] "POST /sipse/faces/presentacion/contratacion/contrato/registroPresupuestal/expedirRP.xhtml HTTP/1.1" 200 2248
186.84.142.119 - - [27/Dec/2020:21:20:05 -0500] "GET /galeria/nivo-slider/demo/images/bannerpicoycedula.jpg HTTP/1.1" 200 249013
186.84.142.119 - - [27/Dec/2020:21:20:05 -0500] "GET /galeria/nivo-slider/jquery.nivo.slider.pack.js HTTP/1.1" 200 11561
186.84.142.119 - - [27/Dec/2020:21:20:05 -0500] "GET /galeria/nivo-slider/demo/images/banner2020acercar.jpg HTTP/1.1" 200 180505
186.84.142.119 - - [27/Dec/2020:21:20:05 -0500] "GET /galeria/nivo-slider/demo/images/bannerwebrendicion.jpg HTTP/1.1" 200 251589
186.84.142.119 - - [27/Dec/2020:21:20:06 -0500] "GET /galeria/nivo-slider/demo/images/4Simple_Slider.png HTTP/1.1" 200 11722
186.84.142.119 - - [27/Dec/2020:21:20:06 -0500] "GET /galeria/nivo-slider/demo/images/bannermusgo2020.jpg HTTP/1.1" 200 78281
186.84.142.119 - - [27/Dec/2020:21:20:06 -0500] "GET /galeria/nivo-slider/demo/images/banneraperturahumedales.jpg HTTP/1.1" 200 91161
186.84.142.119 - - [27/Dec/2020:21:20:06 -0500] "GET /galeria/nivo-slider/demo/images/bannertingua2020.png HTTP/1.1" 200 105392
186.84.142.119 - - [27/Dec/2020:21:20:07 -0500] "GET /galeria/nivo-slider/demo/images/bannerresiduos.jpg HTTP/1.1" 200 155409
186.84.142.119 - - [27/Dec/2020:21:20:07 -0500] "GET /galeria/nivo-slider/demo/images/bannerclasesweb.jpg HTTP/1.1" 200 180765
201.245.192.253 - - [27/Dec/2020:21:20:08 -0500] "POST /sipse/faces/presentacion/contratacion/contrato/registroPresupuestal/expedirRP.xhtml HTTP/1.1" 200 20793
201.245.192.253 - - [27/Dec/2020:21:20:08 -0500] "GET /sipse/faces/javax.faces.resource/theme.css?ln=primefaces-sipse HTTP/1.1" 304 -
201.245.192.253 - - [27/Dec/2020:21:20:08 -0500] "GET /sipse/faces/javax.faces.resource/primefaces.css?ln=primefaces&v=4.0 HTTP/1.1" 304 -
201.245.192.253 - - [27/Dec/2020:21:20:08 -0500] "GET /sipse/faces/javax.faces.resource/layout/layout.css?ln=primefaces&v=4.0 HTTP/1.1" 304 -
201.245.192.253 - - [27/Dec/2020:21:20:08 -0500] "GET /sipse/faces/javax.faces.resource/jquery/jquery.js?ln=primefaces&v=4.0 HTTP/1.1" 304 -
201.245.192.253 - - [27/Dec/2020:21:20:08 -0500] "GET /sipse/faces/javax.faces.resource/jquery/jquery-plugins.js?ln=primefaces&v=4.0 HTTP/1.1" 304 -
201.245.192.253 - - [27/Dec/2020:21:20:08 -0500] "GET /sipse/faces/javax.faces.resource/layout/layout.js?ln=primefaces&v=4.0 HTTP/1.1" 304 -
201.245.192.253 - - [27/Dec/2020:21:20:08 -0500] "GET /sipse/faces/javax.faces.resource/primefaces.js?ln=primefaces&v=4.0 HTTP/1.1" 304 -
186.84.142.119 - - [27/Dec/2020:21:20:08 -0500] "GET /galeria/nivo-slider/demo/images/Bannercuidate.jpg HTTP/1.1" 200 75508
186.84.142.119 - - [27/Dec/2020:21:20:08 -0500] "GET /galeria/nivo-slider/demo/images/bannerbioseguridad.jpg HTTP/1.1" 200 228661
186.84.142.119 - - [27/Dec/2020:21:20:08 -0500] "GET /galeria/nivo-slider/demo/images/Banner%20canales%20virtuales.jpg HTTP/1.1" 200 209438
186.84.142.119 - - [27/Dec/2020:21:20:08 -0500] "GET /galeria/nivo-slider/themes/default/loading.gif HTTP/1.1" 200 1737
186.84.142.119 - - [27/Dec/2020:21:20:08 -0500] "GET /galeria/nivo-slider/demo/images/bannerbolsas.jpg HTTP/1.1" 200 283727
88.99.244.56 - - [27/Dec/2020:21:20:09 -0500] "GET /bla/resoluciones/resoluciones%202002/res%202002%20151-200/2002res196.tif HTTP/1.1" 200 43344
201.245.192.253 - - [27/Dec/2020:21:20:11 -0500] "POST /sipse/faces/presentacion/contratacion/contrato/registroPresupuestal/consultarActividadesRP.xhtml HTTP/1.1" 200 23046
201.245.192.253 - - [27/Dec/2020:21:20:11 -0500] "GET /sipse/faces/javax.faces.resource/theme.css?ln=primefaces-sipse HTTP/1.1" 304 -
201.245.192.253 - - [27/Dec/2020:21:20:11 -0500] "GET /sipse/faces/javax.faces.resource/layout/layout.css?ln=primefaces&v=4.0 HTTP/1.1" 304 -
201.245.192.253 - - [27/Dec/2020:21:20:11 -0500] "GET /sipse/faces/javax.faces.resource/primefaces.css?ln=primefaces&v=4.0 HTTP/1.1" 304 -
201.245.192.253 - - [27/Dec/2020:21:20:11 -0500] "GET /sipse/faces/javax.faces.resource/primefaces.js?ln=primefaces&v=4.0 HTTP/1.1" 304 -
201.245.192.253 - - [27/Dec/2020:21:20:11 -0500] "GET /sipse/faces/javax.faces.resource/jquery/jquery.js?ln=primefaces&v=4.0 HTTP/1.1" 304 -
201.245.192.253 - - [27/Dec/2020:21:20:11 -0500] "GET /sipse/faces/javax.faces.resource/jquery/jquery-plugins.js?ln=primefaces&v=4.0 HTTP/1.1" 304 -
201.245.192.253 - - [27/Dec/2020:21:20:11 -0500] "GET /sipse/faces/javax.faces.resource/layout/layout.js?ln=primefaces&v=4.0 HTTP/1.1" 304 -
201.245.192.253 - - [27/Dec/2020:21:20:17 -0500] "POST /sipse/faces/presentacion/contratacion/contrato/registroPresupuestal/asociarPresupuestoActividadesRP.xhtml HTTP/1.1" 200 37159
201.245.192.253 - - [27/Dec/2020:21:20:17 -0500] "GET /sipse/faces/javax.faces.resource/theme.css?ln=primefaces-sipse HTTP/1.1" 304 -
201.245.192.253 - - [27/Dec/2020:21:20:17 -0500] "GET /sipse/faces/javax.faces.resource/layout/layout.css?ln=primefaces&v=4.0 HTTP/1.1" 304 -
201.245.192.253 - - [27/Dec/2020:21:20:17 -0500] "GET /sipse/faces/javax.faces.resource/primefaces.css?ln=primefaces&v=4.0 HTTP/1.1" 304 -
201.245.192.253 - - [27/Dec/2020:21:20:17 -0500] "GET /sipse/faces/javax.faces.resource/jquery/jquery.js?ln=primefaces&v=4.0 HTTP/1.1" 304 -
201.245.192.253 - - [27/Dec/2020:21:20:18 -0500] "GET /sipse/faces/javax.faces.resource/jquery/jquery-plugins.js?ln=primefaces&v=4.0 HTTP/1.1" 304 -
201.245.192.253 - - [27/Dec/2020:21:20:18 -0500] "GET /sipse/faces/javax.faces.resource/primefaces.js?ln=primefaces&v=4.0 HTTP/1.1" 304 -
201.245.192.253 - - [27/Dec/2020:21:20:18 -0500] "GET /sipse/faces/javax.faces.resource/layout/layout.js?ln=primefaces&v=4.0 HTTP/1.1" 304 -
88.99.244.56 - - [27/Dec/2020:21:20:18 -0500] "GET /bla/resoluciones/resoluciones%202002/res%202002%20151-200/2002res161.tif HTTP/1.1" 200 95854
186.84.90.155 - - [27/Dec/2020:21:20:22 -0500] "GET /BLA/resoluciones/index.php?dir=RESOLUCIONES+2007%2F HTTP/1.1" 200 26446
88.99.244.56 - - [27/Dec/2020:21:20:29 -0500] "GET /bla/resoluciones/resoluciones%202002/res%202002%20151-200/2002res160.tif HTTP/1.1" 200 84538
201.245.192.253 - - [27/Dec/2020:21:20:31 -0500] "POST /sipse/faces/presentacion/contratacion/contrato/registroPresupuestal/expedirRP.xhtml HTTP/1.1" 200 118195
201.245.192.253 - - [27/Dec/2020:21:20:31 -0500] "GET /sipse/faces/javax.faces.resource/theme.css?ln=primefaces-sipse HTTP/1.1" 304 -
201.245.192.253 - - [27/Dec/2020:21:20:31 -0500] "GET /sipse/faces/javax.faces.resource/primefaces.css?ln=primefaces&v=4.0 HTTP/1.1" 304 -
201.245.192.253 - - [27/Dec/2020:21:20:31 -0500] "GET /sipse/faces/javax.faces.resource/layout/layout.css?ln=primefaces&v=4.0 HTTP/1.1" 304 -
201.245.192.253 - - [27/Dec/2020:21:20:31 -0500] "GET /sipse/faces/javax.faces.resource/jquery/jquery.js?ln=primefaces&v=4.0 HTTP/1.1" 304 -
201.245.192.253 - - [27/Dec/2020:21:20:31 -0500] "GET /sipse/faces/javax.faces.resource/jquery/jquery-plugins.js?ln=primefaces&v=4.0 HTTP/1.1" 304 -
201.245.192.253 - - [27/Dec/2020:21:20:31 -0500] "GET /sipse/faces/javax.faces.resource/primefaces.js?ln=primefaces&v=4.0 HTTP/1.1" 304 -
201.245.192.253 - - [27/Dec/2020:21:20:31 -0500] "GET /sipse/faces/javax.faces.resource/layout/layout.js?ln=primefaces&v=4.0 HTTP/1.1" 304 -
186.84.90.155 - - [27/Dec/2020:21:20:34 -0500] "GET /BLA/resoluciones/index.php?dir=RESOLUCIONES+2007%2FRES+2007+401+AL+500%2F HTTP/1.1" 200 26642
201.245.192.253 - - [27/Dec/2020:21:20:34 -0500] "POST /sipse/faces/presentacion/financiero/solicitudProceso/consultarSolicitudProceso.xhtml HTTP/1.1" 200 34272
201.245.192.253 - - [27/Dec/2020:21:20:37 -0500] "GET /sipse/faces/javax.faces.resource/theme.css?ln=primefaces-sipse HTTP/1.1" 304 -
201.245.192.253 - - [27/Dec/2020:21:20:37 -0500] "GET /sipse/faces/javax.faces.resource/primefaces.css?ln=primefaces&v=4.0 HTTP/1.1" 304 -
201.245.192.253 - - [27/Dec/2020:21:20:37 -0500] "GET /sipse/faces/javax.faces.resource/layout/layout.css?ln=primefaces&v=4.0 HTTP/1.1" 304 -
201.245.192.253 - - [27/Dec/2020:21:20:37 -0500] "GET /sipse/faces/javax.faces.resource/jquery/jquery.js?ln=primefaces&v=4.0 HTTP/1.1" 304 -
201.245.192.253 - - [27/Dec/2020:21:20:37 -0500] "GET /sipse/faces/javax.faces.resource/jquery/jquery-plugins.js?ln=primefaces&v=4.0 HTTP/1.1" 304 -
201.245.192.253 - - [27/Dec/2020:21:20:37 -0500] "GET /sipse/faces/javax.faces.resource/primefaces.js?ln=primefaces&v=4.0 HTTP/1.1" 304 -
201.245.192.253 - - [27/Dec/2020:21:20:37 -0500] "GET /sipse/faces/javax.faces.resource/layout/layout.js?ln=primefaces&v=4.0 HTTP/1.1" 304 -
201.245.192.253 - - [27/Dec/2020:21:20:37 -0500] "POST /sipse/faces/presentacion/financiero/solicitudProceso/listarSolicitudProceso.xhtml HTTP/1.1" 200 1344
88.99.244.56 - - [27/Dec/2020:21:20:40 -0500] "GET /bla/resoluciones/resoluciones%202002/res%202002%20151-200/2002res159.tif HTTP/1.1" 200 43424
186.84.90.155 - - [27/Dec/2020:21:20:41 -0500] "GET /BLA/resoluciones/RESOLUCIONES%202007/RES%202007%20401%20AL%20500/RESOLUCION%200427%20DE%202007.pdf HTTP/1.1" 200 262626
201.245.192.253 - - [27/Dec/2020:21:20:44 -0500] "POST /sipse/faces/presentacion/financiero/solicitudProceso/listarSolicitudProceso.xhtml HTTP/1.1" 200 5094
201.245.192.253 - - [27/Dec/2020:21:20:45 -0500] "POST /sipse/faces/presentacion/financiero/solicitudProceso/listarSolicitudProceso.xhtml HTTP/1.1" 200 5090
201.245.192.253 - - [27/Dec/2020:21:20:46 -0500] "POST /sipse/faces/presentacion/financiero/solicitudProceso/listarSolicitudProceso.xhtml HTTP/1.1" 200 117475
201.245.192.253 - - [27/Dec/2020:21:20:47 -0500] "GET /sipse/faces/javax.faces.resource/theme.css?ln=primefaces-sipse HTTP/1.1" 304 -
201.245.192.253 - - [27/Dec/2020:21:20:47 -0500] "GET /sipse/faces/javax.faces.resource/layout/layout.css?ln=primefaces&v=4.0 HTTP/1.1" 304 -
201.245.192.253 - - [27/Dec/2020:21:20:47 -0500] "GET /sipse/faces/javax.faces.resource/primefaces.css?ln=primefaces&v=4.0 HTTP/1.1" 304 -
201.245.192.253 - - [27/Dec/2020:21:20:47 -0500] "GET /sipse/faces/javax.faces.resource/jquery/jquery.js?ln=primefaces&v=4.0 HTTP/1.1" 304 -
186.84.90.155 - - [27/Dec/2020:21:20:47 -0500] "GET /BLA/resoluciones/RESOLUCIONES%202007/RES%202007%20401%20AL%20500/RESOLUCION%200481%20DE%202007.pdf HTTP/1.1" 200 488155
201.245.192.253 - - [27/Dec/2020:21:20:47 -0500] "GET /sipse/faces/javax.faces.resource/jquery/jquery-plugins.js?ln=primefaces&v=4.0 HTTP/1.1" 304 -
201.245.192.253 - - [27/Dec/2020:21:20:47 -0500] "GET /sipse/faces/javax.faces.resource/primefaces.js?ln=primefaces&v=4.0 HTTP/1.1" 304 -
201.245.192.253 - - [27/Dec/2020:21:20:47 -0500] "GET /sipse/faces/javax.faces.resource/layout/layout.js?ln=primefaces&v=4.0 HTTP/1.1" 304 -
88.99.244.56 - - [27/Dec/2020:21:20:50 -0500] "GET /bla/resoluciones/resoluciones%202002/res%202002%20151-200/2002res158.tif HTTP/1.1" 200 118524
186.84.90.155 - - [27/Dec/2020:21:20:51 -0500] "GET /BLA/resoluciones/index.php?dir=RESOLUCIONES+2007%2F HTTP/1.1" 200 26446
201.245.192.253 - - [27/Dec/2020:21:20:53 -0500] "POST /sipse/faces/presentacion/financiero/solicitudProceso/consultarSolicitudProceso.xhtml HTTP/1.1" 200 230145
66.249.73.12 - - [27/Dec/2020:21:20:54 -0500] "-" 408 -
186.84.90.155 - - [27/Dec/2020:21:20:55 -0500] "GET /BLA/resoluciones/index.php?dir=RESOLUCIONES+2007%2FRES+2007+601+AL+700%2F HTTP/1.1" 200 26655
186.84.90.155 - - [27/Dec/2020:21:21:00 -0500] "GET /BLA/resoluciones/RESOLUCIONES%202007/RES%202007%20601%20AL%20700/RESOLUCION%200623%20DE%202007.pdf HTTP/1.1" 200 541812
88.99.244.56 - - [27/Dec/2020:21:21:00 -0500] "GET /bla/resoluciones/resoluciones%202002/res%202002%201501-1550/20021519.tif HTTP/1.1" 200 45134
181.53.12.243 - - [27/Dec/2020:21:21:02 -0500] "GET /BLA/boletinlegal/js/jquery.scrollShow.js HTTP/1.1" 200 4586
181.53.12.243 - - [27/Dec/2020:21:21:02 -0500] "GET /galeria/galeria/jquery.fancybox.js?v=2.1.5 HTTP/1.1" 200 48706
181.53.12.243 - - [27/Dec/2020:21:21:02 -0500] "GET /galeria/galeria/jquery.fancybox.css?v=2.1.5 HTTP/1.1" 200 4895
186.84.90.155 - - [27/Dec/2020:21:21:04 -0500] "GET /BLA/resoluciones/RESOLUCIONES%202007/RES%202007%20601%20AL%20700/RESOLUCION%200639%20DE%202007.pdf HTTP/1.1" 200 258892
88.99.244.56 - - [27/Dec/2020:21:21:11 -0500] "GET /bla/resoluciones/resoluciones%202002/res%202002%201501-1550/20021518.tif HTTP/1.1" 200 108422
186.84.90.155 - - [27/Dec/2020:21:21:19 -0500] "GET /BLA/resoluciones/index.php?dir=RESOLUCIONES+2007%2F HTTP/1.1" 200 26446
88.99.244.56 - - [27/Dec/2020:21:21:22 -0500] "GET /bla/resoluciones/resoluciones%202002/res%202002%201501-1550/20021517.tif HTTP/1.1" 200 110796
186.84.90.155 - - [27/Dec/2020:21:21:24 -0500] "GET /BLA/resoluciones/index.php?dir=RESOLUCIONES+2007%2FRES+2007+1001+AL+1100%2F HTTP/1.1" 200 26838
186.84.90.155 - - [27/Dec/2020:21:21:27 -0500] "GET /BLA/resoluciones/RESOLUCIONES%202007/RES%202007%201001%20AL%201100/RESOLUCION%201058%20DE%202007.pdf HTTP/1.1" 200 28840
186.84.90.155 - - [27/Dec/2020:21:21:32 -0500] "GET /BLA/resoluciones/index.php?dir=RESOLUCIONES+2007%2F HTTP/1.1" 200 26446
88.99.244.56 - - [27/Dec/2020:21:21:32 -0500] "GET /bla/resoluciones/resoluciones%202002/res%202002%201501-1550/20021516.tif HTTP/1.1" 200 102764
186.84.90.155 - - [27/Dec/2020:21:21:35 -0500] "GET /BLA/resoluciones/index.php?dir=RESOLUCIONES+2007%2FRES+2007+1201+AL+1300%2F HTTP/1.1" 200 26864
186.84.90.155 - - [27/Dec/2020:21:21:38 -0500] "GET /BLA/resoluciones/RESOLUCIONES%202007/RES%202007%201201%20AL%201300/RESOLUCION%201288%20DE%202007.pdf HTTP/1.1" 200 159278
201.245.192.253 - - [27/Dec/2020:21:20:57 -0500] "POST /kwsrmcab/Wsrmcab HTTP/1.1" 200 44410
186.84.90.155 - - [27/Dec/2020:21:21:41 -0500] "GET /BLA/resoluciones/index.php?dir=RESOLUCIONES+2007%2F HTTP/1.1" 200 26446
88.99.244.56 - - [27/Dec/2020:21:21:41 -0500] "GET /bla/resoluciones/resoluciones%202002/res%202002%201501-1550/20021515.tif HTTP/1.1" 200 110978
201.245.192.253 - - [27/Dec/2020:21:21:44 -0500] "POST /sipse/faces/presentacion/financiero/solicitudProceso/consultarSolicitudProceso.xhtml HTTP/1.1" 200 37082
201.245.192.253 - - [27/Dec/2020:21:21:44 -0500] "GET /sipse/faces/javax.faces.resource/theme.css?ln=primefaces-sipse HTTP/1.1" 304 -
201.245.192.253 - - [27/Dec/2020:21:21:44 -0500] "GET /sipse/faces/javax.faces.resource/primefaces.css?ln=primefaces&v=4.0 HTTP/1.1" 304 -
201.245.192.253 - - [27/Dec/2020:21:21:44 -0500] "GET /sipse/faces/javax.faces.resource/layout/layout.css?ln=primefaces&v=4.0 HTTP/1.1" 304 -
201.245.192.253 - - [27/Dec/2020:21:21:44 -0500] "GET /sipse/faces/javax.faces.resource/jquery/jquery.js?ln=primefaces&v=4.0 HTTP/1.1" 304 -
201.245.192.253 - - [27/Dec/2020:21:21:44 -0500] "GET /sipse/faces/javax.faces.resource/jquery/jquery-plugins.js?ln=primefaces&v=4.0 HTTP/1.1" 304 -
201.245.192.253 - - [27/Dec/2020:21:21:44 -0500] "GET /sipse/faces/javax.faces.resource/primefaces.js?ln=primefaces&v=4.0 HTTP/1.1" 304 -
201.245.192.253 - - [27/Dec/2020:21:21:44 -0500] "GET /sipse/faces/javax.faces.resource/layout/layout.js?ln=primefaces&v=4.0 HTTP/1.1" 304 -
186.84.90.155 - - [27/Dec/2020:21:21:44 -0500] "GET /BLA/resoluciones/index.php?dir=RESOLUCIONES+2007%2FRES+2007+1901+AL+2000%2F HTTP/1.1" 200 26856
186.84.90.155 - - [27/Dec/2020:21:21:49 -0500] "GET /BLA/resoluciones/RESOLUCIONES%202007/RES%202007%201901%20AL%202000/RESOLUCION%201932%20DE%202007.pdf HTTP/1.1" 200 146347
88.99.244.56 - - [27/Dec/2020:21:21:52 -0500] "GET /bla/resoluciones/resoluciones%202002/res%202002%201501-1550/20021514.tif HTTP/1.1" 200 82402
201.245.192.253 - - [27/Dec/2020:21:21:55 -0500] "GET /sipse/faces/javax.faces.resource/primefaces.css?ln=primefaces&v=4.0 HTTP/1.1" 304 -
201.245.192.253 - - [27/Dec/2020:21:21:55 -0500] "GET /sipse/faces/javax.faces.resource/theme.css?ln=primefaces-sipse HTTP/1.1" 304 -
201.245.192.253 - - [27/Dec/2020:21:21:55 -0500] "GET /sipse/faces/javax.faces.resource/layout/layout.css?ln=primefaces&v=4.0 HTTP/1.1" 304 -
201.245.192.253 - - [27/Dec/2020:21:21:55 -0500] "GET /sipse/faces/javax.faces.resource/jquery/jquery.js?ln=primefaces&v=4.0 HTTP/1.1" 304 -
201.245.192.253 - - [27/Dec/2020:21:21:55 -0500] "GET /sipse/faces/javax.faces.resource/jquery/jquery-plugins.js?ln=primefaces&v=4.0 HTTP/1.1" 304 -
201.245.192.253 - - [27/Dec/2020:21:21:55 -0500] "GET /sipse/faces/javax.faces.resource/primefaces.js?ln=primefaces&v=4.0 HTTP/1.1" 304 -
201.245.192.253 - - [27/Dec/2020:21:21:55 -0500] "GET /sipse/faces/javax.faces.resource/layout/layout.js?ln=primefaces&v=4.0 HTTP/1.1" 304 -
201.245.192.253 - - [27/Dec/2020:21:21:55 -0500] "POST /sipse/faces/presentacion/contratacion/contrato/registroPresupuestal/expedirRP.xhtml HTTP/1.1" 200 163947
201.245.192.253 - - [27/Dec/2020:21:22:00 -0500] "POST /sipse/faces/presentacion/financiero/solicitudProceso/consultarSolicitudProceso.xhtml HTTP/1.1" 200 37082
201.245.192.253 - - [27/Dec/2020:21:22:00 -0500] "GET /sipse/faces/javax.faces.resource/theme.css?ln=primefaces-sipse HTTP/1.1" 304 -
201.245.192.253 - - [27/Dec/2020:21:22:00 -0500] "GET /sipse/faces/javax.faces.resource/primefaces.css?ln=primefaces&v=4.0 HTTP/1.1" 304 -
201.245.192.253 - - [27/Dec/2020:21:22:00 -0500] "GET /sipse/faces/javax.faces.resource/layout/layout.css?ln=primefaces&v=4.0 HTTP/1.1" 304 -
201.245.192.253 - - [27/Dec/2020:21:22:00 -0500] "GET /sipse/faces/javax.faces.resource/jquery/jquery.js?ln=primefaces&v=4.0 HTTP/1.1" 304 -
201.245.192.253 - - [27/Dec/2020:21:22:00 -0500] "GET /sipse/faces/javax.faces.resource/jquery/jquery-plugins.js?ln=primefaces&v=4.0 HTTP/1.1" 304 -
201.245.192.253 - - [27/Dec/2020:21:22:00 -0500] "GET /sipse/faces/javax.faces.resource/primefaces.js?ln=primefaces&v=4.0 HTTP/1.1" 304 -
201.245.192.253 - - [27/Dec/2020:21:22:00 -0500] "GET /sipse/faces/javax.faces.resource/layout/layout.js?ln=primefaces&v=4.0 HTTP/1.1" 304 -
193.124.191.92 - - [27/Dec/2020:21:22:02 -0500] "HEAD / HTTP/1.1" 200 -
88.99.244.56 - - [27/Dec/2020:21:22:03 -0500] "GET /bla/resoluciones/resoluciones%202002/res%202002%201501-1550/20021513.tif HTTP/1.1" 200 483000
201.245.192.253 - - [27/Dec/2020:21:22:10 -0500] "POST /sipse/faces/presentacion/contratacion/contrato/registroPresupuestal/expedirRP.xhtml HTTP/1.1" 200 2248
186.84.90.155 - - [27/Dec/2020:21:22:11 -0500] "GET /BLA/resoluciones/RESOLUCIONES%202007/RES%202007%201901%20AL%202000/RESOLUCION%201931%20DE%202007.pdf HTTP/1.1" 200 132159
88.99.244.56 - - [27/Dec/2020:21:22:12 -0500] "GET /bla/resoluciones/resoluciones%202002/res%202002%201501-1550/20021512.tif HTTP/1.1" 200 108134
201.245.192.253 - - [27/Dec/2020:21:22:13 -0500] "POST /sipse/faces/presentacion/contratacion/contrato/registroPresupuestal/expedirRP.xhtml HTTP/1.1" 200 20751
201.245.192.253 - - [27/Dec/2020:21:22:14 -0500] "GET /sipse/faces/javax.faces.resource/layout/layout.css?ln=primefaces&v=4.0 HTTP/1.1" 304 -
201.245.192.253 - - [27/Dec/2020:21:22:14 -0500] "GET /sipse/faces/javax.faces.resource/theme.css?ln=primefaces-sipse HTTP/1.1" 304 -
201.245.192.253 - - [27/Dec/2020:21:22:14 -0500] "GET /sipse/faces/javax.faces.resource/primefaces.css?ln=primefaces&v=4.0 HTTP/1.1" 304 -
201.245.192.253 - - [27/Dec/2020:21:22:14 -0500] "GET /sipse/faces/javax.faces.resource/jquery/jquery-plugins.js?ln=primefaces&v=4.0 HTTP/1.1" 304 -
201.245.192.253 - - [27/Dec/2020:21:22:14 -0500] "GET /sipse/faces/javax.faces.resource/primefaces.js?ln=primefaces&v=4.0 HTTP/1.1" 304 -
201.245.192.253 - - [27/Dec/2020:21:22:14 -0500] "GET /sipse/faces/javax.faces.resource/jquery/jquery.js?ln=primefaces&v=4.0 HTTP/1.1" 304 -
201.245.192.253 - - [27/Dec/2020:21:22:14 -0500] "GET /sipse/faces/javax.faces.resource/layout/layout.js?ln=primefaces&v=4.0 HTTP/1.1" 304 -
201.245.192.253 - - [27/Dec/2020:21:22:16 -0500] "POST /sipse/faces/presentacion/contratacion/contrato/registroPresupuestal/consultarActividadesRP.xhtml HTTP/1.1" 200 22952
201.245.192.253 - - [27/Dec/2020:21:22:16 -0500] "GET /sipse/faces/javax.faces.resource/theme.css?ln=primefaces-sipse HTTP/1.1" 304 -
201.245.192.253 - - [27/Dec/2020:21:22:16 -0500] "GET /sipse/faces/javax.faces.resource/jquery/jquery.js?ln=primefaces&v=4.0 HTTP/1.1" 304 -
201.245.192.253 - - [27/Dec/2020:21:22:16 -0500] "GET /sipse/faces/javax.faces.resource/layout/layout.css?ln=primefaces&v=4.0 HTTP/1.1" 304 -
201.245.192.253 - - [27/Dec/2020:21:22:16 -0500] "GET /sipse/faces/javax.faces.resource/primefaces.css?ln=primefaces&v=4.0 HTTP/1.1" 304 -
201.245.192.253 - - [27/Dec/2020:21:22:16 -0500] "GET /sipse/faces/javax.faces.resource/jquery/jquery-plugins.js?ln=primefaces&v=4.0 HTTP/1.1" 304 -
201.245.192.253 - - [27/Dec/2020:21:22:16 -0500] "GET /sipse/faces/javax.faces.resource/primefaces.js?ln=primefaces&v=4.0 HTTP/1.1" 304 -
201.245.192.253 - - [27/Dec/2020:21:22:16 -0500] "GET /sipse/faces/javax.faces.resource/layout/layout.js?ln=primefaces&v=4.0 HTTP/1.1" 304 -
201.245.192.253 - - [27/Dec/2020:21:22:21 -0500] "POST /sipse/faces/presentacion/contratacion/contrato/registroPresupuestal/asociarPresupuestoActividadesRP.xhtml HTTP/1.1" 200 37160
201.245.192.253 - - [27/Dec/2020:21:22:21 -0500] "GET /sipse/faces/javax.faces.resource/theme.css?ln=primefaces-sipse HTTP/1.1" 304 -
201.245.192.253 - - [27/Dec/2020:21:22:21 -0500] "GET /sipse/faces/javax.faces.resource/layout/layout.css?ln=primefaces&v=4.0 HTTP/1.1" 304 -
201.245.192.253 - - [27/Dec/2020:21:22:21 -0500] "GET /sipse/faces/javax.faces.resource/primefaces.css?ln=primefaces&v=4.0 HTTP/1.1" 304 -
201.245.192.253 - - [27/Dec/2020:21:22:21 -0500] "GET /sipse/faces/javax.faces.resource/jquery/jquery.js?ln=primefaces&v=4.0 HTTP/1.1" 304 -
201.245.192.253 - - [27/Dec/2020:21:22:21 -0500] "GET /sipse/faces/javax.faces.resource/jquery/jquery-plugins.js?ln=primefaces&v=4.0 HTTP/1.1" 304 -
201.245.192.253 - - [27/Dec/2020:21:22:21 -0500] "GET /sipse/faces/javax.faces.resource/primefaces.js?ln=primefaces&v=4.0 HTTP/1.1" 304 -
201.245.192.253 - - [27/Dec/2020:21:22:21 -0500] "GET /sipse/faces/javax.faces.resource/layout/layout.js?ln=primefaces&v=4.0 HTTP/1.1" 304 -
88.99.244.56 - - [27/Dec/2020:21:22:22 -0500] "GET /bla/resoluciones/resoluciones%202002/res%202002%201501-1550/20021511.tif HTTP/1.1" 200 96938
201.245.192.253 - - [27/Dec/2020:21:21:39 -0500] "POST /kwsrmcab/Wsrmcab HTTP/1.1" 200 47186
201.245.192.253 - - [27/Dec/2020:21:22:25 -0500] "POST /sipse/faces/presentacion/contratacion/contrato/registroPresupuestal/expedirRP.xhtml HTTP/1.1" 200 119174
201.245.192.253 - - [27/Dec/2020:21:22:26 -0500] "GET /sipse/faces/javax.faces.resource/theme.css?ln=primefaces-sipse HTTP/1.1" 304 -
201.245.192.253 - - [27/Dec/2020:21:22:26 -0500] "GET /sipse/faces/javax.faces.resource/primefaces.css?ln=primefaces&v=4.0 HTTP/1.1" 304 -
201.245.192.253 - - [27/Dec/2020:21:22:26 -0500] "GET /sipse/faces/javax.faces.resource/layout/layout.css?ln=primefaces&v=4.0 HTTP/1.1" 304 -
201.245.192.253 - - [27/Dec/2020:21:22:26 -0500] "GET /sipse/faces/javax.faces.resource/jquery/jquery.js?ln=primefaces&v=4.0 HTTP/1.1" 304 -
201.245.192.253 - - [27/Dec/2020:21:22:26 -0500] "GET /sipse/faces/javax.faces.resource/jquery/jquery-plugins.js?ln=primefaces&v=4.0 HTTP/1.1" 304 -
201.245.192.253 - - [27/Dec/2020:21:22:26 -0500] "GET /sipse/faces/javax.faces.resource/primefaces.js?ln=primefaces&v=4.0 HTTP/1.1" 304 -
201.245.192.253 - - [27/Dec/2020:21:22:26 -0500] "GET /sipse/faces/javax.faces.resource/layout/layout.js?ln=primefaces&v=4.0 HTTP/1.1" 304 -
88.99.244.56 - - [27/Dec/2020:21:22:34 -0500] "GET /bla/resoluciones/resoluciones%202002/res%202002%201501-1550/20021510.tif HTTP/1.1" 200 45828
201.245.192.253 - - [27/Dec/2020:21:22:33 -0500] "POST /sipse/faces/presentacion/financiero/solicitudProceso/consultarSolicitudProceso.xhtml HTTP/1.1" 200 34245
201.245.192.253 - - [27/Dec/2020:21:22:36 -0500] "GET /sipse/faces/javax.faces.resource/theme.css?ln=primefaces-sipse HTTP/1.1" 304 -
201.245.192.253 - - [27/Dec/2020:21:22:36 -0500] "GET /sipse/faces/javax.faces.resource/primefaces.css?ln=primefaces&v=4.0 HTTP/1.1" 304 -
201.245.192.253 - - [27/Dec/2020:21:22:36 -0500] "GET /sipse/faces/javax.faces.resource/layout/layout.css?ln=primefaces&v=4.0 HTTP/1.1" 304 -
201.245.192.253 - - [27/Dec/2020:21:22:36 -0500] "GET /sipse/faces/javax.faces.resource/jquery/jquery.js?ln=primefaces&v=4.0 HTTP/1.1" 304 -
201.245.192.253 - - [27/Dec/2020:21:22:36 -0500] "GET /sipse/faces/javax.faces.resource/jquery/jquery-plugins.js?ln=primefaces&v=4.0 HTTP/1.1" 304 -
201.245.192.253 - - [27/Dec/2020:21:22:36 -0500] "GET /sipse/faces/javax.faces.resource/primefaces.js?ln=primefaces&v=4.0 HTTP/1.1" 304 -
201.245.192.253 - - [27/Dec/2020:21:22:36 -0500] "GET /sipse/faces/javax.faces.resource/layout/layout.js?ln=primefaces&v=4.0 HTTP/1.1" 304 -
201.245.192.253 - - [27/Dec/2020:21:22:36 -0500] "POST /sipse/faces/presentacion/financiero/solicitudProceso/listarSolicitudProceso.xhtml HTTP/1.1" 200 1344
186.84.90.155 - - [27/Dec/2020:21:22:40 -0500] "GET /BLA/resoluciones/index.php?dir=RESOLUCIONES+2007%2F HTTP/1.1" 200 26446
201.245.192.253 - - [27/Dec/2020:21:22:40 -0500] "POST /sipse/faces/presentacion/financiero/solicitudProceso/listarSolicitudProceso.xhtml HTTP/1.1" 200 5043
201.245.192.253 - - [27/Dec/2020:21:22:42 -0500] "POST /sipse/faces/presentacion/financiero/solicitudProceso/listarSolicitudProceso.xhtml HTTP/1.1" 200 120825
201.245.192.253 - - [27/Dec/2020:21:22:43 -0500] "GET /sipse/faces/javax.faces.resource/theme.css?ln=primefaces-sipse HTTP/1.1" 304 -
201.245.192.253 - - [27/Dec/2020:21:22:43 -0500] "GET /sipse/faces/javax.faces.resource/primefaces.css?ln=primefaces&v=4.0 HTTP/1.1" 304 -
201.245.192.253 - - [27/Dec/2020:21:22:43 -0500] "GET /sipse/faces/javax.faces.resource/layout/layout.css?ln=primefaces&v=4.0 HTTP/1.1" 304 -
201.245.192.253 - - [27/Dec/2020:21:22:43 -0500] "GET /sipse/faces/javax.faces.resource/jquery/jquery.js?ln=primefaces&v=4.0 HTTP/1.1" 304 -
201.245.192.253 - - [27/Dec/2020:21:22:43 -0500] "GET /sipse/faces/javax.faces.resource/jquery/jquery-plugins.js?ln=primefaces&v=4.0 HTTP/1.1" 304 -
88.99.244.56 - - [27/Dec/2020:21:22:43 -0500] "GET /bla/resoluciones/resoluciones%202002/res%202002%201501-1550/20021509.tif HTTP/1.1" 200 179188
201.245.192.253 - - [27/Dec/2020:21:22:43 -0500] "GET /sipse/faces/javax.faces.resource/primefaces.js?ln=primefaces&v=4.0 HTTP/1.1" 304 -
201.245.192.253 - - [27/Dec/2020:21:22:43 -0500] "GET /sipse/faces/javax.faces.resource/layout/layout.js?ln=primefaces&v=4.0 HTTP/1.1" 304 -
201.245.192.253 - - [27/Dec/2020:21:22:47 -0500] "POST /sipse/faces/presentacion/financiero/solicitudProceso/consultarSolicitudProceso.xhtml HTTP/1.1" 200 396845
186.84.90.155 - - [27/Dec/2020:21:22:51 -0500] "GET /BLA/resoluciones/index.php?dir=RESOLUCIONES+2007%2FRES+2007+2201+AL+2300%2F HTTP/1.1" 200 27114
88.99.244.56 - - [27/Dec/2020:21:22:53 -0500] "GET /bla/resoluciones/resoluciones%202002/res%202002%201501-1550/20021508.tif HTTP/1.1" 200 44028
186.84.90.155 - - [27/Dec/2020:21:23:01 -0500] "GET /BLA/resoluciones/RESOLUCIONES%202007/RES%202007%202201%20AL%202300/RESOLUCION%202212%20%20%20DE%202007.pdf HTTP/1.1" 200 120222
88.99.244.56 - - [27/Dec/2020:21:23:04 -0500] "GET /bla/resoluciones/resoluciones%202002/res%202002%201501-1550/20021507.tif HTTP/1.1" 200 159844
186.84.90.155 - - [27/Dec/2020:21:23:09 -0500] "GET /BLA/resoluciones/index.php?dir=RESOLUCIONES+2007%2F HTTP/1.1" 200 26446
88.99.244.56 - - [27/Dec/2020:21:23:15 -0500] "GET /bla/resoluciones/resoluciones%202002/res%202002%201501-1550/20021506.tif HTTP/1.1" 200 86610
186.84.90.155 - - [27/Dec/2020:21:23:15 -0500] "GET /BLA/resoluciones/index.php?dir=RESOLUCIONES+2007%2FRES+2007+2801+AL+2900%2F HTTP/1.1" 200 26859
186.84.90.155 - - [27/Dec/2020:21:23:19 -0500] "GET /BLA/resoluciones/RESOLUCIONES%202007/RES%202007%202801%20AL%202900/RESOLUCION%202839%20DE%202007.pdf HTTP/1.1" 200 57616
186.84.90.155 - - [27/Dec/2020:21:23:24 -0500] "GET /BLA/resoluciones/index.php?dir=RESOLUCIONES+2007%2F HTTP/1.1" 200 26446
88.99.244.56 - - [27/Dec/2020:21:23:25 -0500] "GET /bla/resoluciones/resoluciones%202002/res%202002%201501-1550/20021505.tif HTTP/1.1" 200 83326
181.59.212.187 - - [27/Dec/2020:21:23:30 -0500] "GET /galeria/galeria/jquery.fancybox.css?v=2.1.5 HTTP/1.1" 200 4895
181.59.212.187 - - [27/Dec/2020:21:23:30 -0500] "GET /BLA/boletinlegal/js/jquery.scrollShow.js HTTP/1.1" 200 4586
181.59.212.187 - - [27/Dec/2020:21:23:30 -0500] "GET /galeria/galeria/jquery.fancybox.js?v=2.1.5 HTTP/1.1" 200 48706
186.84.90.155 - - [27/Dec/2020:21:23:32 -0500] "GET /BLA/resoluciones/index.php?dir=RESOLUCIONES+2007%2FRES+2007+3001+AL+3100%2F HTTP/1.1" 200 26891
88.99.244.56 - - [27/Dec/2020:21:23:35 -0500] "GET /bla/resoluciones/resoluciones%202002/res%202002%201501-1550/20021504.tif HTTP/1.1" 200 142358
186.84.90.155 - - [27/Dec/2020:21:23:39 -0500] "GET /BLA/resoluciones/RESOLUCIONES%202007/RES%202007%203001%20AL%203100/RESOLUCION%203075%20DE%202007.pdf HTTP/1.1" 200 154411
88.99.244.56 - - [27/Dec/2020:21:23:43 -0500] "GET /bla/resoluciones/resoluciones%202002/res%202002%201501-1550/20021503.tif HTTP/1.1" 200 123794
190.131.192.209 - - [27/Dec/2020:21:23:47 -0500] "GET /galeria/nivo-slider/demo/images/MANTENIMIENTOWEB.jpg HTTP/1.1" 304 -
69.162.124.227 - - [27/Dec/2020:21:23:48 -0500] "HEAD / HTTP/1.1" 200 -
186.84.90.155 - - [27/Dec/2020:21:23:50 -0500] "GET /BLA/resoluciones/index.php?dir=RESOLUCIONES+2007%2F HTTP/1.1" 200 26446
88.99.244.56 - - [27/Dec/2020:21:23:52 -0500] "GET /bla/resoluciones/resoluciones%202002/res%202002%201501-1550/20021502.tif HTTP/1.1" 200 149340
186.84.90.155 - - [27/Dec/2020:21:23:53 -0500] "GET /BLA/resoluciones/index.php?dir=RESOLUCIONES+2007%2FRES+2007+3101+AL+3200%2F HTTP/1.1" 200 26880
201.245.192.253 - - [27/Dec/2020:21:23:53 -0500] "POST /sipse/faces/presentacion/financiero/solicitudProceso/consultarSolicitudProceso.xhtml HTTP/1.1" 200 37082
201.245.192.253 - - [27/Dec/2020:21:23:53 -0500] "GET /sipse/faces/javax.faces.resource/theme.css?ln=primefaces-sipse HTTP/1.1" 304 -
201.245.192.253 - - [27/Dec/2020:21:23:53 -0500] "GET /sipse/faces/javax.faces.resource/primefaces.css?ln=primefaces&v=4.0 HTTP/1.1" 304 -
201.245.192.253 - - [27/Dec/2020:21:23:53 -0500] "GET /sipse/faces/javax.faces.resource/layout/layout.css?ln=primefaces&v=4.0 HTTP/1.1" 304 -
201.245.192.253 - - [27/Dec/2020:21:23:53 -0500] "GET /sipse/faces/javax.faces.resource/jquery/jquery.js?ln=primefaces&v=4.0 HTTP/1.1" 304 -
201.245.192.253 - - [27/Dec/2020:21:23:53 -0500] "GET /sipse/faces/javax.faces.resource/jquery/jquery-plugins.js?ln=primefaces&v=4.0 HTTP/1.1" 304 -
201.245.192.253 - - [27/Dec/2020:21:23:53 -0500] "GET /sipse/faces/javax.faces.resource/primefaces.js?ln=primefaces&v=4.0 HTTP/1.1" 304 -
201.245.192.253 - - [27/Dec/2020:21:23:53 -0500] "GET /sipse/faces/javax.faces.resource/layout/layout.js?ln=primefaces&v=4.0 HTTP/1.1" 304 -
88.99.244.56 - - [27/Dec/2020:21:24:00 -0500] "GET /bla/resoluciones/resoluciones%202002/res%202002%201501-1550/20021501.tif HTTP/1.1" 200 89554
201.245.192.253 - - [27/Dec/2020:21:24:01 -0500] "POST /sipse/faces/presentacion/contratacion/contrato/registroPresupuestal/expedirRP.xhtml HTTP/1.1" 200 2248
