201.245.192.253 - - [27/Dec/2020:20:40:31 -0500] "GET /sipse/faces/javax.faces.resource/jquery/jquery-plugins.js?ln=primefaces&v=4.0 HTTP/1.1" 304 -
201.245.192.253 - - [27/Dec/2020:20:40:31 -0500] "GET /sipse/faces/javax.faces.resource/primefaces.js?ln=primefaces&v=4.0 HTTP/1.1" 304 -
201.245.192.253 - - [27/Dec/2020:20:40:31 -0500] "GET /sipse/faces/javax.faces.resource/layout/layout.js?ln=primefaces&v=4.0 HTTP/1.1" 304 -
88.99.244.56 - - [27/Dec/2020:20:40:37 -0500] "GET /bla/resoluciones/index.php?dir=resoluciones%202002/res%202002%201601-1650/&sort=name&order=desc HTTP/1.1" 200 12157
190.90.91.98 - - [27/Dec/2020:20:40:39 -0500] "GET /galeria/galeria/jquery.fancybox.js?v=2.1.5 HTTP/1.1" 200 48706
190.90.91.98 - - [27/Dec/2020:20:40:40 -0500] "GET /BLA/boletinlegal/js/jquery.scrollShow.js HTTP/1.1" 200 4586
190.90.91.98 - - [27/Dec/2020:20:40:40 -0500] "GET /galeria/galeria/jquery.fancybox.css?v=2.1.5 HTTP/1.1" 200 4895
201.245.192.253 - - [27/Dec/2020:20:40:40 -0500] "POST /sipse/faces/presentacion/contratacion/contrato/registroPresupuestal/expedirRP.xhtml HTTP/1.1" 200 2248
201.245.192.253 - - [27/Dec/2020:20:40:44 -0500] "POST /sipse/faces/presentacion/contratacion/contrato/registroPresupuestal/expedirRP.xhtml HTTP/1.1" 200 20554
201.245.192.253 - - [27/Dec/2020:20:40:44 -0500] "GET /sipse/faces/javax.faces.resource/theme.css?ln=primefaces-sipse HTTP/1.1" 304 -
201.245.192.253 - - [27/Dec/2020:20:40:44 -0500] "GET /sipse/faces/javax.faces.resource/layout/layout.css?ln=primefaces&v=4.0 HTTP/1.1" 304 -
201.245.192.253 - - [27/Dec/2020:20:40:44 -0500] "GET /sipse/faces/javax.faces.resource/primefaces.css?ln=primefaces&v=4.0 HTTP/1.1" 304 -
201.245.192.253 - - [27/Dec/2020:20:40:44 -0500] "GET /sipse/faces/javax.faces.resource/jquery/jquery.js?ln=primefaces&v=4.0 HTTP/1.1" 304 -
201.245.192.253 - - [27/Dec/2020:20:40:44 -0500] "GET /sipse/faces/javax.faces.resource/jquery/jquery-plugins.js?ln=primefaces&v=4.0 HTTP/1.1" 304 -
201.245.192.253 - - [27/Dec/2020:20:40:44 -0500] "GET /sipse/faces/javax.faces.resource/primefaces.js?ln=primefaces&v=4.0 HTTP/1.1" 304 -
201.245.192.253 - - [27/Dec/2020:20:40:44 -0500] "GET /sipse/faces/javax.faces.resource/layout/layout.js?ln=primefaces&v=4.0 HTTP/1.1" 304 -
201.245.192.253 - - [27/Dec/2020:20:40:46 -0500] "POST /sipse/faces/presentacion/contratacion/contrato/registroPresupuestal/consultarActividadesRP.xhtml HTTP/1.1" 200 22797
201.245.192.253 - - [27/Dec/2020:20:40:46 -0500] "GET /sipse/faces/javax.faces.resource/layout/layout.css?ln=primefaces&v=4.0 HTTP/1.1" 304 -
201.245.192.253 - - [27/Dec/2020:20:40:46 -0500] "GET /sipse/faces/javax.faces.resource/theme.css?ln=primefaces-sipse HTTP/1.1" 304 -
201.245.192.253 - - [27/Dec/2020:20:40:46 -0500] "GET /sipse/faces/javax.faces.resource/primefaces.css?ln=primefaces&v=4.0 HTTP/1.1" 304 -
201.245.192.253 - - [27/Dec/2020:20:40:46 -0500] "GET /sipse/faces/javax.faces.resource/jquery/jquery.js?ln=primefaces&v=4.0 HTTP/1.1" 304 -
201.245.192.253 - - [27/Dec/2020:20:40:46 -0500] "GET /sipse/faces/javax.faces.resource/primefaces.js?ln=primefaces&v=4.0 HTTP/1.1" 304 -
201.245.192.253 - - [27/Dec/2020:20:40:46 -0500] "GET /sipse/faces/javax.faces.resource/jquery/jquery-plugins.js?ln=primefaces&v=4.0 HTTP/1.1" 304 -
201.245.192.253 - - [27/Dec/2020:20:40:46 -0500] "GET /sipse/faces/javax.faces.resource/layout/layout.js?ln=primefaces&v=4.0 HTTP/1.1" 304 -
88.99.244.56 - - [27/Dec/2020:20:40:49 -0500] "GET /bla/resoluciones/index.php?dir=resoluciones%202002/res%202002%201301-1350/&sort=name&order=desc HTTP/1.1" 200 12633
201.245.192.253 - - [27/Dec/2020:20:40:51 -0500] "POST /sipse/faces/presentacion/contratacion/contrato/registroPresupuestal/asociarPresupuestoActividadesRP.xhtml HTTP/1.1" 200 37159
201.245.192.253 - - [27/Dec/2020:20:40:51 -0500] "GET /sipse/faces/javax.faces.resource/theme.css?ln=primefaces-sipse HTTP/1.1" 304 -
201.245.192.253 - - [27/Dec/2020:20:40:51 -0500] "GET /sipse/faces/javax.faces.resource/layout/layout.css?ln=primefaces&v=4.0 HTTP/1.1" 304 -
201.245.192.253 - - [27/Dec/2020:20:40:51 -0500] "GET /sipse/faces/javax.faces.resource/primefaces.css?ln=primefaces&v=4.0 HTTP/1.1" 304 -
201.245.192.253 - - [27/Dec/2020:20:40:51 -0500] "GET /sipse/faces/javax.faces.resource/jquery/jquery.js?ln=primefaces&v=4.0 HTTP/1.1" 304 -
201.245.192.253 - - [27/Dec/2020:20:40:51 -0500] "GET /sipse/faces/javax.faces.resource/jquery/jquery-plugins.js?ln=primefaces&v=4.0 HTTP/1.1" 304 -
201.245.192.253 - - [27/Dec/2020:20:40:51 -0500] "GET /sipse/faces/javax.faces.resource/primefaces.js?ln=primefaces&v=4.0 HTTP/1.1" 304 -
201.245.192.253 - - [27/Dec/2020:20:40:51 -0500] "GET /sipse/faces/javax.faces.resource/layout/layout.js?ln=primefaces&v=4.0 HTTP/1.1" 304 -
201.245.192.253 - - [27/Dec/2020:20:40:56 -0500] "POST /sipse/faces/presentacion/contratacion/contrato/registroPresupuestal/expedirRP.xhtml HTTP/1.1" 200 118979
201.245.192.253 - - [27/Dec/2020:20:40:56 -0500] "GET /sipse/faces/javax.faces.resource/theme.css?ln=primefaces-sipse HTTP/1.1" 304 -
201.245.192.253 - - [27/Dec/2020:20:40:56 -0500] "GET /sipse/faces/javax.faces.resource/primefaces.css?ln=primefaces&v=4.0 HTTP/1.1" 304 -
201.245.192.253 - - [27/Dec/2020:20:40:56 -0500] "GET /sipse/faces/javax.faces.resource/layout/layout.css?ln=primefaces&v=4.0 HTTP/1.1" 304 -
201.245.192.253 - - [27/Dec/2020:20:40:56 -0500] "GET /sipse/faces/javax.faces.resource/jquery/jquery.js?ln=primefaces&v=4.0 HTTP/1.1" 304 -
201.245.192.253 - - [27/Dec/2020:20:40:56 -0500] "GET /sipse/faces/javax.faces.resource/jquery/jquery-plugins.js?ln=primefaces&v=4.0 HTTP/1.1" 304 -
201.245.192.253 - - [27/Dec/2020:20:40:56 -0500] "GET /sipse/faces/javax.faces.resource/primefaces.js?ln=primefaces&v=4.0 HTTP/1.1" 304 -
201.245.192.253 - - [27/Dec/2020:20:40:56 -0500] "GET /sipse/faces/javax.faces.resource/layout/layout.js?ln=primefaces&v=4.0 HTTP/1.1" 304 -
190.90.91.98 - - [27/Dec/2020:20:40:57 -0500] "GET /galeria/galeria/jquery.fancybox.css?v=2.1.5 HTTP/1.1" 304 -
190.90.91.98 - - [27/Dec/2020:20:40:57 -0500] "GET /galeria/galeria/jquery.fancybox.js?v=2.1.5 HTTP/1.1" 304 -
181.61.206.164 - - [27/Dec/2020:20:40:57 -0500] "-" 408 -
190.90.91.98 - - [27/Dec/2020:20:40:57 -0500] "GET /BLA/boletinlegal/js/jquery.scrollShow.js HTTP/1.1" 304 -
88.99.244.56 - - [27/Dec/2020:20:41:00 -0500] "GET /bla/resoluciones/resoluciones%202002/res%202002%201651-1700/20021700.tif HTTP/1.1" 200 135622
201.245.192.253 - - [27/Dec/2020:20:40:58 -0500] "POST /sipse/faces/presentacion/financiero/solicitudProceso/consultarSolicitudProceso.xhtml HTTP/1.1" 200 34089
201.245.192.253 - - [27/Dec/2020:20:41:01 -0500] "GET /sipse/faces/javax.faces.resource/theme.css?ln=primefaces-sipse HTTP/1.1" 304 -
201.245.192.253 - - [27/Dec/2020:20:41:01 -0500] "GET /sipse/faces/javax.faces.resource/primefaces.css?ln=primefaces&v=4.0 HTTP/1.1" 304 -
201.245.192.253 - - [27/Dec/2020:20:41:01 -0500] "GET /sipse/faces/javax.faces.resource/layout/layout.css?ln=primefaces&v=4.0 HTTP/1.1" 304 -
201.245.192.253 - - [27/Dec/2020:20:41:01 -0500] "GET /sipse/faces/javax.faces.resource/jquery/jquery.js?ln=primefaces&v=4.0 HTTP/1.1" 304 -
201.245.192.253 - - [27/Dec/2020:20:41:01 -0500] "GET /sipse/faces/javax.faces.resource/jquery/jquery-plugins.js?ln=primefaces&v=4.0 HTTP/1.1" 304 -
201.245.192.253 - - [27/Dec/2020:20:41:01 -0500] "GET /sipse/faces/javax.faces.resource/primefaces.js?ln=primefaces&v=4.0 HTTP/1.1" 304 -
201.245.192.253 - - [27/Dec/2020:20:41:01 -0500] "GET /sipse/faces/javax.faces.resource/layout/layout.js?ln=primefaces&v=4.0 HTTP/1.1" 304 -
201.245.192.253 - - [27/Dec/2020:20:41:01 -0500] "POST /sipse/faces/presentacion/financiero/solicitudProceso/listarSolicitudProceso.xhtml HTTP/1.1" 200 1344
201.245.192.253 - - [27/Dec/2020:20:41:06 -0500] "POST /sipse/faces/presentacion/financiero/solicitudProceso/listarSolicitudProceso.xhtml HTTP/1.1" 200 5253
201.245.192.253 - - [27/Dec/2020:20:41:08 -0500] "POST /sipse/faces/presentacion/financiero/solicitudProceso/listarSolicitudProceso.xhtml HTTP/1.1" 200 116692
201.245.192.253 - - [27/Dec/2020:20:41:09 -0500] "GET /sipse/faces/javax.faces.resource/theme.css?ln=primefaces-sipse HTTP/1.1" 304 -
201.245.192.253 - - [27/Dec/2020:20:41:09 -0500] "GET /sipse/faces/javax.faces.resource/primefaces.css?ln=primefaces&v=4.0 HTTP/1.1" 304 -
201.245.192.253 - - [27/Dec/2020:20:41:09 -0500] "GET /sipse/faces/javax.faces.resource/layout/layout.css?ln=primefaces&v=4.0 HTTP/1.1" 304 -
201.245.192.253 - - [27/Dec/2020:20:41:09 -0500] "GET /sipse/faces/javax.faces.resource/jquery/jquery.js?ln=primefaces&v=4.0 HTTP/1.1" 304 -
201.245.192.253 - - [27/Dec/2020:20:41:09 -0500] "GET /sipse/faces/javax.faces.resource/jquery/jquery-plugins.js?ln=primefaces&v=4.0 HTTP/1.1" 304 -
201.245.192.253 - - [27/Dec/2020:20:41:09 -0500] "GET /sipse/faces/javax.faces.resource/primefaces.js?ln=primefaces&v=4.0 HTTP/1.1" 304 -
201.245.192.253 - - [27/Dec/2020:20:41:09 -0500] "GET /sipse/faces/javax.faces.resource/layout/layout.js?ln=primefaces&v=4.0 HTTP/1.1" 304 -
201.245.192.253 - - [27/Dec/2020:20:41:13 -0500] "POST /sipse/faces/presentacion/financiero/solicitudProceso/consultarSolicitudProceso.xhtml HTTP/1.1" 200 226549
88.99.244.56 - - [27/Dec/2020:20:41:14 -0500] "GET /bla/resoluciones/resoluciones%202002/res%202002%201651-1700/20021699.tif HTTP/1.1" 200 178332
88.99.244.56 - - [27/Dec/2020:20:41:27 -0500] "GET /bla/resoluciones/resoluciones%202002/res%202002%201651-1700/20021698.tif HTTP/1.1" 200 122760
88.99.244.56 - - [27/Dec/2020:20:41:40 -0500] "GET /bla/resoluciones/resoluciones%202002/res%202002%201651-1700/20021697.tif HTTP/1.1" 200 163988
88.99.244.56 - - [27/Dec/2020:20:41:53 -0500] "GET /bla/resoluciones/resoluciones%202002/res%202002%201651-1700/20021696.tif HTTP/1.1" 200 84584
181.61.206.140 - - [27/Dec/2020:20:41:54 -0500] "GET /BLA/resoluciones/ HTTP/1.1" 200 12275
181.61.206.140 - - [27/Dec/2020:20:41:55 -0500] "GET /BLA/resoluciones/dlf/folder.png HTTP/1.1" 200 410
181.61.206.140 - - [27/Dec/2020:20:41:55 -0500] "GET /BLA/resoluciones/dlf/styles.css HTTP/1.1" 200 3049
181.61.206.140 - - [27/Dec/2020:20:41:56 -0500] "GET /BLA/resoluciones/dlf/bg.gif HTTP/1.1" 200 54
181.61.206.140 - - [27/Dec/2020:20:41:57 -0500] "GET /favicon.ico HTTP/1.1" 200 7782
201.245.192.253 - - [27/Dec/2020:20:42:03 -0500] "POST /sipse/faces/presentacion/financiero/solicitudProceso/consultarSolicitudProceso.xhtml HTTP/1.1" 200 37082
201.245.192.253 - - [27/Dec/2020:20:42:03 -0500] "GET /sipse/faces/javax.faces.resource/theme.css?ln=primefaces-sipse HTTP/1.1" 304 -
201.245.192.253 - - [27/Dec/2020:20:42:03 -0500] "GET /sipse/faces/javax.faces.resource/primefaces.css?ln=primefaces&v=4.0 HTTP/1.1" 304 -
201.245.192.253 - - [27/Dec/2020:20:42:03 -0500] "GET /sipse/faces/javax.faces.resource/layout/layout.css?ln=primefaces&v=4.0 HTTP/1.1" 304 -
201.245.192.253 - - [27/Dec/2020:20:42:03 -0500] "GET /sipse/faces/javax.faces.resource/jquery/jquery.js?ln=primefaces&v=4.0 HTTP/1.1" 304 -
201.245.192.253 - - [27/Dec/2020:20:42:03 -0500] "GET /sipse/faces/javax.faces.resource/jquery/jquery-plugins.js?ln=primefaces&v=4.0 HTTP/1.1" 304 -
201.245.192.253 - - [27/Dec/2020:20:42:03 -0500] "GET /sipse/faces/javax.faces.resource/primefaces.js?ln=primefaces&v=4.0 HTTP/1.1" 304 -
201.245.192.253 - - [27/Dec/2020:20:42:03 -0500] "GET /sipse/faces/javax.faces.resource/layout/layout.js?ln=primefaces&v=4.0 HTTP/1.1" 304 -
181.61.206.140 - - [27/Dec/2020:20:42:03 -0500] "GET /BLA/resoluciones/dlf/dirup.png HTTP/1.1" 200 644
181.61.206.140 - - [27/Dec/2020:20:42:03 -0500] "GET /BLA/resoluciones/dlf/pdf.gif HTTP/1.1" 200 272
181.61.206.140 - - [27/Dec/2020:20:42:03 -0500] "GET /BLA/resoluciones/index.php?dir=RESOLUCIONES+2017%2F HTTP/1.1" 200 264043
88.99.244.56 - - [27/Dec/2020:20:42:06 -0500] "GET /bla/resoluciones/resoluciones%202002/res%202002%201651-1700/20021695.tif HTTP/1.1" 200 141018
201.245.192.253 - - [27/Dec/2020:20:42:11 -0500] "POST /sipse/faces/presentacion/contratacion/contrato/registroPresupuestal/expedirRP.xhtml HTTP/1.1" 200 2248
201.245.192.253 - - [27/Dec/2020:20:42:13 -0500] "POST /sipse/faces/presentacion/contratacion/contrato/registroPresupuestal/expedirRP.xhtml HTTP/1.1" 200 20686
201.245.192.253 - - [27/Dec/2020:20:42:13 -0500] "GET /sipse/faces/javax.faces.resource/theme.css?ln=primefaces-sipse HTTP/1.1" 304 -
201.245.192.253 - - [27/Dec/2020:20:42:13 -0500] "GET /sipse/faces/javax.faces.resource/primefaces.css?ln=primefaces&v=4.0 HTTP/1.1" 304 -
201.245.192.253 - - [27/Dec/2020:20:42:13 -0500] "GET /sipse/faces/javax.faces.resource/jquery/jquery.js?ln=primefaces&v=4.0 HTTP/1.1" 304 -
201.245.192.253 - - [27/Dec/2020:20:42:13 -0500] "GET /sipse/faces/javax.faces.resource/layout/layout.css?ln=primefaces&v=4.0 HTTP/1.1" 304 -
201.245.192.253 - - [27/Dec/2020:20:42:13 -0500] "GET /sipse/faces/javax.faces.resource/layout/layout.js?ln=primefaces&v=4.0 HTTP/1.1" 304 -
201.245.192.253 - - [27/Dec/2020:20:42:13 -0500] "GET /sipse/faces/javax.faces.resource/jquery/jquery-plugins.js?ln=primefaces&v=4.0 HTTP/1.1" 304 -
201.245.192.253 - - [27/Dec/2020:20:42:13 -0500] "GET /sipse/faces/javax.faces.resource/primefaces.js?ln=primefaces&v=4.0 HTTP/1.1" 304 -
201.245.192.253 - - [27/Dec/2020:20:42:15 -0500] "POST /sipse/faces/presentacion/contratacion/contrato/registroPresupuestal/consultarActividadesRP.xhtml HTTP/1.1" 200 22887
201.245.192.253 - - [27/Dec/2020:20:42:15 -0500] "GET /sipse/faces/javax.faces.resource/theme.css?ln=primefaces-sipse HTTP/1.1" 304 -
201.245.192.253 - - [27/Dec/2020:20:42:15 -0500] "GET /sipse/faces/javax.faces.resource/layout/layout.css?ln=primefaces&v=4.0 HTTP/1.1" 304 -
201.245.192.253 - - [27/Dec/2020:20:42:15 -0500] "GET /sipse/faces/javax.faces.resource/primefaces.css?ln=primefaces&v=4.0 HTTP/1.1" 304 -
201.245.192.253 - - [27/Dec/2020:20:42:15 -0500] "GET /sipse/faces/javax.faces.resource/jquery/jquery-plugins.js?ln=primefaces&v=4.0 HTTP/1.1" 304 -
201.245.192.253 - - [27/Dec/2020:20:42:15 -0500] "GET /sipse/faces/javax.faces.resource/jquery/jquery.js?ln=primefaces&v=4.0 HTTP/1.1" 304 -
201.245.192.253 - - [27/Dec/2020:20:42:15 -0500] "GET /sipse/faces/javax.faces.resource/primefaces.js?ln=primefaces&v=4.0 HTTP/1.1" 304 -
201.245.192.253 - - [27/Dec/2020:20:42:15 -0500] "GET /sipse/faces/javax.faces.resource/layout/layout.js?ln=primefaces&v=4.0 HTTP/1.1" 304 -
88.99.244.56 - - [27/Dec/2020:20:42:18 -0500] "GET /bla/resoluciones/resoluciones%202002/res%202002%201651-1700/20021694.tif HTTP/1.1" 200 127330
201.245.192.253 - - [27/Dec/2020:20:42:20 -0500] "POST /sipse/faces/presentacion/contratacion/contrato/registroPresupuestal/asociarPresupuestoActividadesRP.xhtml HTTP/1.1" 200 37159
201.245.192.253 - - [27/Dec/2020:20:42:20 -0500] "GET /sipse/faces/javax.faces.resource/layout/layout.css?ln=primefaces&v=4.0 HTTP/1.1" 304 -
201.245.192.253 - - [27/Dec/2020:20:42:20 -0500] "GET /sipse/faces/javax.faces.resource/primefaces.css?ln=primefaces&v=4.0 HTTP/1.1" 304 -
201.245.192.253 - - [27/Dec/2020:20:42:20 -0500] "GET /sipse/faces/javax.faces.resource/theme.css?ln=primefaces-sipse HTTP/1.1" 304 -
201.245.192.253 - - [27/Dec/2020:20:42:20 -0500] "GET /sipse/faces/javax.faces.resource/jquery/jquery.js?ln=primefaces&v=4.0 HTTP/1.1" 304 -
201.245.192.253 - - [27/Dec/2020:20:42:20 -0500] "GET /sipse/faces/javax.faces.resource/jquery/jquery-plugins.js?ln=primefaces&v=4.0 HTTP/1.1" 304 -
201.245.192.253 - - [27/Dec/2020:20:42:20 -0500] "GET /sipse/faces/javax.faces.resource/primefaces.js?ln=primefaces&v=4.0 HTTP/1.1" 304 -
201.245.192.253 - - [27/Dec/2020:20:42:20 -0500] "GET /sipse/faces/javax.faces.resource/layout/layout.js?ln=primefaces&v=4.0 HTTP/1.1" 304 -
201.245.192.253 - - [27/Dec/2020:20:42:23 -0500] "POST /sipse/faces/presentacion/contratacion/contrato/registroPresupuestal/expedirRP.xhtml HTTP/1.1" 200 118390
201.245.192.253 - - [27/Dec/2020:20:42:23 -0500] "GET /sipse/faces/javax.faces.resource/layout/layout.css?ln=primefaces&v=4.0 HTTP/1.1" 304 -
201.245.192.253 - - [27/Dec/2020:20:42:23 -0500] "GET /sipse/faces/javax.faces.resource/theme.css?ln=primefaces-sipse HTTP/1.1" 304 -
201.245.192.253 - - [27/Dec/2020:20:42:23 -0500] "GET /sipse/faces/javax.faces.resource/primefaces.css?ln=primefaces&v=4.0 HTTP/1.1" 304 -
201.245.192.253 - - [27/Dec/2020:20:42:23 -0500] "GET /sipse/faces/javax.faces.resource/jquery/jquery.js?ln=primefaces&v=4.0 HTTP/1.1" 304 -
201.245.192.253 - - [27/Dec/2020:20:42:23 -0500] "GET /sipse/faces/javax.faces.resource/jquery/jquery-plugins.js?ln=primefaces&v=4.0 HTTP/1.1" 304 -
201.245.192.253 - - [27/Dec/2020:20:42:23 -0500] "GET /sipse/faces/javax.faces.resource/primefaces.js?ln=primefaces&v=4.0 HTTP/1.1" 304 -
201.245.192.253 - - [27/Dec/2020:20:42:23 -0500] "GET /sipse/faces/javax.faces.resource/layout/layout.js?ln=primefaces&v=4.0 HTTP/1.1" 304 -
201.245.192.253 - - [27/Dec/2020:20:42:26 -0500] "POST /sipse/faces/presentacion/financiero/solicitudProceso/consultarSolicitudProceso.xhtml HTTP/1.1" 200 34264
201.245.192.253 - - [27/Dec/2020:20:42:29 -0500] "GET /sipse/faces/javax.faces.resource/theme.css?ln=primefaces-sipse HTTP/1.1" 304 -
201.245.192.253 - - [27/Dec/2020:20:42:29 -0500] "GET /sipse/faces/javax.faces.resource/primefaces.css?ln=primefaces&v=4.0 HTTP/1.1" 304 -
201.245.192.253 - - [27/Dec/2020:20:42:29 -0500] "GET /sipse/faces/javax.faces.resource/layout/layout.css?ln=primefaces&v=4.0 HTTP/1.1" 304 -
201.245.192.253 - - [27/Dec/2020:20:42:29 -0500] "GET /sipse/faces/javax.faces.resource/jquery/jquery.js?ln=primefaces&v=4.0 HTTP/1.1" 304 -
201.245.192.253 - - [27/Dec/2020:20:42:29 -0500] "GET /sipse/faces/javax.faces.resource/jquery/jquery-plugins.js?ln=primefaces&v=4.0 HTTP/1.1" 304 -
201.245.192.253 - - [27/Dec/2020:20:42:29 -0500] "GET /sipse/faces/javax.faces.resource/primefaces.js?ln=primefaces&v=4.0 HTTP/1.1" 304 -
201.245.192.253 - - [27/Dec/2020:20:42:29 -0500] "GET /sipse/faces/javax.faces.resource/layout/layout.js?ln=primefaces&v=4.0 HTTP/1.1" 304 -
201.245.192.253 - - [27/Dec/2020:20:42:29 -0500] "POST /sipse/faces/presentacion/financiero/solicitudProceso/listarSolicitudProceso.xhtml HTTP/1.1" 200 1344
88.99.244.56 - - [27/Dec/2020:20:42:31 -0500] "GET /bla/resoluciones/resoluciones%202002/res%202002%201651-1700/20021693.tif HTTP/1.1" 200 239100
201.245.192.253 - - [27/Dec/2020:20:42:40 -0500] "POST /sipse/faces/presentacion/financiero/solicitudProceso/listarSolicitudProceso.xhtml HTTP/1.1" 200 30927
201.245.192.253 - - [27/Dec/2020:20:42:42 -0500] "POST /sipse/faces/presentacion/financiero/solicitudProceso/listarSolicitudProceso.xhtml HTTP/1.1" 200 10960
88.99.244.56 - - [27/Dec/2020:20:42:45 -0500] "GET /bla/resoluciones/resoluciones%202002/res%202002%201651-1700/20021692.tif HTTP/1.1" 200 107120
201.245.192.253 - - [27/Dec/2020:20:42:48 -0500] "POST /sipse/faces/presentacion/financiero/solicitudProceso/listarSolicitudProceso.xhtml HTTP/1.1" 200 31316
88.99.244.56 - - [27/Dec/2020:20:42:57 -0500] "GET /bla/resoluciones/resoluciones%202002/res%202002%201651-1700/20021691.tif HTTP/1.1" 200 107896
88.99.244.56 - - [27/Dec/2020:20:43:10 -0500] "GET /bla/resoluciones/resoluciones%202002/res%202002%201651-1700/20021690.tif HTTP/1.1" 200 104740
88.99.244.56 - - [27/Dec/2020:20:43:25 -0500] "GET /bla/resoluciones/resoluciones%202002/res%202002%201651-1700/20021689.tif HTTP/1.1" 200 40746
88.99.244.56 - - [27/Dec/2020:20:43:37 -0500] "GET /bla/resoluciones/resoluciones%202002/res%202002%201651-1700/20021688.tif HTTP/1.1" 200 55580
88.99.244.56 - - [27/Dec/2020:20:43:42 -0500] "GET /bla/resoluciones/resoluciones%202002/res%202002%201651-1700/20021687.tif HTTP/1.1" 200 43888
88.99.244.56 - - [27/Dec/2020:20:43:46 -0500] "GET /bla/resoluciones/resoluciones%202002/res%202002%201651-1700/20021686.tif HTTP/1.1" 200 71046
69.162.124.227 - - [27/Dec/2020:20:43:49 -0500] "HEAD / HTTP/1.1" 200 -
88.99.244.56 - - [27/Dec/2020:20:43:51 -0500] "GET /bla/resoluciones/resoluciones%202002/res%202002%201651-1700/20021685.tif HTTP/1.1" 200 59304
88.99.244.56 - - [27/Dec/2020:20:43:56 -0500] "GET /bla/resoluciones/resoluciones%202002/res%202002%201651-1700/20021684.tif HTTP/1.1" 200 124026
88.99.244.56 - - [27/Dec/2020:20:44:02 -0500] "GET /bla/resoluciones/resoluciones%202002/res%202002%201651-1700/20021683.tif HTTP/1.1" 200 226254
88.99.244.56 - - [27/Dec/2020:20:44:09 -0500] "GET /bla/resoluciones/resoluciones%202002/res%202002%201651-1700/20021682.tif HTTP/1.1" 200 132634
88.99.244.56 - - [27/Dec/2020:20:44:17 -0500] "GET /bla/resoluciones/resoluciones%202002/res%202002%201651-1700/20021681.tif HTTP/1.1" 200 82896
192.168.175.225 - - [27/Dec/2020:20:44:26 -0500] "GET / HTTP/1.1" 200 9990
88.99.244.56 - - [27/Dec/2020:20:44:28 -0500] "GET /bla/resoluciones/resoluciones%202002/res%202002%201651-1700/20021680.tif HTTP/1.1" 200 204730
88.99.244.56 - - [27/Dec/2020:20:44:39 -0500] "GET /bla/resoluciones/resoluciones%202002/res%202002%201651-1700/20021679.tif HTTP/1.1" 200 75310
88.99.244.56 - - [27/Dec/2020:20:44:50 -0500] "GET /bla/resoluciones/resoluciones%202002/res%202002%201651-1700/20021678.tif HTTP/1.1" 200 49322
66.249.73.12 - - [27/Dec/2020:20:44:57 -0500] "-" 408 -
88.99.244.56 - - [27/Dec/2020:20:45:03 -0500] "GET /bla/resoluciones/resoluciones%202002/res%202002%201651-1700/20021677.tif HTTP/1.1" 200 46692
88.99.244.56 - - [27/Dec/2020:20:45:16 -0500] "GET /bla/resoluciones/resoluciones%202002/res%202002%201651-1700/20021676.tif HTTP/1.1" 200 44472
88.99.244.56 - - [27/Dec/2020:20:45:30 -0500] "GET /bla/resoluciones/resoluciones%202002/res%202002%201651-1700/20021675.tif HTTP/1.1" 200 41074
179.18.34.175 - - [27/Dec/2020:20:45:40 -0500] "GET /BLA/boletinlegal/js/jquery.scrollShow.js HTTP/1.1" 304 -
179.18.34.175 - - [27/Dec/2020:20:45:41 -0500] "GET /galeria/galeria/jquery.fancybox.js?v=2.1.5 HTTP/1.1" 200 48706
179.18.34.175 - - [27/Dec/2020:20:45:41 -0500] "GET /galeria/galeria/jquery.fancybox.css?v=2.1.5 HTTP/1.1" 200 4895
179.18.34.175 - - [27/Dec/2020:20:45:42 -0500] "GET /galeria/carrusel/Carrusel/jquery.thumbnailScroller.css HTTP/1.1" 200 2066
179.18.34.175 - - [27/Dec/2020:20:45:42 -0500] "GET /galeria/carrusel/Carrusel/jquery-ui-1.8.13.custom.min.js HTTP/1.1" 200 10800
179.18.34.175 - - [27/Dec/2020:20:45:42 -0500] "GET /galeria/carrusel/Carrusel/jquery.thumbnailScroller.js HTTP/1.1" 200 8157
88.99.244.56 - - [27/Dec/2020:20:45:44 -0500] "GET /bla/resoluciones/resoluciones%202002/res%202002%201651-1700/20021674.tif HTTP/1.1" 200 330156
201.245.192.253 - - [27/Dec/2020:20:45:46 -0500] "POST /sipse/faces/presentacion/financiero/solicitudProceso/listarSolicitudProceso.xhtml HTTP/1.1" 200 120953
201.245.192.253 - - [27/Dec/2020:20:45:46 -0500] "GET /sipse/faces/javax.faces.resource/theme.css?ln=primefaces-sipse HTTP/1.1" 304 -
201.245.192.253 - - [27/Dec/2020:20:45:46 -0500] "GET /sipse/faces/javax.faces.resource/primefaces.css?ln=primefaces&v=4.0 HTTP/1.1" 304 -
201.245.192.253 - - [27/Dec/2020:20:45:46 -0500] "GET /sipse/faces/javax.faces.resource/layout/layout.css?ln=primefaces&v=4.0 HTTP/1.1" 304 -
201.245.192.253 - - [27/Dec/2020:20:45:47 -0500] "GET /sipse/faces/javax.faces.resource/jquery/jquery.js?ln=primefaces&v=4.0 HTTP/1.1" 304 -
201.245.192.253 - - [27/Dec/2020:20:45:47 -0500] "GET /sipse/faces/javax.faces.resource/jquery/jquery-plugins.js?ln=primefaces&v=4.0 HTTP/1.1" 304 -
201.245.192.253 - - [27/Dec/2020:20:45:47 -0500] "GET /sipse/faces/javax.faces.resource/primefaces.js?ln=primefaces&v=4.0 HTTP/1.1" 304 -
201.245.192.253 - - [27/Dec/2020:20:45:47 -0500] "GET /sipse/faces/javax.faces.resource/layout/layout.js?ln=primefaces&v=4.0 HTTP/1.1" 304 -
201.245.192.253 - - [27/Dec/2020:20:45:51 -0500] "POST /sipse/faces/presentacion/financiero/solicitudProceso/consultarSolicitudProceso.xhtml HTTP/1.1" 200 415608
88.99.244.56 - - [27/Dec/2020:20:45:54 -0500] "GET /bla/resoluciones/resoluciones%202002/res%202002%201651-1700/20021673.tif HTTP/1.1" 200 129272
88.99.244.56 - - [27/Dec/2020:20:46:03 -0500] "GET /bla/resoluciones/resoluciones%202002/res%202002%201651-1700/20021672.tif HTTP/1.1" 200 136158
88.99.244.56 - - [27/Dec/2020:20:46:13 -0500] "GET /bla/resoluciones/resoluciones%202002/res%202002%201651-1700/20021671.tif HTTP/1.1" 200 240160
88.99.244.56 - - [27/Dec/2020:20:46:23 -0500] "GET /bla/resoluciones/resoluciones%202002/res%202002%201651-1700/20021670.tif HTTP/1.1" 200 119000
88.99.244.56 - - [27/Dec/2020:20:46:35 -0500] "GET /bla/resoluciones/resoluciones%202002/res%202002%201651-1700/20021669.tif HTTP/1.1" 200 63258
88.99.244.56 - - [27/Dec/2020:20:46:49 -0500] "GET /bla/resoluciones/resoluciones%202002/res%202002%201651-1700/20021668.tif HTTP/1.1" 200 97534
201.245.192.253 - - [27/Dec/2020:20:46:59 -0500] "POST /sipse/faces/presentacion/financiero/solicitudProceso/consultarSolicitudProceso.xhtml HTTP/1.1" 200 37082
201.245.192.253 - - [27/Dec/2020:20:46:59 -0500] "GET /sipse/faces/javax.faces.resource/theme.css?ln=primefaces-sipse HTTP/1.1" 304 -
201.245.192.253 - - [27/Dec/2020:20:46:59 -0500] "GET /sipse/faces/javax.faces.resource/primefaces.css?ln=primefaces&v=4.0 HTTP/1.1" 304 -
201.245.192.253 - - [27/Dec/2020:20:47:00 -0500] "GET /sipse/faces/javax.faces.resource/layout/layout.css?ln=primefaces&v=4.0 HTTP/1.1" 304 -
201.245.192.253 - - [27/Dec/2020:20:47:00 -0500] "GET /sipse/faces/javax.faces.resource/jquery/jquery.js?ln=primefaces&v=4.0 HTTP/1.1" 304 -
201.245.192.253 - - [27/Dec/2020:20:47:00 -0500] "GET /sipse/faces/javax.faces.resource/jquery/jquery-plugins.js?ln=primefaces&v=4.0 HTTP/1.1" 304 -
201.245.192.253 - - [27/Dec/2020:20:47:00 -0500] "GET /sipse/faces/javax.faces.resource/primefaces.js?ln=primefaces&v=4.0 HTTP/1.1" 304 -
201.245.192.253 - - [27/Dec/2020:20:47:00 -0500] "GET /sipse/faces/javax.faces.resource/layout/layout.js?ln=primefaces&v=4.0 HTTP/1.1" 304 -
88.99.244.56 - - [27/Dec/2020:20:47:02 -0500] "GET /bla/resoluciones/resoluciones%202002/res%202002%201651-1700/20021667.tif HTTP/1.1" 200 91502
181.55.182.142 - - [27/Dec/2020:20:47:08 -0500] "GET /galeria/nivo-slider/demo/inicio80.html HTTP/1.1" 200 4371
181.55.182.142 - - [27/Dec/2020:20:47:09 -0500] "GET /galeria/nivo-slider/demo/images/bannerwebrendicion.jpg HTTP/1.1" 200 251589
181.55.182.142 - - [27/Dec/2020:20:47:09 -0500] "GET /galeria/nivo-slider/demo/images/banner2020acercar.jpg HTTP/1.1" 304 -
181.55.182.142 - - [27/Dec/2020:20:47:09 -0500] "GET /galeria/nivo-slider/demo/images/bannermusgo2020.jpg HTTP/1.1" 304 -
181.55.182.142 - - [27/Dec/2020:20:47:09 -0500] "GET /galeria/nivo-slider/demo/images/bannerpicoycedula.jpg HTTP/1.1" 200 249013
181.55.182.142 - - [27/Dec/2020:20:47:09 -0500] "GET /galeria/nivo-slider/demo/images/banneraperturahumedales.jpg HTTP/1.1" 304 -
181.55.182.142 - - [27/Dec/2020:20:47:09 -0500] "GET /galeria/nivo-slider/demo/images/bannertingua2020.png HTTP/1.1" 304 -
201.245.192.253 - - [27/Dec/2020:20:47:11 -0500] "POST /sipse/faces/presentacion/contratacion/contrato/registroPresupuestal/expedirRP.xhtml HTTP/1.1" 200 2248
88.99.244.56 - - [27/Dec/2020:20:47:14 -0500] "GET /bla/resoluciones/resoluciones%202002/res%202002%201651-1700/20021666.tif HTTP/1.1" 200 102154
201.245.192.253 - - [27/Dec/2020:20:47:14 -0500] "POST /sipse/faces/presentacion/contratacion/contrato/registroPresupuestal/expedirRP.xhtml HTTP/1.1" 200 20841
201.245.192.253 - - [27/Dec/2020:20:47:14 -0500] "GET /sipse/faces/javax.faces.resource/primefaces.css?ln=primefaces&v=4.0 HTTP/1.1" 304 -
201.245.192.253 - - [27/Dec/2020:20:47:14 -0500] "GET /sipse/faces/javax.faces.resource/theme.css?ln=primefaces-sipse HTTP/1.1" 304 -
201.245.192.253 - - [27/Dec/2020:20:47:14 -0500] "GET /sipse/faces/javax.faces.resource/layout/layout.css?ln=primefaces&v=4.0 HTTP/1.1" 304 -
201.245.192.253 - - [27/Dec/2020:20:47:15 -0500] "GET /sipse/faces/javax.faces.resource/jquery/jquery.js?ln=primefaces&v=4.0 HTTP/1.1" 304 -
201.245.192.253 - - [27/Dec/2020:20:47:15 -0500] "GET /sipse/faces/javax.faces.resource/jquery/jquery-plugins.js?ln=primefaces&v=4.0 HTTP/1.1" 304 -
201.245.192.253 - - [27/Dec/2020:20:47:15 -0500] "GET /sipse/faces/javax.faces.resource/primefaces.js?ln=primefaces&v=4.0 HTTP/1.1" 304 -
201.245.192.253 - - [27/Dec/2020:20:47:15 -0500] "GET /sipse/faces/javax.faces.resource/layout/layout.js?ln=primefaces&v=4.0 HTTP/1.1" 304 -
201.245.192.253 - - [27/Dec/2020:20:47:17 -0500] "POST /sipse/faces/presentacion/contratacion/contrato/registroPresupuestal/consultarActividadesRP.xhtml HTTP/1.1" 200 23040
201.245.192.253 - - [27/Dec/2020:20:47:17 -0500] "GET /sipse/faces/javax.faces.resource/layout/layout.css?ln=primefaces&v=4.0 HTTP/1.1" 304 -
201.245.192.253 - - [27/Dec/2020:20:47:17 -0500] "GET /sipse/faces/javax.faces.resource/primefaces.css?ln=primefaces&v=4.0 HTTP/1.1" 304 -
201.245.192.253 - - [27/Dec/2020:20:47:17 -0500] "GET /sipse/faces/javax.faces.resource/theme.css?ln=primefaces-sipse HTTP/1.1" 304 -
201.245.192.253 - - [27/Dec/2020:20:47:17 -0500] "GET /sipse/faces/javax.faces.resource/primefaces.js?ln=primefaces&v=4.0 HTTP/1.1" 304 -
201.245.192.253 - - [27/Dec/2020:20:47:17 -0500] "GET /sipse/faces/javax.faces.resource/jquery/jquery.js?ln=primefaces&v=4.0 HTTP/1.1" 304 -
201.245.192.253 - - [27/Dec/2020:20:47:17 -0500] "GET /sipse/faces/javax.faces.resource/jquery/jquery-plugins.js?ln=primefaces&v=4.0 HTTP/1.1" 304 -
201.245.192.253 - - [27/Dec/2020:20:47:17 -0500] "GET /sipse/faces/javax.faces.resource/layout/layout.js?ln=primefaces&v=4.0 HTTP/1.1" 304 -
190.156.212.13 - - [27/Dec/2020:20:47:19 -0500] "GET /galeria/galeria/jquery.fancybox.css?v=2.1.5 HTTP/1.1" 200 4895
190.156.212.13 - - [27/Dec/2020:20:47:19 -0500] "GET /BLA/boletinlegal/js/jquery.scrollShow.js HTTP/1.1" 200 4586
190.156.212.13 - - [27/Dec/2020:20:47:19 -0500] "GET /galeria/galeria/jquery.fancybox.js?v=2.1.5 HTTP/1.1" 200 48706
201.245.192.253 - - [27/Dec/2020:20:47:22 -0500] "POST /sipse/faces/presentacion/contratacion/contrato/registroPresupuestal/asociarPresupuestoActividadesRP.xhtml HTTP/1.1" 200 37159
201.245.192.253 - - [27/Dec/2020:20:47:22 -0500] "GET /sipse/faces/javax.faces.resource/theme.css?ln=primefaces-sipse HTTP/1.1" 304 -
201.245.192.253 - - [27/Dec/2020:20:47:22 -0500] "GET /sipse/faces/javax.faces.resource/primefaces.css?ln=primefaces&v=4.0 HTTP/1.1" 304 -
201.245.192.253 - - [27/Dec/2020:20:47:22 -0500] "GET /sipse/faces/javax.faces.resource/layout/layout.css?ln=primefaces&v=4.0 HTTP/1.1" 304 -
201.245.192.253 - - [27/Dec/2020:20:47:22 -0500] "GET /sipse/faces/javax.faces.resource/jquery/jquery.js?ln=primefaces&v=4.0 HTTP/1.1" 304 -
201.245.192.253 - - [27/Dec/2020:20:47:22 -0500] "GET /sipse/faces/javax.faces.resource/jquery/jquery-plugins.js?ln=primefaces&v=4.0 HTTP/1.1" 304 -
201.245.192.253 - - [27/Dec/2020:20:47:22 -0500] "GET /sipse/faces/javax.faces.resource/primefaces.js?ln=primefaces&v=4.0 HTTP/1.1" 304 -
201.245.192.253 - - [27/Dec/2020:20:47:22 -0500] "GET /sipse/faces/javax.faces.resource/layout/layout.js?ln=primefaces&v=4.0 HTTP/1.1" 304 -
201.245.192.253 - - [27/Dec/2020:20:47:25 -0500] "POST /sipse/faces/presentacion/contratacion/contrato/registroPresupuestal/expedirRP.xhtml HTTP/1.1" 200 122651
201.245.192.253 - - [27/Dec/2020:20:47:25 -0500] "GET /sipse/faces/javax.faces.resource/layout/layout.css?ln=primefaces&v=4.0 HTTP/1.1" 304 -
201.245.192.253 - - [27/Dec/2020:20:47:25 -0500] "GET /sipse/faces/javax.faces.resource/primefaces.css?ln=primefaces&v=4.0 HTTP/1.1" 304 -
201.245.192.253 - - [27/Dec/2020:20:47:25 -0500] "GET /sipse/faces/javax.faces.resource/theme.css?ln=primefaces-sipse HTTP/1.1" 304 -
201.245.192.253 - - [27/Dec/2020:20:47:26 -0500] "GET /sipse/faces/javax.faces.resource/jquery/jquery.js?ln=primefaces&v=4.0 HTTP/1.1" 304 -
201.245.192.253 - - [27/Dec/2020:20:47:26 -0500] "GET /sipse/faces/javax.faces.resource/jquery/jquery-plugins.js?ln=primefaces&v=4.0 HTTP/1.1" 304 -
201.245.192.253 - - [27/Dec/2020:20:47:26 -0500] "GET /sipse/faces/javax.faces.resource/primefaces.js?ln=primefaces&v=4.0 HTTP/1.1" 304 -
201.245.192.253 - - [27/Dec/2020:20:47:26 -0500] "GET /sipse/faces/javax.faces.resource/layout/layout.js?ln=primefaces&v=4.0 HTTP/1.1" 304 -
88.99.244.56 - - [27/Dec/2020:20:47:27 -0500] "GET /bla/resoluciones/resoluciones%202002/res%202002%201601-1650/20021650.tif HTTP/1.1" 200 80124
201.245.192.253 - - [27/Dec/2020:20:47:28 -0500] "POST /sipse/faces/presentacion/financiero/solicitudProceso/consultarSolicitudProceso.xhtml HTTP/1.1" 200 60980
201.245.192.253 - - [27/Dec/2020:20:47:30 -0500] "GET /sipse/faces/javax.faces.resource/theme.css?ln=primefaces-sipse HTTP/1.1" 304 -
201.245.192.253 - - [27/Dec/2020:20:47:30 -0500] "GET /sipse/faces/javax.faces.resource/primefaces.css?ln=primefaces&v=4.0 HTTP/1.1" 304 -
201.245.192.253 - - [27/Dec/2020:20:47:30 -0500] "GET /sipse/faces/javax.faces.resource/layout/layout.css?ln=primefaces&v=4.0 HTTP/1.1" 304 -
201.245.192.253 - - [27/Dec/2020:20:47:30 -0500] "GET /sipse/faces/javax.faces.resource/jquery/jquery.js?ln=primefaces&v=4.0 HTTP/1.1" 304 -
201.245.192.253 - - [27/Dec/2020:20:47:30 -0500] "GET /sipse/faces/javax.faces.resource/jquery/jquery-plugins.js?ln=primefaces&v=4.0 HTTP/1.1" 304 -
201.245.192.253 - - [27/Dec/2020:20:47:30 -0500] "GET /sipse/faces/javax.faces.resource/primefaces.js?ln=primefaces&v=4.0 HTTP/1.1" 304 -
201.245.192.253 - - [27/Dec/2020:20:47:30 -0500] "GET /sipse/faces/javax.faces.resource/layout/layout.js?ln=primefaces&v=4.0 HTTP/1.1" 304 -
201.245.192.253 - - [27/Dec/2020:20:47:30 -0500] "POST /sipse/faces/presentacion/financiero/solicitudProceso/listarSolicitudProceso.xhtml HTTP/1.1" 200 1448
88.99.244.56 - - [27/Dec/2020:20:47:40 -0500] "GET /bla/resoluciones/resoluciones%202002/res%202002%201601-1650/20021649.tif HTTP/1.1" 200 142748
201.245.192.253 - - [27/Dec/2020:20:47:47 -0500] "POST /sipse/faces/presentacion/financiero/solicitudProceso/listarSolicitudProceso.xhtml HTTP/1.1" 200 5134
201.245.192.253 - - [27/Dec/2020:20:47:48 -0500] "POST /sipse/faces/presentacion/financiero/solicitudProceso/listarSolicitudProceso.xhtml HTTP/1.1" 200 120625
201.245.192.253 - - [27/Dec/2020:20:47:48 -0500] "GET /sipse/faces/javax.faces.resource/theme.css?ln=primefaces-sipse HTTP/1.1" 304 -
201.245.192.253 - - [27/Dec/2020:20:47:48 -0500] "GET /sipse/faces/javax.faces.resource/primefaces.css?ln=primefaces&v=4.0 HTTP/1.1" 304 -
201.245.192.253 - - [27/Dec/2020:20:47:48 -0500] "GET /sipse/faces/javax.faces.resource/layout/layout.css?ln=primefaces&v=4.0 HTTP/1.1" 304 -
201.245.192.253 - - [27/Dec/2020:20:47:48 -0500] "GET /sipse/faces/javax.faces.resource/jquery/jquery.js?ln=primefaces&v=4.0 HTTP/1.1" 304 -
201.245.192.253 - - [27/Dec/2020:20:47:48 -0500] "GET /sipse/faces/javax.faces.resource/jquery/jquery-plugins.js?ln=primefaces&v=4.0 HTTP/1.1" 304 -
201.245.192.253 - - [27/Dec/2020:20:47:48 -0500] "GET /sipse/faces/javax.faces.resource/primefaces.js?ln=primefaces&v=4.0 HTTP/1.1" 304 -
201.245.192.253 - - [27/Dec/2020:20:47:48 -0500] "GET /sipse/faces/javax.faces.resource/layout/layout.js?ln=primefaces&v=4.0 HTTP/1.1" 304 -
201.245.192.253 - - [27/Dec/2020:20:47:48 -0500] "POST /sipse/faces/presentacion/financiero/solicitudProceso/consultarSolicitudProceso.xhtml HTTP/1.1" 200 3892
201.245.192.253 - - [27/Dec/2020:20:47:52 -0500] "POST /sipse/faces/presentacion/financiero/solicitudProceso/consultarSolicitudProceso.xhtml HTTP/1.1" 200 420972
88.99.244.56 - - [27/Dec/2020:20:47:54 -0500] "GET /bla/resoluciones/resoluciones%202002/res%202002%201601-1650/20021648.tif HTTP/1.1" 200 60752
88.99.244.56 - - [27/Dec/2020:20:48:07 -0500] "GET /bla/resoluciones/resoluciones%202002/res%202002%201601-1650/20021647.tif HTTP/1.1" 200 66118
88.99.244.56 - - [27/Dec/2020:20:48:19 -0500] "GET /bla/resoluciones/resoluciones%202002/res%202002%201601-1650/20021646.tif HTTP/1.1" 200 137166
88.99.244.56 - - [27/Dec/2020:20:48:32 -0500] "GET /bla/resoluciones/resoluciones%202002/res%202002%201601-1650/20021645.tif HTTP/1.1" 200 134876
201.245.192.253 - - [27/Dec/2020:20:48:36 -0500] "POST /sipse/faces/presentacion/financiero/solicitudProceso/consultarSolicitudProceso.xhtml HTTP/1.1" 200 37082
201.245.192.253 - - [27/Dec/2020:20:48:36 -0500] "GET /sipse/faces/javax.faces.resource/theme.css?ln=primefaces-sipse HTTP/1.1" 304 -
201.245.192.253 - - [27/Dec/2020:20:48:36 -0500] "GET /sipse/faces/javax.faces.resource/primefaces.css?ln=primefaces&v=4.0 HTTP/1.1" 304 -
201.245.192.253 - - [27/Dec/2020:20:48:36 -0500] "GET /sipse/faces/javax.faces.resource/layout/layout.css?ln=primefaces&v=4.0 HTTP/1.1" 304 -
201.245.192.253 - - [27/Dec/2020:20:48:36 -0500] "GET /sipse/faces/javax.faces.resource/jquery/jquery.js?ln=primefaces&v=4.0 HTTP/1.1" 304 -
201.245.192.253 - - [27/Dec/2020:20:48:36 -0500] "GET /sipse/faces/javax.faces.resource/jquery/jquery-plugins.js?ln=primefaces&v=4.0 HTTP/1.1" 304 -
201.245.192.253 - - [27/Dec/2020:20:48:36 -0500] "GET /sipse/faces/javax.faces.resource/primefaces.js?ln=primefaces&v=4.0 HTTP/1.1" 304 -
201.245.192.253 - - [27/Dec/2020:20:48:36 -0500] "GET /sipse/faces/javax.faces.resource/layout/layout.js?ln=primefaces&v=4.0 HTTP/1.1" 304 -
40.77.167.43 - - [27/Dec/2020:20:48:40 -0500] "-" 408 -
88.99.244.56 - - [27/Dec/2020:20:48:41 -0500] "GET /bla/resoluciones/resoluciones%202002/res%202002%201601-1650/20021644.tif HTTP/1.1" 200 103732
201.245.192.253 - - [27/Dec/2020:20:48:44 -0500] "POST /sipse/faces/presentacion/contratacion/contrato/registroPresupuestal/expedirRP.xhtml HTTP/1.1" 200 2248
88.99.244.56 - - [27/Dec/2020:20:48:45 -0500] "GET /bla/resoluciones/resoluciones%202002/res%202002%201601-1650/20021643.tif HTTP/1.1" 200 110568
201.245.192.253 - - [27/Dec/2020:20:48:48 -0500] "POST /sipse/faces/presentacion/contratacion/contrato/registroPresupuestal/expedirRP.xhtml HTTP/1.1" 200 20868
201.245.192.253 - - [27/Dec/2020:20:48:48 -0500] "GET /sipse/faces/javax.faces.resource/theme.css?ln=primefaces-sipse HTTP/1.1" 304 -
201.245.192.253 - - [27/Dec/2020:20:48:48 -0500] "GET /sipse/faces/javax.faces.resource/primefaces.css?ln=primefaces&v=4.0 HTTP/1.1" 304 -
201.245.192.253 - - [27/Dec/2020:20:48:48 -0500] "GET /sipse/faces/javax.faces.resource/layout/layout.css?ln=primefaces&v=4.0 HTTP/1.1" 304 -
201.245.192.253 - - [27/Dec/2020:20:48:48 -0500] "GET /sipse/faces/javax.faces.resource/jquery/jquery.js?ln=primefaces&v=4.0 HTTP/1.1" 304 -
201.245.192.253 - - [27/Dec/2020:20:48:48 -0500] "GET /sipse/faces/javax.faces.resource/jquery/jquery-plugins.js?ln=primefaces&v=4.0 HTTP/1.1" 304 -
201.245.192.253 - - [27/Dec/2020:20:48:48 -0500] "GET /sipse/faces/javax.faces.resource/primefaces.js?ln=primefaces&v=4.0 HTTP/1.1" 304 -
201.245.192.253 - - [27/Dec/2020:20:48:48 -0500] "GET /sipse/faces/javax.faces.resource/layout/layout.js?ln=primefaces&v=4.0 HTTP/1.1" 304 -
69.162.124.227 - - [27/Dec/2020:20:48:48 -0500] "HEAD / HTTP/1.1" 200 -
88.99.244.56 - - [27/Dec/2020:20:48:49 -0500] "GET /bla/resoluciones/resoluciones%202002/res%202002%201601-1650/20021642.tif HTTP/1.1" 200 69082
201.245.192.253 - - [27/Dec/2020:20:48:50 -0500] "POST /sipse/faces/presentacion/contratacion/contrato/registroPresupuestal/consultarActividadesRP.xhtml HTTP/1.1" 200 23022
201.245.192.253 - - [27/Dec/2020:20:48:50 -0500] "GET /sipse/faces/javax.faces.resource/primefaces.css?ln=primefaces&v=4.0 HTTP/1.1" 304 -
201.245.192.253 - - [27/Dec/2020:20:48:50 -0500] "GET /sipse/faces/javax.faces.resource/theme.css?ln=primefaces-sipse HTTP/1.1" 304 -
201.245.192.253 - - [27/Dec/2020:20:48:50 -0500] "GET /sipse/faces/javax.faces.resource/layout/layout.css?ln=primefaces&v=4.0 HTTP/1.1" 304 -
201.245.192.253 - - [27/Dec/2020:20:48:50 -0500] "GET /sipse/faces/javax.faces.resource/jquery/jquery-plugins.js?ln=primefaces&v=4.0 HTTP/1.1" 304 -
201.245.192.253 - - [27/Dec/2020:20:48:50 -0500] "GET /sipse/faces/javax.faces.resource/jquery/jquery.js?ln=primefaces&v=4.0 HTTP/1.1" 304 -
201.245.192.253 - - [27/Dec/2020:20:48:50 -0500] "GET /sipse/faces/javax.faces.resource/primefaces.js?ln=primefaces&v=4.0 HTTP/1.1" 304 -
201.245.192.253 - - [27/Dec/2020:20:48:50 -0500] "GET /sipse/faces/javax.faces.resource/layout/layout.js?ln=primefaces&v=4.0 HTTP/1.1" 304 -
88.99.244.56 - - [27/Dec/2020:20:48:53 -0500] "GET /bla/resoluciones/resoluciones%202002/res%202002%201601-1650/20021641.tif HTTP/1.1" 200 51130
201.245.192.253 - - [27/Dec/2020:20:48:54 -0500] "POST /sipse/faces/presentacion/contratacion/contrato/registroPresupuestal/asociarPresupuestoActividadesRP.xhtml HTTP/1.1" 200 37159
201.245.192.253 - - [27/Dec/2020:20:48:54 -0500] "GET /sipse/faces/javax.faces.resource/theme.css?ln=primefaces-sipse HTTP/1.1" 304 -
201.245.192.253 - - [27/Dec/2020:20:48:54 -0500] "GET /sipse/faces/javax.faces.resource/primefaces.css?ln=primefaces&v=4.0 HTTP/1.1" 304 -
201.245.192.253 - - [27/Dec/2020:20:48:54 -0500] "GET /sipse/faces/javax.faces.resource/layout/layout.css?ln=primefaces&v=4.0 HTTP/1.1" 304 -
201.245.192.253 - - [27/Dec/2020:20:48:54 -0500] "GET /sipse/faces/javax.faces.resource/jquery/jquery.js?ln=primefaces&v=4.0 HTTP/1.1" 304 -
201.245.192.253 - - [27/Dec/2020:20:48:54 -0500] "GET /sipse/faces/javax.faces.resource/jquery/jquery-plugins.js?ln=primefaces&v=4.0 HTTP/1.1" 304 -
201.245.192.253 - - [27/Dec/2020:20:48:54 -0500] "GET /sipse/faces/javax.faces.resource/primefaces.js?ln=primefaces&v=4.0 HTTP/1.1" 304 -
201.245.192.253 - - [27/Dec/2020:20:48:54 -0500] "GET /sipse/faces/javax.faces.resource/layout/layout.js?ln=primefaces&v=4.0 HTTP/1.1" 304 -
201.245.192.253 - - [27/Dec/2020:20:48:57 -0500] "POST /sipse/faces/presentacion/contratacion/contrato/registroPresupuestal/expedirRP.xhtml HTTP/1.1" 200 122323
201.245.192.253 - - [27/Dec/2020:20:48:58 -0500] "GET /sipse/faces/javax.faces.resource/primefaces.css?ln=primefaces&v=4.0 HTTP/1.1" 304 -
201.245.192.253 - - [27/Dec/2020:20:48:58 -0500] "GET /sipse/faces/javax.faces.resource/theme.css?ln=primefaces-sipse HTTP/1.1" 304 -
201.245.192.253 - - [27/Dec/2020:20:48:58 -0500] "GET /sipse/faces/javax.faces.resource/layout/layout.css?ln=primefaces&v=4.0 HTTP/1.1" 304 -
201.245.192.253 - - [27/Dec/2020:20:48:58 -0500] "GET /sipse/faces/javax.faces.resource/jquery/jquery.js?ln=primefaces&v=4.0 HTTP/1.1" 304 -
201.245.192.253 - - [27/Dec/2020:20:48:58 -0500] "GET /sipse/faces/javax.faces.resource/jquery/jquery-plugins.js?ln=primefaces&v=4.0 HTTP/1.1" 304 -
201.245.192.253 - - [27/Dec/2020:20:48:58 -0500] "GET /sipse/faces/javax.faces.resource/primefaces.js?ln=primefaces&v=4.0 HTTP/1.1" 304 -
201.245.192.253 - - [27/Dec/2020:20:48:58 -0500] "GET /sipse/faces/javax.faces.resource/layout/layout.js?ln=primefaces&v=4.0 HTTP/1.1" 304 -
88.99.244.56 - - [27/Dec/2020:20:48:59 -0500] "GET /bla/resoluciones/resoluciones%202002/res%202002%201601-1650/20021640.tif HTTP/1.1" 200 124754
201.245.192.253 - - [27/Dec/2020:20:49:01 -0500] "POST /sipse/faces/presentacion/financiero/solicitudProceso/consultarSolicitudProceso.xhtml HTTP/1.1" 200 34165
201.245.192.253 - - [27/Dec/2020:20:49:04 -0500] "GET /sipse/faces/javax.faces.resource/primefaces.css?ln=primefaces&v=4.0 HTTP/1.1" 304 -
201.245.192.253 - - [27/Dec/2020:20:49:04 -0500] "GET /sipse/faces/javax.faces.resource/theme.css?ln=primefaces-sipse HTTP/1.1" 304 -
201.245.192.253 - - [27/Dec/2020:20:49:04 -0500] "GET /sipse/faces/javax.faces.resource/layout/layout.css?ln=primefaces&v=4.0 HTTP/1.1" 304 -
201.245.192.253 - - [27/Dec/2020:20:49:04 -0500] "GET /sipse/faces/javax.faces.resource/jquery/jquery.js?ln=primefaces&v=4.0 HTTP/1.1" 304 -
201.245.192.253 - - [27/Dec/2020:20:49:04 -0500] "GET /sipse/faces/javax.faces.resource/jquery/jquery-plugins.js?ln=primefaces&v=4.0 HTTP/1.1" 304 -
201.245.192.253 - - [27/Dec/2020:20:49:04 -0500] "GET /sipse/faces/javax.faces.resource/primefaces.js?ln=primefaces&v=4.0 HTTP/1.1" 304 -
201.245.192.253 - - [27/Dec/2020:20:49:04 -0500] "GET /sipse/faces/javax.faces.resource/layout/layout.js?ln=primefaces&v=4.0 HTTP/1.1" 304 -
201.245.192.253 - - [27/Dec/2020:20:49:04 -0500] "POST /sipse/faces/presentacion/financiero/solicitudProceso/listarSolicitudProceso.xhtml HTTP/1.1" 200 1344
88.99.244.56 - - [27/Dec/2020:20:49:05 -0500] "GET /bla/resoluciones/resoluciones%202002/res%202002%201601-1650/20021639.tif HTTP/1.1" 200 109080
201.245.192.253 - - [27/Dec/2020:20:49:09 -0500] "POST /sipse/faces/presentacion/financiero/solicitudProceso/listarSolicitudProceso.xhtml HTTP/1.1" 200 118301
201.245.192.253 - - [27/Dec/2020:20:49:09 -0500] "GET /sipse/faces/javax.faces.resource/theme.css?ln=primefaces-sipse HTTP/1.1" 304 -
201.245.192.253 - - [27/Dec/2020:20:49:09 -0500] "GET /sipse/faces/javax.faces.resource/layout/layout.css?ln=primefaces&v=4.0 HTTP/1.1" 304 -
201.245.192.253 - - [27/Dec/2020:20:49:09 -0500] "GET /sipse/faces/javax.faces.resource/primefaces.css?ln=primefaces&v=4.0 HTTP/1.1" 304 -
201.245.192.253 - - [27/Dec/2020:20:49:09 -0500] "GET /sipse/faces/javax.faces.resource/jquery/jquery.js?ln=primefaces&v=4.0 HTTP/1.1" 304 -
201.245.192.253 - - [27/Dec/2020:20:49:09 -0500] "GET /sipse/faces/javax.faces.resource/jquery/jquery-plugins.js?ln=primefaces&v=4.0 HTTP/1.1" 304 -
201.245.192.253 - - [27/Dec/2020:20:49:09 -0500] "GET /sipse/faces/javax.faces.resource/primefaces.js?ln=primefaces&v=4.0 HTTP/1.1" 304 -
201.245.192.253 - - [27/Dec/2020:20:49:09 -0500] "GET /sipse/faces/javax.faces.resource/layout/layout.js?ln=primefaces&v=4.0 HTTP/1.1" 304 -
201.245.192.253 - - [27/Dec/2020:20:49:09 -0500] "POST /sipse/faces/presentacion/financiero/solicitudProceso/consultarSolicitudProceso.xhtml HTTP/1.1" 200 3892
201.245.192.253 - - [27/Dec/2020:20:49:09 -0500] "POST /sipse/faces/presentacion/financiero/solicitudProceso/consultarSolicitudProceso.xhtml HTTP/1.1" 200 3892
201.245.192.253 - - [27/Dec/2020:20:49:13 -0500] "POST /sipse/faces/presentacion/financiero/solicitudProceso/consultarSolicitudProceso.xhtml HTTP/1.1" 200 33663
201.245.192.253 - - [27/Dec/2020:20:49:13 -0500] "GET /sipse/faces/javax.faces.resource/theme.css?ln=primefaces-sipse HTTP/1.1" 304 -
201.245.192.253 - - [27/Dec/2020:20:49:13 -0500] "GET /sipse/faces/javax.faces.resource/layout/layout.css?ln=primefaces&v=4.0 HTTP/1.1" 304 -
201.245.192.253 - - [27/Dec/2020:20:49:13 -0500] "GET /sipse/faces/javax.faces.resource/primefaces.css?ln=primefaces&v=4.0 HTTP/1.1" 304 -
88.99.244.56 - - [27/Dec/2020:20:49:13 -0500] "GET /bla/resoluciones/resoluciones%202002/res%202002%201601-1650/20021638.tif HTTP/1.1" 200 129696
201.245.192.253 - - [27/Dec/2020:20:49:13 -0500] "GET /sipse/faces/javax.faces.resource/jquery/jquery.js?ln=primefaces&v=4.0 HTTP/1.1" 304 -
201.245.192.253 - - [27/Dec/2020:20:49:13 -0500] "GET /sipse/faces/javax.faces.resource/jquery/jquery-plugins.js?ln=primefaces&v=4.0 HTTP/1.1" 304 -
201.245.192.253 - - [27/Dec/2020:20:49:14 -0500] "GET /sipse/faces/javax.faces.resource/primefaces.js?ln=primefaces&v=4.0 HTTP/1.1" 304 -
201.245.192.253 - - [27/Dec/2020:20:49:14 -0500] "GET /sipse/faces/javax.faces.resource/layout/layout.js?ln=primefaces&v=4.0 HTTP/1.1" 304 -
201.245.192.253 - - [27/Dec/2020:20:49:14 -0500] "POST /sipse/faces/presentacion/financiero/solicitudProceso/listarSolicitudProceso.xhtml HTTP/1.1" 200 26918
201.245.192.253 - - [27/Dec/2020:20:49:14 -0500] "POST /sipse/faces/presentacion/financiero/solicitudProceso/listarSolicitudProceso.xhtml HTTP/1.1" 200 26918
201.245.192.253 - - [27/Dec/2020:20:49:14 -0500] "POST /sipse/faces/presentacion/financiero/solicitudProceso/listarSolicitudProceso.xhtml HTTP/1.1" 200 26918
201.245.192.253 - - [27/Dec/2020:20:49:15 -0500] "POST /sipse/faces/presentacion/financiero/solicitudProceso/listarSolicitudProceso.xhtml HTTP/1.1" 200 1344
201.245.192.253 - - [27/Dec/2020:20:49:15 -0500] "POST /sipse/faces/presentacion/financiero/solicitudProceso/listarSolicitudProceso.xhtml HTTP/1.1" 200 1344
201.245.192.253 - - [27/Dec/2020:20:49:15 -0500] "POST /sipse/faces/presentacion/financiero/solicitudProceso/listarSolicitudProceso.xhtml HTTP/1.1" 200 1344
201.245.192.253 - - [27/Dec/2020:20:49:15 -0500] "POST /sipse/faces/presentacion/financiero/solicitudProceso/listarSolicitudProceso.xhtml HTTP/1.1" 200 1344
201.245.192.253 - - [27/Dec/2020:20:49:17 -0500] "POST /sipse/faces/presentacion/financiero/solicitudProceso/listarSolicitudProceso.xhtml HTTP/1.1" 200 30919
201.245.192.253 - - [27/Dec/2020:20:49:18 -0500] "POST /sipse/faces/presentacion/financiero/solicitudProceso/listarSolicitudProceso.xhtml HTTP/1.1" 200 31100
201.245.192.253 - - [27/Dec/2020:20:49:19 -0500] "POST /sipse/faces/presentacion/financiero/solicitudProceso/listarSolicitudProceso.xhtml HTTP/1.1" 200 25206
201.245.192.253 - - [27/Dec/2020:20:49:19 -0500] "POST /sipse/faces/presentacion/financiero/solicitudProceso/listarSolicitudProceso.xhtml HTTP/1.1" 200 5187
201.245.192.253 - - [27/Dec/2020:20:49:21 -0500] "POST /sipse/faces/presentacion/financiero/solicitudProceso/listarSolicitudProceso.xhtml HTTP/1.1" 200 5191
88.99.244.56 - - [27/Dec/2020:20:49:22 -0500] "GET /bla/resoluciones/resoluciones%202002/res%202002%201601-1650/20021637.tif HTTP/1.1" 200 123904
201.245.192.253 - - [27/Dec/2020:20:49:23 -0500] "POST /sipse/faces/presentacion/financiero/solicitudProceso/listarSolicitudProceso.xhtml HTTP/1.1" 200 116023
201.245.192.253 - - [27/Dec/2020:20:49:23 -0500] "GET /sipse/faces/javax.faces.resource/theme.css?ln=primefaces-sipse HTTP/1.1" 304 -
201.245.192.253 - - [27/Dec/2020:20:49:23 -0500] "GET /sipse/faces/javax.faces.resource/primefaces.css?ln=primefaces&v=4.0 HTTP/1.1" 304 -
201.245.192.253 - - [27/Dec/2020:20:49:23 -0500] "GET /sipse/faces/javax.faces.resource/layout/layout.css?ln=primefaces&v=4.0 HTTP/1.1" 304 -
201.245.192.253 - - [27/Dec/2020:20:49:23 -0500] "GET /sipse/faces/javax.faces.resource/jquery/jquery.js?ln=primefaces&v=4.0 HTTP/1.1" 304 -
201.245.192.253 - - [27/Dec/2020:20:49:23 -0500] "GET /sipse/faces/javax.faces.resource/jquery/jquery-plugins.js?ln=primefaces&v=4.0 HTTP/1.1" 304 -
201.245.192.253 - - [27/Dec/2020:20:49:23 -0500] "GET /sipse/faces/javax.faces.resource/primefaces.js?ln=primefaces&v=4.0 HTTP/1.1" 304 -
201.245.192.253 - - [27/Dec/2020:20:49:23 -0500] "GET /sipse/faces/javax.faces.resource/layout/layout.js?ln=primefaces&v=4.0 HTTP/1.1" 304 -
