!C99Shell v. 1.0 pre-release build #13!

Software: Apache. PHP/5.5.15 

uname -a: Windows NT SVR-DMZ 6.1 build 7600 (Windows Server 2008 R2 Enterprise Edition) i586 

SYSTEM 

Safe-mode: OFF (not secure)

E:\nuevo\apache\logs\   drwxrwxrwx
Free 8.02 GB of 239.26 GB (3.35%)
Detected drives: [ a ] [ c ] [ d ] [ e ] [ f ]
Home    Back    Forward    UPDIR    Refresh    Search    Buffer    Encoder    Tools    Proc.    FTP brute    Sec.    SQL    PHP-code    Update    Feedback    Self remove    Logout    


Viewing file:     access.2021.01.02.log (1.17 MB)      -rw-rw-rw-
Select action/file-type:
(+) | (+) | (+) | Code (+) | Session (+) | (+) | SDB (+) | (+) | (+) | (+) | (+) | (+) |
181.58.63.137 - - [02/Jan/2021:00:00:38 -0500] "GET /galeria/galeria/jquery.fancybox.css?v=2.1.5 HTTP/1.1" 200 4895
181.58.63.137 - - [02/Jan/2021:00:00:38 -0500] "GET /BLA/boletinlegal/js/jquery.scrollShow.js HTTP/1.1" 200 4586
181.58.63.137 - - [02/Jan/2021:00:00:38 -0500] "GET /galeria/galeria/jquery.fancybox.js?v=2.1.5 HTTP/1.1" 200 48706
114.119.154.229 - - [02/Jan/2021:00:00:44 -0500] "GET /Autoliquidacion/index.php?dir=TR%C3%83%C2%83%C3%82%C2%AF%C3%83%C2%82%C3%82%C2%BF%C3%83%C2%82%C3%82%C2%BDMITES%2BMINER%C3%83%C2%83%C3%82%C2%AF%C3%83%C2%82%C3%82%C2%BF%C3%83%C2%82%C3%82%C2%BDA%2F&sort=name&order=asc HTTP/1.1" 200 6970
190.242.45.186 - - [02/Jan/2021:00:00:46 -0500] "GET /BLA/boletinlegal/js/jquery.scrollShow.js HTTP/1.1" 200 4586
190.242.45.186 - - [02/Jan/2021:00:00:46 -0500] "GET /galeria/galeria/jquery.fancybox.js?v=2.1.5 HTTP/1.1" 200 48706
190.242.45.186 - - [02/Jan/2021:00:00:46 -0500] "GET /galeria/galeria/jquery.fancybox.css?v=2.1.5 HTTP/1.1" 200 4895
114.119.157.166 - - [02/Jan/2021:00:00:54 -0500] "GET /BLA/resoluciones/RESOLUCIONES%202007/RES%202007%202701%20AL%202800/RESOLUCION%202791%20DE%202007.pdf HTTP/1.1" 200 640557
208.115.198.74 - - [02/Jan/2021:00:00:58 -0500] "HEAD /robots.txt HTTP/1.0" 404 -
132.157.130.250 - - [02/Jan/2021:00:01:19 -0500] "GET /galeria/galeria/jquery.fancybox.css?v=2.1.5 HTTP/1.1" 200 4895
132.157.130.250 - - [02/Jan/2021:00:01:19 -0500] "GET /galeria/galeria/jquery.fancybox.js?v=2.1.5 HTTP/1.1" 200 48706
132.157.130.250 - - [02/Jan/2021:00:01:19 -0500] "GET /BLA/boletinlegal/js/jquery.scrollShow.js HTTP/1.1" 200 4586
192.168.175.225 - - [02/Jan/2021:00:02:15 -0500] "GET / HTTP/1.1" 200 9990
13.66.139.144 - - [02/Jan/2021:00:02:32 -0500] "GET / HTTP/1.1" 200 9990
69.162.124.227 - - [02/Jan/2021:00:02:33 -0500] "HEAD / HTTP/1.1" 200 -
114.119.146.206 - - [02/Jan/2021:00:05:56 -0500] "GET /BLA/resoluciones/AUTOS%202014/3091.pdf HTTP/1.1" 200 438810
192.168.175.225 - - [02/Jan/2021:00:07:12 -0500] "GET / HTTP/1.1" 200 9990
69.162.124.227 - - [02/Jan/2021:00:07:33 -0500] "HEAD / HTTP/1.1" 200 -
181.132.35.115 - - [02/Jan/2021:00:07:36 -0500] "GET /galeria/galeria/jquery.fancybox.css?v=2.1.5 HTTP/1.1" 200 4895
181.132.35.115 - - [02/Jan/2021:00:07:36 -0500] "GET /BLA/boletinlegal/js/jquery.scrollShow.js HTTP/1.1" 200 4586
181.132.35.115 - - [02/Jan/2021:00:07:36 -0500] "GET /galeria/galeria/jquery.fancybox.js?v=2.1.5 HTTP/1.1" 200 48706
66.249.79.107 - - [02/Jan/2021:00:08:17 -0500] "GET /galeria/juegos/ear/EARI.swf HTTP/1.1" 200 526915
181.46.68.58 - - [02/Jan/2021:00:08:20 -0500] "GET /galeria/galeria/jquery.fancybox.css?v=2.1.5 HTTP/1.1" 200 4895
181.46.68.58 - - [02/Jan/2021:00:08:20 -0500] "GET /BLA/boletinlegal/js/jquery.scrollShow.js HTTP/1.1" 200 4586
181.46.68.58 - - [02/Jan/2021:00:08:22 -0500] "GET /galeria/galeria/jquery.fancybox.js?v=2.1.5 HTTP/1.1" 200 48706
66.249.79.107 - - [02/Jan/2021:00:08:32 -0500] "GET /BLA/resoluciones/RESOLUCIONES%202009/1408.pdf HTTP/1.1" 200 436845
114.119.146.206 - - [02/Jan/2021:00:10:58 -0500] "GET /BLA/resoluciones/AUTOS%202015/3958.pdf HTTP/1.1" 200 451137
201.245.192.253 - - [02/Jan/2021:00:10:33 -0500] "POST /kwsrmcab/Wsrmcab HTTP/1.1" 200 46996
201.245.192.253 - - [02/Jan/2021:00:10:32 -0500] "POST /kwsrmcab/Wsrmcab HTTP/1.1" 200 46290
201.245.192.253 - - [02/Jan/2021:00:11:16 -0500] "POST /kwsrmcab/Wsrmcab HTTP/1.1" 200 46290
190.26.47.255 - - [02/Jan/2021:00:12:03 -0500] "GET /BLA/boletinlegal/js/jquery.scrollShow.js HTTP/1.1" 200 4586
190.26.47.255 - - [02/Jan/2021:00:12:03 -0500] "GET /galeria/galeria/jquery.fancybox.js?v=2.1.5 HTTP/1.1" 200 48706
190.26.47.255 - - [02/Jan/2021:00:12:03 -0500] "GET /galeria/galeria/jquery.fancybox.css?v=2.1.5 HTTP/1.1" 200 4895
192.168.175.225 - - [02/Jan/2021:00:12:12 -0500] "GET / HTTP/1.1" 200 9990
186.155.15.46 - - [02/Jan/2021:00:12:17 -0500] "GET /galeria/galeria/jquery.fancybox.css?v=2.1.5 HTTP/1.1" 200 4895
186.155.15.46 - - [02/Jan/2021:00:12:18 -0500] "GET /BLA/boletinlegal/js/jquery.scrollShow.js HTTP/1.1" 200 4586
186.155.15.46 - - [02/Jan/2021:00:12:19 -0500] "GET /galeria/galeria/jquery.fancybox.js?v=2.1.5 HTTP/1.1" 200 48706
69.162.124.227 - - [02/Jan/2021:00:12:33 -0500] "HEAD / HTTP/1.1" 200 -
66.249.79.109 - - [02/Jan/2021:00:13:08 -0500] "GET /BLA/resoluciones/RESOLUCIONES%202009/1664.pdf HTTP/1.1" 200 724518
181.61.15.185 - - [02/Jan/2021:00:15:12 -0500] "GET /galeria/galeria/jquery.fancybox.css?v=2.1.5 HTTP/1.1" 200 4895
181.61.15.185 - - [02/Jan/2021:00:15:12 -0500] "GET /galeria/galeria/jquery.fancybox.js?v=2.1.5 HTTP/1.1" 200 48706
181.61.15.185 - - [02/Jan/2021:00:15:12 -0500] "GET /BLA/boletinlegal/js/jquery.scrollShow.js HTTP/1.1" 200 4586
114.119.153.118 - - [02/Jan/2021:00:16:00 -0500] "GET /BLA/resoluciones/RESOLUCIONES%202011/0122.pdf HTTP/1.1" 200 271319
192.168.175.225 - - [02/Jan/2021:00:17:12 -0500] "GET / HTTP/1.1" 200 9990
13.66.139.105 - - [02/Jan/2021:00:17:20 -0500] "GET / HTTP/1.1" 200 9990
69.162.124.227 - - [02/Jan/2021:00:17:33 -0500] "HEAD / HTTP/1.1" 200 -
191.106.188.21 - - [02/Jan/2021:00:17:49 -0500] "GET /galeria/galeria/jquery.fancybox.css?v=2.1.5 HTTP/1.1" 200 4895
191.106.188.21 - - [02/Jan/2021:00:17:49 -0500] "GET /galeria/galeria/jquery.fancybox.js?v=2.1.5 HTTP/1.1" 200 48706
190.157.193.144 - - [02/Jan/2021:00:17:59 -0500] "GET /BLA/boletinlegal/js/jquery.scrollShow.js HTTP/1.1" 200 4586
190.157.193.144 - - [02/Jan/2021:00:17:59 -0500] "GET /galeria/galeria/jquery.fancybox.css?v=2.1.5 HTTP/1.1" 200 4895
190.157.193.144 - - [02/Jan/2021:00:17:59 -0500] "GET /galeria/galeria/jquery.fancybox.js?v=2.1.5 HTTP/1.1" 200 48706
190.157.193.144 - - [02/Jan/2021:00:18:01 -0500] "GET /galeria/galeria/jquery.fancybox.css?v=2.1.5 HTTP/1.1" 304 -
190.157.193.144 - - [02/Jan/2021:00:18:01 -0500] "GET /galeria/galeria/jquery.fancybox.js?v=2.1.5 HTTP/1.1" 304 -
190.157.193.144 - - [02/Jan/2021:00:18:01 -0500] "GET /BLA/boletinlegal/js/jquery.scrollShow.js HTTP/1.1" 304 -
114.119.154.229 - - [02/Jan/2021:00:19:13 -0500] "GET /PORTAL_SIAC/swf/Residuos/impresion/files/guia_impresion-lit.pdf HTTP/1.1" 200 12573981
31.13.127.21 - - [02/Jan/2021:00:19:17 -0500] "GET /galeria/galeria/jquery.fancybox.css?v=2.1.5 HTTP/1.1" 200 4895
31.13.127.116 - - [02/Jan/2021:00:19:18 -0500] "GET /BLA/boletinlegal/js/jquery.scrollShow.js HTTP/1.1" 200 4586
31.13.127.8 - - [02/Jan/2021:00:19:19 -0500] "GET /galeria/galeria/jquery.fancybox.js?v=2.1.5 HTTP/1.1" 200 48706
31.13.127.22 - - [02/Jan/2021:00:19:20 -0500] "GET /galeria/carrusel/Carrusel/jquery.thumbnailScroller.css HTTP/1.1" 200 2066
31.13.127.22 - - [02/Jan/2021:00:19:20 -0500] "GET /galeria/carrusel/Carrusel/jquery.thumbnailScroller.js HTTP/1.1" 200 8157
31.13.127.6 - - [02/Jan/2021:00:19:20 -0500] "GET /galeria/carrusel/Carrusel/jquery-ui-1.8.13.custom.min.js HTTP/1.1" 200 10800
31.13.127.3 - - [02/Jan/2021:00:19:20 -0500] "GET /galeria/nivo-slider/demo/inicio80.html HTTP/1.1" 200 4368
31.13.127.22 - - [02/Jan/2021:00:19:20 -0500] "GET /galeria/nivo-slider/nivo-slider.css HTTP/1.1" 200 1507
31.13.127.3 - - [02/Jan/2021:00:19:21 -0500] "GET /galeria/nivo-slider/demo/style.css HTTP/1.1" 200 2222
31.13.127.2 - - [02/Jan/2021:00:19:21 -0500] "GET /galeria/nivo-slider/themes/default/default.css HTTP/1.1" 200 1569
31.13.127.24 - - [02/Jan/2021:00:19:21 -0500] "GET /galeria/nivo-slider/themes/orman/orman.css HTTP/1.1" 200 2152
31.13.127.18 - - [02/Jan/2021:00:19:21 -0500] "GET /galeria/nivo-slider/themes/pascal/pascal.css HTTP/1.1" 200 2258
31.13.127.22 - - [02/Jan/2021:00:19:21 -0500] "GET /galeria/nivo-slider/demo/images/bannersedessda.jpg HTTP/1.1" 200 249158
31.13.127.6 - - [02/Jan/2021:00:19:21 -0500] "GET /galeria/nivo-slider/demo/scripts/jquery-1.7.1.min.js HTTP/1.1" 200 93868
31.13.127.3 - - [02/Jan/2021:00:19:21 -0500] "GET /galeria/nivo-slider/jquery.nivo.slider.pack.js HTTP/1.1" 200 11561
31.13.127.2 - - [02/Jan/2021:00:19:21 -0500] "GET /galeria/nivo-slider/demo/images/banner2020acercar.jpg HTTP/1.1" 200 180505
31.13.127.24 - - [02/Jan/2021:00:19:21 -0500] "GET /galeria/nivo-slider/demo/images/bannermusgo2020.jpg HTTP/1.1" 200 78281
31.13.127.18 - - [02/Jan/2021:00:19:21 -0500] "GET /galeria/nivo-slider/demo/images/bannerwebrendicion.jpg HTTP/1.1" 200 251589
31.13.127.3 - - [02/Jan/2021:00:19:21 -0500] "GET /galeria/nivo-slider/demo/images/banneraperturahumedales.jpg HTTP/1.1" 200 91161
31.13.127.6 - - [02/Jan/2021:00:19:21 -0500] "GET /galeria/nivo-slider/demo/images/bannertingua2020.png HTTP/1.1" 200 105392
31.13.127.3 - - [02/Jan/2021:00:19:21 -0500] "GET /galeria/nivo-slider/demo/images/bannerresiduos.jpg HTTP/1.1" 200 155409
31.13.127.24 - - [02/Jan/2021:00:19:21 -0500] "GET /galeria/nivo-slider/demo/images/bannerclasesweb.jpg HTTP/1.1" 200 180765
31.13.127.2 - - [02/Jan/2021:00:19:22 -0500] "GET /galeria/nivo-slider/demo/images/bannerbioseguridad.jpg HTTP/1.1" 200 228661
31.13.127.3 - - [02/Jan/2021:00:19:22 -0500] "GET /galeria/nivo-slider/demo/images/Bannercuidate.jpg HTTP/1.1" 200 75508
31.13.127.3 - - [02/Jan/2021:00:19:22 -0500] "GET /galeria/nivo-slider/demo/images/Banner%20canales%20virtuales.jpg HTTP/1.1" 200 209438
31.13.127.2 - - [02/Jan/2021:00:19:22 -0500] "GET /galeria/nivo-slider/demo/images/bannerbolsas.jpg HTTP/1.1" 200 283727
31.13.127.2 - - [02/Jan/2021:00:19:22 -0500] "GET /galeria/nivo-slider/demo/images/4Simple_Slider.png HTTP/1.1" 200 11722
31.13.127.2 - - [02/Jan/2021:00:19:22 -0500] "GET /galeria/nivo-slider/themes/default/loading.gif HTTP/1.1" 200 1737
31.13.127.18 - - [02/Jan/2021:00:19:24 -0500] "GET /galeria/nivo-slider/themes/default/bullets.png HTTP/1.1" 200 1281
31.13.127.6 - - [02/Jan/2021:00:19:24 -0500] "GET /galeria/nivo-slider/themes/default/arrows.png HTTP/1.1" 200 824
114.119.142.12 - - [02/Jan/2021:00:21:03 -0500] "GET /BLA/resoluciones/RESOLUCIONES%202017/2028.pdf HTTP/1.1" 200 323362
201.245.192.253 - - [02/Jan/2021:00:20:32 -0500] "POST /kwsrmcab/Wsrmcab HTTP/1.1" 200 46996
66.249.79.111 - - [02/Jan/2021:00:21:24 -0500] "GET /BLA/resoluciones/RESOLUCIONES%202009/3499.pdf HTTP/1.1" 200 681284
181.234.10.10 - - [02/Jan/2021:00:21:34 -0500] "GET /galeria/galeria/jquery.fancybox.css?v=2.1.5 HTTP/1.1" 200 4895
181.234.10.10 - - [02/Jan/2021:00:21:34 -0500] "GET /galeria/galeria/jquery.fancybox.js?v=2.1.5 HTTP/1.1" 200 48706
181.234.10.10 - - [02/Jan/2021:00:21:34 -0500] "GET /BLA/boletinlegal/js/jquery.scrollShow.js HTTP/1.1" 200 4586
181.234.10.10 - - [02/Jan/2021:00:21:36 -0500] "GET /galeria/galeria/jquery.fancybox.css?v=2.1.5 HTTP/1.1" 304 -
181.234.10.10 - - [02/Jan/2021:00:21:36 -0500] "GET /galeria/galeria/jquery.fancybox.js?v=2.1.5 HTTP/1.1" 304 -
181.234.10.10 - - [02/Jan/2021:00:21:36 -0500] "GET /BLA/boletinlegal/js/jquery.scrollShow.js HTTP/1.1" 304 -
201.245.192.253 - - [02/Jan/2021:00:21:16 -0500] "POST /kwsrmcab/Wsrmcab HTTP/1.1" 200 46290
192.168.175.225 - - [02/Jan/2021:00:22:12 -0500] "GET / HTTP/1.1" 200 9990
69.162.124.227 - - [02/Jan/2021:00:22:33 -0500] "HEAD / HTTP/1.1" 200 -
186.146.8.196 - - [02/Jan/2021:00:22:40 -0500] "GET /galeria/galeria/jquery.fancybox.css?v=2.1.5 HTTP/1.1" 200 4895
186.146.8.196 - - [02/Jan/2021:00:22:40 -0500] "GET /BLA/boletinlegal/js/jquery.scrollShow.js HTTP/1.1" 200 4586
186.146.8.196 - - [02/Jan/2021:00:22:40 -0500] "GET /galeria/galeria/jquery.fancybox.js?v=2.1.5 HTTP/1.1" 200 48706
186.155.15.46 - - [02/Jan/2021:00:22:55 -0500] "GET /galeria/galeria/jquery.fancybox.css?v=2.1.5 HTTP/1.1" 200 4895
186.155.15.46 - - [02/Jan/2021:00:22:55 -0500] "GET /BLA/boletinlegal/js/jquery.scrollShow.js HTTP/1.1" 200 4586
186.155.15.46 - - [02/Jan/2021:00:22:55 -0500] "GET /galeria/galeria/jquery.fancybox.js?v=2.1.5 HTTP/1.1" 200 48706
186.155.15.46 - - [02/Jan/2021:00:24:24 -0500] "GET /galeria/carrusel/Carrusel/jquery.thumbnailScroller.css HTTP/1.1" 200 2066
186.155.15.46 - - [02/Jan/2021:00:24:24 -0500] "GET /galeria/carrusel/Carrusel/jquery-ui-1.8.13.custom.min.js HTTP/1.1" 200 10800
186.155.15.46 - - [02/Jan/2021:00:24:24 -0500] "GET /galeria/carrusel/Carrusel/jquery.thumbnailScroller.js HTTP/1.1" 200 8157
186.155.15.46 - - [02/Jan/2021:00:24:25 -0500] "GET /galeria/nivo-slider/demo/inicio80.html HTTP/1.1" 200 4368
186.155.15.46 - - [02/Jan/2021:00:24:26 -0500] "GET /galeria/nivo-slider/themes/default/default.css HTTP/1.1" 200 1569
186.155.15.46 - - [02/Jan/2021:00:24:26 -0500] "GET /galeria/nivo-slider/demo/style.css HTTP/1.1" 200 2222
186.155.15.46 - - [02/Jan/2021:00:24:26 -0500] "GET /galeria/nivo-slider/demo/scripts/jquery-1.7.1.min.js HTTP/1.1" 200 93868
186.155.15.46 - - [02/Jan/2021:00:24:26 -0500] "GET /galeria/nivo-slider/jquery.nivo.slider.pack.js HTTP/1.1" 200 11561
186.155.15.46 - - [02/Jan/2021:00:24:26 -0500] "GET /galeria/nivo-slider/nivo-slider.css HTTP/1.1" 200 1507
186.155.15.46 - - [02/Jan/2021:00:24:26 -0500] "GET /galeria/nivo-slider/themes/orman/orman.css HTTP/1.1" 200 2152
186.155.15.46 - - [02/Jan/2021:00:24:26 -0500] "GET /galeria/nivo-slider/demo/images/bannersedessda.jpg HTTP/1.1" 200 249158
186.155.15.46 - - [02/Jan/2021:00:24:26 -0500] "GET /galeria/nivo-slider/demo/images/bannerwebrendicion.jpg HTTP/1.1" 200 251589
186.155.15.46 - - [02/Jan/2021:00:24:26 -0500] "GET /galeria/nivo-slider/demo/images/banner2020acercar.jpg HTTP/1.1" 200 180505
186.155.15.46 - - [02/Jan/2021:00:24:26 -0500] "GET /galeria/nivo-slider/demo/images/bannermusgo2020.jpg HTTP/1.1" 200 78281
186.155.15.46 - - [02/Jan/2021:00:24:26 -0500] "GET /galeria/nivo-slider/themes/pascal/pascal.css HTTP/1.1" 200 2258
186.155.15.46 - - [02/Jan/2021:00:24:28 -0500] "GET /galeria/nivo-slider/demo/images/4Simple_Slider.png HTTP/1.1" 200 11722
186.155.15.46 - - [02/Jan/2021:00:24:31 -0500] "GET /galeria/nivo-slider/themes/default/loading.gif HTTP/1.1" 200 1737
186.155.15.46 - - [02/Jan/2021:00:24:31 -0500] "GET /galeria/nivo-slider/demo/images/banneraperturahumedales.jpg HTTP/1.1" 200 91161
186.155.15.46 - - [02/Jan/2021:00:24:32 -0500] "GET /galeria/nivo-slider/demo/images/bannertingua2020.png HTTP/1.1" 200 105392
186.155.15.46 - - [02/Jan/2021:00:24:33 -0500] "GET /galeria/nivo-slider/demo/images/bannerresiduos.jpg HTTP/1.1" 200 155409
186.155.15.46 - - [02/Jan/2021:00:24:33 -0500] "GET /galeria/nivo-slider/demo/images/bannerclasesweb.jpg HTTP/1.1" 200 180765
186.155.15.46 - - [02/Jan/2021:00:24:33 -0500] "GET /galeria/nivo-slider/demo/images/bannerbioseguridad.jpg HTTP/1.1" 200 228661
186.155.15.46 - - [02/Jan/2021:00:24:34 -0500] "GET /galeria/nivo-slider/demo/images/Bannercuidate.jpg HTTP/1.1" 200 75508
186.155.15.46 - - [02/Jan/2021:00:24:37 -0500] "GET /galeria/nivo-slider/demo/images/Banner%20canales%20virtuales.jpg HTTP/1.1" 200 209438
186.155.15.46 - - [02/Jan/2021:00:24:37 -0500] "GET /galeria/nivo-slider/demo/images/bannerbolsas.jpg HTTP/1.1" 200 283727
114.119.146.206 - - [02/Jan/2021:00:26:04 -0500] "GET /BLA/resoluciones/AUTOS%202013/0160.pdf HTTP/1.1" 200 1830014
157.55.39.35 - - [02/Jan/2021:00:27:01 -0500] "GET /Anexos%20estudio%20Organizacional%20SDA/dlf/jpg.gif HTTP/1.1" 200 597
192.168.175.225 - - [02/Jan/2021:00:27:12 -0500] "GET / HTTP/1.1" 200 9990
66.249.79.109 - - [02/Jan/2021:00:27:28 -0500] "GET /BLA/resoluciones/RESOLUCIONES%202009/1844.pdf HTTP/1.1" 200 357284
69.162.124.227 - - [02/Jan/2021:00:27:33 -0500] "HEAD / HTTP/1.1" 200 -
186.147.234.34 - - [02/Jan/2021:00:29:08 -0500] "GET /galeria/galeria/jquery.fancybox.css?v=2.1.5 HTTP/1.1" 200 4895
186.147.234.34 - - [02/Jan/2021:00:29:08 -0500] "GET /BLA/boletinlegal/js/jquery.scrollShow.js HTTP/1.1" 200 4586
186.147.234.34 - - [02/Jan/2021:00:29:08 -0500] "GET /galeria/galeria/jquery.fancybox.js?v=2.1.5 HTTP/1.1" 200 48706
40.77.190.23 - - [02/Jan/2021:00:30:06 -0500] "GET /galeria/carrusel/Carrusel/jquery.thumbnailScroller.css HTTP/1.1" 200 2066
40.77.190.45 - - [02/Jan/2021:00:30:07 -0500] "GET /galeria/carrusel/Carrusel/jquery-ui-1.8.13.custom.min.js HTTP/1.1" 200 10800
40.77.190.45 - - [02/Jan/2021:00:30:08 -0500] "GET /galeria/carrusel/Carrusel/jquery.thumbnailScroller.js HTTP/1.1" 200 8157
40.77.188.218 - - [02/Jan/2021:00:30:17 -0500] "GET /galeria/nivo-slider/demo/inicio80.html HTTP/1.1" 200 4368
40.77.188.218 - - [02/Jan/2021:00:30:18 -0500] "GET /galeria/nivo-slider/themes/pascal/pascal.css HTTP/1.1" 200 2258
40.77.189.150 - - [02/Jan/2021:00:30:19 -0500] "GET /galeria/nivo-slider/themes/orman/orman.css HTTP/1.1" 200 2152
40.77.190.107 - - [02/Jan/2021:00:30:19 -0500] "GET /galeria/nivo-slider/nivo-slider.css HTTP/1.1" 200 1507
40.77.189.10 - - [02/Jan/2021:00:30:19 -0500] "GET /galeria/nivo-slider/demo/style.css HTTP/1.1" 200 2222
40.77.190.23 - - [02/Jan/2021:00:30:19 -0500] "GET /galeria/nivo-slider/jquery.nivo.slider.pack.js HTTP/1.1" 200 11561
40.77.189.200 - - [02/Jan/2021:00:30:19 -0500] "GET /galeria/nivo-slider/demo/scripts/jquery-1.7.1.min.js HTTP/1.1" 200 93868
114.119.157.166 - - [02/Jan/2021:00:31:06 -0500] "GET /BLA/resoluciones/RESOLUCIONES%202015/1249.pdf HTTP/1.1" 200 2133301
201.245.192.253 - - [02/Jan/2021:00:30:32 -0500] "POST /kwsrmcab/Wsrmcab HTTP/1.1" 200 46996
208.80.194.31 - - [02/Jan/2021:00:31:48 -0500] "GET /galeria/nivo-slider/demo/inicio80.html HTTP/1.0" 200 4368
201.245.192.253 - - [02/Jan/2021:00:31:16 -0500] "POST /kwsrmcab/Wsrmcab HTTP/1.1" 200 46290
192.168.175.225 - - [02/Jan/2021:00:32:12 -0500] "GET / HTTP/1.1" 200 9990
69.162.124.227 - - [02/Jan/2021:00:32:33 -0500] "HEAD / HTTP/1.1" 200 -
66.249.79.107 - - [02/Jan/2021:00:32:57 -0500] "GET /BLA/resoluciones/AUTOS%202017/2788.pdf HTTP/1.1" 200 440985
66.249.79.107 - - [02/Jan/2021:00:32:58 -0500] "GET /BLA/resoluciones/RESOLUCIONES%202009/1408.pdf HTTP/1.1" 200 436845
114.119.151.133 - - [02/Jan/2021:00:33:00 -0500] "GET /BLA/boletinlegal/Directivas/2016/Directiva%20No.%2001%20del%2012%20de%20Abril%20de%202016.pdf HTTP/1.1" 200 868354
190.232.205.58 - - [02/Jan/2021:00:33:42 -0500] "GET /galeria/galeria/jquery.fancybox.css?v=2.1.5 HTTP/1.1" 200 4895
190.232.205.58 - - [02/Jan/2021:00:33:43 -0500] "GET /BLA/boletinlegal/js/jquery.scrollShow.js HTTP/1.1" 200 4586
190.232.205.58 - - [02/Jan/2021:00:33:43 -0500] "GET /galeria/galeria/jquery.fancybox.js?v=2.1.5 HTTP/1.1" 200 48706
201.143.25.31 - - [02/Jan/2021:00:34:11 -0500] "GET /galeria/galeria/jquery.fancybox.css?v=2.1.5 HTTP/1.1" 200 4895
201.143.25.31 - - [02/Jan/2021:00:34:11 -0500] "GET /BLA/boletinlegal/js/jquery.scrollShow.js HTTP/1.1" 200 4586
201.143.25.31 - - [02/Jan/2021:00:34:11 -0500] "GET /galeria/galeria/jquery.fancybox.js?v=2.1.5 HTTP/1.1" 200 48706
181.33.15.206 - - [02/Jan/2021:00:34:14 -0500] "GET /galeria/galeria/jquery.fancybox.css?v=2.1.5 HTTP/1.1" 200 4895
181.33.15.206 - - [02/Jan/2021:00:34:14 -0500] "GET /BLA/boletinlegal/js/jquery.scrollShow.js HTTP/1.1" 200 4586
181.33.15.206 - - [02/Jan/2021:00:34:14 -0500] "GET /galeria/galeria/jquery.fancybox.js?v=2.1.5 HTTP/1.1" 200 48706
181.33.15.206 - - [02/Jan/2021:00:34:19 -0500] "GET /galeria/galeria/jquery.fancybox.css?v=2.1.5 HTTP/1.1" 304 -
181.33.15.206 - - [02/Jan/2021:00:34:19 -0500] "GET /BLA/boletinlegal/js/jquery.scrollShow.js HTTP/1.1" 304 -
181.33.15.206 - - [02/Jan/2021:00:34:19 -0500] "GET /galeria/galeria/jquery.fancybox.js?v=2.1.5 HTTP/1.1" 304 -
66.249.79.111 - - [02/Jan/2021:00:35:36 -0500] "GET /resoluciones/RESOLUCIONES%202008/1916.pdf HTTP/1.1" 404 1018
114.119.148.47 - - [02/Jan/2021:00:36:09 -0500] "GET /BLA/resoluciones/RESOLUCIONES%202009/0143.pdf HTTP/1.1" 200 177033
66.249.79.111 - - [02/Jan/2021:00:36:56 -0500] "GET /BLA/resoluciones/RESOLUCIONES%202009/5633.pdf HTTP/1.1" 200 347363
192.168.175.225 - - [02/Jan/2021:00:37:12 -0500] "GET / HTTP/1.1" 200 9990
216.18.204.205 - - [02/Jan/2021:00:37:18 -0500] "GET /robots.txt HTTP/1.1" 404 1015
69.162.124.227 - - [02/Jan/2021:00:37:33 -0500] "HEAD / HTTP/1.1" 200 -
114.119.151.133 - - [02/Jan/2021:00:38:05 -0500] "GET /Autoliquidacion/index.php?dir=TR%C3%83%C2%83%C3%82%C2%83%C3%83%C2%82%C3%82%C2%AF%C3%83%C2%83%C3%82%C2%82%C3%83%C2%82%C3%82%C2%BF%C3%83%C2%83%C3%82%C2%82%C3%83%C2%82%C3%82%C2%BDMITES%2BMINER%C3%83%C2%83%C3%82%C2%83%C3%83%C2%82%C3%82%C2%AF%C3%83%C2%83%C3%82%C2%82%C3%83%C2%82%C3%82%C2%BF%C3%83%C2%83%C3%82%C2%82%C3%83%C2%82%C3%82%C2%BDA%2F&sort=date&order=desc HTTP/1.1" 200 7113
216.18.204.205 - - [02/Jan/2021:00:38:18 -0500] "GET / HTTP/1.1" 200 9990
66.249.79.111 - - [02/Jan/2021:00:38:53 -0500] "GET /BLA/resoluciones/RESOLUCIONES%202012/1356.pdf HTTP/1.1" 200 282950
191.95.48.42 - - [02/Jan/2021:00:39:32 -0500] "GET /galeria/galeria/jquery.fancybox.css?v=2.1.5 HTTP/1.1" 200 4895
191.95.48.42 - - [02/Jan/2021:00:39:32 -0500] "GET /BLA/boletinlegal/js/jquery.scrollShow.js HTTP/1.1" 200 4586
191.95.48.42 - - [02/Jan/2021:00:39:32 -0500] "GET /galeria/galeria/jquery.fancybox.js?v=2.1.5 HTTP/1.1" 200 48706
186.144.65.177 - - [02/Jan/2021:00:39:55 -0500] "GET /galeria/galeria/jquery.fancybox.js?v=2.1.5 HTTP/1.1" 200 48706
186.144.65.177 - - [02/Jan/2021:00:39:55 -0500] "GET /galeria/galeria/jquery.fancybox.css?v=2.1.5 HTTP/1.1" 200 4895
114.119.130.12 - - [02/Jan/2021:00:41:12 -0500] "GET /BLA/resoluciones/RESOLUCIONES%202007/RES%202007%201726%20AL%201800/RESOLUCION%201758%20DE%202007.pdf HTTP/1.1" 200 392203
45.231.3.247 - - [02/Jan/2021:00:41:30 -0500] "GET / HTTP/1.1" 200 9990
192.168.175.225 - - [02/Jan/2021:00:42:12 -0500] "GET / HTTP/1.1" 200 9990
69.162.124.227 - - [02/Jan/2021:00:42:33 -0500] "HEAD / HTTP/1.1" 200 -
66.249.79.109 - - [02/Jan/2021:00:43:09 -0500] "GET /BLA/resoluciones/RESOLUCIONES%202009/4274.pdf HTTP/1.1" 200 505091
114.119.151.133 - - [02/Jan/2021:00:43:12 -0500] "GET /Autoliquidacion/index.php?dir=TR%C3%AF%C2%BF%C2%BDMITES%2BACEITES-RESIDUOS-ESTACIONES%2F&sort=date&order=asc HTTP/1.1" 200 6907
186.144.108.243 - - [02/Jan/2021:00:44:17 -0500] "GET /BLA/boletinlegal/js/jquery.scrollShow.js HTTP/1.1" 200 4586
186.144.108.243 - - [02/Jan/2021:00:44:17 -0500] "GET /galeria/galeria/jquery.fancybox.css?v=2.1.5 HTTP/1.1" 200 4895
186.144.108.243 - - [02/Jan/2021:00:44:17 -0500] "GET /galeria/galeria/jquery.fancybox.js?v=2.1.5 HTTP/1.1" 200 48706
66.249.79.109 - - [02/Jan/2021:00:44:51 -0500] "GET /BLA/resoluciones/RESOLUCIONES%202013/0097.pdf HTTP/1.1" 200 936078
114.119.156.120 - - [02/Jan/2021:00:46:14 -0500] "GET /BLA/resoluciones/RESOLUCIONES%202008/0277.pdf HTTP/1.1" 200 1116535
66.249.79.107 - - [02/Jan/2021:00:46:24 -0500] "GET /BLA/resoluciones/RESOLUCIONES%202009/5998.pdf HTTP/1.1" 200 663634
192.168.175.225 - - [02/Jan/2021:00:47:12 -0500] "GET / HTTP/1.1" 200 9990
69.162.124.227 - - [02/Jan/2021:00:47:33 -0500] "HEAD / HTTP/1.1" 200 -
114.119.130.154 - - [02/Jan/2021:00:48:21 -0500] "GET /Anexos%20estudio%20Organizacional%20SDA/index.php?dir=ANEXO%2BNo.%2B1-%2BNORMAS%2BLEGALES%2BDE%2BESTRUCTURA%2BY%2BPLANTA%2FDecreto%2B562%2Bde%2B2006%2B-%2BEstablece%2Bplanta%2Bde%2Bcargos%2Bde%2BSDA.jsp_files%2F&sort=size&order=desc HTTP/1.1" 200 6429
186.144.31.199 - - [02/Jan/2021:00:49:42 -0500] "GET /galeria/galeria/jquery.fancybox.js?v=2.1.5 HTTP/1.1" 200 48706
186.144.31.199 - - [02/Jan/2021:00:49:42 -0500] "GET /galeria/galeria/jquery.fancybox.css?v=2.1.5 HTTP/1.1" 200 4895
186.144.31.199 - - [02/Jan/2021:00:49:43 -0500] "GET /galeria/galeria/fotos/Soratama2P.jpg HTTP/1.1" 200 10548
186.144.31.199 - - [02/Jan/2021:00:49:43 -0500] "GET /galeria/galeria/fotos/Soratama1P.jpg HTTP/1.1" 200 9622
186.144.31.199 - - [02/Jan/2021:00:49:43 -0500] "GET /galeria/galeria/fotos/Soratama3P.jpg HTTP/1.1" 200 11298
186.144.31.199 - - [02/Jan/2021:00:49:43 -0500] "GET /galeria/galeria/fotos/Soratama4P.jpg HTTP/1.1" 200 10482
66.249.79.109 - - [02/Jan/2021:00:51:07 -0500] "GET /BLA/resoluciones/RESOLUCIONES%202009/2059.pdf HTTP/1.1" 200 794596
13.66.139.105 - - [02/Jan/2021:00:51:14 -0500] "GET /POT-2013/index.php?dir=memoria%20justificativa/&sort=size&order=desc HTTP/1.1" 200 2483
114.119.136.138 - - [02/Jan/2021:00:51:16 -0500] "GET /BLA/resoluciones/RESOLUCIONES%202019/2024.pdf HTTP/1.1" 200 381689
192.168.175.225 - - [02/Jan/2021:00:52:12 -0500] "GET / HTTP/1.1" 200 9990
69.162.124.227 - - [02/Jan/2021:00:52:33 -0500] "HEAD / HTTP/1.1" 200 -
52.162.211.179 - - [02/Jan/2021:00:53:15 -0500] "GET /galeria/galeria/jquery.fancybox.js?v=2.1.5 HTTP/1.1" 200 48706
52.162.211.179 - - [02/Jan/2021:00:53:15 -0500] "GET /BLA/boletinlegal/js/jquery.scrollShow.js HTTP/1.1" 200 4586
52.162.211.179 - - [02/Jan/2021:00:53:15 -0500] "GET /galeria/galeria/jquery.fancybox.css?v=2.1.5 HTTP/1.1" 200 4895
52.162.211.179 - - [02/Jan/2021:00:53:21 -0500] "GET /BLA/boletinlegal/js/jquery.scrollShow.js HTTP/1.1" 200 4586
52.162.211.179 - - [02/Jan/2021:00:53:21 -0500] "GET /galeria/galeria/jquery.fancybox.js?v=2.1.5 HTTP/1.1" 200 48706
52.162.211.179 - - [02/Jan/2021:00:53:21 -0500] "GET /galeria/galeria/jquery.fancybox.css?v=2.1.5 HTTP/1.1" 200 4895
114.119.151.133 - - [02/Jan/2021:00:53:28 -0500] "GET /Autoliquidacion/index.php?dir=Solicitudes%2Brelacionadas%2Bcon%2Bcalidad%2Bdel%2Baire%2Bauditiva%2By%2Bvisual%2F&sort=size&order=asc HTTP/1.1" 200 6973
66.249.79.107 - - [02/Jan/2021:00:55:52 -0500] "GET /BLA/resoluciones/RESOLUCIONES%202009/5530.pdf HTTP/1.1" 200 320966
114.119.142.12 - - [02/Jan/2021:00:56:18 -0500] "GET /BLA/resoluciones/RESOLUCIONES%202017/0136.pdf HTTP/1.1" 200 767163
192.168.175.225 - - [02/Jan/2021:00:57:12 -0500] "GET / HTTP/1.1" 200 9990
69.162.124.227 - - [02/Jan/2021:00:57:33 -0500] "HEAD / HTTP/1.1" 200 -
66.249.79.107 - - [02/Jan/2021:00:58:01 -0500] "GET /BLA/resoluciones/RESOLUCIONES%202009/4771.pdf HTTP/1.1" 200 479457
187.171.9.108 - - [02/Jan/2021:00:58:15 -0500] "GET /BLA/boletinlegal/js/jquery.scrollShow.js HTTP/1.1" 200 4586
187.171.9.108 - - [02/Jan/2021:00:58:15 -0500] "GET /galeria/galeria/jquery.fancybox.css?v=2.1.5 HTTP/1.1" 200 4895
187.171.9.108 - - [02/Jan/2021:00:58:15 -0500] "GET /galeria/galeria/jquery.fancybox.js?v=2.1.5 HTTP/1.1" 200 48706
114.119.151.133 - - [02/Jan/2021:00:58:33 -0500] "GET /Anexos%20estudio%20Organizacional%20SDA/index.php?dir=ANEXO%2BNo.%2B7%2B-%2BPROYECTO%2BDE%2BDECRETO%2BMODIFICATORIO%2BDE%2BESTRUCTURA%2BDE%2BLA%2BSDA%2F&sort=size&order=desc HTTP/1.1" 200 6225
173.252.127.2 - - [02/Jan/2021:00:58:44 -0500] "GET /galeria/galeria/jquery.fancybox.css?v=2.1.5 HTTP/1.1" 200 4895
173.252.127.19 - - [02/Jan/2021:00:58:44 -0500] "GET /BLA/boletinlegal/js/jquery.scrollShow.js HTTP/1.1" 200 4586
173.252.127.22 - - [02/Jan/2021:00:58:45 -0500] "GET /galeria/galeria/jquery.fancybox.js?v=2.1.5 HTTP/1.1" 200 48706
114.119.157.166 - - [02/Jan/2021:01:01:20 -0500] "GET /BLA/resoluciones/RESOLUCIONES%202013/0551.pdf HTTP/1.1" 200 740080
49.7.21.91 - - [02/Jan/2021:01:01:46 -0500] "GET / HTTP/1.1" 200 9990
192.168.175.225 - - [02/Jan/2021:01:02:12 -0500] "GET / HTTP/1.1" 200 9990
69.162.124.227 - - [02/Jan/2021:01:02:33 -0500] "HEAD / HTTP/1.1" 200 -
186.113.10.19 - - [02/Jan/2021:01:02:44 -0500] "GET /galeria/nivo-slider/demo/images/alertaamarilla.jpg HTTP/1.1" 304 -
139.162.106.181 - - [02/Jan/2021:01:02:51 -0500] "GET / HTTP/1.1" 200 9990
64.31.8.10 - - [02/Jan/2021:01:03:24 -0500] "GET http://example.com/ HTTP/1.1" 200 9990
114.119.158.193 - - [02/Jan/2021:01:03:40 -0500] "GET /Autoliquidacion/index.php?dir=Solicitud%2Bde%2BClasificaci%C3%AF%C2%BF%C2%BDn%2Bde%2BImpacto%2BAmbiental%2F&sort=name&order=desc HTTP/1.1" 200 6939
66.249.79.109 - - [02/Jan/2021:01:05:20 -0500] "GET /BLA/resoluciones/RESOLUCIONES%202009/6105.pdf HTTP/1.1" 200 472035
66.249.79.111 - - [02/Jan/2021:01:06:03 -0500] "GET /galeria/galeria/fotos/2GuaymaralTorcaG2.jpg HTTP/1.1" 304 -
114.119.153.118 - - [02/Jan/2021:01:06:23 -0500] "GET /BLA/resoluciones/RESOLUCIONES%202011/0562.pdf HTTP/1.1" 200 356431
192.168.175.225 - - [02/Jan/2021:01:07:12 -0500] "GET / HTTP/1.1" 200 9990
69.162.124.227 - - [02/Jan/2021:01:07:33 -0500] "HEAD / HTTP/1.1" 200 -
186.30.92.80 - - [02/Jan/2021:01:09:06 -0500] "GET /galeria/galeria/jquery.fancybox.css?v=2.1.5 HTTP/1.1" 200 4895
186.30.92.80 - - [02/Jan/2021:01:09:06 -0500] "GET /BLA/boletinlegal/js/jquery.scrollShow.js HTTP/1.1" 200 4586
186.30.92.80 - - [02/Jan/2021:01:09:06 -0500] "GET /galeria/galeria/jquery.fancybox.js?v=2.1.5 HTTP/1.1" 200 48706
114.119.141.135 - - [02/Jan/2021:01:09:25 -0500] "GET /Autoliquidacion/index.php?dir=TR%C3%83%C2%AF%C3%82%C2%BF%C3%82%C2%BDMITES%2BACEITES-RESIDUOS-ESTACIONES%2FREGISTRO%2BACEITE%2BVEGETAL%2BUSADO%2F&sort=date&order=asc HTTP/1.1" 200 7091
201.245.192.253 - - [02/Jan/2021:01:10:32 -0500] "POST /kwsrmcab/Wsrmcab HTTP/1.1" 200 46137
201.245.192.253 - - [02/Jan/2021:01:10:32 -0500] "POST /kwsrmcab/Wsrmcab HTTP/1.1" 200 46851
114.119.153.118 - - [02/Jan/2021:01:11:24 -0500] "GET /BLA/resoluciones/RESOLUCIONES%202009/6104.pdf HTTP/1.1" 200 498867
201.245.192.253 - - [02/Jan/2021:01:11:19 -0500] "POST /kwsrmcab/Wsrmcab HTTP/1.1" 200 46137
192.168.175.225 - - [02/Jan/2021:01:12:12 -0500] "GET / HTTP/1.1" 200 9990
69.162.124.227 - - [02/Jan/2021:01:12:33 -0500] "HEAD / HTTP/1.1" 200 -
200.71.1.233 - - [02/Jan/2021:01:12:57 -0500] "GET /galeria/galeria/jquery.fancybox.css?v=2.1.5 HTTP/1.1" 200 4895
200.71.1.233 - - [02/Jan/2021:01:12:57 -0500] "GET /galeria/galeria/jquery.fancybox.js?v=2.1.5 HTTP/1.1" 200 48706
200.71.1.233 - - [02/Jan/2021:01:12:57 -0500] "GET /BLA/boletinlegal/js/jquery.scrollShow.js HTTP/1.1" 200 4586
66.249.79.107 - - [02/Jan/2021:01:13:45 -0500] "GET /BLA/resoluciones/RESOLUCIONES%202009/7105.pdf HTTP/1.1" 200 130000
66.249.79.107 - - [02/Jan/2021:01:14:48 -0500] "GET /BLA/resoluciones/RESOLUCIONES%202009/5903.pdf HTTP/1.1" 200 898128
66.249.79.109 - - [02/Jan/2021:01:15:30 -0500] "GET /BLA/resoluciones/AUTOS%202017/4288.pdf HTTP/1.1" 200 268044
114.119.153.118 - - [02/Jan/2021:01:16:26 -0500] "GET /BLA/resoluciones/RESOLUCIONES%202018/1498.pdf HTTP/1.1" 200 258997
192.168.175.225 - - [02/Jan/2021:01:17:12 -0500] "GET / HTTP/1.1" 200 9990
207.46.13.80 - - [02/Jan/2021:01:17:30 -0500] "GET /BLA/resoluciones/RESOLUCIONES%202014/1016.pdf HTTP/1.1" 304 -
69.162.124.227 - - [02/Jan/2021:01:17:33 -0500] "HEAD / HTTP/1.1" 200 -
114.119.130.154 - - [02/Jan/2021:01:17:50 -0500] "GET /Autoliquidacion/index.php?dir=TR%C3%AF%C2%BF%C2%BDMITES%2BAGUAS%2BSUBTERR%C3%AF%C2%BF%C2%BDNEAS%2F&sort=name&order=desc HTTP/1.1" 200 6894
66.249.79.109 - - [02/Jan/2021:01:18:14 -0500] "GET /BLA/resoluciones/RESOLUCIONES%202018/2418.pdf HTTP/1.1" 200 249141
208.80.194.27 - - [02/Jan/2021:01:20:06 -0500] "GET /galeria/nivo-slider/demo/inicio80.html HTTP/1.0" 200 4368
201.185.185.60 - - [02/Jan/2021:01:20:25 -0500] "GET /BLA/boletinlegal/js/jquery.scrollShow.js HTTP/1.1" 200 4586
201.185.185.60 - - [02/Jan/2021:01:20:25 -0500] "GET /galeria/galeria/jquery.fancybox.js?v=2.1.5 HTTP/1.1" 200 48706
201.185.185.60 - - [02/Jan/2021:01:20:25 -0500] "GET /galeria/galeria/jquery.fancybox.css?v=2.1.5 HTTP/1.1" 200 4895
201.185.185.60 - - [02/Jan/2021:01:20:26 -0500] "GET /galeria/galeria/jquery.fancybox.js?v=2.1.5 HTTP/1.1" 200 48706
201.185.185.60 - - [02/Jan/2021:01:20:26 -0500] "GET /galeria/galeria/jquery.fancybox.css?v=2.1.5 HTTP/1.1" 200 4895
201.185.185.60 - - [02/Jan/2021:01:20:26 -0500] "GET /BLA/boletinlegal/js/jquery.scrollShow.js HTTP/1.1" 200 4586
186.31.10.3 - - [02/Jan/2021:01:21:06 -0500] "GET /BLA/boletinlegal/js/jquery.scrollShow.js HTTP/1.1" 200 4586
186.31.10.3 - - [02/Jan/2021:01:21:06 -0500] "GET /galeria/galeria/jquery.fancybox.js?v=2.1.5 HTTP/1.1" 200 48706
186.31.10.3 - - [02/Jan/2021:01:21:06 -0500] "GET /galeria/galeria/jquery.fancybox.css?v=2.1.5 HTTP/1.1" 200 4895
186.31.10.3 - - [02/Jan/2021:01:21:08 -0500] "GET /galeria/galeria/jquery.fancybox.js?v=2.1.5 HTTP/1.1" 304 -
186.31.10.3 - - [02/Jan/2021:01:21:08 -0500] "GET /BLA/boletinlegal/js/jquery.scrollShow.js HTTP/1.1" 304 -
186.31.10.3 - - [02/Jan/2021:01:21:08 -0500] "GET /galeria/galeria/jquery.fancybox.css?v=2.1.5 HTTP/1.1" 304 -
201.245.192.253 - - [02/Jan/2021:01:20:33 -0500] "POST /kwsrmcab/Wsrmcab HTTP/1.1" 200 46851
207.46.13.14 - - [02/Jan/2021:01:21:25 -0500] "GET /Anexos%20estudio%20Organizacional%20SDA/ANEXO%20No.%201-%20NORMAS%20LEGALES%20DE%20ESTRUCTURA%20Y%20PLANTA/Decreto%20175%20de%202009_files/FFFFFFsl.gif HTTP/1.1" 200 83
114.119.142.12 - - [02/Jan/2021:01:21:29 -0500] "GET /BLA/resoluciones/AUTOS%202013/1423.pdf HTTP/1.1" 200 1676620
201.245.192.253 - - [02/Jan/2021:01:21:21 -0500] "POST /kwsrmcab/Wsrmcab HTTP/1.1" 200 46137
192.168.175.225 - - [02/Jan/2021:01:22:12 -0500] "GET / HTTP/1.1" 200 9990
69.162.124.227 - - [02/Jan/2021:01:22:33 -0500] "HEAD / HTTP/1.1" 200 -
66.249.79.107 - - [02/Jan/2021:01:24:16 -0500] "GET /BLA/resoluciones/RESOLUCIONES%202009/2307.pdf HTTP/1.1" 200 658503
191.156.147.197 - - [02/Jan/2021:01:24:49 -0500] "GET /BLA/boletinlegal/js/jquery.scrollShow.js HTTP/1.1" 200 4586
191.156.149.224 - - [02/Jan/2021:01:24:49 -0500] "GET /galeria/galeria/jquery.fancybox.js?v=2.1.5 HTTP/1.1" 200 48706
191.156.158.168 - - [02/Jan/2021:01:24:49 -0500] "GET /galeria/galeria/jquery.fancybox.css?v=2.1.5 HTTP/1.1" 200 4895
186.169.188.181 - - [02/Jan/2021:01:24:58 -0500] "GET /galeria/galeria/jquery.fancybox.css?v=2.1.5 HTTP/1.1" 200 4895
186.169.188.181 - - [02/Jan/2021:01:24:58 -0500] "GET /BLA/boletinlegal/js/jquery.scrollShow.js HTTP/1.1" 200 4586
186.169.188.181 - - [02/Jan/2021:01:24:58 -0500] "GET /galeria/galeria/jquery.fancybox.js?v=2.1.5 HTTP/1.1" 200 48706
191.156.151.189 - - [02/Jan/2021:01:25:01 -0500] "GET /BLA/boletinlegal/js/jquery.scrollShow.js HTTP/1.1" 304 -
191.156.159.104 - - [02/Jan/2021:01:25:01 -0500] "GET /galeria/galeria/jquery.fancybox.js?v=2.1.5 HTTP/1.1" 304 -
191.156.150.223 - - [02/Jan/2021:01:25:01 -0500] "GET /galeria/galeria/jquery.fancybox.css?v=2.1.5 HTTP/1.1" 304 -
66.249.79.109 - - [02/Jan/2021:01:25:02 -0500] "GET /BLA/resoluciones/RESOLUCIONES%202011/4308.pdf HTTP/1.1" 200 165747
114.119.153.118 - - [02/Jan/2021:01:26:31 -0500] "GET /BLA/resoluciones/AUTOS%202013/1992.pdf HTTP/1.1" 200 3458984
192.168.175.225 - - [02/Jan/2021:01:27:12 -0500] "GET / HTTP/1.1" 200 9990
181.132.35.115 - - [02/Jan/2021:01:27:12 -0500] "GET /galeria/galeria/jquery.fancybox.css?v=2.1.5 HTTP/1.1" 200 4895
181.132.35.115 - - [02/Jan/2021:01:27:12 -0500] "GET /galeria/galeria/jquery.fancybox.js?v=2.1.5 HTTP/1.1" 200 48706
181.132.35.115 - - [02/Jan/2021:01:27:12 -0500] "GET /BLA/boletinlegal/js/jquery.scrollShow.js HTTP/1.1" 200 4586
66.249.79.109 - - [02/Jan/2021:01:27:14 -0500] "GET /galeria/nivo-slider/demo/images/banneriniciativa.jpg HTTP/1.1" 200 200385
69.162.124.227 - - [02/Jan/2021:01:27:33 -0500] "HEAD / HTTP/1.1" 200 -
66.249.79.109 - - [02/Jan/2021:01:27:52 -0500] "GET /BLA/resoluciones/RESOLUCIONES%202009/4718.pdf HTTP/1.1" 200 359298
191.156.159.86 - - [02/Jan/2021:01:28:41 -0500] "GET /BLA/boletinlegal/js/jquery.scrollShow.js HTTP/1.1" 200 4586
191.156.150.223 - - [02/Jan/2021:01:28:41 -0500] "GET /galeria/galeria/jquery.fancybox.css?v=2.1.5 HTTP/1.1" 200 4895
191.156.149.224 - - [02/Jan/2021:01:28:41 -0500] "GET /galeria/galeria/jquery.fancybox.js?v=2.1.5 HTTP/1.1" 200 48706
181.176.124.166 - - [02/Jan/2021:01:28:45 -0500] "-" 408 -
181.176.124.166 - - [02/Jan/2021:01:28:45 -0500] "-" 408 -
181.176.124.166 - - [02/Jan/2021:01:30:00 -0500] "-" 408 -
181.176.124.166 - - [02/Jan/2021:01:30:00 -0500] "-" 408 -
186.102.3.95 - - [02/Jan/2021:01:30:37 -0500] "-" 408 -
207.46.13.74 - - [02/Jan/2021:01:30:56 -0500] "GET /galeria/galeria/fotos/4humedal-Burro4G.jpg HTTP/1.1" 200 98452
201.245.192.253 - - [02/Jan/2021:01:30:32 -0500] "POST /kwsrmcab/Wsrmcab HTTP/1.1" 200 46851
114.119.130.12 - - [02/Jan/2021:01:31:33 -0500] "GET /BLA/resoluciones/RESOLUCIONES%202011/3048.pdf HTTP/1.1" 200 693136
201.245.192.253 - - [02/Jan/2021:01:31:18 -0500] "POST /kwsrmcab/Wsrmcab HTTP/1.1" 200 46137
104.131.19.58 - - [02/Jan/2021:01:32:05 -0500] "HEAD /icons/apache_pb.gif HTTP/1.0" 200 -
192.168.175.225 - - [02/Jan/2021:01:32:12 -0500] "GET / HTTP/1.1" 200 9990
69.162.124.227 - - [02/Jan/2021:01:32:33 -0500] "HEAD / HTTP/1.1" 200 -
66.249.79.107 - - [02/Jan/2021:01:33:44 -0500] "GET /BLA/resoluciones/RESOLUCIONES%202009/5892.pdf HTTP/1.1" 200 731389
186.113.10.143 - - [02/Jan/2021:01:35:28 -0500] "GET /galeria/nivo-slider/demo/images/bannertinguaweb.jpg HTTP/1.1" 304 -
114.119.157.166 - - [02/Jan/2021:01:36:35 -0500] "GET /BLA/resoluciones/RESOLUCIONES%202008/0594.pdf HTTP/1.1" 200 302851
13.66.139.105 - - [02/Jan/2021:01:36:48 -0500] "GET / HTTP/1.1" 200 9990
66.249.79.111 - - [02/Jan/2021:01:36:59 -0500] "GET /BLA/resoluciones/RESOLUCIONES%202009/4086.pdf HTTP/1.1" 200 895524
192.168.175.225 - - [02/Jan/2021:01:37:12 -0500] "GET / HTTP/1.1" 200 9990
69.162.124.227 - - [02/Jan/2021:01:37:33 -0500] "HEAD / HTTP/1.1" 200 -
66.249.79.109 - - [02/Jan/2021:01:39:45 -0500] "GET /BLA/resoluciones/AUTOS%202014/5790.pdf HTTP/1.1" 200 209080
114.119.148.47 - - [02/Jan/2021:01:41:37 -0500] "GET /BLA/resoluciones/RESOLUCIONES%202014/1395.pdf HTTP/1.1" 200 543724
191.95.159.178 - - [02/Jan/2021:01:41:51 -0500] "GET /galeria/galeria/jquery.fancybox.css?v=2.1.5 HTTP/1.1" 200 4895
191.95.159.178 - - [02/Jan/2021:01:41:51 -0500] "GET /BLA/boletinlegal/js/jquery.scrollShow.js HTTP/1.1" 200 4586
191.95.159.178 - - [02/Jan/2021:01:41:51 -0500] "GET /galeria/galeria/jquery.fancybox.js?v=2.1.5 HTTP/1.1" 200 48706
66.249.79.109 - - [02/Jan/2021:01:42:03 -0500] "GET /BLA/resoluciones/RESOLUCIONES%202009/2075.pdf HTTP/1.1" 200 664005
192.168.175.225 - - [02/Jan/2021:01:42:12 -0500] "GET / HTTP/1.1" 200 9990
69.162.124.227 - - [02/Jan/2021:01:42:33 -0500] "HEAD / HTTP/1.1" 200 -
186.31.125.74 - - [02/Jan/2021:01:42:34 -0500] "GET /BLA/boletinlegal/js/jquery.scrollShow.js HTTP/1.1" 200 4586
186.31.125.74 - - [02/Jan/2021:01:42:34 -0500] "GET /galeria/galeria/jquery.fancybox.css?v=2.1.5 HTTP/1.1" 200 4895
186.31.125.74 - - [02/Jan/2021:01:42:34 -0500] "GET /galeria/galeria/jquery.fancybox.js?v=2.1.5 HTTP/1.1" 200 48706
66.249.79.109 - - [02/Jan/2021:01:43:12 -0500] "GET /BLA/resoluciones/RESOLUCIONES%202009/0090.pdf HTTP/1.1" 200 188593
66.249.79.109 - - [02/Jan/2021:01:43:49 -0500] "GET /BLA/resoluciones/RESOLUCIONES%202009/2238.pdf HTTP/1.1" 200 454543
66.249.68.45 - - [02/Jan/2021:01:44:04 -0500] "GET /robots.txt HTTP/1.1" 404 1019
66.249.68.43 - - [02/Jan/2021:01:44:04 -0500] "GET /ecodirectorio/files/res/downloads/download_0092.pdf HTTP/1.1" 404 1019
189.172.116.118 - - [02/Jan/2021:01:46:09 -0500] "GET /galeria/galeria/jquery.fancybox.css?v=2.1.5 HTTP/1.1" 200 4895
189.172.116.118 - - [02/Jan/2021:01:46:09 -0500] "GET /BLA/boletinlegal/js/jquery.scrollShow.js HTTP/1.1" 200 4586
189.172.116.118 - - [02/Jan/2021:01:46:09 -0500] "GET /galeria/galeria/jquery.fancybox.js?v=2.1.5 HTTP/1.1" 200 48706
114.119.156.120 - - [02/Jan/2021:01:46:39 -0500] "GET /BLA/resoluciones/AUTOS%202014/1094.pdf HTTP/1.1" 200 430876
192.168.175.225 - - [02/Jan/2021:01:47:12 -0500] "GET / HTTP/1.1" 200 9990
69.162.124.227 - - [02/Jan/2021:01:47:33 -0500] "HEAD / HTTP/1.1" 200 -
114.119.140.102 - - [02/Jan/2021:01:47:48 -0500] "GET /Autoliquidacion/index.php?dir=Solicitud%2Bde%2Bexpedici%C3%83%C2%83%C3%82%C2%AF%C3%83%C2%82%C3%82%C2%BF%C3%83%C2%82%C3%82%C2%BDn%2Bde%2Bcertificados%2Bde%2Bestado%2Bde%2Bconservaci%C3%83%C2%83%C3%82%C2%AF%C3%83%C2%82%C3%82%C2%BF%C3%83%C2%82%C3%82%C2%BDn%2Bambiental%2B%28CECA%29%2F&sort=date&order=desc HTTP/1.1" 200 7167
40.77.167.69 - - [02/Jan/2021:01:48:05 -0500] "GET /Anexos%20estudio%20Organizacional%20SDA/index.php?dir=ANEXO+No.+1-+NORMAS+LEGALES+DE+ESTRUCTURA+Y+PLANTA%2FDecreto+308+de+2001+-+Modifica+estructura+del+DAMA.jsp_files%2F HTTP/1.1" 200 10793
191.102.113.108 - - [02/Jan/2021:01:48:28 -0500] "GET /galeria/galeria/jquery.fancybox.css?v=2.1.5 HTTP/1.1" 200 4895
191.102.113.108 - - [02/Jan/2021:01:48:28 -0500] "GET /BLA/boletinlegal/js/jquery.scrollShow.js HTTP/1.1" 200 4586
191.102.113.108 - - [02/Jan/2021:01:48:28 -0500] "GET /galeria/galeria/jquery.fancybox.js?v=2.1.5 HTTP/1.1" 200 48706
66.249.79.111 - - [02/Jan/2021:01:49:11 -0500] "GET /BLA/resoluciones/RESOLUCIONES%202008/2955.pdf HTTP/1.1" 200 271184
66.249.79.107 - - [02/Jan/2021:01:51:10 -0500] "GET /galeria/galeria/fotos/mirador4G.jpg HTTP/1.1" 200 159827
179.14.27.136 - - [02/Jan/2021:01:51:22 -0500] "GET /galeria/galeria/jquery.fancybox.css?v=2.1.5 HTTP/1.1" 200 4895
179.14.27.136 - - [02/Jan/2021:01:51:22 -0500] "GET /BLA/boletinlegal/js/jquery.scrollShow.js HTTP/1.1" 200 4586
179.14.27.136 - - [02/Jan/2021:01:51:22 -0500] "GET /galeria/galeria/jquery.fancybox.js?v=2.1.5 HTTP/1.1" 200 48706
114.119.157.166 - - [02/Jan/2021:01:51:41 -0500] "GET /BLA/resoluciones/RESOLUCIONES%202014/0486.pdf HTTP/1.1" 200 671334
192.168.175.225 - - [02/Jan/2021:01:52:12 -0500] "GET / HTTP/1.1" 200 9990
69.162.124.227 - - [02/Jan/2021:01:52:33 -0500] "HEAD / HTTP/1.1" 200 -
66.249.79.109 - - [02/Jan/2021:01:52:40 -0500] "GET /BLA/resoluciones/RESOLUCIONES%202009/1685.pdf HTTP/1.1" 200 650541
114.119.140.102 - - [02/Jan/2021:01:52:54 -0500] "GET /Autoliquidacion/index.php?dir=Solicitud%2Bde%2BLicencia%2BAmbiental%2F&sort=size&order=asc HTTP/1.1" 200 6877
66.249.79.111 - - [02/Jan/2021:01:53:21 -0500] "GET /BLA/resoluciones/AUTOS%202014/0990.pdf HTTP/1.1" 200 292484
114.119.142.12 - - [02/Jan/2021:01:56:43 -0500] "GET /BLA/resoluciones/AUTOS%202015/0168.pdf HTTP/1.1" 200 7751204
192.168.175.225 - - [02/Jan/2021:01:57:12 -0500] "GET / HTTP/1.1" 200 9990
69.162.124.227 - - [02/Jan/2021:01:57:33 -0500] "HEAD / HTTP/1.1" 200 -
114.119.140.102 - - [02/Jan/2021:01:58:00 -0500] "GET /Autoliquidacion/index.php?dir=Solicitudes%2Brelacionadas%2Bcon%2Bocupaci%C3%83%C2%83%C3%82%C2%83%C3%83%C2%82%C3%82%C2%83%C3%83%C2%83%C3%82%C2%82%C3%83%C2%82%C3%82%C2%AF%C3%83%C2%83%C3%82%C2%83%C3%83%C2%82%C3%82%C2%82%C3%83%C2%83%C3%82%C2%82%C3%83%C2%82%C3%82%C2%BF%C3%83%C2%83%C3%82%C2%83%C3%83%C2%82%C3%82%C2%82%C3%83%C2%83%C3%82%C2%82%C3%83%C2%82%C3%82%C2%BDn%2Bde%2Bcauce%2F&sort=name&order=asc HTTP/1.1" 200 7210
181.154.203.11 - - [02/Jan/2021:01:58:16 -0500] "GET /BLA/boletinlegal/js/jquery.scrollShow.js HTTP/1.1" 200 4586
181.154.203.11 - - [02/Jan/2021:01:58:18 -0500] "GET /galeria/galeria/jquery.fancybox.css?v=2.1.5 HTTP/1.1" 200 4895
181.154.203.11 - - [02/Jan/2021:01:58:19 -0500] "GET /galeria/galeria/jquery.fancybox.js?v=2.1.5 HTTP/1.1" 200 48706
100.20.9.227 - - [02/Jan/2021:01:59:27 -0500] "GET /BLA/boletinlegal/js/jquery.scrollShow.js HTTP/1.1" 200 4586
52.37.115.140 - - [02/Jan/2021:01:59:27 -0500] "GET /galeria/galeria/jquery.fancybox.js?v=2.1.5 HTTP/1.1" 200 48706
34.208.232.55 - - [02/Jan/2021:01:59:27 -0500] "GET /galeria/galeria/jquery.fancybox.css?v=2.1.5 HTTP/1.1" 200 4895
66.249.79.107 - - [02/Jan/2021:01:59:28 -0500] "GET /sig/CALIDAD/NORMATIVIDAD/NTC-ISO14001%202004.pdf HTTP/1.1" 404 1018
114.119.136.138 - - [02/Jan/2021:02:01:45 -0500] "GET /BLA/resoluciones/AUTOS%202015/6475.pdf HTTP/1.1" 200 513118
66.249.79.107 - - [02/Jan/2021:02:02:08 -0500] "GET /BLA/resoluciones/RESOLUCIONES%202009/3395.pdf HTTP/1.1" 200 473153
192.168.175.225 - - [02/Jan/2021:02:02:12 -0500] "GET / HTTP/1.1" 200 9990
69.162.124.227 - - [02/Jan/2021:02:02:33 -0500] "HEAD / HTTP/1.1" 200 -
114.119.145.140 - - [02/Jan/2021:02:03:06 -0500] "GET /SIG/index.php?dir&sort=date&order=desc HTTP/1.1" 200 4513
66.249.79.111 - - [02/Jan/2021:02:04:02 -0500] "GET /BLA/resoluciones/RESOLUCIONES%202009/6727.pdf HTTP/1.1" 200 316364
186.113.10.143 - - [02/Jan/2021:02:04:07 -0500] "GET /galeria/nivo-slider/demo/images/bannerpuntosweb.jpg HTTP/1.1" 304 -
114.119.153.118 - - [02/Jan/2021:02:06:47 -0500] "GET /BLA/resoluciones/RESOLUCIONES%202011/1617.pdf HTTP/1.1" 200 92771
192.168.175.225 - - [02/Jan/2021:02:07:12 -0500] "GET / HTTP/1.1" 200 9990
69.162.124.227 - - [02/Jan/2021:02:07:33 -0500] "HEAD / HTTP/1.1" 200 -
157.55.39.1 - - [02/Jan/2021:02:08:05 -0500] "GET /robots.txt HTTP/1.1" 404 1019
114.119.158.193 - - [02/Jan/2021:02:08:12 -0500] "GET /Autoliquidacion/index.php?dir=Cobro%2BEvaluacion%2BCertificaci%C3%83%C2%83%C3%82%C2%AF%C3%83%C2%82%C3%82%C2%BF%C3%83%C2%82%C3%82%C2%BDn%2BPara%2BLa%2BDeducci%C3%83%C2%83%C3%82%C2%AF%C3%83%C2%82%C3%82%C2%BF%C3%83%C2%82%C3%82%C2%BDn%2BPor%2BInversi%C3%83%C2%83%C3%82%C2%AF%C3%83%C2%82%C3%82%C2%BF%C3%83%C2%82%C3%82%C2%BDn%2BEn%2BMedio%2BAmbiente%2F&sort=size&order=desc HTTP/1.1" 200 7230
40.77.167.57 - - [02/Jan/2021:02:08:26 -0500] "GET /Anexos%20estudio%20Organizacional%20SDA/ANEXO%20No.%201-%20NORMAS%20LEGALES%20DE%20ESTRUCTURA%20Y%20PLANTA/Acuerdo%209%20de%201990%20Concejo%20de%20Bogot%C3%A1._files/arrowl.png HTTP/1.1" 200 423
178.62.91.137 - - [02/Jan/2021:02:08:31 -0500] "GET / HTTP/1.1" 200 9990
178.62.91.137 - - [02/Jan/2021:02:08:32 -0500] "GET /favicon.ico HTTP/1.1" 200 7782
201.245.192.253 - - [02/Jan/2021:02:10:32 -0500] "POST /kwsrmcab/Wsrmcab HTTP/1.1" 200 46851
201.245.192.253 - - [02/Jan/2021:02:10:31 -0500] "POST /kwsrmcab/Wsrmcab HTTP/1.1" 200 46622
66.249.79.107 - - [02/Jan/2021:02:11:36 -0500] "GET /BLA/resoluciones/RESOLUCIONES%202009/3421.pdf HTTP/1.1" 200 486245
114.119.142.12 - - [02/Jan/2021:02:11:49 -0500] "GET /BLA/resoluciones/AUTOS%202015/2272.pdf HTTP/1.1" 200 638050
201.245.192.253 - - [02/Jan/2021:02:11:15 -0500] "POST /kwsrmcab/Wsrmcab HTTP/1.1" 200 46622
192.168.175.225 - - [02/Jan/2021:02:12:12 -0500] "GET / HTTP/1.1" 200 9990
69.162.124.227 - - [02/Jan/2021:02:12:33 -0500] "HEAD / HTTP/1.1" 200 -
66.249.79.109 - - [02/Jan/2021:02:13:57 -0500] "GET /BLA/resoluciones/RESOLUCIONES%202009/2345.pdf HTTP/1.1" 200 447981
66.249.79.111 - - [02/Jan/2021:02:14:00 -0500] "GET /BLA/resoluciones/RESOLUCIONES%202009/5903.pdf HTTP/1.1" 200 898128
114.119.135.169 - - [02/Jan/2021:02:16:51 -0500] "GET /BLA/resoluciones/AUTOS%202014/5663.pdf HTTP/1.1" 200 333325
13.66.139.105 - - [02/Jan/2021:02:17:11 -0500] "GET /Anexos%20estudio%20Organizacional%20SDA/dlf/unknown.png HTTP/1.1" 200 266
192.168.175.225 - - [02/Jan/2021:02:17:12 -0500] "GET / HTTP/1.1" 200 9990
69.162.124.227 - - [02/Jan/2021:02:17:33 -0500] "HEAD / HTTP/1.1" 200 -
201.143.25.31 - - [02/Jan/2021:02:18:06 -0500] "-" 408 -
66.249.79.109 - - [02/Jan/2021:02:19:13 -0500] "GET /BLA/resoluciones/RESOLUCIONES%202009/4842.pdf HTTP/1.1" 200 386994
186.147.187.92 - - [02/Jan/2021:02:19:48 -0500] "GET /BLA/boletinlegal/js/jquery.scrollShow.js HTTP/1.1" 200 4586
186.147.187.92 - - [02/Jan/2021:02:19:48 -0500] "GET /galeria/galeria/jquery.fancybox.css?v=2.1.5 HTTP/1.1" 200 4895
186.147.187.92 - - [02/Jan/2021:02:19:48 -0500] "GET /galeria/galeria/jquery.fancybox.js?v=2.1.5 HTTP/1.1" 200 48706
66.249.79.107 - - [02/Jan/2021:02:21:04 -0500] "GET /BLA/resoluciones/RESOLUCIONES%202009/0900.pdf HTTP/1.1" 200 824185
201.245.192.253 - - [02/Jan/2021:02:20:33 -0500] "POST /kwsrmcab/Wsrmcab HTTP/1.1" 200 46851
66.249.79.109 - - [02/Jan/2021:02:21:41 -0500] "GET /BLA/resoluciones/AUTOS%202014/2771.pdf HTTP/1.1" 200 465836
114.119.135.169 - - [02/Jan/2021:02:21:53 -0500] "GET /BLA/resoluciones/RESOLUCIONES%202009/3570.pdf HTTP/1.1" 200 1726626
201.245.192.253 - - [02/Jan/2021:02:21:20 -0500] "POST /kwsrmcab/Wsrmcab HTTP/1.1" 200 46622
192.168.175.225 - - [02/Jan/2021:02:22:12 -0500] "GET / HTTP/1.1" 200 9990
69.162.124.227 - - [02/Jan/2021:02:22:33 -0500] "HEAD / HTTP/1.1" 200 -
66.249.79.109 - - [02/Jan/2021:02:24:08 -0500] "GET /BLA/resoluciones/AUTOS%202015/1104.pdf HTTP/1.1" 200 319070
20.36.244.102 - - [02/Jan/2021:02:25:01 -0500] "GET /noticias/rssambiente.php HTTP/1.1" 200 10690
66.249.79.107 - - [02/Jan/2021:02:26:36 -0500] "GET /resoluciones/RESOLUCIONES%202007/RES%202007%20101%20AL%20200/RESOLUCION%200110%20%20DE%202007.pdf HTTP/1.1" 404 1018
66.249.79.109 - - [02/Jan/2021:02:26:52 -0500] "GET /BLA/resoluciones/AUTOS%202015/3909.pdf HTTP/1.1" 200 586209
114.119.159.6 - - [02/Jan/2021:02:26:55 -0500] "GET /BLA/resoluciones/AUTOS%202016/2706.pdf HTTP/1.1" 200 272157
192.168.175.225 - - [02/Jan/2021:02:27:12 -0500] "GET / HTTP/1.1" 200 9990
66.249.68.45 - - [02/Jan/2021:02:27:14 -0500] "GET /galeria/nivo-slider/demo/images/images/Banner%20Bioexpo.jpg HTTP/1.1" 404 1019
66.249.79.107 - - [02/Jan/2021:02:27:15 -0500] "GET /BLA/resoluciones/AUTOS%202014/1133.pdf HTTP/1.1" 200 411250
69.162.124.227 - - [02/Jan/2021:02:27:33 -0500] "HEAD / HTTP/1.1" 200 -
66.249.79.109 - - [02/Jan/2021:02:30:31 -0500] "GET /BLA/resoluciones/RESOLUCIONES%202009/2230.pdf HTTP/1.1" 200 715131
66.249.79.111 - - [02/Jan/2021:02:31:04 -0500] "GET /BLA/resoluciones/AUTOS%202017/1057.pdf HTTP/1.1" 200 335976
201.245.192.253 - - [02/Jan/2021:02:30:32 -0500] "POST /kwsrmcab/Wsrmcab HTTP/1.1" 200 46851
114.119.159.6 - - [02/Jan/2021:02:31:57 -0500] "GET /BLA/resoluciones/AUTOS%202013/0209.pdf HTTP/1.1" 200 378195
201.245.192.253 - - [02/Jan/2021:02:31:17 -0500] "POST /kwsrmcab/Wsrmcab HTTP/1.1" 200 46622
192.168.175.225 - - [02/Jan/2021:02:32:12 -0500] "GET / HTTP/1.1" 200 9990
69.162.124.227 - - [02/Jan/2021:02:32:33 -0500] "HEAD / HTTP/1.1" 200 -
114.119.151.133 - - [02/Jan/2021:02:34:15 -0500] "GET /Autoliquidacion/index.php?dir=Permiso%2Bde%2Bocupaci%C3%83%C2%83%C3%82%C2%83%C3%83%C2%82%C3%82%C2%AF%C3%83%C2%83%C3%82%C2%82%C3%83%C2%82%C3%82%C2%BF%C3%83%C2%83%C3%82%C2%82%C3%83%C2%82%C3%82%C2%BDn%2Bde%2Bcauce%2F&sort=size&order=desc HTTP/1.1" 200 7011
66.249.79.107 - - [02/Jan/2021:02:34:17 -0500] "GET /BLA/resoluciones/RESOLUCIONES%202010/3496.pdf HTTP/1.1" 200 512765
66.249.79.107 - - [02/Jan/2021:02:34:18 -0500] "GET /BLA/resoluciones/RESOLUCIONES%202009/3395.pdf HTTP/1.1" 200 473153
66.249.79.109 - - [02/Jan/2021:02:34:19 -0500] "GET /BLA/resoluciones/RESOLUCIONES%202010/4778.pdf HTTP/1.1" 200 444951
