181.136.186.57 - - [03/Jan/2021:08:49:24 -0500] "GET /galeria/galeria/jquery.fancybox.js?v=2.1.5 HTTP/1.1" 200 48706
181.136.186.57 - - [03/Jan/2021:08:49:24 -0500] "GET /BLA/boletinlegal/js/jquery.scrollShow.js HTTP/1.1" 200 4586
181.136.186.57 - - [03/Jan/2021:08:49:24 -0500] "GET /galeria/galeria/jquery.fancybox.css?v=2.1.5 HTTP/1.1" 200 4895
181.136.186.57 - - [03/Jan/2021:08:49:26 -0500] "GET /galeria/galeria/jquery.fancybox.js?v=2.1.5 HTTP/1.1" 304 -
181.136.186.57 - - [03/Jan/2021:08:49:26 -0500] "GET /BLA/boletinlegal/js/jquery.scrollShow.js HTTP/1.1" 304 -
181.136.186.57 - - [03/Jan/2021:08:49:26 -0500] "GET /galeria/galeria/jquery.fancybox.css?v=2.1.5 HTTP/1.1" 304 -
179.7.136.85 - - [03/Jan/2021:08:49:41 -0500] "GET /galeria/galeria/jquery.fancybox.css?v=2.1.5 HTTP/1.1" 200 4895
179.7.136.85 - - [03/Jan/2021:08:49:41 -0500] "GET /BLA/boletinlegal/js/jquery.scrollShow.js HTTP/1.1" 200 4586
179.7.136.85 - - [03/Jan/2021:08:49:41 -0500] "GET /galeria/galeria/jquery.fancybox.js?v=2.1.5 HTTP/1.1" 200 48706
181.105.124.175 - - [03/Jan/2021:08:50:01 -0500] "GET /galeria/galeria/jquery.fancybox.css?v=2.1.5 HTTP/1.1" 200 4895
181.105.124.175 - - [03/Jan/2021:08:50:01 -0500] "GET /BLA/boletinlegal/js/jquery.scrollShow.js HTTP/1.1" 200 4586
181.105.124.175 - - [03/Jan/2021:08:50:01 -0500] "GET /galeria/galeria/jquery.fancybox.js?v=2.1.5 HTTP/1.1" 200 48706
114.119.156.120 - - [03/Jan/2021:08:50:05 -0500] "GET /BLA/resoluciones/RESOLUCIONES%202016/1110.pdf HTTP/1.1" 200 443014
13.66.139.105 - - [03/Jan/2021:08:50:58 -0500] "GET / HTTP/1.1" 200 9990
66.249.79.107 - - [03/Jan/2021:08:51:00 -0500] "GET /autoliquidacion2020 HTTP/1.1" 301 250
66.249.79.111 - - [03/Jan/2021:08:51:01 -0500] "GET /autoliquidacion2020/ HTTP/1.1" 200 6146
66.249.79.109 - - [03/Jan/2021:08:51:01 -0500] "GET /autoliquidacion2020/dlf/styles.css HTTP/1.1" 200 3045
192.168.175.225 - - [03/Jan/2021:08:51:44 -0500] "GET / HTTP/1.1" 200 9990
66.249.79.107 - - [03/Jan/2021:08:51:56 -0500] "GET /BLA/resoluciones/RESOLUCIONES%202009/2604.pdf HTTP/1.1" 200 424992
69.162.124.227 - - [03/Jan/2021:08:52:12 -0500] "HEAD / HTTP/1.1" 200 -
114.119.157.103 - - [03/Jan/2021:08:53:05 -0500] "GET /Autoliquidacion/index.php?dir=Solicitudes%2Brelacionadas%2Bcon%2Bocupaci%C3%83%C2%83%C3%82%C2%AF%C3%83%C2%82%C3%82%C2%BF%C3%83%C2%82%C3%82%C2%BDn%2Bde%2Bcauce%2F&sort=name&order=desc HTTP/1.1" 200 6993
66.249.79.107 - - [03/Jan/2021:08:53:10 -0500] "GET /BLA/resoluciones/RESOLUCIONES%202009/5029.pdf HTTP/1.1" 200 655985
186.82.8.222 - - [03/Jan/2021:08:53:15 -0500] "GET /BLA/boletinlegal/js/jquery.scrollShow.js HTTP/1.1" 200 4586
186.82.8.222 - - [03/Jan/2021:08:53:15 -0500] "GET /galeria/galeria/jquery.fancybox.css?v=2.1.5 HTTP/1.1" 200 4895
186.82.8.222 - - [03/Jan/2021:08:53:15 -0500] "GET /galeria/galeria/jquery.fancybox.js?v=2.1.5 HTTP/1.1" 200 48706
186.84.20.79 - - [03/Jan/2021:08:53:47 -0500] "GET /galeria/galeria/jquery.fancybox.js?v=2.1.5 HTTP/1.1" 200 48706
186.84.20.79 - - [03/Jan/2021:08:53:47 -0500] "GET /BLA/boletinlegal/js/jquery.scrollShow.js HTTP/1.1" 200 4586
186.84.20.79 - - [03/Jan/2021:08:53:47 -0500] "GET /galeria/galeria/jquery.fancybox.css?v=2.1.5 HTTP/1.1" 200 4895
186.113.10.143 - - [03/Jan/2021:08:54:07 -0500] "GET /galeria/nivo-slider/demo/images/bannerincendiosweb.jpg HTTP/1.1" 304 -
42.236.10.110 - - [03/Jan/2021:08:54:20 -0500] "GET /galeria/galeria/jquery.fancybox.css?v=2.1.5 HTTP/1.1" 200 4895
42.236.10.90 - - [03/Jan/2021:08:54:20 -0500] "GET /BLA/boletinlegal/js/jquery.scrollShow.js HTTP/1.1" 200 4586
42.236.10.79 - - [03/Jan/2021:08:54:20 -0500] "GET /galeria/galeria/jquery.fancybox.js?v=2.1.5 HTTP/1.1" 200 48706
66.249.79.107 - - [03/Jan/2021:08:54:25 -0500] "GET /BLA/resoluciones/RESOLUCIONES%202009/3160.pdf HTTP/1.1" 200 478363
42.236.10.121 - - [03/Jan/2021:08:54:37 -0500] "GET /galeria/carrusel/Carrusel/jquery.thumbnailScroller.css HTTP/1.1" 200 2066
42.236.10.91 - - [03/Jan/2021:08:54:40 -0500] "GET /galeria/carrusel/Carrusel/jquery-ui-1.8.13.custom.min.js HTTP/1.1" 200 10800
42.236.10.71 - - [03/Jan/2021:08:54:41 -0500] "GET /galeria/carrusel/Carrusel/jquery.thumbnailScroller.js HTTP/1.1" 200 8157
191.106.145.218 - - [03/Jan/2021:08:54:59 -0500] "GET /galeria/galeria/jquery.fancybox.css?v=2.1.5 HTTP/1.1" 200 4895
191.106.145.218 - - [03/Jan/2021:08:54:59 -0500] "GET /BLA/boletinlegal/js/jquery.scrollShow.js HTTP/1.1" 200 4586
191.106.145.218 - - [03/Jan/2021:08:54:59 -0500] "GET /galeria/galeria/jquery.fancybox.js?v=2.1.5 HTTP/1.1" 200 48706
114.119.159.6 - - [03/Jan/2021:08:55:07 -0500] "GET /BLA/resoluciones/RESOLUCIONES%202007/RES%202007%202401%20AL%202500/RESOLUCION%202459%20DE%202007.pdf HTTP/1.1" 200 858374
66.249.79.111 - - [03/Jan/2021:08:55:36 -0500] "GET /BLA/resoluciones/RESOLUCIONES%202009/4082.pdf HTTP/1.1" 200 521211
192.168.175.225 - - [03/Jan/2021:08:56:44 -0500] "GET / HTTP/1.1" 200 9990
66.249.79.107 - - [03/Jan/2021:08:56:49 -0500] "GET /BLA/resoluciones/RESOLUCIONES%202009/2509.pdf HTTP/1.1" 200 329792
190.162.253.17 - - [03/Jan/2021:08:56:49 -0500] "GET /BLA/resoluciones/ HTTP/1.1" 200 12275
190.162.253.17 - - [03/Jan/2021:08:56:52 -0500] "GET /BLA/resoluciones/index.php?dir=RESOLUCIONES+2019%2F HTTP/1.1" 200 195238
190.162.253.17 - - [03/Jan/2021:08:57:10 -0500] "GET /BLA/resoluciones/RESOLUCIONES%202019/3581.pdf HTTP/1.1" 200 384514
69.162.124.227 - - [03/Jan/2021:08:57:12 -0500] "HEAD / HTTP/1.1" 200 -
114.119.145.140 - - [03/Jan/2021:08:58:12 -0500] "GET /Anexos%20estudio%20Organizacional%20SDA/index.php?dir=ANEXO%2BNo.%2B8%2B-%2BMATRICES%2BDE%2BREGISTRO%2BY%2BDE%2BSALIDA%2BMEDICI%C3%83%C2%AF%C3%82%C2%BF%C3%82%C2%BDN%2BCARGAS%2BLABORALES%2BSDA%2F HTTP/1.1" 200 6274
186.82.74.33 - - [03/Jan/2021:08:59:31 -0500] "GET /galeria/nivo-slider/demo/inicio80.html HTTP/1.1" 200 3895
186.82.74.33 - - [03/Jan/2021:08:59:32 -0500] "GET /galeria/nivo-slider/demo/images/banner2020acercar.jpg HTTP/1.1" 304 -
186.82.74.33 - - [03/Jan/2021:08:59:32 -0500] "GET /galeria/nivo-slider/demo/images/banneraperturahumedales.jpg HTTP/1.1" 304 -
186.82.74.33 - - [03/Jan/2021:08:59:32 -0500] "GET /galeria/nivo-slider/demo/images/bannerresiduos.jpg HTTP/1.1" 304 -
186.82.74.33 - - [03/Jan/2021:08:59:32 -0500] "GET /galeria/nivo-slider/demo/images/bannertingua2020.png HTTP/1.1" 304 -
186.82.74.33 - - [03/Jan/2021:08:59:32 -0500] "GET /galeria/nivo-slider/demo/images/bannerclasesweb.jpg HTTP/1.1" 304 -
186.82.74.33 - - [03/Jan/2021:08:59:32 -0500] "GET /galeria/nivo-slider/demo/images/bannerbolsas.jpg HTTP/1.1" 304 -
186.82.74.33 - - [03/Jan/2021:08:59:32 -0500] "GET /galeria/nivo-slider/demo/images/bannermusgo2020.jpg HTTP/1.1" 304 -
186.155.147.141 - - [03/Jan/2021:08:59:44 -0500] "GET /BLA/boletinlegal/js/jquery.scrollShow.js HTTP/1.1" 200 4586
186.155.147.141 - - [03/Jan/2021:08:59:44 -0500] "GET /galeria/galeria/jquery.fancybox.css?v=2.1.5 HTTP/1.1" 200 4895
186.155.147.141 - - [03/Jan/2021:08:59:44 -0500] "GET /galeria/galeria/jquery.fancybox.js?v=2.1.5 HTTP/1.1" 200 48706
186.155.147.141 - - [03/Jan/2021:08:59:46 -0500] "GET /BLA/boletinlegal/js/jquery.scrollShow.js HTTP/1.1" 304 -
186.155.147.141 - - [03/Jan/2021:08:59:46 -0500] "GET /galeria/galeria/jquery.fancybox.css?v=2.1.5 HTTP/1.1" 304 -
186.155.147.141 - - [03/Jan/2021:08:59:46 -0500] "GET /galeria/galeria/jquery.fancybox.js?v=2.1.5 HTTP/1.1" 304 -
114.119.135.63 - - [03/Jan/2021:09:00:08 -0500] "GET /robots.txt HTTP/1.1" 404 1018
192.168.175.225 - - [03/Jan/2021:09:01:40 -0500] "GET / HTTP/1.1" 200 9990
66.249.79.107 - - [03/Jan/2021:09:01:58 -0500] "GET /BLA/resoluciones/RESOLUCIONES%202009/3718.pdf HTTP/1.1" 200 117085
66.249.79.111 - - [03/Jan/2021:09:02:00 -0500] "GET /BLA/resoluciones/RESOLUCIONES%202009/5716.pdf HTTP/1.1" 200 473710
69.162.124.227 - - [03/Jan/2021:09:02:12 -0500] "HEAD / HTTP/1.1" 200 -
66.249.68.47 - - [03/Jan/2021:09:02:34 -0500] "GET /BLA/boletinlegal/Circulares/2011/Circular%20No.%207%20del%2023%20de%20Diciembre%20de%202011.pdf HTTP/1.1" 200 1107785
114.119.145.140 - - [03/Jan/2021:09:03:20 -0500] "GET /POT-2013/index.php?dir=SEGUIMIENTO%2F&sort=name&order=asc HTTP/1.1" 200 2147
66.249.79.111 - - [03/Jan/2021:09:03:22 -0500] "GET /BLA/resoluciones/RESOLUCIONES%202009/6262.pdf HTTP/1.1" 200 435761
191.156.159.217 - - [03/Jan/2021:09:03:31 -0500] "-" 408 -
186.144.240.102 - - [03/Jan/2021:09:03:56 -0500] "GET /galeria/galeria/jquery.fancybox.css?v=2.1.5 HTTP/1.1" 200 4895
186.144.240.102 - - [03/Jan/2021:09:03:56 -0500] "GET /galeria/galeria/jquery.fancybox.js?v=2.1.5 HTTP/1.1" 200 48706
186.144.240.102 - - [03/Jan/2021:09:03:57 -0500] "GET /galeria/galeria/fotos/Soratama1P.jpg HTTP/1.1" 200 9622
186.144.240.102 - - [03/Jan/2021:09:03:57 -0500] "GET /galeria/galeria/fotos/Soratama2P.jpg HTTP/1.1" 200 10548
186.144.240.102 - - [03/Jan/2021:09:03:57 -0500] "GET /galeria/galeria/fotos/Soratama3P.jpg HTTP/1.1" 200 11298
186.144.240.102 - - [03/Jan/2021:09:03:57 -0500] "GET /galeria/galeria/fotos/Soratama4P.jpg HTTP/1.1" 200 10482
66.249.79.109 - - [03/Jan/2021:09:04:47 -0500] "GET /BLA/resoluciones/RESOLUCIONES%202009/5553.pdf HTTP/1.1" 200 499811
200.108.56.130 - - [03/Jan/2021:09:04:49 -0500] "GET /galeria/galeria/jquery.fancybox.js?v=2.1.5 HTTP/1.1" 200 48706
200.108.56.130 - - [03/Jan/2021:09:04:49 -0500] "GET /BLA/boletinlegal/js/jquery.scrollShow.js HTTP/1.1" 200 4586
200.108.56.130 - - [03/Jan/2021:09:04:49 -0500] "GET /galeria/galeria/jquery.fancybox.css?v=2.1.5 HTTP/1.1" 200 4895
114.119.142.12 - - [03/Jan/2021:09:05:12 -0500] "GET /BLA/resoluciones/RESOLUCIONES%202016/0422.pdf HTTP/1.1" 200 978122
190.14.241.213 - - [03/Jan/2021:09:06:00 -0500] "GET /galeria/galeria/jquery.fancybox.js?v=2.1.5 HTTP/1.1" 200 48706
190.14.241.213 - - [03/Jan/2021:09:06:00 -0500] "GET /BLA/boletinlegal/js/jquery.scrollShow.js HTTP/1.1" 200 4586
190.14.241.213 - - [03/Jan/2021:09:06:00 -0500] "GET /galeria/galeria/jquery.fancybox.css?v=2.1.5 HTTP/1.1" 200 4895
66.249.79.109 - - [03/Jan/2021:09:06:13 -0500] "GET /BLA/resoluciones/RESOLUCIONES%202009/0876.pdf HTTP/1.1" 200 309014
13.66.139.22 - - [03/Jan/2021:09:06:13 -0500] "GET /Anexos%20estudio%20Organizacional%20SDA/ANEXO%20No.12-PROYECTO%20ACTUALIZACION%20MANUAL%20DE%20FUNCIONES%20SDA/Proyecto%20de%20Resolucion%20modificacion%20manual%20de%20funciones%20SDA%2024%20octubre.doc HTTP/1.1" 200 4553728
192.168.175.225 - - [03/Jan/2021:09:06:40 -0500] "GET / HTTP/1.1" 200 9990
69.162.124.227 - - [03/Jan/2021:09:07:12 -0500] "HEAD / HTTP/1.1" 200 -
190.100.111.148 - - [03/Jan/2021:09:07:25 -0500] "GET /galeria/galeria/jquery.fancybox.css?v=2.1.5 HTTP/1.1" 200 4895
190.100.111.148 - - [03/Jan/2021:09:07:25 -0500] "GET /BLA/boletinlegal/js/jquery.scrollShow.js HTTP/1.1" 200 4586
190.100.111.148 - - [03/Jan/2021:09:07:25 -0500] "GET /galeria/galeria/jquery.fancybox.js?v=2.1.5 HTTP/1.1" 200 48706
66.249.79.111 - - [03/Jan/2021:09:07:31 -0500] "GET /BLA/resoluciones/RESOLUCIONES%202009/6340.pdf HTTP/1.1" 200 528365
66.249.79.107 - - [03/Jan/2021:09:07:37 -0500] "GET /BLA/resoluciones/RESOLUCIONES%202009/5887.pdf HTTP/1.1" 200 489745
168.149.141.62 - - [03/Jan/2021:09:08:01 -0500] "GET /galeria/galeria/jquery.fancybox.css?v=2.1.5 HTTP/1.1" 200 4895
168.149.141.62 - - [03/Jan/2021:09:08:01 -0500] "GET /BLA/boletinlegal/js/jquery.scrollShow.js HTTP/1.1" 200 4586
168.149.141.62 - - [03/Jan/2021:09:08:01 -0500] "GET /galeria/galeria/jquery.fancybox.js?v=2.1.5 HTTP/1.1" 200 48706
186.86.33.236 - - [03/Jan/2021:09:08:20 -0500] "GET /galeria/galeria/jquery.fancybox.css?v=2.1.5 HTTP/1.1" 200 4895
186.86.33.236 - - [03/Jan/2021:09:08:20 -0500] "GET /BLA/boletinlegal/js/jquery.scrollShow.js HTTP/1.1" 200 4586
186.86.33.236 - - [03/Jan/2021:09:08:20 -0500] "GET /galeria/galeria/jquery.fancybox.js?v=2.1.5 HTTP/1.1" 200 48706
186.29.252.15 - - [03/Jan/2021:09:08:56 -0500] "GET / HTTP/1.1" 200 9990
186.29.252.15 - - [03/Jan/2021:09:08:56 -0500] "GET /images/INTRANET.jpg HTTP/1.1" 200 37297
186.29.252.15 - - [03/Jan/2021:09:08:56 -0500] "GET /images/SDA.jpg HTTP/1.1" 200 48976
186.29.252.15 - - [03/Jan/2021:09:08:56 -0500] "GET /css/style.css HTTP/1.1" 200 3610
186.29.252.15 - - [03/Jan/2021:09:08:56 -0500] "GET /css/bootstrap.min.css HTTP/1.1" 200 105939
186.29.252.15 - - [03/Jan/2021:09:08:56 -0500] "GET /js/jquery.js HTTP/1.1" 200 97120
186.29.252.15 - - [03/Jan/2021:09:08:56 -0500] "GET /js/bootstrap.min.js HTTP/1.1" 200 28538
186.29.252.15 - - [03/Jan/2021:09:08:56 -0500] "GET /images/LINEA.jpg HTTP/1.1" 200 33035
186.29.252.15 - - [03/Jan/2021:09:08:56 -0500] "GET /images/INTERNET.jpg HTTP/1.1" 200 34880
66.249.79.107 - - [03/Jan/2021:09:09:54 -0500] "GET /BLA/resoluciones/AUTOS%202013/0532.pdf HTTP/1.1" 200 892368
114.119.156.120 - - [03/Jan/2021:09:10:14 -0500] "GET /BLA/resoluciones/RESOLUCIONES%202017/1744.pdf HTTP/1.1" 200 239661
201.245.192.253 - - [03/Jan/2021:09:10:27 -0500] "POST /kwsrmcab/Wsrmcab HTTP/1.1" 200 45533
201.245.192.253 - - [03/Jan/2021:09:10:29 -0500] "POST /kwsrmcab/Wsrmcab HTTP/1.1" 200 46651
192.168.175.225 - - [03/Jan/2021:09:11:40 -0500] "GET / HTTP/1.1" 200 9990
201.245.192.253 - - [03/Jan/2021:09:11:11 -0500] "POST /kwsrmcab/Wsrmcab HTTP/1.1" 200 46651
66.249.79.109 - - [03/Jan/2021:09:12:07 -0500] "GET /BLA/resoluciones/RESOLUCIONES%202009/0892.pdf HTTP/1.1" 200 435976
66.249.79.109 - - [03/Jan/2021:09:12:10 -0500] "GET /BLA/resoluciones/RESOLUCIONES%202010/3253.pdf HTTP/1.1" 200 759389
69.162.124.227 - - [03/Jan/2021:09:12:12 -0500] "HEAD / HTTP/1.1" 200 -
181.53.14.69 - - [03/Jan/2021:09:12:24 -0500] "GET /galeria/galeria/jquery.fancybox.css?v=2.1.5 HTTP/1.1" 200 4895
181.53.14.69 - - [03/Jan/2021:09:12:24 -0500] "GET /BLA/boletinlegal/js/jquery.scrollShow.js HTTP/1.1" 200 4586
181.53.14.69 - - [03/Jan/2021:09:12:24 -0500] "GET /galeria/galeria/jquery.fancybox.js?v=2.1.5 HTTP/1.1" 200 48706
212.129.11.42 - - [03/Jan/2021:09:12:35 -0500] "GET /galeria/galeria/jquery.fancybox.css?v=2.1.5 HTTP/1.1" 200 4895
186.113.10.143 - - [03/Jan/2021:09:12:43 -0500] "GET /galeria/nivo-slider/demo/images/Bannerpread2020.jpg HTTP/1.1" 304 -
212.129.11.42 - - [03/Jan/2021:09:12:48 -0500] "GET /galeria/galeria/jquery.fancybox.css?v=2.1.5 HTTP/1.1" 200 4895
114.119.141.135 - - [03/Jan/2021:09:13:27 -0500] "GET /Autoliquidacion/index.php?dir=Fauna%2BSilvestre%2F HTTP/1.1" 200 6829
66.249.79.107 - - [03/Jan/2021:09:14:33 -0500] "GET /BLA/resoluciones/RESOLUCIONES%202009/1128.pdf HTTP/1.1" 200 274887
157.55.39.3 - - [03/Jan/2021:09:15:06 -0500] "GET /BLA/boletinlegal/Circulares/2012/Circular%20No.%2012%20del%2028%20de%20Agosto%20de%202012.pdf HTTP/1.1" 304 -
114.119.146.206 - - [03/Jan/2021:09:15:17 -0500] "GET /BLA/resoluciones/AUTOS%202014/6479.pdf HTTP/1.1" 200 656739
192.168.175.225 - - [03/Jan/2021:09:16:40 -0500] "GET / HTTP/1.1" 200 9990
66.249.79.107 - - [03/Jan/2021:09:16:57 -0500] "GET /BLA/resoluciones/RESOLUCIONES%202009/6684.pdf HTTP/1.1" 200 401026
66.249.79.109 - - [03/Jan/2021:09:17:01 -0500] "GET /BLA/resoluciones/RESOLUCIONES%202009/0148.pdf HTTP/1.1" 200 38433
69.162.124.227 - - [03/Jan/2021:09:17:12 -0500] "HEAD / HTTP/1.1" 200 -
66.249.79.109 - - [03/Jan/2021:09:18:03 -0500] "GET /BLA/resoluciones/AUTOS%202017/3494.pdf HTTP/1.1" 200 859426
66.249.79.107 - - [03/Jan/2021:09:18:11 -0500] "GET /BLA/resoluciones/RESOLUCIONES%202009/4316.pdf HTTP/1.1" 200 588721
114.119.158.193 - - [03/Jan/2021:09:18:34 -0500] "GET /Autoliquidacion/index.php?dir=Solicitudes%2Brelacionadas%2Bcon%2Bcalidad%2Bdel%2Baire%2Bauditiva%2By%2Bvisual%2F&sort=date&order=desc HTTP/1.1" 200 6972
186.84.20.95 - - [03/Jan/2021:09:19:28 -0500] "GET /BLA/boletinlegal/js/jquery.scrollShow.js HTTP/1.1" 200 4586
114.119.136.138 - - [03/Jan/2021:09:20:20 -0500] "GET /BLA/resoluciones/AUTOS%202012/1735.pdf HTTP/1.1" 200 600755
186.183.205.143 - - [03/Jan/2021:09:21:04 -0500] "GET /BLA/boletinlegal/js/jquery.scrollShow.js HTTP/1.1" 200 4586
186.183.205.143 - - [03/Jan/2021:09:21:04 -0500] "GET /galeria/galeria/jquery.fancybox.js?v=2.1.5 HTTP/1.1" 200 48706
186.183.205.143 - - [03/Jan/2021:09:21:04 -0500] "GET /galeria/galeria/jquery.fancybox.css?v=2.1.5 HTTP/1.1" 200 4895
186.183.205.143 - - [03/Jan/2021:09:21:05 -0500] "GET /galeria/carrusel/Carrusel/jquery.thumbnailScroller.css HTTP/1.1" 200 2066
186.183.205.143 - - [03/Jan/2021:09:21:05 -0500] "GET /galeria/carrusel/Carrusel/jquery-ui-1.8.13.custom.min.js HTTP/1.1" 200 10800
186.183.205.143 - - [03/Jan/2021:09:21:05 -0500] "GET /galeria/carrusel/Carrusel/jquery.thumbnailScroller.js HTTP/1.1" 200 8157
201.245.192.253 - - [03/Jan/2021:09:20:26 -0500] "POST /kwsrmcab/Wsrmcab HTTP/1.1" 200 45533
186.183.205.143 - - [03/Jan/2021:09:21:18 -0500] "GET /galeria/nivo-slider/demo/inicio80.html HTTP/1.1" 200 3895
186.183.205.143 - - [03/Jan/2021:09:21:18 -0500] "GET /galeria/nivo-slider/themes/default/default.css HTTP/1.1" 200 1569
186.183.205.143 - - [03/Jan/2021:09:21:18 -0500] "GET /galeria/nivo-slider/themes/pascal/pascal.css HTTP/1.1" 200 2258
186.183.205.143 - - [03/Jan/2021:09:21:18 -0500] "GET /galeria/nivo-slider/themes/orman/orman.css HTTP/1.1" 200 2152
186.183.205.143 - - [03/Jan/2021:09:21:18 -0500] "GET /galeria/nivo-slider/demo/style.css HTTP/1.1" 200 2222
186.183.205.143 - - [03/Jan/2021:09:21:18 -0500] "GET /galeria/nivo-slider/nivo-slider.css HTTP/1.1" 200 1507
186.183.205.143 - - [03/Jan/2021:09:21:18 -0500] "GET /galeria/nivo-slider/demo/images/banner2020acercar.jpg HTTP/1.1" 200 180505
186.183.205.143 - - [03/Jan/2021:09:21:18 -0500] "GET /galeria/nivo-slider/demo/scripts/jquery-1.7.1.min.js HTTP/1.1" 200 93868
186.183.205.143 - - [03/Jan/2021:09:21:18 -0500] "GET /galeria/nivo-slider/jquery.nivo.slider.pack.js HTTP/1.1" 200 11561
186.183.205.143 - - [03/Jan/2021:09:21:18 -0500] "GET /galeria/nivo-slider/demo/images/bannertingua2020.png HTTP/1.1" 200 105392
186.183.205.143 - - [03/Jan/2021:09:21:18 -0500] "GET /galeria/nivo-slider/demo/images/Banner%20canales%20virtuales.jpg HTTP/1.1" 200 209438
186.183.205.143 - - [03/Jan/2021:09:21:18 -0500] "GET /galeria/nivo-slider/demo/images/bannerbolsas.jpg HTTP/1.1" 200 283727
186.183.205.143 - - [03/Jan/2021:09:21:19 -0500] "GET /galeria/nivo-slider/demo/images/Bannercuidate.jpg HTTP/1.1" 200 75508
186.183.205.143 - - [03/Jan/2021:09:21:21 -0500] "GET /galeria/nivo-slider/demo/images/bannerresiduos.jpg HTTP/1.1" 200 155409
186.183.205.143 - - [03/Jan/2021:09:21:22 -0500] "GET /galeria/nivo-slider/demo/images/bannerclasesweb.jpg HTTP/1.1" 200 180765
186.183.205.143 - - [03/Jan/2021:09:21:23 -0500] "GET /galeria/nivo-slider/demo/images/banneraperturahumedales.jpg HTTP/1.1" 200 91161
186.183.205.143 - - [03/Jan/2021:09:21:25 -0500] "GET /galeria/nivo-slider/demo/images/bannermusgo2020.jpg HTTP/1.1" 200 78281
186.183.205.143 - - [03/Jan/2021:09:21:25 -0500] "GET /galeria/nivo-slider/demo/images/bannerbioseguridad.jpg HTTP/1.1" 200 228661
186.183.205.143 - - [03/Jan/2021:09:21:26 -0500] "GET /galeria/nivo-slider/themes/default/loading.gif HTTP/1.1" 200 1737
186.183.205.143 - - [03/Jan/2021:09:21:26 -0500] "GET /galeria/nivo-slider/demo/images/4Simple_Slider.png HTTP/1.1" 200 11722
186.183.205.143 - - [03/Jan/2021:09:21:28 -0500] "GET /galeria/nivo-slider/themes/default/arrows.png HTTP/1.1" 200 824
186.183.205.143 - - [03/Jan/2021:09:21:28 -0500] "GET /galeria/nivo-slider/themes/default/bullets.png HTTP/1.1" 200 1281
192.168.175.225 - - [03/Jan/2021:09:21:40 -0500] "GET / HTTP/1.1" 200 9990
186.145.58.93 - - [03/Jan/2021:09:21:48 -0500] "GET /galeria/galeria/jquery.fancybox.css?v=2.1.5 HTTP/1.1" 200 4895
186.145.58.93 - - [03/Jan/2021:09:21:48 -0500] "GET /galeria/galeria/jquery.fancybox.js?v=2.1.5 HTTP/1.1" 200 48706
186.145.58.93 - - [03/Jan/2021:09:21:48 -0500] "GET /BLA/boletinlegal/js/jquery.scrollShow.js HTTP/1.1" 200 4586
201.245.192.253 - - [03/Jan/2021:09:21:12 -0500] "POST /kwsrmcab/Wsrmcab HTTP/1.1" 200 46651
69.162.124.227 - - [03/Jan/2021:09:22:12 -0500] "HEAD / HTTP/1.1" 200 -
66.249.79.111 - - [03/Jan/2021:09:22:16 -0500] "GET /BLA/resoluciones/RESOLUCIONES%202007/RES%202007%204201%20AL%204300/RESOLUCION%204295%20DE%202007.pdf HTTP/1.1" 200 426177
66.249.79.111 - - [03/Jan/2021:09:22:17 -0500] "GET /BLA/resoluciones/RESOLUCIONES%202009/3979.pdf HTTP/1.1" 200 506513
66.249.79.111 - - [03/Jan/2021:09:22:17 -0500] "GET /BLA/resoluciones/RESOLUCIONES%202009/1293.pdf HTTP/1.1" 200 535707
66.249.79.109 - - [03/Jan/2021:09:23:31 -0500] "GET /BLA/resoluciones/RESOLUCIONES%202009/3854.pdf HTTP/1.1" 200 48348
114.119.141.135 - - [03/Jan/2021:09:23:39 -0500] "GET /Autoliquidacion/index.php?dir=Solicitud%2Bde%2Bexpedici%C3%83%C2%AF%C3%82%C2%BF%C3%82%C2%BDn%2Bde%2Bcertificados%2Bde%2Bestado%2Bde%2Bconservaci%C3%83%C2%AF%C3%82%C2%BF%C3%82%C2%BDn%2Bambiental%2B%28CECA%29%2F&sort=size&order=asc HTTP/1.1" 200 7096
186.145.202.156 - - [03/Jan/2021:09:23:51 -0500] "GET /galeria/carrusel/Carrusel/jquery-ui-1.8.13.custom.min.js HTTP/1.1" 200 10800
186.145.202.156 - - [03/Jan/2021:09:23:51 -0500] "GET /galeria/carrusel/Carrusel/jquery.thumbnailScroller.css HTTP/1.1" 200 2066
186.145.202.156 - - [03/Jan/2021:09:23:51 -0500] "GET /galeria/carrusel/Carrusel/jquery.thumbnailScroller.js HTTP/1.1" 200 8157
66.249.79.109 - - [03/Jan/2021:09:24:42 -0500] "GET /BLA/resoluciones/RESOLUCIONES%202009/5342.pdf HTTP/1.1" 200 452088
114.119.136.138 - - [03/Jan/2021:09:25:23 -0500] "GET /BLA/resoluciones/AUTOS%202017/3909.pdf HTTP/1.1" 200 1438743
66.249.79.109 - - [03/Jan/2021:09:25:55 -0500] "GET /BLA/resoluciones/RESOLUCIONES%202009/0708.pdf HTTP/1.1" 200 135589
66.249.79.107 - - [03/Jan/2021:09:26:27 -0500] "GET /BLA/resoluciones/RESOLUCIONES%202009/5487.pdf HTTP/1.1" 200 499431
45.238.183.217 - - [03/Jan/2021:09:26:31 -0500] "GET /galeria/galeria/jquery.fancybox.css?v=2.1.5 HTTP/1.1" 200 4895
45.238.183.217 - - [03/Jan/2021:09:26:31 -0500] "GET /BLA/boletinlegal/js/jquery.scrollShow.js HTTP/1.1" 200 4586
45.238.183.217 - - [03/Jan/2021:09:26:31 -0500] "GET /galeria/galeria/jquery.fancybox.js?v=2.1.5 HTTP/1.1" 200 48706
192.168.175.225 - - [03/Jan/2021:09:26:40 -0500] "GET / HTTP/1.1" 200 9990
69.162.124.227 - - [03/Jan/2021:09:27:12 -0500] "HEAD / HTTP/1.1" 200 -
186.84.88.252 - - [03/Jan/2021:09:28:10 -0500] "GET /BLA/boletinlegal/js/jquery.scrollShow.js HTTP/1.1" 200 4586
186.84.88.252 - - [03/Jan/2021:09:28:10 -0500] "GET /galeria/galeria/jquery.fancybox.css?v=2.1.5 HTTP/1.1" 200 4895
186.84.88.252 - - [03/Jan/2021:09:28:10 -0500] "GET /galeria/galeria/jquery.fancybox.js?v=2.1.5 HTTP/1.1" 200 48706
186.84.88.252 - - [03/Jan/2021:09:28:12 -0500] "GET /galeria/galeria/jquery.fancybox.js?v=2.1.5 HTTP/1.1" 304 -
186.84.88.252 - - [03/Jan/2021:09:28:12 -0500] "GET /BLA/boletinlegal/js/jquery.scrollShow.js HTTP/1.1" 304 -
186.84.88.252 - - [03/Jan/2021:09:28:12 -0500] "GET /galeria/galeria/jquery.fancybox.css?v=2.1.5 HTTP/1.1" 304 -
216.244.66.197 - - [03/Jan/2021:09:28:15 -0500] "GET /robots.txt HTTP/1.1" 404 1019
190.2.212.22 - - [03/Jan/2021:09:28:21 -0500] "GET /galeria/galeria/jquery.fancybox.css?v=2.1.5 HTTP/1.1" 200 4895
190.2.212.22 - - [03/Jan/2021:09:28:21 -0500] "GET /BLA/boletinlegal/js/jquery.scrollShow.js HTTP/1.1" 200 4586
190.2.212.22 - - [03/Jan/2021:09:28:21 -0500] "GET /galeria/galeria/jquery.fancybox.js?v=2.1.5 HTTP/1.1" 200 48706
66.249.79.107 - - [03/Jan/2021:09:28:29 -0500] "GET /BLA/resoluciones/RESOLUCIONES%202011/4684.pdf HTTP/1.1" 200 595027
114.119.141.135 - - [03/Jan/2021:09:28:45 -0500] "GET /BLA/boletinlegal/Directivas/2013/Directiva%20No.%203%20del%2016%20de%20julio%20de%202013.pdf HTTP/1.1" 200 127414
181.53.13.194 - - [03/Jan/2021:09:28:55 -0500] "GET /galeria/galeria/jquery.fancybox.css?v=2.1.5 HTTP/1.1" 200 4895
191.156.155.44 - - [03/Jan/2021:09:28:55 -0500] "GET /galeria/galeria/jquery.fancybox.css?v=2.1.5 HTTP/1.1" 200 4895
191.156.150.223 - - [03/Jan/2021:09:28:55 -0500] "GET /BLA/boletinlegal/js/jquery.scrollShow.js HTTP/1.1" 200 4586
191.156.151.90 - - [03/Jan/2021:09:28:55 -0500] "GET /galeria/galeria/jquery.fancybox.js?v=2.1.5 HTTP/1.1" 200 48706
181.53.13.194 - - [03/Jan/2021:09:28:55 -0500] "GET /galeria/galeria/jquery.fancybox.js?v=2.1.5 HTTP/1.1" 200 48706
181.53.13.194 - - [03/Jan/2021:09:28:55 -0500] "GET /galeria/galeria/fotos/Entrenube1P.jpg HTTP/1.1" 200 6959
181.53.13.194 - - [03/Jan/2021:09:28:55 -0500] "GET /galeria/galeria/fotos/Entrenube2P.jpg HTTP/1.1" 200 8416
181.53.13.194 - - [03/Jan/2021:09:28:56 -0500] "GET /galeria/galeria/fotos/Entrenube4P.jpg HTTP/1.1" 200 10881
181.53.13.194 - - [03/Jan/2021:09:28:56 -0500] "GET /galeria/galeria/fotos/Entrenube3P.jpg HTTP/1.1" 200 8487
186.102.13.56 - - [03/Jan/2021:09:29:59 -0500] "GET /BLA/boletinlegal/js/jquery.scrollShow.js HTTP/1.1" 200 4586
186.102.13.56 - - [03/Jan/2021:09:29:59 -0500] "GET /galeria/galeria/jquery.fancybox.css?v=2.1.5 HTTP/1.1" 200 4895
186.102.13.56 - - [03/Jan/2021:09:29:59 -0500] "GET /galeria/galeria/jquery.fancybox.js?v=2.1.5 HTTP/1.1" 200 48706
186.29.18.184 - - [03/Jan/2021:09:29:59 -0500] "GET /BLA/boletinlegal/js/jquery.scrollShow.js HTTP/1.1" 200 4586
186.29.18.184 - - [03/Jan/2021:09:29:59 -0500] "GET /galeria/galeria/jquery.fancybox.js?v=2.1.5 HTTP/1.1" 200 48706
186.29.18.184 - - [03/Jan/2021:09:29:59 -0500] "GET /galeria/galeria/jquery.fancybox.css?v=2.1.5 HTTP/1.1" 200 4895
186.29.18.184 - - [03/Jan/2021:09:30:06 -0500] "GET /BLA/boletinlegal/js/jquery.scrollShow.js HTTP/1.1" 304 -
186.29.18.184 - - [03/Jan/2021:09:30:06 -0500] "GET /galeria/galeria/jquery.fancybox.js?v=2.1.5 HTTP/1.1" 304 -
186.29.18.184 - - [03/Jan/2021:09:30:06 -0500] "GET /galeria/galeria/jquery.fancybox.css?v=2.1.5 HTTP/1.1" 304 -
114.119.130.12 - - [03/Jan/2021:09:30:25 -0500] "GET /BLA/resoluciones/AUTOS%202016/1639.pdf HTTP/1.1" 200 465862
186.84.91.8 - - [03/Jan/2021:09:30:49 -0500] "GET /galeria/galeria/jquery.fancybox.css?v=2.1.5 HTTP/1.1" 200 4895
186.84.91.8 - - [03/Jan/2021:09:30:49 -0500] "GET /BLA/boletinlegal/js/jquery.scrollShow.js HTTP/1.1" 200 4586
186.84.91.8 - - [03/Jan/2021:09:30:49 -0500] "GET /galeria/galeria/jquery.fancybox.js?v=2.1.5 HTTP/1.1" 200 48706
201.245.192.253 - - [03/Jan/2021:09:30:27 -0500] "POST /kwsrmcab/Wsrmcab HTTP/1.1" 200 45533
192.168.175.225 - - [03/Jan/2021:09:31:40 -0500] "GET / HTTP/1.1" 200 9990
201.245.192.253 - - [03/Jan/2021:09:31:13 -0500] "POST /kwsrmcab/Wsrmcab HTTP/1.1" 200 46651
69.162.124.227 - - [03/Jan/2021:09:32:12 -0500] "HEAD / HTTP/1.1" 200 -
66.249.79.109 - - [03/Jan/2021:09:32:15 -0500] "GET /BLA/resoluciones/RESOLUCIONES%202009/0572.pdf HTTP/1.1" 200 314917
66.249.79.109 - - [03/Jan/2021:09:32:16 -0500] "GET /Publicaciones/2020EE207474.pdf HTTP/1.1" 404 228
66.249.79.107 - - [03/Jan/2021:09:32:18 -0500] "GET /BLA/resoluciones/RESOLUCIONES%202008/0475.pdf HTTP/1.1" 200 239437
66.249.79.109 - - [03/Jan/2021:09:32:18 -0500] "GET /galeria/mapa/ HTTP/1.1" 200 505
66.249.79.107 - - [03/Jan/2021:09:32:19 -0500] "GET /BLA/resoluciones/RESOLUCIONES%202009/3891.pdf HTTP/1.1" 200 339017
66.249.79.109 - - [03/Jan/2021:09:33:12 -0500] "GET /BLA/resoluciones/AUTOS%202007/0867.pdf HTTP/1.1" 200 153442
114.119.158.193 - - [03/Jan/2021:09:33:51 -0500] "GET /Autoliquidacion/index.php?dir=RECEPCI%C3%83%C2%83%C3%82%C2%83%C3%83%C2%82%C3%82%C2%83%C3%83%C2%83%C3%82%C2%82%C3%83%C2%82%C3%82%C2%AF%C3%83%C2%83%C3%82%C2%83%C3%83%C2%82%C3%82%C2%82%C3%83%C2%83%C3%82%C2%82%C3%83%C2%82%C3%82%C2%BF%C3%83%C2%83%C3%82%C2%83%C3%83%C2%82%C3%82%C2%82%C3%83%C2%83%C3%82%C2%82%C3%83%C2%82%C3%82%C2%BDN%2BDE%2BPETICIONES%2BPQRSF%2F&sort=size&order=asc HTTP/1.1" 200 7156
114.119.135.169 - - [03/Jan/2021:09:35:28 -0500] "GET /BLA/resoluciones/AUTOS%202014/2832.pdf HTTP/1.1" 200 292203
66.249.79.109 - - [03/Jan/2021:09:35:55 -0500] "GET /BLA/resoluciones/RESOLUCIONES%202009/5272.pdf HTTP/1.1" 200 450357
66.249.79.111 - - [03/Jan/2021:09:36:02 -0500] "GET /BLA/resoluciones/AUTOS%202014/1592.pdf HTTP/1.1" 200 333249
66.249.79.107 - - [03/Jan/2021:09:36:30 -0500] "GET /BLA/resoluciones/RESOLUCIONES%202009/6684.pdf HTTP/1.1" 200 401026
138.121.95.172 - - [03/Jan/2021:09:36:33 -0500] "GET / HTTP/1.1" 200 9990
192.168.175.225 - - [03/Jan/2021:09:36:40 -0500] "GET / HTTP/1.1" 200 9990
190.119.146.66 - - [03/Jan/2021:09:37:11 -0500] "GET /galeria/galeria/jquery.fancybox.css?v=2.1.5 HTTP/1.1" 200 4895
190.119.146.66 - - [03/Jan/2021:09:37:11 -0500] "GET /BLA/boletinlegal/js/jquery.scrollShow.js HTTP/1.1" 200 4586
190.119.146.66 - - [03/Jan/2021:09:37:11 -0500] "GET /galeria/galeria/jquery.fancybox.js?v=2.1.5 HTTP/1.1" 200 48706
69.162.124.227 - - [03/Jan/2021:09:37:11 -0500] "HEAD / HTTP/1.1" 200 -
186.30.40.66 - - [03/Jan/2021:09:37:40 -0500] "GET /galeria/galeria/jquery.fancybox.css?v=2.1.5 HTTP/1.1" 200 4895
186.30.40.66 - - [03/Jan/2021:09:37:40 -0500] "GET /BLA/boletinlegal/js/jquery.scrollShow.js HTTP/1.1" 200 4586
186.30.40.66 - - [03/Jan/2021:09:37:40 -0500] "GET /galeria/galeria/jquery.fancybox.js?v=2.1.5 HTTP/1.1" 200 48706
66.249.79.109 - - [03/Jan/2021:09:37:57 -0500] "GET /BLA/resoluciones/RESOLUCIONES%202009/1393.pdf HTTP/1.1" 200 626393
114.119.154.229 - - [03/Jan/2021:09:38:57 -0500] "GET /Autoliquidacion/index.php?dir=Solicitud%2Bde%2Bexpedici%C3%83%C2%83%C3%82%C2%AF%C3%83%C2%82%C3%82%C2%BF%C3%83%C2%82%C3%82%C2%BDn%2Bde%2Bcertificados%2Bde%2Bestado%2Bde%2Bconservaci%C3%83%C2%83%C3%82%C2%AF%C3%83%C2%82%C3%82%C2%BF%C3%83%C2%82%C3%82%C2%BDn%2Bambiental%2B%28CECA%29%2F&sort=date&order=asc HTTP/1.1" 200 7168
191.156.183.190 - - [03/Jan/2021:09:38:58 -0500] "GET /galeria/galeria/jquery.fancybox.css?v=2.1.5 HTTP/1.1" 200 4895
191.156.187.170 - - [03/Jan/2021:09:38:58 -0500] "GET /BLA/boletinlegal/js/jquery.scrollShow.js HTTP/1.1" 200 4586
191.156.187.220 - - [03/Jan/2021:09:38:58 -0500] "GET /galeria/galeria/jquery.fancybox.js?v=2.1.5 HTTP/1.1" 200 48706
186.102.0.31 - - [03/Jan/2021:09:39:20 -0500] "GET /galeria/galeria/jquery.fancybox.js?v=2.1.5 HTTP/1.1" 200 48706
186.102.0.31 - - [03/Jan/2021:09:39:20 -0500] "GET /BLA/boletinlegal/js/jquery.scrollShow.js HTTP/1.1" 200 4586
186.102.0.31 - - [03/Jan/2021:09:39:20 -0500] "GET /galeria/galeria/jquery.fancybox.css?v=2.1.5 HTTP/1.1" 200 4895
186.102.0.31 - - [03/Jan/2021:09:39:25 -0500] "GET /galeria/galeria/jquery.fancybox.css?v=2.1.5 HTTP/1.1" 304 -
186.102.0.31 - - [03/Jan/2021:09:39:25 -0500] "GET /BLA/boletinlegal/js/jquery.scrollShow.js HTTP/1.1" 304 -
186.102.0.31 - - [03/Jan/2021:09:39:25 -0500] "GET /galeria/galeria/jquery.fancybox.js?v=2.1.5 HTTP/1.1" 304 -
45.71.202.54 - - [03/Jan/2021:09:39:55 -0500] "GET /galeria/galeria/jquery.fancybox.css?v=2.1.5 HTTP/1.1" 200 4895
45.71.202.54 - - [03/Jan/2021:09:39:56 -0500] "GET /BLA/boletinlegal/js/jquery.scrollShow.js HTTP/1.1" 200 4586
45.71.202.54 - - [03/Jan/2021:09:39:56 -0500] "GET /galeria/galeria/jquery.fancybox.js?v=2.1.5 HTTP/1.1" 200 48706
114.119.153.118 - - [03/Jan/2021:09:40:31 -0500] "GET /BLA/resoluciones/RESOLUCIONES%202018/1756.pdf HTTP/1.1" 200 269376
192.168.175.225 - - [03/Jan/2021:09:41:39 -0500] "GET / HTTP/1.1" 200 9990
69.162.124.227 - - [03/Jan/2021:09:42:12 -0500] "HEAD / HTTP/1.1" 200 -
186.1.190.50 - - [03/Jan/2021:09:42:17 -0500] "GET /galeria/galeria/jquery.fancybox.css?v=2.1.5 HTTP/1.1" 200 4895
186.1.190.50 - - [03/Jan/2021:09:42:17 -0500] "GET /BLA/boletinlegal/js/jquery.scrollShow.js HTTP/1.1" 200 4586
186.1.190.50 - - [03/Jan/2021:09:42:17 -0500] "GET /galeria/galeria/jquery.fancybox.js?v=2.1.5 HTTP/1.1" 200 48706
66.249.79.111 - - [03/Jan/2021:09:42:27 -0500] "GET /BLA/resoluciones/RESOLUCIONES%202010/2627.pdf HTTP/1.1" 200 516194
66.249.79.109 - - [03/Jan/2021:09:42:28 -0500] "GET /BLA/resoluciones/RESOLUCIONES%202009/0148.pdf HTTP/1.1" 200 38433
66.249.79.111 - - [03/Jan/2021:09:42:28 -0500] "GET /BLA/resoluciones/RESOLUCIONES%202009/6143.pdf HTTP/1.1" 200 645984
66.249.79.109 - - [03/Jan/2021:09:42:29 -0500] "GET /BLA/resoluciones/RESOLUCIONES%202009/5342.pdf HTTP/1.1" 200 452088
191.156.156.168 - - [03/Jan/2021:09:42:33 -0500] "GET /galeria/galeria/jquery.fancybox.css?v=2.1.5 HTTP/1.1" 200 4895
191.156.155.44 - - [03/Jan/2021:09:42:33 -0500] "GET /BLA/boletinlegal/js/jquery.scrollShow.js HTTP/1.1" 200 4586
191.156.156.123 - - [03/Jan/2021:09:42:33 -0500] "GET /galeria/galeria/jquery.fancybox.js?v=2.1.5 HTTP/1.1" 200 48706
66.249.79.111 - - [03/Jan/2021:09:43:31 -0500] "GET /BLA/resoluciones/RESOLUCIONES%202010/6905.pdf HTTP/1.1" 200 64239
191.97.14.90 - - [03/Jan/2021:09:43:45 -0500] "GET /BLA/boletinlegal/js/jquery.scrollShow.js HTTP/1.1" 200 4586
191.97.14.90 - - [03/Jan/2021:09:43:45 -0500] "GET /galeria/galeria/jquery.fancybox.css?v=2.1.5 HTTP/1.1" 200 4895
191.97.14.90 - - [03/Jan/2021:09:43:45 -0500] "GET /galeria/galeria/jquery.fancybox.js?v=2.1.5 HTTP/1.1" 200 48706
191.97.14.90 - - [03/Jan/2021:09:43:46 -0500] "GET /galeria/carrusel/Carrusel/jquery.thumbnailScroller.css HTTP/1.1" 200 2066
191.97.14.90 - - [03/Jan/2021:09:43:46 -0500] "GET /galeria/carrusel/Carrusel/jquery-ui-1.8.13.custom.min.js HTTP/1.1" 200 10800
191.97.14.90 - - [03/Jan/2021:09:43:46 -0500] "GET /galeria/carrusel/Carrusel/jquery.thumbnailScroller.js HTTP/1.1" 200 8157
191.97.14.90 - - [03/Jan/2021:09:43:46 -0500] "GET /galeria/nivo-slider/demo/inicio80.html HTTP/1.1" 200 3895
191.97.14.90 - - [03/Jan/2021:09:43:46 -0500] "GET /galeria/nivo-slider/themes/pascal/pascal.css HTTP/1.1" 200 2258
191.97.14.90 - - [03/Jan/2021:09:43:46 -0500] "GET /galeria/nivo-slider/themes/default/default.css HTTP/1.1" 200 1569
191.97.14.90 - - [03/Jan/2021:09:43:46 -0500] "GET /galeria/nivo-slider/themes/orman/orman.css HTTP/1.1" 200 2152
191.97.14.90 - - [03/Jan/2021:09:43:47 -0500] "GET /galeria/nivo-slider/demo/style.css HTTP/1.1" 200 2222
191.97.14.90 - - [03/Jan/2021:09:43:47 -0500] "GET /galeria/nivo-slider/nivo-slider.css HTTP/1.1" 200 1507
191.97.14.90 - - [03/Jan/2021:09:43:47 -0500] "GET /galeria/nivo-slider/demo/images/Banner%20canales%20virtuales.jpg HTTP/1.1" 200 209438
191.97.14.90 - - [03/Jan/2021:09:43:47 -0500] "GET /galeria/nivo-slider/demo/images/Bannercuidate.jpg HTTP/1.1" 200 75508
191.97.14.90 - - [03/Jan/2021:09:43:47 -0500] "GET /galeria/nivo-slider/demo/images/bannerbolsas.jpg HTTP/1.1" 200 283727
191.97.14.90 - - [03/Jan/2021:09:43:47 -0500] "GET /galeria/nivo-slider/demo/images/bannerresiduos.jpg HTTP/1.1" 200 155409
191.97.14.90 - - [03/Jan/2021:09:43:47 -0500] "GET /galeria/nivo-slider/demo/images/bannertingua2020.png HTTP/1.1" 200 105392
191.97.14.90 - - [03/Jan/2021:09:43:47 -0500] "GET /galeria/nivo-slider/demo/images/bannerbioseguridad.jpg HTTP/1.1" 200 228661
191.97.14.90 - - [03/Jan/2021:09:43:47 -0500] "GET /galeria/nivo-slider/demo/images/bannerclasesweb.jpg HTTP/1.1" 200 180765
191.97.14.90 - - [03/Jan/2021:09:43:47 -0500] "GET /galeria/nivo-slider/demo/images/banneraperturahumedales.jpg HTTP/1.1" 200 91161
191.97.14.90 - - [03/Jan/2021:09:43:48 -0500] "GET /galeria/nivo-slider/demo/scripts/jquery-1.7.1.min.js HTTP/1.1" 200 93868
191.97.14.90 - - [03/Jan/2021:09:43:48 -0500] "GET /galeria/nivo-slider/themes/default/loading.gif HTTP/1.1" 200 1737
191.97.14.90 - - [03/Jan/2021:09:43:48 -0500] "GET /galeria/nivo-slider/demo/images/4Simple_Slider.png HTTP/1.1" 200 11722
191.97.14.90 - - [03/Jan/2021:09:43:48 -0500] "GET /galeria/nivo-slider/demo/images/banner2020acercar.jpg HTTP/1.1" 200 180505
191.97.14.90 - - [03/Jan/2021:09:43:48 -0500] "GET /galeria/nivo-slider/jquery.nivo.slider.pack.js HTTP/1.1" 200 11561
191.97.14.90 - - [03/Jan/2021:09:43:48 -0500] "GET /galeria/nivo-slider/demo/images/bannermusgo2020.jpg HTTP/1.1" 200 78281
191.97.14.90 - - [03/Jan/2021:09:43:49 -0500] "GET /galeria/nivo-slider/themes/default/arrows.png HTTP/1.1" 200 824
191.97.14.90 - - [03/Jan/2021:09:43:49 -0500] "GET /galeria/nivo-slider/themes/default/bullets.png HTTP/1.1" 200 1281
200.121.206.99 - - [03/Jan/2021:09:43:57 -0500] "GET /galeria/galeria/jquery.fancybox.css?v=2.1.5 HTTP/1.1" 200 4895
200.121.206.99 - - [03/Jan/2021:09:43:57 -0500] "GET /BLA/boletinlegal/js/jquery.scrollShow.js HTTP/1.1" 200 4586
200.121.206.99 - - [03/Jan/2021:09:43:58 -0500] "GET /galeria/galeria/jquery.fancybox.js?v=2.1.5 HTTP/1.1" 200 48706
114.119.157.103 - - [03/Jan/2021:09:44:04 -0500] "GET /Autoliquidacion/index.php?dir=TR%C3%83%C2%83%C3%82%C2%AF%C3%83%C2%82%C3%82%C2%BF%C3%83%C2%82%C3%82%C2%BDMITES%2BAGUAS%2BSUPERFICIALES%2F&sort=date&order=desc HTTP/1.1" 200 6936
190.130.77.47 - - [03/Jan/2021:09:44:39 -0500] "GET /galeria/galeria/jquery.fancybox.css?v=2.1.5 HTTP/1.1" 200 4895
190.130.77.47 - - [03/Jan/2021:09:44:39 -0500] "GET /BLA/boletinlegal/js/jquery.scrollShow.js HTTP/1.1" 200 4586
190.130.77.47 - - [03/Jan/2021:09:44:39 -0500] "GET /galeria/galeria/jquery.fancybox.js?v=2.1.5 HTTP/1.1" 200 48706
66.249.79.107 - - [03/Jan/2021:09:45:23 -0500] "GET /BLA/resoluciones/RESOLUCIONES%202009/4343.pdf HTTP/1.1" 200 372258
114.119.142.12 - - [03/Jan/2021:09:45:34 -0500] "GET /BLA/resoluciones/RESOLUCIONES%202019/1758.pdf HTTP/1.1" 200 483288
190.166.7.235 - - [03/Jan/2021:09:46:35 -0500] "GET /galeria/galeria/jquery.fancybox.css?v=2.1.5 HTTP/1.1" 200 4895
190.166.7.235 - - [03/Jan/2021:09:46:35 -0500] "GET /BLA/boletinlegal/js/jquery.scrollShow.js HTTP/1.1" 200 4586
190.166.7.235 - - [03/Jan/2021:09:46:35 -0500] "GET /galeria/galeria/jquery.fancybox.js?v=2.1.5 HTTP/1.1" 200 48706
190.166.7.235 - - [03/Jan/2021:09:46:38 -0500] "GET /galeria/galeria/jquery.fancybox.css?v=2.1.5 HTTP/1.1" 304 -
190.166.7.235 - - [03/Jan/2021:09:46:38 -0500] "GET /galeria/galeria/jquery.fancybox.js?v=2.1.5 HTTP/1.1" 304 -
190.166.7.235 - - [03/Jan/2021:09:46:38 -0500] "GET /BLA/boletinlegal/js/jquery.scrollShow.js HTTP/1.1" 304 -
192.168.175.225 - - [03/Jan/2021:09:46:39 -0500] "GET / HTTP/1.1" 200 9990
66.249.79.107 - - [03/Jan/2021:09:46:41 -0500] "GET /BLA/resoluciones/RESOLUCIONES%202009/0055.pdf HTTP/1.1" 200 144672
186.86.38.254 - - [03/Jan/2021:09:46:50 -0500] "GET /BLA/boletinlegal/js/jquery.scrollShow.js HTTP/1.1" 200 4586
186.86.38.254 - - [03/Jan/2021:09:46:50 -0500] "GET /galeria/galeria/jquery.fancybox.js?v=2.1.5 HTTP/1.1" 200 48706
186.86.38.254 - - [03/Jan/2021:09:46:50 -0500] "GET /galeria/galeria/jquery.fancybox.css?v=2.1.5 HTTP/1.1" 200 4895
66.249.79.111 - - [03/Jan/2021:09:47:06 -0500] "GET /videos/galeria-cronicas/1V3wnplaylist.htm? HTTP/1.1" 200 4013
69.162.124.227 - - [03/Jan/2021:09:47:12 -0500] "HEAD / HTTP/1.1" 200 -
40.77.167.56 - - [03/Jan/2021:09:48:58 -0500] "GET /BLA/boletinlegal/Circulares/2011/Circular%20No.%204%20del%2014%20de%20Julio%20de%202011.pdf HTTP/1.1" 304 -
114.119.130.154 - - [03/Jan/2021:09:49:09 -0500] "GET /Autoliquidacion/index.php?dir=RECEPCI%C3%83%C2%AF%C3%82%C2%BF%C3%82%C2%BDN%2BDE%2BPETICIONES%2BPQRSF%2F&sort=name&order=asc HTTP/1.1" 200 6904
114.119.156.120 - - [03/Jan/2021:09:50:37 -0500] "GET /BLA/resoluciones/RESOLUCIONES%202007/RES%202007%20301%20AL%20400/RESOLUCION%200360%20DE%202007.pdf HTTP/1.1" 200 462926
190.162.253.17 - - [03/Jan/2021:09:51:13 -0500] "GET /BLA/resoluciones/ HTTP/1.1" 200 12275
190.162.253.17 - - [03/Jan/2021:09:51:31 -0500] "GET /BLA/resoluciones/index.php?dir=RESOLUCIONES+2011%2F HTTP/1.1" 200 744438
186.154.134.192 - - [03/Jan/2021:09:51:39 -0500] "GET /galeria/galeria/jquery.fancybox.css?v=2.1.5 HTTP/1.1" 200 4895
186.154.134.192 - - [03/Jan/2021:09:51:39 -0500] "GET /BLA/boletinlegal/js/jquery.scrollShow.js HTTP/1.1" 200 4586
186.154.134.192 - - [03/Jan/2021:09:51:39 -0500] "GET /galeria/galeria/jquery.fancybox.js?v=2.1.5 HTTP/1.1" 200 48706
192.168.175.225 - - [03/Jan/2021:09:51:39 -0500] "GET / HTTP/1.1" 200 9990
190.162.253.17 - - [03/Jan/2021:09:52:08 -0500] "GET /BLA/resoluciones/RESOLUCIONES%202011/5298.pdf HTTP/1.1" 200 632504
167.0.181.186 - - [03/Jan/2021:09:52:10 -0500] "GET /galeria/galeria/jquery.fancybox.css?v=2.1.5 HTTP/1.1" 200 4895
167.0.181.186 - - [03/Jan/2021:09:52:10 -0500] "GET /BLA/boletinlegal/js/jquery.scrollShow.js HTTP/1.1" 200 4586
167.0.181.186 - - [03/Jan/2021:09:52:10 -0500] "GET /galeria/galeria/jquery.fancybox.js?v=2.1.5 HTTP/1.1" 200 48706
69.162.124.227 - - [03/Jan/2021:09:52:11 -0500] "HEAD / HTTP/1.1" 200 -
66.249.79.111 - - [03/Jan/2021:09:52:29 -0500] "GET /robots.txt HTTP/1.1" 404 1018
66.249.79.107 - - [03/Jan/2021:09:52:30 -0500] "GET /BLA/resoluciones/RESOLUCIONES%202008/0475.pdf HTTP/1.1" 200 239437
66.249.79.107 - - [03/Jan/2021:09:52:31 -0500] "GET /BLA/resoluciones/RESOLUCIONES%202009/5487.pdf HTTP/1.1" 200 499431
216.244.66.197 - - [03/Jan/2021:09:52:43 -0500] "GET /Anexos%20estudio%20Organizacional%20SDA/index.php?dir=ANEXO+No.+1-+NORMAS+LEGALES+DE+ESTRUCTURA+Y+PLANTA%2FRESE%D1A+HIST%D3RICA+SDA-NORMAS%2FDecreto+562+de+2006+-+Establece+planta+de+cargos+de+SDA.jsp_files%2F HTTP/1.1" 200 11289
157.55.39.150 - - [03/Jan/2021:09:53:08 -0500] "GET /galeria/galeria/fotos/Humedal-la-conejera1G.jpg HTTP/1.1" 200 340987
66.249.79.111 - - [03/Jan/2021:09:53:54 -0500] "GET /BLA/resoluciones/RESOLUCIONES%202010/0318.pdf HTTP/1.1" 200 106332
114.119.135.205 - - [03/Jan/2021:09:54:17 -0500] "GET /Anexos%20estudio%20Organizacional%20SDA/index.php?dir=ANEXO%2BNo.%2B1-%2BNORMAS%2BLEGALES%2BDE%2BESTRUCTURA%2BY%2BPLANTA%2FDecreto%2B631%2Bde%2B2007-%2BModifica%2Bplanta%2Bde%2BSDA.jsp_files%2F&sort=name&order=asc HTTP/1.1" 200 6394
66.249.79.111 - - [03/Jan/2021:09:54:51 -0500] "GET /BLA/resoluciones/RESOLUCIONES%202009/4612.pdf HTTP/1.1" 200 643519
216.244.66.197 - - [03/Jan/2021:09:55:39 -0500] "GET /videos/galeria-cronicas/1videos/?C=M;O=A HTTP/1.1" 200 543
114.119.148.47 - - [03/Jan/2021:09:55:40 -0500] "GET /BLA/resoluciones/AUTOS%202015/1691.pdf HTTP/1.1" 200 680399
181.53.12.161 - - [03/Jan/2021:09:56:04 -0500] "GET /BLA/boletinlegal/js/jquery.scrollShow.js HTTP/1.1" 200 4586
181.53.12.161 - - [03/Jan/2021:09:56:04 -0500] "GET /galeria/galeria/jquery.fancybox.css?v=2.1.5 HTTP/1.1" 200 4895
181.53.12.161 - - [03/Jan/2021:09:56:04 -0500] "GET /galeria/galeria/jquery.fancybox.js?v=2.1.5 HTTP/1.1" 200 48706
192.168.175.225 - - [03/Jan/2021:09:56:39 -0500] "GET / HTTP/1.1" 200 9990
66.249.79.107 - - [03/Jan/2021:09:56:44 -0500] "GET /BLA/resoluciones/RESOLUCIONES%202009/0796.pdf HTTP/1.1" 200 402020
69.162.124.227 - - [03/Jan/2021:09:57:12 -0500] "HEAD / HTTP/1.1" 200 -
66.249.79.109 - - [03/Jan/2021:09:58:09 -0500] "GET /BLA/resoluciones/RESOLUCIONES%202009/1991.pdf HTTP/1.1" 200 614653
114.119.145.140 - - [03/Jan/2021:09:59:22 -0500] "GET /Anexos%20estudio%20Organizacional%20SDA/index.php?dir=ANEXO%2BNo.%2B1-%2BNORMAS%2BLEGALES%2BDE%2BESTRUCTURA%2BY%2BPLANTA%2FAcuerdo%2B257%2Bde%2B2006%2B-%2BEstructura%2Borganizaci%C3%83%C2%AF%C3%82%C2%BF%C3%82%C2%BDn%2By%2Bfuncionamiento%2Bde%2Bla%2BAdm.%2BDistrital.jsp_files%2F&sort=size&order=asc HTTP/1.1" 200 6547
186.85.42.121 - - [03/Jan/2021:10:00:31 -0500] "GET /galeria/nivo-slider/demo/inicio80.html HTTP/1.1" 200 3895
186.85.42.121 - - [03/Jan/2021:10:00:31 -0500] "GET /galeria/nivo-slider/demo/images/banneraperturahumedales.jpg HTTP/1.1" 304 -
186.85.42.121 - - [03/Jan/2021:10:00:31 -0500] "GET /galeria/nivo-slider/demo/images/banner2020acercar.jpg HTTP/1.1" 304 -
186.85.42.121 - - [03/Jan/2021:10:00:31 -0500] "GET /galeria/nivo-slider/demo/images/bannertingua2020.png HTTP/1.1" 304 -
186.85.42.121 - - [03/Jan/2021:10:00:31 -0500] "GET /galeria/nivo-slider/demo/images/bannerresiduos.jpg HTTP/1.1" 304 -
186.85.42.121 - - [03/Jan/2021:10:00:31 -0500] "GET /galeria/nivo-slider/demo/images/bannermusgo2020.jpg HTTP/1.1" 304 -
114.119.146.206 - - [03/Jan/2021:10:00:43 -0500] "GET /BLA/resoluciones/AUTOS%202018/3403.pdf HTTP/1.1" 200 281336
192.168.175.225 - - [03/Jan/2021:10:01:39 -0500] "GET / HTTP/1.1" 200 9990
69.162.124.227 - - [03/Jan/2021:10:02:11 -0500] "HEAD / HTTP/1.1" 200 -
66.249.79.111 - - [03/Jan/2021:10:02:37 -0500] "GET /BLA/resoluciones/RESOLUCIONES%202010/7108.pdf HTTP/1.1" 200 415732
179.6.203.181 - - [03/Jan/2021:10:02:38 -0500] "GET /galeria/galeria/jquery.fancybox.css?v=2.1.5 HTTP/1.1" 200 4895
179.6.203.181 - - [03/Jan/2021:10:02:38 -0500] "GET /BLA/boletinlegal/js/jquery.scrollShow.js HTTP/1.1" 200 4586
179.6.203.181 - - [03/Jan/2021:10:02:38 -0500] "GET /galeria/galeria/jquery.fancybox.js?v=2.1.5 HTTP/1.1" 200 48706
66.249.79.107 - - [03/Jan/2021:10:02:39 -0500] "GET /BLA/resoluciones/RESOLUCIONES%202009/1393.pdf HTTP/1.1" 200 626393
66.249.79.109 - - [03/Jan/2021:10:02:46 -0500] "GET /Publicaciones/2020EE213876.pdf HTTP/1.1" 404 228
201.244.231.0 - - [03/Jan/2021:10:03:35 -0500] "GET /galeria/galeria/jquery.fancybox.css?v=2.1.5 HTTP/1.1" 200 4895
201.244.231.0 - - [03/Jan/2021:10:03:35 -0500] "GET /BLA/boletinlegal/js/jquery.scrollShow.js HTTP/1.1" 200 4586
201.244.231.0 - - [03/Jan/2021:10:03:35 -0500] "GET /galeria/galeria/jquery.fancybox.js?v=2.1.5 HTTP/1.1" 200 48706
66.249.79.107 - - [03/Jan/2021:10:03:48 -0500] "GET /BLA/resoluciones/RESOLUCIONES%202010/0318.pdf HTTP/1.1" 200 106332
186.81.239.167 - - [03/Jan/2021:10:04:05 -0500] "GET /galeria/galeria/jquery.fancybox.css?v=2.1.5 HTTP/1.1" 200 4895
186.81.239.167 - - [03/Jan/2021:10:04:05 -0500] "GET /BLA/boletinlegal/js/jquery.scrollShow.js HTTP/1.1" 200 4586
186.81.239.167 - - [03/Jan/2021:10:04:06 -0500] "GET /galeria/galeria/jquery.fancybox.js?v=2.1.5 HTTP/1.1" 200 48706
181.59.129.240 - - [03/Jan/2021:10:04:06 -0500] "GET /galeria/galeria/jquery.fancybox.css?v=2.1.5 HTTP/1.1" 200 4895
181.59.129.240 - - [03/Jan/2021:10:04:06 -0500] "GET /BLA/boletinlegal/js/jquery.scrollShow.js HTTP/1.1" 200 4586
181.59.129.240 - - [03/Jan/2021:10:04:06 -0500] "GET /galeria/galeria/jquery.fancybox.js?v=2.1.5 HTTP/1.1" 200 48706
66.249.79.107 - - [03/Jan/2021:10:04:19 -0500] "GET /BLA/resoluciones/RESOLUCIONES%202009/1038.pdf HTTP/1.1" 200 232997
181.21.125.225 - - [03/Jan/2021:10:04:19 -0500] "GET /galeria/galeria/jquery.fancybox.css?v=2.1.5 HTTP/1.1" 200 4895
181.21.125.225 - - [03/Jan/2021:10:04:19 -0500] "GET /BLA/boletinlegal/js/jquery.scrollShow.js HTTP/1.1" 200 4586
181.21.125.225 - - [03/Jan/2021:10:04:19 -0500] "GET /galeria/galeria/jquery.fancybox.js?v=2.1.5 HTTP/1.1" 200 48706
178.216.26.21 - - [03/Jan/2021:10:04:58 -0500] "GET / HTTP/1.1" 200 9990
186.30.125.24 - - [03/Jan/2021:10:05:18 -0500] "GET /BLA/boletinlegal/js/jquery.scrollShow.js HTTP/1.1" 200 4586
186.30.125.24 - - [03/Jan/2021:10:05:18 -0500] "GET /galeria/galeria/jquery.fancybox.js?v=2.1.5 HTTP/1.1" 200 48706
186.30.125.24 - - [03/Jan/2021:10:05:18 -0500] "GET /galeria/galeria/jquery.fancybox.css?v=2.1.5 HTTP/1.1" 200 4895
114.119.156.120 - - [03/Jan/2021:10:05:46 -0500] "GET /BLA/resoluciones/RESOLUCIONES%202017/0373.pdf HTTP/1.1" 200 538312
66.249.79.111 - - [03/Jan/2021:10:06:14 -0500] "GET /BLA/resoluciones/AUTOS%202014/1478.pdf HTTP/1.1" 200 338655
192.168.175.225 - - [03/Jan/2021:10:06:39 -0500] "GET / HTTP/1.1" 200 9990
69.162.124.227 - - [03/Jan/2021:10:07:11 -0500] "HEAD / HTTP/1.1" 200 -
66.249.79.109 - - [03/Jan/2021:10:07:28 -0500] "GET /BLA/resoluciones/AUTOS%202015/0948.pdf HTTP/1.1" 200 534640
66.249.79.107 - - [03/Jan/2021:10:08:42 -0500] "GET /BLA/resoluciones/RESOLUCIONES%202008/2555.pdf HTTP/1.1" 200 282906
191.95.26.17 - - [03/Jan/2021:10:09:02 -0500] "GET /galeria/galeria/jquery.fancybox.css?v=2.1.5 HTTP/1.1" 200 4895
191.95.26.17 - - [03/Jan/2021:10:09:02 -0500] "GET /BLA/boletinlegal/js/jquery.scrollShow.js HTTP/1.1" 200 4586
191.95.26.17 - - [03/Jan/2021:10:09:02 -0500] "GET /galeria/galeria/jquery.fancybox.js?v=2.1.5 HTTP/1.1" 200 48706
186.155.145.210 - - [03/Jan/2021:10:09:08 -0500] "GET /BLA/boletinlegal/js/jquery.scrollShow.js HTTP/1.1" 200 4586
186.155.145.210 - - [03/Jan/2021:10:09:08 -0500] "GET /galeria/galeria/jquery.fancybox.css?v=2.1.5 HTTP/1.1" 200 4895
186.155.145.210 - - [03/Jan/2021:10:09:08 -0500] "GET /galeria/galeria/jquery.fancybox.js?v=2.1.5 HTTP/1.1" 200 48706
40.77.167.43 - - [03/Jan/2021:10:09:53 -0500] "GET /robots.txt HTTP/1.1" 404 1018
190.24.58.175 - - [03/Jan/2021:10:10:02 -0500] "GET /galeria/galeria/jquery.fancybox.css?v=2.1.5 HTTP/1.1" 200 4895
190.24.58.175 - - [03/Jan/2021:10:10:02 -0500] "GET /BLA/boletinlegal/js/jquery.scrollShow.js HTTP/1.1" 200 4586
190.24.58.175 - - [03/Jan/2021:10:10:02 -0500] "GET /galeria/galeria/jquery.fancybox.js?v=2.1.5 HTTP/1.1" 200 48706
157.55.39.1 - - [03/Jan/2021:10:10:13 -0500] "GET /robots.txt HTTP/1.1" 404 1015
13.66.139.105 - - [03/Jan/2021:10:10:30 -0500] "GET / HTTP/1.1" 200 9990
191.102.97.138 - - [03/Jan/2021:10:10:38 -0500] "GET /galeria/galeria/jquery.fancybox.js?v=2.1.5 HTTP/1.1" 200 48706
191.102.97.138 - - [03/Jan/2021:10:10:38 -0500] "GET /galeria/galeria/jquery.fancybox.css?v=2.1.5 HTTP/1.1" 200 4895
191.102.97.138 - - [03/Jan/2021:10:10:38 -0500] "GET /BLA/boletinlegal/js/jquery.scrollShow.js HTTP/1.1" 200 4586
114.119.136.138 - - [03/Jan/2021:10:10:49 -0500] "GET /BLA/resoluciones/AUTOS%202014/3584.pdf HTTP/1.1" 200 136946
66.249.83.195 - - [03/Jan/2021:10:11:06 -0500] "GET /BLA/boletinlegal/js/jquery.scrollShow.js HTTP/1.1" 200 4586
66.249.83.223 - - [03/Jan/2021:10:11:06 -0500] "GET /galeria/galeria/jquery.fancybox.js?v=2.1.5 HTTP/1.1" 200 48706
66.249.83.195 - - [03/Jan/2021:10:11:06 -0500] "GET /galeria/galeria/jquery.fancybox.css?v=2.1.5 HTTP/1.1" 200 4895
191.156.141.93 - - [03/Jan/2021:10:11:12 -0500] "GET /galeria/galeria/jquery.fancybox.css?v=2.1.5 HTTP/1.1" 200 4895
191.156.141.93 - - [03/Jan/2021:10:11:12 -0500] "GET /BLA/boletinlegal/js/jquery.scrollShow.js HTTP/1.1" 200 4586
191.156.141.93 - - [03/Jan/2021:10:11:12 -0500] "GET /galeria/galeria/jquery.fancybox.js?v=2.1.5 HTTP/1.1" 200 48706
201.245.192.253 - - [03/Jan/2021:10:10:26 -0500] "POST /kwsrmcab/Wsrmcab HTTP/1.1" 200 46308
201.245.192.253 - - [03/Jan/2021:10:10:26 -0500] "POST /kwsrmcab/Wsrmcab HTTP/1.1" 200 46952
186.146.168.96 - - [03/Jan/2021:10:11:13 -0500] "GET /galeria/galeria/jquery.fancybox.css?v=2.1.5 HTTP/1.1" 200 4895
186.146.168.96 - - [03/Jan/2021:10:11:13 -0500] "GET /BLA/boletinlegal/js/jquery.scrollShow.js HTTP/1.1" 200 4586
186.146.168.96 - - [03/Jan/2021:10:11:13 -0500] "GET /galeria/galeria/jquery.fancybox.js?v=2.1.5 HTTP/1.1" 200 48706
192.168.175.225 - - [03/Jan/2021:10:11:39 -0500] "GET / HTTP/1.1" 200 9990
201.245.192.253 - - [03/Jan/2021:10:11:13 -0500] "POST /kwsrmcab/Wsrmcab HTTP/1.1" 200 46952
69.162.124.227 - - [03/Jan/2021:10:12:11 -0500] "HEAD / HTTP/1.1" 200 -
